File: //var/log/nginx/gsudice.dataconn.net.access.log
4.227.36.63 - - [28/Oct/2025:00:39:21 +0000] "GET /robots.txt HTTP/1.1" 499 0 "-" "Mozilla/5.0 (Macintosh; Intel Mac OS X 10_15_7) AppleWebKit/537.36 (KHTML, like Gecko) Chrome/131.0.0.0 Safari/537.36; compatible; OAI-SearchBot/1.0; robots.txt; +https://openai.com/searchbot"
66.135.21.75 - - [28/Oct/2025:00:39:51 +0000] "POST /wp-cron.php?doing_wp_cron=1761611990.7202410697937011718750 HTTP/1.1" 499 0 "-" "WordPress/6.3.1; https://gsudice.dataconn.net"
43.173.180.120 - - [28/Oct/2025:00:56:18 +0000] "GET /?feed=comments-rss2 HTTP/1.1" 499 0 "-" "Mozilla/5.0 (Windows NT 10.0; Win64; x64) AppleWebKit/537.36 (KHTML, like Gecko) Chrome/103.0.0.0 Safari/537.36"
66.135.21.75 - - [28/Oct/2025:00:56:23 +0000] "POST /wp-cron.php?doing_wp_cron=1761612982.5333960056304931640625 HTTP/1.1" 499 0 "-" "WordPress/6.3.1; https://gsudice.dataconn.net"
43.173.175.106 - - [28/Oct/2025:00:56:33 +0000] "GET /index.php?rest_route=%2Foembed%2F1.0%2Fembed&url=https%3A%2F%2Fgsudice.dataconn.net%2F HTTP/1.1" 499 0 "-" "Mozilla/5.0 (Windows NT 10.0; Win64; x64) AppleWebKit/537.36 (KHTML, like Gecko) Chrome/133.0.0.0 Safari/537.36"
43.173.179.156 - - [28/Oct/2025:00:56:44 +0000] "GET /xmlrpc.php?rsd HTTP/1.1" 499 0 "-" "Mozilla/5.0 (Windows NT 6.1; Win64; x64) AppleWebKit/537.36 (KHTML, like Gecko) Chrome/126.0.6478.114 Safari/537.36"
43.173.180.149 - - [28/Oct/2025:00:56:59 +0000] "GET /index.php?rest_route=/wp/v2/pages/20 HTTP/1.1" 499 0 "-" "Mozilla/5.0 (Windows NT 10.0; Win64; x64) AppleWebKit/537.36 (KHTML, like Gecko) Chrome/108.0.0.0 Safari/537.36"
66.135.21.75 - - [28/Oct/2025:00:57:05 +0000] "POST /wp-cron.php?doing_wp_cron=1761613024.6911969184875488281250 HTTP/1.1" 499 0 "-" "WordPress/6.3.1; https://gsudice.dataconn.net"
43.173.179.198 - - [28/Oct/2025:01:14:24 +0000] "GET /?page_id=608 HTTP/1.1" 499 0 "-" "Mozilla/5.0 (Windows NT 6.1; Win64; x64) AppleWebKit/537.36 (KHTML, like Gecko) Chrome/126.0.6478.114 Safari/537.36"
66.135.21.75 - - [28/Oct/2025:01:14:39 +0000] "POST /wp-cron.php?doing_wp_cron=1761614078.4871249198913574218750 HTTP/1.1" 499 0 "-" "WordPress/6.3.1; https://gsudice.dataconn.net"
43.175.57.142 - - [28/Oct/2025:01:16:06 +0000] "GET /?page_id=608 HTTP/1.1" 499 0 "-" "Mozilla/5.0 (Windows NT 10.0; Win64; x64) AppleWebKit/537.36 (KHTML, like Gecko) Chrome/134.0.0.0 Safari/537.36"
66.135.21.75 - - [28/Oct/2025:01:16:08 +0000] "POST /wp-cron.php?doing_wp_cron=1761614167.3483641147613525390625 HTTP/1.1" 499 0 "-" "WordPress/6.3.1; https://gsudice.dataconn.net"
43.175.194.13 - - [28/Oct/2025:01:16:39 +0000] "GET /?page_id=608 HTTP/1.1" 200 21854 "-" "Mozilla/5.0 (Windows NT 10.0; Win64; x64) AppleWebKit/537.36 (KHTML, like Gecko) Chrome/134.0.0.0 Safari/537.36"
66.135.21.75 - - [28/Oct/2025:01:17:10 +0000] "POST /wp-cron.php?doing_wp_cron=1761614229.6340188980102539062500 HTTP/1.1" 499 0 "-" "WordPress/6.3.1; https://gsudice.dataconn.net"
43.175.57.171 - - [28/Oct/2025:01:17:10 +0000] "GET /?page_id=608 HTTP/1.1" 200 21854 "-" "Mozilla/5.0 (Windows NT 10.0; Win64; x64) AppleWebKit/537.36 (KHTML, like Gecko) Chrome/134.0.0.0 Safari/537.36"
139.186.143.200 - - [28/Oct/2025:01:27:34 +0000] "GET /index.php?rest_route=%2Foembed%2F1.0%2Fembed&url=https%3A%2F%2Fgsudice.dataconn.net%2F HTTP/1.1" 499 0 "-" "Mozilla/5.0 (Windows NT 6.1; Win64; x64) AppleWebKit/537.36 (KHTML, like Gecko) Chrome/126.0.6478.114 Safari/537.36"
43.173.182.242 - - [28/Oct/2025:01:27:34 +0000] "GET /?feed=comments-rss2 HTTP/1.1" 499 0 "-" "Mozilla/5.0 (Windows NT 10.0; Win64; x64) AppleWebKit/537.36 (KHTML, like Gecko) Chrome/131.0.0.0 Safari/537.36"
43.173.177.59 - - [28/Oct/2025:01:27:49 +0000] "GET /index.php?rest_route=/wp/v2/pages/20 HTTP/1.1" 499 0 "-" "Mozilla/5.0 (Windows NT 10.0; Win64; x64) AppleWebKit/537.36 (KHTML, like Gecko) Chrome/133.0.0.0 Safari/537.36"
66.135.21.75 - - [28/Oct/2025:01:27:57 +0000] "POST /wp-cron.php?doing_wp_cron=1761614876.6425209045410156250000 HTTP/1.1" 499 0 "-" "WordPress/6.3.1; https://gsudice.dataconn.net"
43.173.178.26 - - [28/Oct/2025:01:27:59 +0000] "GET /xmlrpc.php?rsd HTTP/1.1" 499 0 "-" "Mozilla/5.0 (Windows NT 6.1; Win64; x64) AppleWebKit/537.36 (KHTML, like Gecko) Chrome/126.0.6478.114 Safari/537.36"
187.17.229.18 - - [28/Oct/2025:01:28:43 +0000] "GET /?feed=comments-rss2 HTTP/1.1" 499 0 "-" "Mozilla/5.0 (Windows NT 10.0; Win64; x64) AppleWebKit/537.36 (KHTML, like Gecko) Chrome/129.0.0.0 Safari/537.36"
124.221.175.146 - - [28/Oct/2025:01:28:46 +0000] "GET /index.php?rest_route=%2Foembed%2F1.0%2Fembed&url=https%3A%2F%2Fgsudice.dataconn.net%2F HTTP/1.1" 499 0 "-" "Mozilla/5.0 (Windows NT 6.1; Win64; x64) AppleWebKit/537.36 (KHTML, like Gecko) Chrome/126.0.6478.114 Safari/537.36"
45.226.118.95 - - [28/Oct/2025:01:28:46 +0000] "GET /xmlrpc.php?rsd HTTP/1.1" 499 0 "-" "Mozilla/5.0 (Windows NT 6.1; Win64; x64) AppleWebKit/537.36 (KHTML, like Gecko) Chrome/126.0.6478.114 Safari/537.36"
177.128.195.155 - - [28/Oct/2025:01:28:55 +0000] "GET /index.php?rest_route=/wp/v2/pages/20 HTTP/1.1" 499 0 "-" "Mozilla/5.0 (Windows NT 10.0; Win64; x64) AppleWebKit/537.36 (KHTML, like Gecko) Chrome/129.0.0.0 Safari/537.36"
43.152.152.24 - - [28/Oct/2025:01:28:56 +0000] "GET /xmlrpc.php?rsd HTTP/1.1" 499 0 "-" "Mozilla/5.0 (Windows NT 10.0; Win64; x64) AppleWebKit/537.36 (KHTML, like Gecko) Chrome/134.0.0.0 Safari/537.36"
66.135.21.75 - - [28/Oct/2025:01:29:01 +0000] "POST /wp-cron.php?doing_wp_cron=1761614940.1718850135803222656250 HTTP/1.1" 499 0 "-" "WordPress/6.3.1; https://gsudice.dataconn.net"
177.155.206.84 - - [28/Oct/2025:01:29:04 +0000] "GET /?feed=comments-rss2 HTTP/1.1" 499 0 "-" "Mozilla/5.0 (Windows NT 10.0; Win64; x64) AppleWebKit/537.36 (KHTML, like Gecko) Chrome/129.0.0.0 Safari/537.36"
179.189.99.38 - - [28/Oct/2025:01:29:17 +0000] "GET /index.php?rest_route=/wp/v2/pages/20 HTTP/1.1" 499 0 "-" "Mozilla/5.0 (Windows NT 10.0; Win64; x64) AppleWebKit/537.36 (KHTML, like Gecko) Chrome/129.0.0.0 Safari/537.36"
1.56.98.149 - - [28/Oct/2025:01:29:18 +0000] "GET /index.php?rest_route=%2Foembed%2F1.0%2Fembed&url=https%3A%2F%2Fgsudice.dataconn.net%2F HTTP/1.1" 499 0 "-" "Mozilla/5.0 (Windows NT 10.0; Win64; x64) AppleWebKit/537.36 (KHTML, like Gecko) Chrome/134.0.0.0 Safari/537.36"
186.203.24.180 - - [28/Oct/2025:01:29:26 +0000] "GET /?feed=comments-rss2 HTTP/1.1" 499 0 "-" "Mozilla/5.0 (Windows NT 10.0; Win64; x64) AppleWebKit/537.36 (KHTML, like Gecko) Chrome/129.0.0.0 Safari/537.36"
43.175.28.30 - - [28/Oct/2025:01:29:29 +0000] "GET /xmlrpc.php?rsd HTTP/1.1" 499 0 "-" "Mozilla/5.0 (Windows NT 10.0; Win64; x64) AppleWebKit/537.36 (KHTML, like Gecko) Chrome/134.0.0.0 Safari/537.36"
45.238.182.177 - - [28/Oct/2025:01:29:38 +0000] "GET /index.php?rest_route=/wp/v2/pages/20 HTTP/1.1" 499 0 "-" "Mozilla/5.0 (Windows NT 10.0; Win64; x64) AppleWebKit/537.36 (KHTML, like Gecko) Chrome/129.0.0.0 Safari/537.36"
186.158.145.246 - - [28/Oct/2025:01:29:47 +0000] "GET /?feed=comments-rss2 HTTP/1.1" 499 0 "-" "Mozilla/5.0 (Windows NT 10.0; Win64; x64) AppleWebKit/537.36 (KHTML, like Gecko) Chrome/129.0.0.0 Safari/537.36"
58.221.45.144 - - [28/Oct/2025:01:29:51 +0000] "GET /index.php?rest_route=%2Foembed%2F1.0%2Fembed&url=https%3A%2F%2Fgsudice.dataconn.net%2F HTTP/1.1" 499 0 "-" "Mozilla/5.0 (Windows NT 10.0; Win64; x64) AppleWebKit/537.36 (KHTML, like Gecko) Chrome/134.0.0.0 Safari/537.36"
66.135.21.75 - - [28/Oct/2025:01:30:00 +0000] "POST /wp-cron.php?doing_wp_cron=1761614999.0188229084014892578125 HTTP/1.1" 499 0 "-" "WordPress/6.3.1; https://gsudice.dataconn.net"
177.87.33.48 - - [28/Oct/2025:01:30:00 +0000] "GET /index.php?rest_route=/wp/v2/pages/20 HTTP/1.1" 499 0 "-" "Mozilla/5.0 (Windows NT 10.0; Win64; x64) AppleWebKit/537.36 (KHTML, like Gecko) Chrome/129.0.0.0 Safari/537.36"
114.117.234.29 - - [28/Oct/2025:01:34:14 +0000] "GET /index.php?rest_route=%2Foembed%2F1.0%2Fembed&url=https%3A%2F%2Fgsudice.dataconn.net%2F HTTP/1.1" 499 0 "-" "Mozilla/5.0 (Windows NT 6.1; Win64; x64) AppleWebKit/537.36 (KHTML, like Gecko) Chrome/126.0.6478.114 Safari/537.36"
66.135.21.75 - - [28/Oct/2025:01:34:47 +0000] "POST /wp-cron.php?doing_wp_cron=1761615286.3089060783386230468750 HTTP/1.1" 499 0 "-" "WordPress/6.3.1; https://gsudice.dataconn.net"
182.247.252.58 - - [28/Oct/2025:01:34:47 +0000] "GET /index.php?rest_route=%2Foembed%2F1.0%2Fembed&url=https%3A%2F%2Fgsudice.dataconn.net%2F HTTP/1.1" 499 0 "-" "Mozilla/5.0 (Windows NT 10.0; Win64; x64) AppleWebKit/537.36 (KHTML, like Gecko) Chrome/134.0.0.0 Safari/537.36"
36.147.51.163 - - [28/Oct/2025:01:35:20 +0000] "GET /index.php?rest_route=%2Foembed%2F1.0%2Fembed&url=https%3A%2F%2Fgsudice.dataconn.net%2F HTTP/1.1" 499 0 "-" "Mozilla/5.0 (Windows NT 10.0; Win64; x64) AppleWebKit/537.36 (KHTML, like Gecko) Chrome/134.0.0.0 Safari/537.36"
162.14.71.154 - - [28/Oct/2025:01:36:30 +0000] "GET /index.php?rest_route=%2Foembed%2F1.0%2Fembed&url=https%3A%2F%2Fgsudice.dataconn.net%2F HTTP/1.1" 499 0 "-" "Mozilla/5.0 (Windows NT 6.1; Win64; x64) AppleWebKit/537.36 (KHTML, like Gecko) Chrome/126.0.6478.114 Safari/537.36"
66.135.21.75 - - [28/Oct/2025:01:37:01 +0000] "POST /wp-cron.php?doing_wp_cron=1761615420.6900229454040527343750 HTTP/1.1" 499 0 "-" "WordPress/6.3.1; https://gsudice.dataconn.net"
111.8.59.170 - - [28/Oct/2025:01:37:10 +0000] "GET /index.php?rest_route=%2Foembed%2F1.0%2Fembed&url=https%3A%2F%2Fgsudice.dataconn.net%2F HTTP/1.1" 200 1261 "-" "Mozilla/5.0 (Windows NT 10.0; Win64; x64) AppleWebKit/537.36 (KHTML, like Gecko) Chrome/134.0.0.0 Safari/537.36"
120.222.152.37 - - [28/Oct/2025:01:37:35 +0000] "GET /index.php?rest_route=%2Foembed%2F1.0%2Fembed&url=https%3A%2F%2Fgsudice.dataconn.net%2F HTTP/1.1" 499 0 "-" "Mozilla/5.0 (Windows NT 10.0; Win64; x64) AppleWebKit/537.36 (KHTML, like Gecko) Chrome/134.0.0.0 Safari/537.36"
66.135.21.75 - - [28/Oct/2025:01:42:18 +0000] "POST /wp-cron.php?doing_wp_cron=1761615737.7246279716491699218750 HTTP/1.1" 499 0 "-" "WordPress/6.3.1; https://gsudice.dataconn.net"
192.178.4.100 - - [28/Oct/2025:01:42:18 +0000] "GET /robots.txt HTTP/1.1" 301 5 "-" "Mozilla/5.0 (compatible; Googlebot/2.1; +http://www.google.com/bot.html)"
192.178.4.101 - - [28/Oct/2025:01:42:58 +0000] "GET /robots.txt/ HTTP/1.1" 200 115835 "-" "Mozilla/5.0 (compatible; Googlebot/2.1; +http://www.google.com/bot.html)"
66.135.21.75 - - [28/Oct/2025:01:43:38 +0000] "POST /wp-cron.php?doing_wp_cron=1761615816.9985499382019042968750 HTTP/1.1" 499 0 "-" "WordPress/6.3.1; https://gsudice.dataconn.net"
192.178.4.100 - - [28/Oct/2025:01:43:38 +0000] "GET /?page_id=122 HTTP/1.1" 200 19523 "-" "Mozilla/5.0 (Linux; Android 6.0.1; Nexus 5X Build/MMB29P) AppleWebKit/537.36 (KHTML, like Gecko) Chrome/141.0.7390.122 Mobile Safari/537.36 (compatible; Googlebot/2.1; +http://www.google.com/bot.html)"
66.135.21.75 - - [28/Oct/2025:01:44:52 +0000] "POST /wp-cron.php?doing_wp_cron=1761615891.1194961071014404296875 HTTP/1.1" 499 0 "-" "WordPress/6.3.1; https://gsudice.dataconn.net"
192.178.4.99 - - [28/Oct/2025:01:44:52 +0000] "GET /?page_id=185 HTTP/1.1" 200 18119 "-" "Mozilla/5.0 (Linux; Android 6.0.1; Nexus 5X Build/MMB29P) AppleWebKit/537.36 (KHTML, like Gecko) Chrome/141.0.7390.122 Mobile Safari/537.36 (compatible; Googlebot/2.1; +http://www.google.com/bot.html)"
66.135.21.75 - - [28/Oct/2025:03:45:12 +0000] "POST /wp-cron.php?doing_wp_cron=1761623111.6268010139465332031250 HTTP/1.1" 499 0 "-" "WordPress/6.3.1; https://gsudice.dataconn.net"
77.75.78.171 - - [28/Oct/2025:03:45:12 +0000] "GET /robots.txt HTTP/1.1" 301 5 "-" "Mozilla/5.0 (compatible; SeznamBot/4.0; +https://o-seznam.cz/napoveda/vyhledavani/en/seznambot-crawler/)"
77.75.78.171 - - [28/Oct/2025:03:45:14 +0000] "GET / HTTP/1.1" 200 115835 "-" "Mozilla/5.0 (compatible; SeznamBot/4.0; +https://o-seznam.cz/napoveda/vyhledavani/en/seznambot-crawler/)"
66.135.21.75 - - [28/Oct/2025:04:29:53 +0000] "POST /wp-cron.php?doing_wp_cron=1761625792.8002560138702392578125 HTTP/1.1" 499 0 "-" "WordPress/6.3.1; https://gsudice.dataconn.net"
43.173.181.227 - - [28/Oct/2025:04:29:53 +0000] "GET /?page_id=1573 HTTP/1.1" 200 17951 "-" "Mozilla/5.0 (Windows NT 10.0; Win64; x64) AppleWebKit/537.36 (KHTML, like Gecko) Chrome/131.0.0.0 Safari/537.36"
43.173.176.212 - - [28/Oct/2025:04:40:02 +0000] "GET /?page_id=126 HTTP/1.1" 499 0 "-" "Mozilla/5.0 (Windows NT 6.1; Win64; x64) AppleWebKit/537.36 (KHTML, like Gecko) Chrome/126.0.6478.114 Safari/537.36"
66.135.21.75 - - [28/Oct/2025:04:40:03 +0000] "POST /wp-cron.php?doing_wp_cron=1761626402.8704669475555419921875 HTTP/1.1" 499 0 "-" "WordPress/6.3.1; https://gsudice.dataconn.net"
43.173.182.165 - - [28/Oct/2025:05:02:20 +0000] "GET /?page_id=185 HTTP/1.1" 499 0 "-" "Mozilla/5.0 (Windows NT 6.1; Win64; x64) AppleWebKit/537.36 (KHTML, like Gecko) Chrome/126.0.6478.114 Safari/537.36"
66.135.21.75 - - [28/Oct/2025:05:02:22 +0000] "POST /wp-cron.php?doing_wp_cron=1761627741.8788580894470214843750 HTTP/1.1" 499 0 "-" "WordPress/6.3.1; https://gsudice.dataconn.net"
147.185.133.140 - - [28/Oct/2025:06:24:03 +0000] "GET //gsudice.dataconn.net HTTP/1.1" 499 0 "-" "Hello from Palo Alto Networks, find out more about our scans in https://docs-cortex.paloaltonetworks.com/r/1/Cortex-Xpanse/Scanning-activity"
66.135.21.75 - - [28/Oct/2025:06:24:17 +0000] "POST /wp-cron.php?doing_wp_cron=1761632656.0813660621643066406250 HTTP/1.1" 499 0 "-" "WordPress/6.3.1; https://gsudice.dataconn.net"
66.135.21.75 - - [28/Oct/2025:06:33:17 +0000] "POST /wp-cron.php?doing_wp_cron=1761633197.7186620235443115234375 HTTP/1.1" 200 31 "-" "WordPress/6.3.1; https://gsudice.dataconn.net"
13.232.241.202 - - [28/Oct/2025:06:33:17 +0000] "GET /WP/ HTTP/1.1" 200 115835 "-" "python-requests/2.27.1"
13.232.241.202 - - [28/Oct/2025:06:33:55 +0000] "GET /bc/ HTTP/1.1" 200 115835 "-" "python-requests/2.27.1"
66.135.21.75 - - [28/Oct/2025:06:34:44 +0000] "POST /wp-cron.php?doing_wp_cron=1761633284.9099979400634765625000 HTTP/1.1" 200 31 "-" "WordPress/6.3.1; https://gsudice.dataconn.net"
13.232.241.202 - - [28/Oct/2025:06:34:45 +0000] "GET /bk/ HTTP/1.1" 200 115835 "-" "python-requests/2.27.1"
66.135.21.75 - - [28/Oct/2025:06:35:09 +0000] "POST /wp-cron.php?doing_wp_cron=1761633309.7272849082946777343750 HTTP/1.1" 200 31 "-" "WordPress/6.3.1; https://gsudice.dataconn.net"
13.232.241.202 - - [28/Oct/2025:06:35:09 +0000] "GET /db/ HTTP/1.1" 200 115835 "-" "python-requests/2.27.1"
66.135.21.75 - - [28/Oct/2025:06:35:14 +0000] "POST /wp-cron.php?doing_wp_cron=1761633314.4232990741729736328125 HTTP/1.1" 200 31 "-" "WordPress/6.3.1; https://gsudice.dataconn.net"
13.232.241.202 - - [28/Oct/2025:06:35:14 +0000] "GET /js/ HTTP/1.1" 200 115835 "-" "python-requests/2.27.1"
13.232.241.202 - - [28/Oct/2025:06:35:20 +0000] "GET /mt/ HTTP/1.1" 200 115835 "-" "python-requests/2.27.1"
13.232.241.202 - - [28/Oct/2025:06:35:24 +0000] "GET /up/ HTTP/1.1" 200 115835 "-" "python-requests/2.27.1"
13.232.241.202 - - [28/Oct/2025:06:35:28 +0000] "GET /wp/ HTTP/1.1" 200 115835 "-" "python-requests/2.27.1"
13.232.241.202 - - [28/Oct/2025:06:35:32 +0000] "GET /NEW/ HTTP/1.1" 200 115835 "-" "python-requests/2.27.1"
13.232.241.202 - - [28/Oct/2025:06:35:35 +0000] "GET /OLD/ HTTP/1.1" 200 115835 "-" "python-requests/2.27.1"
13.232.241.202 - - [28/Oct/2025:06:35:39 +0000] "GET /Tmp/ HTTP/1.1" 200 115835 "-" "python-requests/2.27.1"
13.232.241.202 - - [28/Oct/2025:06:35:44 +0000] "GET /bac/ HTTP/1.1" 200 115835 "-" "python-requests/2.27.1"
13.232.241.202 - - [28/Oct/2025:06:35:48 +0000] "GET /bak/ HTTP/1.1" 200 115835 "-" "python-requests/2.27.1"
66.135.21.75 - - [28/Oct/2025:06:35:59 +0000] "POST /wp-cron.php?doing_wp_cron=1761633359.2138180732727050781250 HTTP/1.1" 200 31 "-" "WordPress/6.3.1; https://gsudice.dataconn.net"
13.232.241.202 - - [28/Oct/2025:06:35:59 +0000] "GET /cms/ HTTP/1.1" 200 115835 "-" "python-requests/2.27.1"
66.135.21.75 - - [28/Oct/2025:06:36:39 +0000] "POST /wp-cron.php?doing_wp_cron=1761633399.4677469730377197265625 HTTP/1.1" 200 31 "-" "WordPress/6.3.1; https://gsudice.dataconn.net"
13.232.241.202 - - [28/Oct/2025:06:36:39 +0000] "GET /css/ HTTP/1.1" 200 115835 "-" "python-requests/2.27.1"
66.135.21.75 - - [28/Oct/2025:06:37:13 +0000] "POST /wp-cron.php?doing_wp_cron=1761633433.0185201168060302734375 HTTP/1.1" 200 31 "-" "WordPress/6.3.1; https://gsudice.dataconn.net"
13.232.241.202 - - [28/Oct/2025:06:37:13 +0000] "GET /dev/ HTTP/1.1" 200 115835 "-" "python-requests/2.27.1"
13.232.241.202 - - [28/Oct/2025:06:37:47 +0000] "GET /img/ HTTP/1.1" 200 115835 "-" "python-requests/2.27.1"
66.135.21.75 - - [28/Oct/2025:06:38:20 +0000] "POST /wp-cron.php?doing_wp_cron=1761633499.9587190151214599609375 HTTP/1.1" 200 31 "-" "WordPress/6.3.1; https://gsudice.dataconn.net"
13.232.241.202 - - [28/Oct/2025:06:38:20 +0000] "GET /new/ HTTP/1.1" 200 115835 "-" "python-requests/2.27.1"
13.232.241.202 - - [28/Oct/2025:06:38:53 +0000] "GET /old/ HTTP/1.1" 200 115835 "-" "python-requests/2.27.1"
66.135.21.75 - - [28/Oct/2025:06:39:31 +0000] "POST /wp-cron.php?doing_wp_cron=1761633571.5673220157623291015625 HTTP/1.1" 200 31 "-" "WordPress/6.3.1; https://gsudice.dataconn.net"
13.232.241.202 - - [28/Oct/2025:06:39:31 +0000] "GET /pdf/ HTTP/1.1" 200 115835 "-" "python-requests/2.27.1"
66.135.21.75 - - [28/Oct/2025:06:40:07 +0000] "POST /wp-cron.php?doing_wp_cron=1761633607.6303889751434326171875 HTTP/1.1" 200 31 "-" "WordPress/6.3.1; https://gsudice.dataconn.net"
13.232.241.202 - - [28/Oct/2025:06:40:07 +0000] "GET /php/ HTTP/1.1" 200 115835 "-" "python-requests/2.27.1"
66.135.21.75 - - [28/Oct/2025:06:40:12 +0000] "POST /wp-cron.php?doing_wp_cron=1761633612.8396179676055908203125 HTTP/1.1" 200 31 "-" "WordPress/6.3.1; https://gsudice.dataconn.net"
13.232.241.202 - - [28/Oct/2025:06:40:12 +0000] "GET /pma/ HTTP/1.1" 200 115835 "-" "python-requests/2.27.1"
13.232.241.202 - - [28/Oct/2025:06:40:18 +0000] "GET /rss/ HTTP/1.1" 200 115835 "-" "python-requests/2.27.1"
13.232.241.202 - - [28/Oct/2025:06:40:24 +0000] "GET /sql/ HTTP/1.1" 200 115835 "-" "python-requests/2.27.1"
13.232.241.202 - - [28/Oct/2025:06:40:29 +0000] "GET /tmb/ HTTP/1.1" 200 115835 "-" "python-requests/2.27.1"
13.232.241.202 - - [28/Oct/2025:06:40:34 +0000] "GET /tmp/ HTTP/1.1" 200 115835 "-" "python-requests/2.27.1"
13.232.241.202 - - [28/Oct/2025:06:40:39 +0000] "GET /web/ HTTP/1.1" 200 115835 "-" "python-requests/2.27.1"
13.232.241.202 - - [28/Oct/2025:06:40:45 +0000] "GET /www/ HTTP/1.1" 200 115835 "-" "python-requests/2.27.1"
13.232.241.202 - - [28/Oct/2025:06:40:52 +0000] "GET /.env/ HTTP/1.1" 200 115835 "-" "python-requests/2.27.1"
66.135.21.75 - - [28/Oct/2025:06:41:08 +0000] "POST /wp-cron.php?doing_wp_cron=1761633668.8666129112243652343750 HTTP/1.1" 200 31 "-" "WordPress/6.3.1; https://gsudice.dataconn.net"
13.232.241.202 - - [28/Oct/2025:06:41:08 +0000] "GET /.tmb/ HTTP/1.1" 200 115835 "-" "python-requests/2.27.1"
66.135.21.75 - - [28/Oct/2025:06:41:46 +0000] "POST /wp-cron.php?doing_wp_cron=1761633706.5840530395507812500000 HTTP/1.1" 200 31 "-" "WordPress/6.3.1; https://gsudice.dataconn.net"
13.232.241.202 - - [28/Oct/2025:06:41:46 +0000] "GET /2018/ HTTP/1.1" 200 115835 "-" "python-requests/2.27.1"
66.135.21.75 - - [28/Oct/2025:06:42:26 +0000] "POST /wp-cron.php?doing_wp_cron=1761633746.0354700088500976562500 HTTP/1.1" 200 31 "-" "WordPress/6.3.1; https://gsudice.dataconn.net"
13.232.241.202 - - [28/Oct/2025:06:42:26 +0000] "GET /2019/ HTTP/1.1" 200 115835 "-" "python-requests/2.27.1"
66.135.21.75 - - [28/Oct/2025:06:43:06 +0000] "POST /wp-cron.php?doing_wp_cron=1761633786.7877840995788574218750 HTTP/1.1" 200 31 "-" "WordPress/6.3.1; https://gsudice.dataconn.net"
13.232.241.202 - - [28/Oct/2025:06:43:06 +0000] "GET /2020/ HTTP/1.1" 200 115835 "-" "python-requests/2.27.1"
66.135.21.75 - - [28/Oct/2025:06:43:45 +0000] "POST /wp-cron.php?doing_wp_cron=1761633825.5457940101623535156250 HTTP/1.1" 200 31 "-" "WordPress/6.3.1; https://gsudice.dataconn.net"
13.232.241.202 - - [28/Oct/2025:06:43:45 +0000] "GET /2021/ HTTP/1.1" 200 115835 "-" "python-requests/2.27.1"
66.135.21.75 - - [28/Oct/2025:06:44:28 +0000] "POST /wp-cron.php?doing_wp_cron=1761633868.4524600505828857421875 HTTP/1.1" 200 31 "-" "WordPress/6.3.1; https://gsudice.dataconn.net"
13.232.241.202 - - [28/Oct/2025:06:44:28 +0000] "GET /2022/ HTTP/1.1" 200 115835 "-" "python-requests/2.27.1"
66.135.21.75 - - [28/Oct/2025:06:45:04 +0000] "POST /wp-cron.php?doing_wp_cron=1761633904.9873619079589843750000 HTTP/1.1" 200 31 "-" "WordPress/6.3.1; https://gsudice.dataconn.net"
13.232.241.202 - - [28/Oct/2025:06:45:05 +0000] "GET /BLOG/ HTTP/1.1" 200 115835 "-" "python-requests/2.27.1"
13.232.241.202 - - [28/Oct/2025:06:45:11 +0000] "GET /SHOP/ HTTP/1.1" 200 115835 "-" "python-requests/2.27.1"
66.135.21.75 - - [28/Oct/2025:06:45:18 +0000] "POST /wp-cron.php?doing_wp_cron=1761633918.1832430362701416015625 HTTP/1.1" 200 31 "-" "WordPress/6.3.1; https://gsudice.dataconn.net"
13.232.241.202 - - [28/Oct/2025:06:45:18 +0000] "GET /Site/ HTTP/1.1" 200 115835 "-" "python-requests/2.27.1"
13.232.241.202 - - [28/Oct/2025:06:45:22 +0000] "GET /TEST/ HTTP/1.1" 200 115835 "-" "python-requests/2.27.1"
13.232.241.202 - - [28/Oct/2025:06:45:29 +0000] "GET /back/ HTTP/1.1" 200 115835 "-" "python-requests/2.27.1"
13.232.241.202 - - [28/Oct/2025:06:45:34 +0000] "GET /blog/ HTTP/1.1" 200 115835 "-" "python-requests/2.27.1"
13.232.241.202 - - [28/Oct/2025:06:45:40 +0000] "GET /demo/ HTTP/1.1" 200 115835 "-" "python-requests/2.27.1"
13.232.241.202 - - [28/Oct/2025:06:45:46 +0000] "GET /docs/ HTTP/1.1" 200 115835 "-" "python-requests/2.27.1"
13.232.241.202 - - [28/Oct/2025:06:45:52 +0000] "GET /feed/ HTTP/1.1" 200 115835 "-" "python-requests/2.27.1"
66.135.21.75 - - [28/Oct/2025:06:46:28 +0000] "POST /wp-cron.php?doing_wp_cron=1761633988.2009439468383789062500 HTTP/1.1" 200 31 "-" "WordPress/6.3.1; https://gsudice.dataconn.net"
13.232.241.202 - - [28/Oct/2025:06:46:28 +0000] "GET /file/ HTTP/1.1" 200 115835 "-" "python-requests/2.27.1"
66.135.21.75 - - [28/Oct/2025:06:47:09 +0000] "POST /wp-cron.php?doing_wp_cron=1761634029.6512570381164550781250 HTTP/1.1" 200 31 "-" "WordPress/6.3.1; https://gsudice.dataconn.net"
13.232.241.202 - - [28/Oct/2025:06:47:09 +0000] "GET /home/ HTTP/1.1" 200 115835 "-" "python-requests/2.27.1"
66.135.21.75 - - [28/Oct/2025:06:47:44 +0000] "POST /wp-cron.php?doing_wp_cron=1761634064.9827799797058105468750 HTTP/1.1" 200 31 "-" "WordPress/6.3.1; https://gsudice.dataconn.net"
13.232.241.202 - - [28/Oct/2025:06:47:45 +0000] "GET /main/ HTTP/1.1" 200 115835 "-" "python-requests/2.27.1"
66.135.21.75 - - [28/Oct/2025:06:48:23 +0000] "POST /wp-cron.php?doing_wp_cron=1761634102.5046870708465576171875 HTTP/1.1" 499 0 "-" "WordPress/6.3.1; https://gsudice.dataconn.net"
13.232.241.202 - - [28/Oct/2025:06:48:23 +0000] "GET /shop/ HTTP/1.1" 200 115835 "-" "python-requests/2.27.1"
13.232.241.202 - - [28/Oct/2025:06:49:11 +0000] "GET /site/ HTTP/1.1" 499 0 "-" "python-requests/2.27.1"
66.135.21.75 - - [28/Oct/2025:06:49:14 +0000] "POST /wp-cron.php?doing_wp_cron=1761634153.1471450328826904296875 HTTP/1.1" 499 0 "-" "WordPress/6.3.1; https://gsudice.dataconn.net"
66.135.21.75 - - [28/Oct/2025:07:14:49 +0000] "POST /wp-cron.php?doing_wp_cron=1761635689.8047580718994140625000 HTTP/1.1" 200 31 "-" "WordPress/6.3.1; https://gsudice.dataconn.net"
104.197.69.115 - - [28/Oct/2025:07:14:50 +0000] "GET / HTTP/1.1" 200 115835 "-" "Mozilla/5.0 (X11; Linux x86_64) AppleWebKit/537.36 (KHTML, like Gecko) HeadlessChrome/125.0.6422.60 Safari/537.36"
195.154.210.52 - - [28/Oct/2025:07:34:30 +0000] "GET / HTTP/1.1" 200 115835 "-" "Mozilla/5.0 (X11; Linux x86_64) AppleWebKit/537.36 (KHTML, like Gecko) Chrome/132.0.0.0 Safari/537.3"
66.135.21.75 - - [28/Oct/2025:07:34:31 +0000] "POST /wp-cron.php?doing_wp_cron=1761636870.1799509525299072265625 HTTP/1.1" 499 0 "-" "WordPress/6.3.1; https://gsudice.dataconn.net"
195.154.210.52 - - [28/Oct/2025:07:34:31 +0000] "GET / HTTP/1.1" 200 115835 "-" "Mozilla/5.0 (X11; Linux x86_64) AppleWebKit/537.36 (KHTML, like Gecko) Chrome/132.0.0.0 Safari/537.3"
195.154.210.52 - - [28/Oct/2025:07:34:41 +0000] "GET /ads.txt HTTP/1.1" 301 5 "-" "Mozilla/5.0 (X11; Linux x86_64) AppleWebKit/537.36 (KHTML, like Gecko) Chrome/132.0.0.0 Safari/537.3"
195.154.210.52 - - [28/Oct/2025:07:34:41 +0000] "GET /ads.txt/ HTTP/1.1" 200 115835 "-" "Mozilla/5.0 (X11; Linux x86_64) AppleWebKit/537.36 (KHTML, like Gecko) Chrome/132.0.0.0 Safari/537.3"
195.154.210.52 - - [28/Oct/2025:07:34:42 +0000] "GET /app-ads.txt HTTP/1.1" 301 5 "-" "Mozilla/5.0 (X11; Linux x86_64) AppleWebKit/537.36 (KHTML, like Gecko) Chrome/132.0.0.0 Safari/537.3"
195.154.210.52 - - [28/Oct/2025:07:34:42 +0000] "GET /app-ads.txt/ HTTP/1.1" 200 115835 "-" "Mozilla/5.0 (X11; Linux x86_64) AppleWebKit/537.36 (KHTML, like Gecko) Chrome/132.0.0.0 Safari/537.3"
195.154.210.52 - - [28/Oct/2025:07:34:42 +0000] "GET /ads.txt HTTP/1.1" 301 5 "-" "Mozilla/5.0 (X11; Linux x86_64) AppleWebKit/537.36 (KHTML, like Gecko) Chrome/132.0.0.0 Safari/537.3"
195.154.210.52 - - [28/Oct/2025:07:34:42 +0000] "GET /sellers.json HTTP/1.1" 301 5 "-" "Mozilla/5.0 (X11; Linux x86_64) AppleWebKit/537.36 (KHTML, like Gecko) Chrome/132.0.0.0 Safari/537.3"
195.154.210.52 - - [28/Oct/2025:07:34:43 +0000] "GET /ads.txt/ HTTP/1.1" 200 115835 "-" "Mozilla/5.0 (X11; Linux x86_64) AppleWebKit/537.36 (KHTML, like Gecko) Chrome/132.0.0.0 Safari/537.3"
195.154.210.52 - - [28/Oct/2025:07:34:43 +0000] "GET /sellers.json/ HTTP/1.1" 200 115835 "-" "Mozilla/5.0 (X11; Linux x86_64) AppleWebKit/537.36 (KHTML, like Gecko) Chrome/132.0.0.0 Safari/537.3"
195.154.210.52 - - [28/Oct/2025:07:34:43 +0000] "GET /app-ads.txt HTTP/1.1" 301 5 "-" "Mozilla/5.0 (X11; Linux x86_64) AppleWebKit/537.36 (KHTML, like Gecko) Chrome/132.0.0.0 Safari/537.3"
195.154.210.52 - - [28/Oct/2025:07:34:43 +0000] "GET /app-ads.txt/ HTTP/1.1" 200 115835 "-" "Mozilla/5.0 (X11; Linux x86_64) AppleWebKit/537.36 (KHTML, like Gecko) Chrome/132.0.0.0 Safari/537.3"
195.154.210.52 - - [28/Oct/2025:07:34:44 +0000] "GET /sellers.json HTTP/1.1" 301 5 "-" "Mozilla/5.0 (X11; Linux x86_64) AppleWebKit/537.36 (KHTML, like Gecko) Chrome/132.0.0.0 Safari/537.3"
195.154.210.52 - - [28/Oct/2025:07:34:45 +0000] "GET /sellers.json/ HTTP/1.1" 200 115835 "-" "Mozilla/5.0 (X11; Linux x86_64) AppleWebKit/537.36 (KHTML, like Gecko) Chrome/132.0.0.0 Safari/537.3"
46.172.29.46 - - [28/Oct/2025:08:01:09 +0000] "GET /inputs.php HTTP/1.1" 404 564 "-" "Mozilla/5.0 (Windows NT 10.0; Win64; x64) AppleWebKit/537.36 (KHTML, like Gecko) obsidian/1.9.12 Chrome/138.0.7204.235 Electron/37.3.1 Safari/537.36"
205.169.39.0 - - [28/Oct/2025:08:07:22 +0000] "GET / HTTP/1.1" 499 0 "-" "Mozilla/5.0 (Windows NT 10.0; Win64; x64) AppleWebKit/537.36 (KHTML, like Gecko) Chrome/117.0.5938.132 Safari/537.36"
66.135.21.75 - - [28/Oct/2025:08:07:38 +0000] "POST /wp-cron.php?doing_wp_cron=1761638857.1688499450683593750000 HTTP/1.1" 499 0 "-" "WordPress/6.3.1; https://gsudice.dataconn.net"
66.135.21.75 - - [28/Oct/2025:08:23:31 +0000] "POST /wp-cron.php?doing_wp_cron=1761639810.3641290664672851562500 HTTP/1.1" 499 0 "-" "WordPress/6.3.1; https://gsudice.dataconn.net"
114.119.155.145 - - [28/Oct/2025:08:23:31 +0000] "GET /?page_id=122 HTTP/1.1" 200 19523 "-" "Mozilla/5.0 (Linux; Android 7.0;) AppleWebKit/537.36 (KHTML, like Gecko) Mobile Safari/537.36 (compatible; PetalBot;+https://webmaster.petalsearch.com/site/petalbot)"
66.135.21.75 - - [28/Oct/2025:08:24:58 +0000] "POST /wp-cron.php?doing_wp_cron=1761639897.7260680198669433593750 HTTP/1.1" 499 0 "-" "WordPress/6.3.1; https://gsudice.dataconn.net"
114.119.155.145 - - [28/Oct/2025:08:24:58 +0000] "GET / HTTP/1.1" 200 115835 "-" "Mozilla/5.0 (Linux; Android 7.0;) AppleWebKit/537.36 (KHTML, like Gecko) Mobile Safari/537.36 (compatible; PetalBot;+https://webmaster.petalsearch.com/site/petalbot)"
66.135.21.75 - - [28/Oct/2025:08:26:23 +0000] "POST /wp-cron.php?doing_wp_cron=1761639982.4982008934020996093750 HTTP/1.1" 499 0 "-" "WordPress/6.3.1; https://gsudice.dataconn.net"
114.119.157.46 - - [28/Oct/2025:08:26:23 +0000] "GET /wp-login.php?action=lostpassword HTTP/1.1" 200 1268 "https://gsudice.dataconn.net/wp-admin/" "Mozilla/5.0 (Linux; Android 7.0;) AppleWebKit/537.36 (KHTML, like Gecko) Mobile Safari/537.36 (compatible; PetalBot;+https://webmaster.petalsearch.com/site/petalbot)"
66.135.21.75 - - [28/Oct/2025:08:54:09 +0000] "POST /wp-cron.php?doing_wp_cron=1761641648.8797259330749511718750 HTTP/1.1" 200 31 "-" "WordPress/6.3.1; https://gsudice.dataconn.net"
173.252.83.22 - - [28/Oct/2025:08:54:09 +0000] "GET /robots.txt HTTP/1.1" 301 5 "-" "facebookexternalhit/1.1 (+http://www.facebook.com/externalhit_uatext.php)"
69.171.230.116 - - [28/Oct/2025:08:54:09 +0000] "GET /robots.txt HTTP/1.1" 301 5 "-" "facebookexternalhit/1.1 (+http://www.facebook.com/externalhit_uatext.php)"
173.252.83.22 - - [28/Oct/2025:08:54:09 +0000] "GET /robots.txt/ HTTP/1.1" 200 356431 "-" "facebookexternalhit/1.1 (+http://www.facebook.com/externalhit_uatext.php)"
69.171.230.116 - - [28/Oct/2025:08:54:10 +0000] "GET /robots.txt/ HTTP/1.1" 200 356408 "-" "facebookexternalhit/1.1 (+http://www.facebook.com/externalhit_uatext.php)"
173.252.83.1 - - [28/Oct/2025:08:54:10 +0000] "GET /robots.txt HTTP/1.1" 301 5 "-" "facebookexternalhit/1.1 (+http://www.facebook.com/externalhit_uatext.php)"
173.252.83.1 - - [28/Oct/2025:08:54:11 +0000] "GET /robots.txt/ HTTP/1.1" 200 356431 "-" "facebookexternalhit/1.1 (+http://www.facebook.com/externalhit_uatext.php)"
66.135.21.75 - - [28/Oct/2025:08:54:13 +0000] "POST /wp-cron.php?doing_wp_cron=1761641652.9134008884429931640625 HTTP/1.1" 200 31 "-" "WordPress/6.3.1; https://gsudice.dataconn.net"
57.141.0.50 - - [28/Oct/2025:08:54:13 +0000] "GET /index.html HTTP/1.1" 301 5 "-" "meta-externalagent/1.1 (+https://developers.facebook.com/docs/sharing/webmasters/crawler)"
57.141.0.52 - - [28/Oct/2025:08:54:17 +0000] "GET /index.html/ HTTP/1.1" 200 356519 "-" "meta-externalagent/1.1 (+https://developers.facebook.com/docs/sharing/webmasters/crawler)"
66.135.21.75 - - [28/Oct/2025:09:11:31 +0000] "POST /wp-cron.php?doing_wp_cron=1761642691.3539569377899169921875 HTTP/1.1" 200 31 "-" "WordPress/6.3.1; https://gsudice.dataconn.net"
198.235.24.230 - - [28/Oct/2025:09:11:31 +0000] "GET //gsudice.dataconn.net HTTP/1.1" 301 5 "-" "Hello from Palo Alto Networks, find out more about our scans in https://docs-cortex.paloaltonetworks.com/r/1/Cortex-Xpanse/Scanning-activity"
198.235.24.230 - - [28/Oct/2025:09:11:32 +0000] "GET /gsudice.dataconn.net/ HTTP/1.1" 200 356456 "-" "Hello from Palo Alto Networks, find out more about our scans in https://docs-cortex.paloaltonetworks.com/r/1/Cortex-Xpanse/Scanning-activity"
66.135.21.75 - - [28/Oct/2025:09:24:45 +0000] "POST /wp-cron.php?doing_wp_cron=1761643485.3729860782623291015625 HTTP/1.1" 200 31 "-" "WordPress/6.3.1; https://gsudice.dataconn.net"
114.119.139.88 - - [28/Oct/2025:09:24:45 +0000] "GET /?page_id=1573 HTTP/1.1" 200 17951 "https://gsudice.dataconn.net/?page_id=126" "Mozilla/5.0 (Linux; Android 7.0;) AppleWebKit/537.36 (KHTML, like Gecko) Mobile Safari/537.36 (compatible; PetalBot;+https://webmaster.petalsearch.com/site/petalbot)"
66.135.21.75 - - [28/Oct/2025:09:41:40 +0000] "POST /wp-cron.php?doing_wp_cron=1761644499.8525791168212890625000 HTTP/1.1" 200 31 "-" "WordPress/6.3.1; https://gsudice.dataconn.net"
40.77.167.73 - - [28/Oct/2025:09:41:40 +0000] "GET /wp-admin/ HTTP/1.1" 302 5 "-" "Mozilla/5.0 AppleWebKit/537.36 (KHTML, like Gecko; compatible; bingbot/2.0; +http://www.bing.com/bingbot.htm) Chrome/116.0.1938.76 Safari/537.36"
40.77.167.73 - - [28/Oct/2025:09:41:45 +0000] "GET /wp-login.php?redirect_to=https%3A%2F%2Fgsudice.dataconn.net%2Fwp-admin%2F&reauth=1 HTTP/1.1" 200 2168 "-" "Mozilla/5.0 AppleWebKit/537.36 (KHTML, like Gecko; compatible; bingbot/2.0; +http://www.bing.com/bingbot.htm) Chrome/116.0.1938.76 Safari/537.36"
66.135.21.75 - - [28/Oct/2025:09:42:54 +0000] "POST /wp-cron.php?doing_wp_cron=1761644574.5075240135192871093750 HTTP/1.1" 200 31 "-" "WordPress/6.3.1; https://gsudice.dataconn.net"
82.102.18.180 - - [28/Oct/2025:09:42:54 +0000] "GET /wp-login.php HTTP/1.1" 200 2168 "-" "Mozilla/5.0 (Windows NT 10.0; Win64; x64; rv:89.0) Gecko/20100101 Firefox/89.0"
82.102.18.180 - - [28/Oct/2025:09:42:55 +0000] "GET /?author=1 HTTP/1.1" 200 20939 "-" "Mozilla/5.0 (Windows NT 10.0; Win64; x64; rv:89.0) Gecko/20100101 Firefox/89.0"
82.102.18.180 - - [28/Oct/2025:09:42:55 +0000] "GET /wp-json/wp/v2/users HTTP/1.1" 301 5 "-" "Mozilla/5.0 (Windows NT 10.0; Win64; x64; rv:89.0) Gecko/20100101 Firefox/89.0"
82.102.18.180 - - [28/Oct/2025:09:42:55 +0000] "GET /wp-json/wp/v2/users/ HTTP/1.1" 200 115835 "-" "Mozilla/5.0 (Windows NT 10.0; Win64; x64; rv:89.0) Gecko/20100101 Firefox/89.0"
82.102.18.180 - - [28/Oct/2025:09:42:56 +0000] "GET /wp-login.php HTTP/1.1" 200 2168 "-" "Mozilla/5.0 (Windows NT 10.0; Win64; x64; rv:89.0) Gecko/20100101 Firefox/89.0"
82.102.18.180 - - [28/Oct/2025:09:42:58 +0000] "GET / HTTP/1.1" 200 115835 "-" "Mozilla/5.0 (Windows NT 10.0; Win64; x64; rv:89.0) Gecko/20100101 Firefox/89.0"
82.102.18.180 - - [28/Oct/2025:09:42:58 +0000] "GET /feed/ HTTP/1.1" 200 115835 "-" "Mozilla/5.0 (Windows NT 10.0; Win64; x64; rv:89.0) Gecko/20100101 Firefox/89.0"
66.135.21.75 - - [28/Oct/2025:09:42:59 +0000] "POST /wp-cron.php?doing_wp_cron=1761644579.4702599048614501953125 HTTP/1.1" 200 31 "-" "WordPress/6.3.1; https://gsudice.dataconn.net"
82.102.18.180 - - [28/Oct/2025:09:42:59 +0000] "GET /sitemap.xml HTTP/1.1" 301 5 "-" "Mozilla/5.0 (Windows NT 10.0; Win64; x64; rv:89.0) Gecko/20100101 Firefox/89.0"
82.102.18.180 - - [28/Oct/2025:09:43:00 +0000] "GET /sitemap.xml/ HTTP/1.1" 200 115835 "-" "Mozilla/5.0 (Windows NT 10.0; Win64; x64; rv:89.0) Gecko/20100101 Firefox/89.0"
82.102.18.180 - - [28/Oct/2025:09:43:01 +0000] "GET /wp-json/wp/v2/users HTTP/1.1" 301 5 "-" "Mozilla/5.0 (Windows NT 10.0; Win64; x64; rv:89.0) Gecko/20100101 Firefox/89.0"
82.102.18.180 - - [28/Oct/2025:09:43:02 +0000] "GET /wp-json/wp/v2/users/ HTTP/1.1" 200 115835 "-" "Mozilla/5.0 (Windows NT 10.0; Win64; x64; rv:89.0) Gecko/20100101 Firefox/89.0"
82.102.18.180 - - [28/Oct/2025:09:43:03 +0000] "GET /wp-json/wp/v2/users/?per_page=100 HTTP/1.1" 200 115835 "-" "Mozilla/5.0 (Windows NT 10.0; Win64; x64; rv:89.0) Gecko/20100101 Firefox/89.0"
82.102.18.180 - - [28/Oct/2025:09:43:04 +0000] "GET /wp-json/wp/v2/users/?per_page=10 HTTP/1.1" 200 115835 "-" "Mozilla/5.0 (Windows NT 10.0; Win64; x64; rv:89.0) Gecko/20100101 Firefox/89.0"
82.102.18.180 - - [28/Oct/2025:09:43:05 +0000] "GET /wp-json/wp/v2/users/?per_page=5 HTTP/1.1" 200 115835 "-" "Mozilla/5.0 (Windows NT 10.0; Win64; x64; rv:89.0) Gecko/20100101 Firefox/89.0"
82.102.18.180 - - [28/Oct/2025:09:43:06 +0000] "GET /wp-admin/user-edit.php?user_id=1 HTTP/1.1" 302 5 "-" "Mozilla/5.0 (Windows NT 10.0; Win64; x64; rv:89.0) Gecko/20100101 Firefox/89.0"
82.102.18.180 - - [28/Oct/2025:09:43:07 +0000] "GET /wp-login.php?redirect_to=https%3A%2F%2Fgsudice.dataconn.net%2Fwp-admin%2Fuser-edit.php%3Fuser_id%3D1&reauth=1 HTTP/1.1" 200 2181 "-" "Mozilla/5.0 (Windows NT 10.0; Win64; x64; rv:89.0) Gecko/20100101 Firefox/89.0"
82.102.18.180 - - [28/Oct/2025:09:43:07 +0000] "GET /wp-admin/user-edit.php?user_id=1 HTTP/1.1" 302 5 "-" "Mozilla/5.0 (Windows NT 10.0; Win64; x64; rv:89.0) Gecko/20100101 Firefox/89.0"
82.102.18.180 - - [28/Oct/2025:09:43:08 +0000] "GET /wp-login.php?redirect_to=https%3A%2F%2Fgsudice.dataconn.net%2Fwp-admin%2Fuser-edit.php%3Fuser_id%3D1&reauth=1 HTTP/1.1" 200 2181 "-" "Mozilla/5.0 (Windows NT 10.0; Win64; x64; rv:89.0) Gecko/20100101 Firefox/89.0"
82.102.18.180 - - [28/Oct/2025:09:43:09 +0000] "GET /wp-admin/user-edit.php?user_id=1 HTTP/1.1" 302 5 "-" "Mozilla/5.0 (Windows NT 10.0; Win64; x64; rv:89.0) Gecko/20100101 Firefox/89.0"
82.102.18.180 - - [28/Oct/2025:09:43:10 +0000] "GET /wp-login.php?redirect_to=https%3A%2F%2Fgsudice.dataconn.net%2Fwp-admin%2Fuser-edit.php%3Fuser_id%3D1&reauth=1 HTTP/1.1" 200 2181 "-" "Mozilla/5.0 (Windows NT 10.0; Win64; x64; rv:89.0) Gecko/20100101 Firefox/89.0"
82.102.18.180 - - [28/Oct/2025:09:43:10 +0000] "GET /wp-admin/user-edit.php?user_id=1 HTTP/1.1" 302 5 "-" "Mozilla/5.0 (Windows NT 10.0; Win64; x64; rv:89.0) Gecko/20100101 Firefox/89.0"
82.102.18.180 - - [28/Oct/2025:09:43:11 +0000] "GET /wp-login.php?redirect_to=https%3A%2F%2Fgsudice.dataconn.net%2Fwp-admin%2Fuser-edit.php%3Fuser_id%3D1&reauth=1 HTTP/1.1" 200 2181 "-" "Mozilla/5.0 (Windows NT 10.0; Win64; x64; rv:89.0) Gecko/20100101 Firefox/89.0"
66.135.21.75 - - [28/Oct/2025:09:43:12 +0000] "POST /wp-cron.php?doing_wp_cron=1761644592.1343839168548583984375 HTTP/1.1" 200 31 "-" "WordPress/6.3.1; https://gsudice.dataconn.net"
82.102.18.180 - - [28/Oct/2025:09:43:12 +0000] "GET /wp-admin/user-edit.php?user_id=1 HTTP/1.1" 302 5 "-" "Mozilla/5.0 (Windows NT 10.0; Win64; x64; rv:89.0) Gecko/20100101 Firefox/89.0"
82.102.18.180 - - [28/Oct/2025:09:43:12 +0000] "GET /wp-login.php?redirect_to=https%3A%2F%2Fgsudice.dataconn.net%2Fwp-admin%2Fuser-edit.php%3Fuser_id%3D1&reauth=1 HTTP/1.1" 200 2181 "-" "Mozilla/5.0 (Windows NT 10.0; Win64; x64; rv:89.0) Gecko/20100101 Firefox/89.0"
82.102.18.180 - - [28/Oct/2025:09:43:33 +0000] "GET /wp-login.php?redirect_to=https%3A%2F%2Fgsudice.dataconn.net%2Fwp-admin%2Fuser-edit.php%3Fuser_id%3D1&reauth=1 HTTP/1.1" 200 2181 "-" "Mozilla/5.0 (Windows NT 10.0; Win64; x64; rv:89.0) Gecko/20100101 Firefox/89.0"
82.102.18.180 - - [28/Oct/2025:09:43:35 +0000] "GET /wp-admin/user-edit.php?user_id=1 HTTP/1.1" 302 5 "-" "Mozilla/5.0 (Windows NT 10.0; Win64; x64; rv:89.0) Gecko/20100101 Firefox/89.0"
82.102.18.180 - - [28/Oct/2025:09:43:37 +0000] "GET /wp-login.php?redirect_to=https%3A%2F%2Fgsudice.dataconn.net%2Fwp-admin%2Fuser-edit.php%3Fuser_id%3D1&reauth=1 HTTP/1.1" 200 2181 "-" "Mozilla/5.0 (Windows NT 10.0; Win64; x64; rv:89.0) Gecko/20100101 Firefox/89.0"
82.102.18.180 - - [28/Oct/2025:09:43:39 +0000] "GET /wp-admin/user-edit.php?user_id=1 HTTP/1.1" 302 5 "-" "Mozilla/5.0 (Windows NT 10.0; Win64; x64; rv:89.0) Gecko/20100101 Firefox/89.0"
82.102.18.180 - - [28/Oct/2025:09:43:40 +0000] "GET /wp-login.php?redirect_to=https%3A%2F%2Fgsudice.dataconn.net%2Fwp-admin%2Fuser-edit.php%3Fuser_id%3D1&reauth=1 HTTP/1.1" 200 2181 "-" "Mozilla/5.0 (Windows NT 10.0; Win64; x64; rv:89.0) Gecko/20100101 Firefox/89.0"
82.102.18.180 - - [28/Oct/2025:09:43:40 +0000] "GET /wp-admin/user-edit.php?user_id=1 HTTP/1.1" 302 5 "-" "Mozilla/5.0 (Windows NT 10.0; Win64; x64; rv:89.0) Gecko/20100101 Firefox/89.0"
82.102.18.180 - - [28/Oct/2025:09:43:41 +0000] "GET /wp-login.php?redirect_to=https%3A%2F%2Fgsudice.dataconn.net%2Fwp-admin%2Fuser-edit.php%3Fuser_id%3D1&reauth=1 HTTP/1.1" 200 2181 "-" "Mozilla/5.0 (Windows NT 10.0; Win64; x64; rv:89.0) Gecko/20100101 Firefox/89.0"
82.102.18.180 - - [28/Oct/2025:09:43:43 +0000] "GET /wp-admin/user-edit.php?user_id=1 HTTP/1.1" 302 5 "-" "Mozilla/5.0 (Windows NT 10.0; Win64; x64; rv:89.0) Gecko/20100101 Firefox/89.0"
82.102.18.180 - - [28/Oct/2025:09:43:43 +0000] "GET /wp-login.php?redirect_to=https%3A%2F%2Fgsudice.dataconn.net%2Fwp-admin%2Fuser-edit.php%3Fuser_id%3D1&reauth=1 HTTP/1.1" 200 2181 "-" "Mozilla/5.0 (Windows NT 10.0; Win64; x64; rv:89.0) Gecko/20100101 Firefox/89.0"
66.135.21.75 - - [28/Oct/2025:09:44:00 +0000] "POST /wp-cron.php?doing_wp_cron=1761644639.9683370590209960937500 HTTP/1.1" 200 31 "-" "WordPress/6.3.1; https://gsudice.dataconn.net"
82.102.18.180 - - [28/Oct/2025:09:44:00 +0000] "GET /wp-login.php?redirect_to=https%3A%2F%2Fgsudice.dataconn.net%2Fwp-admin%2Fuser-edit.php%3Fuser_id%3D1&reauth=1 HTTP/1.1" 200 2181 "-" "Mozilla/5.0 (Windows NT 10.0; Win64; x64; rv:89.0) Gecko/20100101 Firefox/89.0"
82.102.18.180 - - [28/Oct/2025:09:44:00 +0000] "POST /wp-login.php HTTP/1.1" 200 2337 "https://gsudice.dataconn.net/wp-login.php" "Mozilla/5.0 (X11; Linux x86_64; rv:119.0.1) Gecko/20100101 Firefox/119.0.1"
82.102.18.180 - - [28/Oct/2025:09:44:01 +0000] "GET /wp-admin/index.php HTTP/1.1" 302 5 "https://gsudice.dataconn.net/wp-login.php" "Mozilla/5.0 (Macintosh; Intel Mac OS X 10_15_7; rv:119.0.1) Gecko/20100101 Firefox/119.0.1"
82.102.18.180 - - [28/Oct/2025:09:44:01 +0000] "GET /wp-login.php?redirect_to=https%3A%2F%2Fgsudice.dataconn.net%2Fwp-admin%2Findex.php&reauth=1 HTTP/1.1" 200 2179 "https://gsudice.dataconn.net/wp-login.php" "Mozilla/5.0 (Macintosh; Intel Mac OS X 10_15_7; rv:119.0.1) Gecko/20100101 Firefox/119.0.1"
82.102.18.180 - - [28/Oct/2025:09:44:02 +0000] "POST /wp-login.php HTTP/1.1" 200 2340 "https://gsudice.dataconn.net/wp-login.php" "Mozilla/5.0 (Macintosh; Intel Mac OS X 10_15_7) AppleWebKit/605.1.15 (KHTML, like Gecko) Version/17.2 Safari/605.1.15"
82.102.18.180 - - [28/Oct/2025:09:44:03 +0000] "GET /wp-admin/index.php HTTP/1.1" 302 5 "https://gsudice.dataconn.net/wp-login.php" "Mozilla/5.0 (Macintosh; Intel Mac OS X 10_15_7; rv:118.0.2) Gecko/20100101 Firefox/118.0.2"
82.102.18.180 - - [28/Oct/2025:09:44:03 +0000] "GET /wp-login.php?redirect_to=https%3A%2F%2Fgsudice.dataconn.net%2Fwp-admin%2Findex.php&reauth=1 HTTP/1.1" 200 2179 "https://gsudice.dataconn.net/wp-login.php" "Mozilla/5.0 (Macintosh; Intel Mac OS X 10_15_7; rv:118.0.2) Gecko/20100101 Firefox/118.0.2"
82.102.18.180 - - [28/Oct/2025:09:44:03 +0000] "POST /wp-login.php HTTP/1.1" 200 2337 "https://gsudice.dataconn.net/wp-login.php" "Mozilla/5.0 (X11; Linux x86_64) AppleWebKit/605.1.15 (KHTML, like Gecko) Version/17.0 Safari/605.1.15"
82.102.18.180 - - [28/Oct/2025:09:44:04 +0000] "GET /wp-admin/index.php HTTP/1.1" 302 5 "https://gsudice.dataconn.net/wp-login.php" "Mozilla/5.0 (Macintosh; Intel Mac OS X 10_15_7) AppleWebKit/537.36 (KHTML, like Gecko) Chrome/120.0.6099.130 Safari/537.36"
82.102.18.180 - - [28/Oct/2025:09:44:04 +0000] "GET /wp-login.php?redirect_to=https%3A%2F%2Fgsudice.dataconn.net%2Fwp-admin%2Findex.php&reauth=1 HTTP/1.1" 200 2179 "https://gsudice.dataconn.net/wp-login.php" "Mozilla/5.0 (Macintosh; Intel Mac OS X 10_15_7) AppleWebKit/537.36 (KHTML, like Gecko) Chrome/120.0.6099.130 Safari/537.36"
82.102.18.180 - - [28/Oct/2025:09:44:05 +0000] "POST /wp-login.php HTTP/1.1" 200 2339 "https://gsudice.dataconn.net/wp-login.php" "Mozilla/5.0 (Macintosh; Intel Mac OS X 10_15_7) AppleWebKit/605.1.15 (KHTML, like Gecko) Version/17.0 Safari/605.1.15"
82.102.18.180 - - [28/Oct/2025:09:44:05 +0000] "GET /wp-admin/index.php HTTP/1.1" 302 5 "https://gsudice.dataconn.net/wp-login.php" "Mozilla/5.0 (Macintosh; Intel Mac OS X 10_15_7) AppleWebKit/605.1.15 (KHTML, like Gecko) Version/17.2 Safari/605.1.15"
82.102.18.180 - - [28/Oct/2025:09:44:06 +0000] "GET /wp-login.php?redirect_to=https%3A%2F%2Fgsudice.dataconn.net%2Fwp-admin%2Findex.php&reauth=1 HTTP/1.1" 200 2179 "https://gsudice.dataconn.net/wp-login.php" "Mozilla/5.0 (Macintosh; Intel Mac OS X 10_15_7) AppleWebKit/605.1.15 (KHTML, like Gecko) Version/17.2 Safari/605.1.15"
82.102.18.180 - - [28/Oct/2025:09:44:06 +0000] "POST /wp-login.php HTTP/1.1" 200 2341 "https://gsudice.dataconn.net/wp-login.php" "Mozilla/5.0 (X11; Linux x86_64; rv:120.0) Gecko/20100101 Firefox/120.0"
82.102.18.180 - - [28/Oct/2025:09:44:07 +0000] "GET /wp-admin/index.php HTTP/1.1" 302 5 "https://gsudice.dataconn.net/wp-login.php" "Mozilla/5.0 (X11; Linux x86_64; rv:120.0) Gecko/20100101 Firefox/120.0"
82.102.18.180 - - [28/Oct/2025:09:44:08 +0000] "GET /wp-login.php?redirect_to=https%3A%2F%2Fgsudice.dataconn.net%2Fwp-admin%2Findex.php&reauth=1 HTTP/1.1" 200 2179 "https://gsudice.dataconn.net/wp-login.php" "Mozilla/5.0 (X11; Linux x86_64; rv:120.0) Gecko/20100101 Firefox/120.0"
82.102.18.180 - - [28/Oct/2025:09:44:09 +0000] "POST /wp-login.php HTTP/1.1" 200 2346 "https://gsudice.dataconn.net/wp-login.php" "Mozilla/5.0 (Macintosh; Intel Mac OS X 10_15_7) AppleWebKit/537.36 (KHTML, like Gecko) Chrome/118.0.5993.88 Safari/537.36"
82.102.18.180 - - [28/Oct/2025:09:44:10 +0000] "GET /wp-admin/index.php HTTP/1.1" 302 5 "https://gsudice.dataconn.net/wp-login.php" "Mozilla/5.0 (Macintosh; Intel Mac OS X 10_15_7) AppleWebKit/605.1.15 (KHTML, like Gecko) Version/17.0 Safari/605.1.15"
82.102.18.180 - - [28/Oct/2025:09:44:10 +0000] "GET /wp-login.php?redirect_to=https%3A%2F%2Fgsudice.dataconn.net%2Fwp-admin%2Findex.php&reauth=1 HTTP/1.1" 200 2179 "https://gsudice.dataconn.net/wp-login.php" "Mozilla/5.0 (Macintosh; Intel Mac OS X 10_15_7) AppleWebKit/605.1.15 (KHTML, like Gecko) Version/17.0 Safari/605.1.15"
82.102.18.180 - - [28/Oct/2025:09:44:11 +0000] "POST /wp-login.php HTTP/1.1" 200 2340 "https://gsudice.dataconn.net/wp-login.php" "Mozilla/5.0 (X11; Linux x86_64) AppleWebKit/537.36 (KHTML, like Gecko) Chrome/119.0.6045.159 Safari/537.36"
82.102.18.180 - - [28/Oct/2025:09:44:11 +0000] "GET /wp-admin/index.php HTTP/1.1" 302 5 "https://gsudice.dataconn.net/wp-login.php" "Mozilla/5.0 (X11; Linux x86_64) AppleWebKit/537.36 (KHTML, like Gecko) Chrome/118.0.5993.88 Safari/537.36"
66.135.21.75 - - [28/Oct/2025:09:44:12 +0000] "POST /wp-cron.php?doing_wp_cron=1761644652.0378959178924560546875 HTTP/1.1" 200 31 "-" "WordPress/6.3.1; https://gsudice.dataconn.net"
82.102.18.180 - - [28/Oct/2025:09:44:12 +0000] "GET /wp-login.php?redirect_to=https%3A%2F%2Fgsudice.dataconn.net%2Fwp-admin%2Findex.php&reauth=1 HTTP/1.1" 200 2179 "https://gsudice.dataconn.net/wp-login.php" "Mozilla/5.0 (X11; Linux x86_64) AppleWebKit/537.36 (KHTML, like Gecko) Chrome/118.0.5993.88 Safari/537.36"
82.102.18.180 - - [28/Oct/2025:09:44:12 +0000] "POST /wp-login.php HTTP/1.1" 200 2274 "https://gsudice.dataconn.net/wp-login.php" "Mozilla/5.0 (Windows NT 10.0; Win64; x64; rv:119.0.1) Gecko/20100101 Firefox/119.0.1"
82.102.18.180 - - [28/Oct/2025:09:44:14 +0000] "GET /wp-admin/index.php HTTP/1.1" 302 5 "https://gsudice.dataconn.net/wp-login.php" "Mozilla/5.0 (Windows NT 10.0; Win64; x64) AppleWebKit/537.36 (KHTML, like Gecko) Chrome/119.0.6045.159 Safari/537.36"
82.102.18.180 - - [28/Oct/2025:09:44:30 +0000] "GET /wp-admin/index.php HTTP/1.1" 302 5 "https://gsudice.dataconn.net/wp-login.php" "Mozilla/5.0 (Windows NT 10.0; Win64; x64) AppleWebKit/537.36 (KHTML, like Gecko) Chrome/119.0.6045.159 Safari/537.36"
82.102.18.180 - - [28/Oct/2025:09:44:30 +0000] "GET /wp-login.php?redirect_to=https%3A%2F%2Fgsudice.dataconn.net%2Fwp-admin%2Findex.php&reauth=1 HTTP/1.1" 200 2179 "https://gsudice.dataconn.net/wp-login.php" "Mozilla/5.0 (Windows NT 10.0; Win64; x64) AppleWebKit/537.36 (KHTML, like Gecko) Chrome/119.0.6045.159 Safari/537.36"
82.102.18.180 - - [28/Oct/2025:09:44:31 +0000] "POST /wp-login.php HTTP/1.1" 200 2339 "https://gsudice.dataconn.net/wp-login.php" "Mozilla/5.0 (X11; Linux x86_64) AppleWebKit/605.1.15 (KHTML, like Gecko) Version/17.2 Safari/605.1.15"
82.102.18.180 - - [28/Oct/2025:09:44:31 +0000] "GET /wp-admin/index.php HTTP/1.1" 302 5 "https://gsudice.dataconn.net/wp-login.php" "Mozilla/5.0 (X11; Linux x86_64) AppleWebKit/537.36 (KHTML, like Gecko) Chrome/120.0.6099.130 Safari/537.36"
82.102.18.180 - - [28/Oct/2025:09:44:31 +0000] "GET /wp-login.php?redirect_to=https%3A%2F%2Fgsudice.dataconn.net%2Fwp-admin%2Findex.php&reauth=1 HTTP/1.1" 200 2179 "https://gsudice.dataconn.net/wp-login.php" "Mozilla/5.0 (X11; Linux x86_64) AppleWebKit/537.36 (KHTML, like Gecko) Chrome/120.0.6099.130 Safari/537.36"
82.102.18.180 - - [28/Oct/2025:09:44:31 +0000] "POST /wp-login.php HTTP/1.1" 200 2274 "https://gsudice.dataconn.net/wp-login.php" "Mozilla/5.0 (X11; Linux x86_64; rv:118.0.2) Gecko/20100101 Firefox/118.0.2"
66.135.21.75 - - [28/Oct/2025:09:44:32 +0000] "POST /wp-cron.php?doing_wp_cron=1761644672.3005390167236328125000 HTTP/1.1" 200 31 "-" "WordPress/6.3.1; https://gsudice.dataconn.net"
82.102.18.180 - - [28/Oct/2025:09:44:32 +0000] "GET /wp-admin/index.php HTTP/1.1" 302 5 "https://gsudice.dataconn.net/wp-login.php" "Mozilla/5.0 (X11; Linux x86_64) AppleWebKit/537.36 (KHTML, like Gecko) Chrome/120.0.6099.130 Safari/537.36"
82.102.18.180 - - [28/Oct/2025:09:44:32 +0000] "GET /wp-login.php?redirect_to=https%3A%2F%2Fgsudice.dataconn.net%2Fwp-admin%2Findex.php&reauth=1 HTTP/1.1" 200 2179 "https://gsudice.dataconn.net/wp-login.php" "Mozilla/5.0 (X11; Linux x86_64) AppleWebKit/537.36 (KHTML, like Gecko) Chrome/120.0.6099.130 Safari/537.36"
66.135.21.75 - - [28/Oct/2025:09:44:32 +0000] "GET / HTTP/1.1" 200 115835 "-" "WordPress/6.3.1; https://gsudice.dataconn.net"
82.102.18.180 - - [28/Oct/2025:09:44:32 +0000] "POST /wp-login.php HTTP/1.1" 200 2342 "https://gsudice.dataconn.net/wp-login.php" "Mozilla/5.0 (Windows NT 10.0; Win64; x64) AppleWebKit/537.36 (KHTML, like Gecko) Chrome/118.0.5993.88 Safari/537.36"
82.102.18.180 - - [28/Oct/2025:09:44:33 +0000] "GET /wp-admin/index.php HTTP/1.1" 302 5 "https://gsudice.dataconn.net/wp-login.php" "Mozilla/5.0 (Macintosh; Intel Mac OS X 10_15_7) AppleWebKit/605.1.15 (KHTML, like Gecko) Version/16.6 Safari/605.1.15"
82.102.18.180 - - [28/Oct/2025:09:44:33 +0000] "GET /wp-login.php?redirect_to=https%3A%2F%2Fgsudice.dataconn.net%2Fwp-admin%2Findex.php&reauth=1 HTTP/1.1" 200 2179 "https://gsudice.dataconn.net/wp-login.php" "Mozilla/5.0 (Macintosh; Intel Mac OS X 10_15_7) AppleWebKit/605.1.15 (KHTML, like Gecko) Version/16.6 Safari/605.1.15"
82.102.18.180 - - [28/Oct/2025:09:44:34 +0000] "POST /wp-login.php HTTP/1.1" 200 2343 "https://gsudice.dataconn.net/wp-login.php" "Mozilla/5.0 (Macintosh; Intel Mac OS X 10_15_7) AppleWebKit/537.36 (KHTML, like Gecko) Chrome/119.0.6045.159 Safari/537.36"
82.102.18.180 - - [28/Oct/2025:09:44:34 +0000] "GET /wp-admin/index.php HTTP/1.1" 302 5 "https://gsudice.dataconn.net/wp-login.php" "Mozilla/5.0 (Windows NT 10.0; Win64; x64) AppleWebKit/537.36 (KHTML, like Gecko) Chrome/119.0.6045.159 Safari/537.36"
82.102.18.180 - - [28/Oct/2025:09:44:34 +0000] "GET /wp-login.php?redirect_to=https%3A%2F%2Fgsudice.dataconn.net%2Fwp-admin%2Findex.php&reauth=1 HTTP/1.1" 200 2179 "https://gsudice.dataconn.net/wp-login.php" "Mozilla/5.0 (Windows NT 10.0; Win64; x64) AppleWebKit/537.36 (KHTML, like Gecko) Chrome/119.0.6045.159 Safari/537.36"
