208.84.102.244 - - [16/Dec/2025:09:28:08 +0000] "POST //xmlrpc.php HTTP/1.1" 200 413 "-" "Mozilla/5.0 (Windows NT 10.0; Win64; x64) AppleWebKit/537.36 (KHTML, like Gecko) Chrome/78.0.3904.108 Safari/537.36"
208.84.102.244 - - [16/Dec/2025:09:28:08 +0000] "POST //xmlrpc.php HTTP/1.1" 200 413 "-" "Mozilla/5.0 (Windows NT 10.0; Win64; x64) AppleWebKit/537.36 (KHTML, like Gecko) Chrome/78.0.3904.108 Safari/537.36"
208.84.102.244 - - [16/Dec/2025:09:28:08 +0000] "POST //xmlrpc.php HTTP/1.1" 200 413 "-" "Mozilla/5.0 (Windows NT 10.0; Win64; x64) AppleWebKit/537.36 (KHTML, like Gecko) Chrome/78.0.3904.108 Safari/537.36"
208.84.102.244 - - [16/Dec/2025:09:28:08 +0000] "POST //xmlrpc.php HTTP/1.1" 200 413 "-" "Mozilla/5.0 (Windows NT 10.0; Win64; x64) AppleWebKit/537.36 (KHTML, like Gecko) Chrome/78.0.3904.108 Safari/537.36"
208.84.102.244 - - [16/Dec/2025:09:28:08 +0000] "POST //xmlrpc.php HTTP/1.1" 200 413 "-" "Mozilla/5.0 (Windows NT 10.0; Win64; x64) AppleWebKit/537.36 (KHTML, like Gecko) Chrome/78.0.3904.108 Safari/537.36"
208.84.102.244 - - [16/Dec/2025:09:28:08 +0000] "POST //xmlrpc.php HTTP/1.1" 200 413 "-" "Mozilla/5.0 (Windows NT 10.0; Win64; x64) AppleWebKit/537.36 (KHTML, like Gecko) Chrome/78.0.3904.108 Safari/537.36"
208.84.102.244 - - [16/Dec/2025:09:28:09 +0000] "POST //xmlrpc.php HTTP/1.1" 200 413 "-" "Mozilla/5.0 (Windows NT 10.0; Win64; x64) AppleWebKit/537.36 (KHTML, like Gecko) Chrome/78.0.3904.108 Safari/537.36"
208.84.102.244 - - [16/Dec/2025:09:28:09 +0000] "POST //xmlrpc.php HTTP/1.1" 200 413 "-" "Mozilla/5.0 (Windows NT 10.0; Win64; x64) AppleWebKit/537.36 (KHTML, like Gecko) Chrome/78.0.3904.108 Safari/537.36"
208.84.102.244 - - [16/Dec/2025:09:28:09 +0000] "POST //xmlrpc.php HTTP/1.1" 200 413 "-" "Mozilla/5.0 (Windows NT 10.0; Win64; x64) AppleWebKit/537.36 (KHTML, like Gecko) Chrome/78.0.3904.108 Safari/537.36"
208.84.102.244 - - [16/Dec/2025:09:28:09 +0000] "POST //xmlrpc.php HTTP/1.1" 200 413 "-" "Mozilla/5.0 (Windows NT 10.0; Win64; x64) AppleWebKit/537.36 (KHTML, like Gecko) Chrome/78.0.3904.108 Safari/537.36"
208.84.102.244 - - [16/Dec/2025:09:28:09 +0000] "POST //xmlrpc.php HTTP/1.1" 200 413 "-" "Mozilla/5.0 (Windows NT 10.0; Win64; x64) AppleWebKit/537.36 (KHTML, like Gecko) Chrome/78.0.3904.108 Safari/537.36"
208.84.102.244 - - [16/Dec/2025:09:28:09 +0000] "POST //xmlrpc.php HTTP/1.1" 200 413 "-" "Mozilla/5.0 (Windows NT 10.0; Win64; x64) AppleWebKit/537.36 (KHTML, like Gecko) Chrome/78.0.3904.108 Safari/537.36"
208.84.102.244 - - [16/Dec/2025:09:28:09 +0000] "POST //xmlrpc.php HTTP/1.1" 200 413 "-" "Mozilla/5.0 (Windows NT 10.0; Win64; x64) AppleWebKit/537.36 (KHTML, like Gecko) Chrome/78.0.3904.108 Safari/537.36"
208.84.102.244 - - [16/Dec/2025:09:28:09 +0000] "POST //xmlrpc.php HTTP/1.1" 200 413 "-" "Mozilla/5.0 (Windows NT 10.0; Win64; x64) AppleWebKit/537.36 (KHTML, like Gecko) Chrome/78.0.3904.108 Safari/537.36"
208.84.102.244 - - [16/Dec/2025:09:28:09 +0000] "POST //xmlrpc.php HTTP/1.1" 200 413 "-" "Mozilla/5.0 (Windows NT 10.0; Win64; x64) AppleWebKit/537.36 (KHTML, like Gecko) Chrome/78.0.3904.108 Safari/537.36"
208.84.102.244 - - [16/Dec/2025:09:28:10 +0000] "POST //xmlrpc.php HTTP/1.1" 200 413 "-" "Mozilla/5.0 (Windows NT 10.0; Win64; x64) AppleWebKit/537.36 (KHTML, like Gecko) Chrome/78.0.3904.108 Safari/537.36"
208.84.102.244 - - [16/Dec/2025:09:28:10 +0000] "POST //xmlrpc.php HTTP/1.1" 200 413 "-" "Mozilla/5.0 (Windows NT 10.0; Win64; x64) AppleWebKit/537.36 (KHTML, like Gecko) Chrome/78.0.3904.108 Safari/537.36"
208.84.102.244 - - [16/Dec/2025:09:28:10 +0000] "POST //xmlrpc.php HTTP/1.1" 200 413 "-" "Mozilla/5.0 (Windows NT 10.0; Win64; x64) AppleWebKit/537.36 (KHTML, like Gecko) Chrome/78.0.3904.108 Safari/537.36"
208.84.102.244 - - [16/Dec/2025:09:28:10 +0000] "POST //xmlrpc.php HTTP/1.1" 200 413 "-" "Mozilla/5.0 (Windows NT 10.0; Win64; x64) AppleWebKit/537.36 (KHTML, like Gecko) Chrome/78.0.3904.108 Safari/537.36"
208.84.102.244 - - [16/Dec/2025:09:28:10 +0000] "POST //xmlrpc.php HTTP/1.1" 200 413 "-" "Mozilla/5.0 (Windows NT 10.0; Win64; x64) AppleWebKit/537.36 (KHTML, like Gecko) Chrome/78.0.3904.108 Safari/537.36"
208.84.102.244 - - [16/Dec/2025:09:28:10 +0000] "POST //xmlrpc.php HTTP/1.1" 200 413 "-" "Mozilla/5.0 (Windows NT 10.0; Win64; x64) AppleWebKit/537.36 (KHTML, like Gecko) Chrome/78.0.3904.108 Safari/537.36"
208.84.102.244 - - [16/Dec/2025:09:28:10 +0000] "POST //xmlrpc.php HTTP/1.1" 200 413 "-" "Mozilla/5.0 (Windows NT 10.0; Win64; x64) AppleWebKit/537.36 (KHTML, like Gecko) Chrome/78.0.3904.108 Safari/537.36"
208.84.102.244 - - [16/Dec/2025:09:28:10 +0000] "POST //xmlrpc.php HTTP/1.1" 200 413 "-" "Mozilla/5.0 (Windows NT 10.0; Win64; x64) AppleWebKit/537.36 (KHTML, like Gecko) Chrome/78.0.3904.108 Safari/537.36"
208.84.102.244 - - [16/Dec/2025:09:28:10 +0000] "POST //xmlrpc.php HTTP/1.1" 200 413 "-" "Mozilla/5.0 (Windows NT 10.0; Win64; x64) AppleWebKit/537.36 (KHTML, like Gecko) Chrome/78.0.3904.108 Safari/537.36"
208.84.102.244 - - [16/Dec/2025:09:28:10 +0000] "POST //xmlrpc.php HTTP/1.1" 200 413 "-" "Mozilla/5.0 (Windows NT 10.0; Win64; x64) AppleWebKit/537.36 (KHTML, like Gecko) Chrome/78.0.3904.108 Safari/537.36"
208.84.102.244 - - [16/Dec/2025:09:28:10 +0000] "POST //xmlrpc.php HTTP/1.1" 200 413 "-" "Mozilla/5.0 (Windows NT 10.0; Win64; x64) AppleWebKit/537.36 (KHTML, like Gecko) Chrome/78.0.3904.108 Safari/537.36"
208.84.102.244 - - [16/Dec/2025:09:28:11 +0000] "POST //xmlrpc.php HTTP/1.1" 200 413 "-" "Mozilla/5.0 (Windows NT 10.0; Win64; x64) AppleWebKit/537.36 (KHTML, like Gecko) Chrome/78.0.3904.108 Safari/537.36"
208.84.102.244 - - [16/Dec/2025:09:28:11 +0000] "POST //xmlrpc.php HTTP/1.1" 200 413 "-" "Mozilla/5.0 (Windows NT 10.0; Win64; x64) AppleWebKit/537.36 (KHTML, like Gecko) Chrome/78.0.3904.108 Safari/537.36"
208.84.102.244 - - [16/Dec/2025:09:28:11 +0000] "POST //xmlrpc.php HTTP/1.1" 200 413 "-" "Mozilla/5.0 (Windows NT 10.0; Win64; x64) AppleWebKit/537.36 (KHTML, like Gecko) Chrome/78.0.3904.108 Safari/537.36"
208.84.102.244 - - [16/Dec/2025:09:28:11 +0000] "POST //xmlrpc.php HTTP/1.1" 200 413 "-" "Mozilla/5.0 (Windows NT 10.0; Win64; x64) AppleWebKit/537.36 (KHTML, like Gecko) Chrome/78.0.3904.108 Safari/537.36"
208.84.102.244 - - [16/Dec/2025:09:28:11 +0000] "POST //xmlrpc.php HTTP/1.1" 200 413 "-" "Mozilla/5.0 (Windows NT 10.0; Win64; x64) AppleWebKit/537.36 (KHTML, like Gecko) Chrome/78.0.3904.108 Safari/537.36"
208.84.102.244 - - [16/Dec/2025:09:28:11 +0000] "POST //xmlrpc.php HTTP/1.1" 200 413 "-" "Mozilla/5.0 (Windows NT 10.0; Win64; x64) AppleWebKit/537.36 (KHTML, like Gecko) Chrome/78.0.3904.108 Safari/537.36"
208.84.102.244 - - [16/Dec/2025:09:28:11 +0000] "POST //xmlrpc.php HTTP/1.1" 200 413 "-" "Mozilla/5.0 (Windows NT 10.0; Win64; x64) AppleWebKit/537.36 (KHTML, like Gecko) Chrome/78.0.3904.108 Safari/537.36"
208.84.102.244 - - [16/Dec/2025:09:28:11 +0000] "POST //xmlrpc.php HTTP/1.1" 200 413 "-" "Mozilla/5.0 (Windows NT 10.0; Win64; x64) AppleWebKit/537.36 (KHTML, like Gecko) Chrome/78.0.3904.108 Safari/537.36"
208.84.102.244 - - [16/Dec/2025:09:28:11 +0000] "POST //xmlrpc.php HTTP/1.1" 200 413 "-" "Mozilla/5.0 (Windows NT 10.0; Win64; x64) AppleWebKit/537.36 (KHTML, like Gecko) Chrome/78.0.3904.108 Safari/537.36"
208.84.102.244 - - [16/Dec/2025:09:28:11 +0000] "POST //xmlrpc.php HTTP/1.1" 200 413 "-" "Mozilla/5.0 (Windows NT 10.0; Win64; x64) AppleWebKit/537.36 (KHTML, like Gecko) Chrome/78.0.3904.108 Safari/537.36"
208.84.102.244 - - [16/Dec/2025:09:28:11 +0000] "POST //xmlrpc.php HTTP/1.1" 200 413 "-" "Mozilla/5.0 (Windows NT 10.0; Win64; x64) AppleWebKit/537.36 (KHTML, like Gecko) Chrome/78.0.3904.108 Safari/537.36"
66.135.21.75 - - [16/Dec/2025:09:28:12 +0000] "POST /wp-cron.php?doing_wp_cron=1765877292.0373940467834472656250 HTTP/1.1" 200 31 "-" "WordPress/6.3.1; https://gsudice.dataconn.net"
208.84.102.244 - - [16/Dec/2025:09:28:12 +0000] "POST //xmlrpc.php HTTP/1.1" 200 413 "-" "Mozilla/5.0 (Windows NT 10.0; Win64; x64) AppleWebKit/537.36 (KHTML, like Gecko) Chrome/78.0.3904.108 Safari/537.36"
208.84.102.244 - - [16/Dec/2025:09:28:12 +0000] "POST //xmlrpc.php HTTP/1.1" 200 413 "-" "Mozilla/5.0 (Windows NT 10.0; Win64; x64) AppleWebKit/537.36 (KHTML, like Gecko) Chrome/78.0.3904.108 Safari/537.36"
208.84.102.244 - - [16/Dec/2025:09:28:12 +0000] "POST //xmlrpc.php HTTP/1.1" 200 413 "-" "Mozilla/5.0 (Windows NT 10.0; Win64; x64) AppleWebKit/537.36 (KHTML, like Gecko) Chrome/78.0.3904.108 Safari/537.36"
208.84.102.244 - - [16/Dec/2025:09:28:12 +0000] "POST //xmlrpc.php HTTP/1.1" 200 413 "-" "Mozilla/5.0 (Windows NT 10.0; Win64; x64) AppleWebKit/537.36 (KHTML, like Gecko) Chrome/78.0.3904.108 Safari/537.36"
208.84.102.244 - - [16/Dec/2025:09:28:12 +0000] "POST //xmlrpc.php HTTP/1.1" 200 413 "-" "Mozilla/5.0 (Windows NT 10.0; Win64; x64) AppleWebKit/537.36 (KHTML, like Gecko) Chrome/78.0.3904.108 Safari/537.36"
208.84.102.244 - - [16/Dec/2025:09:28:12 +0000] "POST //xmlrpc.php HTTP/1.1" 200 413 "-" "Mozilla/5.0 (Windows NT 10.0; Win64; x64) AppleWebKit/537.36 (KHTML, like Gecko) Chrome/78.0.3904.108 Safari/537.36"
208.84.102.244 - - [16/Dec/2025:09:28:12 +0000] "POST //xmlrpc.php HTTP/1.1" 200 413 "-" "Mozilla/5.0 (Windows NT 10.0; Win64; x64) AppleWebKit/537.36 (KHTML, like Gecko) Chrome/78.0.3904.108 Safari/537.36"
208.84.102.244 - - [16/Dec/2025:09:28:12 +0000] "POST //xmlrpc.php HTTP/1.1" 200 413 "-" "Mozilla/5.0 (Windows NT 10.0; Win64; x64) AppleWebKit/537.36 (KHTML, like Gecko) Chrome/78.0.3904.108 Safari/537.36"
208.84.102.244 - - [16/Dec/2025:09:28:12 +0000] "POST //xmlrpc.php HTTP/1.1" 200 413 "-" "Mozilla/5.0 (Windows NT 10.0; Win64; x64) AppleWebKit/537.36 (KHTML, like Gecko) Chrome/78.0.3904.108 Safari/537.36"
208.84.102.244 - - [16/Dec/2025:09:28:13 +0000] "POST //xmlrpc.php HTTP/1.1" 200 413 "-" "Mozilla/5.0 (Windows NT 10.0; Win64; x64) AppleWebKit/537.36 (KHTML, like Gecko) Chrome/78.0.3904.108 Safari/537.36"
208.84.102.244 - - [16/Dec/2025:09:28:13 +0000] "POST //xmlrpc.php HTTP/1.1" 200 413 "-" "Mozilla/5.0 (Windows NT 10.0; Win64; x64) AppleWebKit/537.36 (KHTML, like Gecko) Chrome/78.0.3904.108 Safari/537.36"
208.84.102.244 - - [16/Dec/2025:09:28:13 +0000] "POST //xmlrpc.php HTTP/1.1" 200 413 "-" "Mozilla/5.0 (Windows NT 10.0; Win64; x64) AppleWebKit/537.36 (KHTML, like Gecko) Chrome/78.0.3904.108 Safari/537.36"
208.84.102.244 - - [16/Dec/2025:09:28:13 +0000] "POST //xmlrpc.php HTTP/1.1" 200 413 "-" "Mozilla/5.0 (Windows NT 10.0; Win64; x64) AppleWebKit/537.36 (KHTML, like Gecko) Chrome/78.0.3904.108 Safari/537.36"
208.84.102.244 - - [16/Dec/2025:09:28:13 +0000] "POST //xmlrpc.php HTTP/1.1" 200 413 "-" "Mozilla/5.0 (Windows NT 10.0; Win64; x64) AppleWebKit/537.36 (KHTML, like Gecko) Chrome/78.0.3904.108 Safari/537.36"
208.84.102.244 - - [16/Dec/2025:09:28:13 +0000] "POST //xmlrpc.php HTTP/1.1" 200 413 "-" "Mozilla/5.0 (Windows NT 10.0; Win64; x64) AppleWebKit/537.36 (KHTML, like Gecko) Chrome/78.0.3904.108 Safari/537.36"
208.84.102.244 - - [16/Dec/2025:09:28:14 +0000] "POST //xmlrpc.php HTTP/1.1" 200 413 "-" "Mozilla/5.0 (Windows NT 10.0; Win64; x64) AppleWebKit/537.36 (KHTML, like Gecko) Chrome/78.0.3904.108 Safari/537.36"
208.84.102.244 - - [16/Dec/2025:09:28:14 +0000] "POST //xmlrpc.php HTTP/1.1" 200 413 "-" "Mozilla/5.0 (Windows NT 10.0; Win64; x64) AppleWebKit/537.36 (KHTML, like Gecko) Chrome/78.0.3904.108 Safari/537.36"
208.84.102.244 - - [16/Dec/2025:09:28:14 +0000] "POST //xmlrpc.php HTTP/1.1" 200 413 "-" "Mozilla/5.0 (Windows NT 10.0; Win64; x64) AppleWebKit/537.36 (KHTML, like Gecko) Chrome/78.0.3904.108 Safari/537.36"
208.84.102.244 - - [16/Dec/2025:09:28:15 +0000] "POST //xmlrpc.php HTTP/1.1" 200 413 "-" "Mozilla/5.0 (Windows NT 10.0; Win64; x64) AppleWebKit/537.36 (KHTML, like Gecko) Chrome/78.0.3904.108 Safari/537.36"
208.84.102.244 - - [16/Dec/2025:09:28:15 +0000] "POST //xmlrpc.php HTTP/1.1" 200 413 "-" "Mozilla/5.0 (Windows NT 10.0; Win64; x64) AppleWebKit/537.36 (KHTML, like Gecko) Chrome/78.0.3904.108 Safari/537.36"
208.84.102.244 - - [16/Dec/2025:09:28:15 +0000] "POST //xmlrpc.php HTTP/1.1" 200 413 "-" "Mozilla/5.0 (Windows NT 10.0; Win64; x64) AppleWebKit/537.36 (KHTML, like Gecko) Chrome/78.0.3904.108 Safari/537.36"
208.84.102.244 - - [16/Dec/2025:09:28:15 +0000] "POST //xmlrpc.php HTTP/1.1" 200 413 "-" "Mozilla/5.0 (Windows NT 10.0; Win64; x64) AppleWebKit/537.36 (KHTML, like Gecko) Chrome/78.0.3904.108 Safari/537.36"
208.84.102.244 - - [16/Dec/2025:09:28:15 +0000] "POST //xmlrpc.php HTTP/1.1" 200 413 "-" "Mozilla/5.0 (Windows NT 10.0; Win64; x64) AppleWebKit/537.36 (KHTML, like Gecko) Chrome/78.0.3904.108 Safari/537.36"
208.84.102.244 - - [16/Dec/2025:09:28:15 +0000] "POST //xmlrpc.php HTTP/1.1" 200 413 "-" "Mozilla/5.0 (Windows NT 10.0; Win64; x64) AppleWebKit/537.36 (KHTML, like Gecko) Chrome/78.0.3904.108 Safari/537.36"
208.84.102.244 - - [16/Dec/2025:09:28:16 +0000] "POST //xmlrpc.php HTTP/1.1" 200 413 "-" "Mozilla/5.0 (Windows NT 10.0; Win64; x64) AppleWebKit/537.36 (KHTML, like Gecko) Chrome/78.0.3904.108 Safari/537.36"
208.84.102.244 - - [16/Dec/2025:09:28:16 +0000] "POST //xmlrpc.php HTTP/1.1" 200 413 "-" "Mozilla/5.0 (Windows NT 10.0; Win64; x64) AppleWebKit/537.36 (KHTML, like Gecko) Chrome/78.0.3904.108 Safari/537.36"
208.84.102.244 - - [16/Dec/2025:09:28:16 +0000] "POST //xmlrpc.php HTTP/1.1" 200 413 "-" "Mozilla/5.0 (Windows NT 10.0; Win64; x64) AppleWebKit/537.36 (KHTML, like Gecko) Chrome/78.0.3904.108 Safari/537.36"
208.84.102.244 - - [16/Dec/2025:09:28:16 +0000] "POST //xmlrpc.php HTTP/1.1" 200 413 "-" "Mozilla/5.0 (Windows NT 10.0; Win64; x64) AppleWebKit/537.36 (KHTML, like Gecko) Chrome/78.0.3904.108 Safari/537.36"
208.84.102.244 - - [16/Dec/2025:09:28:16 +0000] "POST //xmlrpc.php HTTP/1.1" 200 413 "-" "Mozilla/5.0 (Windows NT 10.0; Win64; x64) AppleWebKit/537.36 (KHTML, like Gecko) Chrome/78.0.3904.108 Safari/537.36"
208.84.102.244 - - [16/Dec/2025:09:28:16 +0000] "POST //xmlrpc.php HTTP/1.1" 200 413 "-" "Mozilla/5.0 (Windows NT 10.0; Win64; x64) AppleWebKit/537.36 (KHTML, like Gecko) Chrome/78.0.3904.108 Safari/537.36"
208.84.102.244 - - [16/Dec/2025:09:28:16 +0000] "POST //xmlrpc.php HTTP/1.1" 200 413 "-" "Mozilla/5.0 (Windows NT 10.0; Win64; x64) AppleWebKit/537.36 (KHTML, like Gecko) Chrome/78.0.3904.108 Safari/537.36"
208.84.102.244 - - [16/Dec/2025:09:28:16 +0000] "POST //xmlrpc.php HTTP/1.1" 200 413 "-" "Mozilla/5.0 (Windows NT 10.0; Win64; x64) AppleWebKit/537.36 (KHTML, like Gecko) Chrome/78.0.3904.108 Safari/537.36"
208.84.102.244 - - [16/Dec/2025:09:28:16 +0000] "POST //xmlrpc.php HTTP/1.1" 200 413 "-" "Mozilla/5.0 (Windows NT 10.0; Win64; x64) AppleWebKit/537.36 (KHTML, like Gecko) Chrome/78.0.3904.108 Safari/537.36"
208.84.102.244 - - [16/Dec/2025:09:28:16 +0000] "POST //xmlrpc.php HTTP/1.1" 200 413 "-" "Mozilla/5.0 (Windows NT 10.0; Win64; x64) AppleWebKit/537.36 (KHTML, like Gecko) Chrome/78.0.3904.108 Safari/537.36"
208.84.102.244 - - [16/Dec/2025:09:28:16 +0000] "POST //xmlrpc.php HTTP/1.1" 200 413 "-" "Mozilla/5.0 (Windows NT 10.0; Win64; x64) AppleWebKit/537.36 (KHTML, like Gecko) Chrome/78.0.3904.108 Safari/537.36"
208.84.102.244 - - [16/Dec/2025:09:28:17 +0000] "POST //xmlrpc.php HTTP/1.1" 200 413 "-" "Mozilla/5.0 (Windows NT 10.0; Win64; x64) AppleWebKit/537.36 (KHTML, like Gecko) Chrome/78.0.3904.108 Safari/537.36"
208.84.102.244 - - [16/Dec/2025:09:28:17 +0000] "POST //xmlrpc.php HTTP/1.1" 200 413 "-" "Mozilla/5.0 (Windows NT 10.0; Win64; x64) AppleWebKit/537.36 (KHTML, like Gecko) Chrome/78.0.3904.108 Safari/537.36"
208.84.102.244 - - [16/Dec/2025:09:28:17 +0000] "POST //xmlrpc.php HTTP/1.1" 200 413 "-" "Mozilla/5.0 (Windows NT 10.0; Win64; x64) AppleWebKit/537.36 (KHTML, like Gecko) Chrome/78.0.3904.108 Safari/537.36"
208.84.102.244 - - [16/Dec/2025:09:28:17 +0000] "POST //xmlrpc.php HTTP/1.1" 200 413 "-" "Mozilla/5.0 (Windows NT 10.0; Win64; x64) AppleWebKit/537.36 (KHTML, like Gecko) Chrome/78.0.3904.108 Safari/537.36"
208.84.102.244 - - [16/Dec/2025:09:28:17 +0000] "POST //xmlrpc.php HTTP/1.1" 200 413 "-" "Mozilla/5.0 (Windows NT 10.0; Win64; x64) AppleWebKit/537.36 (KHTML, like Gecko) Chrome/78.0.3904.108 Safari/537.36"
208.84.102.244 - - [16/Dec/2025:09:28:17 +0000] "POST //xmlrpc.php HTTP/1.1" 200 413 "-" "Mozilla/5.0 (Windows NT 10.0; Win64; x64) AppleWebKit/537.36 (KHTML, like Gecko) Chrome/78.0.3904.108 Safari/537.36"
208.84.102.244 - - [16/Dec/2025:09:28:17 +0000] "POST //xmlrpc.php HTTP/1.1" 200 413 "-" "Mozilla/5.0 (Windows NT 10.0; Win64; x64) AppleWebKit/537.36 (KHTML, like Gecko) Chrome/78.0.3904.108 Safari/537.36"
208.84.102.244 - - [16/Dec/2025:09:28:17 +0000] "POST //xmlrpc.php HTTP/1.1" 200 413 "-" "Mozilla/5.0 (Windows NT 10.0; Win64; x64) AppleWebKit/537.36 (KHTML, like Gecko) Chrome/78.0.3904.108 Safari/537.36"
208.84.102.244 - - [16/Dec/2025:09:28:17 +0000] "POST //xmlrpc.php HTTP/1.1" 200 413 "-" "Mozilla/5.0 (Windows NT 10.0; Win64; x64) AppleWebKit/537.36 (KHTML, like Gecko) Chrome/78.0.3904.108 Safari/537.36"
208.84.102.244 - - [16/Dec/2025:09:28:17 +0000] "POST //xmlrpc.php HTTP/1.1" 200 413 "-" "Mozilla/5.0 (Windows NT 10.0; Win64; x64) AppleWebKit/537.36 (KHTML, like Gecko) Chrome/78.0.3904.108 Safari/537.36"
208.84.102.244 - - [16/Dec/2025:09:28:18 +0000] "POST //xmlrpc.php HTTP/1.1" 200 413 "-" "Mozilla/5.0 (Windows NT 10.0; Win64; x64) AppleWebKit/537.36 (KHTML, like Gecko) Chrome/78.0.3904.108 Safari/537.36"
208.84.102.244 - - [16/Dec/2025:09:28:18 +0000] "POST //xmlrpc.php HTTP/1.1" 200 413 "-" "Mozilla/5.0 (Windows NT 10.0; Win64; x64) AppleWebKit/537.36 (KHTML, like Gecko) Chrome/78.0.3904.108 Safari/537.36"
208.84.102.244 - - [16/Dec/2025:09:28:18 +0000] "POST //xmlrpc.php HTTP/1.1" 200 413 "-" "Mozilla/5.0 (Windows NT 10.0; Win64; x64) AppleWebKit/537.36 (KHTML, like Gecko) Chrome/78.0.3904.108 Safari/537.36"
208.84.102.244 - - [16/Dec/2025:09:28:18 +0000] "POST //xmlrpc.php HTTP/1.1" 200 413 "-" "Mozilla/5.0 (Windows NT 10.0; Win64; x64) AppleWebKit/537.36 (KHTML, like Gecko) Chrome/78.0.3904.108 Safari/537.36"
208.84.102.244 - - [16/Dec/2025:09:28:18 +0000] "POST //xmlrpc.php HTTP/1.1" 200 413 "-" "Mozilla/5.0 (Windows NT 10.0; Win64; x64) AppleWebKit/537.36 (KHTML, like Gecko) Chrome/78.0.3904.108 Safari/537.36"
208.84.102.244 - - [16/Dec/2025:09:28:18 +0000] "POST //xmlrpc.php HTTP/1.1" 200 413 "-" "Mozilla/5.0 (Windows NT 10.0; Win64; x64) AppleWebKit/537.36 (KHTML, like Gecko) Chrome/78.0.3904.108 Safari/537.36"
208.84.102.244 - - [16/Dec/2025:09:28:18 +0000] "POST //xmlrpc.php HTTP/1.1" 200 413 "-" "Mozilla/5.0 (Windows NT 10.0; Win64; x64) AppleWebKit/537.36 (KHTML, like Gecko) Chrome/78.0.3904.108 Safari/537.36"
208.84.102.244 - - [16/Dec/2025:09:28:18 +0000] "POST //xmlrpc.php HTTP/1.1" 200 413 "-" "Mozilla/5.0 (Windows NT 10.0; Win64; x64) AppleWebKit/537.36 (KHTML, like Gecko) Chrome/78.0.3904.108 Safari/537.36"
208.84.102.244 - - [16/Dec/2025:09:28:18 +0000] "POST //xmlrpc.php HTTP/1.1" 200 413 "-" "Mozilla/5.0 (Windows NT 10.0; Win64; x64) AppleWebKit/537.36 (KHTML, like Gecko) Chrome/78.0.3904.108 Safari/537.36"
208.84.102.244 - - [16/Dec/2025:09:28:19 +0000] "POST //xmlrpc.php HTTP/1.1" 200 413 "-" "Mozilla/5.0 (Windows NT 10.0; Win64; x64) AppleWebKit/537.36 (KHTML, like Gecko) Chrome/78.0.3904.108 Safari/537.36"
208.84.102.244 - - [16/Dec/2025:09:28:19 +0000] "POST //xmlrpc.php HTTP/1.1" 200 413 "-" "Mozilla/5.0 (Windows NT 10.0; Win64; x64) AppleWebKit/537.36 (KHTML, like Gecko) Chrome/78.0.3904.108 Safari/537.36"
208.84.102.244 - - [16/Dec/2025:09:28:19 +0000] "POST //xmlrpc.php HTTP/1.1" 200 413 "-" "Mozilla/5.0 (Windows NT 10.0; Win64; x64) AppleWebKit/537.36 (KHTML, like Gecko) Chrome/78.0.3904.108 Safari/537.36"
208.84.102.244 - - [16/Dec/2025:09:28:19 +0000] "POST //xmlrpc.php HTTP/1.1" 200 413 "-" "Mozilla/5.0 (Windows NT 10.0; Win64; x64) AppleWebKit/537.36 (KHTML, like Gecko) Chrome/78.0.3904.108 Safari/537.36"
208.84.102.244 - - [16/Dec/2025:09:28:19 +0000] "POST //xmlrpc.php HTTP/1.1" 200 413 "-" "Mozilla/5.0 (Windows NT 10.0; Win64; x64) AppleWebKit/537.36 (KHTML, like Gecko) Chrome/78.0.3904.108 Safari/537.36"
208.84.102.244 - - [16/Dec/2025:09:28:19 +0000] "POST //xmlrpc.php HTTP/1.1" 200 413 "-" "Mozilla/5.0 (Windows NT 10.0; Win64; x64) AppleWebKit/537.36 (KHTML, like Gecko) Chrome/78.0.3904.108 Safari/537.36"
208.84.102.244 - - [16/Dec/2025:09:28:19 +0000] "POST //xmlrpc.php HTTP/1.1" 200 413 "-" "Mozilla/5.0 (Windows NT 10.0; Win64; x64) AppleWebKit/537.36 (KHTML, like Gecko) Chrome/78.0.3904.108 Safari/537.36"
208.84.102.244 - - [16/Dec/2025:09:28:19 +0000] "POST //xmlrpc.php HTTP/1.1" 200 413 "-" "Mozilla/5.0 (Windows NT 10.0; Win64; x64) AppleWebKit/537.36 (KHTML, like Gecko) Chrome/78.0.3904.108 Safari/537.36"
208.84.102.244 - - [16/Dec/2025:09:28:19 +0000] "POST //xmlrpc.php HTTP/1.1" 200 413 "-" "Mozilla/5.0 (Windows NT 10.0; Win64; x64) AppleWebKit/537.36 (KHTML, like Gecko) Chrome/78.0.3904.108 Safari/537.36"
208.84.102.244 - - [16/Dec/2025:09:28:19 +0000] "POST //xmlrpc.php HTTP/1.1" 200 413 "-" "Mozilla/5.0 (Windows NT 10.0; Win64; x64) AppleWebKit/537.36 (KHTML, like Gecko) Chrome/78.0.3904.108 Safari/537.36"
208.84.102.244 - - [16/Dec/2025:09:28:19 +0000] "POST //xmlrpc.php HTTP/1.1" 200 413 "-" "Mozilla/5.0 (Windows NT 10.0; Win64; x64) AppleWebKit/537.36 (KHTML, like Gecko) Chrome/78.0.3904.108 Safari/537.36"
208.84.102.244 - - [16/Dec/2025:09:28:20 +0000] "POST //xmlrpc.php HTTP/1.1" 200 413 "-" "Mozilla/5.0 (Windows NT 10.0; Win64; x64) AppleWebKit/537.36 (KHTML, like Gecko) Chrome/78.0.3904.108 Safari/537.36"
208.84.102.244 - - [16/Dec/2025:09:28:20 +0000] "POST //xmlrpc.php HTTP/1.1" 200 413 "-" "Mozilla/5.0 (Windows NT 10.0; Win64; x64) AppleWebKit/537.36 (KHTML, like Gecko) Chrome/78.0.3904.108 Safari/537.36"
208.84.102.244 - - [16/Dec/2025:09:28:20 +0000] "POST //xmlrpc.php HTTP/1.1" 200 413 "-" "Mozilla/5.0 (Windows NT 10.0; Win64; x64) AppleWebKit/537.36 (KHTML, like Gecko) Chrome/78.0.3904.108 Safari/537.36"
208.84.102.244 - - [16/Dec/2025:09:28:20 +0000] "POST //xmlrpc.php HTTP/1.1" 200 413 "-" "Mozilla/5.0 (Windows NT 10.0; Win64; x64) AppleWebKit/537.36 (KHTML, like Gecko) Chrome/78.0.3904.108 Safari/537.36"
208.84.102.244 - - [16/Dec/2025:09:28:20 +0000] "POST //xmlrpc.php HTTP/1.1" 200 413 "-" "Mozilla/5.0 (Windows NT 10.0; Win64; x64) AppleWebKit/537.36 (KHTML, like Gecko) Chrome/78.0.3904.108 Safari/537.36"
208.84.102.244 - - [16/Dec/2025:09:28:20 +0000] "POST //xmlrpc.php HTTP/1.1" 200 413 "-" "Mozilla/5.0 (Windows NT 10.0; Win64; x64) AppleWebKit/537.36 (KHTML, like Gecko) Chrome/78.0.3904.108 Safari/537.36"
208.84.102.244 - - [16/Dec/2025:09:28:20 +0000] "POST //xmlrpc.php HTTP/1.1" 200 413 "-" "Mozilla/5.0 (Windows NT 10.0; Win64; x64) AppleWebKit/537.36 (KHTML, like Gecko) Chrome/78.0.3904.108 Safari/537.36"
208.84.102.244 - - [16/Dec/2025:09:28:20 +0000] "POST //xmlrpc.php HTTP/1.1" 200 413 "-" "Mozilla/5.0 (Windows NT 10.0; Win64; x64) AppleWebKit/537.36 (KHTML, like Gecko) Chrome/78.0.3904.108 Safari/537.36"
208.84.102.244 - - [16/Dec/2025:09:28:20 +0000] "POST //xmlrpc.php HTTP/1.1" 200 413 "-" "Mozilla/5.0 (Windows NT 10.0; Win64; x64) AppleWebKit/537.36 (KHTML, like Gecko) Chrome/78.0.3904.108 Safari/537.36"
208.84.102.244 - - [16/Dec/2025:09:28:20 +0000] "POST //xmlrpc.php HTTP/1.1" 200 413 "-" "Mozilla/5.0 (Windows NT 10.0; Win64; x64) AppleWebKit/537.36 (KHTML, like Gecko) Chrome/78.0.3904.108 Safari/537.36"
208.84.102.244 - - [16/Dec/2025:09:28:21 +0000] "POST //xmlrpc.php HTTP/1.1" 200 413 "-" "Mozilla/5.0 (Windows NT 10.0; Win64; x64) AppleWebKit/537.36 (KHTML, like Gecko) Chrome/78.0.3904.108 Safari/537.36"
208.84.102.244 - - [16/Dec/2025:09:28:21 +0000] "POST //xmlrpc.php HTTP/1.1" 200 413 "-" "Mozilla/5.0 (Windows NT 10.0; Win64; x64) AppleWebKit/537.36 (KHTML, like Gecko) Chrome/78.0.3904.108 Safari/537.36"
208.84.102.244 - - [16/Dec/2025:09:28:21 +0000] "POST //xmlrpc.php HTTP/1.1" 200 413 "-" "Mozilla/5.0 (Windows NT 10.0; Win64; x64) AppleWebKit/537.36 (KHTML, like Gecko) Chrome/78.0.3904.108 Safari/537.36"
208.84.102.244 - - [16/Dec/2025:09:28:21 +0000] "POST //xmlrpc.php HTTP/1.1" 200 413 "-" "Mozilla/5.0 (Windows NT 10.0; Win64; x64) AppleWebKit/537.36 (KHTML, like Gecko) Chrome/78.0.3904.108 Safari/537.36"
208.84.102.244 - - [16/Dec/2025:09:28:21 +0000] "POST //xmlrpc.php HTTP/1.1" 200 413 "-" "Mozilla/5.0 (Windows NT 10.0; Win64; x64) AppleWebKit/537.36 (KHTML, like Gecko) Chrome/78.0.3904.108 Safari/537.36"
66.135.21.75 - - [16/Dec/2025:11:49:58 +0000] "POST /wp-cron.php?doing_wp_cron=1765885798.2219638824462890625000 HTTP/1.1" 200 31 "-" "WordPress/6.3.1; https://gsudice.dataconn.net"
66.135.21.75 - - [16/Dec/2025:11:49:58 +0000] "POST /wp-cron.php?doing_wp_cron=1765885798.2215299606323242187500 HTTP/1.1" 200 31 "-" "WordPress/6.3.1; https://gsudice.dataconn.net"
104.165.243.40 - - [16/Dec/2025:11:49:58 +0000] "GET /?page_id=608 HTTP/1.1" 200 21854 "-" "Mozilla/5.0 (Macintosh; Intel Mac OS X 10_15_7) AppleWebKit/537.36 (KHTML, like Gecko) Chrome/139.0.0.0 Safari/537.36"
52.12.146.153 - - [16/Dec/2025:11:49:58 +0000] "GET /?page_id=608 HTTP/1.1" 200 21854 "-" "Mozilla/5.0 (Windows NT 10.0; Win64; x64) AppleWebKit/537.36 (KHTML, like Gecko) Chrome/109.0.0.0 Safari/537.36"
66.135.21.75 - - [16/Dec/2025:11:49:58 +0000] "GET / HTTP/1.1" 200 115835 "-" "WordPress/6.3.1; https://gsudice.dataconn.net"
66.135.21.75 - - [16/Dec/2025:13:57:34 +0000] "POST /wp-cron.php?doing_wp_cron=1765893454.7759890556335449218750 HTTP/1.1" 200 31 "-" "WordPress/6.3.1; https://gsudice.dataconn.net"
52.167.144.159 - - [16/Dec/2025:13:57:35 +0000] "GET /?page_id=182 HTTP/1.1" 200 45375 "-" "Mozilla/5.0 AppleWebKit/537.36 (KHTML, like Gecko; compatible; bingbot/2.0; +http://www.bing.com/bingbot.htm) Chrome/116.0.1938.76 Safari/537.36"
66.135.21.75 - - [16/Dec/2025:14:55:35 +0000] "POST /wp-cron.php?doing_wp_cron=1765896935.6375849246978759765625 HTTP/1.1" 200 31 "-" "WordPress/6.3.1; https://gsudice.dataconn.net"
44.230.198.161 - - [16/Dec/2025:14:55:35 +0000] "GET / HTTP/1.1" 200 115835 "-" "Mozilla/5.0 (Windows NT 10.0; Win64; x64) AppleWebKit/537.36 (KHTML, like Gecko) Chrome/60.0.3112.113 Safari/537.36 Assetnote/1.0.0"
44.230.198.161 - - [16/Dec/2025:14:55:36 +0000] "HEAD /apps HTTP/1.1" 301 0 "-" "Mozilla/5.0 (Windows NT 10.0; Win64; x64) AppleWebKit/537.36 (KHTML, like Gecko) Chrome/60.0.3112.113 Safari/537.36 Assetnote/1.0.0"
44.230.198.161 - - [16/Dec/2025:14:55:36 +0000] "POST /apps HTTP/1.1" 200 115835 "-" "Mozilla/5.0 (Windows NT 10.0; Win64; x64) AppleWebKit/537.36 (KHTML, like Gecko) Chrome/60.0.3112.113 Safari/537.36 Assetnote/1.0.0"
66.135.21.75 - - [16/Dec/2025:14:56:28 +0000] "POST /wp-cron.php?doing_wp_cron=1765896988.6174468994140625000000 HTTP/1.1" 200 31 "-" "WordPress/6.3.1; https://gsudice.dataconn.net"
74.7.241.179 - - [16/Dec/2025:14:56:28 +0000] "GET /robots.txt HTTP/1.1" 301 5 "-" "Mozilla/5.0 (Macintosh; Intel Mac OS X 10_15_7) AppleWebKit/537.36 (KHTML, like Gecko) Chrome/131.0.0.0 Safari/537.36; compatible; OAI-SearchBot/1.3; robots.txt; +https://openai.com/searchbot"
74.7.241.179 - - [16/Dec/2025:14:56:28 +0000] "GET /robots.txt/ HTTP/1.1" 200 115835 "https://gsudice.dataconn.net/robots.txt" "Mozilla/5.0 (Macintosh; Intel Mac OS X 10_15_7) AppleWebKit/537.36 (KHTML, like Gecko) Chrome/131.0.0.0 Safari/537.36; compatible; OAI-SearchBot/1.3; robots.txt; +https://openai.com/searchbot"
66.135.21.75 - - [16/Dec/2025:15:25:01 +0000] "POST /wp-cron.php?doing_wp_cron=1765898701.6564190387725830078125 HTTP/1.1" 200 31 "-" "WordPress/6.3.1; https://gsudice.dataconn.net"
74.7.241.179 - - [16/Dec/2025:15:25:01 +0000] "GET /robots.txt HTTP/1.1" 301 5 "-" "Mozilla/5.0 (Macintosh; Intel Mac OS X 10_15_7) AppleWebKit/537.36 (KHTML, like Gecko) Chrome/131.0.0.0 Safari/537.36; compatible; OAI-SearchBot/1.3; robots.txt; +https://openai.com/searchbot"
74.7.241.179 - - [16/Dec/2025:15:25:02 +0000] "GET /robots.txt/ HTTP/1.1" 200 115835 "https://gsudice.dataconn.net/robots.txt" "Mozilla/5.0 (Macintosh; Intel Mac OS X 10_15_7) AppleWebKit/537.36 (KHTML, like Gecko) Chrome/131.0.0.0 Safari/537.36; compatible; OAI-SearchBot/1.3; robots.txt; +https://openai.com/searchbot"
66.135.21.75 - - [16/Dec/2025:15:30:28 +0000] "POST /wp-cron.php?doing_wp_cron=1765899028.1018819808959960937500 HTTP/1.1" 200 31 "-" "WordPress/6.3.1; https://gsudice.dataconn.net"
43.133.66.51 - - [16/Dec/2025:15:30:28 +0000] "GET / HTTP/1.1" 200 115835 "http://gsudice.dataconn.net" "Mozilla/5.0 (iPhone; CPU iPhone OS 13_2_3 like Mac OS X) AppleWebKit/605.1.15 (KHTML, like Gecko) Version/13.0.3 Mobile/15E148 Safari/604.1"
66.135.21.75 - - [16/Dec/2025:16:16:17 +0000] "POST /wp-cron.php?doing_wp_cron=1765901777.4859240055084228515625 HTTP/1.1" 200 31 "-" "WordPress/6.3.1; https://gsudice.dataconn.net"
74.7.241.179 - - [16/Dec/2025:16:16:17 +0000] "GET /robots.txt HTTP/1.1" 301 5 "-" "Mozilla/5.0 (Macintosh; Intel Mac OS X 10_15_7) AppleWebKit/537.36 (KHTML, like Gecko) Chrome/131.0.0.0 Safari/537.36; compatible; OAI-SearchBot/1.3; robots.txt; +https://openai.com/searchbot"
74.7.241.179 - - [16/Dec/2025:16:16:18 +0000] "GET /robots.txt/ HTTP/1.1" 200 115835 "https://gsudice.dataconn.net/robots.txt" "Mozilla/5.0 (Macintosh; Intel Mac OS X 10_15_7) AppleWebKit/537.36 (KHTML, like Gecko) Chrome/131.0.0.0 Safari/537.36; compatible; OAI-SearchBot/1.3; robots.txt; +https://openai.com/searchbot"
66.135.21.75 - - [16/Dec/2025:17:04:18 +0000] "POST /wp-cron.php?doing_wp_cron=1765904658.2449820041656494140625 HTTP/1.1" 200 31 "-" "WordPress/6.3.1; https://gsudice.dataconn.net"
114.119.135.253 - - [16/Dec/2025:17:04:18 +0000] "GET /?page_id=185 HTTP/1.1" 200 18119 "https://gsudice.dataconn.net/?page_id=122" "Mozilla/5.0 (Linux; Android 7.0;) AppleWebKit/537.36 (KHTML, like Gecko) Mobile Safari/537.36 (compatible; PetalBot;+https://webmaster.petalsearch.com/site/petalbot)"
66.135.21.75 - - [16/Dec/2025:17:05:09 +0000] "POST /wp-cron.php?doing_wp_cron=1765904709.6084780693054199218750 HTTP/1.1" 200 31 "-" "WordPress/6.3.1; https://gsudice.dataconn.net"
66.249.77.167 - - [16/Dec/2025:17:05:09 +0000] "GET /robots.txt HTTP/1.1" 301 5 "-" "Mozilla/5.0 (compatible; Googlebot/2.1; +http://www.google.com/bot.html)"
66.249.77.167 - - [16/Dec/2025:17:05:09 +0000] "GET /robots.txt/ HTTP/1.1" 200 115835 "-" "Mozilla/5.0 (compatible; Googlebot/2.1; +http://www.google.com/bot.html)"
66.249.77.168 - - [16/Dec/2025:17:05:10 +0000] "GET /?page_id=185 HTTP/1.1" 200 18119 "-" "Mozilla/5.0 (Linux; Android 6.0.1; Nexus 5X Build/MMB29P) AppleWebKit/537.36 (KHTML, like Gecko) Chrome/141.0.7390.122 Mobile Safari/537.36 (compatible; Googlebot/2.1; +http://www.google.com/bot.html)"
66.249.77.167 - - [16/Dec/2025:17:05:11 +0000] "GET /?page_id=608 HTTP/1.1" 200 21854 "-" "Mozilla/5.0 (Linux; Android 6.0.1; Nexus 5X Build/MMB29P) AppleWebKit/537.36 (KHTML, like Gecko) Chrome/141.0.7390.122 Mobile Safari/537.36 (compatible; Googlebot/2.1; +http://www.google.com/bot.html)"
66.249.77.167 - - [16/Dec/2025:17:05:11 +0000] "GET /?feed=rss2 HTTP/1.1" 200 1192 "-" "Mozilla/5.0 (Linux; Android 6.0.1; Nexus 5X Build/MMB29P) AppleWebKit/537.36 (KHTML, like Gecko) Chrome/141.0.7390.122 Mobile Safari/537.36 (compatible; Googlebot/2.1; +http://www.google.com/bot.html)"
66.135.21.75 - - [16/Dec/2025:17:28:38 +0000] "POST /wp-cron.php?doing_wp_cron=1765906118.5913109779357910156250 HTTP/1.1" 200 31 "-" "WordPress/6.3.1; https://gsudice.dataconn.net"
216.73.216.142 - - [16/Dec/2025:17:28:38 +0000] "GET /robots.txt HTTP/1.1" 301 5 "-" "Mozilla/5.0 AppleWebKit/537.36 (KHTML, like Gecko; compatible; ClaudeBot/1.0; +claudebot@anthropic.com)"
216.73.216.142 - - [16/Dec/2025:17:28:38 +0000] "GET /robots.txt/ HTTP/1.1" 200 115835 "https://gsudice.dataconn.net/robots.txt" "Mozilla/5.0 AppleWebKit/537.36 (KHTML, like Gecko; compatible; ClaudeBot/1.0; +claudebot@anthropic.com)"
216.73.216.142 - - [16/Dec/2025:17:28:39 +0000] "GET /www.linkedin.com/in/bayonle HTTP/1.1" 301 5 "-" "Mozilla/5.0 AppleWebKit/537.36 (KHTML, like Gecko; compatible; ClaudeBot/1.0; +claudebot@anthropic.com)"
216.73.216.142 - - [16/Dec/2025:17:28:39 +0000] "GET /www.linkedin.com/in/bayonle/ HTTP/1.1" 200 115835 "https://gsudice.dataconn.net/www.linkedin.com/in/bayonle" "Mozilla/5.0 AppleWebKit/537.36 (KHTML, like Gecko; compatible; ClaudeBot/1.0; +claudebot@anthropic.com)"
66.135.21.75 - - [16/Dec/2025:17:54:15 +0000] "POST /wp-cron.php?doing_wp_cron=1765907655.0995829105377197265625 HTTP/1.1" 200 31 "-" "WordPress/6.3.1; https://gsudice.dataconn.net"
114.130.156.254 - - [16/Dec/2025:17:54:15 +0000] "GET /?page_id=608 HTTP/1.1" 200 21854 "-" "Mozilla/5.0 (Windows NT 10.0; Win64; x64) AppleWebKit/537.36 (KHTML, like Gecko) Chrome/76.0.3790.0 Safari/537.36"
66.135.21.75 - - [16/Dec/2025:18:01:47 +0000] "POST /wp-cron.php?doing_wp_cron=1765908107.0055921077728271484375 HTTP/1.1" 200 31 "-" "WordPress/6.3.1; https://gsudice.dataconn.net"
41.116.66.61 - - [16/Dec/2025:18:01:47 +0000] "GET /?page_id=122 HTTP/1.1" 200 19523 "-" "Mozilla/5.0 (Windows NT 10.0; Win64; x64) AppleWebKit/537.36 (KHTML, like Gecko) Brave Chrome/77.0.3865.90 Safari/537.36"
66.135.21.75 - - [16/Dec/2025:19:14:12 +0000] "POST /wp-cron.php?doing_wp_cron=1765912452.5679879188537597656250 HTTP/1.1" 200 31 "-" "WordPress/6.3.1; https://gsudice.dataconn.net"
110.249.202.82 - - [16/Dec/2025:19:14:12 +0000] "GET /robots.txt HTTP/1.1" 301 5 "-" "Mozilla/5.0 (Linux; Android 5.0) AppleWebKit/537.36 (KHTML, like Gecko) Mobile Safari/537.36 (compatible; Bytespider; https://zhanzhang.toutiao.com/)"
110.249.202.74 - - [16/Dec/2025:19:14:14 +0000] "GET /robots.txt/ HTTP/1.1" 200 115835 "-" "Mozilla/5.0 (Linux; Android 5.0) AppleWebKit/537.36 (KHTML, like Gecko) Mobile Safari/537.36 (compatible; Bytespider; https://zhanzhang.toutiao.com/)"
66.135.21.75 - - [16/Dec/2025:19:22:01 +0000] "POST /wp-cron.php?doing_wp_cron=1765912921.1457180976867675781250 HTTP/1.1" 200 31 "-" "WordPress/6.3.1; https://gsudice.dataconn.net"
114.119.147.166 - - [16/Dec/2025:19:22:01 +0000] "GET /robots.txt HTTP/1.1" 301 5 "-" "Mozilla/5.0 (compatible;PetalBot;+https://webmaster.petalsearch.com/site/petalbot)"
114.119.147.166 - - [16/Dec/2025:19:22:02 +0000] "GET /robots.txt/ HTTP/1.1" 200 115835 "-" "Mozilla/5.0 (compatible;PetalBot;+https://webmaster.petalsearch.com/site/petalbot)"
66.135.21.75 - - [16/Dec/2025:19:36:38 +0000] "POST /wp-cron.php?doing_wp_cron=1765913798.5457379817962646484375 HTTP/1.1" 200 31 "-" "WordPress/6.3.1; https://gsudice.dataconn.net"
15.223.56.103 - - [16/Dec/2025:19:36:38 +0000] "GET / HTTP/1.1" 200 115835 "-" "Mozilla/5.0 (Windows NT 10.0; Win64; x64) AppleWebKit/537.36 (KHTML, like Gecko) Chrome/60.0.3112.113 Safari/537.36 Assetnote/1.0.0"
15.223.56.103 - - [16/Dec/2025:19:36:38 +0000] "HEAD /apps HTTP/1.1" 301 0 "-" "Mozilla/5.0 (Windows NT 10.0; Win64; x64) AppleWebKit/537.36 (KHTML, like Gecko) Chrome/60.0.3112.113 Safari/537.36 Assetnote/1.0.0"
15.223.56.103 - - [16/Dec/2025:19:36:38 +0000] "POST /apps HTTP/1.1" 200 115835 "-" "Mozilla/5.0 (Windows NT 10.0; Win64; x64) AppleWebKit/537.36 (KHTML, like Gecko) Chrome/60.0.3112.113 Safari/537.36 Assetnote/1.0.0"
66.135.21.75 - - [16/Dec/2025:20:42:04 +0000] "POST /wp-cron.php?doing_wp_cron=1765917724.3454461097717285156250 HTTP/1.1" 200 31 "-" "WordPress/6.3.1; https://gsudice.dataconn.net"
40.88.21.235 - - [16/Dec/2025:20:42:04 +0000] "GET / HTTP/1.1" 200 115835 "https://gsudice.dataconn.net/" "DuckDuckBot/1.1; (+http://duckduckgo.com/duckduckbot.html)"
99.101.71.174 - - [16/Dec/2025:20:42:10 +0000] "GET / HTTP/1.1" 200 115835 "https://duckduckgo.com/" "Mozilla/5.0 (iPhone; CPU iPhone OS 26_1 like Mac OS X) AppleWebKit/605.1.15 (KHTML, like Gecko) FxiOS/146.0 Mobile/15E148 Safari/604.1"
66.135.21.75 - - [16/Dec/2025:20:42:12 +0000] "POST /wp-cron.php?doing_wp_cron=1765917732.0953330993652343750000 HTTP/1.1" 200 31 "-" "WordPress/6.3.1; https://gsudice.dataconn.net"
99.101.71.174 - - [16/Dec/2025:20:42:12 +0000] "GET / HTTP/1.1" 200 115835 "-" "Mozilla/5.0 (Macintosh; Intel Mac OS X 10_11_1) AppleWebKit/601.2.4 (KHTML, like Gecko) Version/9.0.1 Safari/601.2.4 facebookexternalhit/1.1 Facebot Twitterbot/1.0"
99.101.71.174 - - [16/Dec/2025:20:42:13 +0000] "GET / HTTP/1.1" 200 115835 "-" "Mozilla/5.0 (Macintosh; Intel Mac OS X 10_15_7) AppleWebKit/605.1.15 (KHTML, like Gecko) Version/16.0 Safari/605.1.15"
99.101.71.174 - - [16/Dec/2025:20:42:14 +0000] "GET /?page_id=182 HTTP/1.1" 200 45375 "https://gsudice.dataconn.net/" "Mozilla/5.0 (iPhone; CPU iPhone OS 26_1 like Mac OS X) AppleWebKit/605.1.15 (KHTML, like Gecko) FxiOS/146.0 Mobile/15E148 Safari/604.1"
99.101.71.174 - - [16/Dec/2025:20:42:21 +0000] "GET /?page_id=182 HTTP/1.1" 200 45375 "-" "Mozilla/5.0 (Macintosh; Intel Mac OS X 10_11_1) AppleWebKit/601.2.4 (KHTML, like Gecko) Version/9.0.1 Safari/601.2.4 facebookexternalhit/1.1 Facebot Twitterbot/1.0"
66.135.21.75 - - [16/Dec/2025:21:03:26 +0000] "POST /wp-cron.php?doing_wp_cron=1765919005.8109099864959716796875 HTTP/1.1" 200 31 "-" "WordPress/6.3.1; https://gsudice.dataconn.net"
43.135.145.77 - - [16/Dec/2025:21:03:26 +0000] "GET / HTTP/1.1" 200 115835 "-" "Mozilla/5.0 (iPhone; CPU iPhone OS 13_2_3 like Mac OS X) AppleWebKit/605.1.15 (KHTML, like Gecko) Version/13.0.3 Mobile/15E148 Safari/604.1"
66.135.21.75 - - [16/Dec/2025:21:14:36 +0000] "POST /wp-cron.php?doing_wp_cron=1765919676.5050880908966064453125 HTTP/1.1" 200 31 "-" "WordPress/6.3.1; https://gsudice.dataconn.net"
74.7.228.47 - - [16/Dec/2025:21:14:36 +0000] "GET /robots.txt HTTP/1.1" 301 5 "-" "Mozilla/5.0 (Macintosh; Intel Mac OS X 10_15_7) AppleWebKit/537.36 (KHTML, like Gecko) Chrome/131.0.0.0 Safari/537.36; compatible; OAI-SearchBot/1.3; robots.txt; +https://openai.com/searchbot"
74.7.228.47 - - [16/Dec/2025:21:14:37 +0000] "GET /robots.txt/ HTTP/1.1" 200 115835 "https://gsudice.dataconn.net/robots.txt" "Mozilla/5.0 (Macintosh; Intel Mac OS X 10_15_7) AppleWebKit/537.36 (KHTML, like Gecko) Chrome/131.0.0.0 Safari/537.36; compatible; OAI-SearchBot/1.3; robots.txt; +https://openai.com/searchbot"
66.135.21.75 - - [16/Dec/2025:21:17:39 +0000] "POST /wp-cron.php?doing_wp_cron=1765919859.6213929653167724609375 HTTP/1.1" 200 31 "-" "WordPress/6.3.1; https://gsudice.dataconn.net"
129.226.174.80 - - [16/Dec/2025:21:17:39 +0000] "GET / HTTP/1.1" 200 115835 "-" "Mozilla/5.0 (iPhone; CPU iPhone OS 13_2_3 like Mac OS X) AppleWebKit/605.1.15 (KHTML, like Gecko) Version/13.0.3 Mobile/15E148 Safari/604.1"
66.135.21.75 - - [16/Dec/2025:22:15:11 +0000] "POST /wp-cron.php?doing_wp_cron=1765923311.8149349689483642578125 HTTP/1.1" 200 31 "-" "WordPress/6.3.1; https://gsudice.dataconn.net"
154.161.231.31 - - [16/Dec/2025:22:15:12 +0000] "GET / HTTP/1.1" 200 115835 "https://geosciences.gsu.edu/" "Mozilla/5.0 (Windows NT 10.0; Win64; x64) AppleWebKit/537.36 (KHTML, like Gecko) Chrome/143.0.0.0 Safari/537.36"
66.135.21.75 - - [16/Dec/2025:22:15:12 +0000] "POST /wp-cron.php HTTP/1.1" 200 31 "-" "WordPress/6.3.1; https://gsudice.dataconn.net"
66.135.21.75 - - [16/Dec/2025:22:15:12 +0000] "GET / HTTP/1.1" 200 115835 "-" "WordPress/6.3.1; https://gsudice.dataconn.net"
66.135.21.75 - - [16/Dec/2025:22:15:12 +0000] "GET / HTTP/1.1" 200 115835 "-" "WordPress/6.3.1; https://gsudice.dataconn.net"
66.135.21.75 - - [16/Dec/2025:22:15:12 +0000] "GET / HTTP/1.1" 200 115835 "-" "WordPress/6.3.1; https://gsudice.dataconn.net"
66.135.21.75 - - [16/Dec/2025:22:15:13 +0000] "GET / HTTP/1.1" 200 115835 "-" "WordPress/6.3.1; https://gsudice.dataconn.net"
66.135.21.75 - - [16/Dec/2025:22:15:13 +0000] "GET / HTTP/1.1" 200 115835 "-" "WordPress/6.3.1; https://gsudice.dataconn.net"
66.135.21.75 - - [16/Dec/2025:22:16:36 +0000] "POST /wp-cron.php?doing_wp_cron=1765923396.4325690269470214843750 HTTP/1.1" 200 31 "-" "WordPress/6.3.1; https://gsudice.dataconn.net"
74.7.228.47 - - [16/Dec/2025:22:16:36 +0000] "GET /robots.txt HTTP/1.1" 301 5 "-" "Mozilla/5.0 (Macintosh; Intel Mac OS X 10_15_7) AppleWebKit/537.36 (KHTML, like Gecko) Chrome/131.0.0.0 Safari/537.36; compatible; OAI-SearchBot/1.3; robots.txt; +https://openai.com/searchbot"
74.7.228.47 - - [16/Dec/2025:22:16:36 +0000] "GET /robots.txt/ HTTP/1.1" 200 115835 "https://gsudice.dataconn.net/robots.txt" "Mozilla/5.0 (Macintosh; Intel Mac OS X 10_15_7) AppleWebKit/537.36 (KHTML, like Gecko) Chrome/131.0.0.0 Safari/537.36; compatible; OAI-SearchBot/1.3; robots.txt; +https://openai.com/searchbot"