52.230.92.201 - - [17/Dec/2025:06:38:31 +0000] "GET /stage/crm/phpinfo.php HTTP/1.1" 404 564 "https://www.google.de/" "Mozilla/5.0 (Linux; Android 12; SM-A525F) AppleWebKit/537.36 (KHTML, like Gecko) Chrome/117.0.0.0 Mobile Safari/537.36"
52.230.92.201 - - [17/Dec/2025:06:38:31 +0000] "GET /wp-content/themes/file.php HTTP/1.1" 301 178 "https://www.google.co.uk/" "Mozilla/5.0 (iPhone; CPU iPhone OS 16_0 like Mac OS X) AppleWebKit/605.1.15 (KHTML, like Gecko) FxiOS/118.0 Mobile/15E148 Safari/605.1.15"
52.230.92.201 - - [17/Dec/2025:06:38:31 +0000] "GET /wp-content/themes/file.php HTTP/1.1" 404 162 "https://www.google.co.uk/" "Mozilla/5.0 (iPhone; CPU iPhone OS 16_0 like Mac OS X) AppleWebKit/605.1.15 (KHTML, like Gecko) FxiOS/118.0 Mobile/15E148 Safari/605.1.15"
52.230.92.201 - - [17/Dec/2025:06:38:32 +0000] "GET /wp-includes/PHPMailer/wp-login.php HTTP/1.1" 301 178 "https://www.google.com/" "Mozilla/5.0 (Linux; Android 10; LM-Q720) AppleWebKit/537.36 (KHTML, like Gecko) Chrome/116.0.0.0 Mobile Safari/537.36"
52.230.92.201 - - [17/Dec/2025:06:38:32 +0000] "GET /wp-includes/PHPMailer/wp-login.php HTTP/1.1" 404 564 "https://www.google.com/" "Mozilla/5.0 (Linux; Android 10; LM-Q720) AppleWebKit/537.36 (KHTML, like Gecko) Chrome/116.0.0.0 Mobile Safari/537.36"
52.230.92.201 - - [17/Dec/2025:06:38:32 +0000] "GET /wp-includes/Requests/Auth/images.php HTTP/1.1" 301 178 "https://www.google.fr/" "Mozilla/5.0 (Linux; Android 11; 21081111RG) AppleWebKit/537.36 (KHTML, like Gecko) Chrome/116.0.0.0 Mobile Safari/537.36"
52.230.92.201 - - [17/Dec/2025:06:38:32 +0000] "GET /wp-includes/Requests/Auth/images.php HTTP/1.1" 404 564 "https://www.google.fr/" "Mozilla/5.0 (Linux; Android 11; 21081111RG) AppleWebKit/537.36 (KHTML, like Gecko) Chrome/116.0.0.0 Mobile Safari/537.36"
52.230.92.201 - - [17/Dec/2025:06:38:33 +0000] "GET /ee.php HTTP/1.1" 301 178 "https://www.google.de/" "Mozilla/5.0 (Linux; Android 11; CPH2251) AppleWebKit/537.36 (KHTML, like Gecko) Chrome/116.0.0.0 Mobile Safari/537.36"
52.230.92.201 - - [17/Dec/2025:06:38:33 +0000] "GET /ee.php HTTP/1.1" 404 564 "https://www.google.de/" "Mozilla/5.0 (Linux; Android 11; CPH2251) AppleWebKit/537.36 (KHTML, like Gecko) Chrome/116.0.0.0 Mobile Safari/537.36"
52.230.92.201 - - [17/Dec/2025:06:38:33 +0000] "GET /index.php/Freely_Psychic_Studying_On_The_Internet. HTTP/1.1" 301 178 "https://www.google.fr/" "Mozilla/5.0 (Linux; Android 13; SM-S908E) AppleWebKit/537.36 (KHTML, like Gecko) Chrome/116.0.0.0 Mobile Safari/537.36"
52.230.92.201 - - [17/Dec/2025:06:38:34 +0000] "GET /index.php/Freely_Psychic_Studying_On_The_Internet. HTTP/1.1" 404 564 "https://www.google.fr/" "Mozilla/5.0 (Linux; Android 13; SM-S908E) AppleWebKit/537.36 (KHTML, like Gecko) Chrome/116.0.0.0 Mobile Safari/537.36"
52.230.92.201 - - [17/Dec/2025:06:38:34 +0000] "GET /apis/help/phpinfo.php HTTP/1.1" 301 178 "https://www.google.de/" "Mozilla/5.0 (iPad; CPU OS 17_0_3 like Mac OS X) AppleWebKit/605.1.15 (KHTML, like Gecko) Version/17.0.1 Mobile/15E148 Safari/604.1"
52.230.92.201 - - [17/Dec/2025:06:38:34 +0000] "GET /apis/help/phpinfo.php HTTP/1.1" 404 162 "https://www.google.de/" "Mozilla/5.0 (iPad; CPU OS 17_0_3 like Mac OS X) AppleWebKit/605.1.15 (KHTML, like Gecko) Version/17.0.1 Mobile/15E148 Safari/604.1"
52.230.92.201 - - [17/Dec/2025:06:38:34 +0000] "GET /thesmartestx.php HTTP/1.1" 301 178 "https://www.google.com/" "Mozilla/5.0 (iPhone; CPU iPhone OS 16_6_1 like Mac OS X) AppleWebKit/605.1.15 (KHTML, like Gecko) Version/16.6 Mobile/15E148 Safari/604.1"
52.230.92.201 - - [17/Dec/2025:06:38:34 +0000] "GET /thesmartestx.php HTTP/1.1" 404 162 "https://www.google.com/" "Mozilla/5.0 (iPhone; CPU iPhone OS 16_6_1 like Mac OS X) AppleWebKit/605.1.15 (KHTML, like Gecko) Version/16.6 Mobile/15E148 Safari/604.1"
52.230.92.201 - - [17/Dec/2025:06:38:35 +0000] "GET /wp-admin/includes/about.php HTTP/1.1" 301 178 "https://www.google.fr/" "Mozilla/5.0 (iPhone; CPU iPhone OS 15_7_9 like Mac OS X) AppleWebKit/605.1.15 (KHTML, like Gecko) Version/15.6.5 Mobile/15E148 Safari/604.1"
52.230.92.201 - - [17/Dec/2025:06:38:35 +0000] "GET /wp-admin/includes/about.php HTTP/1.1" 404 162 "https://www.google.fr/" "Mozilla/5.0 (iPhone; CPU iPhone OS 15_7_9 like Mac OS X) AppleWebKit/605.1.15 (KHTML, like Gecko) Version/15.6.5 Mobile/15E148 Safari/604.1"
52.230.92.201 - - [17/Dec/2025:06:38:35 +0000] "GET /pdf.php HTTP/1.1" 301 178 "https://www.google.fr/" "Mozilla/5.0 (iPhone; CPU iPhone OS 17_0_3 like Mac OS X) AppleWebKit/605.1.15 (KHTML, like Gecko) Version/17.0.1 Mobile/15E148 Safari/604.1"
52.230.92.201 - - [17/Dec/2025:06:38:35 +0000] "GET /pdf.php HTTP/1.1" 404 162 "https://www.google.fr/" "Mozilla/5.0 (iPhone; CPU iPhone OS 17_0_3 like Mac OS X) AppleWebKit/605.1.15 (KHTML, like Gecko) Version/17.0.1 Mobile/15E148 Safari/604.1"
52.230.92.201 - - [17/Dec/2025:06:38:36 +0000] "GET /qinfofuns.php HTTP/1.1" 301 178 "https://duckduckgo.com/" "Mozilla/5.0 (Linux; Android 10; K) AppleWebKit/537.36 (KHTML, like Gecko) Chrome/117.0.0.0 Mobile Safari/537.36"
52.230.92.201 - - [17/Dec/2025:06:38:36 +0000] "GET /qinfofuns.php HTTP/1.1" 404 564 "https://duckduckgo.com/" "Mozilla/5.0 (Linux; Android 10; K) AppleWebKit/537.36 (KHTML, like Gecko) Chrome/117.0.0.0 Mobile Safari/537.36"
52.230.92.201 - - [17/Dec/2025:06:38:36 +0000] "GET /.well-known/pki-validation/xmrlpc.php HTTP/1.1" 301 178 "https://duckduckgo.com/" "Mozilla/5.0 (iPhone; CPU iPhone OS 17_0_3 like Mac OS X) AppleWebKit/605.1.15 (KHTML, like Gecko) Version/17.0.1 Mobile/15E148 Safari/604.1"
52.230.92.201 - - [17/Dec/2025:06:38:36 +0000] "GET /.well-known/pki-validation/xmrlpc.php HTTP/1.1" 404 162 "https://duckduckgo.com/" "Mozilla/5.0 (iPhone; CPU iPhone OS 17_0_3 like Mac OS X) AppleWebKit/605.1.15 (KHTML, like Gecko) Version/17.0.1 Mobile/15E148 Safari/604.1"
52.230.92.201 - - [17/Dec/2025:06:38:37 +0000] "GET /ckeditor/kcfinder/upload.php/log HTTP/1.1" 301 178 "https://www.bing.com/" "Mozilla/5.0 (Linux; Android 14; Pixel 8 Pro) AppleWebKit/537.36 (KHTML, like Gecko) Chrome/119.0.0.0 Mobile Safari/537.36"
52.230.92.201 - - [17/Dec/2025:06:38:37 +0000] "GET /ckeditor/kcfinder/upload.php/log HTTP/1.1" 404 564 "https://www.bing.com/" "Mozilla/5.0 (Linux; Android 14; Pixel 8 Pro) AppleWebKit/537.36 (KHTML, like Gecko) Chrome/119.0.0.0 Mobile Safari/537.36"
52.230.92.201 - - [17/Dec/2025:06:38:37 +0000] "GET /admin/crm/phpinfo.php HTTP/1.1" 301 178 "https://www.bing.com/" "Mozilla/5.0 (Linux; Android 12; 2201116SG) AppleWebKit/537.36 (KHTML, like Gecko) Chrome/116.0.0.0 Mobile Safari/537.36"
52.230.92.201 - - [17/Dec/2025:06:38:37 +0000] "GET /admin/crm/phpinfo.php HTTP/1.1" 404 564 "https://www.bing.com/" "Mozilla/5.0 (Linux; Android 12; 2201116SG) AppleWebKit/537.36 (KHTML, like Gecko) Chrome/116.0.0.0 Mobile Safari/537.36"
52.230.92.201 - - [17/Dec/2025:06:38:37 +0000] "GET /acct/phpinfo.php HTTP/1.1" 301 178 "https://www.google.com/" "Mozilla/5.0 (iPhone; CPU iPhone OS 17_1_1 like Mac OS X) AppleWebKit/605.1.15 (KHTML, like Gecko) Version/17.1 Mobile/15E148 Safari/604.1"
52.230.92.201 - - [17/Dec/2025:06:38:38 +0000] "GET /acct/phpinfo.php HTTP/1.1" 404 162 "https://www.google.com/" "Mozilla/5.0 (iPhone; CPU iPhone OS 17_1_1 like Mac OS X) AppleWebKit/605.1.15 (KHTML, like Gecko) Version/17.1 Mobile/15E148 Safari/604.1"
52.230.92.201 - - [17/Dec/2025:06:38:38 +0000] "GET /wordpress/wp-includes/wp-post.php HTTP/1.1" 301 178 "https://www.google.co.uk/" "Mozilla/5.0 (Linux; Android 11; CPH2251) AppleWebKit/537.36 (KHTML, like Gecko) Chrome/116.0.0.0 Mobile Safari/537.36"
52.230.92.201 - - [17/Dec/2025:06:38:38 +0000] "GET /wordpress/wp-includes/wp-post.php HTTP/1.1" 404 564 "https://www.google.co.uk/" "Mozilla/5.0 (Linux; Android 11; CPH2251) AppleWebKit/537.36 (KHTML, like Gecko) Chrome/116.0.0.0 Mobile Safari/537.36"
52.230.92.201 - - [17/Dec/2025:06:38:38 +0000] "GET /wp-includes/sodium_compat/index.php HTTP/1.1" 301 178 "https://www.bing.com/" "Mozilla/5.0 (Linux; Android 13; M2101K6G) AppleWebKit/537.36 (KHTML, like Gecko) Chrome/116.0.0.0 Mobile Safari/537.36"
52.230.92.201 - - [17/Dec/2025:06:38:39 +0000] "GET /wp-includes/sodium_compat/index.php HTTP/1.1" 404 564 "https://www.bing.com/" "Mozilla/5.0 (Linux; Android 13; M2101K6G) AppleWebKit/537.36 (KHTML, like Gecko) Chrome/116.0.0.0 Mobile Safari/537.36"
52.230.92.201 - - [17/Dec/2025:06:38:39 +0000] "GET /wp-content/themes/index.php HTTP/1.1" 301 178 "https://www.yahoo.com/" "Mozilla/5.0 (Linux; Android 11; 21081111RG) AppleWebKit/537.36 (KHTML, like Gecko) Chrome/116.0.0.0 Mobile Safari/537.36"
52.230.92.201 - - [17/Dec/2025:06:38:39 +0000] "GET /wp-content/themes/index.php HTTP/1.1" 404 564 "https://www.yahoo.com/" "Mozilla/5.0 (Linux; Android 11; 21081111RG) AppleWebKit/537.36 (KHTML, like Gecko) Chrome/116.0.0.0 Mobile Safari/537.36"
52.230.92.201 - - [17/Dec/2025:06:38:39 +0000] "GET /bot/info.php HTTP/1.1" 301 178 "https://www.google.co.uk/" "Mozilla/5.0 (Linux; Android 12; 2201116SG) AppleWebKit/537.36 (KHTML, like Gecko) Chrome/116.0.0.0 Mobile Safari/537.36"
52.230.92.201 - - [17/Dec/2025:06:38:40 +0000] "GET /bot/info.php HTTP/1.1" 404 564 "https://www.google.co.uk/" "Mozilla/5.0 (Linux; Android 12; 2201116SG) AppleWebKit/537.36 (KHTML, like Gecko) Chrome/116.0.0.0 Mobile Safari/537.36"
52.230.92.201 - - [17/Dec/2025:06:38:40 +0000] "GET /apis/api/info.php HTTP/1.1" 301 178 "https://www.google.fr/" "Mozilla/5.g (Linux; Android 13; Pixel 7) AppleWebKit/537.36 (KHTML, like Gecko) Chrome/116.0.0.0 Mobile Safari/537.36"
52.230.92.201 - - [17/Dec/2025:06:38:40 +0000] "GET /apis/api/info.php HTTP/1.1" 404 564 "https://www.google.fr/" "Mozilla/5.g (Linux; Android 13; Pixel 7) AppleWebKit/537.36 (KHTML, like Gecko) Chrome/116.0.0.0 Mobile Safari/537.36"
52.230.92.201 - - [17/Dec/2025:06:38:41 +0000] "GET /market/info.php HTTP/1.1" 301 178 "https://www.bing.com/" "Mozilla/5.0 (Linux; Android 10; K) AppleWebKit/537.36 (KHTML, like Gecko) Chrome/117.0.0.0 Mobile Safari/537.36"
52.230.92.201 - - [17/Dec/2025:06:38:41 +0000] "GET /market/info.php HTTP/1.1" 404 564 "https://www.bing.com/" "Mozilla/5.0 (Linux; Android 10; K) AppleWebKit/537.36 (KHTML, like Gecko) Chrome/117.0.0.0 Mobile Safari/537.36"
52.230.92.201 - - [17/Dec/2025:06:38:41 +0000] "GET /index.php/User:RufusEpps251611 HTTP/1.1" 301 178 "https://www.google.com/" "Mozilla/5.0 (Linux; Android 12; SM-A525F) AppleWebKit/537.36 (KHTML, like Gecko) Chrome/117.0.0.0 Mobile Safari/537.36"
52.230.92.201 - - [17/Dec/2025:06:38:42 +0000] "GET /index.php/User:RufusEpps251611 HTTP/1.1" 404 564 "https://www.google.com/" "Mozilla/5.0 (Linux; Android 12; SM-A525F) AppleWebKit/537.36 (KHTML, like Gecko) Chrome/117.0.0.0 Mobile Safari/537.36"
52.230.92.201 - - [17/Dec/2025:06:38:42 +0000] "GET /marketing/helper/phpinfo.php HTTP/1.1" 301 178 "https://www.google.de/" "Mozilla/5.0 (Linux; Android 13; SM-G991U) AppleWebKit/537.36 (KHTML, like Gecko) Chrome/117.0.0.0 Mobile Safari/537.36"
52.230.92.201 - - [17/Dec/2025:06:38:42 +0000] "GET /marketing/helper/phpinfo.php HTTP/1.1" 404 564 "https://www.google.de/" "Mozilla/5.0 (Linux; Android 13; SM-G991U) AppleWebKit/537.36 (KHTML, like Gecko) Chrome/117.0.0.0 Mobile Safari/537.36"
52.230.92.201 - - [17/Dec/2025:06:38:42 +0000] "GET /var/www/protected/config/database.php HTTP/1.1" 301 178 "https://www.google.co.uk/" "Mozilla/5.0 (iPad; CPU OS 16_7_2 like Mac OS X) AppleWebKit/605.1.15 (KHTML, like Gecko) Version/16.6 Mobile/15E148 Safari/604.1"
52.230.92.201 - - [17/Dec/2025:06:38:42 +0000] "GET /var/www/protected/config/database.php HTTP/1.1" 404 162 "https://www.google.co.uk/" "Mozilla/5.0 (iPad; CPU OS 16_7_2 like Mac OS X) AppleWebKit/605.1.15 (KHTML, like Gecko) Version/16.6 Mobile/15E148 Safari/604.1"
52.230.92.201 - - [17/Dec/2025:06:38:43 +0000] "GET /adminpanel/phpinfo.php HTTP/1.1" 301 178 "https://www.bing.com/" "Mozilla/5.0 (iPad; CPU OS 16_7_2 like Mac OS X) AppleWebKit/605.1.15 (KHTML, like Gecko) Version/16.6 Mobile/15E148 Safari/604.1"
52.230.92.201 - - [17/Dec/2025:06:38:43 +0000] "GET /adminpanel/phpinfo.php HTTP/1.1" 404 162 "https://www.bing.com/" "Mozilla/5.0 (iPad; CPU OS 16_7_2 like Mac OS X) AppleWebKit/605.1.15 (KHTML, like Gecko) Version/16.6 Mobile/15E148 Safari/604.1"
52.230.92.201 - - [17/Dec/2025:06:38:43 +0000] "GET /assets/images/admin.php HTTP/1.1" 301 178 "https://www.google.com/" "Mozilla/5.0 (Linux; Android 13; M2101K6G) AppleWebKit/537.36 (KHTML, like Gecko) Chrome/116.0.0.0 Mobile Safari/537.36"
52.230.92.201 - - [17/Dec/2025:06:38:44 +0000] "GET /assets/images/admin.php HTTP/1.1" 404 564 "https://www.google.com/" "Mozilla/5.0 (Linux; Android 13; M2101K6G) AppleWebKit/537.36 (KHTML, like Gecko) Chrome/116.0.0.0 Mobile Safari/537.36"
52.230.92.201 - - [17/Dec/2025:06:38:44 +0000] "GET /index.php/Ways_That_You_Simply_Can_Help_Out_Charity_Shopping HTTP/1.1" 301 178 "https://www.google.fr/" "Mozilla/5.0 (iPhone; CPU iPhone OS 17_1_1 like Mac OS X) AppleWebKit/605.1.15 (KHTML, like Gecko) Version/17.1 Mobile/15E148 Safari/604.1"
52.230.92.201 - - [17/Dec/2025:06:38:44 +0000] "GET /index.php/Ways_That_You_Simply_Can_Help_Out_Charity_Shopping HTTP/1.1" 404 162 "https://www.google.fr/" "Mozilla/5.0 (iPhone; CPU iPhone OS 17_1_1 like Mac OS X) AppleWebKit/605.1.15 (KHTML, like Gecko) Version/17.1 Mobile/15E148 Safari/604.1"
52.230.92.201 - - [17/Dec/2025:06:38:44 +0000] "GET /index.php/User:SungCollazo42 HTTP/1.1" 301 178 "https://www.google.com/" "Mozilla/5.0 (iPad; CPU OS 17_0_3 like Mac OS X) AppleWebKit/605.1.15 (KHTML, like Gecko) Version/17.0.1 Mobile/15E148 Safari/604.1"
52.230.92.201 - - [17/Dec/2025:06:38:45 +0000] "GET /index.php/User:SungCollazo42 HTTP/1.1" 404 162 "https://www.google.com/" "Mozilla/5.0 (iPad; CPU OS 17_0_3 like Mac OS X) AppleWebKit/605.1.15 (KHTML, like Gecko) Version/17.0.1 Mobile/15E148 Safari/604.1"
52.230.92.201 - - [17/Dec/2025:06:38:45 +0000] "GET /gxurwGYPKWI.php HTTP/1.1" 301 178 "https://www.bing.com/" "Mozilla/5.0 (Linux; Android 10; K) AppleWebKit/537.36 (KHTML, like Gecko) Chrome/117.0.0.0 Mobile Safari/537.36"
52.230.92.201 - - [17/Dec/2025:06:38:45 +0000] "GET /gxurwGYPKWI.php HTTP/1.1" 404 564 "https://www.bing.com/" "Mozilla/5.0 (Linux; Android 10; K) AppleWebKit/537.36 (KHTML, like Gecko) Chrome/117.0.0.0 Mobile Safari/537.36"
52.230.92.201 - - [17/Dec/2025:06:38:45 +0000] "GET /Requests/Response/siteindex.php HTTP/1.1" 301 178 "https://duckduckgo.com/" "Mozilla/5.0 (Linux; Android 12; 2201116SG) AppleWebKit/537.36 (KHTML, like Gecko) Chrome/116.0.0.0 Mobile Safari/537.36"
52.230.92.201 - - [17/Dec/2025:06:38:46 +0000] "GET /Requests/Response/siteindex.php HTTP/1.1" 404 564 "https://duckduckgo.com/" "Mozilla/5.0 (Linux; Android 12; 2201116SG) AppleWebKit/537.36 (KHTML, like Gecko) Chrome/116.0.0.0 Mobile Safari/537.36"
52.230.92.201 - - [17/Dec/2025:06:38:46 +0000] "GET /index.php/Review_Of_Fear_Me_-_A_Vampire_Novel_Of_Horror HTTP/1.1" 301 178 "https://www.yahoo.com/" "Mozilla/5.0 (iPhone; CPU iPhone OS 16_0 like Mac OS X) AppleWebKit/605.1.15 (KHTML, like Gecko) FxiOS/118.0 Mobile/15E148 Safari/605.1.15"
52.230.92.201 - - [17/Dec/2025:06:38:46 +0000] "GET /index.php/Review_Of_Fear_Me_-_A_Vampire_Novel_Of_Horror HTTP/1.1" 404 162 "https://www.yahoo.com/" "Mozilla/5.0 (iPhone; CPU iPhone OS 16_0 like Mac OS X) AppleWebKit/605.1.15 (KHTML, like Gecko) FxiOS/118.0 Mobile/15E148 Safari/605.1.15"
52.230.92.201 - - [17/Dec/2025:06:38:46 +0000] "GET /o7LSW.php HTTP/1.1" 301 178 "https://www.bing.com/" "Mozilla/5.0 (Linux; Android 12; V2134) AppleWebKit/537.36 (KHTML, like Gecko) Chrome/116.0.0.0 Mobile Safari/537.36"
52.230.92.201 - - [17/Dec/2025:06:38:47 +0000] "GET /o7LSW.php HTTP/1.1" 404 564 "https://www.bing.com/" "Mozilla/5.0 (Linux; Android 12; V2134) AppleWebKit/537.36 (KHTML, like Gecko) Chrome/116.0.0.0 Mobile Safari/537.36"
52.230.92.201 - - [17/Dec/2025:06:38:47 +0000] "GET /assets/images/ups.php HTTP/1.1" 301 178 "https://www.yahoo.com/" "Mozilla/5.0 (iPhone; CPU iPhone OS 17_1 like Mac OS X) AppleWebKit/605.1.15 (KHTML, like Gecko) CriOS/119.0.6045.109 Mobile/15E148 Safari/604.1"
52.230.92.201 - - [17/Dec/2025:06:38:47 +0000] "GET /assets/images/ups.php HTTP/1.1" 404 162 "https://www.yahoo.com/" "Mozilla/5.0 (iPhone; CPU iPhone OS 17_1 like Mac OS X) AppleWebKit/605.1.15 (KHTML, like Gecko) CriOS/119.0.6045.109 Mobile/15E148 Safari/604.1"
52.230.92.201 - - [17/Dec/2025:06:38:48 +0000] "GET /live/infos.php HTTP/1.1" 301 178 "https://duckduckgo.com/" "Mozilla/5.0 (iPhone; CPU iPhone OS 17_1 like Mac OS X) AppleWebKit/605.1.15 (KHTML, like Gecko) CriOS/119.0.6045.109 Mobile/15E148 Safari/604.1"
52.230.92.201 - - [17/Dec/2025:06:38:48 +0000] "GET /live/infos.php HTTP/1.1" 404 162 "https://duckduckgo.com/" "Mozilla/5.0 (iPhone; CPU iPhone OS 17_1 like Mac OS X) AppleWebKit/605.1.15 (KHTML, like Gecko) CriOS/119.0.6045.109 Mobile/15E148 Safari/604.1"
52.230.92.201 - - [17/Dec/2025:06:38:48 +0000] "GET /backup/develop/info.php HTTP/1.1" 301 178 "https://www.google.com/" "Mozilla/5.0 (Linux; Android 11; 21081111RG) AppleWebKit/537.36 (KHTML, like Gecko) Chrome/116.0.0.0 Mobile Safari/537.36"
52.230.92.201 - - [17/Dec/2025:06:38:49 +0000] "GET /backup/develop/info.php HTTP/1.1" 404 564 "https://www.google.com/" "Mozilla/5.0 (Linux; Android 11; 21081111RG) AppleWebKit/537.36 (KHTML, like Gecko) Chrome/116.0.0.0 Mobile Safari/537.36"
52.230.92.201 - - [17/Dec/2025:06:38:49 +0000] "GET /service/develop/info.php HTTP/1.1" 301 178 "https://www.google.fr/" "Mozilla/5.0 (iPad; CPU OS 16_7_2 like Mac OS X) AppleWebKit/605.1.15 (KHTML, like Gecko) Version/16.6 Mobile/15E148 Safari/604.1"
52.230.92.201 - - [17/Dec/2025:06:38:49 +0000] "GET /service/develop/info.php HTTP/1.1" 404 162 "https://www.google.fr/" "Mozilla/5.0 (iPad; CPU OS 16_7_2 like Mac OS X) AppleWebKit/605.1.15 (KHTML, like Gecko) Version/16.6 Mobile/15E148 Safari/604.1"
52.230.92.201 - - [17/Dec/2025:06:38:49 +0000] "GET /wp-admin/images/sidebarh.php HTTP/1.1" 301 178 "https://www.bing.com/" "Mozilla/5.0 (Linux; Android 12; SM-A525F) AppleWebKit/537.36 (KHTML, like Gecko) Chrome/117.0.0.0 Mobile Safari/537.36"
52.230.92.201 - - [17/Dec/2025:06:38:50 +0000] "GET /wp-admin/images/sidebarh.php HTTP/1.1" 404 564 "https://www.bing.com/" "Mozilla/5.0 (Linux; Android 12; SM-A525F) AppleWebKit/537.36 (KHTML, like Gecko) Chrome/117.0.0.0 Mobile Safari/537.36"
52.230.92.201 - - [17/Dec/2025:06:38:50 +0000] "GET /admin/fckeditor/editor/filemanager/updates.php HTTP/1.1" 301 178 "https://www.google.fr/" "Mozilla/5.0 (iPhone; CPU iPhone OS 17_0_3 like Mac OS X) AppleWebKit/605.1.15 (KHTML, like Gecko) Version/17.0.1 Mobile/15E148 Safari/604.1"
52.230.92.201 - - [17/Dec/2025:06:38:50 +0000] "GET /admin/fckeditor/editor/filemanager/updates.php HTTP/1.1" 404 162 "https://www.google.fr/" "Mozilla/5.0 (iPhone; CPU iPhone OS 17_0_3 like Mac OS X) AppleWebKit/605.1.15 (KHTML, like Gecko) Version/17.0.1 Mobile/15E148 Safari/604.1"
52.230.92.201 - - [17/Dec/2025:06:38:51 +0000] "GET /wp-admin/wp.php HTTP/1.1" 301 178 "https://www.google.de/" "Mozilla/5.0 (Linux; Android 12; V2134) AppleWebKit/537.36 (KHTML, like Gecko) Chrome/116.0.0.0 Mobile Safari/537.36"
52.230.92.201 - - [17/Dec/2025:06:38:51 +0000] "GET /wp-admin/wp.php HTTP/1.1" 404 564 "https://www.google.de/" "Mozilla/5.0 (Linux; Android 12; V2134) AppleWebKit/537.36 (KHTML, like Gecko) Chrome/116.0.0.0 Mobile Safari/537.36"
52.230.92.201 - - [17/Dec/2025:06:38:51 +0000] "GET /administration/time.php HTTP/1.1" 301 178 "https://www.bing.com/" "Mozilla/5.0 (iPhone; CPU iPhone OS 16_6_1 like Mac OS X) AppleWebKit/605.1.15 (KHTML, like Gecko) Version/16.6 Mobile/15E148 Safari/604.1"
52.230.92.201 - - [17/Dec/2025:06:38:51 +0000] "GET /administration/time.php HTTP/1.1" 404 162 "https://www.bing.com/" "Mozilla/5.0 (iPhone; CPU iPhone OS 16_6_1 like Mac OS X) AppleWebKit/605.1.15 (KHTML, like Gecko) Version/16.6 Mobile/15E148 Safari/604.1"
52.230.92.201 - - [17/Dec/2025:06:38:51 +0000] "GET /demo/infos.php HTTP/1.1" 301 178 "https://www.google.fr/" "Mozilla/5.0 (Linux; Android 14; Pixel 8 Pro) AppleWebKit/537.36 (KHTML, like Gecko) Chrome/119.0.0.0 Mobile Safari/537.36"
52.230.92.201 - - [17/Dec/2025:06:38:52 +0000] "GET /demo/infos.php HTTP/1.1" 404 564 "https://www.google.fr/" "Mozilla/5.0 (Linux; Android 14; Pixel 8 Pro) AppleWebKit/537.36 (KHTML, like Gecko) Chrome/119.0.0.0 Mobile Safari/537.36"
52.230.92.201 - - [17/Dec/2025:06:38:52 +0000] "GET /wp-includes/SimplePie/admin.php HTTP/1.1" 301 178 "https://duckduckgo.com/" "Mozilla/5.0 (iPhone; CPU iPhone OS 15_7_9 like Mac OS X) AppleWebKit/605.1.15 (KHTML, like Gecko) Version/15.6.5 Mobile/15E148 Safari/604.1"
52.230.92.201 - - [17/Dec/2025:06:38:52 +0000] "GET /wp-includes/SimplePie/admin.php HTTP/1.1" 404 162 "https://duckduckgo.com/" "Mozilla/5.0 (iPhone; CPU iPhone OS 15_7_9 like Mac OS X) AppleWebKit/605.1.15 (KHTML, like Gecko) Version/15.6.5 Mobile/15E148 Safari/604.1"
52.230.92.201 - - [17/Dec/2025:06:38:52 +0000] "GET /product/server/info.php HTTP/1.1" 301 178 "https://www.yahoo.com/" "Mozilla/5.0 (Linux; Android 13; M2101K6G) AppleWebKit/537.36 (KHTML, like Gecko) Chrome/116.0.0.0 Mobile Safari/537.36"
52.230.92.201 - - [17/Dec/2025:06:38:53 +0000] "GET /product/server/info.php HTTP/1.1" 404 564 "https://www.yahoo.com/" "Mozilla/5.0 (Linux; Android 13; M2101K6G) AppleWebKit/537.36 (KHTML, like Gecko) Chrome/116.0.0.0 Mobile Safari/537.36"
52.230.92.201 - - [17/Dec/2025:06:38:53 +0000] "GET /public/dev/info.php HTTP/1.1" 301 178 "https://www.google.co.uk/" "Mozilla/5.0 (Linux; Android 11; 21081111RG) AppleWebKit/537.36 (KHTML, like Gecko) Chrome/116.0.0.0 Mobile Safari/537.36"
52.230.92.201 - - [17/Dec/2025:06:38:53 +0000] "GET /public/dev/info.php HTTP/1.1" 404 564 "https://www.google.co.uk/" "Mozilla/5.0 (Linux; Android 11; 21081111RG) AppleWebKit/537.36 (KHTML, like Gecko) Chrome/116.0.0.0 Mobile Safari/537.36"
52.230.92.201 - - [17/Dec/2025:06:38:53 +0000] "GET /joomla/phpinfo.php HTTP/1.1" 301 178 "https://www.bing.com/" "Mozilla/5.0 (iPad; CPU OS 17_0_3 like Mac OS X) AppleWebKit/605.1.15 (KHTML, like Gecko) Version/17.0.1 Mobile/15E148 Safari/604.1"
52.230.92.201 - - [17/Dec/2025:06:38:54 +0000] "GET /joomla/phpinfo.php HTTP/1.1" 404 162 "https://www.bing.com/" "Mozilla/5.0 (iPad; CPU OS 17_0_3 like Mac OS X) AppleWebKit/605.1.15 (KHTML, like Gecko) Version/17.0.1 Mobile/15E148 Safari/604.1"
52.230.92.201 - - [17/Dec/2025:06:38:54 +0000] "GET /af.php HTTP/1.1" 301 178 "https://www.yahoo.com/" "Mozilla/5.0 (Linux; Android 13; SM-S908E) AppleWebKit/537.36 (KHTML, like Gecko) Chrome/116.0.0.0 Mobile Safari/537.36"
52.230.92.201 - - [17/Dec/2025:06:38:54 +0000] "GET /af.php HTTP/1.1" 404 564 "https://www.yahoo.com/" "Mozilla/5.0 (Linux; Android 13; SM-S908E) AppleWebKit/537.36 (KHTML, like Gecko) Chrome/116.0.0.0 Mobile Safari/537.36"
52.230.92.201 - - [17/Dec/2025:06:38:54 +0000] "GET /wp-includes/fonts/priv.php HTTP/1.1" 301 178 "https://duckduckgo.com/" "Mozilla/5.0 (Linux; Android 12; V2134) AppleWebKit/537.36 (KHTML, like Gecko) Chrome/116.0.0.0 Mobile Safari/537.36"
52.230.92.201 - - [17/Dec/2025:06:38:54 +0000] "GET /wp-includes/fonts/priv.php HTTP/1.1" 404 564 "https://duckduckgo.com/" "Mozilla/5.0 (Linux; Android 12; V2134) AppleWebKit/537.36 (KHTML, like Gecko) Chrome/116.0.0.0 Mobile Safari/537.36"
52.230.92.201 - - [17/Dec/2025:06:38:55 +0000] "GET /backend/asdf.php HTTP/1.1" 301 178 "https://www.bing.com/" "Mozilla/5.0 (Linux; Android 10; K) AppleWebKit/537.36 (KHTML, like Gecko) Chrome/117.0.0.0 Mobile Safari/537.36"
52.230.92.201 - - [17/Dec/2025:06:38:55 +0000] "GET /backend/asdf.php HTTP/1.1" 404 564 "https://www.bing.com/" "Mozilla/5.0 (Linux; Android 10; K) AppleWebKit/537.36 (KHTML, like Gecko) Chrome/117.0.0.0 Mobile Safari/537.36"
52.230.92.201 - - [17/Dec/2025:06:38:55 +0000] "GET /adm/lara/info.php HTTP/1.1" 301 178 "https://duckduckgo.com/" "Mozilla/5.0 (iPhone; CPU iPhone OS 17_1_1 like Mac OS X) AppleWebKit/605.1.15 (KHTML, like Gecko) Version/17.1 Mobile/15E148 Safari/604.1"
52.230.92.201 - - [17/Dec/2025:06:38:55 +0000] "GET /adm/lara/info.php HTTP/1.1" 404 162 "https://duckduckgo.com/" "Mozilla/5.0 (iPhone; CPU iPhone OS 17_1_1 like Mac OS X) AppleWebKit/605.1.15 (KHTML, like Gecko) Version/17.1 Mobile/15E148 Safari/604.1"
52.230.92.201 - - [17/Dec/2025:06:38:56 +0000] "GET /wp-admin/maint/searchy.php HTTP/1.1" 301 178 "https://www.google.com/" "Mozilla/5.0 (iPhone; CPU iPhone OS 17_0_3 like Mac OS X) AppleWebKit/605.1.15 (KHTML, like Gecko) Version/17.0.1 Mobile/15E148 Safari/604.1"
52.230.92.201 - - [17/Dec/2025:06:38:56 +0000] "GET /wp-admin/maint/searchy.php HTTP/1.1" 404 162 "https://www.google.com/" "Mozilla/5.0 (iPhone; CPU iPhone OS 17_0_3 like Mac OS X) AppleWebKit/605.1.15 (KHTML, like Gecko) Version/17.0.1 Mobile/15E148 Safari/604.1"
52.230.92.201 - - [17/Dec/2025:06:38:56 +0000] "GET /bot/php-info.php HTTP/1.1" 301 178 "https://duckduckgo.com/" "Mozilla/5.0 (Linux; Android 10; K) AppleWebKit/537.36 (KHTML, like Gecko) Chrome/117.0.0.0 Mobile Safari/537.36"
52.230.92.201 - - [17/Dec/2025:06:38:56 +0000] "GET /bot/php-info.php HTTP/1.1" 404 564 "https://duckduckgo.com/" "Mozilla/5.0 (Linux; Android 10; K) AppleWebKit/537.36 (KHTML, like Gecko) Chrome/117.0.0.0 Mobile Safari/537.36"
52.230.92.201 - - [17/Dec/2025:06:38:57 +0000] "GET /wp-content/plugins/Core-Econ/upH.php HTTP/1.1" 301 178 "https://www.bing.com/" "Mozilla/5.0 (Linux; Android 13; SM-G991U) AppleWebKit/537.36 (KHTML, like Gecko) Chrome/117.0.0.0 Mobile Safari/537.36"
52.230.92.201 - - [17/Dec/2025:06:38:57 +0000] "GET /wp-content/plugins/Core-Econ/upH.php HTTP/1.1" 404 564 "https://www.bing.com/" "Mozilla/5.0 (Linux; Android 13; SM-G991U) AppleWebKit/537.36 (KHTML, like Gecko) Chrome/117.0.0.0 Mobile Safari/537.36"
52.230.92.201 - - [17/Dec/2025:06:38:57 +0000] "GET /info/index.php HTTP/1.1" 301 178 "https://www.google.de/" "Mozilla/5.0 (Linux; Android 12; 2201116SG) AppleWebKit/537.36 (KHTML, like Gecko) Chrome/116.0.0.0 Mobile Safari/537.36"
52.230.92.201 - - [17/Dec/2025:06:38:57 +0000] "GET /info/index.php HTTP/1.1" 404 564 "https://www.google.de/" "Mozilla/5.0 (Linux; Android 12; 2201116SG) AppleWebKit/537.36 (KHTML, like Gecko) Chrome/116.0.0.0 Mobile Safari/537.36"
52.230.92.201 - - [17/Dec/2025:06:38:58 +0000] "GET /web/backend/phpinfo.php HTTP/1.1" 301 178 "https://duckduckgo.com/" "Mozilla/5.0 (Linux; Android 10; K) AppleWebKit/537.36 (KHTML, like Gecko) Chrome/117.0.0.0 Mobile Safari/537.36"
52.230.92.201 - - [17/Dec/2025:06:38:58 +0000] "GET /web/backend/phpinfo.php HTTP/1.1" 404 564 "https://duckduckgo.com/" "Mozilla/5.0 (Linux; Android 10; K) AppleWebKit/537.36 (KHTML, like Gecko) Chrome/117.0.0.0 Mobile Safari/537.36"
52.230.92.201 - - [17/Dec/2025:06:38:58 +0000] "GET /403.php HTTP/1.1" 301 178 "https://www.google.com/" "Mozilla/5.0 (Linux; Android 13; SM-S908E) AppleWebKit/537.36 (KHTML, like Gecko) Chrome/116.0.0.0 Mobile Safari/537.36"
52.230.92.201 - - [17/Dec/2025:06:38:59 +0000] "GET /403.php HTTP/1.1" 404 564 "https://www.google.com/" "Mozilla/5.0 (Linux; Android 13; SM-S908E) AppleWebKit/537.36 (KHTML, like Gecko) Chrome/116.0.0.0 Mobile Safari/537.36"
52.230.92.201 - - [17/Dec/2025:06:38:59 +0000] "GET /web/crm/phpinfo.php HTTP/1.1" 301 178 "https://www.google.fr/" "Mozilla/5.0 (iPad; CPU OS 16_7_2 like Mac OS X) AppleWebKit/605.1.15 (KHTML, like Gecko) Version/16.6 Mobile/15E148 Safari/604.1"
52.230.92.201 - - [17/Dec/2025:06:38:59 +0000] "GET /web/crm/phpinfo.php HTTP/1.1" 404 162 "https://www.google.fr/" "Mozilla/5.0 (iPad; CPU OS 16_7_2 like Mac OS X) AppleWebKit/605.1.15 (KHTML, like Gecko) Version/16.6 Mobile/15E148 Safari/604.1"
52.230.92.201 - - [17/Dec/2025:06:38:59 +0000] "GET /moderator.php HTTP/1.1" 301 178 "https://www.google.fr/" "Mozilla/5.0 (Linux; Android 12; V2134) AppleWebKit/537.36 (KHTML, like Gecko) Chrome/116.0.0.0 Mobile Safari/537.36"
52.230.92.201 - - [17/Dec/2025:06:39:00 +0000] "GET /moderator.php HTTP/1.1" 404 564 "https://www.google.fr/" "Mozilla/5.0 (Linux; Android 12; V2134) AppleWebKit/537.36 (KHTML, like Gecko) Chrome/116.0.0.0 Mobile Safari/537.36"
52.230.92.201 - - [17/Dec/2025:06:39:00 +0000] "GET /production/current/info.php HTTP/1.1" 301 178 "https://duckduckgo.com/" "Mozilla/5.0 (Linux; Android 14; Pixel 8 Pro) AppleWebKit/537.36 (KHTML, like Gecko) Chrome/119.0.0.0 Mobile Safari/537.36"
52.230.92.201 - - [17/Dec/2025:06:39:00 +0000] "GET /production/current/info.php HTTP/1.1" 404 564 "https://duckduckgo.com/" "Mozilla/5.0 (Linux; Android 14; Pixel 8 Pro) AppleWebKit/537.36 (KHTML, like Gecko) Chrome/119.0.0.0 Mobile Safari/537.36"
52.230.92.201 - - [17/Dec/2025:06:39:01 +0000] "GET /server/current/info.php HTTP/1.1" 301 178 "https://www.yahoo.com/" "Mozilla/5.0 (iPhone; CPU iPhone OS 16_0 like Mac OS X) AppleWebKit/605.1.15 (KHTML, like Gecko) FxiOS/118.0 Mobile/15E148 Safari/605.1.15"
52.230.92.201 - - [17/Dec/2025:06:39:01 +0000] "GET /server/current/info.php HTTP/1.1" 404 162 "https://www.yahoo.com/" "Mozilla/5.0 (iPhone; CPU iPhone OS 16_0 like Mac OS X) AppleWebKit/605.1.15 (KHTML, like Gecko) FxiOS/118.0 Mobile/15E148 Safari/605.1.15"
52.230.92.201 - - [17/Dec/2025:06:39:01 +0000] "GET /tool/view/phpinfo.view.php HTTP/1.1" 301 178 "https://www.bing.com/" "Mozilla/5.0 (Linux; Android 10; LM-Q720) AppleWebKit/537.36 (KHTML, like Gecko) Chrome/116.0.0.0 Mobile Safari/537.36"
52.230.92.201 - - [17/Dec/2025:06:39:01 +0000] "GET /tool/view/phpinfo.view.php HTTP/1.1" 404 564 "https://www.bing.com/" "Mozilla/5.0 (Linux; Android 10; LM-Q720) AppleWebKit/537.36 (KHTML, like Gecko) Chrome/116.0.0.0 Mobile Safari/537.36"
52.230.92.201 - - [17/Dec/2025:06:39:02 +0000] "GET /index.php/Mrpc_Rabattkod_Mysterium HTTP/1.1" 301 178 "https://www.google.de/" "Mozilla/5.0 (iPhone; CPU iPhone OS 16_6_1 like Mac OS X) AppleWebKit/605.1.15 (KHTML, like Gecko) Version/16.6 Mobile/15E148 Safari/604.1"
52.230.92.201 - - [17/Dec/2025:06:39:02 +0000] "GET /index.php/Mrpc_Rabattkod_Mysterium HTTP/1.1" 404 162 "https://www.google.de/" "Mozilla/5.0 (iPhone; CPU iPhone OS 16_6_1 like Mac OS X) AppleWebKit/605.1.15 (KHTML, like Gecko) Version/16.6 Mobile/15E148 Safari/604.1"
52.230.92.201 - - [17/Dec/2025:06:39:02 +0000] "GET /info/php.php HTTP/1.1" 301 178 "https://www.google.co.uk/" "Mozilla/5.0 (Linux; Android 11; 21081111RG) AppleWebKit/537.36 (KHTML, like Gecko) Chrome/116.0.0.0 Mobile Safari/537.36"
52.230.92.201 - - [17/Dec/2025:06:39:02 +0000] "GET /info/php.php HTTP/1.1" 404 564 "https://www.google.co.uk/" "Mozilla/5.0 (Linux; Android 11; 21081111RG) AppleWebKit/537.36 (KHTML, like Gecko) Chrome/116.0.0.0 Mobile Safari/537.36"
52.230.92.201 - - [17/Dec/2025:06:39:02 +0000] "GET /blogs/info.php HTTP/1.1" 301 178 "https://www.google.fr/" "Mozilla/5.0 (Linux; Android 13; SM-G991U) AppleWebKit/537.36 (KHTML, like Gecko) Chrome/117.0.0.0 Mobile Safari/537.36"
52.230.92.201 - - [17/Dec/2025:06:39:03 +0000] "GET /blogs/info.php HTTP/1.1" 404 564 "https://www.google.fr/" "Mozilla/5.0 (Linux; Android 13; SM-G991U) AppleWebKit/537.36 (KHTML, like Gecko) Chrome/117.0.0.0 Mobile Safari/537.36"
52.230.92.201 - - [17/Dec/2025:06:39:03 +0000] "GET /wp-includes/Ie9FSsVMDEo.php HTTP/1.1" 301 178 "https://www.google.fr/" "Mozilla/5.0 (iPhone; CPU iPhone OS 15_7_9 like Mac OS X) AppleWebKit/605.1.15 (KHTML, like Gecko) Version/15.6.5 Mobile/15E148 Safari/604.1"
52.230.92.201 - - [17/Dec/2025:06:39:03 +0000] "GET /wp-includes/Ie9FSsVMDEo.php HTTP/1.1" 404 162 "https://www.google.fr/" "Mozilla/5.0 (iPhone; CPU iPhone OS 15_7_9 like Mac OS X) AppleWebKit/605.1.15 (KHTML, like Gecko) Version/15.6.5 Mobile/15E148 Safari/604.1"
52.230.92.201 - - [17/Dec/2025:06:39:04 +0000] "GET /wp-admin/network/b.php HTTP/1.1" 301 178 "https://www.google.de/" "Mozilla/5.0 (Linux; Android 11; 21081111RG) AppleWebKit/537.36 (KHTML, like Gecko) Chrome/116.0.0.0 Mobile Safari/537.36"
52.230.92.201 - - [17/Dec/2025:06:39:04 +0000] "GET /wp-admin/network/b.php HTTP/1.1" 404 564 "https://www.google.de/" "Mozilla/5.0 (Linux; Android 11; 21081111RG) AppleWebKit/537.36 (KHTML, like Gecko) Chrome/116.0.0.0 Mobile Safari/537.36"
52.230.92.201 - - [17/Dec/2025:06:39:04 +0000] "GET /var/www/html/protected/config/database.php HTTP/1.1" 301 178 "https://www.google.fr/" "Mozilla/5.0 (Linux; Android 13; M2101K6G) AppleWebKit/537.36 (KHTML, like Gecko) Chrome/116.0.0.0 Mobile Safari/537.36"
52.230.92.201 - - [17/Dec/2025:06:39:04 +0000] "GET /var/www/html/protected/config/database.php HTTP/1.1" 404 564 "https://www.google.fr/" "Mozilla/5.0 (Linux; Android 13; M2101K6G) AppleWebKit/537.36 (KHTML, like Gecko) Chrome/116.0.0.0 Mobile Safari/537.36"
52.230.92.201 - - [17/Dec/2025:06:39:05 +0000] "GET /wp-includes/Requests/Response/wp-login.php HTTP/1.1" 301 178 "https://www.bing.com/" "Mozilla/5.0 (iPhone; CPU iPhone OS 16_6_1 like Mac OS X) AppleWebKit/605.1.15 (KHTML, like Gecko) Version/16.6 Mobile/15E148 Safari/604.1"
52.230.92.201 - - [17/Dec/2025:06:39:05 +0000] "GET /wp-includes/Requests/Response/wp-login.php HTTP/1.1" 404 162 "https://www.bing.com/" "Mozilla/5.0 (iPhone; CPU iPhone OS 16_6_1 like Mac OS X) AppleWebKit/605.1.15 (KHTML, like Gecko) Version/16.6 Mobile/15E148 Safari/604.1"
52.230.92.201 - - [17/Dec/2025:06:39:05 +0000] "GET /home/*/public_html/wp-config.php HTTP/1.1" 301 178 "https://www.google.com/" "Mozilla/5.0 (iPhone; CPU iPhone OS 17_0_3 like Mac OS X) AppleWebKit/605.1.15 (KHTML, like Gecko) Version/17.0.1 Mobile/15E148 Safari/604.1"
52.230.92.201 - - [17/Dec/2025:06:39:06 +0000] "GET /home/*/public_html/wp-config.php HTTP/1.1" 404 162 "https://www.google.com/" "Mozilla/5.0 (iPhone; CPU iPhone OS 17_0_3 like Mac OS X) AppleWebKit/605.1.15 (KHTML, like Gecko) Version/17.0.1 Mobile/15E148 Safari/604.1"
52.230.92.201 - - [17/Dec/2025:06:39:06 +0000] "GET /index.php/Can_You_Make_Receding_Gums_Grow_Back HTTP/1.1" 301 178 "https://www.bing.com/" "Mozilla/5.0 (Linux; Android 13; M2101K6G) AppleWebKit/537.36 (KHTML, like Gecko) Chrome/116.0.0.0 Mobile Safari/537.36"
52.230.92.201 - - [17/Dec/2025:06:39:06 +0000] "GET /index.php/Can_You_Make_Receding_Gums_Grow_Back HTTP/1.1" 404 564 "https://www.bing.com/" "Mozilla/5.0 (Linux; Android 13; M2101K6G) AppleWebKit/537.36 (KHTML, like Gecko) Chrome/116.0.0.0 Mobile Safari/537.36"
52.230.92.201 - - [17/Dec/2025:06:39:07 +0000] "GET /cron/development/iinfo.php HTTP/1.1" 301 178 "https://www.bing.com/" "Mozilla/5.0 (iPhone; CPU iPhone OS 17_0_3 like Mac OS X) AppleWebKit/605.1.15 (KHTML, like Gecko) Version/17.0.1 Mobile/15E148 Safari/604.1"
52.230.92.201 - - [17/Dec/2025:06:39:07 +0000] "GET /cron/development/iinfo.php HTTP/1.1" 404 162 "https://www.bing.com/" "Mozilla/5.0 (iPhone; CPU iPhone OS 17_0_3 like Mac OS X) AppleWebKit/605.1.15 (KHTML, like Gecko) Version/17.0.1 Mobile/15E148 Safari/604.1"
52.230.92.201 - - [17/Dec/2025:06:39:07 +0000] "GET /certificates/up.php HTTP/1.1" 301 178 "https://www.google.de/" "Mozilla/5.0 (iPhone; CPU iPhone OS 17_0_3 like Mac OS X) AppleWebKit/605.1.15 (KHTML, like Gecko) Version/17.0.1 Mobile/15E148 Safari/604.1"
52.230.92.201 - - [17/Dec/2025:06:39:07 +0000] "GET /certificates/up.php HTTP/1.1" 404 162 "https://www.google.de/" "Mozilla/5.0 (iPhone; CPU iPhone OS 17_0_3 like Mac OS X) AppleWebKit/605.1.15 (KHTML, like Gecko) Version/17.0.1 Mobile/15E148 Safari/604.1"
52.230.92.201 - - [17/Dec/2025:06:39:08 +0000] "GET /deploy/xampp/phpinfo.php HTTP/1.1" 301 178 "https://www.google.com/" "Mozilla/5.0 (Linux; Android 10; LM-Q720) AppleWebKit/537.36 (KHTML, like Gecko) Chrome/116.0.0.0 Mobile Safari/537.36"
52.91.86.230 - - [17/Dec/2025:06:39:08 +0000] "GET / HTTP/1.1" 301 178 "-" "Mozilla/5.0 (Windows NT 6.1; WOW64; rv:50.0) Gecko/20100101 Firefox/50.0"
52.230.92.201 - - [17/Dec/2025:06:39:08 +0000] "GET /deploy/xampp/phpinfo.php HTTP/1.1" 404 564 "https://www.google.com/" "Mozilla/5.0 (Linux; Android 10; LM-Q720) AppleWebKit/537.36 (KHTML, like Gecko) Chrome/116.0.0.0 Mobile Safari/537.36"
52.230.92.201 - - [17/Dec/2025:06:39:08 +0000] "GET /predeploy.php HTTP/1.1" 301 178 "https://duckduckgo.com/" "Mozilla/5.0 (iPhone; CPU iPhone OS 17_1 like Mac OS X) AppleWebKit/605.1.15 (KHTML, like Gecko) CriOS/119.0.6045.109 Mobile/15E148 Safari/604.1"
52.91.86.230 - - [17/Dec/2025:06:39:08 +0000] "GET /?path=/ HTTP/1.1" 301 178 "-" "Mozilla/5.0 (Windows NT 6.1; WOW64; rv:50.0) Gecko/20100101 Firefox/50.0"
52.230.92.201 - - [17/Dec/2025:06:39:09 +0000] "GET /predeploy.php HTTP/1.1" 404 162 "https://duckduckgo.com/" "Mozilla/5.0 (iPhone; CPU iPhone OS 17_1 like Mac OS X) AppleWebKit/605.1.15 (KHTML, like Gecko) CriOS/119.0.6045.109 Mobile/15E148 Safari/604.1"
52.91.86.230 - - [17/Dec/2025:06:39:09 +0000] "GET /?path=/opt HTTP/1.1" 301 178 "-" "Mozilla/5.0 (Windows NT 6.1; WOW64; rv:50.0) Gecko/20100101 Firefox/50.0"
52.230.92.201 - - [17/Dec/2025:06:39:09 +0000] "GET /files.php HTTP/1.1" 301 178 "https://www.google.de/" "Mozilla/5.0 (iPhone; CPU iPhone OS 16_6_1 like Mac OS X) AppleWebKit/605.1.15 (KHTML, like Gecko) Version/16.6 Mobile/15E148 Safari/604.1"
52.230.92.201 - - [17/Dec/2025:06:39:09 +0000] "GET /files.php HTTP/1.1" 404 162 "https://www.google.de/" "Mozilla/5.0 (iPhone; CPU iPhone OS 16_6_1 like Mac OS X) AppleWebKit/605.1.15 (KHTML, like Gecko) Version/16.6 Mobile/15E148 Safari/604.1"
52.91.86.230 - - [17/Dec/2025:06:39:10 +0000] "GET /?path=/opt/wpsites HTTP/1.1" 301 178 "-" "Mozilla/5.0 (Windows NT 6.1; WOW64; rv:50.0) Gecko/20100101 Firefox/50.0"
52.230.92.201 - - [17/Dec/2025:06:39:10 +0000] "GET /.well-known/acme-challenge/classwithtostring.php HTTP/1.1" 301 178 "https://www.google.fr/" "Mozilla/5.0 (Linux; Android 12; 2201116SG) AppleWebKit/537.36 (KHTML, like Gecko) Chrome/116.0.0.0 Mobile Safari/537.36"
52.230.92.201 - - [17/Dec/2025:06:39:10 +0000] "GET /.well-known/acme-challenge/classwithtostring.php HTTP/1.1" 404 564 "https://www.google.fr/" "Mozilla/5.0 (Linux; Android 12; 2201116SG) AppleWebKit/537.36 (KHTML, like Gecko) Chrome/116.0.0.0 Mobile Safari/537.36"
52.230.92.201 - - [17/Dec/2025:06:39:10 +0000] "GET /wp-content/plugins/xichang/x.php HTTP/1.1" 301 178 "https://www.bing.com/" "Mozilla/5.0 (Linux; Android 10; LM-Q720) AppleWebKit/537.36 (KHTML, like Gecko) Chrome/116.0.0.0 Mobile Safari/537.36"
52.91.86.230 - - [17/Dec/2025:06:39:10 +0000] "GET /?path=/opt/wpsites/datacloudnow.com HTTP/1.1" 301 178 "-" "Mozilla/5.0 (Windows NT 6.1; WOW64; rv:50.0) Gecko/20100101 Firefox/50.0"
52.230.92.201 - - [17/Dec/2025:06:39:10 +0000] "GET /wp-content/plugins/xichang/x.php HTTP/1.1" 404 564 "https://www.bing.com/" "Mozilla/5.0 (Linux; Android 10; LM-Q720) AppleWebKit/537.36 (KHTML, like Gecko) Chrome/116.0.0.0 Mobile Safari/537.36"
52.230.92.201 - - [17/Dec/2025:06:39:10 +0000] "GET /staging/dev/info.php HTTP/1.1" 301 178 "https://www.google.com/" "Mozilla/5.0 (Linux; Android 13; M2101K6G) AppleWebKit/537.36 (KHTML, like Gecko) Chrome/116.0.0.0 Mobile Safari/537.36"
52.230.92.201 - - [17/Dec/2025:06:39:11 +0000] "GET /staging/dev/info.php HTTP/1.1" 404 564 "https://www.google.com/" "Mozilla/5.0 (Linux; Android 13; M2101K6G) AppleWebKit/537.36 (KHTML, like Gecko) Chrome/116.0.0.0 Mobile Safari/537.36"
52.91.86.230 - - [17/Dec/2025:06:39:11 +0000] "GET /?path=/opt/wpsites/datacloudnow.com/wp-admin HTTP/1.1" 301 178 "-" "Mozilla/5.0 (Windows NT 6.1; WOW64; rv:50.0) Gecko/20100101 Firefox/50.0"
52.230.92.201 - - [17/Dec/2025:06:39:11 +0000] "GET /wp-content/uploads/2014/was-wp.php HTTP/1.1" 301 178 "https://www.google.co.uk/" "Mozilla/5.0 (iPad; CPU OS 16_7_2 like Mac OS X) AppleWebKit/605.1.15 (KHTML, like Gecko) Version/16.6 Mobile/15E148 Safari/604.1"
52.230.92.201 - - [17/Dec/2025:06:39:11 +0000] "GET /wp-content/uploads/2014/was-wp.php HTTP/1.1" 404 162 "https://www.google.co.uk/" "Mozilla/5.0 (iPad; CPU OS 16_7_2 like Mac OS X) AppleWebKit/605.1.15 (KHTML, like Gecko) Version/16.6 Mobile/15E148 Safari/604.1"
52.230.92.201 - - [17/Dec/2025:06:39:11 +0000] "GET /wp-content/uploads/--wp-lgj.php HTTP/1.1" 301 178 "https://www.bing.com/" "Mozilla/5.0 (iPhone; CPU iPhone OS 17_1_1 like Mac OS X) AppleWebKit/605.1.15 (KHTML, like Gecko) Version/17.1 Mobile/15E148 Safari/604.1"
52.91.86.230 - - [17/Dec/2025:06:39:11 +0000] "GET /?path=/opt/wpsites/datacloudnow.com/wp-content HTTP/1.1" 301 178 "-" "Mozilla/5.0 (Windows NT 6.1; WOW64; rv:50.0) Gecko/20100101 Firefox/50.0"
52.230.92.201 - - [17/Dec/2025:06:39:12 +0000] "GET /wp-content/uploads/--wp-lgj.php HTTP/1.1" 404 162 "https://www.bing.com/" "Mozilla/5.0 (iPhone; CPU iPhone OS 17_1_1 like Mac OS X) AppleWebKit/605.1.15 (KHTML, like Gecko) Version/17.1 Mobile/15E148 Safari/604.1"
52.230.92.201 - - [17/Dec/2025:06:39:12 +0000] "GET /php52/phpinfo.php HTTP/1.1" 301 178 "https://duckduckgo.com/" "Mozilla/5.0 (iPhone; CPU iPhone OS 17_1 like Mac OS X) AppleWebKit/605.1.15 (KHTML, like Gecko) CriOS/119.0.6045.109 Mobile/15E148 Safari/604.1"
52.91.86.230 - - [17/Dec/2025:06:39:12 +0000] "GET /?path=/opt/wpsites/datacloudnow.com/wp-includes HTTP/1.1" 301 178 "-" "Mozilla/5.0 (Windows NT 6.1; WOW64; rv:50.0) Gecko/20100101 Firefox/50.0"
52.230.92.201 - - [17/Dec/2025:06:39:12 +0000] "GET /php52/phpinfo.php HTTP/1.1" 404 162 "https://duckduckgo.com/" "Mozilla/5.0 (iPhone; CPU iPhone OS 17_1 like Mac OS X) AppleWebKit/605.1.15 (KHTML, like Gecko) CriOS/119.0.6045.109 Mobile/15E148 Safari/604.1"
52.230.92.201 - - [17/Dec/2025:06:39:12 +0000] "GET /conf/env.php HTTP/1.1" 301 178 "https://duckduckgo.com/" "Mozilla/5.0 (Linux; Android 13; SM-G991U) AppleWebKit/537.36 (KHTML, like Gecko) Chrome/117.0.0.0 Mobile Safari/537.36"
52.230.92.201 - - [17/Dec/2025:06:39:12 +0000] "GET /conf/env.php HTTP/1.1" 404 564 "https://duckduckgo.com/" "Mozilla/5.0 (Linux; Android 13; SM-G991U) AppleWebKit/537.36 (KHTML, like Gecko) Chrome/117.0.0.0 Mobile Safari/537.36"
52.91.86.230 - - [17/Dec/2025:06:39:13 +0000] "GET /?fileloc=/opt/wpsites/datacloudnow.com/index.php&path=/opt/wpsites/datacloudnow.com HTTP/1.1" 301 178 "-" "Mozilla/5.0 (Windows NT 6.1; WOW64; rv:50.0) Gecko/20100101 Firefox/50.0"
52.230.92.201 - - [17/Dec/2025:06:39:13 +0000] "GET /post.php HTTP/1.1" 301 178 "https://duckduckgo.com/" "Mozilla/5.0 (Linux; Android 13; SM-S908E) AppleWebKit/537.36 (KHTML, like Gecko) Chrome/116.0.0.0 Mobile Safari/537.36"
52.230.92.201 - - [17/Dec/2025:06:39:13 +0000] "GET /post.php HTTP/1.1" 404 564 "https://duckduckgo.com/" "Mozilla/5.0 (Linux; Android 13; SM-S908E) AppleWebKit/537.36 (KHTML, like Gecko) Chrome/116.0.0.0 Mobile Safari/537.36"
52.230.92.201 - - [17/Dec/2025:06:39:13 +0000] "GET /crm/server/info.php HTTP/1.1" 301 178 "https://www.google.fr/" "Mozilla/5.0 (iPad; CPU OS 17_0_3 like Mac OS X) AppleWebKit/605.1.15 (KHTML, like Gecko) Version/17.0.1 Mobile/15E148 Safari/604.1"
52.91.86.230 - - [17/Dec/2025:06:39:13 +0000] "GET /?fileloc=/opt/wpsites/datacloudnow.com/license.txt&path=/opt/wpsites/datacloudnow.com HTTP/1.1" 301 178 "-" "Mozilla/5.0 (Windows NT 6.1; WOW64; rv:50.0) Gecko/20100101 Firefox/50.0"
52.230.92.201 - - [17/Dec/2025:06:39:13 +0000] "GET /crm/server/info.php HTTP/1.1" 404 162 "https://www.google.fr/" "Mozilla/5.0 (iPad; CPU OS 17_0_3 like Mac OS X) AppleWebKit/605.1.15 (KHTML, like Gecko) Version/17.0.1 Mobile/15E148 Safari/604.1"
52.230.92.201 - - [17/Dec/2025:06:39:14 +0000] "GET /wp-includes/6ZKP9RiYwlM.php HTTP/1.1" 301 178 "https://duckduckgo.com/" "Mozilla/5.0 (Linux; Android 12; V2134) AppleWebKit/537.36 (KHTML, like Gecko) Chrome/116.0.0.0 Mobile Safari/537.36"
52.230.92.201 - - [17/Dec/2025:06:39:14 +0000] "GET /wp-includes/6ZKP9RiYwlM.php HTTP/1.1" 404 564 "https://duckduckgo.com/" "Mozilla/5.0 (Linux; Android 12; V2134) AppleWebKit/537.36 (KHTML, like Gecko) Chrome/116.0.0.0 Mobile Safari/537.36"
52.91.86.230 - - [17/Dec/2025:06:39:14 +0000] "GET /?fileloc=/opt/wpsites/datacloudnow.com/readme.html&path=/opt/wpsites/datacloudnow.com HTTP/1.1" 301 178 "-" "Mozilla/5.0 (Windows NT 6.1; WOW64; rv:50.0) Gecko/20100101 Firefox/50.0"
52.230.92.201 - - [17/Dec/2025:06:39:14 +0000] "GET /services/test.php HTTP/1.1" 301 178 "https://www.google.de/" "Mozilla/5.0 (Linux; Android 14; Pixel 8 Pro) AppleWebKit/537.36 (KHTML, like Gecko) Chrome/119.0.0.0 Mobile Safari/537.36"
52.230.92.201 - - [17/Dec/2025:06:39:14 +0000] "GET /services/test.php HTTP/1.1" 404 564 "https://www.google.de/" "Mozilla/5.0 (Linux; Android 14; Pixel 8 Pro) AppleWebKit/537.36 (KHTML, like Gecko) Chrome/119.0.0.0 Mobile Safari/537.36"
52.91.86.230 - - [17/Dec/2025:06:39:14 +0000] "GET /?fileloc=/opt/wpsites/datacloudnow.com/wp-activate.php&path=/opt/wpsites/datacloudnow.com HTTP/1.1" 301 178 "-" "Mozilla/5.0 (Windows NT 6.1; WOW64; rv:50.0) Gecko/20100101 Firefox/50.0"
52.230.92.201 - - [17/Dec/2025:06:39:14 +0000] "GET /cgi-bin/404.php HTTP/1.1" 301 178 "https://www.yahoo.com/" "Mozilla/5.0 (Linux; Android 10; LM-Q720) AppleWebKit/537.36 (KHTML, like Gecko) Chrome/116.0.0.0 Mobile Safari/537.36"
52.230.92.201 - - [17/Dec/2025:06:39:15 +0000] "GET /cgi-bin/404.php HTTP/1.1" 404 564 "https://www.yahoo.com/" "Mozilla/5.0 (Linux; Android 10; LM-Q720) AppleWebKit/537.36 (KHTML, like Gecko) Chrome/116.0.0.0 Mobile Safari/537.36"
52.230.92.201 - - [17/Dec/2025:06:39:15 +0000] "GET /web/dev/phpinfo.php HTTP/1.1" 301 178 "https://duckduckgo.com/" "Mozilla/5.0 (iPhone; CPU iPhone OS 15_7_9 like Mac OS X) AppleWebKit/605.1.15 (KHTML, like Gecko) Version/15.6.5 Mobile/15E148 Safari/604.1"
52.91.86.230 - - [17/Dec/2025:06:39:15 +0000] "GET /?fileloc=/opt/wpsites/datacloudnow.com/wp-blog-header.php&path=/opt/wpsites/datacloudnow.com HTTP/1.1" 301 178 "-" "Mozilla/5.0 (Windows NT 6.1; WOW64; rv:50.0) Gecko/20100101 Firefox/50.0"
52.230.92.201 - - [17/Dec/2025:06:39:15 +0000] "GET /web/dev/phpinfo.php HTTP/1.1" 404 162 "https://duckduckgo.com/" "Mozilla/5.0 (iPhone; CPU iPhone OS 15_7_9 like Mac OS X) AppleWebKit/605.1.15 (KHTML, like Gecko) Version/15.6.5 Mobile/15E148 Safari/604.1"
52.230.92.201 - - [17/Dec/2025:06:39:15 +0000] "GET /api/php.php HTTP/1.1" 301 178 "https://www.yahoo.com/" "Mozilla/5.0 (iPhone; CPU iPhone OS 16_0 like Mac OS X) AppleWebKit/605.1.15 (KHTML, like Gecko) FxiOS/118.0 Mobile/15E148 Safari/605.1.15"
52.91.86.230 - - [17/Dec/2025:06:39:15 +0000] "GET /?fileloc=/opt/wpsites/datacloudnow.com/wp-comments-post.php&path=/opt/wpsites/datacloudnow.com HTTP/1.1" 301 178 "-" "Mozilla/5.0 (Windows NT 6.1; WOW64; rv:50.0) Gecko/20100101 Firefox/50.0"
52.230.92.201 - - [17/Dec/2025:06:39:16 +0000] "GET /api/php.php HTTP/1.1" 404 162 "https://www.yahoo.com/" "Mozilla/5.0 (iPhone; CPU iPhone OS 16_0 like Mac OS X) AppleWebKit/605.1.15 (KHTML, like Gecko) FxiOS/118.0 Mobile/15E148 Safari/605.1.15"
52.230.92.201 - - [17/Dec/2025:06:39:16 +0000] "GET /service/laravel/phpinfo.php HTTP/1.1" 301 178 "https://www.yahoo.com/" "Mozilla/5.0 (iPad; CPU OS 16_7_2 like Mac OS X) AppleWebKit/605.1.15 (KHTML, like Gecko) Version/16.6 Mobile/15E148 Safari/604.1"
52.230.92.201 - - [17/Dec/2025:06:39:16 +0000] "GET /service/laravel/phpinfo.php HTTP/1.1" 404 162 "https://www.yahoo.com/" "Mozilla/5.0 (iPad; CPU OS 16_7_2 like Mac OS X) AppleWebKit/605.1.15 (KHTML, like Gecko) Version/16.6 Mobile/15E148 Safari/604.1"
52.91.86.230 - - [17/Dec/2025:06:39:16 +0000] "GET /?fileloc=/opt/wpsites/datacloudnow.com/wp-config-sample.php&path=/opt/wpsites/datacloudnow.com HTTP/1.1" 301 178 "-" "Mozilla/5.0 (Windows NT 6.1; WOW64; rv:50.0) Gecko/20100101 Firefox/50.0"
52.230.92.201 - - [17/Dec/2025:06:39:16 +0000] "GET /wp-includes/customize/class-wp-customize-sidebar-secure.php HTTP/1.1" 301 178 "https://www.bing.com/" "Mozilla/5.0 (iPhone; CPU iPhone OS 17_1_1 like Mac OS X) AppleWebKit/605.1.15 (KHTML, like Gecko) Version/17.1 Mobile/15E148 Safari/604.1"
52.230.92.201 - - [17/Dec/2025:06:39:16 +0000] "GET /wp-includes/customize/class-wp-customize-sidebar-secure.php HTTP/1.1" 404 162 "https://www.bing.com/" "Mozilla/5.0 (iPhone; CPU iPhone OS 17_1_1 like Mac OS X) AppleWebKit/605.1.15 (KHTML, like Gecko) Version/17.1 Mobile/15E148 Safari/604.1"
52.91.86.230 - - [17/Dec/2025:06:39:17 +0000] "GET /?fileloc=/opt/wpsites/datacloudnow.com/wp-config.php&path=/opt/wpsites/datacloudnow.com HTTP/1.1" 301 178 "-" "Mozilla/5.0 (Windows NT 6.1; WOW64; rv:50.0) Gecko/20100101 Firefox/50.0"
52.230.92.201 - - [17/Dec/2025:06:39:17 +0000] "GET /prod/helper/info.php HTTP/1.1" 301 178 "https://www.google.de/" "Mozilla/5.0 (Linux; Android 11; 21081111RG) AppleWebKit/537.36 (KHTML, like Gecko) Chrome/116.0.0.0 Mobile Safari/537.36"
52.230.92.201 - - [17/Dec/2025:06:39:17 +0000] "GET /prod/helper/info.php HTTP/1.1" 404 564 "https://www.google.de/" "Mozilla/5.0 (Linux; Android 11; 21081111RG) AppleWebKit/537.36 (KHTML, like Gecko) Chrome/116.0.0.0 Mobile Safari/537.36"
52.230.92.201 - - [17/Dec/2025:06:39:17 +0000] "GET /public/backend/phpinfo.php HTTP/1.1" 301 178 "https://www.bing.com/" "Mozilla/5.0 (iPhone; CPU iPhone OS 16_0 like Mac OS X) AppleWebKit/605.1.15 (KHTML, like Gecko) FxiOS/118.0 Mobile/15E148 Safari/605.1.15"
52.91.86.230 - - [17/Dec/2025:06:39:17 +0000] "GET /?fileloc=/opt/wpsites/datacloudnow.com/wp-cron.php&path=/opt/wpsites/datacloudnow.com HTTP/1.1" 301 178 "-" "Mozilla/5.0 (Windows NT 6.1; WOW64; rv:50.0) Gecko/20100101 Firefox/50.0"
52.230.92.201 - - [17/Dec/2025:06:39:17 +0000] "GET /public/backend/phpinfo.php HTTP/1.1" 404 162 "https://www.bing.com/" "Mozilla/5.0 (iPhone; CPU iPhone OS 16_0 like Mac OS X) AppleWebKit/605.1.15 (KHTML, like Gecko) FxiOS/118.0 Mobile/15E148 Safari/605.1.15"
52.230.92.201 - - [17/Dec/2025:06:39:18 +0000] "GET /developer/server/info.php HTTP/1.1" 301 178 "https://www.google.co.uk/" "Mozilla/5.0 (Linux; Android 13; SM-G991U) AppleWebKit/537.36 (KHTML, like Gecko) Chrome/117.0.0.0 Mobile Safari/537.36"
52.91.86.230 - - [17/Dec/2025:06:39:18 +0000] "GET /?fileloc=/opt/wpsites/datacloudnow.com/wp-links-opml.php&path=/opt/wpsites/datacloudnow.com HTTP/1.1" 301 178 "-" "Mozilla/5.0 (Windows NT 6.1; WOW64; rv:50.0) Gecko/20100101 Firefox/50.0"
