57.141.0.69 - - [16/Dec/2025:01:13:43 +0000] "GET /2025/03/07/page/6/?fileloc=//sys/class/pci_bus/0000:03/subsystem/0000:0e/subsystem/0000:0c/subsystem/0000:0c/device/local_cpus&path=//sys/class/pci_bus/0000:03/subsystem/0000:0e/subsystem/0000:0c/subsystem/0000:0c/device HTTP/1.1" 200 262209 "-" "meta-externalagent/1.1 (+https://developers.facebook.com/docs/sharing/webmasters/crawler)"
216.73.216.115 - - [16/Dec/2025:01:13:44 +0000] "GET /entity/287278915.htm HTTP/1.1" 301 5 "-" "Mozilla/5.0 AppleWebKit/537.36 (KHTML, like Gecko; compatible; ClaudeBot/1.0; +claudebot@anthropic.com)"
216.73.216.115 - - [16/Dec/2025:01:13:45 +0000] "GET /entity/287278915.htm/ HTTP/1.1" 200 45436 "https://datainsightnow.com/entity/287278915.htm" "Mozilla/5.0 AppleWebKit/537.36 (KHTML, like Gecko; compatible; ClaudeBot/1.0; +claudebot@anthropic.com)"
74.7.227.155 - - [16/Dec/2025:01:13:45 +0000] "GET /?p=28719 HTTP/1.1" 200 42151 "-" "Mozilla/5.0 AppleWebKit/537.36 (KHTML, like Gecko; compatible; GPTBot/1.3; +https://openai.com/gptbot)"
57.141.0.36 - - [16/Dec/2025:01:13:47 +0000] "GET /moneysense-self-help-guide-to-the-ideal-profile/?fileloc=//sys/class/pci_bus/0000:0a/subsystem/0000:11/subsystem/0000:0d/device/0000:00:03.3:pcie001/power/runtime_status&path=//sys/class/pci_bus/0000:0a/subsystem/0000:11/subsystem/0000:0d/device/0000:00:03.3:pcie001/power HTTP/1.1" 200 262264 "-" "meta-externalagent/1.1 (+https://developers.facebook.com/docs/sharing/webmasters/crawler)"
216.73.216.115 - - [16/Dec/2025:01:13:47 +0000] "GET /entity/287385876.htm HTTP/1.1" 301 5 "-" "Mozilla/5.0 AppleWebKit/537.36 (KHTML, like Gecko; compatible; ClaudeBot/1.0; +claudebot@anthropic.com)"
216.73.216.115 - - [16/Dec/2025:01:13:48 +0000] "GET /entity/287385876.htm/ HTTP/1.1" 200 45436 "https://datainsightnow.com/entity/287385876.htm" "Mozilla/5.0 AppleWebKit/537.36 (KHTML, like Gecko; compatible; ClaudeBot/1.0; +claudebot@anthropic.com)"
74.7.227.155 - - [16/Dec/2025:01:13:48 +0000] "GET /?p=18327 HTTP/1.1" 200 41337 "-" "Mozilla/5.0 AppleWebKit/537.36 (KHTML, like Gecko; compatible; GPTBot/1.3; +https://openai.com/gptbot)"
66.135.21.75 - - [16/Dec/2025:01:13:50 +0000] "POST /wp-cron.php?doing_wp_cron=1765847630.5650050640106201171875 HTTP/1.1" 200 31 "-" "WordPress/6.3.1; https://datainsightnow.com"
216.73.216.115 - - [16/Dec/2025:01:13:50 +0000] "GET /entity/287354545.htm HTTP/1.1" 301 5 "-" "Mozilla/5.0 AppleWebKit/537.36 (KHTML, like Gecko; compatible; ClaudeBot/1.0; +claudebot@anthropic.com)"
216.73.216.115 - - [16/Dec/2025:01:13:51 +0000] "GET /entity/287354545.htm/ HTTP/1.1" 200 45436 "https://datainsightnow.com/entity/287354545.htm" "Mozilla/5.0 AppleWebKit/537.36 (KHTML, like Gecko; compatible; ClaudeBot/1.0; +claudebot@anthropic.com)"
74.7.227.155 - - [16/Dec/2025:01:13:51 +0000] "GET /?p=28713 HTTP/1.1" 200 42497 "-" "Mozilla/5.0 AppleWebKit/537.36 (KHTML, like Gecko; compatible; GPTBot/1.3; +https://openai.com/gptbot)"
216.73.216.115 - - [16/Dec/2025:01:13:53 +0000] "GET /entity/287272438.htm HTTP/1.1" 301 5 "-" "Mozilla/5.0 AppleWebKit/537.36 (KHTML, like Gecko; compatible; ClaudeBot/1.0; +claudebot@anthropic.com)"
216.73.216.115 - - [16/Dec/2025:01:13:54 +0000] "GET /entity/287272438.htm/ HTTP/1.1" 200 45436 "https://datainsightnow.com/entity/287272438.htm" "Mozilla/5.0 AppleWebKit/537.36 (KHTML, like Gecko; compatible; ClaudeBot/1.0; +claudebot@anthropic.com)"
217.113.194.54 - - [16/Dec/2025:01:13:56 +0000] "GET /contact/?fileloc=//etc/rc3.d/S01nginx&path=//etc/rc3.d HTTP/1.1" 200 45436 "-" "Mozilla/5.0 (compatible; Barkrowler/0.9; +https://babbar.tech/crawler)"
216.73.216.115 - - [16/Dec/2025:01:13:56 +0000] "GET /entity/287381742.htm HTTP/1.1" 301 5 "-" "Mozilla/5.0 AppleWebKit/537.36 (KHTML, like Gecko; compatible; ClaudeBot/1.0; +claudebot@anthropic.com)"
216.73.216.115 - - [16/Dec/2025:01:13:57 +0000] "GET /entity/287381742.htm/ HTTP/1.1" 200 45436 "https://datainsightnow.com/entity/287381742.htm" "Mozilla/5.0 AppleWebKit/537.36 (KHTML, like Gecko; compatible; ClaudeBot/1.0; +claudebot@anthropic.com)"
216.73.216.115 - - [16/Dec/2025:01:13:59 +0000] "GET /entity/287259755.htm HTTP/1.1" 301 5 "-" "Mozilla/5.0 AppleWebKit/537.36 (KHTML, like Gecko; compatible; ClaudeBot/1.0; +claudebot@anthropic.com)"
216.73.216.115 - - [16/Dec/2025:01:14:00 +0000] "GET /entity/287259755.htm/ HTTP/1.1" 200 45436 "https://datainsightnow.com/entity/287259755.htm" "Mozilla/5.0 AppleWebKit/537.36 (KHTML, like Gecko; compatible; ClaudeBot/1.0; +claudebot@anthropic.com)"
47.128.19.6 - - [16/Dec/2025:01:14:01 +0000] "GET /?path=%2F%2Fproc%2F55%2Fattr HTTP/1.1" 200 45437 "-" "Mozilla/5.0 (Linux; Android 5.0) AppleWebKit/537.36 (KHTML, like Gecko) Mobile Safari/537.36 (compatible; Bytespider; spider-feedback@bytedance.com)"
216.73.216.115 - - [16/Dec/2025:01:14:02 +0000] "GET /entity/287278656.htm HTTP/1.1" 301 5 "-" "Mozilla/5.0 AppleWebKit/537.36 (KHTML, like Gecko; compatible; ClaudeBot/1.0; +claudebot@anthropic.com)"
216.73.216.115 - - [16/Dec/2025:01:14:03 +0000] "GET /entity/287278656.htm/ HTTP/1.1" 200 45436 "https://datainsightnow.com/entity/287278656.htm" "Mozilla/5.0 AppleWebKit/537.36 (KHTML, like Gecko; compatible; ClaudeBot/1.0; +claudebot@anthropic.com)"
57.141.0.76 - - [16/Dec/2025:01:14:03 +0000] "GET /karamba-spielsaal-erfahrungen-angeschlossen-testbericht-werfen-sie-einen-blick-auf-den-link-within-2025-pro-teutonia/?fileloc=//sys/class/pci_bus/0000:0b/subsystem/0000:06/subsystem/0000:00/device/0000:00:02.2/0000:04:00.0/resource&path=//sys/class/pci_bus/0000:0b/subsystem/0000:06/subsystem/0000:00/device/0000:00:02.2/0000:04:00.0 HTTP/1.1" 200 262209 "-" "meta-externalagent/1.1 (+https://developers.facebook.com/docs/sharing/webmasters/crawler)"
57.141.0.50 - - [16/Dec/2025:01:14:04 +0000] "GET /2025/03/07/page/6/?fileloc=//sys/class/pci_bus/0000:07/device/pci_bus/0000:07/device/driver/0000:00:02.3/driver/0000:00:03.7/aer_rootport_total_err_nonfatal&path=//sys/class/pci_bus/0000:07/device/pci_bus/0000:07/device/driver/0000:00:02.3/driver/0000:00:03.7 HTTP/1.1" 200 262217 "-" "meta-externalagent/1.1 (+https://developers.facebook.com/docs/sharing/webmasters/crawler)"
216.73.216.115 - - [16/Dec/2025:01:14:05 +0000] "GET /entity/287278393.htm HTTP/1.1" 301 5 "-" "Mozilla/5.0 AppleWebKit/537.36 (KHTML, like Gecko; compatible; ClaudeBot/1.0; +claudebot@anthropic.com)"
74.7.227.155 - - [16/Dec/2025:01:14:05 +0000] "GET /?p=48513 HTTP/1.1" 200 41955 "-" "Mozilla/5.0 AppleWebKit/537.36 (KHTML, like Gecko; compatible; GPTBot/1.3; +https://openai.com/gptbot)"
216.73.216.115 - - [16/Dec/2025:01:14:06 +0000] "GET /entity/287278393.htm/ HTTP/1.1" 200 45436 "https://datainsightnow.com/entity/287278393.htm" "Mozilla/5.0 AppleWebKit/537.36 (KHTML, like Gecko; compatible; ClaudeBot/1.0; +claudebot@anthropic.com)"
57.141.0.4 - - [16/Dec/2025:01:14:06 +0000] "GET /karamba-spielsaal-erfahrungen-angeschlossen-testbericht-werfen-sie-einen-blick-auf-den-link-within-2025-pro-teutonia/?fileloc=//sys/class/pci_bus/0000:01/subsystem/0000:08/subsystem/0000:0b/subsystem/0000:06/subsystem/0000:06/cpulistaffinity&path=//sys/class/pci_bus/0000:01/subsystem/0000:08/subsystem/0000:0b/subsystem/0000:06/subsystem/0000:06 HTTP/1.1" 200 262264 "-" "meta-externalagent/1.1 (+https://developers.facebook.com/docs/sharing/webmasters/crawler)"
57.141.0.50 - - [16/Dec/2025:01:14:06 +0000] "GET /2025/03/07/page/6/?fileloc=//sys/class/pci_bus/0000:01/device/driver/0000:00:03.1/firmware_node/subsystem/devices/device:00/physical_node/consistent_dma_mask_bits&path=//sys/class/pci_bus/0000:01/device/driver/0000:00:03.1/firmware_node/subsystem/devices/device:00/physical_node HTTP/1.1" 200 262209 "-" "meta-externalagent/1.1 (+https://developers.facebook.com/docs/sharing/webmasters/crawler)"
216.73.216.115 - - [16/Dec/2025:01:14:08 +0000] "GET /entity/287388984.htm HTTP/1.1" 301 5 "-" "Mozilla/5.0 AppleWebKit/537.36 (KHTML, like Gecko; compatible; ClaudeBot/1.0; +claudebot@anthropic.com)"
74.7.227.155 - - [16/Dec/2025:01:14:08 +0000] "GET /?p=48537 HTTP/1.1" 200 42716 "-" "Mozilla/5.0 AppleWebKit/537.36 (KHTML, like Gecko; compatible; GPTBot/1.3; +https://openai.com/gptbot)"
216.73.216.115 - - [16/Dec/2025:01:14:09 +0000] "GET /entity/287388984.htm/ HTTP/1.1" 200 45436 "https://datainsightnow.com/entity/287388984.htm" "Mozilla/5.0 AppleWebKit/537.36 (KHTML, like Gecko; compatible; ClaudeBot/1.0; +claudebot@anthropic.com)"
74.7.227.155 - - [16/Dec/2025:01:14:09 +0000] "GET /?p=32197 HTTP/1.1" 200 43187 "-" "Mozilla/5.0 AppleWebKit/537.36 (KHTML, like Gecko; compatible; GPTBot/1.3; +https://openai.com/gptbot)"
57.141.0.39 - - [16/Dec/2025:01:14:11 +0000] "GET /2025/03/06/page/39/?fileloc=//sys/class/pci_bus/0000:0a/subsystem/0000:09/device/driver/0000:00:02.2/driver/0000:00:02.6/consistent_dma_mask_bits&path=//sys/class/pci_bus/0000:0a/subsystem/0000:09/device/driver/0000:00:02.2/driver/0000:00:02.6 HTTP/1.1" 200 262209 "-" "meta-externalagent/1.1 (+https://developers.facebook.com/docs/sharing/webmasters/crawler)"
216.73.216.115 - - [16/Dec/2025:01:14:11 +0000] "GET /entity/287159775.htm HTTP/1.1" 301 5 "-" "Mozilla/5.0 AppleWebKit/537.36 (KHTML, like Gecko; compatible; ClaudeBot/1.0; +claudebot@anthropic.com)"
216.73.216.115 - - [16/Dec/2025:01:14:12 +0000] "GET /entity/287159775.htm/ HTTP/1.1" 200 45436 "https://datainsightnow.com/entity/287159775.htm" "Mozilla/5.0 AppleWebKit/537.36 (KHTML, like Gecko; compatible; ClaudeBot/1.0; +claudebot@anthropic.com)"
217.113.194.61 - - [16/Dec/2025:01:14:12 +0000] "GET /contact/?fileloc=//etc/apparmor.d/nautilus&path=//etc/apparmor.d HTTP/1.1" 200 45436 "-" "Mozilla/5.0 (compatible; Barkrowler/0.9; +https://babbar.tech/crawler)"
74.7.227.155 - - [16/Dec/2025:01:14:12 +0000] "GET /?p=18305 HTTP/1.1" 200 43647 "-" "Mozilla/5.0 AppleWebKit/537.36 (KHTML, like Gecko; compatible; GPTBot/1.3; +https://openai.com/gptbot)"
185.191.171.7 - - [16/Dec/2025:01:14:13 +0000] "GET /?p=27287 HTTP/1.1" 200 43668 "-" "Mozilla/5.0 (compatible; SemrushBot/7~bl; +http://www.semrush.com/bot.html)"
74.7.227.155 - - [16/Dec/2025:01:14:15 +0000] "GET /?p=19346 HTTP/1.1" 200 41996 "-" "Mozilla/5.0 AppleWebKit/537.36 (KHTML, like Gecko; compatible; GPTBot/1.3; +https://openai.com/gptbot)"
216.73.216.115 - - [16/Dec/2025:01:14:16 +0000] "GET /entity/287170659.htm HTTP/1.1" 301 5 "-" "Mozilla/5.0 AppleWebKit/537.36 (KHTML, like Gecko; compatible; ClaudeBot/1.0; +claudebot@anthropic.com)"
216.73.216.115 - - [16/Dec/2025:01:14:16 +0000] "GET /entity/287170659.htm/ HTTP/1.1" 200 45436 "https://datainsightnow.com/entity/287170659.htm" "Mozilla/5.0 AppleWebKit/537.36 (KHTML, like Gecko; compatible; ClaudeBot/1.0; +claudebot@anthropic.com)"
74.7.227.155 - - [16/Dec/2025:01:14:19 +0000] "GET /?p=19286 HTTP/1.1" 200 42805 "-" "Mozilla/5.0 AppleWebKit/537.36 (KHTML, like Gecko; compatible; GPTBot/1.3; +https://openai.com/gptbot)"
216.73.216.115 - - [16/Dec/2025:01:14:19 +0000] "GET /entity/287223495.htm HTTP/1.1" 301 5 "-" "Mozilla/5.0 AppleWebKit/537.36 (KHTML, like Gecko; compatible; ClaudeBot/1.0; +claudebot@anthropic.com)"
216.73.216.115 - - [16/Dec/2025:01:14:19 +0000] "GET /entity/287223495.htm/ HTTP/1.1" 200 45436 "https://datainsightnow.com/entity/287223495.htm" "Mozilla/5.0 AppleWebKit/537.36 (KHTML, like Gecko; compatible; ClaudeBot/1.0; +claudebot@anthropic.com)"
57.141.0.16 - - [16/Dec/2025:01:14:20 +0000] "GET /moneysense-self-help-guide-to-the-ideal-profile/?fileloc=//sys/class/pci_bus/0000:00/device/0000:00:03.0/driver/0000:00:03.2/driver/0000:00:04.0/class&path=//sys/class/pci_bus/0000:00/device/0000:00:03.0/driver/0000:00:03.2/driver/0000:00:04.0 HTTP/1.1" 200 262264 "-" "meta-externalagent/1.1 (+https://developers.facebook.com/docs/sharing/webmasters/crawler)"
57.141.0.50 - - [16/Dec/2025:01:14:20 +0000] "GET /2025/03/07/page/6/?fileloc=//sys/class/pci_bus/0000:0b/subsystem/0000:02/subsystem/0000:0b/subsystem/0000:08/subsystem/0000:09/cpuaffinity&path=//sys/class/pci_bus/0000:0b/subsystem/0000:02/subsystem/0000:0b/subsystem/0000:08/subsystem/0000:09 HTTP/1.1" 200 262264 "-" "meta-externalagent/1.1 (+https://developers.facebook.com/docs/sharing/webmasters/crawler)"
66.249.72.227 - - [16/Dec/2025:01:14:21 +0000] "GET /?fileloc=//sys/class/sound/card0/device/subsystem/devices/0000:00:02.2/driver/0000:00:03.4/driver/0000:00:02.6/driver/0000:00:03.6/driver/0000:00:04.1/subsystem/devices/0000:02:00.0/subsystem/devices/0000:00:03.7/power_state&path=//sys/class/sound/card0/device/subsystem/devices/0000:00:02.2/driver/0000:00:03.4/driver/0000:00:02.6/driver/0000:00:03.6/driver/0000:00:04.1/subsystem/devices/0000:02:00.0/subsystem/devices/0000:00:03.7 HTTP/1.1" 200 45437 "-" "Mozilla/5.0 (Linux; Android 6.0.1; Nexus 5X Build/MMB29P) AppleWebKit/537.36 (KHTML, like Gecko) Chrome/141.0.7390.122 Mobile Safari/537.36 (compatible; Googlebot/2.1; +http://www.google.com/bot.html)"
74.7.227.155 - - [16/Dec/2025:01:14:22 +0000] "GET /?p=19348 HTTP/1.1" 200 42418 "-" "Mozilla/5.0 AppleWebKit/537.36 (KHTML, like Gecko; compatible; GPTBot/1.3; +https://openai.com/gptbot)"
216.73.216.115 - - [16/Dec/2025:01:14:22 +0000] "GET /entity/287173496.htm HTTP/1.1" 301 5 "-" "Mozilla/5.0 AppleWebKit/537.36 (KHTML, like Gecko; compatible; ClaudeBot/1.0; +claudebot@anthropic.com)"
216.73.216.115 - - [16/Dec/2025:01:14:22 +0000] "GET /entity/287173496.htm/ HTTP/1.1" 200 45436 "https://datainsightnow.com/entity/287173496.htm" "Mozilla/5.0 AppleWebKit/537.36 (KHTML, like Gecko; compatible; ClaudeBot/1.0; +claudebot@anthropic.com)"
57.141.0.75 - - [16/Dec/2025:01:14:23 +0000] "GET /karamba-spielsaal-erfahrungen-angeschlossen-testbericht-werfen-sie-einen-blick-auf-den-link-within-2025-pro-teutonia/?path=//sys/class/pci_bus/0000:06/subsystem/0000:05/subsystem/0000:01/device/driver/0000:00:02.7/driver/0000:00:03.6/subsystem/slots/0-5 HTTP/1.1" 200 262209 "-" "meta-externalagent/1.1 (+https://developers.facebook.com/docs/sharing/webmasters/crawler)"
57.141.0.6 - - [16/Dec/2025:01:14:23 +0000] "GET /2025/03/07/page/6/?fileloc=//sys/class/pci_bus/0000:05/subsystem/0000:0c/subsystem/0000:11/subsystem/0000:08/subsystem/0000:0e/device/driver/0000:00:04.1/local_cpus&path=//sys/class/pci_bus/0000:05/subsystem/0000:0c/subsystem/0000:11/subsystem/0000:08/subsystem/0000:0e/device/driver/0000:00:04.1 HTTP/1.1" 200 262255 "-" "meta-externalagent/1.1 (+https://developers.facebook.com/docs/sharing/webmasters/crawler)"
216.73.216.115 - - [16/Dec/2025:01:14:25 +0000] "GET /entity/287240324.htm HTTP/1.1" 301 5 "-" "Mozilla/5.0 AppleWebKit/537.36 (KHTML, like Gecko; compatible; ClaudeBot/1.0; +claudebot@anthropic.com)"
74.7.227.155 - - [16/Dec/2025:01:14:25 +0000] "GET /?p=19824 HTTP/1.1" 200 43006 "-" "Mozilla/5.0 AppleWebKit/537.36 (KHTML, like Gecko; compatible; GPTBot/1.3; +https://openai.com/gptbot)"
57.141.0.44 - - [16/Dec/2025:01:14:26 +0000] "GET /2025/03/07/page/6/?fileloc=//sys/class/pci_bus/0000:05/subsystem/0000:0f/subsystem/0000:08/subsystem/0000:00/device/0000:00:04.0/config&path=//sys/class/pci_bus/0000:05/subsystem/0000:0f/subsystem/0000:08/subsystem/0000:00/device/0000:00:04.0 HTTP/1.1" 200 262264 "-" "meta-externalagent/1.1 (+https://developers.facebook.com/docs/sharing/webmasters/crawler)"
216.73.216.115 - - [16/Dec/2025:01:14:26 +0000] "GET /entity/287240324.htm/ HTTP/1.1" 200 45436 "https://datainsightnow.com/entity/287240324.htm" "Mozilla/5.0 AppleWebKit/537.36 (KHTML, like Gecko; compatible; ClaudeBot/1.0; +claudebot@anthropic.com)"
52.167.144.157 - - [16/Dec/2025:01:14:26 +0000] "GET /4840704?entity=0004822274 HTTP/1.1" 200 31444 "-" "Mozilla/5.0 AppleWebKit/537.36 (KHTML, like Gecko; compatible; bingbot/2.0; +http://www.bing.com/bingbot.htm) Chrome/116.0.1938.76 Safari/537.36"
216.73.216.115 - - [16/Dec/2025:01:14:28 +0000] "GET /entity/287177389.htm HTTP/1.1" 301 5 "-" "Mozilla/5.0 AppleWebKit/537.36 (KHTML, like Gecko; compatible; ClaudeBot/1.0; +claudebot@anthropic.com)"
74.7.227.155 - - [16/Dec/2025:01:14:29 +0000] "GET /?p=28649 HTTP/1.1" 200 42888 "-" "Mozilla/5.0 AppleWebKit/537.36 (KHTML, like Gecko; compatible; GPTBot/1.3; +https://openai.com/gptbot)"
154.54.249.198 - - [16/Dec/2025:01:14:29 +0000] "GET /contact/?fileloc=//etc/logrotate.d/dpkg&path=//etc/logrotate.d HTTP/1.1" 200 45436 "-" "Mozilla/5.0 (compatible; Barkrowler/0.9; +https://babbar.tech/crawler)"
216.73.216.115 - - [16/Dec/2025:01:14:29 +0000] "GET /entity/287177389.htm/ HTTP/1.1" 200 45436 "https://datainsightnow.com/entity/287177389.htm" "Mozilla/5.0 AppleWebKit/537.36 (KHTML, like Gecko; compatible; ClaudeBot/1.0; +claudebot@anthropic.com)"
57.141.0.12 - - [16/Dec/2025:01:14:29 +0000] "GET /2025/03/06/page/39/?path=//sys/class/pci_bus/0000:04/subsystem/0000:06/subsystem/0000:02/subsystem/0000:02 HTTP/1.1" 200 262216 "-" "meta-externalagent/1.1 (+https://developers.facebook.com/docs/sharing/webmasters/crawler)"
216.73.216.115 - - [16/Dec/2025:01:14:31 +0000] "GET /entity/287276321.htm HTTP/1.1" 301 5 "-" "Mozilla/5.0 AppleWebKit/537.36 (KHTML, like Gecko; compatible; ClaudeBot/1.0; +claudebot@anthropic.com)"
74.7.227.155 - - [16/Dec/2025:01:14:31 +0000] "GET /?p=19820 HTTP/1.1" 200 42204 "-" "Mozilla/5.0 AppleWebKit/537.36 (KHTML, like Gecko; compatible; GPTBot/1.3; +https://openai.com/gptbot)"
216.73.216.115 - - [16/Dec/2025:01:14:31 +0000] "GET /entity/287276321.htm/ HTTP/1.1" 200 45436 "https://datainsightnow.com/entity/287276321.htm" "Mozilla/5.0 AppleWebKit/537.36 (KHTML, like Gecko; compatible; ClaudeBot/1.0; +claudebot@anthropic.com)"
57.141.0.74 - - [16/Dec/2025:01:14:33 +0000] "GET /karamba-spielsaal-erfahrungen-angeschlossen-testbericht-werfen-sie-einen-blick-auf-den-link-within-2025-pro-teutonia/?fileloc=//sys/class/pci_bus/0000:0a/subsystem/0000:13/subsystem/0000:05/subsystem/0000:0f/subsystem/0000:10/rescan&path=//sys/class/pci_bus/0000:0a/subsystem/0000:13/subsystem/0000:05/subsystem/0000:0f/subsystem/0000:10 HTTP/1.1" 200 262248 "-" "meta-externalagent/1.1 (+https://developers.facebook.com/docs/sharing/webmasters/crawler)"
57.141.0.45 - - [16/Dec/2025:01:14:33 +0000] "GET /karamba-spielsaal-erfahrungen-angeschlossen-testbericht-werfen-sie-einen-blick-auf-den-link-within-2025-pro-teutonia/?path=//sys/class/pci_bus/0000:06/subsystem/0000:04/device/driver/0000:00:02.3/driver/0000:00:02.2/0000:00:02.2:pcie001/subsystem HTTP/1.1" 200 262209 "-" "meta-externalagent/1.1 (+https://developers.facebook.com/docs/sharing/webmasters/crawler)"
74.7.227.155 - - [16/Dec/2025:01:14:34 +0000] "GET /?p=28701 HTTP/1.1" 200 42406 "-" "Mozilla/5.0 AppleWebKit/537.36 (KHTML, like Gecko; compatible; GPTBot/1.3; +https://openai.com/gptbot)"
216.73.216.115 - - [16/Dec/2025:01:14:37 +0000] "GET /entity/287236953.htm HTTP/1.1" 301 5 "-" "Mozilla/5.0 AppleWebKit/537.36 (KHTML, like Gecko; compatible; ClaudeBot/1.0; +claudebot@anthropic.com)"
74.7.227.155 - - [16/Dec/2025:01:14:37 +0000] "GET /?p=48563 HTTP/1.1" 200 42231 "-" "Mozilla/5.0 AppleWebKit/537.36 (KHTML, like Gecko; compatible; GPTBot/1.3; +https://openai.com/gptbot)"
216.73.216.115 - - [16/Dec/2025:01:14:38 +0000] "GET /entity/287236953.htm/ HTTP/1.1" 200 45436 "https://datainsightnow.com/entity/287236953.htm" "Mozilla/5.0 AppleWebKit/537.36 (KHTML, like Gecko; compatible; ClaudeBot/1.0; +claudebot@anthropic.com)"
57.141.0.52 - - [16/Dec/2025:01:14:38 +0000] "GET /moneysense-self-help-guide-to-the-ideal-profile/?path=//sys/class/pci_bus/0000:0c/subsystem/0000:11/device/driver/0000:00:03.1/subsystem/devices/0000:05:00.0 HTTP/1.1" 200 262264 "-" "meta-externalagent/1.1 (+https://developers.facebook.com/docs/sharing/webmasters/crawler)"
57.141.0.27 - - [16/Dec/2025:01:14:39 +0000] "GET /2025/03/07/page/6/?fileloc=//sys/class/pci_bus/0000:00/device/0000:00:02.6/pci_bus/0000:08/device/driver/0000:00:02.4/config&path=//sys/class/pci_bus/0000:00/device/0000:00:02.6/pci_bus/0000:08/device/driver/0000:00:02.4 HTTP/1.1" 200 262209 "-" "meta-externalagent/1.1 (+https://developers.facebook.com/docs/sharing/webmasters/crawler)"
57.141.0.26 - - [16/Dec/2025:01:14:40 +0000] "GET /karamba-spielsaal-erfahrungen-angeschlossen-testbericht-werfen-sie-einen-blick-auf-den-link-within-2025-pro-teutonia/?fileloc=//sys/class/pci_bus/0000:0d/subsystem/0000:06/subsystem/0000:02/subsystem/0000:01/device/ari_enabled&path=//sys/class/pci_bus/0000:0d/subsystem/0000:06/subsystem/0000:02/subsystem/0000:01/device HTTP/1.1" 200 262255 "-" "meta-externalagent/1.1 (+https://developers.facebook.com/docs/sharing/webmasters/crawler)"
216.73.216.115 - - [16/Dec/2025:01:14:40 +0000] "GET /entity/287231259.htm HTTP/1.1" 301 5 "-" "Mozilla/5.0 AppleWebKit/537.36 (KHTML, like Gecko; compatible; ClaudeBot/1.0; +claudebot@anthropic.com)"
57.141.0.19 - - [16/Dec/2025:01:14:41 +0000] "GET /karamba-spielsaal-erfahrungen-angeschlossen-testbericht-werfen-sie-einen-blick-auf-den-link-within-2025-pro-teutonia/?fileloc=//sys/class/pci_bus/0000:06/subsystem/0000:05/subsystem/0000:08/device/driver/0000:00:02.2/driver/0000:00:02.4/local_cpus&path=//sys/class/pci_bus/0000:06/subsystem/0000:05/subsystem/0000:08/device/driver/0000:00:02.2/driver/0000:00:02.4 HTTP/1.1" 200 262264 "-" "meta-externalagent/1.1 (+https://developers.facebook.com/docs/sharing/webmasters/crawler)"
74.7.227.155 - - [16/Dec/2025:01:14:41 +0000] "GET /?p=19806 HTTP/1.1" 200 43539 "-" "Mozilla/5.0 AppleWebKit/537.36 (KHTML, like Gecko; compatible; GPTBot/1.3; +https://openai.com/gptbot)"
57.141.0.25 - - [16/Dec/2025:01:14:41 +0000] "GET /2025/03/07/page/6/?path=//sys/class/pci_bus/0000:0c/subsystem/0000:09/device/driver/0000:00:02.3/driver/0000:00:02.7/pci_bus HTTP/1.1" 200 262209 "-" "meta-externalagent/1.1 (+https://developers.facebook.com/docs/sharing/webmasters/crawler)"
185.191.171.8 - - [16/Dec/2025:01:14:42 +0000] "GET /?p=39083 HTTP/1.1" 200 48240 "-" "Mozilla/5.0 (compatible; SemrushBot/7~bl; +http://www.semrush.com/bot.html)"
216.73.216.115 - - [16/Dec/2025:01:14:42 +0000] "GET /entity/287231259.htm/ HTTP/1.1" 200 45436 "https://datainsightnow.com/entity/287231259.htm" "Mozilla/5.0 AppleWebKit/537.36 (KHTML, like Gecko; compatible; ClaudeBot/1.0; +claudebot@anthropic.com)"
57.141.0.25 - - [16/Dec/2025:01:14:42 +0000] "GET /2025/03/07/page/6/?fileloc=//sys/class/pci_bus/0000:0b/subsystem/0000:0f/device/subsystem/devices/0000:02:00.0/reset&path=//sys/class/pci_bus/0000:0b/subsystem/0000:0f/device/subsystem/devices/0000:02:00.0 HTTP/1.1" 200 262209 "-" "meta-externalagent/1.1 (+https://developers.facebook.com/docs/sharing/webmasters/crawler)"
57.141.0.77 - - [16/Dec/2025:01:14:43 +0000] "GET /2025/03/06/page/39/?path=//sys/class/pci_bus/0000:0c/subsystem/0000:00/device/0000:00:00.0/firmware_node/subsystem/devices/device:3b HTTP/1.1" 200 262248 "-" "meta-externalagent/1.1 (+https://developers.facebook.com/docs/sharing/webmasters/crawler)"
216.73.216.115 - - [16/Dec/2025:01:14:43 +0000] "GET /entity/287298852.htm HTTP/1.1" 301 5 "-" "Mozilla/5.0 AppleWebKit/537.36 (KHTML, like Gecko; compatible; ClaudeBot/1.0; +claudebot@anthropic.com)"
216.73.216.115 - - [16/Dec/2025:01:14:44 +0000] "GET /entity/287298852.htm/ HTTP/1.1" 200 45436 "https://datainsightnow.com/entity/287298852.htm" "Mozilla/5.0 AppleWebKit/537.36 (KHTML, like Gecko; compatible; ClaudeBot/1.0; +claudebot@anthropic.com)"
74.7.227.155 - - [16/Dec/2025:01:14:44 +0000] "GET /?p=28695 HTTP/1.1" 200 43287 "-" "Mozilla/5.0 AppleWebKit/537.36 (KHTML, like Gecko; compatible; GPTBot/1.3; +https://openai.com/gptbot)"
57.141.0.42 - - [16/Dec/2025:01:14:45 +0000] "GET /2025/03/06/page/39/?path=//sys/class/pci_bus/0000:07/subsystem/0000:05/device/driver/0000:00:02.0/subsystem/slots/22 HTTP/1.1" 200 262264 "-" "meta-externalagent/1.1 (+https://developers.facebook.com/docs/sharing/webmasters/crawler)"
217.113.194.57 - - [16/Dec/2025:01:14:45 +0000] "GET /contact/?fileloc=//usr/sbin/arptables-nft-save&path=//usr/sbin HTTP/1.1" 200 45436 "-" "Mozilla/5.0 (compatible; Barkrowler/0.9; +https://babbar.tech/crawler)"
216.73.216.115 - - [16/Dec/2025:01:14:46 +0000] "GET /entity/287376813.htm HTTP/1.1" 301 5 "-" "Mozilla/5.0 AppleWebKit/537.36 (KHTML, like Gecko; compatible; ClaudeBot/1.0; +claudebot@anthropic.com)"
216.73.216.115 - - [16/Dec/2025:01:14:46 +0000] "GET /entity/287376813.htm/ HTTP/1.1" 200 45436 "https://datainsightnow.com/entity/287376813.htm" "Mozilla/5.0 AppleWebKit/537.36 (KHTML, like Gecko; compatible; ClaudeBot/1.0; +claudebot@anthropic.com)"
74.7.227.155 - - [16/Dec/2025:01:14:47 +0000] "GET /?p=28647 HTTP/1.1" 200 41204 "-" "Mozilla/5.0 AppleWebKit/537.36 (KHTML, like Gecko; compatible; GPTBot/1.3; +https://openai.com/gptbot)"
216.73.216.115 - - [16/Dec/2025:01:14:49 +0000] "GET /entity/287382778.htm HTTP/1.1" 301 5 "-" "Mozilla/5.0 AppleWebKit/537.36 (KHTML, like Gecko; compatible; ClaudeBot/1.0; +claudebot@anthropic.com)"
57.141.0.43 - - [16/Dec/2025:01:14:49 +0000] "GET /2025/03/07/page/6/?path=//sys/class/pci_bus/0000:0a/subsystem/0000:09/device/subsystem/devices/0000:00:02.1/driver/0000:00:02.7/0000:09:00.0/firmware_node HTTP/1.1" 200 262255 "-" "meta-externalagent/1.1 (+https://developers.facebook.com/docs/sharing/webmasters/crawler)"
57.141.0.40 - - [16/Dec/2025:01:14:49 +0000] "GET /2025/03/07/page/6/?fileloc=//sys/class/pci_bus/0000:11/device/driver/0000:00:03.1/driver/0000:00:02.3/driver/0000:00:03.6/driver/0000:00:04.0/driver/0000:00:02.6/aer_dev_fatal&path=//sys/class/pci_bus/0000:11/device/driver/0000:00:03.1/driver/0000:00:02.3/driver/0000:00:03.6/driver/0000:00:04.0/driver/0000:00:02.6 HTTP/1.1" 200 262215 "-" "meta-externalagent/1.1 (+https://developers.facebook.com/docs/sharing/webmasters/crawler)"
66.135.21.75 - - [16/Dec/2025:01:14:50 +0000] "POST /wp-cron.php?doing_wp_cron=1765847690.1643509864807128906250 HTTP/1.1" 200 31 "-" "WordPress/6.3.1; https://datainsightnow.com"
216.73.216.115 - - [16/Dec/2025:01:14:50 +0000] "GET /entity/287382778.htm/ HTTP/1.1" 200 45436 "https://datainsightnow.com/entity/287382778.htm" "Mozilla/5.0 AppleWebKit/537.36 (KHTML, like Gecko; compatible; ClaudeBot/1.0; +claudebot@anthropic.com)"
57.141.0.16 - - [16/Dec/2025:01:14:51 +0000] "GET /karamba-spielsaal-erfahrungen-angeschlossen-testbericht-werfen-sie-einen-blick-auf-den-link-within-2025-pro-teutonia/?fileloc=//sys/class/pci_bus/0000:08/subsystem/0000:0f/subsystem/0000:09/subsystem/0000:01/subsystem/0000:02/cpulistaffinity&path=//sys/class/pci_bus/0000:08/subsystem/0000:0f/subsystem/0000:09/subsystem/0000:01/subsystem/0000:02 HTTP/1.1" 200 262209 "-" "meta-externalagent/1.1 (+https://developers.facebook.com/docs/sharing/webmasters/crawler)"
57.141.0.2 - - [16/Dec/2025:01:14:51 +0000] "GET /2025/03/07/page/6/?fileloc=//sys/class/pci_bus/0000:07/subsystem/0000:00/subsystem/0000:06/subsystem/0000:0e/cpulistaffinity&path=//sys/class/pci_bus/0000:07/subsystem/0000:00/subsystem/0000:06/subsystem/0000:0e HTTP/1.1" 200 262248 "-" "meta-externalagent/1.1 (+https://developers.facebook.com/docs/sharing/webmasters/crawler)"
216.73.216.115 - - [16/Dec/2025:01:14:52 +0000] "GET /entity/287234367.htm HTTP/1.1" 301 5 "-" "Mozilla/5.0 AppleWebKit/537.36 (KHTML, like Gecko; compatible; ClaudeBot/1.0; +claudebot@anthropic.com)"
216.73.216.115 - - [16/Dec/2025:01:14:53 +0000] "GET /entity/287234367.htm/ HTTP/1.1" 200 45436 "https://datainsightnow.com/entity/287234367.htm" "Mozilla/5.0 AppleWebKit/537.36 (KHTML, like Gecko; compatible; ClaudeBot/1.0; +claudebot@anthropic.com)"
57.141.0.46 - - [16/Dec/2025:01:14:53 +0000] "GET /moneysense-self-help-guide-to-the-ideal-profile/?fileloc=//sys/class/pci_bus/0000:02/subsystem/0000:02/device/driver/0000:00:03.1/subsystem/drivers/xen-platform-pci/remove_id&path=//sys/class/pci_bus/0000:02/subsystem/0000:02/device/driver/0000:00:03.1/subsystem/drivers/xen-platform-pci HTTP/1.1" 200 262264 "-" "meta-externalagent/1.1 (+https://developers.facebook.com/docs/sharing/webmasters/crawler)"
216.73.216.115 - - [16/Dec/2025:01:14:55 +0000] "GET /entity/287332265.htm HTTP/1.1" 301 5 "-" "Mozilla/5.0 AppleWebKit/537.36 (KHTML, like Gecko; compatible; ClaudeBot/1.0; +claudebot@anthropic.com)"
216.73.216.115 - - [16/Dec/2025:01:14:55 +0000] "GET /entity/287332265.htm/ HTTP/1.1" 200 45436 "https://datainsightnow.com/entity/287332265.htm" "Mozilla/5.0 AppleWebKit/537.36 (KHTML, like Gecko; compatible; ClaudeBot/1.0; +claudebot@anthropic.com)"
57.141.0.15 - - [16/Dec/2025:01:14:57 +0000] "GET /karamba-spielsaal-erfahrungen-angeschlossen-testbericht-werfen-sie-einen-blick-auf-den-link-within-2025-pro-teutonia/?fileloc=//sys/class/pci_bus/0000:06/subsystem/0000:0f/subsystem/0000:11/device/driver/0000:00:03.6/driver_override&path=//sys/class/pci_bus/0000:06/subsystem/0000:0f/subsystem/0000:11/device/driver/0000:00:03.6 HTTP/1.1" 200 262264 "-" "meta-externalagent/1.1 (+https://developers.facebook.com/docs/sharing/webmasters/crawler)"
216.73.216.115 - - [16/Dec/2025:01:14:58 +0000] "GET /entity/287354031.htm HTTP/1.1" 301 5 "-" "Mozilla/5.0 AppleWebKit/537.36 (KHTML, like Gecko; compatible; ClaudeBot/1.0; +claudebot@anthropic.com)"
216.73.216.115 - - [16/Dec/2025:01:14:58 +0000] "GET /entity/287354031.htm/ HTTP/1.1" 200 45436 "https://datainsightnow.com/entity/287354031.htm" "Mozilla/5.0 AppleWebKit/537.36 (KHTML, like Gecko; compatible; ClaudeBot/1.0; +claudebot@anthropic.com)"
57.141.0.2 - - [16/Dec/2025:01:14:59 +0000] "GET /karamba-spielsaal-erfahrungen-angeschlossen-testbericht-werfen-sie-einen-blick-auf-den-link-within-2025-pro-teutonia/?fileloc=//sys/class/pci_bus/0000:03/subsystem/0000:01/device/firmware_node/physical_node/firmware_node/physical_node/driver/0000:00:02.3/subsystem_vendor&path=//sys/class/pci_bus/0000:03/subsystem/0000:01/device/firmware_node/physical_node/firmware_node/physical_node/driver/0000:00:02.3 HTTP/1.1" 200 262209 "-" "meta-externalagent/1.1 (+https://developers.facebook.com/docs/sharing/webmasters/crawler)"
74.7.227.155 - - [16/Dec/2025:01:15:00 +0000] "GET /?p=18309 HTTP/1.1" 200 41640 "-" "Mozilla/5.0 AppleWebKit/537.36 (KHTML, like Gecko; compatible; GPTBot/1.3; +https://openai.com/gptbot)"
57.141.0.41 - - [16/Dec/2025:01:15:00 +0000] "GET /2025/03/13/?fileloc=//sys/class/pci_bus/0000:05/subsystem/0000:0b/device/driver/0000:00:02.4/modalias&path=//sys/class/pci_bus/0000:05/subsystem/0000:0b/device/driver/0000:00:02.4 HTTP/1.1" 200 262264 "-" "meta-externalagent/1.1 (+https://developers.facebook.com/docs/sharing/webmasters/crawler)"
216.73.216.115 - - [16/Dec/2025:01:15:01 +0000] "GET /entity/287309483.htm HTTP/1.1" 301 5 "-" "Mozilla/5.0 AppleWebKit/537.36 (KHTML, like Gecko; compatible; ClaudeBot/1.0; +claudebot@anthropic.com)"
216.73.216.115 - - [16/Dec/2025:01:15:02 +0000] "GET /entity/287309483.htm/ HTTP/1.1" 200 45436 "https://datainsightnow.com/entity/287309483.htm" "Mozilla/5.0 AppleWebKit/537.36 (KHTML, like Gecko; compatible; ClaudeBot/1.0; +claudebot@anthropic.com)"
217.113.194.213 - - [16/Dec/2025:01:15:02 +0000] "GET /apartmentsapart.com/?fileloc=//sbin/grub-mkconfig&path=//sbin HTTP/1.1" 200 45436 "-" "Mozilla/5.0 (compatible; Barkrowler/0.9; +https://babbar.tech/crawler)"
66.249.72.228 - - [16/Dec/2025:01:15:02 +0000] "GET /?fileloc=//sys/class/sound/card0/device/subsystem/devices/0000:00:02.2/subsystem/devices/0000:00:03.4/driver/0000:00:02.6/pci_bus/0000:08/device/subsystem/devices/0000:00:03.2/subordinate_bus_number&path=//sys/class/sound/card0/device/subsystem/devices/0000:00:02.2/subsystem/devices/0000:00:03.4/driver/0000:00:02.6/pci_bus/0000:08/device/subsystem/devices/0000:00:03.2 HTTP/1.1" 200 45437 "-" "Mozilla/5.0 (Linux; Android 6.0.1; Nexus 5X Build/MMB29P) AppleWebKit/537.36 (KHTML, like Gecko) Chrome/141.0.7390.122 Mobile Safari/537.36 (compatible; Googlebot/2.1; +http://www.google.com/bot.html)"
74.7.227.155 - - [16/Dec/2025:01:15:03 +0000] "GET /?p=19754 HTTP/1.1" 200 41449 "-" "Mozilla/5.0 AppleWebKit/537.36 (KHTML, like Gecko; compatible; GPTBot/1.3; +https://openai.com/gptbot)"
74.7.227.155 - - [16/Dec/2025:01:15:04 +0000] "GET /?p=19328 HTTP/1.1" 200 43753 "-" "Mozilla/5.0 AppleWebKit/537.36 (KHTML, like Gecko; compatible; GPTBot/1.3; +https://openai.com/gptbot)"
216.73.216.115 - - [16/Dec/2025:01:15:04 +0000] "GET /entity/287254053.htm HTTP/1.1" 301 5 "-" "Mozilla/5.0 AppleWebKit/537.36 (KHTML, like Gecko; compatible; ClaudeBot/1.0; +claudebot@anthropic.com)"
57.141.0.43 - - [16/Dec/2025:01:15:05 +0000] "GET /karamba-spielsaal-erfahrungen-angeschlossen-testbericht-werfen-sie-einen-blick-auf-den-link-within-2025-pro-teutonia/?fileloc=//sys/class/pci_bus/0000:0d/subsystem/0000:06/subsystem/0000:0f/power/runtime_active_kids&path=//sys/class/pci_bus/0000:0d/subsystem/0000:06/subsystem/0000:0f/power HTTP/1.1" 200 262264 "-" "meta-externalagent/1.1 (+https://developers.facebook.com/docs/sharing/webmasters/crawler)"
216.73.216.115 - - [16/Dec/2025:01:15:05 +0000] "GET /entity/287254053.htm/ HTTP/1.1" 200 45436 "https://datainsightnow.com/entity/287254053.htm" "Mozilla/5.0 AppleWebKit/537.36 (KHTML, like Gecko; compatible; ClaudeBot/1.0; +claudebot@anthropic.com)"
74.7.227.155 - - [16/Dec/2025:01:15:06 +0000] "GET /?p=19324 HTTP/1.1" 200 42004 "-" "Mozilla/5.0 AppleWebKit/537.36 (KHTML, like Gecko; compatible; GPTBot/1.3; +https://openai.com/gptbot)"
216.73.216.115 - - [16/Dec/2025:01:15:07 +0000] "GET /entity/287379407.htm HTTP/1.1" 301 5 "-" "Mozilla/5.0 AppleWebKit/537.36 (KHTML, like Gecko; compatible; ClaudeBot/1.0; +claudebot@anthropic.com)"
216.73.216.115 - - [16/Dec/2025:01:15:07 +0000] "GET /entity/287379407.htm/ HTTP/1.1" 200 45436 "https://datainsightnow.com/entity/287379407.htm" "Mozilla/5.0 AppleWebKit/537.36 (KHTML, like Gecko; compatible; ClaudeBot/1.0; +claudebot@anthropic.com)"
57.141.0.53 - - [16/Dec/2025:01:15:08 +0000] "GET /karamba-spielsaal-erfahrungen-angeschlossen-testbericht-werfen-sie-einen-blick-auf-den-link-within-2025-pro-teutonia/?fileloc=//sys/class/pci_bus/0000:0b/subsystem/0000:01/device/driver/0000:00:03.6/subsystem/devices/0000:00:02.2/driver/0000:00:02.7/secondary_bus_number&path=//sys/class/pci_bus/0000:0b/subsystem/0000:01/device/driver/0000:00:03.6/subsystem/devices/0000:00:02.2/driver/0000:00:02.7 HTTP/1.1" 200 262264 "-" "meta-externalagent/1.1 (+https://developers.facebook.com/docs/sharing/webmasters/crawler)"
57.141.0.52 - - [16/Dec/2025:01:15:10 +0000] "GET /2025/03/07/page/6/?fileloc=//sys/class/pci_bus/0000:05/subsystem/0000:06/subsystem/0000:09/subsystem/0000:08/subsystem/0000:09/device/max_link_speed&path=//sys/class/pci_bus/0000:05/subsystem/0000:06/subsystem/0000:09/subsystem/0000:08/subsystem/0000:09/device HTTP/1.1" 200 262264 "-" "meta-externalagent/1.1 (+https://developers.facebook.com/docs/sharing/webmasters/crawler)"
74.7.227.155 - - [16/Dec/2025:01:15:10 +0000] "GET /?p=19834 HTTP/1.1" 200 41937 "-" "Mozilla/5.0 AppleWebKit/537.36 (KHTML, like Gecko; compatible; GPTBot/1.3; +https://openai.com/gptbot)"
216.73.216.115 - - [16/Dec/2025:01:15:10 +0000] "GET /entity/287295744.htm HTTP/1.1" 301 5 "-" "Mozilla/5.0 AppleWebKit/537.36 (KHTML, like Gecko; compatible; ClaudeBot/1.0; +claudebot@anthropic.com)"
57.141.0.22 - - [16/Dec/2025:01:15:10 +0000] "GET /2025/03/07/page/6/?fileloc=//sys/class/pci_bus/0000:07/subsystem/0000:01/subsystem/0000:00/subsystem/0000:06/device/secondary_bus_number&path=//sys/class/pci_bus/0000:07/subsystem/0000:01/subsystem/0000:00/subsystem/0000:06/device HTTP/1.1" 200 262264 "-" "meta-externalagent/1.1 (+https://developers.facebook.com/docs/sharing/webmasters/crawler)"
57.141.0.49 - - [16/Dec/2025:01:15:11 +0000] "GET /2025/03/07/page/6/?fileloc=//sys/class/pci_bus/0000:05/subsystem/0000:06/subsystem/0000:03/subsystem/0000:01/subsystem/0000:04/device/0000:00:02.2:pcie002/uevent&path=//sys/class/pci_bus/0000:05/subsystem/0000:06/subsystem/0000:03/subsystem/0000:01/subsystem/0000:04/device/0000:00:02.2:pcie002 HTTP/1.1" 200 262264 "-" "meta-externalagent/1.1 (+https://developers.facebook.com/docs/sharing/webmasters/crawler)"
216.73.216.115 - - [16/Dec/2025:01:15:11 +0000] "GET /entity/287295744.htm/ HTTP/1.1" 200 45436 "https://datainsightnow.com/entity/287295744.htm" "Mozilla/5.0 AppleWebKit/537.36 (KHTML, like Gecko; compatible; ClaudeBot/1.0; +claudebot@anthropic.com)"
114.119.137.141 - - [16/Dec/2025:01:15:12 +0000] "GET /zodiac-kasino-erfahrungen-2024-480-bonus-80-freispiele?path=//sys/dev/char/5:1/subsystem/ttyS29/subsystem/tty0/subsystem/tty37/power HTTP/1.1" 301 5 "-" "Mozilla/5.0 (Linux; Android 7.0;) AppleWebKit/537.36 (KHTML, like Gecko) Mobile Safari/537.36 (compatible; PetalBot;+https://webmaster.petalsearch.com/site/petalbot)"
74.7.227.155 - - [16/Dec/2025:01:15:13 +0000] "GET /?p=48561 HTTP/1.1" 200 40678 "-" "Mozilla/5.0 AppleWebKit/537.36 (KHTML, like Gecko; compatible; GPTBot/1.3; +https://openai.com/gptbot)"
216.73.216.115 - - [16/Dec/2025:01:15:13 +0000] "GET /entity/287257161.htm HTTP/1.1" 301 5 "-" "Mozilla/5.0 AppleWebKit/537.36 (KHTML, like Gecko; compatible; ClaudeBot/1.0; +claudebot@anthropic.com)"
114.119.137.141 - - [16/Dec/2025:01:15:14 +0000] "GET /zodiac-kasino-erfahrungen-2024-480-bonus-80-freispiele/?path=//sys/dev/char/5:1/subsystem/ttyS29/subsystem/tty0/subsystem/tty37/power HTTP/1.1" 200 45437 "-" "Mozilla/5.0 (Linux; Android 7.0;) AppleWebKit/537.36 (KHTML, like Gecko) Mobile Safari/537.36 (compatible; PetalBot;+https://webmaster.petalsearch.com/site/petalbot)"
57.141.0.7 - - [16/Dec/2025:01:15:14 +0000] "GET /2025/03/07/page/6/?fileloc=//sys/class/pci_bus/0000:05/subsystem/0000:07/device/driver/0000:00:02.2/driver/0000:00:02.1/0000:02:00.0/aer_dev_nonfatal&path=//sys/class/pci_bus/0000:05/subsystem/0000:07/device/driver/0000:00:02.2/driver/0000:00:02.1/0000:02:00.0 HTTP/1.1" 200 262209 "-" "meta-externalagent/1.1 (+https://developers.facebook.com/docs/sharing/webmasters/crawler)"
52.167.144.158 - - [16/Dec/2025:01:15:14 +0000] "GET /enc_avif/?fileloc=/sys/kernel/slab/radix_tree_node/reclaim_account&path=/sys/kernel/slab/radix_tree_node HTTP/1.1" 200 30338 "-" "Mozilla/5.0 AppleWebKit/537.36 (KHTML, like Gecko; compatible; bingbot/2.0; +http://www.bing.com/bingbot.htm) Chrome/116.0.1938.76 Safari/537.36"
57.141.0.19 - - [16/Dec/2025:01:15:15 +0000] "GET /2025/03/07/page/6/?path=//sys/class/pci_bus/0000:08/subsystem/0000:09/subsystem/0000:11/subsystem/0000:0b HTTP/1.1" 200 262209 "-" "meta-externalagent/1.1 (+https://developers.facebook.com/docs/sharing/webmasters/crawler)"
216.73.216.115 - - [16/Dec/2025:01:15:15 +0000] "GET /entity/287257161.htm/ HTTP/1.1" 200 45436 "https://datainsightnow.com/entity/287257161.htm" "Mozilla/5.0 AppleWebKit/537.36 (KHTML, like Gecko; compatible; ClaudeBot/1.0; +claudebot@anthropic.com)"
57.141.0.77 - - [16/Dec/2025:01:15:15 +0000] "GET /2025/03/07/page/6/?path=//sys/class/pci_bus/0000:01/subsystem/0000:0a/subsystem/0000:05/device/0000:00:02.3:pcie002/power HTTP/1.1" 200 262264 "-" "meta-externalagent/1.1 (+https://developers.facebook.com/docs/sharing/webmasters/crawler)"
74.7.227.155 - - [16/Dec/2025:01:15:16 +0000] "GET /?p=18325 HTTP/1.1" 200 42911 "-" "Mozilla/5.0 AppleWebKit/537.36 (KHTML, like Gecko; compatible; GPTBot/1.3; +https://openai.com/gptbot)"
216.73.216.115 - - [16/Dec/2025:01:15:16 +0000] "GET /entity/287343922.htm HTTP/1.1" 301 5 "-" "Mozilla/5.0 AppleWebKit/537.36 (KHTML, like Gecko; compatible; ClaudeBot/1.0; +claudebot@anthropic.com)"
57.141.0.16 - - [16/Dec/2025:01:15:17 +0000] "GET /2025/03/07/page/6/?path=//sys/class/pci_bus/0000:0b/subsystem/0000:0e/subsystem/0000:06/device/driver/0000:00:02.1/0000:00:02.1:pcie001/driver/0000:00:02.7:pcie001 HTTP/1.1" 200 262209 "-" "meta-externalagent/1.1 (+https://developers.facebook.com/docs/sharing/webmasters/crawler)"
216.73.216.115 - - [16/Dec/2025:01:15:17 +0000] "GET /entity/287343922.htm/ HTTP/1.1" 200 45436 "https://datainsightnow.com/entity/287343922.htm" "Mozilla/5.0 AppleWebKit/537.36 (KHTML, like Gecko; compatible; ClaudeBot/1.0; +claudebot@anthropic.com)"
66.249.72.226 - - [16/Dec/2025:01:15:17 +0000] "GET /?fileloc=//sys/class/sound/card0/device/subsystem/devices/0000:00:02.4/driver/0000:00:03.0/driver/0000:00:02.4/vendor&path=//sys/class/sound/card0/device/subsystem/devices/0000:00:02.4/driver/0000:00:03.0/driver/0000:00:02.4 HTTP/1.1" 200 45437 "-" "Mozilla/5.0 (Linux; Android 6.0.1; Nexus 5X Build/MMB29P) AppleWebKit/537.36 (KHTML, like Gecko) Chrome/141.0.7390.122 Mobile Safari/537.36 (compatible; Googlebot/2.1; +http://www.google.com/bot.html)"
217.113.194.56 - - [16/Dec/2025:01:15:18 +0000] "GET /about/?fileloc=//etc/grub.d/20_linux_xen&path=//etc/grub.d HTTP/1.1" 200 45436 "-" "Mozilla/5.0 (compatible; Barkrowler/0.9; +https://babbar.tech/crawler)"
66.249.72.226 - - [16/Dec/2025:01:15:19 +0000] "GET /?fileloc=//sys/class/sound/card0/device/subsystem/devices/0000:00:02.2/subsystem/devices/0000:00:03.4/driver/0000:00:04.0/driver/0000:00:02.2/driver/0000:00:02.0/driver/0000:00:02.4/firmware_node/wakeup/wakeup6/subsystem/wakeup22/uevent&path=//sys/class/sound/card0/device/subsystem/devices/0000:00:02.2/subsystem/devices/0000:00:03.4/driver/0000:00:04.0/driver/0000:00:02.2/driver/0000:00:02.0/driver/0000:00:02.4/firmware_node/wakeup/wakeup6/subsystem/wakeup22 HTTP/1.1" 200 45437 "-" "Mozilla/5.0 (Linux; Android 6.0.1; Nexus 5X Build/MMB29P) AppleWebKit/537.36 (KHTML, like Gecko) Chrome/141.0.7390.122 Mobile Safari/537.36 (compatible; Googlebot/2.1; +http://www.google.com/bot.html)"
216.73.216.115 - - [16/Dec/2025:01:15:19 +0000] "GET /entity/287336672.htm HTTP/1.1" 301 5 "-" "Mozilla/5.0 AppleWebKit/537.36 (KHTML, like Gecko; compatible; ClaudeBot/1.0; +claudebot@anthropic.com)"
66.249.72.226 - - [16/Dec/2025:01:15:19 +0000] "GET /?fileloc=/opt/wpsites/gsudice.dataconn.net/wp-includes/class-wp-styles.php?entity/15981083.htm HTTP/1.1" 200 30616 "-" "Mozilla/5.0 (Linux; Android 6.0.1; Nexus 5X Build/MMB29P) AppleWebKit/537.36 (KHTML, like Gecko) Chrome/141.0.7390.122 Mobile Safari/537.36 (compatible; Googlebot/2.1; +http://www.google.com/bot.html)"
74.7.227.155 - - [16/Dec/2025:01:15:19 +0000] "GET /?p=26308 HTTP/1.1" 200 42580 "-" "Mozilla/5.0 AppleWebKit/537.36 (KHTML, like Gecko; compatible; GPTBot/1.3; +https://openai.com/gptbot)"
57.141.0.32 - - [16/Dec/2025:01:15:20 +0000] "GET /karamba-spielsaal-erfahrungen-angeschlossen-testbericht-werfen-sie-einen-blick-auf-den-link-within-2025-pro-teutonia/?fileloc=//sys/class/pci_bus/0000:06/subsystem/0000:05/subsystem/0000:0f/device/driver/0000:00:02.6/subsystem/slots/29/latch&path=//sys/class/pci_bus/0000:06/subsystem/0000:05/subsystem/0000:0f/device/driver/0000:00:02.6/subsystem/slots/29 HTTP/1.1" 200 262209 "-" "meta-externalagent/1.1 (+https://developers.facebook.com/docs/sharing/webmasters/crawler)"
216.73.216.115 - - [16/Dec/2025:01:15:20 +0000] "GET /entity/287336672.htm/ HTTP/1.1" 200 45436 "https://datainsightnow.com/entity/287336672.htm" "Mozilla/5.0 AppleWebKit/537.36 (KHTML, like Gecko; compatible; ClaudeBot/1.0; +claudebot@anthropic.com)"
85.208.96.207 - - [16/Dec/2025:01:15:20 +0000] "GET /?p=29789 HTTP/1.1" 200 42177 "-" "Mozilla/5.0 (compatible; SemrushBot/7~bl; +http://www.semrush.com/bot.html)"
57.141.0.48 - - [16/Dec/2025:01:15:21 +0000] "GET /karamba-spielsaal-erfahrungen-angeschlossen-testbericht-werfen-sie-einen-blick-auf-den-link-within-2025-pro-teutonia/?fileloc=//sys/class/pci_bus/0000:02/subsystem/0000:06/subsystem/0000:09/device/firmware_node/path&path=//sys/class/pci_bus/0000:02/subsystem/0000:06/subsystem/0000:09/device/firmware_node HTTP/1.1" 200 262209 "-" "meta-externalagent/1.1 (+https://developers.facebook.com/docs/sharing/webmasters/crawler)"
216.73.216.115 - - [16/Dec/2025:01:15:22 +0000] "GET /entity/287379921.htm HTTP/1.1" 301 5 "-" "Mozilla/5.0 AppleWebKit/537.36 (KHTML, like Gecko; compatible; ClaudeBot/1.0; +claudebot@anthropic.com)"
74.7.227.155 - - [16/Dec/2025:01:15:22 +0000] "GET /?p=28697 HTTP/1.1" 200 43220 "-" "Mozilla/5.0 AppleWebKit/537.36 (KHTML, like Gecko; compatible; GPTBot/1.3; +https://openai.com/gptbot)"
216.73.216.115 - - [16/Dec/2025:01:15:22 +0000] "GET /entity/287379921.htm/ HTTP/1.1" 200 45436 "https://datainsightnow.com/entity/287379921.htm" "Mozilla/5.0 AppleWebKit/537.36 (KHTML, like Gecko; compatible; ClaudeBot/1.0; +claudebot@anthropic.com)"
185.191.171.18 - - [16/Dec/2025:01:15:24 +0000] "GET /?p=33017 HTTP/1.1" 200 42917 "-" "Mozilla/5.0 (compatible; SemrushBot/7~bl; +http://www.semrush.com/bot.html)"
216.73.216.115 - - [16/Dec/2025:01:15:25 +0000] "GET /entity/287315177.htm HTTP/1.1" 301 5 "-" "Mozilla/5.0 AppleWebKit/537.36 (KHTML, like Gecko; compatible; ClaudeBot/1.0; +claudebot@anthropic.com)"
74.7.227.155 - - [16/Dec/2025:01:15:25 +0000] "GET /?p=19354 HTTP/1.1" 200 41778 "-" "Mozilla/5.0 AppleWebKit/537.36 (KHTML, like Gecko; compatible; GPTBot/1.3; +https://openai.com/gptbot)"
216.73.216.115 - - [16/Dec/2025:01:15:26 +0000] "GET /entity/287315177.htm/ HTTP/1.1" 200 45436 "https://datainsightnow.com/entity/287315177.htm" "Mozilla/5.0 AppleWebKit/537.36 (KHTML, like Gecko; compatible; ClaudeBot/1.0; +claudebot@anthropic.com)"
57.141.0.19 - - [16/Dec/2025:01:15:26 +0000] "GET /2025/03/07/page/6/?path=//sys/class/pci_bus/0000:05/subsystem/0000:03/subsystem/0000:05/subsystem/0000:11/subsystem/0000:02/power HTTP/1.1" 200 262248 "-" "meta-externalagent/1.1 (+https://developers.facebook.com/docs/sharing/webmasters/crawler)"
57.141.0.18 - - [16/Dec/2025:01:15:28 +0000] "GET /2025/03/06/page/39/?fileloc=//sys/class/pci_bus/0000:0a/subsystem/0000:0c/subsystem/0000:02/subsystem/0000:10/subsystem/0000:0c/cpuaffinity&path=//sys/class/pci_bus/0000:0a/subsystem/0000:0c/subsystem/0000:02/subsystem/0000:10/subsystem/0000:0c HTTP/1.1" 200 262264 "-" "meta-externalagent/1.1 (+https://developers.facebook.com/docs/sharing/webmasters/crawler)"
216.73.216.115 - - [16/Dec/2025:01:15:28 +0000] "GET /entity/287298338.htm HTTP/1.1" 301 5 "-" "Mozilla/5.0 AppleWebKit/537.36 (KHTML, like Gecko; compatible; ClaudeBot/1.0; +claudebot@anthropic.com)"
74.7.227.155 - - [16/Dec/2025:01:15:28 +0000] "GET /?p=28709 HTTP/1.1" 200 43315 "-" "Mozilla/5.0 AppleWebKit/537.36 (KHTML, like Gecko; compatible; GPTBot/1.3; +https://openai.com/gptbot)"
216.73.216.115 - - [16/Dec/2025:01:15:29 +0000] "GET /entity/287298338.htm/ HTTP/1.1" 200 45436 "https://datainsightnow.com/entity/287298338.htm" "Mozilla/5.0 AppleWebKit/537.36 (KHTML, like Gecko; compatible; ClaudeBot/1.0; +claudebot@anthropic.com)"
57.141.0.50 - - [16/Dec/2025:01:15:29 +0000] "GET /2025/03/07/page/6/?path=//sys/class/pci_bus/0000:05/subsystem/0000:05/subsystem/0000:02/subsystem/0000:11/device/0000:00:03.7:pcie002/driver/0000:00:02.2:pcie002 HTTP/1.1" 200 262209 "-" "meta-externalagent/1.1 (+https://developers.facebook.com/docs/sharing/webmasters/crawler)"
57.141.0.2 - - [16/Dec/2025:01:15:30 +0000] "GET /2025/03/06/page/39/?fileloc=//sys/class/pci_bus/0000:13/subsystem/0000:0a/device/driver/0000:00:02.7/driver/0000:00:03.7/ari_enabled&path=//sys/class/pci_bus/0000:13/subsystem/0000:0a/device/driver/0000:00:02.7/driver/0000:00:03.7 HTTP/1.1" 200 262248 "-" "meta-externalagent/1.1 (+https://developers.facebook.com/docs/sharing/webmasters/crawler)"
216.73.216.115 - - [16/Dec/2025:01:15:31 +0000] "GET /entity/287170137.htm HTTP/1.1" 301 5 "-" "Mozilla/5.0 AppleWebKit/537.36 (KHTML, like Gecko; compatible; ClaudeBot/1.0; +claudebot@anthropic.com)"
74.7.227.155 - - [16/Dec/2025:01:15:32 +0000] "GET /?p=48571 HTTP/1.1" 200 41420 "-" "Mozilla/5.0 AppleWebKit/537.36 (KHTML, like Gecko; compatible; GPTBot/1.3; +https://openai.com/gptbot)"
216.73.216.115 - - [16/Dec/2025:01:15:32 +0000] "GET /entity/287170137.htm/ HTTP/1.1" 200 45436 "https://datainsightnow.com/entity/287170137.htm" "Mozilla/5.0 AppleWebKit/537.36 (KHTML, like Gecko; compatible; ClaudeBot/1.0; +claudebot@anthropic.com)"
66.135.21.75 - - [16/Dec/2025:01:15:33 +0000] "POST /wp-cron.php?doing_wp_cron=1765847733.3242039680480957031250 HTTP/1.1" 200 31 "-" "WordPress/6.3.1; https://datainsightnow.com"
66.249.72.226 - - [16/Dec/2025:01:15:34 +0000] "GET /?fileloc=//sys/class/sound/card0/device/subsystem/devices/0000:00:02.4/driver/0000:00:03.7/subsystem/devices/0000:00:1f.2/driver/bind&path=//sys/class/sound/card0/device/subsystem/devices/0000:00:02.4/driver/0000:00:03.7/subsystem/devices/0000:00:1f.2/driver HTTP/1.1" 200 45437 "-" "Mozilla/5.0 (Linux; Android 6.0.1; Nexus 5X Build/MMB29P) AppleWebKit/537.36 (KHTML, like Gecko) Chrome/141.0.7390.122 Mobile Safari/537.36 (compatible; Googlebot/2.1; +http://www.google.com/bot.html)"
216.73.216.115 - - [16/Dec/2025:01:15:34 +0000] "GET /entity/287341077.htm HTTP/1.1" 301 5 "-" "Mozilla/5.0 AppleWebKit/537.36 (KHTML, like Gecko; compatible; ClaudeBot/1.0; +claudebot@anthropic.com)"
57.141.0.73 - - [16/Dec/2025:01:15:34 +0000] "GET /karamba-spielsaal-erfahrungen-angeschlossen-testbericht-werfen-sie-einen-blick-auf-den-link-within-2025-pro-teutonia/?fileloc=//sys/class/pci_bus/0000:06/subsystem/0000:05/subsystem/0000:00/subsystem/0000:0a/device/subsystem/devices/0000:06:00.0/local_cpulist&path=//sys/class/pci_bus/0000:06/subsystem/0000:05/subsystem/0000:00/subsystem/0000:0a/device/subsystem/devices/0000:06:00.0 HTTP/1.1" 200 262216 "-" "meta-externalagent/1.1 (+https://developers.facebook.com/docs/sharing/webmasters/crawler)"
52.167.144.157 - - [16/Dec/2025:01:15:34 +0000] "GET /usm_0.66_1.00_0.01?fileloc=//proc/64/statm&path=//proc/64 HTTP/1.1" 301 5 "-" "Mozilla/5.0 AppleWebKit/537.36 (KHTML, like Gecko; compatible; bingbot/2.0; +http://www.bing.com/bingbot.htm) Chrome/116.0.1938.76 Safari/537.36"
217.113.194.52 - - [16/Dec/2025:01:15:35 +0000] "GET /about/?fileloc=//etc/alternatives/c99.1.gz&path=//etc/alternatives HTTP/1.1" 200 45436 "-" "Mozilla/5.0 (compatible; Barkrowler/0.9; +https://babbar.tech/crawler)"
185.191.171.1 - - [16/Dec/2025:01:15:35 +0000] "GET /?p=37333 HTTP/1.1" 200 40863 "-" "Mozilla/5.0 (compatible; SemrushBot/7~bl; +http://www.semrush.com/bot.html)"
216.73.216.115 - - [16/Dec/2025:01:15:36 +0000] "GET /entity/287341077.htm/ HTTP/1.1" 200 45436 "https://datainsightnow.com/entity/287341077.htm" "Mozilla/5.0 AppleWebKit/537.36 (KHTML, like Gecko; compatible; ClaudeBot/1.0; +claudebot@anthropic.com)"
