57.141.0.5 - - [16/Dec/2025:01:09:23 +0000] "GET /2025/03/07/page/6/?fileloc=//sys/class/pci_bus/0000:06/subsystem/0000:0f/subsystem/0000:0f/subsystem/0000:12/subsystem/0000:13/rescan&path=//sys/class/pci_bus/0000:06/subsystem/0000:0f/subsystem/0000:0f/subsystem/0000:12/subsystem/0000:13 HTTP/1.1" 200 262216 "-" "meta-externalagent/1.1 (+https://developers.facebook.com/docs/sharing/webmasters/crawler)"
57.141.0.11 - - [16/Dec/2025:01:09:25 +0000] "GET /2025/03/05/page/6/?path=//sys/class/pci_bus/0000:05/subsystem/0000:0d/subsystem/0000:06/subsystem/0000:0f HTTP/1.1" 200 262248 "-" "meta-externalagent/1.1 (+https://developers.facebook.com/docs/sharing/webmasters/crawler)"
57.141.0.55 - - [16/Dec/2025:01:09:27 +0000] "GET /2025/03/07/page/6/?path=//sys/class/pci_bus/0000:06/subsystem/0000:04/device/subsystem/devices/0000:00:02.3/driver/0000:00:02.2/msi_irqs HTTP/1.1" 200 262264 "-" "meta-externalagent/1.1 (+https://developers.facebook.com/docs/sharing/webmasters/crawler)"
66.249.72.226 - - [16/Dec/2025:01:09:27 +0000] "GET /?path=//sys/class/sound/card0/device/subsystem/devices/0000:00:02.2/0000:04:00.0/subsystem/devices/0000:00:02.0/driver/0000:00:03.0/subsystem/devices/0000:02:00.0/firmware_node/device:1c/subsystem HTTP/1.1" 200 45437 "-" "Mozilla/5.0 (Linux; Android 6.0.1; Nexus 5X Build/MMB29P) AppleWebKit/537.36 (KHTML, like Gecko) Chrome/141.0.7390.122 Mobile Safari/537.36 (compatible; Googlebot/2.1; +http://www.google.com/bot.html)"
57.141.0.30 - - [16/Dec/2025:01:09:27 +0000] "GET /2025/03/07/page/6/?path=//sys/class/pci_bus/0000:05/subsystem/0000:07/device/driver/0000:00:02.2/0000:00:02.2:pcie002/driver/0000:00:03.0:pcie002/driver/0000:00:02.4:pcie002 HTTP/1.1" 200 262264 "-" "meta-externalagent/1.1 (+https://developers.facebook.com/docs/sharing/webmasters/crawler)"
74.7.227.155 - - [16/Dec/2025:01:09:28 +0000] "GET /index.php?format=xml&rest_route=%2Foembed%2F1.0%2Fembed&url=https%3A%2F%2Fdatainsightnow.com%2F%3Fp%3D30253 HTTP/1.1" 200 1286 "-" "Mozilla/5.0 AppleWebKit/537.36 (KHTML, like Gecko; compatible; GPTBot/1.3; +https://openai.com/gptbot)"
74.7.227.155 - - [16/Dec/2025:01:09:29 +0000] "GET /?p=19270 HTTP/1.1" 200 42790 "-" "Mozilla/5.0 AppleWebKit/537.36 (KHTML, like Gecko; compatible; GPTBot/1.3; +https://openai.com/gptbot)"
74.7.227.155 - - [16/Dec/2025:01:09:31 +0000] "GET /?p=20359 HTTP/1.1" 200 40947 "-" "Mozilla/5.0 AppleWebKit/537.36 (KHTML, like Gecko; compatible; GPTBot/1.3; +https://openai.com/gptbot)"
57.141.0.1 - - [16/Dec/2025:01:09:32 +0000] "GET /karamba-spielsaal-erfahrungen-angeschlossen-testbericht-werfen-sie-einen-blick-auf-den-link-within-2025-pro-teutonia/?fileloc=//sys/class/pci_bus/0000:06/subsystem/0000:0d/subsystem/0000:00/subsystem/0000:0b/subsystem/0000:00/device/0000:00:03.5/uevent&path=//sys/class/pci_bus/0000:06/subsystem/0000:0d/subsystem/0000:00/subsystem/0000:0b/subsystem/0000:00/device/0000:00:03.5 HTTP/1.1" 200 262264 "-" "meta-externalagent/1.1 (+https://developers.facebook.com/docs/sharing/webmasters/crawler)"
114.119.153.242 - - [16/Dec/2025:01:09:33 +0000] "GET /zodiac-kasino-erfahrungen-2024-480-bonus-80-freispiele?path=//sys/dev/char/5:1/subsystem/ttyS29/subsystem/tty26/subsystem/tty39/subsystem/tty28 HTTP/1.1" 301 5 "-" "Mozilla/5.0 (Linux; Android 7.0;) AppleWebKit/537.36 (KHTML, like Gecko) Mobile Safari/537.36 (compatible; PetalBot;+https://webmaster.petalsearch.com/site/petalbot)"
185.191.171.1 - - [16/Dec/2025:01:09:34 +0000] "GET /?p=32035 HTTP/1.1" 200 42817 "-" "Mozilla/5.0 (compatible; SemrushBot/7~bl; +http://www.semrush.com/bot.html)"
74.7.227.155 - - [16/Dec/2025:01:09:34 +0000] "GET /?p=49321 HTTP/1.1" 200 44534 "-" "Mozilla/5.0 AppleWebKit/537.36 (KHTML, like Gecko; compatible; GPTBot/1.3; +https://openai.com/gptbot)"
114.119.153.242 - - [16/Dec/2025:01:09:35 +0000] "GET /zodiac-kasino-erfahrungen-2024-480-bonus-80-freispiele/?path=//sys/dev/char/5:1/subsystem/ttyS29/subsystem/tty26/subsystem/tty39/subsystem/tty28 HTTP/1.1" 200 45437 "-" "Mozilla/5.0 (Linux; Android 7.0;) AppleWebKit/537.36 (KHTML, like Gecko) Mobile Safari/537.36 (compatible; PetalBot;+https://webmaster.petalsearch.com/site/petalbot)"
57.141.0.76 - - [16/Dec/2025:01:09:36 +0000] "GET /2025/03/07/page/6/?path=//sys/class/pci_bus/0000:0d/subsystem/0000:11/device/driver/0000:00:02.6/driver/0000:00:03.0 HTTP/1.1" 200 262264 "-" "meta-externalagent/1.1 (+https://developers.facebook.com/docs/sharing/webmasters/crawler)"
217.113.194.60 - - [16/Dec/2025:01:09:37 +0000] "GET /?fileloc=//sys/block/loop2/inflight&path=//sys/block/loop2 HTTP/1.1" 200 45436 "-" "Mozilla/5.0 (compatible; Barkrowler/0.9; +https://babbar.tech/crawler)"
74.7.227.155 - - [16/Dec/2025:01:09:38 +0000] "GET /?p=49305 HTTP/1.1" 200 42970 "-" "Mozilla/5.0 AppleWebKit/537.36 (KHTML, like Gecko; compatible; GPTBot/1.3; +https://openai.com/gptbot)"
57.141.0.19 - - [16/Dec/2025:01:09:38 +0000] "GET /2025/03/07/page/6/?fileloc=//sys/class/pci_bus/0000:0a/device/driver/0000:00:02.4/0000:00:02.4:pcie001/driver/0000:00:03.0:pcie001/driver/uevent&path=//sys/class/pci_bus/0000:0a/device/driver/0000:00:02.4/0000:00:02.4:pcie001/driver/0000:00:03.0:pcie001/driver HTTP/1.1" 200 262264 "-" "meta-externalagent/1.1 (+https://developers.facebook.com/docs/sharing/webmasters/crawler)"
216.73.216.115 - - [16/Dec/2025:01:09:40 +0000] "GET /entity/287360247.htm HTTP/1.1" 301 5 "-" "Mozilla/5.0 AppleWebKit/537.36 (KHTML, like Gecko; compatible; ClaudeBot/1.0; +claudebot@anthropic.com)"
216.73.216.115 - - [16/Dec/2025:01:09:41 +0000] "GET /entity/287360247.htm/ HTTP/1.1" 200 45436 "https://datainsightnow.com/entity/287360247.htm" "Mozilla/5.0 AppleWebKit/537.36 (KHTML, like Gecko; compatible; ClaudeBot/1.0; +claudebot@anthropic.com)"
74.7.227.155 - - [16/Dec/2025:01:09:41 +0000] "GET /?p=49301 HTTP/1.1" 200 43079 "-" "Mozilla/5.0 AppleWebKit/537.36 (KHTML, like Gecko; compatible; GPTBot/1.3; +https://openai.com/gptbot)"
216.73.216.115 - - [16/Dec/2025:01:09:43 +0000] "GET /entity/287296266.htm HTTP/1.1" 301 5 "-" "Mozilla/5.0 AppleWebKit/537.36 (KHTML, like Gecko; compatible; ClaudeBot/1.0; +claudebot@anthropic.com)"
85.208.96.196 - - [16/Dec/2025:01:09:44 +0000] "GET /?cat=1&paged=1239 HTTP/1.1" 200 37241 "-" "Mozilla/5.0 (compatible; SemrushBot/7~bl; +http://www.semrush.com/bot.html)"
57.141.0.17 - - [16/Dec/2025:01:09:44 +0000] "GET /karamba-spielsaal-erfahrungen-angeschlossen-testbericht-werfen-sie-einen-blick-auf-den-link-within-2025-pro-teutonia/?path=//sys/class/pci_bus/0000:0b/subsystem/0000:0a/subsystem/0000:00/subsystem/0000:0b/subsystem/0000:0f HTTP/1.1" 200 262215 "-" "meta-externalagent/1.1 (+https://developers.facebook.com/docs/sharing/webmasters/crawler)"
216.73.216.115 - - [16/Dec/2025:01:09:44 +0000] "GET /entity/287296266.htm/ HTTP/1.1" 200 45436 "https://datainsightnow.com/entity/287296266.htm" "Mozilla/5.0 AppleWebKit/537.36 (KHTML, like Gecko; compatible; ClaudeBot/1.0; +claudebot@anthropic.com)"
74.7.227.155 - - [16/Dec/2025:01:09:44 +0000] "GET /?p=49307 HTTP/1.1" 200 42484 "-" "Mozilla/5.0 AppleWebKit/537.36 (KHTML, like Gecko; compatible; GPTBot/1.3; +https://openai.com/gptbot)"
216.73.216.115 - - [16/Dec/2025:01:09:46 +0000] "GET /entity/287228404.htm HTTP/1.1" 301 5 "-" "Mozilla/5.0 AppleWebKit/537.36 (KHTML, like Gecko; compatible; ClaudeBot/1.0; +claudebot@anthropic.com)"
216.73.216.115 - - [16/Dec/2025:01:09:46 +0000] "GET /entity/287228404.htm/ HTTP/1.1" 200 45436 "https://datainsightnow.com/entity/287228404.htm" "Mozilla/5.0 AppleWebKit/537.36 (KHTML, like Gecko; compatible; ClaudeBot/1.0; +claudebot@anthropic.com)"
74.7.227.155 - - [16/Dec/2025:01:09:47 +0000] "GET /?p=49315 HTTP/1.1" 200 41556 "-" "Mozilla/5.0 AppleWebKit/537.36 (KHTML, like Gecko; compatible; GPTBot/1.3; +https://openai.com/gptbot)"
57.141.0.56 - - [16/Dec/2025:01:09:48 +0000] "GET /2025/03/07/page/6/?path=//sys/class/pci_bus/0000:0a/subsystem/0000:0b/device/driver/0000:00:03.7/0000:00:03.7:pcie002/driver/0000:00:03.7:pcie002 HTTP/1.1" 200 262264 "-" "meta-externalagent/1.1 (+https://developers.facebook.com/docs/sharing/webmasters/crawler)"
216.73.216.115 - - [16/Dec/2025:01:09:49 +0000] "GET /entity/287185416.htm HTTP/1.1" 301 5 "-" "Mozilla/5.0 AppleWebKit/537.36 (KHTML, like Gecko; compatible; ClaudeBot/1.0; +claudebot@anthropic.com)"
216.73.216.115 - - [16/Dec/2025:01:09:49 +0000] "GET /entity/287185416.htm/ HTTP/1.1" 200 45436 "https://datainsightnow.com/entity/287185416.htm" "Mozilla/5.0 AppleWebKit/537.36 (KHTML, like Gecko; compatible; ClaudeBot/1.0; +claudebot@anthropic.com)"
66.135.21.75 - - [16/Dec/2025:01:09:50 +0000] "POST /wp-cron.php?doing_wp_cron=1765847390.6235899925231933593750 HTTP/1.1" 200 31 "-" "WordPress/6.3.1; https://datainsightnow.com"
74.7.227.155 - - [16/Dec/2025:01:09:50 +0000] "GET /?p=26310 HTTP/1.1" 200 42697 "-" "Mozilla/5.0 AppleWebKit/537.36 (KHTML, like Gecko; compatible; GPTBot/1.3; +https://openai.com/gptbot)"
216.73.216.115 - - [16/Dec/2025:01:09:52 +0000] "GET /entity/287386912.htm HTTP/1.1" 301 5 "-" "Mozilla/5.0 AppleWebKit/537.36 (KHTML, like Gecko; compatible; ClaudeBot/1.0; +claudebot@anthropic.com)"
57.141.0.68 - - [16/Dec/2025:01:09:52 +0000] "GET /2025/03/07/page/6/?path=//sys/class/pci_bus/0000:0f/subsystem/0000:09/device/driver/0000:00:03.0/subsystem/devices/0000:00:1f.0/driver HTTP/1.1" 200 262248 "-" "meta-externalagent/1.1 (+https://developers.facebook.com/docs/sharing/webmasters/crawler)"
216.73.216.115 - - [16/Dec/2025:01:09:53 +0000] "GET /entity/287386912.htm/ HTTP/1.1" 200 45436 "https://datainsightnow.com/entity/287386912.htm" "Mozilla/5.0 AppleWebKit/537.36 (KHTML, like Gecko; compatible; ClaudeBot/1.0; +claudebot@anthropic.com)"
217.113.194.53 - - [16/Dec/2025:01:09:53 +0000] "GET /?fileloc=//sys/block/loop6/removable&path=//sys/block/loop6 HTTP/1.1" 200 45436 "-" "Mozilla/5.0 (compatible; Barkrowler/0.9; +https://babbar.tech/crawler)"
185.191.171.8 - - [16/Dec/2025:01:09:54 +0000] "GET /?p=18084 HTTP/1.1" 200 42868 "-" "Mozilla/5.0 (compatible; SemrushBot/7~bl; +http://www.semrush.com/bot.html)"
74.7.227.155 - - [16/Dec/2025:01:09:54 +0000] "GET /?p=27135 HTTP/1.1" 200 41646 "-" "Mozilla/5.0 AppleWebKit/537.36 (KHTML, like Gecko; compatible; GPTBot/1.3; +https://openai.com/gptbot)"
216.73.216.115 - - [16/Dec/2025:01:09:55 +0000] "GET /entity/287211577.htm HTTP/1.1" 301 5 "-" "Mozilla/5.0 AppleWebKit/537.36 (KHTML, like Gecko; compatible; ClaudeBot/1.0; +claudebot@anthropic.com)"
57.141.0.2 - - [16/Dec/2025:01:09:55 +0000] "GET /karamba-spielsaal-erfahrungen-angeschlossen-testbericht-werfen-sie-einen-blick-auf-den-link-within-2025-pro-teutonia/?fileloc=//sys/class/pci_bus/0000:06/subsystem/0000:04/subsystem/0000:06/subsystem/0000:09/subsystem/0000:08/uevent&path=//sys/class/pci_bus/0000:06/subsystem/0000:04/subsystem/0000:06/subsystem/0000:09/subsystem/0000:08 HTTP/1.1" 200 262264 "-" "meta-externalagent/1.1 (+https://developers.facebook.com/docs/sharing/webmasters/crawler)"
216.73.216.115 - - [16/Dec/2025:01:09:55 +0000] "GET /entity/287211577.htm/ HTTP/1.1" 200 45436 "https://datainsightnow.com/entity/287211577.htm" "Mozilla/5.0 AppleWebKit/537.36 (KHTML, like Gecko; compatible; ClaudeBot/1.0; +claudebot@anthropic.com)"
74.7.227.155 - - [16/Dec/2025:01:09:56 +0000] "GET /index.php?format=xml&rest_route=%2Foembed%2F1.0%2Fembed&url=https%3A%2F%2Fdatainsightnow.com%2F%3Fp%3D27135 HTTP/1.1" 200 1315 "-" "Mozilla/5.0 AppleWebKit/537.36 (KHTML, like Gecko; compatible; GPTBot/1.3; +https://openai.com/gptbot)"
216.73.216.115 - - [16/Dec/2025:01:09:58 +0000] "GET /entity/287298601.htm HTTP/1.1" 301 5 "-" "Mozilla/5.0 AppleWebKit/537.36 (KHTML, like Gecko; compatible; ClaudeBot/1.0; +claudebot@anthropic.com)"
216.73.216.115 - - [16/Dec/2025:01:09:58 +0000] "GET /entity/287298601.htm/ HTTP/1.1" 200 45436 "https://datainsightnow.com/entity/287298601.htm" "Mozilla/5.0 AppleWebKit/537.36 (KHTML, like Gecko; compatible; ClaudeBot/1.0; +claudebot@anthropic.com)"
74.7.227.155 - - [16/Dec/2025:01:10:00 +0000] "GET /index.php?rest_route=%2Foembed%2F1.0%2Fembed&url=https%3A%2F%2Fdatainsightnow.com%2F%3Fp%3D27135 HTTP/1.1" 200 1285 "-" "Mozilla/5.0 AppleWebKit/537.36 (KHTML, like Gecko; compatible; GPTBot/1.3; +https://openai.com/gptbot)"
216.73.216.115 - - [16/Dec/2025:01:10:01 +0000] "GET /entity/287169623.htm HTTP/1.1" 301 5 "-" "Mozilla/5.0 AppleWebKit/537.36 (KHTML, like Gecko; compatible; ClaudeBot/1.0; +claudebot@anthropic.com)"
216.73.216.115 - - [16/Dec/2025:01:10:01 +0000] "GET /entity/287169623.htm/ HTTP/1.1" 200 45436 "https://datainsightnow.com/entity/287169623.htm" "Mozilla/5.0 AppleWebKit/537.36 (KHTML, like Gecko; compatible; ClaudeBot/1.0; +claudebot@anthropic.com)"
43.173.175.216 - - [16/Dec/2025:01:10:02 +0000] "GET /latest-news/?path=//sys/bus HTTP/1.1" 200 45436 "-" "Mozilla/5.0 (Windows NT 6.1; Win64; x64) AppleWebKit/537.36 (KHTML, like Gecko) Chrome/126.0.6478.114 Safari/537.36"
74.7.227.155 - - [16/Dec/2025:01:10:03 +0000] "GET /index.php?rest_route=/wp/v2/posts/27135 HTTP/1.1" 200 4371 "-" "Mozilla/5.0 AppleWebKit/537.36 (KHTML, like Gecko; compatible; GPTBot/1.3; +https://openai.com/gptbot)"
216.73.216.115 - - [16/Dec/2025:01:10:04 +0000] "GET /entity/287201729.htm HTTP/1.1" 301 5 "-" "Mozilla/5.0 AppleWebKit/537.36 (KHTML, like Gecko; compatible; ClaudeBot/1.0; +claudebot@anthropic.com)"
216.73.216.115 - - [16/Dec/2025:01:10:04 +0000] "GET /entity/287201729.htm/ HTTP/1.1" 200 45436 "https://datainsightnow.com/entity/287201729.htm" "Mozilla/5.0 AppleWebKit/537.36 (KHTML, like Gecko; compatible; ClaudeBot/1.0; +claudebot@anthropic.com)"
57.141.0.26 - - [16/Dec/2025:01:10:06 +0000] "GET /karamba-spielsaal-erfahrungen-angeschlossen-testbericht-werfen-sie-einen-blick-auf-den-link-within-2025-pro-teutonia/?path=//sys/class/pci_bus/0000:09/device/subsystem/drivers/pcieport/0000:00:02.5/driver/0000:00:02.5/link HTTP/1.1" 200 262209 "-" "meta-externalagent/1.1 (+https://developers.facebook.com/docs/sharing/webmasters/crawler)"
216.73.216.115 - - [16/Dec/2025:01:10:07 +0000] "GET /entity/287328121.htm HTTP/1.1" 301 5 "-" "Mozilla/5.0 AppleWebKit/537.36 (KHTML, like Gecko; compatible; ClaudeBot/1.0; +claudebot@anthropic.com)"
216.73.216.115 - - [16/Dec/2025:01:10:07 +0000] "GET /entity/287328121.htm/ HTTP/1.1" 200 45436 "https://datainsightnow.com/entity/287328121.htm" "Mozilla/5.0 AppleWebKit/537.36 (KHTML, like Gecko; compatible; ClaudeBot/1.0; +claudebot@anthropic.com)"
57.141.0.39 - - [16/Dec/2025:01:10:08 +0000] "GET /moneysense-self-help-guide-to-the-ideal-profile/?fileloc=//sys/class/pci_bus/0000:02/subsystem/0000:0f/subsystem/0000:04/device/driver/0000:00:02.1/firmware_node/device:05/device:0e/adr&path=//sys/class/pci_bus/0000:02/subsystem/0000:0f/subsystem/0000:04/device/driver/0000:00:02.1/firmware_node/device:05/device:0e HTTP/1.1" 200 262209 "-" "meta-externalagent/1.1 (+https://developers.facebook.com/docs/sharing/webmasters/crawler)"
217.113.194.55 - - [16/Dec/2025:01:10:09 +0000] "GET /?fileloc=//sys/module/soundcore/srcversion&path=//sys/module/soundcore HTTP/1.1" 200 45436 "-" "Mozilla/5.0 (compatible; Barkrowler/0.9; +https://babbar.tech/crawler)"
57.141.0.16 - - [16/Dec/2025:01:10:09 +0000] "GET /karamba-spielsaal-erfahrungen-angeschlossen-testbericht-werfen-sie-einen-blick-auf-den-link-within-2025-pro-teutonia/?fileloc=//sys/class/pci_bus/0000:06/subsystem/0000:0b/subsystem/0000:00/device/0000:00:1f.2/subsystem/devices/0000:00:02.0/current_link_width&path=//sys/class/pci_bus/0000:06/subsystem/0000:0b/subsystem/0000:00/device/0000:00:1f.2/subsystem/devices/0000:00:02.0 HTTP/1.1" 200 262255 "-" "meta-externalagent/1.1 (+https://developers.facebook.com/docs/sharing/webmasters/crawler)"
57.141.0.68 - - [16/Dec/2025:01:10:12 +0000] "GET /2025/03/07/page/6/?fileloc=//sys/class/pci_bus/0000:05/subsystem/0000:11/device/driver/0000:00:02.3/driver/0000:00:02.4/aer_rootport_total_err_fatal&path=//sys/class/pci_bus/0000:05/subsystem/0000:11/device/driver/0000:00:02.3/driver/0000:00:02.4 HTTP/1.1" 200 262209 "-" "meta-externalagent/1.1 (+https://developers.facebook.com/docs/sharing/webmasters/crawler)"
57.141.0.35 - - [16/Dec/2025:01:10:12 +0000] "GET /karamba-spielsaal-erfahrungen-angeschlossen-testbericht-werfen-sie-einen-blick-auf-den-link-within-2025-pro-teutonia/?fileloc=//sys/class/pci_bus/0000:0e/subsystem/0000:01/subsystem/0000:10/subsystem/0000:0d/device/power/autosuspend_delay_ms&path=//sys/class/pci_bus/0000:0e/subsystem/0000:01/subsystem/0000:10/subsystem/0000:0d/device/power HTTP/1.1" 200 262255 "-" "meta-externalagent/1.1 (+https://developers.facebook.com/docs/sharing/webmasters/crawler)"
74.7.227.155 - - [16/Dec/2025:01:10:16 +0000] "GET /?p=49317 HTTP/1.1" 200 44557 "-" "Mozilla/5.0 AppleWebKit/537.36 (KHTML, like Gecko; compatible; GPTBot/1.3; +https://openai.com/gptbot)"
57.141.0.47 - - [16/Dec/2025:01:10:17 +0000] "GET /2025/03/07/page/6/?fileloc=//sys/class/pci_bus/0000:0b/subsystem/0000:0b/subsystem/0000:05/device/subsystem/devices/0000:00:1f.2/subsystem_vendor&path=//sys/class/pci_bus/0000:0b/subsystem/0000:0b/subsystem/0000:05/device/subsystem/devices/0000:00:1f.2 HTTP/1.1" 200 262209 "-" "meta-externalagent/1.1 (+https://developers.facebook.com/docs/sharing/webmasters/crawler)"
216.73.216.115 - - [16/Dec/2025:01:10:17 +0000] "GET /entity/287347815.htm HTTP/1.1" 301 5 "-" "Mozilla/5.0 AppleWebKit/537.36 (KHTML, like Gecko; compatible; ClaudeBot/1.0; +claudebot@anthropic.com)"
216.73.216.115 - - [16/Dec/2025:01:10:18 +0000] "GET /entity/287347815.htm/ HTTP/1.1" 200 45436 "https://datainsightnow.com/entity/287347815.htm" "Mozilla/5.0 AppleWebKit/537.36 (KHTML, like Gecko; compatible; ClaudeBot/1.0; +claudebot@anthropic.com)"
74.7.227.155 - - [16/Dec/2025:01:10:19 +0000] "GET /?p=48557 HTTP/1.1" 200 41770 "-" "Mozilla/5.0 AppleWebKit/537.36 (KHTML, like Gecko; compatible; GPTBot/1.3; +https://openai.com/gptbot)"
57.141.0.69 - - [16/Dec/2025:01:10:19 +0000] "GET /2025/03/06/page/39/?fileloc=//sys/class/pci_bus/0000:09/subsystem/0000:0c/device/driver/0000:00:02.2/0000:04:00.0/power/runtime_active_time&path=//sys/class/pci_bus/0000:09/subsystem/0000:0c/device/driver/0000:00:02.2/0000:04:00.0/power HTTP/1.1" 200 262264 "-" "meta-externalagent/1.1 (+https://developers.facebook.com/docs/sharing/webmasters/crawler)"
74.7.227.155 - - [16/Dec/2025:01:10:20 +0000] "GET /?p=18295 HTTP/1.1" 200 43302 "-" "Mozilla/5.0 AppleWebKit/537.36 (KHTML, like Gecko; compatible; GPTBot/1.3; +https://openai.com/gptbot)"
216.73.216.115 - - [16/Dec/2025:01:10:21 +0000] "GET /entity/287221674.htm HTTP/1.1" 301 5 "-" "Mozilla/5.0 AppleWebKit/537.36 (KHTML, like Gecko; compatible; ClaudeBot/1.0; +claudebot@anthropic.com)"
216.73.216.115 - - [16/Dec/2025:01:10:21 +0000] "GET /entity/287221674.htm/ HTTP/1.1" 200 45436 "https://datainsightnow.com/entity/287221674.htm" "Mozilla/5.0 AppleWebKit/537.36 (KHTML, like Gecko; compatible; ClaudeBot/1.0; +claudebot@anthropic.com)"
74.7.227.155 - - [16/Dec/2025:01:10:23 +0000] "GET /?p=18303 HTTP/1.1" 200 43769 "-" "Mozilla/5.0 AppleWebKit/537.36 (KHTML, like Gecko; compatible; GPTBot/1.3; +https://openai.com/gptbot)"
57.141.0.65 - - [16/Dec/2025:01:10:23 +0000] "GET /2025/03/13/?fileloc=//sys/bus/pci/devices/0000:02:00.0/subsystem/devices/0000:00:02.3/local_cpus&path=//sys/bus/pci/devices/0000:02:00.0/subsystem/devices/0000:00:02.3 HTTP/1.1" 200 262264 "-" "meta-externalagent/1.1 (+https://developers.facebook.com/docs/sharing/webmasters/crawler)"
216.73.216.115 - - [16/Dec/2025:01:10:24 +0000] "GET /entity/287323204.htm HTTP/1.1" 301 5 "-" "Mozilla/5.0 AppleWebKit/537.36 (KHTML, like Gecko; compatible; ClaudeBot/1.0; +claudebot@anthropic.com)"
57.141.0.13 - - [16/Dec/2025:01:10:24 +0000] "GET /karamba-spielsaal-erfahrungen-angeschlossen-testbericht-werfen-sie-einen-blick-auf-den-link-within-2025-pro-teutonia/?fileloc=//sys/class/pci_bus/0000:06/subsystem/0000:06/subsystem/0000:13/subsystem/0000:0d/device/subsystem/devices/0000:00:04.0/0000:00:04.0:pcie001/uevent&path=//sys/class/pci_bus/0000:06/subsystem/0000:06/subsystem/0000:13/subsystem/0000:0d/device/subsystem/devices/0000:00:04.0/0000:00:04.0:pcie001 HTTP/1.1" 200 262264 "-" "meta-externalagent/1.1 (+https://developers.facebook.com/docs/sharing/webmasters/crawler)"
216.73.216.115 - - [16/Dec/2025:01:10:24 +0000] "GET /entity/287323204.htm/ HTTP/1.1" 200 45436 "https://datainsightnow.com/entity/287323204.htm" "Mozilla/5.0 AppleWebKit/537.36 (KHTML, like Gecko; compatible; ClaudeBot/1.0; +claudebot@anthropic.com)"
217.113.194.52 - - [16/Dec/2025:01:10:25 +0000] "GET /?fileloc=//sys/module/raid10/srcversion&path=//sys/module/raid10 HTTP/1.1" 200 45436 "-" "Mozilla/5.0 (compatible; Barkrowler/0.9; +https://babbar.tech/crawler)"
57.141.0.7 - - [16/Dec/2025:01:10:26 +0000] "GET /2025/03/07/page/6/?fileloc=//sys/class/pci_bus/0000:0b/subsystem/0000:07/device/0000:07:00.0/subsystem/devices/0000:00:03.0/irq&path=//sys/class/pci_bus/0000:0b/subsystem/0000:07/device/0000:07:00.0/subsystem/devices/0000:00:03.0 HTTP/1.1" 200 262215 "-" "meta-externalagent/1.1 (+https://developers.facebook.com/docs/sharing/webmasters/crawler)"
57.141.0.11 - - [16/Dec/2025:01:10:26 +0000] "GET /2025/03/07/page/6/?fileloc=//sys/class/pci_bus/0000:05/subsystem/0000:11/subsystem/0000:0b/subsystem/0000:11/subsystem/0000:10/device/vendor&path=//sys/class/pci_bus/0000:05/subsystem/0000:11/subsystem/0000:0b/subsystem/0000:11/subsystem/0000:10/device HTTP/1.1" 200 262264 "-" "meta-externalagent/1.1 (+https://developers.facebook.com/docs/sharing/webmasters/crawler)"
57.141.0.55 - - [16/Dec/2025:01:10:26 +0000] "GET /2025/03/13/?path=//sys/class/pci_bus/0000:09/device/driver/0000:00:03.6/subsystem/devices/0000:00:1f.0/driver/0000:00:1f.0 HTTP/1.1" 200 262216 "-" "meta-externalagent/1.1 (+https://developers.facebook.com/docs/sharing/webmasters/crawler)"
74.7.227.155 - - [16/Dec/2025:01:10:27 +0000] "GET /?p=28631 HTTP/1.1" 200 42198 "-" "Mozilla/5.0 AppleWebKit/537.36 (KHTML, like Gecko; compatible; GPTBot/1.3; +https://openai.com/gptbot)"
216.73.216.115 - - [16/Dec/2025:01:10:27 +0000] "GET /entity/287314663.htm HTTP/1.1" 301 5 "-" "Mozilla/5.0 AppleWebKit/537.36 (KHTML, like Gecko; compatible; ClaudeBot/1.0; +claudebot@anthropic.com)"
57.141.0.39 - - [16/Dec/2025:01:10:27 +0000] "GET /karamba-spielsaal-erfahrungen-angeschlossen-testbericht-werfen-sie-einen-blick-auf-den-link-within-2025-pro-teutonia/?fileloc=//sys/class/pci_bus/0000:06/subsystem/0000:01/subsystem/0000:0d/subsystem/0000:00/device/QEMU0002:00/driver_override&path=//sys/class/pci_bus/0000:06/subsystem/0000:01/subsystem/0000:0d/subsystem/0000:00/device/QEMU0002:00 HTTP/1.1" 200 262216 "-" "meta-externalagent/1.1 (+https://developers.facebook.com/docs/sharing/webmasters/crawler)"
216.73.216.115 - - [16/Dec/2025:01:10:27 +0000] "GET /entity/287314663.htm/ HTTP/1.1" 200 45436 "https://datainsightnow.com/entity/287314663.htm" "Mozilla/5.0 AppleWebKit/537.36 (KHTML, like Gecko; compatible; ClaudeBot/1.0; +claudebot@anthropic.com)"
57.141.0.46 - - [16/Dec/2025:01:10:28 +0000] "GET /2025/03/13/?path=//sys/class/pci_bus/0000:07/subsystem/0000:05/subsystem/0000:0f/subsystem/0000:11 HTTP/1.1" 200 262215 "-" "meta-externalagent/1.1 (+https://developers.facebook.com/docs/sharing/webmasters/crawler)"
74.7.227.155 - - [16/Dec/2025:01:10:29 +0000] "GET /?p=19745 HTTP/1.1" 200 43228 "-" "Mozilla/5.0 AppleWebKit/537.36 (KHTML, like Gecko; compatible; GPTBot/1.3; +https://openai.com/gptbot)"
216.73.216.115 - - [16/Dec/2025:01:10:30 +0000] "GET /entity/287255089.htm HTTP/1.1" 301 5 "-" "Mozilla/5.0 AppleWebKit/537.36 (KHTML, like Gecko; compatible; ClaudeBot/1.0; +claudebot@anthropic.com)"
216.73.216.115 - - [16/Dec/2025:01:10:30 +0000] "GET /entity/287255089.htm/ HTTP/1.1" 200 45436 "https://datainsightnow.com/entity/287255089.htm" "Mozilla/5.0 AppleWebKit/537.36 (KHTML, like Gecko; compatible; ClaudeBot/1.0; +claudebot@anthropic.com)"
66.135.21.75 - - [16/Dec/2025:01:10:32 +0000] "POST /wp-cron.php?doing_wp_cron=1765847432.8338499069213867187500 HTTP/1.1" 200 31 "-" "WordPress/6.3.1; https://datainsightnow.com"
216.73.216.115 - - [16/Dec/2025:01:10:33 +0000] "GET /entity/287173767.htm HTTP/1.1" 301 5 "-" "Mozilla/5.0 AppleWebKit/537.36 (KHTML, like Gecko; compatible; ClaudeBot/1.0; +claudebot@anthropic.com)"
74.7.227.155 - - [16/Dec/2025:01:10:33 +0000] "GET /?p=19278 HTTP/1.1" 200 42576 "-" "Mozilla/5.0 AppleWebKit/537.36 (KHTML, like Gecko; compatible; GPTBot/1.3; +https://openai.com/gptbot)"
216.73.216.115 - - [16/Dec/2025:01:10:33 +0000] "GET /entity/287173767.htm/ HTTP/1.1" 200 45436 "https://datainsightnow.com/entity/287173767.htm" "Mozilla/5.0 AppleWebKit/537.36 (KHTML, like Gecko; compatible; ClaudeBot/1.0; +claudebot@anthropic.com)"
216.73.216.115 - - [16/Dec/2025:01:10:36 +0000] "GET /entity/287230737.htm HTTP/1.1" 301 5 "-" "Mozilla/5.0 AppleWebKit/537.36 (KHTML, like Gecko; compatible; ClaudeBot/1.0; +claudebot@anthropic.com)"
74.7.227.155 - - [16/Dec/2025:01:10:36 +0000] "GET /?p=19274 HTTP/1.1" 200 41658 "-" "Mozilla/5.0 AppleWebKit/537.36 (KHTML, like Gecko; compatible; GPTBot/1.3; +https://openai.com/gptbot)"
216.73.216.115 - - [16/Dec/2025:01:10:36 +0000] "GET /entity/287230737.htm/ HTTP/1.1" 200 45436 "https://datainsightnow.com/entity/287230737.htm" "Mozilla/5.0 AppleWebKit/537.36 (KHTML, like Gecko; compatible; ClaudeBot/1.0; +claudebot@anthropic.com)"
57.141.0.31 - - [16/Dec/2025:01:10:37 +0000] "GET /2025/03/07/page/6/?fileloc=//sys/class/pci_bus/0000:0f/subsystem/0000:10/subsystem/0000:09/subsystem/0000:04/device/current_link_speed&path=//sys/class/pci_bus/0000:0f/subsystem/0000:10/subsystem/0000:09/subsystem/0000:04/device HTTP/1.1" 200 262264 "-" "meta-externalagent/1.1 (+https://developers.facebook.com/docs/sharing/webmasters/crawler)"
185.191.171.2 - - [16/Dec/2025:01:10:38 +0000] "GET /?p=9254 HTTP/1.1" 200 41833 "-" "Mozilla/5.0 (compatible; SemrushBot/7~bl; +http://www.semrush.com/bot.html)"
216.73.216.115 - - [16/Dec/2025:01:10:39 +0000] "GET /entity/287321905.htm HTTP/1.1" 301 5 "-" "Mozilla/5.0 AppleWebKit/537.36 (KHTML, like Gecko; compatible; ClaudeBot/1.0; +claudebot@anthropic.com)"
74.7.227.155 - - [16/Dec/2025:01:10:39 +0000] "GET /?p=48567 HTTP/1.1" 200 42569 "-" "Mozilla/5.0 AppleWebKit/537.36 (KHTML, like Gecko; compatible; GPTBot/1.3; +https://openai.com/gptbot)"
216.73.216.115 - - [16/Dec/2025:01:10:39 +0000] "GET /entity/287321905.htm/ HTTP/1.1" 200 45436 "https://datainsightnow.com/entity/287321905.htm" "Mozilla/5.0 AppleWebKit/537.36 (KHTML, like Gecko; compatible; ClaudeBot/1.0; +claudebot@anthropic.com)"
154.54.249.198 - - [16/Dec/2025:01:10:41 +0000] "GET /?fileloc=//var/cache/snapd/commands.db&path=//var/cache/snapd HTTP/1.1" 200 45436 "-" "Mozilla/5.0 (compatible; Barkrowler/0.9; +https://babbar.tech/crawler)"
216.73.216.115 - - [16/Dec/2025:01:10:42 +0000] "GET /entity/287385111.htm HTTP/1.1" 301 5 "-" "Mozilla/5.0 AppleWebKit/537.36 (KHTML, like Gecko; compatible; ClaudeBot/1.0; +claudebot@anthropic.com)"
74.7.227.155 - - [16/Dec/2025:01:10:42 +0000] "GET /?p=19308 HTTP/1.1" 200 42504 "-" "Mozilla/5.0 AppleWebKit/537.36 (KHTML, like Gecko; compatible; GPTBot/1.3; +https://openai.com/gptbot)"
216.73.216.115 - - [16/Dec/2025:01:10:42 +0000] "GET /entity/287385111.htm/ HTTP/1.1" 200 45436 "https://datainsightnow.com/entity/287385111.htm" "Mozilla/5.0 AppleWebKit/537.36 (KHTML, like Gecko; compatible; ClaudeBot/1.0; +claudebot@anthropic.com)"
216.73.216.115 - - [16/Dec/2025:01:10:45 +0000] "GET /entity/287159002.htm HTTP/1.1" 301 5 "-" "Mozilla/5.0 AppleWebKit/537.36 (KHTML, like Gecko; compatible; ClaudeBot/1.0; +claudebot@anthropic.com)"
216.73.216.115 - - [16/Dec/2025:01:10:45 +0000] "GET /entity/287159002.htm/ HTTP/1.1" 200 45436 "https://datainsightnow.com/entity/287159002.htm" "Mozilla/5.0 AppleWebKit/537.36 (KHTML, like Gecko; compatible; ClaudeBot/1.0; +claudebot@anthropic.com)"
74.7.227.155 - - [16/Dec/2025:01:10:47 +0000] "GET /?p=19320 HTTP/1.1" 200 44799 "-" "Mozilla/5.0 AppleWebKit/537.36 (KHTML, like Gecko; compatible; GPTBot/1.3; +https://openai.com/gptbot)"
216.73.216.115 - - [16/Dec/2025:01:10:48 +0000] "GET /entity/287220116.htm HTTP/1.1" 301 5 "-" "Mozilla/5.0 AppleWebKit/537.36 (KHTML, like Gecko; compatible; ClaudeBot/1.0; +claudebot@anthropic.com)"
216.73.216.115 - - [16/Dec/2025:01:10:48 +0000] "GET /entity/287220116.htm/ HTTP/1.1" 200 45436 "https://datainsightnow.com/entity/287220116.htm" "Mozilla/5.0 AppleWebKit/537.36 (KHTML, like Gecko; compatible; ClaudeBot/1.0; +claudebot@anthropic.com)"
66.135.21.75 - - [16/Dec/2025:01:10:51 +0000] "POST /wp-cron.php?doing_wp_cron=1765847451.1022000312805175781250 HTTP/1.1" 200 31 "-" "WordPress/6.3.1; https://datainsightnow.com"
216.73.216.115 - - [16/Dec/2025:01:10:51 +0000] "GET /entity/287330978.htm HTTP/1.1" 301 5 "-" "Mozilla/5.0 AppleWebKit/537.36 (KHTML, like Gecko; compatible; ClaudeBot/1.0; +claudebot@anthropic.com)"
216.73.216.115 - - [16/Dec/2025:01:10:51 +0000] "GET /entity/287330978.htm/ HTTP/1.1" 200 45436 "https://datainsightnow.com/entity/287330978.htm" "Mozilla/5.0 AppleWebKit/537.36 (KHTML, like Gecko; compatible; ClaudeBot/1.0; +claudebot@anthropic.com)"
185.191.171.16 - - [16/Dec/2025:01:10:51 +0000] "GET /?p=42179 HTTP/1.1" 200 40741 "-" "Mozilla/5.0 (compatible; SemrushBot/7~bl; +http://www.semrush.com/bot.html)"
216.73.216.115 - - [16/Dec/2025:01:10:54 +0000] "GET /entity/287338230.htm HTTP/1.1" 301 5 "-" "Mozilla/5.0 AppleWebKit/537.36 (KHTML, like Gecko; compatible; ClaudeBot/1.0; +claudebot@anthropic.com)"
216.73.216.115 - - [16/Dec/2025:01:10:54 +0000] "GET /entity/287338230.htm/ HTTP/1.1" 200 45436 "https://datainsightnow.com/entity/287338230.htm" "Mozilla/5.0 AppleWebKit/537.36 (KHTML, like Gecko; compatible; ClaudeBot/1.0; +claudebot@anthropic.com)"
216.73.216.115 - - [16/Dec/2025:01:10:57 +0000] "GET /entity/287261556.htm HTTP/1.1" 301 5 "-" "Mozilla/5.0 AppleWebKit/537.36 (KHTML, like Gecko; compatible; ClaudeBot/1.0; +claudebot@anthropic.com)"
216.73.216.115 - - [16/Dec/2025:01:10:57 +0000] "GET /entity/287261556.htm/ HTTP/1.1" 200 45436 "https://datainsightnow.com/entity/287261556.htm" "Mozilla/5.0 AppleWebKit/537.36 (KHTML, like Gecko; compatible; ClaudeBot/1.0; +claudebot@anthropic.com)"
217.113.194.55 - - [16/Dec/2025:01:10:58 +0000] "GET /?fileloc=//etc/rcS.d/S01procps&path=//etc/rcS.d HTTP/1.1" 200 45436 "-" "Mozilla/5.0 (compatible; Barkrowler/0.9; +https://babbar.tech/crawler)"
74.7.227.155 - - [16/Dec/2025:01:10:59 +0000] "GET /?p=18307 HTTP/1.1" 200 42500 "-" "Mozilla/5.0 AppleWebKit/537.36 (KHTML, like Gecko; compatible; GPTBot/1.3; +https://openai.com/gptbot)"
57.141.0.8 - - [16/Dec/2025:01:10:59 +0000] "GET /nacin-kako-uporabljate-globe-wagering-najboljsa-knjiga/?path=//sys/class/pci_bus/0000:0c/subsystem/0000:0e/subsystem/0000:0b HTTP/1.1" 200 262264 "-" "meta-externalagent/1.1 (+https://developers.facebook.com/docs/sharing/webmasters/crawler)"
216.73.216.115 - - [16/Dec/2025:01:11:00 +0000] "GET /entity/287293419.htm HTTP/1.1" 301 5 "-" "Mozilla/5.0 AppleWebKit/537.36 (KHTML, like Gecko; compatible; ClaudeBot/1.0; +claudebot@anthropic.com)"
216.73.216.115 - - [16/Dec/2025:01:11:00 +0000] "GET /entity/287293419.htm/ HTTP/1.1" 200 45436 "https://datainsightnow.com/entity/287293419.htm" "Mozilla/5.0 AppleWebKit/537.36 (KHTML, like Gecko; compatible; ClaudeBot/1.0; +claudebot@anthropic.com)"
66.249.72.228 - - [16/Dec/2025:01:11:01 +0000] "GET /?fileloc=//sys/class/wakeup/wakeup0/subsystem/wakeup26/subsystem/wakeup2/subsystem/wakeup20/subsystem/wakeup14/subsystem/wakeup35/subsystem/wakeup31/subsystem/wakeup4/subsystem/wakeup7/subsystem/wakeup2/device/physical_node/pci_bus/0000:01/subsystem/0000:01/subsystem/0000:0e/device/modalias&path=//sys/class/wakeup/wakeup0/subsystem/wakeup26/subsystem/wakeup2/subsystem/wakeup20/subsystem/wakeup14/subsystem/wakeup35/subsystem/wakeup31/subsystem/wakeup4/subsystem/wakeup7/subsystem/wakeup2/device/physical_node/pci_bus/0000:01/subsystem/0000:01/subsystem/0000:0e/device HTTP/1.1" 200 45437 "-" "Mozilla/5.0 (Linux; Android 6.0.1; Nexus 5X Build/MMB29P) AppleWebKit/537.36 (KHTML, like Gecko) Chrome/141.0.7390.122 Mobile Safari/537.36 (compatible; Googlebot/2.1; +http://www.google.com/bot.html)"
57.141.0.33 - - [16/Dec/2025:01:11:01 +0000] "GET /2025/03/07/page/6/?fileloc=//sys/class/pci_bus/0000:0a/subsystem/0000:13/device/driver/0000:00:02.4/driver/0000:00:02.2/aer_rootport_total_err_cor&path=//sys/class/pci_bus/0000:0a/subsystem/0000:13/device/driver/0000:00:02.4/driver/0000:00:02.2 HTTP/1.1" 200 262217 "-" "meta-externalagent/1.1 (+https://developers.facebook.com/docs/sharing/webmasters/crawler)"
74.7.227.155 - - [16/Dec/2025:01:11:02 +0000] "GET /?p=28679 HTTP/1.1" 200 43396 "-" "Mozilla/5.0 AppleWebKit/537.36 (KHTML, like Gecko; compatible; GPTBot/1.3; +https://openai.com/gptbot)"
66.249.72.226 - - [16/Dec/2025:01:11:02 +0000] "GET /?path=//sys/class/sound/card0/device/subsystem/devices/0000:00:02.2/subsystem/devices/0000:00:03.7/firmware_node/wakeup/wakeup17/device/device:41/subsystem HTTP/1.1" 200 45437 "-" "Mozilla/5.0 (Linux; Android 6.0.1; Nexus 5X Build/MMB29P) AppleWebKit/537.36 (KHTML, like Gecko) Chrome/141.0.7390.122 Mobile Safari/537.36 (compatible; Googlebot/2.1; +http://www.google.com/bot.html)"
57.141.0.14 - - [16/Dec/2025:01:11:02 +0000] "GET /2025/03/07/page/6/?fileloc=//sys/class/pci_bus/0000:0f/device/subsystem/drivers/pcieport/0000:00:02.0/driver/0000:00:04.1/current_link_width&path=//sys/class/pci_bus/0000:0f/device/subsystem/drivers/pcieport/0000:00:02.0/driver/0000:00:04.1 HTTP/1.1" 200 262264 "-" "meta-externalagent/1.1 (+https://developers.facebook.com/docs/sharing/webmasters/crawler)"
74.7.227.155 - - [16/Dec/2025:01:11:02 +0000] "GET /?p=28671 HTTP/1.1" 200 45039 "-" "Mozilla/5.0 AppleWebKit/537.36 (KHTML, like Gecko; compatible; GPTBot/1.3; +https://openai.com/gptbot)"
216.73.216.115 - - [16/Dec/2025:01:11:03 +0000] "GET /entity/287294979.htm HTTP/1.1" 301 5 "-" "Mozilla/5.0 AppleWebKit/537.36 (KHTML, like Gecko; compatible; ClaudeBot/1.0; +claudebot@anthropic.com)"
57.141.0.42 - - [16/Dec/2025:01:11:03 +0000] "GET /karamba-spielsaal-erfahrungen-angeschlossen-testbericht-werfen-sie-einen-blick-auf-den-link-within-2025-pro-teutonia/?path=//sys/class/pci_bus/0000:06/subsystem/0000:13/subsystem/0000:0e/device/subsystem/devices/0000:00:02.7/pci_bus HTTP/1.1" 200 262215 "-" "meta-externalagent/1.1 (+https://developers.facebook.com/docs/sharing/webmasters/crawler)"
216.73.216.115 - - [16/Dec/2025:01:11:03 +0000] "GET /entity/287294979.htm/ HTTP/1.1" 200 45436 "https://datainsightnow.com/entity/287294979.htm" "Mozilla/5.0 AppleWebKit/537.36 (KHTML, like Gecko; compatible; ClaudeBot/1.0; +claudebot@anthropic.com)"
85.208.96.197 - - [16/Dec/2025:01:11:04 +0000] "GET /?p=25698 HTTP/1.1" 200 42497 "-" "Mozilla/5.0 (compatible; SemrushBot/7~bl; +http://www.semrush.com/bot.html)"
57.141.0.74 - - [16/Dec/2025:01:11:05 +0000] "GET /2025/03/05/page/6/?path=//sys/class/pci_bus/0000:13/subsystem/0000:06/device/driver/0000:00:03.7/0000:00:03.7:pcie010/subsystem HTTP/1.1" 200 262264 "-" "meta-externalagent/1.1 (+https://developers.facebook.com/docs/sharing/webmasters/crawler)"
216.73.216.115 - - [16/Dec/2025:01:11:10 +0000] "GET /entity/287352210.htm HTTP/1.1" 301 5 "-" "Mozilla/5.0 AppleWebKit/537.36 (KHTML, like Gecko; compatible; ClaudeBot/1.0; +claudebot@anthropic.com)"
74.7.227.155 - - [16/Dec/2025:01:11:11 +0000] "GET /?p=28651 HTTP/1.1" 200 42554 "-" "Mozilla/5.0 AppleWebKit/537.36 (KHTML, like Gecko; compatible; GPTBot/1.3; +https://openai.com/gptbot)"
57.141.0.50 - - [16/Dec/2025:01:11:12 +0000] "GET /karamba-spielsaal-erfahrungen-angeschlossen-testbericht-werfen-sie-einen-blick-auf-den-link-within-2025-pro-teutonia/?fileloc=//sys/class/pci_bus/0000:01/subsystem/0000:0e/subsystem/0000:05/subsystem/0000:00/device/0000:00:02.3/reset_subordinate&path=//sys/class/pci_bus/0000:01/subsystem/0000:0e/subsystem/0000:05/subsystem/0000:00/device/0000:00:02.3 HTTP/1.1" 200 262264 "-" "meta-externalagent/1.1 (+https://developers.facebook.com/docs/sharing/webmasters/crawler)"
57.141.0.8 - - [16/Dec/2025:01:11:12 +0000] "GET /2025/03/07/page/6/?fileloc=//sys/class/pci_bus/0000:05/subsystem/0000:08/subsystem/0000:0c/subsystem/0000:00/device/0000:00:03.7/modalias&path=//sys/class/pci_bus/0000:05/subsystem/0000:08/subsystem/0000:0c/subsystem/0000:00/device/0000:00:03.7 HTTP/1.1" 200 262264 "-" "meta-externalagent/1.1 (+https://developers.facebook.com/docs/sharing/webmasters/crawler)"
57.141.0.9 - - [16/Dec/2025:01:11:12 +0000] "GET /2025/03/07/page/6/?path=//sys/class/pci_bus/0000:02/device/firmware_node/device:05/device:22/subsystem/devices/device:06 HTTP/1.1" 200 262248 "-" "meta-externalagent/1.1 (+https://developers.facebook.com/docs/sharing/webmasters/crawler)"
74.7.227.155 - - [16/Dec/2025:01:11:13 +0000] "GET /?p=19762 HTTP/1.1" 200 41826 "-" "Mozilla/5.0 AppleWebKit/537.36 (KHTML, like Gecko; compatible; GPTBot/1.3; +https://openai.com/gptbot)"
216.73.216.115 - - [16/Dec/2025:01:11:13 +0000] "GET /entity/287352210.htm/ HTTP/1.1" 200 45436 "https://datainsightnow.com/entity/287352210.htm" "Mozilla/5.0 AppleWebKit/537.36 (KHTML, like Gecko; compatible; ClaudeBot/1.0; +claudebot@anthropic.com)"
57.141.0.29 - - [16/Dec/2025:01:11:14 +0000] "GET /2025/03/06/page/39/?fileloc=//sys/class/pci_bus/0000:05/subsystem/0000:01/device/driver/0000:00:02.0/rescan&path=//sys/class/pci_bus/0000:05/subsystem/0000:01/device/driver/0000:00:02.0 HTTP/1.1" 200 262264 "-" "meta-externalagent/1.1 (+https://developers.facebook.com/docs/sharing/webmasters/crawler)"
43.173.179.210 - - [16/Dec/2025:01:11:14 +0000] "GET /careers/?path=//usr/src/linux-headers-6.8.0-83-generic/include/soc/microchip HTTP/1.1" 200 45436 "-" "Mozilla/5.0 (Windows NT 6.1; Win64; x64) AppleWebKit/537.36 (KHTML, like Gecko) Chrome/126.0.6478.114 Safari/537.36"
216.73.216.115 - - [16/Dec/2025:01:11:15 +0000] "GET /entity/287379670.htm HTTP/1.1" 301 5 "-" "Mozilla/5.0 AppleWebKit/537.36 (KHTML, like Gecko; compatible; ClaudeBot/1.0; +claudebot@anthropic.com)"
185.191.171.13 - - [16/Dec/2025:01:11:15 +0000] "GET /?p=20803 HTTP/1.1" 200 42295 "-" "Mozilla/5.0 (compatible; SemrushBot/7~bl; +http://www.semrush.com/bot.html)"
57.141.0.41 - - [16/Dec/2025:01:11:15 +0000] "GET /karamba-spielsaal-erfahrungen-angeschlossen-testbericht-werfen-sie-einen-blick-auf-den-link-within-2025-pro-teutonia/?fileloc=//sys/class/pci_bus/0000:06/subsystem/0000:01/subsystem/0000:09/subsystem/0000:07/device/driver/0000:00:02.0/power_state&path=//sys/class/pci_bus/0000:06/subsystem/0000:01/subsystem/0000:09/subsystem/0000:07/device/driver/0000:00:02.0 HTTP/1.1" 200 262248 "-" "meta-externalagent/1.1 (+https://developers.facebook.com/docs/sharing/webmasters/crawler)"
217.113.194.57 - - [16/Dec/2025:01:11:16 +0000] "GET /?fileloc=//etc/apparmor.d/lxc-create&path=//etc/apparmor.d HTTP/1.1" 200 45436 "-" "Mozilla/5.0 (compatible; Barkrowler/0.9; +https://babbar.tech/crawler)"
74.7.227.155 - - [16/Dec/2025:01:11:16 +0000] "GET /?p=19784 HTTP/1.1" 200 41792 "-" "Mozilla/5.0 AppleWebKit/537.36 (KHTML, like Gecko; compatible; GPTBot/1.3; +https://openai.com/gptbot)"
216.73.216.115 - - [16/Dec/2025:01:11:16 +0000] "GET /entity/287379670.htm/ HTTP/1.1" 200 45436 "https://datainsightnow.com/entity/287379670.htm" "Mozilla/5.0 AppleWebKit/537.36 (KHTML, like Gecko; compatible; ClaudeBot/1.0; +claudebot@anthropic.com)"
57.141.0.32 - - [16/Dec/2025:01:11:16 +0000] "GET /karamba-spielsaal-erfahrungen-angeschlossen-testbericht-werfen-sie-einen-blick-auf-den-link-within-2025-pro-teutonia/?fileloc=//sys/class/pci_bus/0000:06/subsystem/0000:00/subsystem/0000:0d/subsystem/0000:11/subsystem/0000:0d/device/driver/0000:00:03.5/vendor&path=//sys/class/pci_bus/0000:06/subsystem/0000:00/subsystem/0000:0d/subsystem/0000:11/subsystem/0000:0d/device/driver/0000:00:03.5 HTTP/1.1" 200 262209 "-" "meta-externalagent/1.1 (+https://developers.facebook.com/docs/sharing/webmasters/crawler)"
216.73.216.115 - - [16/Dec/2025:01:11:17 +0000] "GET /entity/287326834.htm HTTP/1.1" 301 5 "-" "Mozilla/5.0 AppleWebKit/537.36 (KHTML, like Gecko; compatible; ClaudeBot/1.0; +claudebot@anthropic.com)"
216.73.216.115 - - [16/Dec/2025:01:11:17 +0000] "GET /entity/287326834.htm/ HTTP/1.1" 200 45436 "https://datainsightnow.com/entity/287326834.htm" "Mozilla/5.0 AppleWebKit/537.36 (KHTML, like Gecko; compatible; ClaudeBot/1.0; +claudebot@anthropic.com)"
74.7.227.155 - - [16/Dec/2025:01:11:18 +0000] "GET /?p=19836 HTTP/1.1" 200 41041 "-" "Mozilla/5.0 AppleWebKit/537.36 (KHTML, like Gecko; compatible; GPTBot/1.3; +https://openai.com/gptbot)"
85.208.96.209 - - [16/Dec/2025:01:11:19 +0000] "GET /?p=35873 HTTP/1.1" 200 42608 "-" "Mozilla/5.0 (compatible; SemrushBot/7~bl; +http://www.semrush.com/bot.html)"
216.73.216.115 - - [16/Dec/2025:01:11:20 +0000] "GET /entity/287369047.htm HTTP/1.1" 301 5 "-" "Mozilla/5.0 AppleWebKit/537.36 (KHTML, like Gecko; compatible; ClaudeBot/1.0; +claudebot@anthropic.com)"
216.73.216.115 - - [16/Dec/2025:01:11:20 +0000] "GET /entity/287369047.htm/ HTTP/1.1" 200 45436 "https://datainsightnow.com/entity/287369047.htm" "Mozilla/5.0 AppleWebKit/537.36 (KHTML, like Gecko; compatible; ClaudeBot/1.0; +claudebot@anthropic.com)"
74.7.227.155 - - [16/Dec/2025:01:11:21 +0000] "GET /?p=28693 HTTP/1.1" 200 44239 "-" "Mozilla/5.0 AppleWebKit/537.36 (KHTML, like Gecko; compatible; GPTBot/1.3; +https://openai.com/gptbot)"
57.141.0.50 - - [16/Dec/2025:01:11:23 +0000] "GET /karamba-spielsaal-erfahrungen-angeschlossen-testbericht-werfen-sie-einen-blick-auf-den-link-within-2025-pro-teutonia/?fileloc=//sys/class/pci_bus/0000:0b/subsystem/0000:01/subsystem/0000:0d/subsystem/0000:13/subsystem/0000:11/device/local_cpulist&path=//sys/class/pci_bus/0000:0b/subsystem/0000:01/subsystem/0000:0d/subsystem/0000:13/subsystem/0000:11/device HTTP/1.1" 200 262248 "-" "meta-externalagent/1.1 (+https://developers.facebook.com/docs/sharing/webmasters/crawler)"
216.73.216.115 - - [16/Dec/2025:01:11:23 +0000] "GET /entity/287321132.htm HTTP/1.1" 301 5 "-" "Mozilla/5.0 AppleWebKit/537.36 (KHTML, like Gecko; compatible; ClaudeBot/1.0; +claudebot@anthropic.com)"
216.73.216.115 - - [16/Dec/2025:01:11:23 +0000] "GET /entity/287321132.htm/ HTTP/1.1" 200 45436 "https://datainsightnow.com/entity/287321132.htm" "Mozilla/5.0 AppleWebKit/537.36 (KHTML, like Gecko; compatible; ClaudeBot/1.0; +claudebot@anthropic.com)"
74.7.227.155 - - [16/Dec/2025:01:11:24 +0000] "GET /?p=19356 HTTP/1.1" 200 42698 "-" "Mozilla/5.0 AppleWebKit/537.36 (KHTML, like Gecko; compatible; GPTBot/1.3; +https://openai.com/gptbot)"
57.141.0.39 - - [16/Dec/2025:01:11:24 +0000] "GET /moneysense-self-help-guide-to-the-ideal-profile/?path=//sys/class/pci_bus/0000:05/subsystem/0000:06/subsystem/0000:0b/subsystem/0000:0e/device/driver/0000:00:02.2/0000:00:02.2:pcie002 HTTP/1.1" 200 262216 "-" "meta-externalagent/1.1 (+https://developers.facebook.com/docs/sharing/webmasters/crawler)"
40.77.167.42 - - [16/Dec/2025:01:11:25 +0000] "GET /AmazonEmber?fileloc=//usr/bin/sudoreplay&path=//usr/bin HTTP/1.1" 200 29685 "-" "Mozilla/5.0 AppleWebKit/537.36 (KHTML, like Gecko; compatible; bingbot/2.0; +http://www.bing.com/bingbot.htm) Chrome/116.0.1938.76 Safari/537.36"
216.73.216.115 - - [16/Dec/2025:01:11:26 +0000] "GET /entity/287312320.htm HTTP/1.1" 301 5 "-" "Mozilla/5.0 AppleWebKit/537.36 (KHTML, like Gecko; compatible; ClaudeBot/1.0; +claudebot@anthropic.com)"
216.73.216.115 - - [16/Dec/2025:01:11:26 +0000] "GET /entity/287312320.htm/ HTTP/1.1" 200 45436 "https://datainsightnow.com/entity/287312320.htm" "Mozilla/5.0 AppleWebKit/537.36 (KHTML, like Gecko; compatible; ClaudeBot/1.0; +claudebot@anthropic.com)"
74.7.227.155 - - [16/Dec/2025:01:11:27 +0000] "GET /?p=19758 HTTP/1.1" 200 41925 "-" "Mozilla/5.0 AppleWebKit/537.36 (KHTML, like Gecko; compatible; GPTBot/1.3; +https://openai.com/gptbot)"
57.141.0.28 - - [16/Dec/2025:01:11:27 +0000] "GET /nacin-kako-uporabljate-globe-wagering-najboljsa-knjiga/?fileloc=//sys/class/pci_bus/0000:00/subsystem/0000:00/device/0000:00:03.4/aer_dev_nonfatal&path=//sys/class/pci_bus/0000:00/subsystem/0000:00/device/0000:00:03.4 HTTP/1.1" 200 262215 "-" "meta-externalagent/1.1 (+https://developers.facebook.com/docs/sharing/webmasters/crawler)"
114.119.159.33 - - [16/Dec/2025:01:11:27 +0000] "GET /zodiac-kasino-erfahrungen-2024-480-bonus-80-freispiele?path=//sys/dev/char/5:1/subsystem/ttyS29/subsystem/tty26/subsystem/tty39/subsystem/tty10 HTTP/1.1" 301 5 "-" "Mozilla/5.0 (Linux; Android 7.0;) AppleWebKit/537.36 (KHTML, like Gecko) Mobile Safari/537.36 (compatible; PetalBot;+https://webmaster.petalsearch.com/site/petalbot)"
216.73.216.115 - - [16/Dec/2025:01:11:29 +0000] "GET /entity/287260269.htm HTTP/1.1" 301 5 "-" "Mozilla/5.0 AppleWebKit/537.36 (KHTML, like Gecko; compatible; ClaudeBot/1.0; +claudebot@anthropic.com)"
216.73.216.115 - - [16/Dec/2025:01:11:29 +0000] "GET /entity/287260269.htm/ HTTP/1.1" 200 45436 "https://datainsightnow.com/entity/287260269.htm" "Mozilla/5.0 AppleWebKit/537.36 (KHTML, like Gecko; compatible; ClaudeBot/1.0; +claudebot@anthropic.com)"
114.119.159.33 - - [16/Dec/2025:01:11:30 +0000] "GET /zodiac-kasino-erfahrungen-2024-480-bonus-80-freispiele/?path=//sys/dev/char/5:1/subsystem/ttyS29/subsystem/tty26/subsystem/tty39/subsystem/tty10 HTTP/1.1" 200 45437 "-" "Mozilla/5.0 (Linux; Android 7.0;) AppleWebKit/537.36 (KHTML, like Gecko) Mobile Safari/537.36 (compatible; PetalBot;+https://webmaster.petalsearch.com/site/petalbot)"
74.7.227.155 - - [16/Dec/2025:01:11:30 +0000] "GET /?p=49125 HTTP/1.1" 200 41410 "-" "Mozilla/5.0 AppleWebKit/537.36 (KHTML, like Gecko; compatible; GPTBot/1.3; +https://openai.com/gptbot)"
57.141.0.2 - - [16/Dec/2025:01:11:30 +0000] "GET /karamba-spielsaal-erfahrungen-angeschlossen-testbericht-werfen-sie-einen-blick-auf-den-link-within-2025-pro-teutonia/?fileloc=//sys/class/pci_bus/0000:0b/subsystem/0000:0e/subsystem/0000:09/subsystem/0000:03/subsystem/0000:0e/power/autosuspend_delay_ms&path=//sys/class/pci_bus/0000:0b/subsystem/0000:0e/subsystem/0000:09/subsystem/0000:03/subsystem/0000:0e/power HTTP/1.1" 200 262264 "-" "meta-externalagent/1.1 (+https://developers.facebook.com/docs/sharing/webmasters/crawler)"
217.113.194.59 - - [16/Dec/2025:01:11:31 +0000] "GET /?fileloc=//etc/alternatives/ip6tables-save&path=//etc/alternatives HTTP/1.1" 200 45436 "-" "Mozilla/5.0 (compatible; Barkrowler/0.9; +https://babbar.tech/crawler)"
216.73.216.115 - - [16/Dec/2025:01:11:32 +0000] "GET /entity/287366202.htm HTTP/1.1" 301 5 "-" "Mozilla/5.0 AppleWebKit/537.36 (KHTML, like Gecko; compatible; ClaudeBot/1.0; +claudebot@anthropic.com)"
216.73.216.115 - - [16/Dec/2025:01:11:32 +0000] "GET /entity/287366202.htm/ HTTP/1.1" 200 45436 "https://datainsightnow.com/entity/287366202.htm" "Mozilla/5.0 AppleWebKit/537.36 (KHTML, like Gecko; compatible; ClaudeBot/1.0; +claudebot@anthropic.com)"
74.7.227.155 - - [16/Dec/2025:01:11:33 +0000] "GET /?p=19342 HTTP/1.1" 200 41562 "-" "Mozilla/5.0 AppleWebKit/537.36 (KHTML, like Gecko; compatible; GPTBot/1.3; +https://openai.com/gptbot)"
216.73.216.115 - - [16/Dec/2025:01:11:35 +0000] "GET /entity/287247062.htm HTTP/1.1" 301 5 "-" "Mozilla/5.0 AppleWebKit/537.36 (KHTML, like Gecko; compatible; ClaudeBot/1.0; +claudebot@anthropic.com)"
57.141.0.56 - - [16/Dec/2025:01:11:36 +0000] "GET /nacin-kako-uporabljate-globe-wagering-najboljsa-knjiga/?fileloc=//sys/class/pci_bus/0000:00/subsystem/0000:10/subsystem/0000:00/device/0000:00:04.0/config&path=//sys/class/pci_bus/0000:00/subsystem/0000:10/subsystem/0000:00/device/0000:00:04.0 HTTP/1.1" 200 262248 "-" "meta-externalagent/1.1 (+https://developers.facebook.com/docs/sharing/webmasters/crawler)"
216.73.216.115 - - [16/Dec/2025:01:11:36 +0000] "GET /entity/287247062.htm/ HTTP/1.1" 200 45436 "https://datainsightnow.com/entity/287247062.htm" "Mozilla/5.0 AppleWebKit/537.36 (KHTML, like Gecko; compatible; ClaudeBot/1.0; +claudebot@anthropic.com)"
74.7.227.155 - - [16/Dec/2025:01:11:37 +0000] "GET /?p=41329 HTTP/1.1" 200 41741 "-" "Mozilla/5.0 AppleWebKit/537.36 (KHTML, like Gecko; compatible; GPTBot/1.3; +https://openai.com/gptbot)"
57.141.0.58 - - [16/Dec/2025:01:11:37 +0000] "GET /2025/03/06/page/39/?fileloc=//sys/class/pci_bus/0000:01/subsystem/0000:05/subsystem/0000:12/device/remove&path=//sys/class/pci_bus/0000:01/subsystem/0000:05/subsystem/0000:12/device HTTP/1.1" 200 262215 "-" "meta-externalagent/1.1 (+https://developers.facebook.com/docs/sharing/webmasters/crawler)"
216.73.216.115 - - [16/Dec/2025:01:11:38 +0000] "GET /entity/287289538.htm HTTP/1.1" 301 5 "-" "Mozilla/5.0 AppleWebKit/537.36 (KHTML, like Gecko; compatible; ClaudeBot/1.0; +claudebot@anthropic.com)"
57.141.0.38 - - [16/Dec/2025:01:11:38 +0000] "GET /2025/03/07/page/6/?path=//sys/class/pci_bus/0000:0e/subsystem/0000:09/subsystem/0000:0c/subsystem/0000:04/subsystem/0000:05/device/0000:00:02.3:pcie001 HTTP/1.1" 200 262264 "-" "meta-externalagent/1.1 (+https://developers.facebook.com/docs/sharing/webmasters/crawler)"
216.73.216.115 - - [16/Dec/2025:01:11:39 +0000] "GET /entity/287289538.htm/ HTTP/1.1" 200 45436 "https://datainsightnow.com/entity/287289538.htm" "Mozilla/5.0 AppleWebKit/537.36 (KHTML, like Gecko; compatible; ClaudeBot/1.0; +claudebot@anthropic.com)"
74.7.227.155 - - [16/Dec/2025:01:11:41 +0000] "GET /?p=19360 HTTP/1.1" 200 41836 "-" "Mozilla/5.0 AppleWebKit/537.36 (KHTML, like Gecko; compatible; GPTBot/1.3; +https://openai.com/gptbot)"
57.141.0.49 - - [16/Dec/2025:01:11:41 +0000] "GET /moneysense-self-help-guide-to-the-ideal-profile/?fileloc=//sys/class/pci_bus/0000:11/device/subsystem/devices/0000:00:02.1/vendor&path=//sys/class/pci_bus/0000:11/device/subsystem/devices/0000:00:02.1 HTTP/1.1" 200 262216 "-" "meta-externalagent/1.1 (+https://developers.facebook.com/docs/sharing/webmasters/crawler)"
216.73.216.115 - - [16/Dec/2025:01:11:41 +0000] "GET /entity/287296015.htm HTTP/1.1" 301 5 "-" "Mozilla/5.0 AppleWebKit/537.36 (KHTML, like Gecko; compatible; ClaudeBot/1.0; +claudebot@anthropic.com)"
