217.113.194.214 - - [16/Dec/2025:00:37:34 +0000] "GET /privacy/?fileloc=//proc/self/net/udplite&path=//proc/self/net HTTP/1.1" 200 45436 "-" "Mozilla/5.0 (compatible; Barkrowler/0.9; +https://babbar.tech/crawler)"
45.134.225.241 - - [16/Dec/2025:00:37:34 +0000] "GET /wp-admin/index.php HTTP/1.1" 302 11 "https://datainsightnow.com/wp-login.php" "Mozilla/5.0 (X11; Linux x86_64) AppleWebKit/537.36 (KHTML, like Gecko) Chrome/121.0.0.0 Safari/537.36"
57.141.0.75 - - [16/Dec/2025:00:37:35 +0000] "GET /2025/03/07/page/6/?fileloc=//sys/class/pci_bus/0000:07/device/driver/0000:00:02.2/0000:00:02.2:pcie002/driver/0000:00:02.5:pcie002/driver/0000:00:02.1:pcie002/uevent&path=//sys/class/pci_bus/0000:07/device/driver/0000:00:02.2/0000:00:02.2:pcie002/driver/0000:00:02.5:pcie002/driver/0000:00:02.1:pcie002 HTTP/1.1" 200 262248 "-" "meta-externalagent/1.1 (+https://developers.facebook.com/docs/sharing/webmasters/crawler)"
45.134.225.241 - - [16/Dec/2025:00:37:35 +0000] "GET / HTTP/1.1" 200 45511 "https://datainsightnow.com/wp-login.php" "Mozilla/5.0 (X11; Linux x86_64) AppleWebKit/537.36 (KHTML, like Gecko) Chrome/121.0.0.0 Safari/537.36"
74.7.227.155 - - [16/Dec/2025:00:37:35 +0000] "GET /?p=30205 HTTP/1.1" 200 41836 "-" "Mozilla/5.0 AppleWebKit/537.36 (KHTML, like Gecko; compatible; GPTBot/1.3; +https://openai.com/gptbot)"
45.134.225.241 - - [16/Dec/2025:00:37:36 +0000] "GET /wp-admin/profile.php HTTP/1.1" 302 11 "https://datainsightnow.com/wp-login.php" "Mozilla/5.0 (X11; Linux x86_64) AppleWebKit/537.36 (KHTML, like Gecko) Chrome/121.0.0.0 Safari/537.36"
45.134.225.241 - - [16/Dec/2025:00:37:37 +0000] "GET / HTTP/1.1" 200 45511 "https://datainsightnow.com/wp-login.php" "Mozilla/5.0 (X11; Linux x86_64) AppleWebKit/537.36 (KHTML, like Gecko) Chrome/121.0.0.0 Safari/537.36"
45.134.225.241 - - [16/Dec/2025:00:37:37 +0000] "GET /wp-admin/edit.php HTTP/1.1" 302 11 "https://datainsightnow.com/wp-login.php" "Mozilla/5.0 (X11; Linux x86_64) AppleWebKit/537.36 (KHTML, like Gecko) Chrome/121.0.0.0 Safari/537.36"
57.141.0.16 - - [16/Dec/2025:00:37:37 +0000] "GET /karamba-spielsaal-erfahrungen-angeschlossen-testbericht-werfen-sie-einen-blick-auf-den-link-within-2025-pro-teutonia/?path=//sys/class/pci_bus/0000:06/subsystem/0000:06/subsystem/0000:07/subsystem/0000:0f/device/driver/0000:00:03.6 HTTP/1.1" 200 262264 "-" "meta-externalagent/1.1 (+https://developers.facebook.com/docs/sharing/webmasters/crawler)"
45.134.225.241 - - [16/Dec/2025:00:37:38 +0000] "GET / HTTP/1.1" 200 45511 "https://datainsightnow.com/wp-login.php" "Mozilla/5.0 (X11; Linux x86_64) AppleWebKit/537.36 (KHTML, like Gecko) Chrome/121.0.0.0 Safari/537.36"
74.7.227.155 - - [16/Dec/2025:00:37:38 +0000] "GET /index.php?format=xml&rest_route=%2Foembed%2F1.0%2Fembed&url=https%3A%2F%2Fdatainsightnow.com%2F%3Fp%3D30205 HTTP/1.1" 200 1285 "-" "Mozilla/5.0 AppleWebKit/537.36 (KHTML, like Gecko; compatible; GPTBot/1.3; +https://openai.com/gptbot)"
45.134.225.241 - - [16/Dec/2025:00:37:38 +0000] "GET /wp-admin/plugins.php HTTP/1.1" 302 11 "https://datainsightnow.com/wp-login.php" "Mozilla/5.0 (X11; Linux x86_64) AppleWebKit/537.36 (KHTML, like Gecko) Chrome/121.0.0.0 Safari/537.36"
45.134.225.241 - - [16/Dec/2025:00:37:39 +0000] "GET / HTTP/1.1" 200 45511 "https://datainsightnow.com/wp-login.php" "Mozilla/5.0 (X11; Linux x86_64) AppleWebKit/537.36 (KHTML, like Gecko) Chrome/121.0.0.0 Safari/537.36"
45.134.225.241 - - [16/Dec/2025:00:37:39 +0000] "POST /wp-login.php HTTP/1.1" 200 2682 "https://datainsightnow.com/wp-login.php" "Mozilla/5.0 (X11; Linux x86_64) AppleWebKit/537.36 (KHTML, like Gecko) Chrome/121.0.0.0 Safari/537.36"
45.134.225.241 - - [16/Dec/2025:00:37:40 +0000] "GET /wp-admin/index.php HTTP/1.1" 302 11 "https://datainsightnow.com/wp-login.php" "Mozilla/5.0 (Macintosh; Intel Mac OS X 10_15_7) AppleWebKit/605.1.15 (KHTML, like Gecko) Version/16.6 Safari/605.1.15"
185.191.171.3 - - [16/Dec/2025:00:37:40 +0000] "GET /?p=18828 HTTP/1.1" 200 42172 "-" "Mozilla/5.0 (compatible; SemrushBot/7~bl; +http://www.semrush.com/bot.html)"
45.134.225.241 - - [16/Dec/2025:00:37:40 +0000] "GET / HTTP/1.1" 200 45511 "https://datainsightnow.com/wp-login.php" "Mozilla/5.0 (Macintosh; Intel Mac OS X 10_15_7) AppleWebKit/605.1.15 (KHTML, like Gecko) Version/16.6 Safari/605.1.15"
74.7.227.155 - - [16/Dec/2025:00:37:41 +0000] "GET /index.php?rest_route=%2Foembed%2F1.0%2Fembed&url=https%3A%2F%2Fdatainsightnow.com%2F%3Fp%3D30205 HTTP/1.1" 200 1257 "-" "Mozilla/5.0 AppleWebKit/537.36 (KHTML, like Gecko; compatible; GPTBot/1.3; +https://openai.com/gptbot)"
45.134.225.241 - - [16/Dec/2025:00:37:42 +0000] "GET /wp-admin/profile.php HTTP/1.1" 302 11 "https://datainsightnow.com/wp-login.php" "Mozilla/5.0 (Macintosh; Intel Mac OS X 10_15_7) AppleWebKit/605.1.15 (KHTML, like Gecko) Version/16.6 Safari/605.1.15"
45.134.225.241 - - [16/Dec/2025:00:37:42 +0000] "GET / HTTP/1.1" 200 45511 "https://datainsightnow.com/wp-login.php" "Mozilla/5.0 (Macintosh; Intel Mac OS X 10_15_7) AppleWebKit/605.1.15 (KHTML, like Gecko) Version/16.6 Safari/605.1.15"
45.134.225.241 - - [16/Dec/2025:00:37:43 +0000] "GET /wp-admin/edit.php HTTP/1.1" 302 11 "https://datainsightnow.com/wp-login.php" "Mozilla/5.0 (Macintosh; Intel Mac OS X 10_15_7) AppleWebKit/605.1.15 (KHTML, like Gecko) Version/16.6 Safari/605.1.15"
57.141.0.55 - - [16/Dec/2025:00:37:43 +0000] "GET /karamba-spielsaal-erfahrungen-angeschlossen-testbericht-werfen-sie-einen-blick-auf-den-link-within-2025-pro-teutonia/?path=//sys/class/pci_bus/0000:06/subsystem/0000:01/subsystem/0000:06/subsystem/0000:05/device/subsystem/devices/0000:00:1f.2/ata4/link4 HTTP/1.1" 200 262264 "-" "meta-externalagent/1.1 (+https://developers.facebook.com/docs/sharing/webmasters/crawler)"
45.134.225.241 - - [16/Dec/2025:00:37:43 +0000] "GET / HTTP/1.1" 200 45511 "https://datainsightnow.com/wp-login.php" "Mozilla/5.0 (Macintosh; Intel Mac OS X 10_15_7) AppleWebKit/605.1.15 (KHTML, like Gecko) Version/16.6 Safari/605.1.15"
57.141.0.12 - - [16/Dec/2025:00:37:44 +0000] "GET /2025/03/07/page/6/?fileloc=//sys/class/pci_bus/0000:0b/subsystem/0000:01/subsystem/0000:07/subsystem/0000:09/device/driver/0000:00:02.1/aer_rootport_total_err_cor&path=//sys/class/pci_bus/0000:0b/subsystem/0000:01/subsystem/0000:07/subsystem/0000:09/device/driver/0000:00:02.1 HTTP/1.1" 200 262209 "-" "meta-externalagent/1.1 (+https://developers.facebook.com/docs/sharing/webmasters/crawler)"
45.134.225.241 - - [16/Dec/2025:00:37:44 +0000] "GET /wp-admin/plugins.php HTTP/1.1" 302 11 "https://datainsightnow.com/wp-login.php" "Mozilla/5.0 (Macintosh; Intel Mac OS X 10_15_7) AppleWebKit/605.1.15 (KHTML, like Gecko) Version/16.6 Safari/605.1.15"
74.7.227.155 - - [16/Dec/2025:00:37:44 +0000] "GET /index.php?rest_route=/wp/v2/posts/30205 HTTP/1.1" 200 4791 "-" "Mozilla/5.0 AppleWebKit/537.36 (KHTML, like Gecko; compatible; GPTBot/1.3; +https://openai.com/gptbot)"
45.134.225.241 - - [16/Dec/2025:00:37:44 +0000] "GET / HTTP/1.1" 200 45511 "https://datainsightnow.com/wp-login.php" "Mozilla/5.0 (Macintosh; Intel Mac OS X 10_15_7) AppleWebKit/605.1.15 (KHTML, like Gecko) Version/16.6 Safari/605.1.15"
45.134.225.241 - - [16/Dec/2025:00:37:45 +0000] "GET /wp-admin/index.php HTTP/1.1" 302 11 "https://datainsightnow.com/wp-login.php" "Mozilla/5.0 (Macintosh; Intel Mac OS X 10_15_7) AppleWebKit/605.1.15 (KHTML, like Gecko) Version/16.6 Safari/605.1.15"
185.191.171.16 - - [16/Dec/2025:00:37:46 +0000] "GET /?p=41295 HTTP/1.1" 200 43284 "-" "Mozilla/5.0 (compatible; SemrushBot/7~bl; +http://www.semrush.com/bot.html)"
45.134.225.241 - - [16/Dec/2025:00:37:46 +0000] "GET / HTTP/1.1" 200 45511 "https://datainsightnow.com/wp-login.php" "Mozilla/5.0 (Macintosh; Intel Mac OS X 10_15_7) AppleWebKit/605.1.15 (KHTML, like Gecko) Version/16.6 Safari/605.1.15"
45.134.225.241 - - [16/Dec/2025:00:37:46 +0000] "GET /wp-admin/profile.php HTTP/1.1" 302 11 "https://datainsightnow.com/wp-login.php" "Mozilla/5.0 (Macintosh; Intel Mac OS X 10_15_7) AppleWebKit/605.1.15 (KHTML, like Gecko) Version/16.6 Safari/605.1.15"
45.134.225.241 - - [16/Dec/2025:00:37:48 +0000] "GET / HTTP/1.1" 200 45511 "https://datainsightnow.com/wp-login.php" "Mozilla/5.0 (Macintosh; Intel Mac OS X 10_15_7) AppleWebKit/605.1.15 (KHTML, like Gecko) Version/16.6 Safari/605.1.15"
74.7.227.155 - - [16/Dec/2025:00:37:48 +0000] "GET /?p=24809 HTTP/1.1" 200 46086 "-" "Mozilla/5.0 AppleWebKit/537.36 (KHTML, like Gecko; compatible; GPTBot/1.3; +https://openai.com/gptbot)"
45.134.225.241 - - [16/Dec/2025:00:37:48 +0000] "GET /wp-admin/edit.php HTTP/1.1" 302 11 "https://datainsightnow.com/wp-login.php" "Mozilla/5.0 (Macintosh; Intel Mac OS X 10_15_7) AppleWebKit/605.1.15 (KHTML, like Gecko) Version/16.6 Safari/605.1.15"
45.134.225.241 - - [16/Dec/2025:00:37:48 +0000] "GET / HTTP/1.1" 200 45511 "https://datainsightnow.com/wp-login.php" "Mozilla/5.0 (Macintosh; Intel Mac OS X 10_15_7) AppleWebKit/605.1.15 (KHTML, like Gecko) Version/16.6 Safari/605.1.15"
45.134.225.241 - - [16/Dec/2025:00:37:49 +0000] "GET /wp-admin/plugins.php HTTP/1.1" 302 11 "https://datainsightnow.com/wp-login.php" "Mozilla/5.0 (Macintosh; Intel Mac OS X 10_15_7) AppleWebKit/605.1.15 (KHTML, like Gecko) Version/16.6 Safari/605.1.15"
45.134.225.241 - - [16/Dec/2025:00:37:50 +0000] "GET / HTTP/1.1" 200 45511 "https://datainsightnow.com/wp-login.php" "Mozilla/5.0 (Macintosh; Intel Mac OS X 10_15_7) AppleWebKit/605.1.15 (KHTML, like Gecko) Version/16.6 Safari/605.1.15"
57.141.0.21 - - [16/Dec/2025:00:37:50 +0000] "GET /2025/03/07/page/6/?path=//sys/class/pci_bus/0000:05/subsystem/0000:0d/device/pci_bus/0000:0d/subsystem/0000:0e/device/driver/0000:00:03.0/0000:00:03.0:pcie001 HTTP/1.1" 200 262264 "-" "meta-externalagent/1.1 (+https://developers.facebook.com/docs/sharing/webmasters/crawler)"
217.113.194.53 - - [16/Dec/2025:00:37:50 +0000] "GET /privacy/?fileloc=//proc/sys/vm/numa_stat&path=//proc/sys/vm HTTP/1.1" 200 45436 "-" "Mozilla/5.0 (compatible; Barkrowler/0.9; +https://babbar.tech/crawler)"
66.135.21.75 - - [16/Dec/2025:00:37:50 +0000] "POST /wp-cron.php?doing_wp_cron=1765845470.8965349197387695312500 HTTP/1.1" 200 31 "-" "WordPress/6.3.1; https://datainsightnow.com"
45.134.225.241 - - [16/Dec/2025:00:37:50 +0000] "POST /wp-login.php HTTP/1.1" 200 2679 "https://datainsightnow.com/wp-login.php" "Mozilla/5.0 (Macintosh; Intel Mac OS X 10_15_7) AppleWebKit/605.1.15 (KHTML, like Gecko) Version/17.2 Safari/605.1.15"
45.134.225.241 - - [16/Dec/2025:00:37:51 +0000] "GET /wp-admin/index.php HTTP/1.1" 302 11 "https://datainsightnow.com/wp-login.php" "Mozilla/5.0 (Macintosh; Intel Mac OS X 13_6_1) AppleWebKit/605.1.15 (KHTML, like Gecko) Version/17.0 Safari/605.1.15"
74.7.227.155 - - [16/Dec/2025:00:37:51 +0000] "GET /index.php?rest_route=/wp/v2/posts/24809 HTTP/1.1" 200 12489 "-" "Mozilla/5.0 AppleWebKit/537.36 (KHTML, like Gecko; compatible; GPTBot/1.3; +https://openai.com/gptbot)"
45.134.225.241 - - [16/Dec/2025:00:37:51 +0000] "GET / HTTP/1.1" 200 45511 "https://datainsightnow.com/wp-login.php" "Mozilla/5.0 (Macintosh; Intel Mac OS X 13_6_1) AppleWebKit/605.1.15 (KHTML, like Gecko) Version/17.0 Safari/605.1.15"
45.134.225.241 - - [16/Dec/2025:00:37:52 +0000] "GET /wp-admin/profile.php HTTP/1.1" 302 11 "https://datainsightnow.com/wp-login.php" "Mozilla/5.0 (Macintosh; Intel Mac OS X 13_6_1) AppleWebKit/605.1.15 (KHTML, like Gecko) Version/17.0 Safari/605.1.15"
45.134.225.241 - - [16/Dec/2025:00:37:53 +0000] "GET / HTTP/1.1" 200 45511 "https://datainsightnow.com/wp-login.php" "Mozilla/5.0 (Macintosh; Intel Mac OS X 13_6_1) AppleWebKit/605.1.15 (KHTML, like Gecko) Version/17.0 Safari/605.1.15"
45.134.225.241 - - [16/Dec/2025:00:37:54 +0000] "GET /wp-admin/edit.php HTTP/1.1" 302 11 "https://datainsightnow.com/wp-login.php" "Mozilla/5.0 (Macintosh; Intel Mac OS X 13_6_1) AppleWebKit/605.1.15 (KHTML, like Gecko) Version/17.0 Safari/605.1.15"
74.7.227.155 - - [16/Dec/2025:00:37:54 +0000] "GET /index.php?format=xml&rest_route=%2Foembed%2F1.0%2Fembed&url=https%3A%2F%2Fdatainsightnow.com%2F%3Fp%3D24809 HTTP/1.1" 200 1442 "-" "Mozilla/5.0 AppleWebKit/537.36 (KHTML, like Gecko; compatible; GPTBot/1.3; +https://openai.com/gptbot)"
45.134.225.241 - - [16/Dec/2025:00:37:54 +0000] "GET / HTTP/1.1" 200 45511 "https://datainsightnow.com/wp-login.php" "Mozilla/5.0 (Macintosh; Intel Mac OS X 13_6_1) AppleWebKit/605.1.15 (KHTML, like Gecko) Version/17.0 Safari/605.1.15"
45.134.225.241 - - [16/Dec/2025:00:37:55 +0000] "GET /wp-admin/plugins.php HTTP/1.1" 302 11 "https://datainsightnow.com/wp-login.php" "Mozilla/5.0 (Macintosh; Intel Mac OS X 13_6_1) AppleWebKit/605.1.15 (KHTML, like Gecko) Version/17.0 Safari/605.1.15"
45.134.225.241 - - [16/Dec/2025:00:37:56 +0000] "GET / HTTP/1.1" 200 45511 "https://datainsightnow.com/wp-login.php" "Mozilla/5.0 (Macintosh; Intel Mac OS X 13_6_1) AppleWebKit/605.1.15 (KHTML, like Gecko) Version/17.0 Safari/605.1.15"
45.134.225.241 - - [16/Dec/2025:00:37:56 +0000] "GET /wp-admin/index.php HTTP/1.1" 302 11 "https://datainsightnow.com/wp-login.php" "Mozilla/5.0 (Macintosh; Intel Mac OS X 13_6_1) AppleWebKit/605.1.15 (KHTML, like Gecko) Version/17.0 Safari/605.1.15"
45.134.225.241 - - [16/Dec/2025:00:37:57 +0000] "GET / HTTP/1.1" 200 45511 "https://datainsightnow.com/wp-login.php" "Mozilla/5.0 (Macintosh; Intel Mac OS X 13_6_1) AppleWebKit/605.1.15 (KHTML, like Gecko) Version/17.0 Safari/605.1.15"
74.7.227.155 - - [16/Dec/2025:00:37:57 +0000] "GET /index.php?rest_route=%2Foembed%2F1.0%2Fembed&url=https%3A%2F%2Fdatainsightnow.com%2F%3Fp%3D24809 HTTP/1.1" 200 1394 "-" "Mozilla/5.0 AppleWebKit/537.36 (KHTML, like Gecko; compatible; GPTBot/1.3; +https://openai.com/gptbot)"
57.141.0.40 - - [16/Dec/2025:00:37:57 +0000] "GET /karamba-spielsaal-erfahrungen-angeschlossen-testbericht-werfen-sie-einen-blick-auf-den-link-within-2025-pro-teutonia/?path=//sys/class/pci_bus/0000:08/subsystem/0000:02/device/driver/0000:00:03.3/driver/0000:00:02.3/firmware_node/device:29/subsystem/devices/device:17 HTTP/1.1" 200 262209 "-" "meta-externalagent/1.1 (+https://developers.facebook.com/docs/sharing/webmasters/crawler)"
45.134.225.241 - - [16/Dec/2025:00:37:57 +0000] "GET /wp-admin/profile.php HTTP/1.1" 302 11 "https://datainsightnow.com/wp-login.php" "Mozilla/5.0 (Macintosh; Intel Mac OS X 13_6_1) AppleWebKit/605.1.15 (KHTML, like Gecko) Version/17.0 Safari/605.1.15"
45.134.225.241 - - [16/Dec/2025:00:37:58 +0000] "GET / HTTP/1.1" 200 45511 "https://datainsightnow.com/wp-login.php" "Mozilla/5.0 (Macintosh; Intel Mac OS X 13_6_1) AppleWebKit/605.1.15 (KHTML, like Gecko) Version/17.0 Safari/605.1.15"
45.134.225.241 - - [16/Dec/2025:00:37:59 +0000] "GET /wp-admin/edit.php HTTP/1.1" 302 11 "https://datainsightnow.com/wp-login.php" "Mozilla/5.0 (Macintosh; Intel Mac OS X 13_6_1) AppleWebKit/605.1.15 (KHTML, like Gecko) Version/17.0 Safari/605.1.15"
45.134.225.241 - - [16/Dec/2025:00:37:59 +0000] "GET / HTTP/1.1" 200 45511 "https://datainsightnow.com/wp-login.php" "Mozilla/5.0 (Macintosh; Intel Mac OS X 13_6_1) AppleWebKit/605.1.15 (KHTML, like Gecko) Version/17.0 Safari/605.1.15"
45.134.225.241 - - [16/Dec/2025:00:38:00 +0000] "GET /wp-admin/plugins.php HTTP/1.1" 302 11 "https://datainsightnow.com/wp-login.php" "Mozilla/5.0 (Macintosh; Intel Mac OS X 13_6_1) AppleWebKit/605.1.15 (KHTML, like Gecko) Version/17.0 Safari/605.1.15"
57.141.0.40 - - [16/Dec/2025:00:38:00 +0000] "GET /karamba-spielsaal-erfahrungen-angeschlossen-testbericht-werfen-sie-einen-blick-auf-den-link-within-2025-pro-teutonia/?fileloc=//sys/class/pci_bus/0000:06/subsystem/0000:0d/subsystem/0000:07/subsystem/0000:01/device/driver/0000:00:02.6/driver/0000:00:02.6/aer_rootport_total_err_fatal&path=//sys/class/pci_bus/0000:06/subsystem/0000:0d/subsystem/0000:07/subsystem/0000:01/device/driver/0000:00:02.6/driver/0000:00:02.6 HTTP/1.1" 200 262248 "-" "meta-externalagent/1.1 (+https://developers.facebook.com/docs/sharing/webmasters/crawler)"
45.134.225.241 - - [16/Dec/2025:00:38:01 +0000] "GET / HTTP/1.1" 200 45511 "https://datainsightnow.com/wp-login.php" "Mozilla/5.0 (Macintosh; Intel Mac OS X 13_6_1) AppleWebKit/605.1.15 (KHTML, like Gecko) Version/17.0 Safari/605.1.15"
40.77.167.7 - - [16/Dec/2025:00:38:01 +0000] "GET /7956480?entity=0007926018 HTTP/1.1" 200 30219 "-" "Mozilla/5.0 AppleWebKit/537.36 (KHTML, like Gecko; compatible; bingbot/2.0; +http://www.bing.com/bingbot.htm) Chrome/116.0.1938.76 Safari/537.36"
45.134.225.241 - - [16/Dec/2025:00:38:02 +0000] "POST /wp-login.php HTTP/1.1" 200 2678 "https://datainsightnow.com/wp-login.php" "Mozilla/5.0 (Macintosh; Intel Mac OS X 10_15_7) AppleWebKit/605.1.15 (KHTML, like Gecko) Version/17.1 Safari/605.1.15"
45.134.225.241 - - [16/Dec/2025:00:38:02 +0000] "GET /wp-admin/index.php HTTP/1.1" 302 11 "https://datainsightnow.com/wp-login.php" "Mozilla/5.0 (Macintosh; Intel Mac OS X 13_6_1) AppleWebKit/537.36 (KHTML, like Gecko) Chrome/120.0.0.0 Safari/537.36"
45.134.225.241 - - [16/Dec/2025:00:38:02 +0000] "GET / HTTP/1.1" 200 45511 "https://datainsightnow.com/wp-login.php" "Mozilla/5.0 (Macintosh; Intel Mac OS X 13_6_1) AppleWebKit/537.36 (KHTML, like Gecko) Chrome/120.0.0.0 Safari/537.36"
52.167.144.149 - - [16/Dec/2025:00:38:03 +0000] "GET /?p=35943 HTTP/1.1" 200 29419 "-" "Mozilla/5.0 AppleWebKit/537.36 (KHTML, like Gecko; compatible; bingbot/2.0; +http://www.bing.com/bingbot.htm) Chrome/116.0.1938.76 Safari/537.36"
45.134.225.241 - - [16/Dec/2025:00:38:03 +0000] "GET /wp-admin/profile.php HTTP/1.1" 302 11 "https://datainsightnow.com/wp-login.php" "Mozilla/5.0 (Macintosh; Intel Mac OS X 13_6_1) AppleWebKit/537.36 (KHTML, like Gecko) Chrome/120.0.0.0 Safari/537.36"
57.141.0.29 - - [16/Dec/2025:00:38:03 +0000] "GET /2025/03/06/page/39/?path=//sys/class/pci_bus/0000:13/subsystem/0000:0b/subsystem/0000:13/device/driver/0000:00:03.4/0000:00:03.4:pcie001 HTTP/1.1" 200 262248 "-" "meta-externalagent/1.1 (+https://developers.facebook.com/docs/sharing/webmasters/crawler)"
57.141.0.42 - - [16/Dec/2025:00:38:04 +0000] "GET /2025/03/07/page/6/?fileloc=//sys/class/pci_bus/0000:0b/subsystem/0000:12/subsystem/0000:08/subsystem/0000:13/device/aer_rootport_total_err_cor&path=//sys/class/pci_bus/0000:0b/subsystem/0000:12/subsystem/0000:08/subsystem/0000:13/device HTTP/1.1" 200 262216 "-" "meta-externalagent/1.1 (+https://developers.facebook.com/docs/sharing/webmasters/crawler)"
45.134.225.241 - - [16/Dec/2025:00:38:04 +0000] "GET / HTTP/1.1" 200 45511 "https://datainsightnow.com/wp-login.php" "Mozilla/5.0 (Macintosh; Intel Mac OS X 13_6_1) AppleWebKit/537.36 (KHTML, like Gecko) Chrome/120.0.0.0 Safari/537.36"
45.134.225.241 - - [16/Dec/2025:00:38:05 +0000] "GET /wp-admin/edit.php HTTP/1.1" 302 11 "https://datainsightnow.com/wp-login.php" "Mozilla/5.0 (Macintosh; Intel Mac OS X 13_6_1) AppleWebKit/537.36 (KHTML, like Gecko) Chrome/120.0.0.0 Safari/537.36"
45.134.225.241 - - [16/Dec/2025:00:38:05 +0000] "GET / HTTP/1.1" 200 45511 "https://datainsightnow.com/wp-login.php" "Mozilla/5.0 (Macintosh; Intel Mac OS X 13_6_1) AppleWebKit/537.36 (KHTML, like Gecko) Chrome/120.0.0.0 Safari/537.36"
45.134.225.241 - - [16/Dec/2025:00:38:06 +0000] "GET /wp-admin/plugins.php HTTP/1.1" 302 11 "https://datainsightnow.com/wp-login.php" "Mozilla/5.0 (Macintosh; Intel Mac OS X 13_6_1) AppleWebKit/537.36 (KHTML, like Gecko) Chrome/120.0.0.0 Safari/537.36"
52.167.144.225 - - [16/Dec/2025:00:38:06 +0000] "GET /?718278482?entity=0715505466 HTTP/1.1" 200 29681 "-" "Mozilla/5.0 AppleWebKit/537.36 (KHTML, like Gecko; compatible; bingbot/2.0; +http://www.bing.com/bingbot.htm) Chrome/116.0.1938.76 Safari/537.36"
217.113.194.52 - - [16/Dec/2025:00:38:06 +0000] "GET /privacy/?fileloc=//proc/143/net/tls_stat&path=//proc/143/net HTTP/1.1" 200 45436 "-" "Mozilla/5.0 (compatible; Barkrowler/0.9; +https://babbar.tech/crawler)"
45.134.225.241 - - [16/Dec/2025:00:38:07 +0000] "GET / HTTP/1.1" 200 45511 "https://datainsightnow.com/wp-login.php" "Mozilla/5.0 (Macintosh; Intel Mac OS X 13_6_1) AppleWebKit/537.36 (KHTML, like Gecko) Chrome/120.0.0.0 Safari/537.36"
45.134.225.241 - - [16/Dec/2025:00:38:07 +0000] "GET /wp-admin/index.php HTTP/1.1" 302 11 "https://datainsightnow.com/wp-login.php" "Mozilla/5.0 (Macintosh; Intel Mac OS X 13_6_1) AppleWebKit/537.36 (KHTML, like Gecko) Chrome/120.0.0.0 Safari/537.36"
45.134.225.241 - - [16/Dec/2025:00:38:08 +0000] "GET / HTTP/1.1" 200 45511 "https://datainsightnow.com/wp-login.php" "Mozilla/5.0 (Macintosh; Intel Mac OS X 13_6_1) AppleWebKit/537.36 (KHTML, like Gecko) Chrome/120.0.0.0 Safari/537.36"
45.134.225.241 - - [16/Dec/2025:00:38:08 +0000] "GET /wp-admin/profile.php HTTP/1.1" 302 11 "https://datainsightnow.com/wp-login.php" "Mozilla/5.0 (Macintosh; Intel Mac OS X 13_6_1) AppleWebKit/537.36 (KHTML, like Gecko) Chrome/120.0.0.0 Safari/537.36"
45.134.225.241 - - [16/Dec/2025:00:38:09 +0000] "GET / HTTP/1.1" 200 45511 "https://datainsightnow.com/wp-login.php" "Mozilla/5.0 (Macintosh; Intel Mac OS X 13_6_1) AppleWebKit/537.36 (KHTML, like Gecko) Chrome/120.0.0.0 Safari/537.36"
45.134.225.241 - - [16/Dec/2025:00:38:09 +0000] "GET /wp-admin/edit.php HTTP/1.1" 302 11 "https://datainsightnow.com/wp-login.php" "Mozilla/5.0 (Macintosh; Intel Mac OS X 13_6_1) AppleWebKit/537.36 (KHTML, like Gecko) Chrome/120.0.0.0 Safari/537.36"
74.7.227.155 - - [16/Dec/2025:00:38:10 +0000] "GET /?p=29023 HTTP/1.1" 200 43999 "-" "Mozilla/5.0 AppleWebKit/537.36 (KHTML, like Gecko; compatible; GPTBot/1.3; +https://openai.com/gptbot)"
45.134.225.241 - - [16/Dec/2025:00:38:10 +0000] "GET / HTTP/1.1" 200 45511 "https://datainsightnow.com/wp-login.php" "Mozilla/5.0 (Macintosh; Intel Mac OS X 13_6_1) AppleWebKit/537.36 (KHTML, like Gecko) Chrome/120.0.0.0 Safari/537.36"
45.134.225.241 - - [16/Dec/2025:00:38:11 +0000] "GET /wp-admin/plugins.php HTTP/1.1" 302 11 "https://datainsightnow.com/wp-login.php" "Mozilla/5.0 (Macintosh; Intel Mac OS X 13_6_1) AppleWebKit/537.36 (KHTML, like Gecko) Chrome/120.0.0.0 Safari/537.36"
57.141.0.31 - - [16/Dec/2025:00:38:11 +0000] "GET /2025/03/07/page/6/?fileloc=//sys/class/pci_bus/0000:04/device/subsystem/devices/0000:00:02.3/driver/0000:00:04.0/driver/0000:00:02.0/irq&path=//sys/class/pci_bus/0000:04/device/subsystem/devices/0000:00:02.3/driver/0000:00:04.0/driver/0000:00:02.0 HTTP/1.1" 200 262264 "-" "meta-externalagent/1.1 (+https://developers.facebook.com/docs/sharing/webmasters/crawler)"
57.141.0.76 - - [16/Dec/2025:00:38:11 +0000] "GET /karamba-spielsaal-erfahrungen-angeschlossen-testbericht-werfen-sie-einen-blick-auf-den-link-within-2025-pro-teutonia/?fileloc=//sys/class/pci_bus/0000:05/subsystem/0000:12/subsystem/0000:02/device/subsystem/devices/0000:05:00.0/dma_mask_bits&path=//sys/class/pci_bus/0000:05/subsystem/0000:12/subsystem/0000:02/device/subsystem/devices/0000:05:00.0 HTTP/1.1" 200 262248 "-" "meta-externalagent/1.1 (+https://developers.facebook.com/docs/sharing/webmasters/crawler)"
45.134.225.241 - - [16/Dec/2025:00:38:12 +0000] "GET / HTTP/1.1" 200 45511 "https://datainsightnow.com/wp-login.php" "Mozilla/5.0 (Macintosh; Intel Mac OS X 13_6_1) AppleWebKit/537.36 (KHTML, like Gecko) Chrome/120.0.0.0 Safari/537.36"
57.141.0.68 - - [16/Dec/2025:00:38:12 +0000] "GET /2025/03/07/page/6/?fileloc=//sys/class/pci_bus/0000:05/subsystem/0000:06/subsystem/0000:05/subsystem/0000:11/device/driver/0000:00:02.0/driver/0000:00:03.7/config&path=//sys/class/pci_bus/0000:05/subsystem/0000:06/subsystem/0000:05/subsystem/0000:11/device/driver/0000:00:02.0/driver/0000:00:03.7 HTTP/1.1" 200 262209 "-" "meta-externalagent/1.1 (+https://developers.facebook.com/docs/sharing/webmasters/crawler)"
45.134.225.241 - - [16/Dec/2025:00:38:12 +0000] "POST /wp-login.php HTTP/1.1" 200 2680 "https://datainsightnow.com/wp-login.php" "Mozilla/5.0 (X11; Ubuntu; Linux x86_64) AppleWebKit/537.36 (KHTML, like Gecko) Chrome/119.0.0.0 Safari/537.36"
52.167.144.149 - - [16/Dec/2025:00:38:12 +0000] "GET /AmazonEmber?fileloc=//lib/firmware/cirrus/cs35l41-dsp1-spk-prot-104314d3-spkid1-l0.bin.zst&path=//lib/firmware/cirrus HTTP/1.1" 200 30433 "-" "Mozilla/5.0 AppleWebKit/537.36 (KHTML, like Gecko; compatible; bingbot/2.0; +http://www.bing.com/bingbot.htm) Chrome/116.0.1938.76 Safari/537.36"
45.134.225.241 - - [16/Dec/2025:00:38:13 +0000] "GET /wp-admin/index.php HTTP/1.1" 302 11 "https://datainsightnow.com/wp-login.php" "Mozilla/5.0 (Macintosh; Intel Mac OS X 10_15_7) AppleWebKit/605.1.15 (KHTML, like Gecko) Version/17.0 Safari/605.1.15"
45.134.225.241 - - [16/Dec/2025:00:38:13 +0000] "GET / HTTP/1.1" 200 45511 "https://datainsightnow.com/wp-login.php" "Mozilla/5.0 (Macintosh; Intel Mac OS X 10_15_7) AppleWebKit/605.1.15 (KHTML, like Gecko) Version/17.0 Safari/605.1.15"
45.134.225.241 - - [16/Dec/2025:00:38:14 +0000] "GET /wp-admin/profile.php HTTP/1.1" 302 11 "https://datainsightnow.com/wp-login.php" "Mozilla/5.0 (Macintosh; Intel Mac OS X 10_15_7) AppleWebKit/605.1.15 (KHTML, like Gecko) Version/17.0 Safari/605.1.15"
74.7.227.155 - - [16/Dec/2025:00:38:14 +0000] "GET /?p=27267 HTTP/1.1" 200 41465 "-" "Mozilla/5.0 AppleWebKit/537.36 (KHTML, like Gecko; compatible; GPTBot/1.3; +https://openai.com/gptbot)"
57.141.0.47 - - [16/Dec/2025:00:38:14 +0000] "GET /karamba-spielsaal-erfahrungen-angeschlossen-testbericht-werfen-sie-einen-blick-auf-den-link-within-2025-pro-teutonia/?path=//sys/class/pci_bus/0000:06/subsystem/0000:01/subsystem/0000:02/device/driver/0000:00:02.0/driver/0000:00:02.7 HTTP/1.1" 200 262209 "-" "meta-externalagent/1.1 (+https://developers.facebook.com/docs/sharing/webmasters/crawler)"
57.141.0.53 - - [16/Dec/2025:00:38:15 +0000] "GET /karamba-spielsaal-erfahrungen-angeschlossen-testbericht-werfen-sie-einen-blick-auf-den-link-within-2025-pro-teutonia/?fileloc=//sys/class/pci_bus/0000:0b/subsystem/0000:11/subsystem/0000:05/device/subsystem/devices/0000:00:02.7/broken_parity_status&path=//sys/class/pci_bus/0000:0b/subsystem/0000:11/subsystem/0000:05/device/subsystem/devices/0000:00:02.7 HTTP/1.1" 200 262209 "-" "meta-externalagent/1.1 (+https://developers.facebook.com/docs/sharing/webmasters/crawler)"
74.7.227.155 - - [16/Dec/2025:00:38:15 +0000] "GET /?p=29137 HTTP/1.1" 200 46820 "-" "Mozilla/5.0 AppleWebKit/537.36 (KHTML, like Gecko; compatible; GPTBot/1.3; +https://openai.com/gptbot)"
45.134.225.241 - - [16/Dec/2025:00:38:15 +0000] "GET / HTTP/1.1" 200 45511 "https://datainsightnow.com/wp-login.php" "Mozilla/5.0 (Macintosh; Intel Mac OS X 10_15_7) AppleWebKit/605.1.15 (KHTML, like Gecko) Version/17.0 Safari/605.1.15"
57.141.0.65 - - [16/Dec/2025:00:38:16 +0000] "GET /2025/03/07/page/6/?fileloc=//sys/class/pci_bus/0000:03/subsystem/0000:0f/subsystem/0000:0b/subsystem/0000:07/subsystem/0000:06/cpulistaffinity&path=//sys/class/pci_bus/0000:03/subsystem/0000:0f/subsystem/0000:0b/subsystem/0000:07/subsystem/0000:06 HTTP/1.1" 200 262209 "-" "meta-externalagent/1.1 (+https://developers.facebook.com/docs/sharing/webmasters/crawler)"
57.141.0.30 - - [16/Dec/2025:00:38:16 +0000] "GET /2025/03/07/page/6/?path=//sys/class/pci_bus/0000:06/subsystem/0000:03/subsystem/0000:12/subsystem/0000:06/subsystem/0000:01/device/0000:00:02.0:pcie010 HTTP/1.1" 200 262248 "-" "meta-externalagent/1.1 (+https://developers.facebook.com/docs/sharing/webmasters/crawler)"
45.134.225.241 - - [16/Dec/2025:00:38:16 +0000] "GET /wp-admin/edit.php HTTP/1.1" 302 11 "https://datainsightnow.com/wp-login.php" "Mozilla/5.0 (Macintosh; Intel Mac OS X 10_15_7) AppleWebKit/605.1.15 (KHTML, like Gecko) Version/17.0 Safari/605.1.15"
57.141.0.17 - - [16/Dec/2025:00:38:17 +0000] "GET /2025/03/07/page/6/?path=//sys/class/pci_bus/0000:05/subsystem/0000:0c/subsystem/0000:0f/device/driver/0000:00:03.1/driver/0000:00:02.3/firmware_node HTTP/1.1" 200 262248 "-" "meta-externalagent/1.1 (+https://developers.facebook.com/docs/sharing/webmasters/crawler)"
45.134.225.241 - - [16/Dec/2025:00:38:17 +0000] "GET / HTTP/1.1" 200 45511 "https://datainsightnow.com/wp-login.php" "Mozilla/5.0 (Macintosh; Intel Mac OS X 10_15_7) AppleWebKit/605.1.15 (KHTML, like Gecko) Version/17.0 Safari/605.1.15"
57.141.0.7 - - [16/Dec/2025:00:38:17 +0000] "GET /2025/03/07/page/6/?path=//sys/class/pci_bus/0000:0f/subsystem/0000:04/subsystem/0000:02/subsystem/0000:06/device/subsystem/slots/9 HTTP/1.1" 200 262264 "-" "meta-externalagent/1.1 (+https://developers.facebook.com/docs/sharing/webmasters/crawler)"
74.7.227.155 - - [16/Dec/2025:00:38:18 +0000] "GET /index.php?rest_route=%2Foembed%2F1.0%2Fembed&url=https%3A%2F%2Fdatainsightnow.com%2F%3Fp%3D27267 HTTP/1.1" 200 1278 "-" "Mozilla/5.0 AppleWebKit/537.36 (KHTML, like Gecko; compatible; GPTBot/1.3; +https://openai.com/gptbot)"
45.134.225.241 - - [16/Dec/2025:00:38:18 +0000] "GET /wp-admin/plugins.php HTTP/1.1" 302 11 "https://datainsightnow.com/wp-login.php" "Mozilla/5.0 (Macintosh; Intel Mac OS X 10_15_7) AppleWebKit/605.1.15 (KHTML, like Gecko) Version/17.0 Safari/605.1.15"
57.141.0.38 - - [16/Dec/2025:00:38:18 +0000] "GET /karamba-spielsaal-erfahrungen-angeschlossen-testbericht-werfen-sie-einen-blick-auf-den-link-within-2025-pro-teutonia/?path=//sys/class/pci_bus/0000:0f/subsystem/0000:0b/device/driver/0000:00:03.4/subsystem/slots/0-3 HTTP/1.1" 200 262209 "-" "meta-externalagent/1.1 (+https://developers.facebook.com/docs/sharing/webmasters/crawler)"
45.134.225.241 - - [16/Dec/2025:00:38:18 +0000] "GET / HTTP/1.1" 200 45511 "https://datainsightnow.com/wp-login.php" "Mozilla/5.0 (Macintosh; Intel Mac OS X 10_15_7) AppleWebKit/605.1.15 (KHTML, like Gecko) Version/17.0 Safari/605.1.15"
45.134.225.241 - - [16/Dec/2025:00:38:19 +0000] "GET /wp-admin/index.php HTTP/1.1" 302 11 "https://datainsightnow.com/wp-login.php" "Mozilla/5.0 (Macintosh; Intel Mac OS X 10_15_7) AppleWebKit/605.1.15 (KHTML, like Gecko) Version/17.0 Safari/605.1.15"
57.141.0.27 - - [16/Dec/2025:00:38:19 +0000] "GET /karamba-spielsaal-erfahrungen-angeschlossen-testbericht-werfen-sie-einen-blick-auf-den-link-within-2025-pro-teutonia/?path=//sys/class/pci_bus/0000:0f/subsystem/0000:0c/subsystem/0000:0b/subsystem/0000:10/subsystem/0000:06 HTTP/1.1" 200 262209 "-" "meta-externalagent/1.1 (+https://developers.facebook.com/docs/sharing/webmasters/crawler)"
57.141.0.14 - - [16/Dec/2025:00:38:20 +0000] "GET /2025/03/06/page/39/?path=//sys/class/pci_bus/0000:07/device/driver/0000:00:03.6/driver/0000:00:02.5/0000:07:00.0 HTTP/1.1" 200 262264 "-" "meta-externalagent/1.1 (+https://developers.facebook.com/docs/sharing/webmasters/crawler)"
45.134.225.241 - - [16/Dec/2025:00:38:20 +0000] "GET / HTTP/1.1" 200 45511 "https://datainsightnow.com/wp-login.php" "Mozilla/5.0 (Macintosh; Intel Mac OS X 10_15_7) AppleWebKit/605.1.15 (KHTML, like Gecko) Version/17.0 Safari/605.1.15"
74.7.227.155 - - [16/Dec/2025:00:38:21 +0000] "GET /index.php?rest_route=/wp/v2/posts/27267 HTTP/1.1" 200 4346 "-" "Mozilla/5.0 AppleWebKit/537.36 (KHTML, like Gecko; compatible; GPTBot/1.3; +https://openai.com/gptbot)"
45.134.225.241 - - [16/Dec/2025:00:38:21 +0000] "GET /wp-admin/profile.php HTTP/1.1" 302 11 "https://datainsightnow.com/wp-login.php" "Mozilla/5.0 (Macintosh; Intel Mac OS X 10_15_7) AppleWebKit/605.1.15 (KHTML, like Gecko) Version/17.0 Safari/605.1.15"
45.134.225.241 - - [16/Dec/2025:00:38:21 +0000] "GET / HTTP/1.1" 200 45511 "https://datainsightnow.com/wp-login.php" "Mozilla/5.0 (Macintosh; Intel Mac OS X 10_15_7) AppleWebKit/605.1.15 (KHTML, like Gecko) Version/17.0 Safari/605.1.15"
45.134.225.241 - - [16/Dec/2025:00:38:22 +0000] "GET /wp-admin/edit.php HTTP/1.1" 302 11 "https://datainsightnow.com/wp-login.php" "Mozilla/5.0 (Macintosh; Intel Mac OS X 10_15_7) AppleWebKit/605.1.15 (KHTML, like Gecko) Version/17.0 Safari/605.1.15"
217.113.194.213 - - [16/Dec/2025:00:38:22 +0000] "GET /privacy/?fileloc=//proc/143/net/snmp&path=//proc/143/net HTTP/1.1" 200 45436 "-" "Mozilla/5.0 (compatible; Barkrowler/0.9; +https://babbar.tech/crawler)"
57.141.0.58 - - [16/Dec/2025:00:38:23 +0000] "GET /moneysense-self-help-guide-to-the-ideal-profile/?fileloc=//sys/class/pci_bus/0000:13/subsystem/0000:07/subsystem/0000:12/device/revision&path=//sys/class/pci_bus/0000:13/subsystem/0000:07/subsystem/0000:12/device HTTP/1.1" 200 262215 "-" "meta-externalagent/1.1 (+https://developers.facebook.com/docs/sharing/webmasters/crawler)"
45.134.225.241 - - [16/Dec/2025:00:38:23 +0000] "GET / HTTP/1.1" 200 45511 "https://datainsightnow.com/wp-login.php" "Mozilla/5.0 (Macintosh; Intel Mac OS X 10_15_7) AppleWebKit/605.1.15 (KHTML, like Gecko) Version/17.0 Safari/605.1.15"
74.7.227.155 - - [16/Dec/2025:00:38:24 +0000] "GET /index.php?format=xml&rest_route=%2Foembed%2F1.0%2Fembed&url=https%3A%2F%2Fdatainsightnow.com%2F%3Fp%3D27267 HTTP/1.1" 200 1305 "-" "Mozilla/5.0 AppleWebKit/537.36 (KHTML, like Gecko; compatible; GPTBot/1.3; +https://openai.com/gptbot)"
45.134.225.241 - - [16/Dec/2025:00:38:24 +0000] "GET /wp-admin/plugins.php HTTP/1.1" 302 11 "https://datainsightnow.com/wp-login.php" "Mozilla/5.0 (Macintosh; Intel Mac OS X 10_15_7) AppleWebKit/605.1.15 (KHTML, like Gecko) Version/17.0 Safari/605.1.15"
45.134.225.241 - - [16/Dec/2025:00:38:25 +0000] "GET / HTTP/1.1" 200 45511 "https://datainsightnow.com/wp-login.php" "Mozilla/5.0 (Macintosh; Intel Mac OS X 10_15_7) AppleWebKit/605.1.15 (KHTML, like Gecko) Version/17.0 Safari/605.1.15"
45.134.225.241 - - [16/Dec/2025:00:38:25 +0000] "POST /wp-login.php HTTP/1.1" 200 2681 "https://datainsightnow.com/wp-login.php" "Mozilla/5.0 (Macintosh; Intel Mac OS X 13_6_1) AppleWebKit/605.1.15 (KHTML, like Gecko) Version/16.6 Safari/605.1.15"
45.134.225.241 - - [16/Dec/2025:00:38:25 +0000] "GET /wp-admin/index.php HTTP/1.1" 302 11 "https://datainsightnow.com/wp-login.php" "Mozilla/5.0 (X11; Linux x86_64) AppleWebKit/537.36 (KHTML, like Gecko) Chrome/121.0.0.0 Safari/537.36"
45.134.225.241 - - [16/Dec/2025:00:38:26 +0000] "GET / HTTP/1.1" 200 45511 "https://datainsightnow.com/wp-login.php" "Mozilla/5.0 (X11; Linux x86_64) AppleWebKit/537.36 (KHTML, like Gecko) Chrome/121.0.0.0 Safari/537.36"
45.134.225.241 - - [16/Dec/2025:00:38:27 +0000] "GET /wp-admin/profile.php HTTP/1.1" 302 11 "https://datainsightnow.com/wp-login.php" "Mozilla/5.0 (X11; Linux x86_64) AppleWebKit/537.36 (KHTML, like Gecko) Chrome/121.0.0.0 Safari/537.36"
74.7.227.155 - - [16/Dec/2025:00:38:27 +0000] "GET /?p=43419 HTTP/1.1" 200 41405 "-" "Mozilla/5.0 AppleWebKit/537.36 (KHTML, like Gecko; compatible; GPTBot/1.3; +https://openai.com/gptbot)"
45.134.225.241 - - [16/Dec/2025:00:38:28 +0000] "GET / HTTP/1.1" 200 45511 "https://datainsightnow.com/wp-login.php" "Mozilla/5.0 (X11; Linux x86_64) AppleWebKit/537.36 (KHTML, like Gecko) Chrome/121.0.0.0 Safari/537.36"
45.134.225.241 - - [16/Dec/2025:00:38:28 +0000] "GET /wp-admin/edit.php HTTP/1.1" 302 11 "https://datainsightnow.com/wp-login.php" "Mozilla/5.0 (X11; Linux x86_64) AppleWebKit/537.36 (KHTML, like Gecko) Chrome/121.0.0.0 Safari/537.36"
45.134.225.241 - - [16/Dec/2025:00:38:29 +0000] "GET / HTTP/1.1" 200 45511 "https://datainsightnow.com/wp-login.php" "Mozilla/5.0 (X11; Linux x86_64) AppleWebKit/537.36 (KHTML, like Gecko) Chrome/121.0.0.0 Safari/537.36"
45.134.225.241 - - [16/Dec/2025:00:38:30 +0000] "GET /wp-admin/plugins.php HTTP/1.1" 302 11 "https://datainsightnow.com/wp-login.php" "Mozilla/5.0 (X11; Linux x86_64) AppleWebKit/537.36 (KHTML, like Gecko) Chrome/121.0.0.0 Safari/537.36"
74.7.227.155 - - [16/Dec/2025:00:38:30 +0000] "GET /index.php?rest_route=/wp/v2/posts/43419 HTTP/1.1" 200 4335 "-" "Mozilla/5.0 AppleWebKit/537.36 (KHTML, like Gecko; compatible; GPTBot/1.3; +https://openai.com/gptbot)"
45.134.225.241 - - [16/Dec/2025:00:38:31 +0000] "GET / HTTP/1.1" 200 45511 "https://datainsightnow.com/wp-login.php" "Mozilla/5.0 (X11; Linux x86_64) AppleWebKit/537.36 (KHTML, like Gecko) Chrome/121.0.0.0 Safari/537.36"
45.134.225.241 - - [16/Dec/2025:00:38:31 +0000] "GET /wp-admin/index.php HTTP/1.1" 302 11 "https://datainsightnow.com/wp-login.php" "Mozilla/5.0 (X11; Linux x86_64) AppleWebKit/537.36 (KHTML, like Gecko) Chrome/121.0.0.0 Safari/537.36"
57.141.0.49 - - [16/Dec/2025:00:38:31 +0000] "GET /2025/03/06/page/39/?path=//sys/class/pci_bus/0000:03/subsystem/0000:0e/subsystem/0000:05/subsystem/0000:0f/device/subsystem HTTP/1.1" 200 262209 "-" "meta-externalagent/1.1 (+https://developers.facebook.com/docs/sharing/webmasters/crawler)"
45.134.225.241 - - [16/Dec/2025:00:38:32 +0000] "GET / HTTP/1.1" 200 45511 "https://datainsightnow.com/wp-login.php" "Mozilla/5.0 (X11; Linux x86_64) AppleWebKit/537.36 (KHTML, like Gecko) Chrome/121.0.0.0 Safari/537.36"
45.134.225.241 - - [16/Dec/2025:00:38:32 +0000] "GET /wp-admin/profile.php HTTP/1.1" 302 11 "https://datainsightnow.com/wp-login.php" "Mozilla/5.0 (X11; Linux x86_64) AppleWebKit/537.36 (KHTML, like Gecko) Chrome/121.0.0.0 Safari/537.36"
45.134.225.241 - - [16/Dec/2025:00:38:33 +0000] "GET / HTTP/1.1" 200 45511 "https://datainsightnow.com/wp-login.php" "Mozilla/5.0 (X11; Linux x86_64) AppleWebKit/537.36 (KHTML, like Gecko) Chrome/121.0.0.0 Safari/537.36"
57.141.0.33 - - [16/Dec/2025:00:38:33 +0000] "GET /karamba-spielsaal-erfahrungen-angeschlossen-testbericht-werfen-sie-einen-blick-auf-den-link-within-2025-pro-teutonia/?fileloc=//sys/class/pci_bus/0000:06/subsystem/0000:0b/subsystem/0000:01/device/subsystem/devices/0000:00:00.0/subsystem_device&path=//sys/class/pci_bus/0000:06/subsystem/0000:0b/subsystem/0000:01/device/subsystem/devices/0000:00:00.0 HTTP/1.1" 200 262264 "-" "meta-externalagent/1.1 (+https://developers.facebook.com/docs/sharing/webmasters/crawler)"
74.7.227.155 - - [16/Dec/2025:00:38:33 +0000] "GET /index.php?format=xml&rest_route=%2Foembed%2F1.0%2Fembed&url=https%3A%2F%2Fdatainsightnow.com%2F%3Fp%3D43419 HTTP/1.1" 200 1321 "-" "Mozilla/5.0 AppleWebKit/537.36 (KHTML, like Gecko; compatible; GPTBot/1.3; +https://openai.com/gptbot)"
45.134.225.241 - - [16/Dec/2025:00:38:33 +0000] "GET /wp-admin/edit.php HTTP/1.1" 302 11 "https://datainsightnow.com/wp-login.php" "Mozilla/5.0 (X11; Linux x86_64) AppleWebKit/537.36 (KHTML, like Gecko) Chrome/121.0.0.0 Safari/537.36"
45.134.225.241 - - [16/Dec/2025:00:38:34 +0000] "GET / HTTP/1.1" 200 45511 "https://datainsightnow.com/wp-login.php" "Mozilla/5.0 (X11; Linux x86_64) AppleWebKit/537.36 (KHTML, like Gecko) Chrome/121.0.0.0 Safari/537.36"
45.134.225.241 - - [16/Dec/2025:00:38:35 +0000] "GET /wp-admin/plugins.php HTTP/1.1" 302 11 "https://datainsightnow.com/wp-login.php" "Mozilla/5.0 (X11; Linux x86_64) AppleWebKit/537.36 (KHTML, like Gecko) Chrome/121.0.0.0 Safari/537.36"
45.134.225.241 - - [16/Dec/2025:00:38:35 +0000] "GET / HTTP/1.1" 200 45511 "https://datainsightnow.com/wp-login.php" "Mozilla/5.0 (X11; Linux x86_64) AppleWebKit/537.36 (KHTML, like Gecko) Chrome/121.0.0.0 Safari/537.36"
57.141.0.9 - - [16/Dec/2025:00:38:36 +0000] "GET /2025/03/07/page/6/?path=//sys/class/pci_bus/0000:0c/subsystem/0000:12/subsystem/0000:03/subsystem/0000:11/subsystem/0000:05/subsystem/0000:07/subsystem/0000:09 HTTP/1.1" 200 262264 "-" "meta-externalagent/1.1 (+https://developers.facebook.com/docs/sharing/webmasters/crawler)"
45.134.225.241 - - [16/Dec/2025:00:38:36 +0000] "POST /wp-login.php HTTP/1.1" 200 2679 "https://datainsightnow.com/wp-login.php" "Mozilla/5.0 (Macintosh; Intel Mac OS X 10_15_7; rv:121.0) Gecko/20100101 Firefox/121.0"
74.7.227.155 - - [16/Dec/2025:00:38:36 +0000] "GET /index.php?rest_route=%2Foembed%2F1.0%2Fembed&url=https%3A%2F%2Fdatainsightnow.com%2F%3Fp%3D43419 HTTP/1.1" 200 1292 "-" "Mozilla/5.0 AppleWebKit/537.36 (KHTML, like Gecko; compatible; GPTBot/1.3; +https://openai.com/gptbot)"
45.134.225.241 - - [16/Dec/2025:00:38:37 +0000] "GET /wp-admin/index.php HTTP/1.1" 302 11 "https://datainsightnow.com/wp-login.php" "Mozilla/5.0 (Macintosh; Intel Mac OS X 10_15_7) AppleWebKit/537.36 (KHTML, like Gecko) Chrome/121.0.0.0 Safari/537.36"
57.141.0.30 - - [16/Dec/2025:00:38:37 +0000] "GET /karamba-spielsaal-erfahrungen-angeschlossen-testbericht-werfen-sie-einen-blick-auf-den-link-within-2025-pro-teutonia/?fileloc=//sys/class/pci_bus/0000:06/subsystem/0000:0c/subsystem/0000:00/subsystem/0000:00/device/0000:00:04.1/irq&path=//sys/class/pci_bus/0000:06/subsystem/0000:0c/subsystem/0000:00/subsystem/0000:00/device/0000:00:04.1 HTTP/1.1" 200 262264 "-" "meta-externalagent/1.1 (+https://developers.facebook.com/docs/sharing/webmasters/crawler)"
45.134.225.241 - - [16/Dec/2025:00:38:37 +0000] "GET / HTTP/1.1" 200 45511 "https://datainsightnow.com/wp-login.php" "Mozilla/5.0 (Macintosh; Intel Mac OS X 10_15_7) AppleWebKit/537.36 (KHTML, like Gecko) Chrome/121.0.0.0 Safari/537.36"
45.134.225.241 - - [16/Dec/2025:00:38:38 +0000] "GET /wp-admin/profile.php HTTP/1.1" 302 11 "https://datainsightnow.com/wp-login.php" "Mozilla/5.0 (Macintosh; Intel Mac OS X 10_15_7) AppleWebKit/537.36 (KHTML, like Gecko) Chrome/121.0.0.0 Safari/537.36"
217.113.194.61 - - [16/Dec/2025:00:38:39 +0000] "GET /privacy/?fileloc=//proc/143/net/icmp6&path=//proc/143/net HTTP/1.1" 200 45436 "-" "Mozilla/5.0 (compatible; Barkrowler/0.9; +https://babbar.tech/crawler)"
57.141.0.62 - - [16/Dec/2025:00:38:39 +0000] "GET /2025/03/07/page/6/?path=//sys/class/pci_bus/0000:11/device/driver/0000:00:02.6/0000:00:02.6:pcie001/driver/0000:00:03.0:pcie001/driver/0000:00:03.3:pcie001 HTTP/1.1" 200 262209 "-" "meta-externalagent/1.1 (+https://developers.facebook.com/docs/sharing/webmasters/crawler)"
45.134.225.241 - - [16/Dec/2025:00:38:39 +0000] "GET / HTTP/1.1" 200 45511 "https://datainsightnow.com/wp-login.php" "Mozilla/5.0 (Macintosh; Intel Mac OS X 10_15_7) AppleWebKit/537.36 (KHTML, like Gecko) Chrome/121.0.0.0 Safari/537.36"
57.141.0.74 - - [16/Dec/2025:00:38:39 +0000] "GET /2025/03/07/page/6/?path=//sys/class/pci_bus/0000:0a/subsystem/0000:08/subsystem/0000:02/device/driver/0000:00:03.5/0000:00:03.5:pcie010/power HTTP/1.1" 200 262248 "-" "meta-externalagent/1.1 (+https://developers.facebook.com/docs/sharing/webmasters/crawler)"
45.134.225.241 - - [16/Dec/2025:00:38:40 +0000] "GET /wp-admin/edit.php HTTP/1.1" 302 11 "https://datainsightnow.com/wp-login.php" "Mozilla/5.0 (Macintosh; Intel Mac OS X 10_15_7) AppleWebKit/537.36 (KHTML, like Gecko) Chrome/121.0.0.0 Safari/537.36"
74.7.227.155 - - [16/Dec/2025:00:38:40 +0000] "GET /?p=26354 HTTP/1.1" 200 42546 "-" "Mozilla/5.0 AppleWebKit/537.36 (KHTML, like Gecko; compatible; GPTBot/1.3; +https://openai.com/gptbot)"
57.141.0.8 - - [16/Dec/2025:00:38:41 +0000] "GET /2025/03/07/page/6/?path=//sys/class/pci_bus/0000:0a/device/firmware_node/subsystem/devices/device:32/subsystem/devices/device:43 HTTP/1.1" 200 262209 "-" "meta-externalagent/1.1 (+https://developers.facebook.com/docs/sharing/webmasters/crawler)"
45.134.225.241 - - [16/Dec/2025:00:38:41 +0000] "GET / HTTP/1.1" 200 45511 "https://datainsightnow.com/wp-login.php" "Mozilla/5.0 (Macintosh; Intel Mac OS X 10_15_7) AppleWebKit/537.36 (KHTML, like Gecko) Chrome/121.0.0.0 Safari/537.36"
57.141.0.11 - - [16/Dec/2025:00:38:41 +0000] "GET /2025/03/07/page/6/?path=//sys/class/pci_bus/0000:05/subsystem/0000:05/subsystem/0000:06/subsystem/0000:0b/subsystem/0000:0c/subsystem/0000:01/device HTTP/1.1" 200 262264 "-" "meta-externalagent/1.1 (+https://developers.facebook.com/docs/sharing/webmasters/crawler)"
57.141.0.52 - - [16/Dec/2025:00:38:41 +0000] "GET /2025/03/13/?path=//sys/class/pci_bus/0000:02/subsystem/0000:0d/subsystem/0000:02/subsystem/0000:00/device/firmware_node/PNP0A06:00 HTTP/1.1" 200 262209 "-" "meta-externalagent/1.1 (+https://developers.facebook.com/docs/sharing/webmasters/crawler)"
45.134.225.241 - - [16/Dec/2025:00:38:42 +0000] "GET /wp-admin/plugins.php HTTP/1.1" 302 11 "https://datainsightnow.com/wp-login.php" "Mozilla/5.0 (Macintosh; Intel Mac OS X 10_15_7) AppleWebKit/537.36 (KHTML, like Gecko) Chrome/121.0.0.0 Safari/537.36"
45.134.225.241 - - [16/Dec/2025:00:38:43 +0000] "GET / HTTP/1.1" 200 45511 "https://datainsightnow.com/wp-login.php" "Mozilla/5.0 (Macintosh; Intel Mac OS X 10_15_7) AppleWebKit/537.36 (KHTML, like Gecko) Chrome/121.0.0.0 Safari/537.36"
74.7.227.155 - - [16/Dec/2025:00:38:43 +0000] "GET /index.php?rest_route=%2Foembed%2F1.0%2Fembed&url=https%3A%2F%2Fdatainsightnow.com%2F%3Fp%3D26354 HTTP/1.1" 200 1304 "-" "Mozilla/5.0 AppleWebKit/537.36 (KHTML, like Gecko; compatible; GPTBot/1.3; +https://openai.com/gptbot)"
45.134.225.241 - - [16/Dec/2025:00:38:43 +0000] "GET /wp-admin/index.php HTTP/1.1" 302 11 "https://datainsightnow.com/wp-login.php" "Mozilla/5.0 (Macintosh; Intel Mac OS X 10_15_7) AppleWebKit/537.36 (KHTML, like Gecko) Chrome/121.0.0.0 Safari/537.36"
45.134.225.241 - - [16/Dec/2025:00:38:44 +0000] "GET / HTTP/1.1" 200 45511 "https://datainsightnow.com/wp-login.php" "Mozilla/5.0 (Macintosh; Intel Mac OS X 10_15_7) AppleWebKit/537.36 (KHTML, like Gecko) Chrome/121.0.0.0 Safari/537.36"
66.249.72.226 - - [16/Dec/2025:00:38:44 +0000] "GET /?path=//sys/class/sound/card0/device/subsystem/devices/0000:00:02.2/driver/0000:00:02.2/driver/0000:00:03.2/subsystem/devices/0000:00:02.6/driver/0000:00:03.7/driver/0000:00:02.0/firmware_node/physical_node/driver/0000:00:02.2/driver/0000:00:03.7/driver/0000:00:03.4/firmware_node/subsystem/devices/PNP0C0F:04/subsystem/devices/device:20 HTTP/1.1" 200 45437 "-" "Mozilla/5.0 (Linux; Android 6.0.1; Nexus 5X Build/MMB29P) AppleWebKit/537.36 (KHTML, like Gecko) Chrome/141.0.7390.122 Mobile Safari/537.36 (compatible; Googlebot/2.1; +http://www.google.com/bot.html)"
57.141.0.33 - - [16/Dec/2025:00:38:44 +0000] "GET /2025/03/06/page/39/?path=//sys/class/pci_bus/0000:13/subsystem/0000:0c/device/driver/0000:00:02.3/subsystem/devices/0000:07:00.0/msi_irqs HTTP/1.1" 200 262248 "-" "meta-externalagent/1.1 (+https://developers.facebook.com/docs/sharing/webmasters/crawler)"
45.134.225.241 - - [16/Dec/2025:00:38:45 +0000] "GET /wp-admin/profile.php HTTP/1.1" 302 11 "https://datainsightnow.com/wp-login.php" "Mozilla/5.0 (Macintosh; Intel Mac OS X 10_15_7) AppleWebKit/537.36 (KHTML, like Gecko) Chrome/121.0.0.0 Safari/537.36"
66.249.72.226 - - [16/Dec/2025:00:38:45 +0000] "GET /?fileloc=//sys/class/sound/card0/device/subsystem/devices/0000:00:02.2/subsystem/devices/0000:00:03.4/driver/0000:00:02.2/driver/0000:00:03.1/driver/0000:00:03.2/power_state&path=//sys/class/sound/card0/device/subsystem/devices/0000:00:02.2/subsystem/devices/0000:00:03.4/driver/0000:00:02.2/driver/0000:00:03.1/driver/0000:00:03.2 HTTP/1.1" 200 45437 "-" "Mozilla/5.0 (Linux; Android 6.0.1; Nexus 5X Build/MMB29P) AppleWebKit/537.36 (KHTML, like Gecko) Chrome/141.0.7390.122 Mobile Safari/537.36 (compatible; Googlebot/2.1; +http://www.google.com/bot.html)"
45.134.225.241 - - [16/Dec/2025:00:38:46 +0000] "GET / HTTP/1.1" 200 45511 "https://datainsightnow.com/wp-login.php" "Mozilla/5.0 (Macintosh; Intel Mac OS X 10_15_7) AppleWebKit/537.36 (KHTML, like Gecko) Chrome/121.0.0.0 Safari/537.36"
45.134.225.241 - - [16/Dec/2025:00:38:46 +0000] "GET /wp-admin/edit.php HTTP/1.1" 302 11 "https://datainsightnow.com/wp-login.php" "Mozilla/5.0 (Macintosh; Intel Mac OS X 10_15_7) AppleWebKit/537.36 (KHTML, like Gecko) Chrome/121.0.0.0 Safari/537.36"
45.134.225.241 - - [16/Dec/2025:00:38:46 +0000] "GET / HTTP/1.1" 200 45511 "https://datainsightnow.com/wp-login.php" "Mozilla/5.0 (Macintosh; Intel Mac OS X 10_15_7) AppleWebKit/537.36 (KHTML, like Gecko) Chrome/121.0.0.0 Safari/537.36"
45.134.225.241 - - [16/Dec/2025:00:38:47 +0000] "GET /wp-admin/plugins.php HTTP/1.1" 302 11 "https://datainsightnow.com/wp-login.php" "Mozilla/5.0 (Macintosh; Intel Mac OS X 10_15_7) AppleWebKit/537.36 (KHTML, like Gecko) Chrome/121.0.0.0 Safari/537.36"
45.134.225.241 - - [16/Dec/2025:00:38:48 +0000] "GET / HTTP/1.1" 200 45511 "https://datainsightnow.com/wp-login.php" "Mozilla/5.0 (Macintosh; Intel Mac OS X 10_15_7) AppleWebKit/537.36 (KHTML, like Gecko) Chrome/121.0.0.0 Safari/537.36"
57.141.0.44 - - [16/Dec/2025:00:38:48 +0000] "GET /2025/03/13/?fileloc=//sys/class/input/input0/event0/device/properties&path=//sys/class/input/input0/event0/device HTTP/1.1" 200 262264 "-" "meta-externalagent/1.1 (+https://developers.facebook.com/docs/sharing/webmasters/crawler)"
45.134.225.241 - - [16/Dec/2025:00:38:48 +0000] "POST /wp-login.php HTTP/1.1" 200 2681 "https://datainsightnow.com/wp-login.php" "Mozilla/5.0 (Macintosh; Intel Mac OS X 13_6_1) AppleWebKit/537.36 (KHTML, like Gecko) Chrome/119.0.0.0 Safari/537.36"
45.134.225.241 - - [16/Dec/2025:00:38:49 +0000] "GET /wp-admin/index.php HTTP/1.1" 302 11 "https://datainsightnow.com/wp-login.php" "Mozilla/5.0 (Windows NT 10.0; Win64; x64) AppleWebKit/537.36 (KHTML, like Gecko) Chrome/121.0.0.0 Safari/537.36"
45.134.225.241 - - [16/Dec/2025:00:38:50 +0000] "GET / HTTP/1.1" 200 45511 "https://datainsightnow.com/wp-login.php" "Mozilla/5.0 (Windows NT 10.0; Win64; x64) AppleWebKit/537.36 (KHTML, like Gecko) Chrome/121.0.0.0 Safari/537.36"
57.141.0.17 - - [16/Dec/2025:00:38:50 +0000] "GET /karamba-spielsaal-erfahrungen-angeschlossen-testbericht-werfen-sie-einen-blick-auf-den-link-within-2025-pro-teutonia/?fileloc=//sys/class/pci_bus/0000:04/subsystem/0000:0c/subsystem/0000:11/subsystem/0000:0f/subsystem/0000:12/device/class&path=//sys/class/pci_bus/0000:04/subsystem/0000:0c/subsystem/0000:11/subsystem/0000:0f/subsystem/0000:12/device HTTP/1.1" 200 262264 "-" "meta-externalagent/1.1 (+https://developers.facebook.com/docs/sharing/webmasters/crawler)"
57.141.0.59 - - [16/Dec/2025:00:38:50 +0000] "GET /karamba-spielsaal-erfahrungen-angeschlossen-testbericht-werfen-sie-einen-blick-auf-den-link-within-2025-pro-teutonia/?path=//sys/class/pci_bus/0000:06/subsystem/0000:0b/subsystem/0000:00/subsystem/0000:09/subsystem/0000:0e/device/driver/0000:00:04.1/power HTTP/1.1" 200 262209 "-" "meta-externalagent/1.1 (+https://developers.facebook.com/docs/sharing/webmasters/crawler)"
45.134.225.241 - - [16/Dec/2025:00:38:51 +0000] "GET /wp-admin/profile.php HTTP/1.1" 302 11 "https://datainsightnow.com/wp-login.php" "Mozilla/5.0 (Windows NT 10.0; Win64; x64) AppleWebKit/537.36 (KHTML, like Gecko) Chrome/121.0.0.0 Safari/537.36"
66.135.21.75 - - [16/Dec/2025:00:38:51 +0000] "POST /wp-cron.php?doing_wp_cron=1765845531.7107090950012207031250 HTTP/1.1" 200 31 "-" "WordPress/6.3.1; https://datainsightnow.com"
