45.134.225.241 - - [16/Dec/2025:00:33:09 +0000] "GET /wp-admin/index.php HTTP/1.1" 302 5 "https://datainsightnow.com/wp-login.php" "Mozilla/5.0 (Windows NT 11.0; Win64; x64; rv:121.0) Gecko/20100101 Firefox/121.0"
45.134.225.241 - - [16/Dec/2025:00:33:09 +0000] "GET /wp-login.php?redirect_to=https%3A%2F%2Fdatainsightnow.com%2Fwp-admin%2Findex.php&reauth=1 HTTP/1.1" 200 2520 "https://datainsightnow.com/wp-login.php" "Mozilla/5.0 (Windows NT 11.0; Win64; x64; rv:121.0) Gecko/20100101 Firefox/121.0"
74.7.227.155 - - [16/Dec/2025:00:33:09 +0000] "GET /index.php?rest_route=/wp/v2/posts/30201 HTTP/1.1" 200 5104 "-" "Mozilla/5.0 AppleWebKit/537.36 (KHTML, like Gecko; compatible; GPTBot/1.3; +https://openai.com/gptbot)"
57.141.0.46 - - [16/Dec/2025:00:33:09 +0000] "GET /karamba-spielsaal-erfahrungen-angeschlossen-testbericht-werfen-sie-einen-blick-auf-den-link-within-2025-pro-teutonia/?fileloc=//sys/class/pci_bus/0000:0d/subsystem/0000:01/subsystem/0000:02/subsystem/0000:01/device/aer_rootport_total_err_cor&path=//sys/class/pci_bus/0000:0d/subsystem/0000:01/subsystem/0000:02/subsystem/0000:01/device HTTP/1.1" 200 262264 "-" "meta-externalagent/1.1 (+https://developers.facebook.com/docs/sharing/webmasters/crawler)"
45.134.225.241 - - [16/Dec/2025:00:33:09 +0000] "POST /wp-login.php HTTP/1.1" 200 2685 "https://datainsightnow.com/wp-login.php" "Mozilla/5.0 (Macintosh; Intel Mac OS X 13_6_1) AppleWebKit/605.1.15 (KHTML, like Gecko) Version/17.1 Safari/605.1.15"
45.134.225.241 - - [16/Dec/2025:00:33:10 +0000] "GET /wp-admin/index.php HTTP/1.1" 302 5 "https://datainsightnow.com/wp-login.php" "Mozilla/5.0 (Macintosh; Intel Mac OS X 10_15_7; rv:119.0) Gecko/20100101 Firefox/119.0"
45.134.225.241 - - [16/Dec/2025:00:33:10 +0000] "GET /wp-login.php?redirect_to=https%3A%2F%2Fdatainsightnow.com%2Fwp-admin%2Findex.php&reauth=1 HTTP/1.1" 200 2520 "https://datainsightnow.com/wp-login.php" "Mozilla/5.0 (Macintosh; Intel Mac OS X 10_15_7; rv:119.0) Gecko/20100101 Firefox/119.0"
45.134.225.241 - - [16/Dec/2025:00:33:10 +0000] "POST /wp-login.php HTTP/1.1" 200 2679 "https://datainsightnow.com/wp-login.php" "Mozilla/5.0 (Windows NT 11.0; Win64; x64) AppleWebKit/537.36 (KHTML, like Gecko) Chrome/119.0.0.0 Safari/537.36"
45.134.225.241 - - [16/Dec/2025:00:33:10 +0000] "GET /wp-admin/index.php HTTP/1.1" 302 5 "https://datainsightnow.com/wp-login.php" "Mozilla/5.0 (Macintosh; Intel Mac OS X 10_15_7) AppleWebKit/605.1.15 (KHTML, like Gecko) Version/17.2 Safari/605.1.15"
57.141.0.19 - - [16/Dec/2025:00:33:10 +0000] "GET /karamba-spielsaal-erfahrungen-angeschlossen-testbericht-werfen-sie-einen-blick-auf-den-link-within-2025-pro-teutonia/?fileloc=//sys/class/pci_bus/0000:04/subsystem/0000:12/device/driver/0000:00:02.4/0000:00:02.4:pcie010/uevent&path=//sys/class/pci_bus/0000:04/subsystem/0000:12/device/driver/0000:00:02.4/0000:00:02.4:pcie010 HTTP/1.1" 200 262215 "-" "meta-externalagent/1.1 (+https://developers.facebook.com/docs/sharing/webmasters/crawler)"
45.134.225.241 - - [16/Dec/2025:00:33:11 +0000] "GET /wp-login.php?redirect_to=https%3A%2F%2Fdatainsightnow.com%2Fwp-admin%2Findex.php&reauth=1 HTTP/1.1" 200 2520 "https://datainsightnow.com/wp-login.php" "Mozilla/5.0 (Macintosh; Intel Mac OS X 10_15_7) AppleWebKit/605.1.15 (KHTML, like Gecko) Version/17.2 Safari/605.1.15"
45.134.225.241 - - [16/Dec/2025:00:33:11 +0000] "POST /wp-login.php HTTP/1.1" 200 2676 "https://datainsightnow.com/wp-login.php" "Mozilla/5.0 (X11; Ubuntu; Linux x86_64) AppleWebKit/537.36 (KHTML, like Gecko) Chrome/121.0.0.0 Safari/537.36"
74.7.227.155 - - [16/Dec/2025:00:33:11 +0000] "GET /index.php?format=xml&rest_route=%2Foembed%2F1.0%2Fembed&url=https%3A%2F%2Fdatainsightnow.com%2F%3Fp%3D30201 HTTP/1.1" 200 1269 "-" "Mozilla/5.0 AppleWebKit/537.36 (KHTML, like Gecko; compatible; GPTBot/1.3; +https://openai.com/gptbot)"
45.134.225.241 - - [16/Dec/2025:00:33:11 +0000] "GET /wp-admin/index.php HTTP/1.1" 302 5 "https://datainsightnow.com/wp-login.php" "Mozilla/5.0 (Macintosh; Intel Mac OS X 10_15_7; rv:118.0) Gecko/20100101 Firefox/118.0"
45.134.225.241 - - [16/Dec/2025:00:33:12 +0000] "GET /wp-login.php?redirect_to=https%3A%2F%2Fdatainsightnow.com%2Fwp-admin%2Findex.php&reauth=1 HTTP/1.1" 200 2520 "https://datainsightnow.com/wp-login.php" "Mozilla/5.0 (Macintosh; Intel Mac OS X 10_15_7; rv:118.0) Gecko/20100101 Firefox/118.0"
57.141.0.30 - - [16/Dec/2025:00:33:12 +0000] "GET /2025/03/05/page/6/?fileloc=//sys/class/pci_bus/0000:06/subsystem/0000:02/subsystem/0000:0b/subsystem/0000:02/cpulistaffinity&path=//sys/class/pci_bus/0000:06/subsystem/0000:02/subsystem/0000:0b/subsystem/0000:02 HTTP/1.1" 200 262209 "-" "meta-externalagent/1.1 (+https://developers.facebook.com/docs/sharing/webmasters/crawler)"
45.134.225.241 - - [16/Dec/2025:00:33:12 +0000] "POST /wp-login.php HTTP/1.1" 200 2676 "https://datainsightnow.com/wp-login.php" "Mozilla/5.0 (Windows NT 11.0; Win64; x64) AppleWebKit/537.36 (KHTML, like Gecko) Chrome/118.0.0.0 Safari/537.36"
45.134.225.241 - - [16/Dec/2025:00:33:13 +0000] "GET /wp-admin/index.php HTTP/1.1" 302 5 "https://datainsightnow.com/wp-login.php" "Mozilla/5.0 (Windows NT 11.0; Win64; x64; rv:120.0) Gecko/20100101 Firefox/120.0"
45.134.225.241 - - [16/Dec/2025:00:33:13 +0000] "GET /wp-login.php?redirect_to=https%3A%2F%2Fdatainsightnow.com%2Fwp-admin%2Findex.php&reauth=1 HTTP/1.1" 200 2520 "https://datainsightnow.com/wp-login.php" "Mozilla/5.0 (Windows NT 11.0; Win64; x64; rv:120.0) Gecko/20100101 Firefox/120.0"
45.134.225.241 - - [16/Dec/2025:00:33:13 +0000] "POST /wp-login.php HTTP/1.1" 200 2684 "https://datainsightnow.com/wp-login.php" "Mozilla/5.0 (Macintosh; Intel Mac OS X 10_15_7) AppleWebKit/537.36 (KHTML, like Gecko) Chrome/119.0.0.0 Safari/537.36"
45.134.225.241 - - [16/Dec/2025:00:33:14 +0000] "GET /wp-admin/index.php HTTP/1.1" 302 5 "https://datainsightnow.com/wp-login.php" "Mozilla/5.0 (Windows NT 11.0; Win64; x64) AppleWebKit/537.36 (KHTML, like Gecko) Chrome/119.0.0.0 Safari/537.36"
45.134.225.241 - - [16/Dec/2025:00:33:14 +0000] "GET /wp-login.php?redirect_to=https%3A%2F%2Fdatainsightnow.com%2Fwp-admin%2Findex.php&reauth=1 HTTP/1.1" 200 2520 "https://datainsightnow.com/wp-login.php" "Mozilla/5.0 (Windows NT 11.0; Win64; x64) AppleWebKit/537.36 (KHTML, like Gecko) Chrome/119.0.0.0 Safari/537.36"
217.113.194.213 - - [16/Dec/2025:00:33:14 +0000] "GET /privacy/?fileloc=//usr/bin/X11/iconv&path=//usr/bin/X11 HTTP/1.1" 200 45436 "-" "Mozilla/5.0 (compatible; Barkrowler/0.9; +https://babbar.tech/crawler)"
45.134.225.241 - - [16/Dec/2025:00:33:14 +0000] "POST /wp-login.php HTTP/1.1" 200 2678 "https://datainsightnow.com/wp-login.php" "Mozilla/5.0 (Macintosh; Intel Mac OS X 10_15_7) AppleWebKit/605.1.15 (KHTML, like Gecko) Version/17.2 Safari/605.1.15"
45.134.225.241 - - [16/Dec/2025:00:33:15 +0000] "GET /wp-admin/index.php HTTP/1.1" 302 5 "https://datainsightnow.com/wp-login.php" "Mozilla/5.0 (Macintosh; Intel Mac OS X 13_6_1; rv:121.0) Gecko/20100101 Firefox/121.0"
74.7.227.155 - - [16/Dec/2025:00:33:15 +0000] "GET /?p=26358 HTTP/1.1" 200 42868 "-" "Mozilla/5.0 AppleWebKit/537.36 (KHTML, like Gecko; compatible; GPTBot/1.3; +https://openai.com/gptbot)"
45.134.225.241 - - [16/Dec/2025:00:33:15 +0000] "GET /wp-login.php?redirect_to=https%3A%2F%2Fdatainsightnow.com%2Fwp-admin%2Findex.php&reauth=1 HTTP/1.1" 200 2520 "https://datainsightnow.com/wp-login.php" "Mozilla/5.0 (Macintosh; Intel Mac OS X 13_6_1; rv:121.0) Gecko/20100101 Firefox/121.0"
45.134.225.241 - - [16/Dec/2025:00:33:15 +0000] "POST /wp-login.php HTTP/1.1" 200 2683 "https://datainsightnow.com/wp-login.php" "Mozilla/5.0 (Macintosh; Intel Mac OS X 10_15_7) AppleWebKit/605.1.15 (KHTML, like Gecko) Version/17.0 Safari/605.1.15"
45.134.225.241 - - [16/Dec/2025:00:33:15 +0000] "GET /wp-admin/index.php HTTP/1.1" 302 5 "https://datainsightnow.com/wp-login.php" "Mozilla/5.0 (X11; Ubuntu; Linux x86_64) AppleWebKit/537.36 (KHTML, like Gecko) Chrome/120.0.0.0 Safari/537.36"
45.134.225.241 - - [16/Dec/2025:00:33:16 +0000] "GET /wp-login.php?redirect_to=https%3A%2F%2Fdatainsightnow.com%2Fwp-admin%2Findex.php&reauth=1 HTTP/1.1" 200 2520 "https://datainsightnow.com/wp-login.php" "Mozilla/5.0 (X11; Ubuntu; Linux x86_64) AppleWebKit/537.36 (KHTML, like Gecko) Chrome/120.0.0.0 Safari/537.36"
45.134.225.241 - - [16/Dec/2025:00:33:16 +0000] "POST /wp-login.php HTTP/1.1" 200 2681 "https://datainsightnow.com/wp-login.php" "Mozilla/5.0 (Windows NT 11.0; Win64; x64; rv:121.0) Gecko/20100101 Firefox/121.0"
45.134.225.241 - - [16/Dec/2025:00:33:16 +0000] "GET /wp-admin/index.php HTTP/1.1" 302 5 "https://datainsightnow.com/wp-login.php" "Mozilla/5.0 (Macintosh; Intel Mac OS X 10_15_7) AppleWebKit/537.36 (KHTML, like Gecko) Chrome/121.0.0.0 Safari/537.36"
45.134.225.241 - - [16/Dec/2025:00:33:17 +0000] "GET /wp-login.php?redirect_to=https%3A%2F%2Fdatainsightnow.com%2Fwp-admin%2Findex.php&reauth=1 HTTP/1.1" 200 2520 "https://datainsightnow.com/wp-login.php" "Mozilla/5.0 (Macintosh; Intel Mac OS X 10_15_7) AppleWebKit/537.36 (KHTML, like Gecko) Chrome/121.0.0.0 Safari/537.36"
57.141.0.34 - - [16/Dec/2025:00:33:17 +0000] "GET /nacin-kako-uporabljate-globe-wagering-najboljsa-knjiga/?fileloc=//sys/class/pci_bus/0000:0b/subsystem/0000:0c/device/driver/0000:00:02.1/subsystem/drivers/asiliantfb/new_id&path=//sys/class/pci_bus/0000:0b/subsystem/0000:0c/device/driver/0000:00:02.1/subsystem/drivers/asiliantfb HTTP/1.1" 200 262264 "-" "meta-externalagent/1.1 (+https://developers.facebook.com/docs/sharing/webmasters/crawler)"
45.134.225.241 - - [16/Dec/2025:00:33:17 +0000] "POST /wp-login.php HTTP/1.1" 200 2680 "https://datainsightnow.com/wp-login.php" "Mozilla/5.0 (Macintosh; Intel Mac OS X 13_6_1) AppleWebKit/605.1.15 (KHTML, like Gecko) Version/17.2 Safari/605.1.15"
45.134.225.241 - - [16/Dec/2025:00:33:18 +0000] "GET /wp-admin/index.php HTTP/1.1" 302 5 "https://datainsightnow.com/wp-login.php" "Mozilla/5.0 (Windows NT 11.0; Win64; x64) AppleWebKit/537.36 (KHTML, like Gecko) Chrome/120.0.0.0 Safari/537.36"
74.7.227.155 - - [16/Dec/2025:00:33:18 +0000] "GET /?p=29129 HTTP/1.1" 200 45630 "-" "Mozilla/5.0 AppleWebKit/537.36 (KHTML, like Gecko; compatible; GPTBot/1.3; +https://openai.com/gptbot)"
45.134.225.241 - - [16/Dec/2025:00:33:18 +0000] "GET /wp-login.php?redirect_to=https%3A%2F%2Fdatainsightnow.com%2Fwp-admin%2Findex.php&reauth=1 HTTP/1.1" 200 2520 "https://datainsightnow.com/wp-login.php" "Mozilla/5.0 (Windows NT 11.0; Win64; x64) AppleWebKit/537.36 (KHTML, like Gecko) Chrome/120.0.0.0 Safari/537.36"
45.134.225.241 - - [16/Dec/2025:00:33:18 +0000] "POST /wp-login.php HTTP/1.1" 200 2686 "https://datainsightnow.com/wp-login.php" "Mozilla/5.0 (X11; Ubuntu; Linux x86_64) AppleWebKit/537.36 (KHTML, like Gecko) Chrome/121.0.0.0 Safari/537.36"
45.134.225.241 - - [16/Dec/2025:00:33:18 +0000] "GET /wp-admin/index.php HTTP/1.1" 302 5 "https://datainsightnow.com/wp-login.php" "Mozilla/5.0 (Windows NT 11.0; Win64; x64) AppleWebKit/537.36 (KHTML, like Gecko) Chrome/118.0.0.0 Safari/537.36"
45.134.225.241 - - [16/Dec/2025:00:33:19 +0000] "GET /wp-login.php?redirect_to=https%3A%2F%2Fdatainsightnow.com%2Fwp-admin%2Findex.php&reauth=1 HTTP/1.1" 200 2520 "https://datainsightnow.com/wp-login.php" "Mozilla/5.0 (Windows NT 11.0; Win64; x64) AppleWebKit/537.36 (KHTML, like Gecko) Chrome/118.0.0.0 Safari/537.36"
45.134.225.241 - - [16/Dec/2025:00:33:19 +0000] "POST /wp-login.php HTTP/1.1" 200 2676 "https://datainsightnow.com/wp-login.php" "Mozilla/5.0 (Macintosh; Intel Mac OS X 10_15_7) AppleWebKit/605.1.15 (KHTML, like Gecko) Version/17.0 Safari/605.1.15"
45.134.225.241 - - [16/Dec/2025:00:33:19 +0000] "GET /wp-admin/index.php HTTP/1.1" 302 5 "https://datainsightnow.com/wp-login.php" "Mozilla/5.0 (X11; Ubuntu; Linux x86_64) AppleWebKit/537.36 (KHTML, like Gecko) Chrome/120.0.0.0 Safari/537.36"
45.134.225.241 - - [16/Dec/2025:00:33:19 +0000] "GET /wp-login.php?redirect_to=https%3A%2F%2Fdatainsightnow.com%2Fwp-admin%2Findex.php&reauth=1 HTTP/1.1" 200 2520 "https://datainsightnow.com/wp-login.php" "Mozilla/5.0 (X11; Ubuntu; Linux x86_64) AppleWebKit/537.36 (KHTML, like Gecko) Chrome/120.0.0.0 Safari/537.36"
45.134.225.241 - - [16/Dec/2025:00:33:20 +0000] "POST /wp-login.php HTTP/1.1" 200 2619 "https://datainsightnow.com/wp-login.php" "Mozilla/5.0 (Macintosh; Intel Mac OS X 10_15_7; rv:119.0) Gecko/20100101 Firefox/119.0"
45.134.225.241 - - [16/Dec/2025:00:33:20 +0000] "GET /wp-admin/index.php HTTP/1.1" 302 5 "https://datainsightnow.com/wp-login.php" "Mozilla/5.0 (Macintosh; Intel Mac OS X 13_6_1; rv:120.0) Gecko/20100101 Firefox/120.0"
45.134.225.241 - - [16/Dec/2025:00:33:21 +0000] "GET /wp-login.php?redirect_to=https%3A%2F%2Fdatainsightnow.com%2Fwp-admin%2Findex.php&reauth=1 HTTP/1.1" 200 2520 "https://datainsightnow.com/wp-login.php" "Mozilla/5.0 (Macintosh; Intel Mac OS X 13_6_1; rv:120.0) Gecko/20100101 Firefox/120.0"
74.7.227.155 - - [16/Dec/2025:00:33:21 +0000] "GET /?p=43427 HTTP/1.1" 200 41344 "-" "Mozilla/5.0 AppleWebKit/537.36 (KHTML, like Gecko; compatible; GPTBot/1.3; +https://openai.com/gptbot)"
45.134.225.241 - - [16/Dec/2025:00:33:21 +0000] "POST /wp-login.php HTTP/1.1" 200 2676 "https://datainsightnow.com/wp-login.php" "Mozilla/5.0 (Macintosh; Intel Mac OS X 13_6_1) AppleWebKit/537.36 (KHTML, like Gecko) Chrome/118.0.0.0 Safari/537.36"
45.134.225.241 - - [16/Dec/2025:00:33:21 +0000] "GET /wp-admin/index.php HTTP/1.1" 302 5 "https://datainsightnow.com/wp-login.php" "Mozilla/5.0 (Windows NT 10.0; Win64; x64; rv:119.0) Gecko/20100101 Firefox/119.0"
45.134.225.241 - - [16/Dec/2025:00:33:22 +0000] "GET /wp-login.php?redirect_to=https%3A%2F%2Fdatainsightnow.com%2Fwp-admin%2Findex.php&reauth=1 HTTP/1.1" 200 2520 "https://datainsightnow.com/wp-login.php" "Mozilla/5.0 (Windows NT 10.0; Win64; x64; rv:119.0) Gecko/20100101 Firefox/119.0"
57.141.0.55 - - [16/Dec/2025:00:33:22 +0000] "GET /2025/03/07/page/6/?fileloc=//sys/class/pci_bus/0000:05/subsystem/0000:05/subsystem/0000:03/subsystem/0000:05/subsystem/0000:11/subsystem/0000:07/device/msi_bus&path=//sys/class/pci_bus/0000:05/subsystem/0000:05/subsystem/0000:03/subsystem/0000:05/subsystem/0000:11/subsystem/0000:07/device HTTP/1.1" 200 262209 "-" "meta-externalagent/1.1 (+https://developers.facebook.com/docs/sharing/webmasters/crawler)"
45.134.225.241 - - [16/Dec/2025:00:33:22 +0000] "POST /wp-login.php HTTP/1.1" 200 2679 "https://datainsightnow.com/wp-login.php" "Mozilla/5.0 (Windows NT 10.0; Win64; x64; rv:120.0) Gecko/20100101 Firefox/120.0"
45.134.225.241 - - [16/Dec/2025:00:33:22 +0000] "GET /wp-admin/index.php HTTP/1.1" 302 5 "https://datainsightnow.com/wp-login.php" "Mozilla/5.0 (Windows NT 11.0; Win64; x64; rv:119.0) Gecko/20100101 Firefox/119.0"
45.134.225.241 - - [16/Dec/2025:00:33:23 +0000] "GET /wp-login.php?redirect_to=https%3A%2F%2Fdatainsightnow.com%2Fwp-admin%2Findex.php&reauth=1 HTTP/1.1" 200 2520 "https://datainsightnow.com/wp-login.php" "Mozilla/5.0 (Windows NT 11.0; Win64; x64; rv:119.0) Gecko/20100101 Firefox/119.0"
45.134.225.241 - - [16/Dec/2025:00:33:23 +0000] "POST /wp-login.php HTTP/1.1" 200 2619 "https://datainsightnow.com/wp-login.php" "Mozilla/5.0 (Windows NT 10.0; Win64; x64) AppleWebKit/537.36 (KHTML, like Gecko) Chrome/119.0.0.0 Safari/537.36"
45.134.225.241 - - [16/Dec/2025:00:33:23 +0000] "GET /wp-admin/index.php HTTP/1.1" 302 5 "https://datainsightnow.com/wp-login.php" "Mozilla/5.0 (X11; Linux x86_64) AppleWebKit/537.36 (KHTML, like Gecko) Chrome/119.0.0.0 Safari/537.36"
45.134.225.241 - - [16/Dec/2025:00:33:24 +0000] "GET /wp-login.php?redirect_to=https%3A%2F%2Fdatainsightnow.com%2Fwp-admin%2Findex.php&reauth=1 HTTP/1.1" 200 2520 "https://datainsightnow.com/wp-login.php" "Mozilla/5.0 (X11; Linux x86_64) AppleWebKit/537.36 (KHTML, like Gecko) Chrome/119.0.0.0 Safari/537.36"
74.7.227.155 - - [16/Dec/2025:00:33:24 +0000] "GET /index.php?rest_route=/wp/v2/posts/43427 HTTP/1.1" 200 4374 "-" "Mozilla/5.0 AppleWebKit/537.36 (KHTML, like Gecko; compatible; GPTBot/1.3; +https://openai.com/gptbot)"
45.134.225.241 - - [16/Dec/2025:00:33:24 +0000] "POST /wp-login.php HTTP/1.1" 200 2619 "https://datainsightnow.com/wp-login.php" "Mozilla/5.0 (Macintosh; Intel Mac OS X 13_6_1; rv:121.0) Gecko/20100101 Firefox/121.0"
45.134.225.241 - - [16/Dec/2025:00:33:24 +0000] "GET /wp-admin/index.php HTTP/1.1" 302 5 "https://datainsightnow.com/wp-login.php" "Mozilla/5.0 (Windows NT 10.0; Win64; x64) AppleWebKit/537.36 (KHTML, like Gecko) Chrome/120.0.0.0 Safari/537.36"
45.134.225.241 - - [16/Dec/2025:00:33:25 +0000] "GET /wp-login.php?redirect_to=https%3A%2F%2Fdatainsightnow.com%2Fwp-admin%2Findex.php&reauth=1 HTTP/1.1" 200 2520 "https://datainsightnow.com/wp-login.php" "Mozilla/5.0 (Windows NT 10.0; Win64; x64) AppleWebKit/537.36 (KHTML, like Gecko) Chrome/120.0.0.0 Safari/537.36"
45.134.225.241 - - [16/Dec/2025:00:33:25 +0000] "POST /wp-login.php HTTP/1.1" 200 2619 "https://datainsightnow.com/wp-login.php" "Mozilla/5.0 (Macintosh; Intel Mac OS X 13_6_1) AppleWebKit/605.1.15 (KHTML, like Gecko) Version/17.2 Safari/605.1.15"
45.134.225.241 - - [16/Dec/2025:00:33:26 +0000] "GET /wp-admin/index.php HTTP/1.1" 302 5 "https://datainsightnow.com/wp-login.php" "Mozilla/5.0 (Windows NT 11.0; Win64; x64; rv:120.0) Gecko/20100101 Firefox/120.0"
45.134.225.241 - - [16/Dec/2025:00:33:26 +0000] "GET /wp-login.php?redirect_to=https%3A%2F%2Fdatainsightnow.com%2Fwp-admin%2Findex.php&reauth=1 HTTP/1.1" 200 2520 "https://datainsightnow.com/wp-login.php" "Mozilla/5.0 (Windows NT 11.0; Win64; x64; rv:120.0) Gecko/20100101 Firefox/120.0"
45.134.225.241 - - [16/Dec/2025:00:33:26 +0000] "POST /wp-login.php HTTP/1.1" 200 2619 "https://datainsightnow.com/wp-login.php" "Mozilla/5.0 (Macintosh; Intel Mac OS X 10_15_7; rv:118.0) Gecko/20100101 Firefox/118.0"
57.141.0.27 - - [16/Dec/2025:00:33:26 +0000] "GET /2025/03/06/page/39/?fileloc=//sys/class/pci_bus/0000:0a/subsystem/0000:04/subsystem/0000:11/device/max_link_width&path=//sys/class/pci_bus/0000:0a/subsystem/0000:04/subsystem/0000:11/device HTTP/1.1" 200 262248 "-" "meta-externalagent/1.1 (+https://developers.facebook.com/docs/sharing/webmasters/crawler)"
45.134.225.241 - - [16/Dec/2025:00:33:27 +0000] "GET /wp-admin/index.php HTTP/1.1" 302 5 "https://datainsightnow.com/wp-login.php" "Mozilla/5.0 (Windows NT 11.0; Win64; x64; rv:119.0) Gecko/20100101 Firefox/119.0"
74.7.227.155 - - [16/Dec/2025:00:33:27 +0000] "GET /index.php?rest_route=%2Foembed%2F1.0%2Fembed&url=https%3A%2F%2Fdatainsightnow.com%2F%3Fp%3D43427 HTTP/1.1" 200 1240 "-" "Mozilla/5.0 AppleWebKit/537.36 (KHTML, like Gecko; compatible; GPTBot/1.3; +https://openai.com/gptbot)"
57.141.0.34 - - [16/Dec/2025:00:33:27 +0000] "GET /karamba-spielsaal-erfahrungen-angeschlossen-testbericht-werfen-sie-einen-blick-auf-den-link-within-2025-pro-teutonia/?fileloc=//sys/class/pci_bus/0000:04/device/driver/0000:00:04.0/driver/0000:00:03.0/driver/0000:00:04.0/enable&path=//sys/class/pci_bus/0000:04/device/driver/0000:00:04.0/driver/0000:00:03.0/driver/0000:00:04.0 HTTP/1.1" 200 262209 "-" "meta-externalagent/1.1 (+https://developers.facebook.com/docs/sharing/webmasters/crawler)"
45.134.225.241 - - [16/Dec/2025:00:33:27 +0000] "GET /wp-login.php?redirect_to=https%3A%2F%2Fdatainsightnow.com%2Fwp-admin%2Findex.php&reauth=1 HTTP/1.1" 200 2520 "https://datainsightnow.com/wp-login.php" "Mozilla/5.0 (Windows NT 11.0; Win64; x64; rv:119.0) Gecko/20100101 Firefox/119.0"
57.141.0.24 - - [16/Dec/2025:00:33:27 +0000] "GET /karamba-spielsaal-erfahrungen-angeschlossen-testbericht-werfen-sie-einen-blick-auf-den-link-within-2025-pro-teutonia/?fileloc=//sys/class/pci_bus/0000:0b/subsystem/0000:0f/device/driver/0000:00:02.3/firmware_node/subsystem/devices/device:3c/adr&path=//sys/class/pci_bus/0000:0b/subsystem/0000:0f/device/driver/0000:00:02.3/firmware_node/subsystem/devices/device:3c HTTP/1.1" 200 262264 "-" "meta-externalagent/1.1 (+https://developers.facebook.com/docs/sharing/webmasters/crawler)"
45.134.225.241 - - [16/Dec/2025:00:33:28 +0000] "POST /wp-login.php HTTP/1.1" 200 2619 "https://datainsightnow.com/wp-login.php" "Mozilla/5.0 (Macintosh; Intel Mac OS X 10_15_7) AppleWebKit/537.36 (KHTML, like Gecko) Chrome/118.0.0.0 Safari/537.36"
45.134.225.241 - - [16/Dec/2025:00:33:28 +0000] "GET /wp-admin/index.php HTTP/1.1" 302 5 "https://datainsightnow.com/wp-login.php" "Mozilla/5.0 (Windows NT 10.0; Win64; x64; rv:118.0) Gecko/20100101 Firefox/118.0"
45.134.225.241 - - [16/Dec/2025:00:33:28 +0000] "GET /wp-login.php?redirect_to=https%3A%2F%2Fdatainsightnow.com%2Fwp-admin%2Findex.php&reauth=1 HTTP/1.1" 200 2520 "https://datainsightnow.com/wp-login.php" "Mozilla/5.0 (Windows NT 10.0; Win64; x64; rv:118.0) Gecko/20100101 Firefox/118.0"
114.119.157.166 - - [16/Dec/2025:00:33:29 +0000] "GET /zodiac-kasino-erfahrungen-2024-480-bonus-80-freispiele?path=//sys/dev/char/5:1/subsystem/ttyS29/subsystem/ttyS9/subsystem/ttyS0/subsystem/tty13 HTTP/1.1" 301 5 "-" "Mozilla/5.0 (Linux; Android 7.0;) AppleWebKit/537.36 (KHTML, like Gecko) Mobile Safari/537.36 (compatible; PetalBot;+https://webmaster.petalsearch.com/site/petalbot)"
45.134.225.241 - - [16/Dec/2025:00:33:29 +0000] "POST /wp-login.php HTTP/1.1" 200 2619 "https://datainsightnow.com/wp-login.php" "Mozilla/5.0 (Macintosh; Intel Mac OS X 13_6_1; rv:121.0) Gecko/20100101 Firefox/121.0"
45.134.225.241 - - [16/Dec/2025:00:33:29 +0000] "GET /wp-admin/index.php HTTP/1.1" 302 5 "https://datainsightnow.com/wp-login.php" "Mozilla/5.0 (X11; Ubuntu; Linux x86_64) AppleWebKit/537.36 (KHTML, like Gecko) Chrome/118.0.0.0 Safari/537.36"
45.134.225.241 - - [16/Dec/2025:00:33:29 +0000] "GET /wp-login.php?redirect_to=https%3A%2F%2Fdatainsightnow.com%2Fwp-admin%2Findex.php&reauth=1 HTTP/1.1" 200 2520 "https://datainsightnow.com/wp-login.php" "Mozilla/5.0 (X11; Ubuntu; Linux x86_64) AppleWebKit/537.36 (KHTML, like Gecko) Chrome/118.0.0.0 Safari/537.36"
45.134.225.241 - - [16/Dec/2025:00:33:30 +0000] "POST /wp-login.php HTTP/1.1" 200 2619 "https://datainsightnow.com/wp-login.php" "Mozilla/5.0 (Macintosh; Intel Mac OS X 13_6_1) AppleWebKit/537.36 (KHTML, like Gecko) Chrome/119.0.0.0 Safari/537.36"
74.7.227.155 - - [16/Dec/2025:00:33:30 +0000] "GET /index.php?format=xml&rest_route=%2Foembed%2F1.0%2Fembed&url=https%3A%2F%2Fdatainsightnow.com%2F%3Fp%3D43427 HTTP/1.1" 200 1265 "-" "Mozilla/5.0 AppleWebKit/537.36 (KHTML, like Gecko; compatible; GPTBot/1.3; +https://openai.com/gptbot)"
45.134.225.241 - - [16/Dec/2025:00:33:30 +0000] "GET /wp-admin/index.php HTTP/1.1" 302 5 "https://datainsightnow.com/wp-login.php" "Mozilla/5.0 (Windows NT 10.0; Win64; x64; rv:118.0) Gecko/20100101 Firefox/118.0"
217.113.194.213 - - [16/Dec/2025:00:33:30 +0000] "GET /privacy/?fileloc=//usr/share/terminfo/a/a980&path=//usr/share/terminfo/a HTTP/1.1" 200 45436 "-" "Mozilla/5.0 (compatible; Barkrowler/0.9; +https://babbar.tech/crawler)"
45.134.225.241 - - [16/Dec/2025:00:33:30 +0000] "GET /wp-login.php?redirect_to=https%3A%2F%2Fdatainsightnow.com%2Fwp-admin%2Findex.php&reauth=1 HTTP/1.1" 200 2520 "https://datainsightnow.com/wp-login.php" "Mozilla/5.0 (Windows NT 10.0; Win64; x64; rv:118.0) Gecko/20100101 Firefox/118.0"
45.134.225.241 - - [16/Dec/2025:00:33:31 +0000] "POST /wp-login.php HTTP/1.1" 200 2619 "https://datainsightnow.com/wp-login.php" "Mozilla/5.0 (X11; Linux x86_64) AppleWebKit/537.36 (KHTML, like Gecko) Chrome/119.0.0.0 Safari/537.36"
114.119.157.166 - - [16/Dec/2025:00:33:31 +0000] "GET /zodiac-kasino-erfahrungen-2024-480-bonus-80-freispiele/?path=//sys/dev/char/5:1/subsystem/ttyS29/subsystem/ttyS9/subsystem/ttyS0/subsystem/tty13 HTTP/1.1" 200 45437 "-" "Mozilla/5.0 (Linux; Android 7.0;) AppleWebKit/537.36 (KHTML, like Gecko) Mobile Safari/537.36 (compatible; PetalBot;+https://webmaster.petalsearch.com/site/petalbot)"
45.134.225.241 - - [16/Dec/2025:00:33:31 +0000] "GET /wp-admin/index.php HTTP/1.1" 302 5 "https://datainsightnow.com/wp-login.php" "Mozilla/5.0 (Macintosh; Intel Mac OS X 10_15_7) AppleWebKit/605.1.15 (KHTML, like Gecko) Version/17.1 Safari/605.1.15"
45.134.225.241 - - [16/Dec/2025:00:33:32 +0000] "GET /wp-login.php?redirect_to=https%3A%2F%2Fdatainsightnow.com%2Fwp-admin%2Findex.php&reauth=1 HTTP/1.1" 200 2520 "https://datainsightnow.com/wp-login.php" "Mozilla/5.0 (Macintosh; Intel Mac OS X 10_15_7) AppleWebKit/605.1.15 (KHTML, like Gecko) Version/17.1 Safari/605.1.15"
45.134.225.241 - - [16/Dec/2025:00:33:32 +0000] "POST /wp-login.php HTTP/1.1" 200 2619 "https://datainsightnow.com/wp-login.php" "Mozilla/5.0 (Windows NT 11.0; Win64; x64; rv:120.0) Gecko/20100101 Firefox/120.0"
45.134.225.241 - - [16/Dec/2025:00:33:32 +0000] "GET /wp-admin/index.php HTTP/1.1" 302 5 "https://datainsightnow.com/wp-login.php" "Mozilla/5.0 (Windows NT 11.0; Win64; x64) AppleWebKit/537.36 (KHTML, like Gecko) Chrome/120.0.0.0 Safari/537.36"
45.134.225.241 - - [16/Dec/2025:00:33:33 +0000] "GET /wp-login.php?redirect_to=https%3A%2F%2Fdatainsightnow.com%2Fwp-admin%2Findex.php&reauth=1 HTTP/1.1" 200 2520 "https://datainsightnow.com/wp-login.php" "Mozilla/5.0 (Windows NT 11.0; Win64; x64) AppleWebKit/537.36 (KHTML, like Gecko) Chrome/120.0.0.0 Safari/537.36"
45.134.225.241 - - [16/Dec/2025:00:33:33 +0000] "POST /wp-login.php HTTP/1.1" 200 2676 "https://datainsightnow.com/wp-login.php" "Mozilla/5.0 (Macintosh; Intel Mac OS X 13_6_1) AppleWebKit/605.1.15 (KHTML, like Gecko) Version/16.6 Safari/605.1.15"
74.7.227.155 - - [16/Dec/2025:00:33:33 +0000] "GET /?m=20250403&paged=31 HTTP/1.1" 200 37772 "-" "Mozilla/5.0 AppleWebKit/537.36 (KHTML, like Gecko; compatible; GPTBot/1.3; +https://openai.com/gptbot)"
104.238.184.240 - - [16/Dec/2025:00:33:33 +0000] "POST /wp-login.php HTTP/1.1" 200 2677 "-" "Mozilla/5.0 (Windows NT 10.0; Win64; x64; rv:54.0) Gecko/20100101 Firefox/54.0"
45.134.225.241 - - [16/Dec/2025:00:33:33 +0000] "GET /wp-admin/index.php HTTP/1.1" 302 5 "https://datainsightnow.com/wp-login.php" "Mozilla/5.0 (Macintosh; Intel Mac OS X 10_15_7) AppleWebKit/537.36 (KHTML, like Gecko) Chrome/119.0.0.0 Safari/537.36"
45.134.225.241 - - [16/Dec/2025:00:33:34 +0000] "GET /wp-login.php?redirect_to=https%3A%2F%2Fdatainsightnow.com%2Fwp-admin%2Findex.php&reauth=1 HTTP/1.1" 200 2520 "https://datainsightnow.com/wp-login.php" "Mozilla/5.0 (Macintosh; Intel Mac OS X 10_15_7) AppleWebKit/537.36 (KHTML, like Gecko) Chrome/119.0.0.0 Safari/537.36"
45.134.225.241 - - [16/Dec/2025:00:33:34 +0000] "POST /wp-login.php HTTP/1.1" 200 2676 "https://datainsightnow.com/wp-login.php" "Mozilla/5.0 (Windows NT 10.0; Win64; x64) AppleWebKit/537.36 (KHTML, like Gecko) Chrome/121.0.0.0 Safari/537.36"
45.134.225.241 - - [16/Dec/2025:00:33:34 +0000] "GET /wp-admin/index.php HTTP/1.1" 302 5 "https://datainsightnow.com/wp-login.php" "Mozilla/5.0 (X11; Ubuntu; Linux x86_64) AppleWebKit/537.36 (KHTML, like Gecko) Chrome/120.0.0.0 Safari/537.36"
45.134.225.241 - - [16/Dec/2025:00:33:34 +0000] "GET /wp-login.php?redirect_to=https%3A%2F%2Fdatainsightnow.com%2Fwp-admin%2Findex.php&reauth=1 HTTP/1.1" 200 2520 "https://datainsightnow.com/wp-login.php" "Mozilla/5.0 (X11; Ubuntu; Linux x86_64) AppleWebKit/537.36 (KHTML, like Gecko) Chrome/120.0.0.0 Safari/537.36"
45.134.225.241 - - [16/Dec/2025:00:33:35 +0000] "POST /wp-login.php HTTP/1.1" 200 2676 "https://datainsightnow.com/wp-login.php" "Mozilla/5.0 (Windows NT 11.0; Win64; x64) AppleWebKit/537.36 (KHTML, like Gecko) Chrome/120.0.0.0 Safari/537.36"
45.134.225.241 - - [16/Dec/2025:00:33:35 +0000] "GET /wp-admin/index.php HTTP/1.1" 302 5 "https://datainsightnow.com/wp-login.php" "Mozilla/5.0 (Windows NT 10.0; Win64; x64) AppleWebKit/537.36 (KHTML, like Gecko) Chrome/121.0.0.0 Safari/537.36"
45.134.225.241 - - [16/Dec/2025:00:33:35 +0000] "GET /wp-login.php?redirect_to=https%3A%2F%2Fdatainsightnow.com%2Fwp-admin%2Findex.php&reauth=1 HTTP/1.1" 200 2520 "https://datainsightnow.com/wp-login.php" "Mozilla/5.0 (Windows NT 10.0; Win64; x64) AppleWebKit/537.36 (KHTML, like Gecko) Chrome/121.0.0.0 Safari/537.36"
45.134.225.241 - - [16/Dec/2025:00:33:35 +0000] "POST /wp-login.php HTTP/1.1" 200 2676 "https://datainsightnow.com/wp-login.php" "Mozilla/5.0 (Windows NT 11.0; Win64; x64; rv:121.0) Gecko/20100101 Firefox/121.0"
57.141.0.41 - - [16/Dec/2025:00:33:35 +0000] "GET /karamba-spielsaal-erfahrungen-angeschlossen-testbericht-werfen-sie-einen-blick-auf-den-link-within-2025-pro-teutonia/?fileloc=//sys/class/pci_bus/0000:04/subsystem/0000:0c/subsystem/0000:0a/device/driver/0000:00:02.2/aer_rootport_total_err_fatal&path=//sys/class/pci_bus/0000:04/subsystem/0000:0c/subsystem/0000:0a/device/driver/0000:00:02.2 HTTP/1.1" 200 262264 "-" "meta-externalagent/1.1 (+https://developers.facebook.com/docs/sharing/webmasters/crawler)"
45.134.225.241 - - [16/Dec/2025:00:33:36 +0000] "GET /wp-admin/index.php HTTP/1.1" 302 5 "https://datainsightnow.com/wp-login.php" "Mozilla/5.0 (Windows NT 11.0; Win64; x64) AppleWebKit/537.36 (KHTML, like Gecko) Chrome/118.0.0.0 Safari/537.36"
45.134.225.241 - - [16/Dec/2025:00:33:36 +0000] "GET /wp-login.php?redirect_to=https%3A%2F%2Fdatainsightnow.com%2Fwp-admin%2Findex.php&reauth=1 HTTP/1.1" 200 2520 "https://datainsightnow.com/wp-login.php" "Mozilla/5.0 (Windows NT 11.0; Win64; x64) AppleWebKit/537.36 (KHTML, like Gecko) Chrome/118.0.0.0 Safari/537.36"
45.134.225.241 - - [16/Dec/2025:00:33:36 +0000] "POST /wp-login.php HTTP/1.1" 200 2676 "https://datainsightnow.com/wp-login.php" "Mozilla/5.0 (Windows NT 10.0; Win64; x64; rv:120.0) Gecko/20100101 Firefox/120.0"
74.7.227.155 - - [16/Dec/2025:00:33:37 +0000] "GET /?p=46263 HTTP/1.1" 200 41294 "-" "Mozilla/5.0 AppleWebKit/537.36 (KHTML, like Gecko; compatible; GPTBot/1.3; +https://openai.com/gptbot)"
45.134.225.241 - - [16/Dec/2025:00:33:37 +0000] "GET /wp-admin/index.php HTTP/1.1" 302 5 "https://datainsightnow.com/wp-login.php" "Mozilla/5.0 (X11; Linux x86_64) AppleWebKit/537.36 (KHTML, like Gecko) Chrome/120.0.0.0 Safari/537.36"
45.134.225.241 - - [16/Dec/2025:00:33:37 +0000] "GET /wp-login.php?redirect_to=https%3A%2F%2Fdatainsightnow.com%2Fwp-admin%2Findex.php&reauth=1 HTTP/1.1" 200 2520 "https://datainsightnow.com/wp-login.php" "Mozilla/5.0 (X11; Linux x86_64) AppleWebKit/537.36 (KHTML, like Gecko) Chrome/120.0.0.0 Safari/537.36"
45.134.225.241 - - [16/Dec/2025:00:33:37 +0000] "POST /wp-login.php HTTP/1.1" 200 2681 "https://datainsightnow.com/wp-login.php" "Mozilla/5.0 (Windows NT 10.0; Win64; x64) AppleWebKit/537.36 (KHTML, like Gecko) Chrome/121.0.0.0 Safari/537.36"
45.134.225.241 - - [16/Dec/2025:00:33:37 +0000] "GET /wp-admin/index.php HTTP/1.1" 302 5 "https://datainsightnow.com/wp-login.php" "Mozilla/5.0 (Windows NT 10.0; Win64; x64) AppleWebKit/537.36 (KHTML, like Gecko) Chrome/119.0.0.0 Safari/537.36"
45.134.225.241 - - [16/Dec/2025:00:33:38 +0000] "GET /wp-login.php?redirect_to=https%3A%2F%2Fdatainsightnow.com%2Fwp-admin%2Findex.php&reauth=1 HTTP/1.1" 200 2520 "https://datainsightnow.com/wp-login.php" "Mozilla/5.0 (Windows NT 10.0; Win64; x64) AppleWebKit/537.36 (KHTML, like Gecko) Chrome/119.0.0.0 Safari/537.36"
57.141.0.56 - - [16/Dec/2025:00:33:38 +0000] "GET /2025/03/06/page/39/?fileloc=//sys/class/pci_bus/0000:0e/subsystem/0000:07/device/driver/0000:00:03.1/driver/0000:00:02.0/aer_rootport_total_err_fatal&path=//sys/class/pci_bus/0000:0e/subsystem/0000:07/device/driver/0000:00:03.1/driver/0000:00:02.0 HTTP/1.1" 200 262264 "-" "meta-externalagent/1.1 (+https://developers.facebook.com/docs/sharing/webmasters/crawler)"
45.134.225.241 - - [16/Dec/2025:00:33:38 +0000] "POST /wp-login.php HTTP/1.1" 200 2679 "https://datainsightnow.com/wp-login.php" "Mozilla/5.0 (Windows NT 11.0; Win64; x64; rv:119.0) Gecko/20100101 Firefox/119.0"
45.134.225.241 - - [16/Dec/2025:00:33:38 +0000] "GET /wp-admin/index.php HTTP/1.1" 302 5 "https://datainsightnow.com/wp-login.php" "Mozilla/5.0 (Macintosh; Intel Mac OS X 13_6_1; rv:121.0) Gecko/20100101 Firefox/121.0"
45.134.225.241 - - [16/Dec/2025:00:33:38 +0000] "GET /wp-login.php?redirect_to=https%3A%2F%2Fdatainsightnow.com%2Fwp-admin%2Findex.php&reauth=1 HTTP/1.1" 200 2520 "https://datainsightnow.com/wp-login.php" "Mozilla/5.0 (Macintosh; Intel Mac OS X 13_6_1; rv:121.0) Gecko/20100101 Firefox/121.0"
45.134.225.241 - - [16/Dec/2025:00:33:39 +0000] "POST /wp-login.php HTTP/1.1" 200 2676 "https://datainsightnow.com/wp-login.php" "Mozilla/5.0 (Windows NT 10.0; Win64; x64) AppleWebKit/537.36 (KHTML, like Gecko) Chrome/121.0.0.0 Safari/537.36"
57.141.0.38 - - [16/Dec/2025:00:33:39 +0000] "GET /2025/03/07/page/6/?fileloc=//sys/class/pci_bus/0000:0b/subsystem/0000:13/subsystem/0000:0b/subsystem/0000:02/device/device&path=//sys/class/pci_bus/0000:0b/subsystem/0000:13/subsystem/0000:0b/subsystem/0000:02/device HTTP/1.1" 200 262264 "-" "meta-externalagent/1.1 (+https://developers.facebook.com/docs/sharing/webmasters/crawler)"
45.134.225.241 - - [16/Dec/2025:00:33:39 +0000] "GET /wp-admin/index.php HTTP/1.1" 302 5 "https://datainsightnow.com/wp-login.php" "Mozilla/5.0 (Windows NT 11.0; Win64; x64) AppleWebKit/537.36 (KHTML, like Gecko) Chrome/118.0.0.0 Safari/537.36"
45.134.225.241 - - [16/Dec/2025:00:33:39 +0000] "GET /wp-login.php?redirect_to=https%3A%2F%2Fdatainsightnow.com%2Fwp-admin%2Findex.php&reauth=1 HTTP/1.1" 200 2520 "https://datainsightnow.com/wp-login.php" "Mozilla/5.0 (Windows NT 11.0; Win64; x64) AppleWebKit/537.36 (KHTML, like Gecko) Chrome/118.0.0.0 Safari/537.36"
74.7.227.155 - - [16/Dec/2025:00:33:39 +0000] "GET /index.php?rest_route=/wp/v2/posts/46263 HTTP/1.1" 200 4396 "-" "Mozilla/5.0 AppleWebKit/537.36 (KHTML, like Gecko; compatible; GPTBot/1.3; +https://openai.com/gptbot)"
45.134.225.241 - - [16/Dec/2025:00:33:40 +0000] "POST /wp-login.php HTTP/1.1" 200 2676 "https://datainsightnow.com/wp-login.php" "Mozilla/5.0 (Windows NT 11.0; Win64; x64) AppleWebKit/537.36 (KHTML, like Gecko) Chrome/119.0.0.0 Safari/537.36"
45.134.225.241 - - [16/Dec/2025:00:33:40 +0000] "GET /wp-admin/index.php HTTP/1.1" 302 5 "https://datainsightnow.com/wp-login.php" "Mozilla/5.0 (Macintosh; Intel Mac OS X 10_15_7) AppleWebKit/537.36 (KHTML, like Gecko) Chrome/121.0.0.0 Safari/537.36"
45.134.225.241 - - [16/Dec/2025:00:33:40 +0000] "GET /wp-login.php?redirect_to=https%3A%2F%2Fdatainsightnow.com%2Fwp-admin%2Findex.php&reauth=1 HTTP/1.1" 200 2520 "https://datainsightnow.com/wp-login.php" "Mozilla/5.0 (Macintosh; Intel Mac OS X 10_15_7) AppleWebKit/537.36 (KHTML, like Gecko) Chrome/121.0.0.0 Safari/537.36"
45.134.225.241 - - [16/Dec/2025:00:33:41 +0000] "POST /wp-login.php HTTP/1.1" 200 2680 "https://datainsightnow.com/wp-login.php" "Mozilla/5.0 (Macintosh; Intel Mac OS X 10_15_7) AppleWebKit/537.36 (KHTML, like Gecko) Chrome/121.0.0.0 Safari/537.36"
57.141.0.7 - - [16/Dec/2025:00:33:41 +0000] "GET /australian-netent-games-online-no-deposit-bonus-local-casino-now-offers-inside-the-2025/?fileloc=//sbin/cache_writeback&path=//sbin HTTP/1.1" 200 262264 "-" "meta-externalagent/1.1 (+https://developers.facebook.com/docs/sharing/webmasters/crawler)"
45.134.225.241 - - [16/Dec/2025:00:33:41 +0000] "GET /wp-admin/index.php HTTP/1.1" 302 5 "https://datainsightnow.com/wp-login.php" "Mozilla/5.0 (Windows NT 10.0; Win64; x64) AppleWebKit/537.36 (KHTML, like Gecko) Chrome/121.0.0.0 Safari/537.36"
45.134.225.241 - - [16/Dec/2025:00:33:41 +0000] "GET /wp-login.php?redirect_to=https%3A%2F%2Fdatainsightnow.com%2Fwp-admin%2Findex.php&reauth=1 HTTP/1.1" 200 2520 "https://datainsightnow.com/wp-login.php" "Mozilla/5.0 (Windows NT 10.0; Win64; x64) AppleWebKit/537.36 (KHTML, like Gecko) Chrome/121.0.0.0 Safari/537.36"
45.134.225.241 - - [16/Dec/2025:00:33:41 +0000] "POST /wp-login.php HTTP/1.1" 200 2676 "https://datainsightnow.com/wp-login.php" "Mozilla/5.0 (Macintosh; Intel Mac OS X 13_6_1) AppleWebKit/605.1.15 (KHTML, like Gecko) Version/17.0 Safari/605.1.15"
45.134.225.241 - - [16/Dec/2025:00:33:42 +0000] "GET /wp-admin/index.php HTTP/1.1" 302 5 "https://datainsightnow.com/wp-login.php" "Mozilla/5.0 (Macintosh; Intel Mac OS X 10_15_7; rv:118.0) Gecko/20100101 Firefox/118.0"
45.134.225.241 - - [16/Dec/2025:00:33:42 +0000] "GET /wp-login.php?redirect_to=https%3A%2F%2Fdatainsightnow.com%2Fwp-admin%2Findex.php&reauth=1 HTTP/1.1" 200 2520 "https://datainsightnow.com/wp-login.php" "Mozilla/5.0 (Macintosh; Intel Mac OS X 10_15_7; rv:118.0) Gecko/20100101 Firefox/118.0"
45.134.225.241 - - [16/Dec/2025:00:33:42 +0000] "POST /wp-login.php HTTP/1.1" 200 2685 "https://datainsightnow.com/wp-login.php" "Mozilla/5.0 (Macintosh; Intel Mac OS X 10_15_7; rv:120.0) Gecko/20100101 Firefox/120.0"
45.134.225.241 - - [16/Dec/2025:00:33:43 +0000] "GET /wp-admin/index.php HTTP/1.1" 302 5 "https://datainsightnow.com/wp-login.php" "Mozilla/5.0 (Macintosh; Intel Mac OS X 13_6_1) AppleWebKit/605.1.15 (KHTML, like Gecko) Version/16.6 Safari/605.1.15"
45.134.225.241 - - [16/Dec/2025:00:33:43 +0000] "GET /wp-login.php?redirect_to=https%3A%2F%2Fdatainsightnow.com%2Fwp-admin%2Findex.php&reauth=1 HTTP/1.1" 200 2520 "https://datainsightnow.com/wp-login.php" "Mozilla/5.0 (Macintosh; Intel Mac OS X 13_6_1) AppleWebKit/605.1.15 (KHTML, like Gecko) Version/16.6 Safari/605.1.15"
45.134.225.241 - - [16/Dec/2025:00:33:43 +0000] "POST /wp-login.php HTTP/1.1" 200 2686 "https://datainsightnow.com/wp-login.php" "Mozilla/5.0 (Windows NT 11.0; Win64; x64) AppleWebKit/537.36 (KHTML, like Gecko) Chrome/120.0.0.0 Safari/537.36"
45.134.225.241 - - [16/Dec/2025:00:33:44 +0000] "GET /wp-admin/index.php HTTP/1.1" 302 5 "https://datainsightnow.com/wp-login.php" "Mozilla/5.0 (X11; Ubuntu; Linux x86_64) AppleWebKit/537.36 (KHTML, like Gecko) Chrome/119.0.0.0 Safari/537.36"
45.134.225.241 - - [16/Dec/2025:00:33:44 +0000] "GET /wp-login.php?redirect_to=https%3A%2F%2Fdatainsightnow.com%2Fwp-admin%2Findex.php&reauth=1 HTTP/1.1" 200 2520 "https://datainsightnow.com/wp-login.php" "Mozilla/5.0 (X11; Ubuntu; Linux x86_64) AppleWebKit/537.36 (KHTML, like Gecko) Chrome/119.0.0.0 Safari/537.36"
45.134.225.241 - - [16/Dec/2025:00:33:44 +0000] "POST /wp-login.php HTTP/1.1" 200 2681 "https://datainsightnow.com/wp-login.php" "Mozilla/5.0 (Windows NT 11.0; Win64; x64) AppleWebKit/537.36 (KHTML, like Gecko) Chrome/119.0.0.0 Safari/537.36"
45.134.225.241 - - [16/Dec/2025:00:33:44 +0000] "GET /wp-admin/index.php HTTP/1.1" 302 5 "https://datainsightnow.com/wp-login.php" "Mozilla/5.0 (Windows NT 10.0; Win64; x64) AppleWebKit/537.36 (KHTML, like Gecko) Chrome/119.0.0.0 Safari/537.36"
45.134.225.241 - - [16/Dec/2025:00:33:44 +0000] "GET /wp-login.php?redirect_to=https%3A%2F%2Fdatainsightnow.com%2Fwp-admin%2Findex.php&reauth=1 HTTP/1.1" 200 2520 "https://datainsightnow.com/wp-login.php" "Mozilla/5.0 (Windows NT 10.0; Win64; x64) AppleWebKit/537.36 (KHTML, like Gecko) Chrome/119.0.0.0 Safari/537.36"
45.134.225.241 - - [16/Dec/2025:00:33:45 +0000] "POST /wp-login.php HTTP/1.1" 200 2681 "https://datainsightnow.com/wp-login.php" "Mozilla/5.0 (Windows NT 10.0; Win64; x64; rv:118.0) Gecko/20100101 Firefox/118.0"
45.134.225.241 - - [16/Dec/2025:00:33:45 +0000] "GET /wp-admin/index.php HTTP/1.1" 302 5 "https://datainsightnow.com/wp-login.php" "Mozilla/5.0 (X11; Linux x86_64) AppleWebKit/537.36 (KHTML, like Gecko) Chrome/118.0.0.0 Safari/537.36"
45.134.225.241 - - [16/Dec/2025:00:33:45 +0000] "GET /wp-login.php?redirect_to=https%3A%2F%2Fdatainsightnow.com%2Fwp-admin%2Findex.php&reauth=1 HTTP/1.1" 200 2520 "https://datainsightnow.com/wp-login.php" "Mozilla/5.0 (X11; Linux x86_64) AppleWebKit/537.36 (KHTML, like Gecko) Chrome/118.0.0.0 Safari/537.36"
45.134.225.241 - - [16/Dec/2025:00:33:45 +0000] "POST /wp-login.php HTTP/1.1" 200 2679 "https://datainsightnow.com/wp-login.php" "Mozilla/5.0 (Windows NT 11.0; Win64; x64; rv:120.0) Gecko/20100101 Firefox/120.0"
57.141.0.16 - - [16/Dec/2025:00:33:45 +0000] "GET /karamba-spielsaal-erfahrungen-angeschlossen-testbericht-werfen-sie-einen-blick-auf-den-link-within-2025-pro-teutonia/?fileloc=//sys/class/pci_bus/0000:06/subsystem/0000:00/subsystem/0000:0d/subsystem/0000:00/device/0000:00:03.2/resource&path=//sys/class/pci_bus/0000:06/subsystem/0000:00/subsystem/0000:0d/subsystem/0000:00/device/0000:00:03.2 HTTP/1.1" 200 262264 "-" "meta-externalagent/1.1 (+https://developers.facebook.com/docs/sharing/webmasters/crawler)"
45.134.225.241 - - [16/Dec/2025:00:33:46 +0000] "GET /wp-admin/index.php HTTP/1.1" 302 5 "https://datainsightnow.com/wp-login.php" "Mozilla/5.0 (Macintosh; Intel Mac OS X 10_15_7) AppleWebKit/605.1.15 (KHTML, like Gecko) Version/17.0 Safari/605.1.15"
217.113.194.213 - - [16/Dec/2025:00:33:46 +0000] "GET /privacy/?fileloc=//proc/153/net/rt_acct&path=//proc/153/net HTTP/1.1" 200 45436 "-" "Mozilla/5.0 (compatible; Barkrowler/0.9; +https://babbar.tech/crawler)"
45.134.225.241 - - [16/Dec/2025:00:33:46 +0000] "GET /wp-login.php?redirect_to=https%3A%2F%2Fdatainsightnow.com%2Fwp-admin%2Findex.php&reauth=1 HTTP/1.1" 200 2520 "https://datainsightnow.com/wp-login.php" "Mozilla/5.0 (Macintosh; Intel Mac OS X 10_15_7) AppleWebKit/605.1.15 (KHTML, like Gecko) Version/17.0 Safari/605.1.15"
45.134.225.241 - - [16/Dec/2025:00:33:46 +0000] "POST /wp-login.php HTTP/1.1" 200 2676 "https://datainsightnow.com/wp-login.php" "Mozilla/5.0 (X11; Linux x86_64) AppleWebKit/537.36 (KHTML, like Gecko) Chrome/119.0.0.0 Safari/537.36"
45.134.225.241 - - [16/Dec/2025:00:33:47 +0000] "GET /wp-admin/index.php HTTP/1.1" 302 5 "https://datainsightnow.com/wp-login.php" "Mozilla/5.0 (Macintosh; Intel Mac OS X 10_15_7) AppleWebKit/605.1.15 (KHTML, like Gecko) Version/17.2 Safari/605.1.15"
45.134.225.241 - - [16/Dec/2025:00:33:47 +0000] "GET /wp-login.php?redirect_to=https%3A%2F%2Fdatainsightnow.com%2Fwp-admin%2Findex.php&reauth=1 HTTP/1.1" 200 2520 "https://datainsightnow.com/wp-login.php" "Mozilla/5.0 (Macintosh; Intel Mac OS X 10_15_7) AppleWebKit/605.1.15 (KHTML, like Gecko) Version/17.2 Safari/605.1.15"
45.134.225.241 - - [16/Dec/2025:00:33:47 +0000] "POST /wp-login.php HTTP/1.1" 200 2676 "https://datainsightnow.com/wp-login.php" "Mozilla/5.0 (Windows NT 11.0; Win64; x64) AppleWebKit/537.36 (KHTML, like Gecko) Chrome/119.0.0.0 Safari/537.36"
45.134.225.241 - - [16/Dec/2025:00:33:48 +0000] "GET /wp-admin/index.php HTTP/1.1" 302 5 "https://datainsightnow.com/wp-login.php" "Mozilla/5.0 (Macintosh; Intel Mac OS X 13_6_1; rv:119.0) Gecko/20100101 Firefox/119.0"
45.134.225.241 - - [16/Dec/2025:00:33:48 +0000] "GET /wp-login.php?redirect_to=https%3A%2F%2Fdatainsightnow.com%2Fwp-admin%2Findex.php&reauth=1 HTTP/1.1" 200 2520 "https://datainsightnow.com/wp-login.php" "Mozilla/5.0 (Macintosh; Intel Mac OS X 13_6_1; rv:119.0) Gecko/20100101 Firefox/119.0"
57.141.0.48 - - [16/Dec/2025:00:33:48 +0000] "GET /2025/03/07/page/6/?fileloc=//sys/class/pci_bus/0000:0f/subsystem/0000:01/subsystem/0000:04/subsystem/0000:04/subsystem/0000:0a/rescan&path=//sys/class/pci_bus/0000:0f/subsystem/0000:01/subsystem/0000:04/subsystem/0000:04/subsystem/0000:0a HTTP/1.1" 200 262215 "-" "meta-externalagent/1.1 (+https://developers.facebook.com/docs/sharing/webmasters/crawler)"
45.134.225.241 - - [16/Dec/2025:00:33:48 +0000] "POST /wp-login.php HTTP/1.1" 200 2672 "https://datainsightnow.com/wp-login.php" "Mozilla/5.0 (Windows NT 10.0; Win64; x64; rv:120.0) Gecko/20100101 Firefox/120.0"
57.141.0.23 - - [16/Dec/2025:00:33:49 +0000] "GET /karamba-spielsaal-erfahrungen-angeschlossen-testbericht-werfen-sie-einen-blick-auf-den-link-within-2025-pro-teutonia/?fileloc=//sys/class/pci_bus/0000:04/subsystem/0000:0f/device/driver/0000:00:03.1/driver/0000:00:02.1/driver/0000:00:02.2/0000:04:00.0/current_link_width&path=//sys/class/pci_bus/0000:04/subsystem/0000:0f/device/driver/0000:00:03.1/driver/0000:00:02.1/driver/0000:00:02.2/0000:04:00.0 HTTP/1.1" 200 262264 "-" "meta-externalagent/1.1 (+https://developers.facebook.com/docs/sharing/webmasters/crawler)"
45.134.225.241 - - [16/Dec/2025:00:33:49 +0000] "GET /wp-admin/index.php HTTP/1.1" 302 5 "https://datainsightnow.com/wp-login.php" "Mozilla/5.0 (Windows NT 11.0; Win64; x64; rv:118.0) Gecko/20100101 Firefox/118.0"
45.134.225.241 - - [16/Dec/2025:00:33:49 +0000] "GET /wp-login.php?redirect_to=https%3A%2F%2Fdatainsightnow.com%2Fwp-admin%2Findex.php&reauth=1 HTTP/1.1" 200 2520 "https://datainsightnow.com/wp-login.php" "Mozilla/5.0 (Windows NT 11.0; Win64; x64; rv:118.0) Gecko/20100101 Firefox/118.0"
45.134.225.241 - - [16/Dec/2025:00:33:49 +0000] "POST /wp-login.php HTTP/1.1" 200 2619 "https://datainsightnow.com/wp-login.php" "Mozilla/5.0 (Macintosh; Intel Mac OS X 13_6_1; rv:118.0) Gecko/20100101 Firefox/118.0"
66.135.21.75 - - [16/Dec/2025:00:33:50 +0000] "POST /wp-cron.php?doing_wp_cron=1765845230.0065269470214843750000 HTTP/1.1" 200 31 "-" "WordPress/6.3.1; https://datainsightnow.com"
45.134.225.241 - - [16/Dec/2025:00:33:50 +0000] "GET /wp-admin/index.php HTTP/1.1" 302 5 "https://datainsightnow.com/wp-login.php" "Mozilla/5.0 (Macintosh; Intel Mac OS X 10_15_7) AppleWebKit/537.36 (KHTML, like Gecko) Chrome/119.0.0.0 Safari/537.36"
57.141.0.60 - - [16/Dec/2025:00:33:50 +0000] "GET /karamba-spielsaal-erfahrungen-angeschlossen-testbericht-werfen-sie-einen-blick-auf-den-link-within-2025-pro-teutonia/?fileloc=//sys/class/pci_bus/0000:06/subsystem/0000:0d/subsystem/0000:0b/subsystem/0000:03/subsystem/0000:08/device/max_link_speed&path=//sys/class/pci_bus/0000:06/subsystem/0000:0d/subsystem/0000:0b/subsystem/0000:03/subsystem/0000:08/device HTTP/1.1" 200 262264 "-" "meta-externalagent/1.1 (+https://developers.facebook.com/docs/sharing/webmasters/crawler)"
45.134.225.241 - - [16/Dec/2025:00:33:50 +0000] "GET /wp-login.php?redirect_to=https%3A%2F%2Fdatainsightnow.com%2Fwp-admin%2Findex.php&reauth=1 HTTP/1.1" 200 2520 "https://datainsightnow.com/wp-login.php" "Mozilla/5.0 (Macintosh; Intel Mac OS X 10_15_7) AppleWebKit/537.36 (KHTML, like Gecko) Chrome/119.0.0.0 Safari/537.36"
45.134.225.241 - - [16/Dec/2025:00:33:50 +0000] "POST /wp-login.php HTTP/1.1" 200 2619 "https://datainsightnow.com/wp-login.php" "Mozilla/5.0 (Macintosh; Intel Mac OS X 10_15_7; rv:118.0) Gecko/20100101 Firefox/118.0"
45.134.225.241 - - [16/Dec/2025:00:33:50 +0000] "GET /wp-admin/index.php HTTP/1.1" 302 5 "https://datainsightnow.com/wp-login.php" "Mozilla/5.0 (Windows NT 11.0; Win64; x64; rv:120.0) Gecko/20100101 Firefox/120.0"
45.134.225.241 - - [16/Dec/2025:00:33:50 +0000] "GET /wp-login.php?redirect_to=https%3A%2F%2Fdatainsightnow.com%2Fwp-admin%2Findex.php&reauth=1 HTTP/1.1" 200 2520 "https://datainsightnow.com/wp-login.php" "Mozilla/5.0 (Windows NT 11.0; Win64; x64; rv:120.0) Gecko/20100101 Firefox/120.0"
45.134.225.241 - - [16/Dec/2025:00:33:51 +0000] "POST /wp-login.php HTTP/1.1" 200 2619 "https://datainsightnow.com/wp-login.php" "Mozilla/5.0 (Windows NT 11.0; Win64; x64) AppleWebKit/537.36 (KHTML, like Gecko) Chrome/121.0.0.0 Safari/537.36"
45.134.225.241 - - [16/Dec/2025:00:33:51 +0000] "GET /wp-admin/index.php HTTP/1.1" 302 5 "https://datainsightnow.com/wp-login.php" "Mozilla/5.0 (Macintosh; Intel Mac OS X 10_15_7) AppleWebKit/537.36 (KHTML, like Gecko) Chrome/120.0.0.0 Safari/537.36"
45.134.225.241 - - [16/Dec/2025:00:33:51 +0000] "GET /wp-login.php?redirect_to=https%3A%2F%2Fdatainsightnow.com%2Fwp-admin%2Findex.php&reauth=1 HTTP/1.1" 200 2520 "https://datainsightnow.com/wp-login.php" "Mozilla/5.0 (Macintosh; Intel Mac OS X 10_15_7) AppleWebKit/537.36 (KHTML, like Gecko) Chrome/120.0.0.0 Safari/537.36"
45.134.225.241 - - [16/Dec/2025:00:33:51 +0000] "POST /wp-login.php HTTP/1.1" 200 2676 "https://datainsightnow.com/wp-login.php" "Mozilla/5.0 (Macintosh; Intel Mac OS X 13_6_1) AppleWebKit/537.36 (KHTML, like Gecko) Chrome/118.0.0.0 Safari/537.36"
74.7.227.155 - - [16/Dec/2025:00:33:52 +0000] "GET /index.php?format=xml&rest_route=%2Foembed%2F1.0%2Fembed&url=https%3A%2F%2Fdatainsightnow.com%2F%3Fp%3D46263 HTTP/1.1" 200 1280 "-" "Mozilla/5.0 AppleWebKit/537.36 (KHTML, like Gecko; compatible; GPTBot/1.3; +https://openai.com/gptbot)"
45.134.225.241 - - [16/Dec/2025:00:33:52 +0000] "GET /wp-admin/index.php HTTP/1.1" 302 5 "https://datainsightnow.com/wp-login.php" "Mozilla/5.0 (Macintosh; Intel Mac OS X 13_6_1; rv:120.0) Gecko/20100101 Firefox/120.0"
45.134.225.241 - - [16/Dec/2025:00:33:52 +0000] "GET /wp-login.php?redirect_to=https%3A%2F%2Fdatainsightnow.com%2Fwp-admin%2Findex.php&reauth=1 HTTP/1.1" 200 2520 "https://datainsightnow.com/wp-login.php" "Mozilla/5.0 (Macintosh; Intel Mac OS X 13_6_1; rv:120.0) Gecko/20100101 Firefox/120.0"
45.134.225.241 - - [16/Dec/2025:00:33:52 +0000] "POST /wp-login.php HTTP/1.1" 200 2676 "https://datainsightnow.com/wp-login.php" "Mozilla/5.0 (Windows NT 11.0; Win64; x64; rv:121.0) Gecko/20100101 Firefox/121.0"
45.134.225.241 - - [16/Dec/2025:00:33:53 +0000] "GET /wp-admin/index.php HTTP/1.1" 302 5 "https://datainsightnow.com/wp-login.php" "Mozilla/5.0 (Macintosh; Intel Mac OS X 10_15_7) AppleWebKit/605.1.15 (KHTML, like Gecko) Version/16.6 Safari/605.1.15"
57.141.0.10 - - [16/Dec/2025:00:33:53 +0000] "GET /moneysense-self-help-guide-to-the-ideal-profile/?path=//sys/class/pci_bus/0000:0f/subsystem/0000:0f/subsystem/0000:0a/device/subsystem/drivers/ata_piix HTTP/1.1" 200 262264 "-" "meta-externalagent/1.1 (+https://developers.facebook.com/docs/sharing/webmasters/crawler)"
45.134.225.241 - - [16/Dec/2025:00:33:53 +0000] "GET /wp-login.php?redirect_to=https%3A%2F%2Fdatainsightnow.com%2Fwp-admin%2Findex.php&reauth=1 HTTP/1.1" 200 2520 "https://datainsightnow.com/wp-login.php" "Mozilla/5.0 (Macintosh; Intel Mac OS X 10_15_7) AppleWebKit/605.1.15 (KHTML, like Gecko) Version/16.6 Safari/605.1.15"
45.134.225.241 - - [16/Dec/2025:00:33:53 +0000] "POST /wp-login.php HTTP/1.1" 200 2676 "https://datainsightnow.com/wp-login.php" "Mozilla/5.0 (Macintosh; Intel Mac OS X 13_6_1) AppleWebKit/605.1.15 (KHTML, like Gecko) Version/16.6 Safari/605.1.15"
45.134.225.241 - - [16/Dec/2025:00:33:54 +0000] "GET /wp-admin/index.php HTTP/1.1" 302 5 "https://datainsightnow.com/wp-login.php" "Mozilla/5.0 (Macintosh; Intel Mac OS X 10_15_7) AppleWebKit/537.36 (KHTML, like Gecko) Chrome/119.0.0.0 Safari/537.36"
