57.141.0.17 - - [16/Dec/2025:00:43:55 +0000] "GET /2025/03/13/?fileloc=//sys/class/pci_bus/0000:08/subsystem/0000:05/subsystem/0000:09/subsystem/0000:02/device/firmware_node/path&path=//sys/class/pci_bus/0000:08/subsystem/0000:05/subsystem/0000:09/subsystem/0000:02/device/firmware_node HTTP/1.1" 200 262215 "-" "meta-externalagent/1.1 (+https://developers.facebook.com/docs/sharing/webmasters/crawler)"
45.134.225.241 - - [16/Dec/2025:00:43:55 +0000] "GET /wp-admin/profile.php HTTP/1.1" 302 11 "https://datainsightnow.com/wp-login.php" "Mozilla/5.0 (Windows NT 10.0; Win64; x64) AppleWebKit/537.36 (KHTML, like Gecko) Chrome/121.0.0.0 Safari/537.36"
45.134.225.241 - - [16/Dec/2025:00:43:56 +0000] "GET / HTTP/1.1" 200 45511 "https://datainsightnow.com/wp-login.php" "Mozilla/5.0 (Windows NT 10.0; Win64; x64) AppleWebKit/537.36 (KHTML, like Gecko) Chrome/121.0.0.0 Safari/537.36"
45.134.225.241 - - [16/Dec/2025:00:43:57 +0000] "GET /wp-admin/edit.php HTTP/1.1" 302 11 "https://datainsightnow.com/wp-login.php" "Mozilla/5.0 (Windows NT 10.0; Win64; x64) AppleWebKit/537.36 (KHTML, like Gecko) Chrome/121.0.0.0 Safari/537.36"
85.208.96.210 - - [16/Dec/2025:00:43:57 +0000] "GET /?p=31345 HTTP/1.1" 200 42035 "-" "Mozilla/5.0 (compatible; SemrushBot/7~bl; +http://www.semrush.com/bot.html)"
74.7.227.155 - - [16/Dec/2025:00:43:57 +0000] "GET /index.php?rest_route=%2Foembed%2F1.0%2Fembed&url=https%3A%2F%2Fdatainsightnow.com%2F%3Fp%3D27257 HTTP/1.1" 200 1293 "-" "Mozilla/5.0 AppleWebKit/537.36 (KHTML, like Gecko; compatible; GPTBot/1.3; +https://openai.com/gptbot)"
57.141.0.7 - - [16/Dec/2025:00:43:57 +0000] "GET /2025/03/06/page/39/?path=//sys/class/pci_bus/0000:07/subsystem/0000:10/device/driver/0000:00:03.2/driver/0000:00:03.3/0000:00:03.3:pcie001 HTTP/1.1" 200 262209 "-" "meta-externalagent/1.1 (+https://developers.facebook.com/docs/sharing/webmasters/crawler)"
57.141.0.56 - - [16/Dec/2025:00:43:57 +0000] "GET /karamba-spielsaal-erfahrungen-angeschlossen-testbericht-werfen-sie-einen-blick-auf-den-link-within-2025-pro-teutonia/?fileloc=//sys/class/pci_bus/0000:0f/subsystem/0000:0c/subsystem/0000:0b/subsystem/0000:09/subsystem/0000:02/cpulistaffinity&path=//sys/class/pci_bus/0000:0f/subsystem/0000:0c/subsystem/0000:0b/subsystem/0000:09/subsystem/0000:02 HTTP/1.1" 200 262264 "-" "meta-externalagent/1.1 (+https://developers.facebook.com/docs/sharing/webmasters/crawler)"
45.134.225.241 - - [16/Dec/2025:00:43:58 +0000] "GET / HTTP/1.1" 200 45511 "https://datainsightnow.com/wp-login.php" "Mozilla/5.0 (Windows NT 10.0; Win64; x64) AppleWebKit/537.36 (KHTML, like Gecko) Chrome/121.0.0.0 Safari/537.36"
57.141.0.31 - - [16/Dec/2025:00:43:58 +0000] "GET /2025/03/13/?path=//sys/class/pci_bus/0000:08/subsystem/0000:06/device/driver/0000:00:03.0/subsystem/devices/0000:03:01.0 HTTP/1.1" 200 262264 "-" "meta-externalagent/1.1 (+https://developers.facebook.com/docs/sharing/webmasters/crawler)"
45.134.225.241 - - [16/Dec/2025:00:43:58 +0000] "GET /wp-admin/plugins.php HTTP/1.1" 302 11 "https://datainsightnow.com/wp-login.php" "Mozilla/5.0 (Windows NT 10.0; Win64; x64) AppleWebKit/537.36 (KHTML, like Gecko) Chrome/121.0.0.0 Safari/537.36"
45.134.225.241 - - [16/Dec/2025:00:43:59 +0000] "GET / HTTP/1.1" 200 45511 "https://datainsightnow.com/wp-login.php" "Mozilla/5.0 (Windows NT 10.0; Win64; x64) AppleWebKit/537.36 (KHTML, like Gecko) Chrome/121.0.0.0 Safari/537.36"
45.134.225.241 - - [16/Dec/2025:00:43:59 +0000] "POST /wp-login.php HTTP/1.1" 200 2617 "https://datainsightnow.com/wp-login.php" "Mozilla/5.0 (Macintosh; Intel Mac OS X 13_6_1; rv:120.0) Gecko/20100101 Firefox/120.0"
45.134.225.241 - - [16/Dec/2025:00:44:00 +0000] "GET /wp-admin/index.php HTTP/1.1" 302 11 "https://datainsightnow.com/wp-login.php" "Mozilla/5.0 (Windows NT 10.0; Win64; x64; rv:118.0) Gecko/20100101 Firefox/118.0"
45.134.225.241 - - [16/Dec/2025:00:44:00 +0000] "GET / HTTP/1.1" 200 45511 "https://datainsightnow.com/wp-login.php" "Mozilla/5.0 (Windows NT 10.0; Win64; x64; rv:118.0) Gecko/20100101 Firefox/118.0"
74.7.227.155 - - [16/Dec/2025:00:44:00 +0000] "GET /?p=47673 HTTP/1.1" 200 109820 "-" "Mozilla/5.0 AppleWebKit/537.36 (KHTML, like Gecko; compatible; GPTBot/1.3; +https://openai.com/gptbot)"
45.134.225.241 - - [16/Dec/2025:00:44:01 +0000] "GET /wp-admin/profile.php HTTP/1.1" 302 11 "https://datainsightnow.com/wp-login.php" "Mozilla/5.0 (Windows NT 10.0; Win64; x64; rv:118.0) Gecko/20100101 Firefox/118.0"
45.134.225.241 - - [16/Dec/2025:00:44:01 +0000] "GET / HTTP/1.1" 200 45511 "https://datainsightnow.com/wp-login.php" "Mozilla/5.0 (Windows NT 10.0; Win64; x64; rv:118.0) Gecko/20100101 Firefox/118.0"
45.134.225.241 - - [16/Dec/2025:00:44:02 +0000] "GET /wp-admin/edit.php HTTP/1.1" 302 11 "https://datainsightnow.com/wp-login.php" "Mozilla/5.0 (Windows NT 10.0; Win64; x64; rv:118.0) Gecko/20100101 Firefox/118.0"
45.134.225.241 - - [16/Dec/2025:00:44:02 +0000] "GET / HTTP/1.1" 200 45511 "https://datainsightnow.com/wp-login.php" "Mozilla/5.0 (Windows NT 10.0; Win64; x64; rv:118.0) Gecko/20100101 Firefox/118.0"
45.134.225.241 - - [16/Dec/2025:00:44:02 +0000] "GET /wp-admin/plugins.php HTTP/1.1" 302 11 "https://datainsightnow.com/wp-login.php" "Mozilla/5.0 (Windows NT 10.0; Win64; x64; rv:118.0) Gecko/20100101 Firefox/118.0"
57.141.0.77 - - [16/Dec/2025:00:44:03 +0000] "GET /2025/03/07/page/6/?fileloc=//sys/class/pci_bus/0000:02/device/driver/0000:00:03.1/driver/0000:00:03.0/subsystem/devices/0000:00:02.3/aer_dev_fatal&path=//sys/class/pci_bus/0000:02/device/driver/0000:00:03.1/driver/0000:00:03.0/subsystem/devices/0000:00:02.3 HTTP/1.1" 200 262264 "-" "meta-externalagent/1.1 (+https://developers.facebook.com/docs/sharing/webmasters/crawler)"
45.134.225.241 - - [16/Dec/2025:00:44:03 +0000] "GET / HTTP/1.1" 200 45511 "https://datainsightnow.com/wp-login.php" "Mozilla/5.0 (Windows NT 10.0; Win64; x64; rv:118.0) Gecko/20100101 Firefox/118.0"
45.134.225.241 - - [16/Dec/2025:00:44:04 +0000] "GET /wp-admin/index.php HTTP/1.1" 302 11 "https://datainsightnow.com/wp-login.php" "Mozilla/5.0 (Windows NT 10.0; Win64; x64; rv:118.0) Gecko/20100101 Firefox/118.0"
45.134.225.241 - - [16/Dec/2025:00:44:05 +0000] "GET / HTTP/1.1" 200 45511 "https://datainsightnow.com/wp-login.php" "Mozilla/5.0 (Windows NT 10.0; Win64; x64; rv:118.0) Gecko/20100101 Firefox/118.0"
45.134.225.241 - - [16/Dec/2025:00:44:05 +0000] "GET /wp-admin/profile.php HTTP/1.1" 302 11 "https://datainsightnow.com/wp-login.php" "Mozilla/5.0 (Windows NT 10.0; Win64; x64; rv:118.0) Gecko/20100101 Firefox/118.0"
217.113.194.52 - - [16/Dec/2025:00:44:06 +0000] "GET /register/?fileloc=//proc/747/net/rt_cache&path=//proc/747/net HTTP/1.1" 200 45436 "-" "Mozilla/5.0 (compatible; Barkrowler/0.9; +https://babbar.tech/crawler)"
45.134.225.241 - - [16/Dec/2025:00:44:06 +0000] "GET / HTTP/1.1" 200 45511 "https://datainsightnow.com/wp-login.php" "Mozilla/5.0 (Windows NT 10.0; Win64; x64; rv:118.0) Gecko/20100101 Firefox/118.0"
57.141.0.57 - - [16/Dec/2025:00:44:06 +0000] "GET /2025/03/07/page/6/?path=//sys/class/pci_bus/0000:05/subsystem/0000:03/subsystem/0000:05/subsystem/0000:07/subsystem/0000:0c/device/power HTTP/1.1" 200 262209 "-" "meta-externalagent/1.1 (+https://developers.facebook.com/docs/sharing/webmasters/crawler)"
45.134.225.241 - - [16/Dec/2025:00:44:07 +0000] "GET /wp-admin/edit.php HTTP/1.1" 302 11 "https://datainsightnow.com/wp-login.php" "Mozilla/5.0 (Windows NT 10.0; Win64; x64; rv:118.0) Gecko/20100101 Firefox/118.0"
45.134.225.241 - - [16/Dec/2025:00:44:08 +0000] "GET / HTTP/1.1" 200 45511 "https://datainsightnow.com/wp-login.php" "Mozilla/5.0 (Windows NT 10.0; Win64; x64; rv:118.0) Gecko/20100101 Firefox/118.0"
45.134.225.241 - - [16/Dec/2025:00:44:08 +0000] "GET /wp-admin/plugins.php HTTP/1.1" 302 11 "https://datainsightnow.com/wp-login.php" "Mozilla/5.0 (Windows NT 10.0; Win64; x64; rv:118.0) Gecko/20100101 Firefox/118.0"
57.141.0.76 - - [16/Dec/2025:00:44:09 +0000] "GET /2025/03/07/page/6/?fileloc=//sys/class/pci_bus/0000:05/subsystem/0000:11/subsystem/0000:0f/subsystem/0000:0f/device/driver/0000:00:02.3/power/wakeup_max_time_ms&path=//sys/class/pci_bus/0000:05/subsystem/0000:11/subsystem/0000:0f/subsystem/0000:0f/device/driver/0000:00:02.3/power HTTP/1.1" 200 262215 "-" "meta-externalagent/1.1 (+https://developers.facebook.com/docs/sharing/webmasters/crawler)"
57.141.0.23 - - [16/Dec/2025:00:44:09 +0000] "GET /2025/03/07/page/6/?path=//sys/class/pci_bus/0000:11/device/subsystem/devices/0000:00:1f.2/driver/0000:00:1f.2 HTTP/1.1" 200 262209 "-" "meta-externalagent/1.1 (+https://developers.facebook.com/docs/sharing/webmasters/crawler)"
57.141.0.40 - - [16/Dec/2025:00:44:09 +0000] "GET /2025/03/07/page/6/?path=//sys/class/pci_bus/0000:05/subsystem/0000:06/subsystem/0000:13/subsystem/0000:02/device/driver/0000:00:03.7/subsystem/devices HTTP/1.1" 200 262215 "-" "meta-externalagent/1.1 (+https://developers.facebook.com/docs/sharing/webmasters/crawler)"
45.134.225.241 - - [16/Dec/2025:00:44:09 +0000] "GET / HTTP/1.1" 200 45511 "https://datainsightnow.com/wp-login.php" "Mozilla/5.0 (Windows NT 10.0; Win64; x64; rv:118.0) Gecko/20100101 Firefox/118.0"
45.134.225.241 - - [16/Dec/2025:00:44:10 +0000] "POST /wp-login.php HTTP/1.1" 200 2678 "https://datainsightnow.com/wp-login.php" "Mozilla/5.0 (Macintosh; Intel Mac OS X 10_15_7) AppleWebKit/537.36 (KHTML, like Gecko) Chrome/119.0.0.0 Safari/537.36"
45.134.225.241 - - [16/Dec/2025:00:44:10 +0000] "GET /wp-admin/index.php HTTP/1.1" 302 11 "https://datainsightnow.com/wp-login.php" "Mozilla/5.0 (Macintosh; Intel Mac OS X 13_6_1) AppleWebKit/537.36 (KHTML, like Gecko) Chrome/120.0.0.0 Safari/537.36"
45.134.225.241 - - [16/Dec/2025:00:44:10 +0000] "GET / HTTP/1.1" 200 45511 "https://datainsightnow.com/wp-login.php" "Mozilla/5.0 (Macintosh; Intel Mac OS X 13_6_1) AppleWebKit/537.36 (KHTML, like Gecko) Chrome/120.0.0.0 Safari/537.36"
45.134.225.241 - - [16/Dec/2025:00:44:11 +0000] "GET /wp-admin/profile.php HTTP/1.1" 302 11 "https://datainsightnow.com/wp-login.php" "Mozilla/5.0 (Macintosh; Intel Mac OS X 13_6_1) AppleWebKit/537.36 (KHTML, like Gecko) Chrome/120.0.0.0 Safari/537.36"
57.141.0.41 - - [16/Dec/2025:00:44:11 +0000] "GET /2025/03/06/page/39/?path=//sys/class/pci_bus/0000:0c/subsystem/0000:00/subsystem/0000:11/device/driver/0000:00:03.5/driver/0000:00:02.7/pci_bus HTTP/1.1" 200 262248 "-" "meta-externalagent/1.1 (+https://developers.facebook.com/docs/sharing/webmasters/crawler)"
57.141.0.43 - - [16/Dec/2025:00:44:11 +0000] "GET /2025/03/06/page/39/?fileloc=//sys/class/pci_bus/0000:06/subsystem/0000:00/device/0000:00:02.1/driver/0000:00:03.3/driver/0000:00:04.0/subsystem/rescan&path=//sys/class/pci_bus/0000:06/subsystem/0000:00/device/0000:00:02.1/driver/0000:00:03.3/driver/0000:00:04.0/subsystem HTTP/1.1" 200 262264 "-" "meta-externalagent/1.1 (+https://developers.facebook.com/docs/sharing/webmasters/crawler)"
74.7.227.155 - - [16/Dec/2025:00:44:12 +0000] "GET /?p=20289 HTTP/1.1" 200 43731 "-" "Mozilla/5.0 AppleWebKit/537.36 (KHTML, like Gecko; compatible; GPTBot/1.3; +https://openai.com/gptbot)"
45.134.225.241 - - [16/Dec/2025:00:44:12 +0000] "GET / HTTP/1.1" 200 45511 "https://datainsightnow.com/wp-login.php" "Mozilla/5.0 (Macintosh; Intel Mac OS X 13_6_1) AppleWebKit/537.36 (KHTML, like Gecko) Chrome/120.0.0.0 Safari/537.36"
45.134.225.241 - - [16/Dec/2025:00:44:12 +0000] "GET /wp-admin/edit.php HTTP/1.1" 302 11 "https://datainsightnow.com/wp-login.php" "Mozilla/5.0 (Macintosh; Intel Mac OS X 13_6_1) AppleWebKit/537.36 (KHTML, like Gecko) Chrome/120.0.0.0 Safari/537.36"
45.134.225.241 - - [16/Dec/2025:00:44:13 +0000] "GET / HTTP/1.1" 200 45511 "https://datainsightnow.com/wp-login.php" "Mozilla/5.0 (Macintosh; Intel Mac OS X 13_6_1) AppleWebKit/537.36 (KHTML, like Gecko) Chrome/120.0.0.0 Safari/537.36"
45.134.225.241 - - [16/Dec/2025:00:44:13 +0000] "GET /wp-admin/plugins.php HTTP/1.1" 302 11 "https://datainsightnow.com/wp-login.php" "Mozilla/5.0 (Macintosh; Intel Mac OS X 13_6_1) AppleWebKit/537.36 (KHTML, like Gecko) Chrome/120.0.0.0 Safari/537.36"
45.134.225.241 - - [16/Dec/2025:00:44:14 +0000] "GET / HTTP/1.1" 200 45511 "https://datainsightnow.com/wp-login.php" "Mozilla/5.0 (Macintosh; Intel Mac OS X 13_6_1) AppleWebKit/537.36 (KHTML, like Gecko) Chrome/120.0.0.0 Safari/537.36"
45.134.225.241 - - [16/Dec/2025:00:44:14 +0000] "GET /wp-admin/index.php HTTP/1.1" 302 11 "https://datainsightnow.com/wp-login.php" "Mozilla/5.0 (Macintosh; Intel Mac OS X 13_6_1) AppleWebKit/537.36 (KHTML, like Gecko) Chrome/120.0.0.0 Safari/537.36"
74.7.227.155 - - [16/Dec/2025:00:44:14 +0000] "GET /?p=29015 HTTP/1.1" 200 43550 "-" "Mozilla/5.0 AppleWebKit/537.36 (KHTML, like Gecko; compatible; GPTBot/1.3; +https://openai.com/gptbot)"
57.141.0.14 - - [16/Dec/2025:00:44:15 +0000] "GET /2025/03/06/page/39/?fileloc=//sys/class/pci_bus/0000:0b/subsystem/0000:12/subsystem/0000:0e/subsystem/0000:0a/device/driver/0000:00:02.3/class&path=//sys/class/pci_bus/0000:0b/subsystem/0000:12/subsystem/0000:0e/subsystem/0000:0a/device/driver/0000:00:02.3 HTTP/1.1" 200 262279 "-" "meta-externalagent/1.1 (+https://developers.facebook.com/docs/sharing/webmasters/crawler)"
45.134.225.241 - - [16/Dec/2025:00:44:15 +0000] "GET / HTTP/1.1" 200 45511 "https://datainsightnow.com/wp-login.php" "Mozilla/5.0 (Macintosh; Intel Mac OS X 13_6_1) AppleWebKit/537.36 (KHTML, like Gecko) Chrome/120.0.0.0 Safari/537.36"
74.7.227.155 - - [16/Dec/2025:00:44:16 +0000] "GET /index.php?rest_route=%2Foembed%2F1.0%2Fembed&url=https%3A%2F%2Fdatainsightnow.com%2F%3Fp%3D47673 HTTP/1.1" 200 1277 "-" "Mozilla/5.0 AppleWebKit/537.36 (KHTML, like Gecko; compatible; GPTBot/1.3; +https://openai.com/gptbot)"
45.134.225.241 - - [16/Dec/2025:00:44:16 +0000] "GET /wp-admin/profile.php HTTP/1.1" 302 11 "https://datainsightnow.com/wp-login.php" "Mozilla/5.0 (Macintosh; Intel Mac OS X 13_6_1) AppleWebKit/537.36 (KHTML, like Gecko) Chrome/120.0.0.0 Safari/537.36"
45.134.225.241 - - [16/Dec/2025:00:44:17 +0000] "GET / HTTP/1.1" 200 45511 "https://datainsightnow.com/wp-login.php" "Mozilla/5.0 (Macintosh; Intel Mac OS X 13_6_1) AppleWebKit/537.36 (KHTML, like Gecko) Chrome/120.0.0.0 Safari/537.36"
45.134.225.241 - - [16/Dec/2025:00:44:17 +0000] "GET /wp-admin/edit.php HTTP/1.1" 302 11 "https://datainsightnow.com/wp-login.php" "Mozilla/5.0 (Macintosh; Intel Mac OS X 13_6_1) AppleWebKit/537.36 (KHTML, like Gecko) Chrome/120.0.0.0 Safari/537.36"
45.134.225.241 - - [16/Dec/2025:00:44:17 +0000] "GET / HTTP/1.1" 200 45511 "https://datainsightnow.com/wp-login.php" "Mozilla/5.0 (Macintosh; Intel Mac OS X 13_6_1) AppleWebKit/537.36 (KHTML, like Gecko) Chrome/120.0.0.0 Safari/537.36"
45.134.225.241 - - [16/Dec/2025:00:44:18 +0000] "GET /wp-admin/plugins.php HTTP/1.1" 302 11 "https://datainsightnow.com/wp-login.php" "Mozilla/5.0 (Macintosh; Intel Mac OS X 13_6_1) AppleWebKit/537.36 (KHTML, like Gecko) Chrome/120.0.0.0 Safari/537.36"
74.7.227.155 - - [16/Dec/2025:00:44:19 +0000] "GET /index.php?format=xml&rest_route=%2Foembed%2F1.0%2Fembed&url=https%3A%2F%2Fdatainsightnow.com%2F%3Fp%3D47673 HTTP/1.1" 200 1302 "-" "Mozilla/5.0 AppleWebKit/537.36 (KHTML, like Gecko; compatible; GPTBot/1.3; +https://openai.com/gptbot)"
57.141.0.17 - - [16/Dec/2025:00:44:19 +0000] "GET /2025/03/07/page/6/?fileloc=//sys/class/pci_bus/0000:0b/subsystem/0000:0b/subsystem/0000:04/subsystem/0000:01/power/runtime_enabled&path=//sys/class/pci_bus/0000:0b/subsystem/0000:0b/subsystem/0000:04/subsystem/0000:01/power HTTP/1.1" 200 262264 "-" "meta-externalagent/1.1 (+https://developers.facebook.com/docs/sharing/webmasters/crawler)"
45.134.225.241 - - [16/Dec/2025:00:44:19 +0000] "GET / HTTP/1.1" 200 45511 "https://datainsightnow.com/wp-login.php" "Mozilla/5.0 (Macintosh; Intel Mac OS X 13_6_1) AppleWebKit/537.36 (KHTML, like Gecko) Chrome/120.0.0.0 Safari/537.36"
45.134.225.241 - - [16/Dec/2025:00:44:20 +0000] "POST /wp-login.php HTTP/1.1" 200 2683 "https://datainsightnow.com/wp-login.php" "Mozilla/5.0 (Macintosh; Intel Mac OS X 13_6_1; rv:120.0) Gecko/20100101 Firefox/120.0"
57.141.0.69 - - [16/Dec/2025:00:44:20 +0000] "GET /2025/03/07/page/6/?path=//sys/class/pci_bus/0000:0d/subsystem/0000:0f/device/driver/0000:00:02.3/driver/0000:00:02.3/subsystem HTTP/1.1" 200 262209 "-" "meta-externalagent/1.1 (+https://developers.facebook.com/docs/sharing/webmasters/crawler)"
45.134.225.241 - - [16/Dec/2025:00:44:20 +0000] "GET /wp-admin/index.php HTTP/1.1" 302 11 "https://datainsightnow.com/wp-login.php" "Mozilla/5.0 (Macintosh; Intel Mac OS X 13_6_1) AppleWebKit/537.36 (KHTML, like Gecko) Chrome/119.0.0.0 Safari/537.36"
57.141.0.78 - - [16/Dec/2025:00:44:21 +0000] "GET /karamba-spielsaal-erfahrungen-angeschlossen-testbericht-werfen-sie-einen-blick-auf-den-link-within-2025-pro-teutonia/?path=//sys/class/pci_bus/0000:0f/subsystem/0000:0b/subsystem/0000:08/subsystem/0000:0a/device/driver/0000:00:02.6/subsystem/devices/0000:06:00.0 HTTP/1.1" 200 262209 "-" "meta-externalagent/1.1 (+https://developers.facebook.com/docs/sharing/webmasters/crawler)"
45.134.225.241 - - [16/Dec/2025:00:44:22 +0000] "GET / HTTP/1.1" 200 45511 "https://datainsightnow.com/wp-login.php" "Mozilla/5.0 (Macintosh; Intel Mac OS X 13_6_1) AppleWebKit/537.36 (KHTML, like Gecko) Chrome/119.0.0.0 Safari/537.36"
57.141.0.48 - - [16/Dec/2025:00:44:23 +0000] "GET /2025/03/07/page/6/?fileloc=//sys/class/pci_bus/0000:05/subsystem/0000:12/subsystem/0000:06/subsystem/0000:0c/device/driver/0000:00:03.3/broken_parity_status&path=//sys/class/pci_bus/0000:05/subsystem/0000:12/subsystem/0000:06/subsystem/0000:0c/device/driver/0000:00:03.3 HTTP/1.1" 200 262264 "-" "meta-externalagent/1.1 (+https://developers.facebook.com/docs/sharing/webmasters/crawler)"
74.7.227.155 - - [16/Dec/2025:00:44:23 +0000] "GET /index.php?rest_route=/wp/v2/posts/47673 HTTP/1.1" 200 72646 "-" "Mozilla/5.0 AppleWebKit/537.36 (KHTML, like Gecko; compatible; GPTBot/1.3; +https://openai.com/gptbot)"
57.141.0.35 - - [16/Dec/2025:00:44:23 +0000] "GET /karamba-spielsaal-erfahrungen-angeschlossen-testbericht-werfen-sie-einen-blick-auf-den-link-within-2025-pro-teutonia/?path=//sys/class/pci_bus/0000:06/subsystem/0000:03/subsystem/0000:04/subsystem/0000:0e/subsystem/0000:06/device/firmware_node HTTP/1.1" 200 262209 "-" "meta-externalagent/1.1 (+https://developers.facebook.com/docs/sharing/webmasters/crawler)"
66.249.72.228 - - [16/Dec/2025:00:44:23 +0000] "GET /entity/118357567.htm HTTP/1.1" 200 30336 "-" "Mozilla/5.0 (Linux; Android 6.0.1; Nexus 5X Build/MMB29P) AppleWebKit/537.36 (KHTML, like Gecko) Chrome/141.0.7390.122 Mobile Safari/537.36 (compatible; Googlebot/2.1; +http://www.google.com/bot.html)"
217.113.194.53 - - [16/Dec/2025:00:44:23 +0000] "GET /register/?fileloc=//proc/53/net/tls_stat&path=//proc/53/net HTTP/1.1" 200 45436 "-" "Mozilla/5.0 (compatible; Barkrowler/0.9; +https://babbar.tech/crawler)"
45.134.225.241 - - [16/Dec/2025:00:44:23 +0000] "GET /wp-admin/profile.php HTTP/1.1" 302 11 "https://datainsightnow.com/wp-login.php" "Mozilla/5.0 (Macintosh; Intel Mac OS X 13_6_1) AppleWebKit/537.36 (KHTML, like Gecko) Chrome/119.0.0.0 Safari/537.36"
45.134.225.241 - - [16/Dec/2025:00:44:24 +0000] "GET / HTTP/1.1" 200 45511 "https://datainsightnow.com/wp-login.php" "Mozilla/5.0 (Macintosh; Intel Mac OS X 13_6_1) AppleWebKit/537.36 (KHTML, like Gecko) Chrome/119.0.0.0 Safari/537.36"
45.134.225.241 - - [16/Dec/2025:00:44:25 +0000] "GET /wp-admin/edit.php HTTP/1.1" 302 11 "https://datainsightnow.com/wp-login.php" "Mozilla/5.0 (Macintosh; Intel Mac OS X 13_6_1) AppleWebKit/537.36 (KHTML, like Gecko) Chrome/119.0.0.0 Safari/537.36"
74.7.227.155 - - [16/Dec/2025:00:44:25 +0000] "GET /?p=20287 HTTP/1.1" 200 42949 "-" "Mozilla/5.0 AppleWebKit/537.36 (KHTML, like Gecko; compatible; GPTBot/1.3; +https://openai.com/gptbot)"
45.134.225.241 - - [16/Dec/2025:00:44:26 +0000] "GET / HTTP/1.1" 200 45511 "https://datainsightnow.com/wp-login.php" "Mozilla/5.0 (Macintosh; Intel Mac OS X 13_6_1) AppleWebKit/537.36 (KHTML, like Gecko) Chrome/119.0.0.0 Safari/537.36"
45.134.225.241 - - [16/Dec/2025:00:44:26 +0000] "GET /wp-admin/plugins.php HTTP/1.1" 302 11 "https://datainsightnow.com/wp-login.php" "Mozilla/5.0 (Macintosh; Intel Mac OS X 13_6_1) AppleWebKit/537.36 (KHTML, like Gecko) Chrome/119.0.0.0 Safari/537.36"
45.134.225.241 - - [16/Dec/2025:00:44:27 +0000] "GET / HTTP/1.1" 200 45511 "https://datainsightnow.com/wp-login.php" "Mozilla/5.0 (Macintosh; Intel Mac OS X 13_6_1) AppleWebKit/537.36 (KHTML, like Gecko) Chrome/119.0.0.0 Safari/537.36"
45.134.225.241 - - [16/Dec/2025:00:44:27 +0000] "GET /wp-admin/index.php HTTP/1.1" 302 11 "https://datainsightnow.com/wp-login.php" "Mozilla/5.0 (Macintosh; Intel Mac OS X 13_6_1) AppleWebKit/537.36 (KHTML, like Gecko) Chrome/119.0.0.0 Safari/537.36"
66.249.72.226 - - [16/Dec/2025:00:44:28 +0000] "GET /?path=//sys/class/sound/card0/device/subsystem/devices/0000:00:02.2/subsystem/devices/0000:00:03.4/driver/0000:00:04.1/driver/0000:00:03.1/subsystem/devices/0000:00:02.7/driver/0000:00:02.2/0000:00:02.2:pcie002/subsystem/devices/0000:00:03.0:pcie002 HTTP/1.1" 200 45437 "-" "Mozilla/5.0 (Linux; Android 6.0.1; Nexus 5X Build/MMB29P) AppleWebKit/537.36 (KHTML, like Gecko) Chrome/141.0.7390.122 Mobile Safari/537.36 (compatible; Googlebot/2.1; +http://www.google.com/bot.html)"
45.134.225.241 - - [16/Dec/2025:00:44:28 +0000] "GET / HTTP/1.1" 200 45511 "https://datainsightnow.com/wp-login.php" "Mozilla/5.0 (Macintosh; Intel Mac OS X 13_6_1) AppleWebKit/537.36 (KHTML, like Gecko) Chrome/119.0.0.0 Safari/537.36"
45.134.225.241 - - [16/Dec/2025:00:44:28 +0000] "GET /wp-admin/profile.php HTTP/1.1" 302 11 "https://datainsightnow.com/wp-login.php" "Mozilla/5.0 (Macintosh; Intel Mac OS X 13_6_1) AppleWebKit/537.36 (KHTML, like Gecko) Chrome/119.0.0.0 Safari/537.36"
66.249.72.227 - - [16/Dec/2025:00:44:29 +0000] "GET /?path=//sys/class/sound/card0/device/subsystem/devices/0000:00:02.2/subsystem/devices/0000:00:03.4/driver/0000:00:02.7/firmware_node/physical_node/firmware_node/physical_node/driver/0000:00:02.7/firmware_node/subsystem/devices/device:34/subsystem/devices/device:27/physical_node/firmware_node/wakeup HTTP/1.1" 200 45437 "-" "Mozilla/5.0 (Linux; Android 6.0.1; Nexus 5X Build/MMB29P) AppleWebKit/537.36 (KHTML, like Gecko) Chrome/141.0.7390.122 Mobile Safari/537.36 (compatible; Googlebot/2.1; +http://www.google.com/bot.html)"
74.7.227.155 - - [16/Dec/2025:00:44:29 +0000] "GET /?p=20301 HTTP/1.1" 200 42570 "-" "Mozilla/5.0 AppleWebKit/537.36 (KHTML, like Gecko; compatible; GPTBot/1.3; +https://openai.com/gptbot)"
45.134.225.241 - - [16/Dec/2025:00:44:30 +0000] "GET / HTTP/1.1" 200 45511 "https://datainsightnow.com/wp-login.php" "Mozilla/5.0 (Macintosh; Intel Mac OS X 13_6_1) AppleWebKit/537.36 (KHTML, like Gecko) Chrome/119.0.0.0 Safari/537.36"
66.249.72.226 - - [16/Dec/2025:00:44:30 +0000] "GET /?fileloc=//sys/class/sound/card0/device/subsystem/devices/0000:00:02.2/driver/0000:00:03.4/driver/0000:00:02.6/driver/0000:00:03.0/subsystem/devices/0000:00:02.7/driver/0000:00:02.3/driver/0000:00:02.6/driver/0000:00:03.6/aer_rootport_total_err_fatal&path=//sys/class/sound/card0/device/subsystem/devices/0000:00:02.2/driver/0000:00:03.4/driver/0000:00:02.6/driver/0000:00:03.0/subsystem/devices/0000:00:02.7/driver/0000:00:02.3/driver/0000:00:02.6/driver/0000:00:03.6 HTTP/1.1" 200 45437 "-" "Mozilla/5.0 (Linux; Android 6.0.1; Nexus 5X Build/MMB29P) AppleWebKit/537.36 (KHTML, like Gecko) Chrome/141.0.7390.122 Mobile Safari/537.36 (compatible; Googlebot/2.1; +http://www.google.com/bot.html)"
45.134.225.241 - - [16/Dec/2025:00:44:30 +0000] "GET /wp-admin/edit.php HTTP/1.1" 302 11 "https://datainsightnow.com/wp-login.php" "Mozilla/5.0 (Macintosh; Intel Mac OS X 13_6_1) AppleWebKit/537.36 (KHTML, like Gecko) Chrome/119.0.0.0 Safari/537.36"
66.249.72.226 - - [16/Dec/2025:00:44:30 +0000] "GET /?fileloc=//sys/class/sound/card0/device/subsystem/devices/0000:00:02.2/driver/0000:00:03.4/driver/0000:00:02.6/driver/0000:00:03.0/subsystem/devices/0000:00:03.4/subsystem/drivers/virtio-pci/0000:05:00.0/subsystem/rescan&path=//sys/class/sound/card0/device/subsystem/devices/0000:00:02.2/driver/0000:00:03.4/driver/0000:00:02.6/driver/0000:00:03.0/subsystem/devices/0000:00:03.4/subsystem/drivers/virtio-pci/0000:05:00.0/subsystem HTTP/1.1" 200 45437 "-" "Mozilla/5.0 (Linux; Android 6.0.1; Nexus 5X Build/MMB29P) AppleWebKit/537.36 (KHTML, like Gecko) Chrome/141.0.7390.122 Mobile Safari/537.36 (compatible; Googlebot/2.1; +http://www.google.com/bot.html)"
45.134.225.241 - - [16/Dec/2025:00:44:31 +0000] "GET / HTTP/1.1" 200 45511 "https://datainsightnow.com/wp-login.php" "Mozilla/5.0 (Macintosh; Intel Mac OS X 13_6_1) AppleWebKit/537.36 (KHTML, like Gecko) Chrome/119.0.0.0 Safari/537.36"
66.249.72.227 - - [16/Dec/2025:00:44:31 +0000] "GET /?fileloc=//sys/class/sound/card0/device/subsystem/devices/0000:00:02.2/subsystem/devices/0000:00:03.4/driver/0000:00:02.1/driver/0000:00:02.5/driver/0000:00:03.2/driver/0000:00:02.1/driver/0000:00:02.2/0000:04:00.0/usb1/manufacturer&path=//sys/class/sound/card0/device/subsystem/devices/0000:00:02.2/subsystem/devices/0000:00:03.4/driver/0000:00:02.1/driver/0000:00:02.5/driver/0000:00:03.2/driver/0000:00:02.1/driver/0000:00:02.2/0000:04:00.0/usb1 HTTP/1.1" 200 45437 "-" "Mozilla/5.0 (Linux; Android 6.0.1; Nexus 5X Build/MMB29P) AppleWebKit/537.36 (KHTML, like Gecko) Chrome/141.0.7390.122 Mobile Safari/537.36 (compatible; Googlebot/2.1; +http://www.google.com/bot.html)"
45.134.225.241 - - [16/Dec/2025:00:44:31 +0000] "GET /wp-admin/plugins.php HTTP/1.1" 302 11 "https://datainsightnow.com/wp-login.php" "Mozilla/5.0 (Macintosh; Intel Mac OS X 13_6_1) AppleWebKit/537.36 (KHTML, like Gecko) Chrome/119.0.0.0 Safari/537.36"
45.134.225.241 - - [16/Dec/2025:00:44:32 +0000] "GET / HTTP/1.1" 200 45511 "https://datainsightnow.com/wp-login.php" "Mozilla/5.0 (Macintosh; Intel Mac OS X 13_6_1) AppleWebKit/537.36 (KHTML, like Gecko) Chrome/119.0.0.0 Safari/537.36"
45.134.225.241 - - [16/Dec/2025:00:44:33 +0000] "POST /wp-login.php HTTP/1.1" 200 2672 "https://datainsightnow.com/wp-login.php" "Mozilla/5.0 (Windows NT 10.0; Win64; x64) AppleWebKit/537.36 (KHTML, like Gecko) Chrome/120.0.0.0 Safari/537.36"
57.141.0.60 - - [16/Dec/2025:00:44:33 +0000] "GET /2025/03/07/page/6/?path=//sys/class/pci_bus/0000:0c/subsystem/0000:06/device/0000:06:00.0/subsystem/devices/0000:05:00.0/driver HTTP/1.1" 200 262248 "-" "meta-externalagent/1.1 (+https://developers.facebook.com/docs/sharing/webmasters/crawler)"
45.134.225.241 - - [16/Dec/2025:00:44:33 +0000] "GET /wp-admin/index.php HTTP/1.1" 302 11 "https://datainsightnow.com/wp-login.php" "Mozilla/5.0 (X11; Linux x86_64) AppleWebKit/537.36 (KHTML, like Gecko) Chrome/120.0.0.0 Safari/537.36"
45.134.225.241 - - [16/Dec/2025:00:44:34 +0000] "GET / HTTP/1.1" 200 45511 "https://datainsightnow.com/wp-login.php" "Mozilla/5.0 (X11; Linux x86_64) AppleWebKit/537.36 (KHTML, like Gecko) Chrome/120.0.0.0 Safari/537.36"
45.134.225.241 - - [16/Dec/2025:00:44:35 +0000] "GET /wp-admin/profile.php HTTP/1.1" 302 11 "https://datainsightnow.com/wp-login.php" "Mozilla/5.0 (X11; Linux x86_64) AppleWebKit/537.36 (KHTML, like Gecko) Chrome/120.0.0.0 Safari/537.36"
57.141.0.29 - - [16/Dec/2025:00:44:36 +0000] "GET /2025/03/07/page/6/?path=//sys/class/pci_bus/0000:09/device/0000:00:02.7:pcie010/subsystem/devices/0000:00:03.0:pcie010/subsystem/devices/0000:00:02.4:pcie002 HTTP/1.1" 200 262264 "-" "meta-externalagent/1.1 (+https://developers.facebook.com/docs/sharing/webmasters/crawler)"
45.134.225.241 - - [16/Dec/2025:00:44:36 +0000] "GET / HTTP/1.1" 200 45511 "https://datainsightnow.com/wp-login.php" "Mozilla/5.0 (X11; Linux x86_64) AppleWebKit/537.36 (KHTML, like Gecko) Chrome/120.0.0.0 Safari/537.36"
45.134.225.241 - - [16/Dec/2025:00:44:37 +0000] "GET /wp-admin/edit.php HTTP/1.1" 302 11 "https://datainsightnow.com/wp-login.php" "Mozilla/5.0 (X11; Linux x86_64) AppleWebKit/537.36 (KHTML, like Gecko) Chrome/120.0.0.0 Safari/537.36"
57.141.0.8 - - [16/Dec/2025:00:44:37 +0000] "GET /2025/03/07/page/6/?fileloc=//sys/class/pci_bus/0000:11/subsystem/0000:09/device/driver/0000:00:02.7/driver/0000:00:03.0/rescan&path=//sys/class/pci_bus/0000:11/subsystem/0000:09/device/driver/0000:00:02.7/driver/0000:00:03.0 HTTP/1.1" 200 262264 "-" "meta-externalagent/1.1 (+https://developers.facebook.com/docs/sharing/webmasters/crawler)"
45.134.225.241 - - [16/Dec/2025:00:44:37 +0000] "GET / HTTP/1.1" 200 45511 "https://datainsightnow.com/wp-login.php" "Mozilla/5.0 (X11; Linux x86_64) AppleWebKit/537.36 (KHTML, like Gecko) Chrome/120.0.0.0 Safari/537.36"
45.134.225.241 - - [16/Dec/2025:00:44:38 +0000] "GET /wp-admin/plugins.php HTTP/1.1" 302 11 "https://datainsightnow.com/wp-login.php" "Mozilla/5.0 (X11; Linux x86_64) AppleWebKit/537.36 (KHTML, like Gecko) Chrome/120.0.0.0 Safari/537.36"
45.134.225.241 - - [16/Dec/2025:00:44:39 +0000] "GET / HTTP/1.1" 200 45511 "https://datainsightnow.com/wp-login.php" "Mozilla/5.0 (X11; Linux x86_64) AppleWebKit/537.36 (KHTML, like Gecko) Chrome/120.0.0.0 Safari/537.36"
217.113.194.61 - - [16/Dec/2025:00:44:39 +0000] "GET /register/?fileloc=//proc/53/net/icmp6&path=//proc/53/net HTTP/1.1" 200 45436 "-" "Mozilla/5.0 (compatible; Barkrowler/0.9; +https://babbar.tech/crawler)"
45.134.225.241 - - [16/Dec/2025:00:44:40 +0000] "GET /wp-admin/index.php HTTP/1.1" 302 11 "https://datainsightnow.com/wp-login.php" "Mozilla/5.0 (X11; Linux x86_64) AppleWebKit/537.36 (KHTML, like Gecko) Chrome/120.0.0.0 Safari/537.36"
57.141.0.69 - - [16/Dec/2025:00:44:40 +0000] "GET /2025/03/06/page/39/?fileloc=//sys/class/pci_bus/0000:05/device/pci_bus/0000:05/subsystem/0000:0a/device/driver/0000:00:02.5/current_link_speed&path=//sys/class/pci_bus/0000:05/device/pci_bus/0000:05/subsystem/0000:0a/device/driver/0000:00:02.5 HTTP/1.1" 200 262264 "-" "meta-externalagent/1.1 (+https://developers.facebook.com/docs/sharing/webmasters/crawler)"
45.134.225.241 - - [16/Dec/2025:00:44:40 +0000] "GET / HTTP/1.1" 200 45511 "https://datainsightnow.com/wp-login.php" "Mozilla/5.0 (X11; Linux x86_64) AppleWebKit/537.36 (KHTML, like Gecko) Chrome/120.0.0.0 Safari/537.36"
45.134.225.241 - - [16/Dec/2025:00:44:41 +0000] "GET /wp-admin/profile.php HTTP/1.1" 302 11 "https://datainsightnow.com/wp-login.php" "Mozilla/5.0 (X11; Linux x86_64) AppleWebKit/537.36 (KHTML, like Gecko) Chrome/120.0.0.0 Safari/537.36"
45.134.225.241 - - [16/Dec/2025:00:44:42 +0000] "GET / HTTP/1.1" 200 45511 "https://datainsightnow.com/wp-login.php" "Mozilla/5.0 (X11; Linux x86_64) AppleWebKit/537.36 (KHTML, like Gecko) Chrome/120.0.0.0 Safari/537.36"
45.134.225.241 - - [16/Dec/2025:00:44:42 +0000] "GET /wp-admin/edit.php HTTP/1.1" 302 11 "https://datainsightnow.com/wp-login.php" "Mozilla/5.0 (X11; Linux x86_64) AppleWebKit/537.36 (KHTML, like Gecko) Chrome/120.0.0.0 Safari/537.36"
45.134.225.241 - - [16/Dec/2025:00:44:43 +0000] "GET / HTTP/1.1" 200 45511 "https://datainsightnow.com/wp-login.php" "Mozilla/5.0 (X11; Linux x86_64) AppleWebKit/537.36 (KHTML, like Gecko) Chrome/120.0.0.0 Safari/537.36"
45.134.225.241 - - [16/Dec/2025:00:44:43 +0000] "GET /wp-admin/plugins.php HTTP/1.1" 302 11 "https://datainsightnow.com/wp-login.php" "Mozilla/5.0 (X11; Linux x86_64) AppleWebKit/537.36 (KHTML, like Gecko) Chrome/120.0.0.0 Safari/537.36"
45.134.225.241 - - [16/Dec/2025:00:44:44 +0000] "GET / HTTP/1.1" 200 45511 "https://datainsightnow.com/wp-login.php" "Mozilla/5.0 (X11; Linux x86_64) AppleWebKit/537.36 (KHTML, like Gecko) Chrome/120.0.0.0 Safari/537.36"
74.7.227.155 - - [16/Dec/2025:00:44:44 +0000] "GET /?p=27109 HTTP/1.1" 200 42372 "-" "Mozilla/5.0 AppleWebKit/537.36 (KHTML, like Gecko; compatible; GPTBot/1.3; +https://openai.com/gptbot)"
114.119.133.46 - - [16/Dec/2025:00:44:44 +0000] "GET /zodiac-kasino-erfahrungen-2024-480-bonus-80-freispiele?path=//sys/dev/char/5:1/subsystem/ttyS29/subsystem/ttyS24/subsystem/tty24 HTTP/1.1" 301 5 "-" "Mozilla/5.0 (Linux; Android 7.0;) AppleWebKit/537.36 (KHTML, like Gecko) Mobile Safari/537.36 (compatible; PetalBot;+https://webmaster.petalsearch.com/site/petalbot)"
45.134.225.241 - - [16/Dec/2025:00:44:44 +0000] "POST /wp-login.php HTTP/1.1" 200 2617 "https://datainsightnow.com/wp-login.php" "Mozilla/5.0 (Windows NT 11.0; Win64; x64) AppleWebKit/537.36 (KHTML, like Gecko) Chrome/119.0.0.0 Safari/537.36"
45.134.225.241 - - [16/Dec/2025:00:44:44 +0000] "GET /wp-admin/index.php HTTP/1.1" 302 11 "https://datainsightnow.com/wp-login.php" "Mozilla/5.0 (Windows NT 11.0; Win64; x64; rv:119.0) Gecko/20100101 Firefox/119.0"
45.134.225.241 - - [16/Dec/2025:00:44:45 +0000] "GET / HTTP/1.1" 200 45511 "https://datainsightnow.com/wp-login.php" "Mozilla/5.0 (Windows NT 11.0; Win64; x64; rv:119.0) Gecko/20100101 Firefox/119.0"
114.119.133.46 - - [16/Dec/2025:00:44:46 +0000] "GET /zodiac-kasino-erfahrungen-2024-480-bonus-80-freispiele/?path=//sys/dev/char/5:1/subsystem/ttyS29/subsystem/ttyS24/subsystem/tty24 HTTP/1.1" 200 45437 "-" "Mozilla/5.0 (Linux; Android 7.0;) AppleWebKit/537.36 (KHTML, like Gecko) Mobile Safari/537.36 (compatible; PetalBot;+https://webmaster.petalsearch.com/site/petalbot)"
45.134.225.241 - - [16/Dec/2025:00:44:46 +0000] "GET /wp-admin/profile.php HTTP/1.1" 302 11 "https://datainsightnow.com/wp-login.php" "Mozilla/5.0 (Windows NT 11.0; Win64; x64; rv:119.0) Gecko/20100101 Firefox/119.0"
45.134.225.241 - - [16/Dec/2025:00:44:46 +0000] "GET / HTTP/1.1" 200 45511 "https://datainsightnow.com/wp-login.php" "Mozilla/5.0 (Windows NT 11.0; Win64; x64; rv:119.0) Gecko/20100101 Firefox/119.0"
45.134.225.241 - - [16/Dec/2025:00:44:47 +0000] "GET /wp-admin/edit.php HTTP/1.1" 302 11 "https://datainsightnow.com/wp-login.php" "Mozilla/5.0 (Windows NT 11.0; Win64; x64; rv:119.0) Gecko/20100101 Firefox/119.0"
74.7.227.155 - - [16/Dec/2025:00:44:47 +0000] "GET /?p=19218 HTTP/1.1" 200 41260 "-" "Mozilla/5.0 AppleWebKit/537.36 (KHTML, like Gecko; compatible; GPTBot/1.3; +https://openai.com/gptbot)"
45.134.225.241 - - [16/Dec/2025:00:44:48 +0000] "GET / HTTP/1.1" 200 45511 "https://datainsightnow.com/wp-login.php" "Mozilla/5.0 (Windows NT 11.0; Win64; x64; rv:119.0) Gecko/20100101 Firefox/119.0"
74.7.227.155 - - [16/Dec/2025:00:44:48 +0000] "GET /?p=24785 HTTP/1.1" 200 42812 "-" "Mozilla/5.0 AppleWebKit/537.36 (KHTML, like Gecko; compatible; GPTBot/1.3; +https://openai.com/gptbot)"
45.134.225.241 - - [16/Dec/2025:00:44:48 +0000] "GET /wp-admin/plugins.php HTTP/1.1" 302 11 "https://datainsightnow.com/wp-login.php" "Mozilla/5.0 (Windows NT 11.0; Win64; x64; rv:119.0) Gecko/20100101 Firefox/119.0"
45.134.225.241 - - [16/Dec/2025:00:44:49 +0000] "GET / HTTP/1.1" 200 45511 "https://datainsightnow.com/wp-login.php" "Mozilla/5.0 (Windows NT 11.0; Win64; x64; rv:119.0) Gecko/20100101 Firefox/119.0"
57.141.0.50 - - [16/Dec/2025:00:44:49 +0000] "GET /2025/03/01/page/7/?fileloc=//sys/class/pci_bus/0000:05/device/driver/0000:00:02.1/broken_parity_status&path=//sys/class/pci_bus/0000:05/device/driver/0000:00:02.1 HTTP/1.1" 200 262248 "-" "meta-externalagent/1.1 (+https://developers.facebook.com/docs/sharing/webmasters/crawler)"
45.134.225.241 - - [16/Dec/2025:00:44:50 +0000] "GET /wp-admin/index.php HTTP/1.1" 302 11 "https://datainsightnow.com/wp-login.php" "Mozilla/5.0 (Windows NT 11.0; Win64; x64; rv:119.0) Gecko/20100101 Firefox/119.0"
66.135.21.75 - - [16/Dec/2025:00:44:50 +0000] "POST /wp-cron.php?doing_wp_cron=1765845890.6270859241485595703125 HTTP/1.1" 200 31 "-" "WordPress/6.3.1; https://datainsightnow.com"
45.134.225.241 - - [16/Dec/2025:00:44:51 +0000] "GET / HTTP/1.1" 200 45511 "https://datainsightnow.com/wp-login.php" "Mozilla/5.0 (Windows NT 11.0; Win64; x64; rv:119.0) Gecko/20100101 Firefox/119.0"
74.7.227.155 - - [16/Dec/2025:00:44:51 +0000] "GET /index.php?rest_route=/wp/v2/posts/27109 HTTP/1.1" 200 5014 "-" "Mozilla/5.0 AppleWebKit/537.36 (KHTML, like Gecko; compatible; GPTBot/1.3; +https://openai.com/gptbot)"
45.134.225.241 - - [16/Dec/2025:00:44:51 +0000] "GET /wp-admin/profile.php HTTP/1.1" 302 11 "https://datainsightnow.com/wp-login.php" "Mozilla/5.0 (Windows NT 11.0; Win64; x64; rv:119.0) Gecko/20100101 Firefox/119.0"
45.134.225.241 - - [16/Dec/2025:00:44:52 +0000] "GET / HTTP/1.1" 200 45511 "https://datainsightnow.com/wp-login.php" "Mozilla/5.0 (Windows NT 11.0; Win64; x64; rv:119.0) Gecko/20100101 Firefox/119.0"
45.134.225.241 - - [16/Dec/2025:00:44:52 +0000] "GET /wp-admin/edit.php HTTP/1.1" 302 11 "https://datainsightnow.com/wp-login.php" "Mozilla/5.0 (Windows NT 11.0; Win64; x64; rv:119.0) Gecko/20100101 Firefox/119.0"
45.134.225.241 - - [16/Dec/2025:00:44:53 +0000] "GET / HTTP/1.1" 200 45511 "https://datainsightnow.com/wp-login.php" "Mozilla/5.0 (Windows NT 11.0; Win64; x64; rv:119.0) Gecko/20100101 Firefox/119.0"
45.134.225.241 - - [16/Dec/2025:00:44:53 +0000] "GET /wp-admin/plugins.php HTTP/1.1" 302 11 "https://datainsightnow.com/wp-login.php" "Mozilla/5.0 (Windows NT 11.0; Win64; x64; rv:119.0) Gecko/20100101 Firefox/119.0"
57.141.0.58 - - [16/Dec/2025:00:44:54 +0000] "GET /karamba-spielsaal-erfahrungen-angeschlossen-testbericht-werfen-sie-einen-blick-auf-den-link-within-2025-pro-teutonia/?path=//sys/class/pci_bus/0000:06/subsystem/0000:05/subsystem/0000:11/subsystem/0000:00/device/firmware_node/device:3a/subsystem HTTP/1.1" 200 262209 "-" "meta-externalagent/1.1 (+https://developers.facebook.com/docs/sharing/webmasters/crawler)"
74.7.227.155 - - [16/Dec/2025:00:44:54 +0000] "GET /index.php?rest_route=%2Foembed%2F1.0%2Fembed&url=https%3A%2F%2Fdatainsightnow.com%2F%3Fp%3D27109 HTTP/1.1" 200 1238 "-" "Mozilla/5.0 AppleWebKit/537.36 (KHTML, like Gecko; compatible; GPTBot/1.3; +https://openai.com/gptbot)"
45.134.225.241 - - [16/Dec/2025:00:44:55 +0000] "GET / HTTP/1.1" 200 45511 "https://datainsightnow.com/wp-login.php" "Mozilla/5.0 (Windows NT 11.0; Win64; x64; rv:119.0) Gecko/20100101 Firefox/119.0"
57.141.0.13 - - [16/Dec/2025:00:44:55 +0000] "GET /2025/03/07/page/6/?fileloc=//sys/class/pci_bus/0000:05/subsystem/0000:0b/subsystem/0000:00/device/0000:00:02.0/subsystem/devices/0000:03:01.0/power/control&path=//sys/class/pci_bus/0000:05/subsystem/0000:0b/subsystem/0000:00/device/0000:00:02.0/subsystem/devices/0000:03:01.0/power HTTP/1.1" 200 262209 "-" "meta-externalagent/1.1 (+https://developers.facebook.com/docs/sharing/webmasters/crawler)"
45.134.225.241 - - [16/Dec/2025:00:44:55 +0000] "POST /wp-login.php HTTP/1.1" 200 2677 "https://datainsightnow.com/wp-login.php" "Mozilla/5.0 (Macintosh; Intel Mac OS X 10_15_7) AppleWebKit/605.1.15 (KHTML, like Gecko) Version/17.0 Safari/605.1.15"
217.113.194.53 - - [16/Dec/2025:00:44:55 +0000] "GET /register/?fileloc=//proc/46/net/snmp&path=//proc/46/net HTTP/1.1" 200 45436 "-" "Mozilla/5.0 (compatible; Barkrowler/0.9; +https://babbar.tech/crawler)"
45.134.225.241 - - [16/Dec/2025:00:44:55 +0000] "GET /wp-admin/index.php HTTP/1.1" 302 11 "https://datainsightnow.com/wp-login.php" "Mozilla/5.0 (Windows NT 10.0; Win64; x64; rv:118.0) Gecko/20100101 Firefox/118.0"
57.141.0.51 - - [16/Dec/2025:00:44:56 +0000] "GET /2025/03/13/?fileloc=//sys/class/pci_bus/0000:03/subsystem/0000:00/subsystem/0000:12/power/runtime_usage&path=//sys/class/pci_bus/0000:03/subsystem/0000:00/subsystem/0000:12/power HTTP/1.1" 200 262248 "-" "meta-externalagent/1.1 (+https://developers.facebook.com/docs/sharing/webmasters/crawler)"
45.134.225.241 - - [16/Dec/2025:00:44:56 +0000] "GET / HTTP/1.1" 200 45511 "https://datainsightnow.com/wp-login.php" "Mozilla/5.0 (Windows NT 10.0; Win64; x64; rv:118.0) Gecko/20100101 Firefox/118.0"
45.134.225.241 - - [16/Dec/2025:00:44:57 +0000] "GET /wp-admin/profile.php HTTP/1.1" 302 11 "https://datainsightnow.com/wp-login.php" "Mozilla/5.0 (Windows NT 10.0; Win64; x64; rv:118.0) Gecko/20100101 Firefox/118.0"
74.7.227.155 - - [16/Dec/2025:00:44:57 +0000] "GET /index.php?format=xml&rest_route=%2Foembed%2F1.0%2Fembed&url=https%3A%2F%2Fdatainsightnow.com%2F%3Fp%3D27109 HTTP/1.1" 200 1265 "-" "Mozilla/5.0 AppleWebKit/537.36 (KHTML, like Gecko; compatible; GPTBot/1.3; +https://openai.com/gptbot)"
45.134.225.241 - - [16/Dec/2025:00:44:58 +0000] "GET / HTTP/1.1" 200 45511 "https://datainsightnow.com/wp-login.php" "Mozilla/5.0 (Windows NT 10.0; Win64; x64; rv:118.0) Gecko/20100101 Firefox/118.0"
45.134.225.241 - - [16/Dec/2025:00:44:58 +0000] "GET /wp-admin/edit.php HTTP/1.1" 302 11 "https://datainsightnow.com/wp-login.php" "Mozilla/5.0 (Windows NT 10.0; Win64; x64; rv:118.0) Gecko/20100101 Firefox/118.0"
57.141.0.59 - - [16/Dec/2025:00:44:58 +0000] "GET /2025/03/07/page/6/?path=//sys/class/pci_bus/0000:05/subsystem/0000:00/device/0000:00:04.1/driver/0000:00:02.3/subsystem/devices/0000:00:04.1/pci_bus HTTP/1.1" 200 262264 "-" "meta-externalagent/1.1 (+https://developers.facebook.com/docs/sharing/webmasters/crawler)"
45.134.225.241 - - [16/Dec/2025:00:44:59 +0000] "GET / HTTP/1.1" 200 45511 "https://datainsightnow.com/wp-login.php" "Mozilla/5.0 (Windows NT 10.0; Win64; x64; rv:118.0) Gecko/20100101 Firefox/118.0"
45.134.225.241 - - [16/Dec/2025:00:44:59 +0000] "GET /wp-admin/plugins.php HTTP/1.1" 302 11 "https://datainsightnow.com/wp-login.php" "Mozilla/5.0 (Windows NT 10.0; Win64; x64; rv:118.0) Gecko/20100101 Firefox/118.0"
66.249.72.226 - - [16/Dec/2025:00:44:59 +0000] "GET /entity/601307354.htm HTTP/1.1" 200 29608 "-" "Mozilla/5.0 (Linux; Android 6.0.1; Nexus 5X Build/MMB29P) AppleWebKit/537.36 (KHTML, like Gecko) Chrome/141.0.7390.122 Mobile Safari/537.36 (compatible; Googlebot/2.1; +http://www.google.com/bot.html)"
45.134.225.241 - - [16/Dec/2025:00:45:00 +0000] "GET / HTTP/1.1" 200 45511 "https://datainsightnow.com/wp-login.php" "Mozilla/5.0 (Windows NT 10.0; Win64; x64; rv:118.0) Gecko/20100101 Firefox/118.0"
45.134.225.241 - - [16/Dec/2025:00:45:00 +0000] "GET /wp-admin/index.php HTTP/1.1" 302 11 "https://datainsightnow.com/wp-login.php" "Mozilla/5.0 (Windows NT 10.0; Win64; x64; rv:118.0) Gecko/20100101 Firefox/118.0"
74.7.227.155 - - [16/Dec/2025:00:45:01 +0000] "GET /?p=30215 HTTP/1.1" 200 43584 "-" "Mozilla/5.0 AppleWebKit/537.36 (KHTML, like Gecko; compatible; GPTBot/1.3; +https://openai.com/gptbot)"
57.141.0.12 - - [16/Dec/2025:00:45:01 +0000] "GET /nacin-kako-uporabljate-globe-wagering-najboljsa-knjiga/?fileloc=//sys/class/pci_bus/0000:02/device/0000:00:02.1:pcie002/driver/0000:00:02.3:pcie002/subsystem/drivers_probe&path=//sys/class/pci_bus/0000:02/device/0000:00:02.1:pcie002/driver/0000:00:02.3:pcie002/subsystem HTTP/1.1" 200 262209 "-" "meta-externalagent/1.1 (+https://developers.facebook.com/docs/sharing/webmasters/crawler)"
45.134.225.241 - - [16/Dec/2025:00:45:02 +0000] "GET / HTTP/1.1" 200 45511 "https://datainsightnow.com/wp-login.php" "Mozilla/5.0 (Windows NT 10.0; Win64; x64; rv:118.0) Gecko/20100101 Firefox/118.0"
66.249.72.226 - - [16/Dec/2025:00:45:02 +0000] "GET /entity/741658679.htm HTTP/1.1" 200 29745 "-" "Mozilla/5.0 (Linux; Android 6.0.1; Nexus 5X Build/MMB29P) AppleWebKit/537.36 (KHTML, like Gecko) Chrome/141.0.7390.122 Mobile Safari/537.36 (compatible; Googlebot/2.1; +http://www.google.com/bot.html)"
45.134.225.241 - - [16/Dec/2025:00:45:02 +0000] "GET /wp-admin/profile.php HTTP/1.1" 302 11 "https://datainsightnow.com/wp-login.php" "Mozilla/5.0 (Windows NT 10.0; Win64; x64; rv:118.0) Gecko/20100101 Firefox/118.0"
45.134.225.241 - - [16/Dec/2025:00:45:03 +0000] "GET / HTTP/1.1" 200 45511 "https://datainsightnow.com/wp-login.php" "Mozilla/5.0 (Windows NT 10.0; Win64; x64; rv:118.0) Gecko/20100101 Firefox/118.0"
45.134.225.241 - - [16/Dec/2025:00:45:03 +0000] "GET /wp-admin/edit.php HTTP/1.1" 302 11 "https://datainsightnow.com/wp-login.php" "Mozilla/5.0 (Windows NT 10.0; Win64; x64; rv:118.0) Gecko/20100101 Firefox/118.0"
74.7.227.155 - - [16/Dec/2025:00:45:04 +0000] "GET /index.php?rest_route=/wp/v2/posts/30215 HTTP/1.1" 200 6084 "-" "Mozilla/5.0 AppleWebKit/537.36 (KHTML, like Gecko; compatible; GPTBot/1.3; +https://openai.com/gptbot)"
45.134.225.241 - - [16/Dec/2025:00:45:04 +0000] "GET / HTTP/1.1" 200 45511 "https://datainsightnow.com/wp-login.php" "Mozilla/5.0 (Windows NT 10.0; Win64; x64; rv:118.0) Gecko/20100101 Firefox/118.0"
57.141.0.43 - - [16/Dec/2025:00:45:05 +0000] "GET /karamba-spielsaal-erfahrungen-angeschlossen-testbericht-werfen-sie-einen-blick-auf-den-link-within-2025-pro-teutonia/?fileloc=//sys/class/pci_bus/0000:07/subsystem/0000:06/device/driver/0000:00:03.5/driver/0000:00:02.4/revision&path=//sys/class/pci_bus/0000:07/subsystem/0000:06/device/driver/0000:00:03.5/driver/0000:00:02.4 HTTP/1.1" 200 262215 "-" "meta-externalagent/1.1 (+https://developers.facebook.com/docs/sharing/webmasters/crawler)"
45.134.225.241 - - [16/Dec/2025:00:45:05 +0000] "GET /wp-admin/plugins.php HTTP/1.1" 302 11 "https://datainsightnow.com/wp-login.php" "Mozilla/5.0 (Windows NT 10.0; Win64; x64; rv:118.0) Gecko/20100101 Firefox/118.0"
66.249.72.226 - - [16/Dec/2025:00:45:05 +0000] "GET /?fileloc=//sys/class/sound/card0/device/subsystem/devices/0000:00:02.2/driver/0000:00:03.4/driver/0000:00:02.6/driver/0000:00:03.0/driver/0000:00:02.0/driver/0000:00:03.3/driver/0000:00:03.3/driver/0000:00:03.7/driver/0000:00:03.2/subsystem/devices/0000:00:02.7/subsystem/devices/0000:00:00.0/waiting_for_supplier&path=//sys/class/sound/card0/device/subsystem/devices/0000:00:02.2/driver/0000:00:03.4/driver/0000:00:02.6/driver/0000:00:03.0/driver/0000:00:02.0/driver/0000:00:03.3/driver/0000:00:03.3/driver/0000:00:03.7/driver/0000:00:03.2/subsystem/devices/0000:00:02.7/subsystem/devices/0000:00:00.0 HTTP/1.1" 200 45437 "-" "Mozilla/5.0 (Linux; Android 6.0.1; Nexus 5X Build/MMB29P) AppleWebKit/537.36 (KHTML, like Gecko) Chrome/141.0.7390.122 Mobile Safari/537.36 (compatible; Googlebot/2.1; +http://www.google.com/bot.html)"
57.141.0.1 - - [16/Dec/2025:00:45:06 +0000] "GET /2025/03/07/page/6/?path=//sys/class/pci_bus/0000:04/subsystem/0000:02/subsystem/0000:04/device/driver/0000:00:03.3/0000:00:03.3:pcie002 HTTP/1.1" 200 262248 "-" "meta-externalagent/1.1 (+https://developers.facebook.com/docs/sharing/webmasters/crawler)"
45.134.225.241 - - [16/Dec/2025:00:45:06 +0000] "GET / HTTP/1.1" 200 45511 "https://datainsightnow.com/wp-login.php" "Mozilla/5.0 (Windows NT 10.0; Win64; x64; rv:118.0) Gecko/20100101 Firefox/118.0"
45.134.225.241 - - [16/Dec/2025:00:45:06 +0000] "POST /wp-login.php HTTP/1.1" 200 2617 "https://datainsightnow.com/wp-login.php" "Mozilla/5.0 (X11; Linux x86_64) AppleWebKit/537.36 (KHTML, like Gecko) Chrome/120.0.0.0 Safari/537.36"
45.134.225.241 - - [16/Dec/2025:00:45:07 +0000] "GET /wp-admin/index.php HTTP/1.1" 302 11 "https://datainsightnow.com/wp-login.php" "Mozilla/5.0 (Macintosh; Intel Mac OS X 13_6_1) AppleWebKit/605.1.15 (KHTML, like Gecko) Version/17.1 Safari/605.1.15"
74.7.227.155 - - [16/Dec/2025:00:45:07 +0000] "GET /index.php?format=xml&rest_route=%2Foembed%2F1.0%2Fembed&url=https%3A%2F%2Fdatainsightnow.com%2F%3Fp%3D30215 HTTP/1.1" 200 1294 "-" "Mozilla/5.0 AppleWebKit/537.36 (KHTML, like Gecko; compatible; GPTBot/1.3; +https://openai.com/gptbot)"
45.134.225.241 - - [16/Dec/2025:00:45:08 +0000] "GET / HTTP/1.1" 200 45511 "https://datainsightnow.com/wp-login.php" "Mozilla/5.0 (Macintosh; Intel Mac OS X 13_6_1) AppleWebKit/605.1.15 (KHTML, like Gecko) Version/17.1 Safari/605.1.15"
45.134.225.241 - - [16/Dec/2025:00:45:08 +0000] "GET /wp-admin/profile.php HTTP/1.1" 302 11 "https://datainsightnow.com/wp-login.php" "Mozilla/5.0 (Macintosh; Intel Mac OS X 13_6_1) AppleWebKit/605.1.15 (KHTML, like Gecko) Version/17.1 Safari/605.1.15"
45.134.225.241 - - [16/Dec/2025:00:45:09 +0000] "GET / HTTP/1.1" 200 45511 "https://datainsightnow.com/wp-login.php" "Mozilla/5.0 (Macintosh; Intel Mac OS X 13_6_1) AppleWebKit/605.1.15 (KHTML, like Gecko) Version/17.1 Safari/605.1.15"
45.134.225.241 - - [16/Dec/2025:00:45:09 +0000] "GET /wp-admin/edit.php HTTP/1.1" 302 11 "https://datainsightnow.com/wp-login.php" "Mozilla/5.0 (Macintosh; Intel Mac OS X 13_6_1) AppleWebKit/605.1.15 (KHTML, like Gecko) Version/17.1 Safari/605.1.15"
45.134.225.241 - - [16/Dec/2025:00:45:10 +0000] "GET / HTTP/1.1" 200 45511 "https://datainsightnow.com/wp-login.php" "Mozilla/5.0 (Macintosh; Intel Mac OS X 13_6_1) AppleWebKit/605.1.15 (KHTML, like Gecko) Version/17.1 Safari/605.1.15"
74.7.227.155 - - [16/Dec/2025:00:45:10 +0000] "GET /index.php?rest_route=%2Foembed%2F1.0%2Fembed&url=https%3A%2F%2Fdatainsightnow.com%2F%3Fp%3D30215 HTTP/1.1" 200 1265 "-" "Mozilla/5.0 AppleWebKit/537.36 (KHTML, like Gecko; compatible; GPTBot/1.3; +https://openai.com/gptbot)"
45.134.225.241 - - [16/Dec/2025:00:45:10 +0000] "GET /wp-admin/plugins.php HTTP/1.1" 302 11 "https://datainsightnow.com/wp-login.php" "Mozilla/5.0 (Macintosh; Intel Mac OS X 13_6_1) AppleWebKit/605.1.15 (KHTML, like Gecko) Version/17.1 Safari/605.1.15"
45.134.225.241 - - [16/Dec/2025:00:45:12 +0000] "GET / HTTP/1.1" 200 45511 "https://datainsightnow.com/wp-login.php" "Mozilla/5.0 (Macintosh; Intel Mac OS X 13_6_1) AppleWebKit/605.1.15 (KHTML, like Gecko) Version/17.1 Safari/605.1.15"
57.141.0.22 - - [16/Dec/2025:00:45:12 +0000] "GET /2025/03/06/page/39/?fileloc=//sys/class/pci_bus/0000:0b/subsystem/0000:00/device/0000:00:03.0/driver/0000:00:02.2/driver/0000:00:03.0/max_link_speed&path=//sys/class/pci_bus/0000:0b/subsystem/0000:00/device/0000:00:03.0/driver/0000:00:02.2/driver/0000:00:03.0 HTTP/1.1" 200 262264 "-" "meta-externalagent/1.1 (+https://developers.facebook.com/docs/sharing/webmasters/crawler)"
217.113.194.60 - - [16/Dec/2025:00:45:12 +0000] "GET /register/?fileloc=//proc/91/net/udplite&path=//proc/91/net HTTP/1.1" 200 45436 "-" "Mozilla/5.0 (compatible; Barkrowler/0.9; +https://babbar.tech/crawler)"
45.134.225.241 - - [16/Dec/2025:00:45:12 +0000] "GET /wp-admin/index.php HTTP/1.1" 302 11 "https://datainsightnow.com/wp-login.php" "Mozilla/5.0 (Macintosh; Intel Mac OS X 13_6_1) AppleWebKit/605.1.15 (KHTML, like Gecko) Version/17.1 Safari/605.1.15"
57.141.0.7 - - [16/Dec/2025:00:45:12 +0000] "GET /2025/03/06/page/39/?path=//sys/class/pci_bus/0000:0b/subsystem/0000:07/subsystem/0000:00/device/0000:00:1f.0/subsystem/devices/0000:02:00.0 HTTP/1.1" 200 262248 "-" "meta-externalagent/1.1 (+https://developers.facebook.com/docs/sharing/webmasters/crawler)"
