74.7.227.155 - - [16/Dec/2025:00:31:36 +0000] "GET /index.php?format=xml&rest_route=%2Foembed%2F1.0%2Fembed&url=https%3A%2F%2Fdatainsightnow.com%2F%3Fp%3D23695 HTTP/1.1" 200 1299 "-" "Mozilla/5.0 AppleWebKit/537.36 (KHTML, like Gecko; compatible; GPTBot/1.3; +https://openai.com/gptbot)"
45.134.225.241 - - [16/Dec/2025:00:31:36 +0000] "GET /wp-login.php HTTP/1.1" 200 2512 "https://www.google.com/search?q=wordpress" "Mozilla/5.0 (Macintosh; Intel Mac OS X 13_6_1) AppleWebKit/537.36 (KHTML, like Gecko) Chrome/120.0.0.0 Safari/537.36"
45.134.225.241 - - [16/Dec/2025:00:31:37 +0000] "GET /?author=1 HTTP/1.1" 404 33297 "https://www.google.com/" "Mozilla/5.0 (Windows NT 11.0; Win64; x64) AppleWebKit/537.36 (KHTML, like Gecko) Chrome/119.0.0.0 Safari/537.36"
114.119.137.141 - - [16/Dec/2025:00:31:37 +0000] "GET /zodiac-kasino-erfahrungen-2024-480-bonus-80-freispiele/?path=//sys/dev/char/5:1/subsystem/ttyS29/subsystem/ttyS9/subsystem/ttyS0/subsystem/tty24 HTTP/1.1" 200 45437 "-" "Mozilla/5.0 (Linux; Android 7.0;) AppleWebKit/537.36 (KHTML, like Gecko) Mobile Safari/537.36 (compatible; PetalBot;+https://webmaster.petalsearch.com/site/petalbot)"
57.141.0.41 - - [16/Dec/2025:00:31:37 +0000] "GET /2025/03/06/page/39/?path=//sys/class/pci_bus/0000:08/subsystem/0000:0c/device/0000:00:03.2:pcie002/driver/0000:00:02.3:pcie002/subsystem/drivers HTTP/1.1" 200 262255 "-" "meta-externalagent/1.1 (+https://developers.facebook.com/docs/sharing/webmasters/crawler)"
45.134.225.241 - - [16/Dec/2025:00:31:37 +0000] "GET /?author=2 HTTP/1.1" 302 11 "-" "Mozilla/5.0 (Windows NT 11.0; Win64; x64; rv:120.0) Gecko/20100101 Firefox/120.0"
45.134.225.241 - - [16/Dec/2025:00:31:38 +0000] "GET /?page_id=2169&um_user=datainsightnow HTTP/1.1" 200 35891 "-" "Mozilla/5.0 (Windows NT 11.0; Win64; x64; rv:120.0) Gecko/20100101 Firefox/120.0"
45.134.225.241 - - [16/Dec/2025:00:31:38 +0000] "GET /?author=3 HTTP/1.1" 404 33296 "-" "Mozilla/5.0 (X11; Ubuntu; Linux x86_64) AppleWebKit/537.36 (KHTML, like Gecko) Chrome/118.0.0.0 Safari/537.36"
57.141.0.43 - - [16/Dec/2025:00:31:39 +0000] "GET /2025/03/07/page/6/?fileloc=//sys/class/pci_bus/0000:08/subsystem/0000:0f/subsystem/0000:02/subsystem/0000:0c/subsystem/0000:0e/device/consistent_dma_mask_bits&path=//sys/class/pci_bus/0000:08/subsystem/0000:0f/subsystem/0000:02/subsystem/0000:0c/subsystem/0000:0e/device HTTP/1.1" 200 262248 "-" "meta-externalagent/1.1 (+https://developers.facebook.com/docs/sharing/webmasters/crawler)"
45.134.225.241 - - [16/Dec/2025:00:31:39 +0000] "GET /?author=4 HTTP/1.1" 404 33297 "https://wordpress.org/" "Mozilla/5.0 (Windows NT 10.0; Win64; x64; rv:120.0) Gecko/20100101 Firefox/120.0"
57.141.0.8 - - [16/Dec/2025:00:31:39 +0000] "GET /karamba-spielsaal-erfahrungen-angeschlossen-testbericht-werfen-sie-einen-blick-auf-den-link-within-2025-pro-teutonia/?fileloc=//sys/class/pci_bus/0000:06/subsystem/0000:09/subsystem/0000:00/subsystem/0000:01/subsystem/0000:08/subsystem/0000:04/device/driver_override&path=//sys/class/pci_bus/0000:06/subsystem/0000:09/subsystem/0000:00/subsystem/0000:01/subsystem/0000:08/subsystem/0000:04/device HTTP/1.1" 200 262209 "-" "meta-externalagent/1.1 (+https://developers.facebook.com/docs/sharing/webmasters/crawler)"
45.134.225.241 - - [16/Dec/2025:00:31:39 +0000] "GET /?author=5 HTTP/1.1" 404 33296 "https://www.bing.com/" "Mozilla/5.0 (Macintosh; Intel Mac OS X 10_15_7) AppleWebKit/605.1.15 (KHTML, like Gecko) Version/17.1 Safari/605.1.15"
74.7.227.155 - - [16/Dec/2025:00:31:40 +0000] "GET /?p=26360 HTTP/1.1" 200 41500 "-" "Mozilla/5.0 AppleWebKit/537.36 (KHTML, like Gecko; compatible; GPTBot/1.3; +https://openai.com/gptbot)"
57.141.0.21 - - [16/Dec/2025:00:31:40 +0000] "GET /2025/03/07/page/6/?path=//sys/class/pci_bus/0000:05/subsystem/0000:03/subsystem/0000:00/device/0000:00:02.0/driver/0000:00:02.3/driver/0000:00:04.1 HTTP/1.1" 200 262209 "-" "meta-externalagent/1.1 (+https://developers.facebook.com/docs/sharing/webmasters/crawler)"
45.134.225.241 - - [16/Dec/2025:00:31:40 +0000] "GET /?author=6 HTTP/1.1" 404 33297 "https://t.co/" "Mozilla/5.0 (Windows NT 11.0; Win64; x64; rv:118.0) Gecko/20100101 Firefox/118.0"
45.134.225.241 - - [16/Dec/2025:00:31:41 +0000] "GET /?author=7 HTTP/1.1" 404 33297 "-" "Mozilla/5.0 (Windows NT 11.0; Win64; x64; rv:118.0) Gecko/20100101 Firefox/118.0"
57.141.0.45 - - [16/Dec/2025:00:31:41 +0000] "GET /karamba-spielsaal-erfahrungen-angeschlossen-testbericht-werfen-sie-einen-blick-auf-den-link-within-2025-pro-teutonia/?path=//sys/class/pci_bus/0000:06/subsystem/0000:0f/subsystem/0000:0b/subsystem/0000:0e/subsystem/0000:11/subsystem/0000:02/subsystem/0000:08 HTTP/1.1" 200 262248 "-" "meta-externalagent/1.1 (+https://developers.facebook.com/docs/sharing/webmasters/crawler)"
45.134.225.241 - - [16/Dec/2025:00:31:41 +0000] "GET /?author=8 HTTP/1.1" 404 33297 "https://www.google.com/search?q=wordpress" "Mozilla/5.0 (Windows NT 10.0; Win64; x64) AppleWebKit/537.36 (KHTML, like Gecko) Chrome/120.0.0.0 Safari/537.36"
45.134.225.241 - - [16/Dec/2025:00:31:41 +0000] "GET /?author=9 HTTP/1.1" 404 33297 "https://t.co/" "Mozilla/5.0 (Windows NT 11.0; Win64; x64) AppleWebKit/537.36 (KHTML, like Gecko) Chrome/119.0.0.0 Safari/537.36"
45.134.225.241 - - [16/Dec/2025:00:31:42 +0000] "GET /wp-json/wp/v2/users HTTP/1.1" 301 5 "-" "Mozilla/5.0 (Macintosh; Intel Mac OS X 10_15_7) AppleWebKit/537.36 (KHTML, like Gecko) Chrome/121.0.0.0 Safari/537.36"
57.141.0.13 - - [16/Dec/2025:00:31:42 +0000] "GET /2025/03/07/page/6/?path=//sys/class/pci_bus/0000:06/subsystem/0000:0f/subsystem/0000:0c/subsystem/0000:04/subsystem/0000:0d/device/firmware_node/wakeup HTTP/1.1" 200 262217 "-" "meta-externalagent/1.1 (+https://developers.facebook.com/docs/sharing/webmasters/crawler)"
74.7.227.155 - - [16/Dec/2025:00:31:43 +0000] "GET /?p=48417 HTTP/1.1" 200 41074 "-" "Mozilla/5.0 AppleWebKit/537.36 (KHTML, like Gecko; compatible; GPTBot/1.3; +https://openai.com/gptbot)"
45.134.225.241 - - [16/Dec/2025:00:31:43 +0000] "GET /wp-json/wp/v2/users/ HTTP/1.1" 200 36692 "-" "Mozilla/5.0 (Macintosh; Intel Mac OS X 10_15_7) AppleWebKit/537.36 (KHTML, like Gecko) Chrome/121.0.0.0 Safari/537.36"
57.141.0.32 - - [16/Dec/2025:00:31:43 +0000] "GET /nacin-kako-uporabljate-globe-wagering-najboljsa-knjiga/?fileloc=//sys/class/pci_bus/0000:05/subsystem/0000:03/subsystem/0000:04/subsystem/0000:0d/device/revision&path=//sys/class/pci_bus/0000:05/subsystem/0000:03/subsystem/0000:04/subsystem/0000:0d/device HTTP/1.1" 200 262209 "-" "meta-externalagent/1.1 (+https://developers.facebook.com/docs/sharing/webmasters/crawler)"
57.141.0.19 - - [16/Dec/2025:00:31:44 +0000] "GET /karamba-spielsaal-erfahrungen-angeschlossen-testbericht-werfen-sie-einen-blick-auf-den-link-within-2025-pro-teutonia/?path=//sys/class/pci_bus/0000:07/subsystem/0000:0a/subsystem/0000:0b/subsystem/0000:02/subsystem/0000:06/device/driver/0000:00:03.5 HTTP/1.1" 200 262209 "-" "meta-externalagent/1.1 (+https://developers.facebook.com/docs/sharing/webmasters/crawler)"
45.134.225.241 - - [16/Dec/2025:00:31:44 +0000] "GET / HTTP/1.1" 200 45436 "https://www.bing.com/" "Mozilla/5.0 (Macintosh; Intel Mac OS X 13_6_1) AppleWebKit/537.36 (KHTML, like Gecko) Chrome/120.0.0.0 Safari/537.36"
45.134.225.241 - - [16/Dec/2025:00:31:45 +0000] "POST /wp-login.php HTTP/1.1" 200 2678 "https://datainsightnow.com/wp-login.php" "Mozilla/5.0 (Macintosh; Intel Mac OS X 10_15_7) AppleWebKit/605.1.15 (KHTML, like Gecko) Version/17.1 Safari/605.1.15"
57.141.0.27 - - [16/Dec/2025:00:31:45 +0000] "GET /2025/03/06/page/39/?fileloc=//sys/class/pci_bus/0000:0f/device/driver/0000:00:03.2/subsystem/devices/0000:00:02.0/driver/0000:00:02.7/subsystem_device&path=//sys/class/pci_bus/0000:0f/device/driver/0000:00:03.2/subsystem/devices/0000:00:02.0/driver/0000:00:02.7 HTTP/1.1" 200 262248 "-" "meta-externalagent/1.1 (+https://developers.facebook.com/docs/sharing/webmasters/crawler)"
45.134.225.241 - - [16/Dec/2025:00:31:45 +0000] "GET /wp-admin/index.php HTTP/1.1" 302 5 "https://datainsightnow.com/wp-login.php" "Mozilla/5.0 (Macintosh; Intel Mac OS X 10_15_7; rv:118.0) Gecko/20100101 Firefox/118.0"
45.134.225.241 - - [16/Dec/2025:00:31:45 +0000] "GET /wp-login.php?redirect_to=https%3A%2F%2Fdatainsightnow.com%2Fwp-admin%2Findex.php&reauth=1 HTTP/1.1" 200 2520 "https://datainsightnow.com/wp-login.php" "Mozilla/5.0 (Macintosh; Intel Mac OS X 10_15_7; rv:118.0) Gecko/20100101 Firefox/118.0"
45.134.225.241 - - [16/Dec/2025:00:31:46 +0000] "POST /wp-login.php HTTP/1.1" 200 2678 "https://datainsightnow.com/wp-login.php" "Mozilla/5.0 (Macintosh; Intel Mac OS X 10_15_7) AppleWebKit/605.1.15 (KHTML, like Gecko) Version/17.1 Safari/605.1.15"
74.7.227.155 - - [16/Dec/2025:00:31:46 +0000] "GET /?p=43429 HTTP/1.1" 200 41764 "-" "Mozilla/5.0 AppleWebKit/537.36 (KHTML, like Gecko; compatible; GPTBot/1.3; +https://openai.com/gptbot)"
45.134.225.241 - - [16/Dec/2025:00:31:46 +0000] "GET /wp-admin/index.php HTTP/1.1" 302 5 "https://datainsightnow.com/wp-login.php" "Mozilla/5.0 (Windows NT 10.0; Win64; x64; rv:120.0) Gecko/20100101 Firefox/120.0"
45.134.225.241 - - [16/Dec/2025:00:31:46 +0000] "GET /wp-login.php?redirect_to=https%3A%2F%2Fdatainsightnow.com%2Fwp-admin%2Findex.php&reauth=1 HTTP/1.1" 200 2520 "https://datainsightnow.com/wp-login.php" "Mozilla/5.0 (Windows NT 10.0; Win64; x64; rv:120.0) Gecko/20100101 Firefox/120.0"
45.134.225.241 - - [16/Dec/2025:00:31:46 +0000] "POST /wp-login.php HTTP/1.1" 200 2679 "https://datainsightnow.com/wp-login.php" "Mozilla/5.0 (Macintosh; Intel Mac OS X 10_15_7; rv:121.0) Gecko/20100101 Firefox/121.0"
45.134.225.241 - - [16/Dec/2025:00:31:47 +0000] "GET /wp-admin/index.php HTTP/1.1" 302 5 "https://datainsightnow.com/wp-login.php" "Mozilla/5.0 (Windows NT 10.0; Win64; x64) AppleWebKit/537.36 (KHTML, like Gecko) Chrome/120.0.0.0 Safari/537.36"
45.134.225.241 - - [16/Dec/2025:00:31:47 +0000] "GET /wp-login.php?redirect_to=https%3A%2F%2Fdatainsightnow.com%2Fwp-admin%2Findex.php&reauth=1 HTTP/1.1" 200 2520 "https://datainsightnow.com/wp-login.php" "Mozilla/5.0 (Windows NT 10.0; Win64; x64) AppleWebKit/537.36 (KHTML, like Gecko) Chrome/120.0.0.0 Safari/537.36"
45.134.225.241 - - [16/Dec/2025:00:31:48 +0000] "POST /wp-login.php HTTP/1.1" 200 2682 "https://datainsightnow.com/wp-login.php" "Mozilla/5.0 (Macintosh; Intel Mac OS X 10_15_7; rv:119.0) Gecko/20100101 Firefox/119.0"
45.134.225.241 - - [16/Dec/2025:00:31:48 +0000] "GET /wp-admin/index.php HTTP/1.1" 302 5 "https://datainsightnow.com/wp-login.php" "Mozilla/5.0 (Macintosh; Intel Mac OS X 13_6_1) AppleWebKit/537.36 (KHTML, like Gecko) Chrome/119.0.0.0 Safari/537.36"
45.134.225.241 - - [16/Dec/2025:00:31:48 +0000] "GET /wp-login.php?redirect_to=https%3A%2F%2Fdatainsightnow.com%2Fwp-admin%2Findex.php&reauth=1 HTTP/1.1" 200 2520 "https://datainsightnow.com/wp-login.php" "Mozilla/5.0 (Macintosh; Intel Mac OS X 13_6_1) AppleWebKit/537.36 (KHTML, like Gecko) Chrome/119.0.0.0 Safari/537.36"
45.134.225.241 - - [16/Dec/2025:00:31:49 +0000] "POST /wp-login.php HTTP/1.1" 200 2676 "https://datainsightnow.com/wp-login.php" "Mozilla/5.0 (Macintosh; Intel Mac OS X 13_6_1) AppleWebKit/537.36 (KHTML, like Gecko) Chrome/118.0.0.0 Safari/537.36"
45.134.225.241 - - [16/Dec/2025:00:31:49 +0000] "GET /wp-admin/index.php HTTP/1.1" 302 5 "https://datainsightnow.com/wp-login.php" "Mozilla/5.0 (Macintosh; Intel Mac OS X 10_15_7) AppleWebKit/537.36 (KHTML, like Gecko) Chrome/119.0.0.0 Safari/537.36"
45.134.225.241 - - [16/Dec/2025:00:31:49 +0000] "GET /wp-login.php?redirect_to=https%3A%2F%2Fdatainsightnow.com%2Fwp-admin%2Findex.php&reauth=1 HTTP/1.1" 200 2520 "https://datainsightnow.com/wp-login.php" "Mozilla/5.0 (Macintosh; Intel Mac OS X 10_15_7) AppleWebKit/537.36 (KHTML, like Gecko) Chrome/119.0.0.0 Safari/537.36"
45.134.225.241 - - [16/Dec/2025:00:31:49 +0000] "POST /wp-login.php HTTP/1.1" 200 2680 "https://datainsightnow.com/wp-login.php" "Mozilla/5.0 (Macintosh; Intel Mac OS X 13_6_1) AppleWebKit/537.36 (KHTML, like Gecko) Chrome/118.0.0.0 Safari/537.36"
57.141.0.1 - - [16/Dec/2025:00:31:50 +0000] "GET /2025/03/06/page/39/?path=//sys/class/pci_bus/0000:0e/subsystem/0000:0b/device/driver/0000:00:02.5/driver/0000:00:02.5/driver HTTP/1.1" 200 262209 "-" "meta-externalagent/1.1 (+https://developers.facebook.com/docs/sharing/webmasters/crawler)"
66.135.21.75 - - [16/Dec/2025:00:31:50 +0000] "POST /wp-cron.php?doing_wp_cron=1765845110.1909060478210449218750 HTTP/1.1" 200 31 "-" "WordPress/6.3.1; https://datainsightnow.com"
45.134.225.241 - - [16/Dec/2025:00:31:50 +0000] "GET /wp-admin/index.php HTTP/1.1" 302 5 "https://datainsightnow.com/wp-login.php" "Mozilla/5.0 (Windows NT 11.0; Win64; x64; rv:121.0) Gecko/20100101 Firefox/121.0"
45.134.225.241 - - [16/Dec/2025:00:31:51 +0000] "GET /wp-login.php?redirect_to=https%3A%2F%2Fdatainsightnow.com%2Fwp-admin%2Findex.php&reauth=1 HTTP/1.1" 200 2520 "https://datainsightnow.com/wp-login.php" "Mozilla/5.0 (Windows NT 11.0; Win64; x64; rv:121.0) Gecko/20100101 Firefox/121.0"
45.134.225.241 - - [16/Dec/2025:00:31:51 +0000] "POST /wp-login.php HTTP/1.1" 200 2676 "https://datainsightnow.com/wp-login.php" "Mozilla/5.0 (Macintosh; Intel Mac OS X 13_6_1; rv:118.0) Gecko/20100101 Firefox/118.0"
45.134.225.241 - - [16/Dec/2025:00:31:51 +0000] "GET /wp-admin/index.php HTTP/1.1" 302 5 "https://datainsightnow.com/wp-login.php" "Mozilla/5.0 (Macintosh; Intel Mac OS X 10_15_7) AppleWebKit/605.1.15 (KHTML, like Gecko) Version/17.2 Safari/605.1.15"
217.113.194.59 - - [16/Dec/2025:00:31:52 +0000] "GET /privacy/?fileloc=//usr/include/linux/socket.h&path=//usr/include/linux HTTP/1.1" 200 45436 "-" "Mozilla/5.0 (compatible; Barkrowler/0.9; +https://babbar.tech/crawler)"
45.134.225.241 - - [16/Dec/2025:00:31:52 +0000] "GET /wp-login.php?redirect_to=https%3A%2F%2Fdatainsightnow.com%2Fwp-admin%2Findex.php&reauth=1 HTTP/1.1" 200 2520 "https://datainsightnow.com/wp-login.php" "Mozilla/5.0 (Macintosh; Intel Mac OS X 10_15_7) AppleWebKit/605.1.15 (KHTML, like Gecko) Version/17.2 Safari/605.1.15"
45.134.225.241 - - [16/Dec/2025:00:31:52 +0000] "POST /wp-login.php HTTP/1.1" 200 2676 "https://datainsightnow.com/wp-login.php" "Mozilla/5.0 (Macintosh; Intel Mac OS X 10_15_7; rv:121.0) Gecko/20100101 Firefox/121.0"
45.134.225.241 - - [16/Dec/2025:00:31:52 +0000] "GET /wp-admin/index.php HTTP/1.1" 302 5 "https://datainsightnow.com/wp-login.php" "Mozilla/5.0 (Windows NT 10.0; Win64; x64; rv:119.0) Gecko/20100101 Firefox/119.0"
45.134.225.241 - - [16/Dec/2025:00:31:53 +0000] "GET /wp-login.php?redirect_to=https%3A%2F%2Fdatainsightnow.com%2Fwp-admin%2Findex.php&reauth=1 HTTP/1.1" 200 2520 "https://datainsightnow.com/wp-login.php" "Mozilla/5.0 (Windows NT 10.0; Win64; x64; rv:119.0) Gecko/20100101 Firefox/119.0"
57.141.0.51 - - [16/Dec/2025:00:31:53 +0000] "GET /2025/03/07/page/6/?path=//sys/class/pci_bus/0000:05/subsystem/0000:0b/subsystem/0000:07/subsystem/0000:09/subsystem/0000:0a/subsystem/0000:07 HTTP/1.1" 200 262209 "-" "meta-externalagent/1.1 (+https://developers.facebook.com/docs/sharing/webmasters/crawler)"
45.134.225.241 - - [16/Dec/2025:00:31:53 +0000] "POST /wp-login.php HTTP/1.1" 200 2676 "https://datainsightnow.com/wp-login.php" "Mozilla/5.0 (Macintosh; Intel Mac OS X 10_15_7) AppleWebKit/605.1.15 (KHTML, like Gecko) Version/16.6 Safari/605.1.15"
45.134.225.241 - - [16/Dec/2025:00:31:53 +0000] "GET /wp-admin/index.php HTTP/1.1" 302 5 "https://datainsightnow.com/wp-login.php" "Mozilla/5.0 (Windows NT 11.0; Win64; x64; rv:120.0) Gecko/20100101 Firefox/120.0"
57.141.0.7 - - [16/Dec/2025:00:31:53 +0000] "GET /2025/03/07/page/6/?fileloc=//sys/class/pci_bus/0000:10/subsystem/0000:0b/subsystem/0000:0c/subsystem/0000:0b/cpuaffinity&path=//sys/class/pci_bus/0000:10/subsystem/0000:0b/subsystem/0000:0c/subsystem/0000:0b HTTP/1.1" 200 262264 "-" "meta-externalagent/1.1 (+https://developers.facebook.com/docs/sharing/webmasters/crawler)"
45.134.225.241 - - [16/Dec/2025:00:31:54 +0000] "GET /wp-login.php?redirect_to=https%3A%2F%2Fdatainsightnow.com%2Fwp-admin%2Findex.php&reauth=1 HTTP/1.1" 200 2520 "https://datainsightnow.com/wp-login.php" "Mozilla/5.0 (Windows NT 11.0; Win64; x64; rv:120.0) Gecko/20100101 Firefox/120.0"
45.134.225.241 - - [16/Dec/2025:00:31:54 +0000] "POST /wp-login.php HTTP/1.1" 200 2676 "https://datainsightnow.com/wp-login.php" "Mozilla/5.0 (Windows NT 10.0; Win64; x64; rv:120.0) Gecko/20100101 Firefox/120.0"
57.141.0.37 - - [16/Dec/2025:00:31:54 +0000] "GET /2025/03/07/page/6/?fileloc=//sys/class/pci_bus/0000:10/device/driver/0000:00:03.1/driver/0000:00:02.7/driver/0000:00:02.5/power/runtime_active_kids&path=//sys/class/pci_bus/0000:10/device/driver/0000:00:03.1/driver/0000:00:02.7/driver/0000:00:02.5/power HTTP/1.1" 200 262209 "-" "meta-externalagent/1.1 (+https://developers.facebook.com/docs/sharing/webmasters/crawler)"
57.141.0.33 - - [16/Dec/2025:00:31:54 +0000] "GET /moneysense-self-help-guide-to-the-ideal-profile/?fileloc=//sys/class/pci_bus/0000:0f/subsystem/0000:00/device/0000:00:03.7/subsystem/devices/0000:00:02.5/dma_mask_bits&path=//sys/class/pci_bus/0000:0f/subsystem/0000:00/device/0000:00:03.7/subsystem/devices/0000:00:02.5 HTTP/1.1" 200 262209 "-" "meta-externalagent/1.1 (+https://developers.facebook.com/docs/sharing/webmasters/crawler)"
45.134.225.241 - - [16/Dec/2025:00:31:54 +0000] "GET /wp-admin/index.php HTTP/1.1" 302 5 "https://datainsightnow.com/wp-login.php" "Mozilla/5.0 (Macintosh; Intel Mac OS X 10_15_7) AppleWebKit/605.1.15 (KHTML, like Gecko) Version/17.2 Safari/605.1.15"
45.134.225.241 - - [16/Dec/2025:00:31:54 +0000] "GET /wp-login.php?redirect_to=https%3A%2F%2Fdatainsightnow.com%2Fwp-admin%2Findex.php&reauth=1 HTTP/1.1" 200 2520 "https://datainsightnow.com/wp-login.php" "Mozilla/5.0 (Macintosh; Intel Mac OS X 10_15_7) AppleWebKit/605.1.15 (KHTML, like Gecko) Version/17.2 Safari/605.1.15"
45.134.225.241 - - [16/Dec/2025:00:31:55 +0000] "POST /wp-login.php HTTP/1.1" 200 2676 "https://datainsightnow.com/wp-login.php" "Mozilla/5.0 (Macintosh; Intel Mac OS X 10_15_7; rv:121.0) Gecko/20100101 Firefox/121.0"
45.134.225.241 - - [16/Dec/2025:00:31:55 +0000] "GET /wp-admin/index.php HTTP/1.1" 302 5 "https://datainsightnow.com/wp-login.php" "Mozilla/5.0 (Macintosh; Intel Mac OS X 10_15_7) AppleWebKit/605.1.15 (KHTML, like Gecko) Version/17.1 Safari/605.1.15"
45.134.225.241 - - [16/Dec/2025:00:31:55 +0000] "GET /wp-login.php?redirect_to=https%3A%2F%2Fdatainsightnow.com%2Fwp-admin%2Findex.php&reauth=1 HTTP/1.1" 200 2520 "https://datainsightnow.com/wp-login.php" "Mozilla/5.0 (Macintosh; Intel Mac OS X 10_15_7) AppleWebKit/605.1.15 (KHTML, like Gecko) Version/17.1 Safari/605.1.15"
45.134.225.241 - - [16/Dec/2025:00:31:56 +0000] "POST /wp-login.php HTTP/1.1" 200 2676 "https://datainsightnow.com/wp-login.php" "Mozilla/5.0 (Macintosh; Intel Mac OS X 10_15_7; rv:119.0) Gecko/20100101 Firefox/119.0"
74.7.227.155 - - [16/Dec/2025:00:31:56 +0000] "GET /index.php?format=xml&rest_route=%2Foembed%2F1.0%2Fembed&url=https%3A%2F%2Fdatainsightnow.com%2F%3Fp%3D43429 HTTP/1.1" 200 1341 "-" "Mozilla/5.0 AppleWebKit/537.36 (KHTML, like Gecko; compatible; GPTBot/1.3; +https://openai.com/gptbot)"
57.141.0.69 - - [16/Dec/2025:00:31:56 +0000] "GET /2025/03/07/page/6/?path=//sys/class/pci_bus/0000:09/subsystem/0000:03/subsystem/0000:06/subsystem/0000:06/subsystem/0000:05 HTTP/1.1" 200 262209 "-" "meta-externalagent/1.1 (+https://developers.facebook.com/docs/sharing/webmasters/crawler)"
45.134.225.241 - - [16/Dec/2025:00:31:56 +0000] "GET /wp-admin/index.php HTTP/1.1" 302 5 "https://datainsightnow.com/wp-login.php" "Mozilla/5.0 (Macintosh; Intel Mac OS X 13_6_1) AppleWebKit/537.36 (KHTML, like Gecko) Chrome/121.0.0.0 Safari/537.36"
45.134.225.241 - - [16/Dec/2025:00:31:56 +0000] "GET /wp-login.php?redirect_to=https%3A%2F%2Fdatainsightnow.com%2Fwp-admin%2Findex.php&reauth=1 HTTP/1.1" 200 2520 "https://datainsightnow.com/wp-login.php" "Mozilla/5.0 (Macintosh; Intel Mac OS X 13_6_1) AppleWebKit/537.36 (KHTML, like Gecko) Chrome/121.0.0.0 Safari/537.36"
45.134.225.241 - - [16/Dec/2025:00:31:57 +0000] "POST /wp-login.php HTTP/1.1" 200 2676 "https://datainsightnow.com/wp-login.php" "Mozilla/5.0 (Macintosh; Intel Mac OS X 10_15_7; rv:118.0) Gecko/20100101 Firefox/118.0"
45.134.225.241 - - [16/Dec/2025:00:31:57 +0000] "GET /wp-admin/index.php HTTP/1.1" 302 5 "https://datainsightnow.com/wp-login.php" "Mozilla/5.0 (Macintosh; Intel Mac OS X 10_15_7) AppleWebKit/605.1.15 (KHTML, like Gecko) Version/17.0 Safari/605.1.15"
45.134.225.241 - - [16/Dec/2025:00:31:57 +0000] "GET /wp-login.php?redirect_to=https%3A%2F%2Fdatainsightnow.com%2Fwp-admin%2Findex.php&reauth=1 HTTP/1.1" 200 2520 "https://datainsightnow.com/wp-login.php" "Mozilla/5.0 (Macintosh; Intel Mac OS X 10_15_7) AppleWebKit/605.1.15 (KHTML, like Gecko) Version/17.0 Safari/605.1.15"
45.134.225.241 - - [16/Dec/2025:00:31:57 +0000] "POST /wp-login.php HTTP/1.1" 200 2676 "https://datainsightnow.com/wp-login.php" "Mozilla/5.0 (Windows NT 11.0; Win64; x64; rv:118.0) Gecko/20100101 Firefox/118.0"
45.134.225.241 - - [16/Dec/2025:00:31:58 +0000] "GET /wp-admin/index.php HTTP/1.1" 302 5 "https://datainsightnow.com/wp-login.php" "Mozilla/5.0 (Macintosh; Intel Mac OS X 10_15_7; rv:120.0) Gecko/20100101 Firefox/120.0"
45.134.225.241 - - [16/Dec/2025:00:31:58 +0000] "GET /wp-login.php?redirect_to=https%3A%2F%2Fdatainsightnow.com%2Fwp-admin%2Findex.php&reauth=1 HTTP/1.1" 200 2520 "https://datainsightnow.com/wp-login.php" "Mozilla/5.0 (Macintosh; Intel Mac OS X 10_15_7; rv:120.0) Gecko/20100101 Firefox/120.0"
45.134.225.241 - - [16/Dec/2025:00:31:58 +0000] "POST /wp-login.php HTTP/1.1" 200 2676 "https://datainsightnow.com/wp-login.php" "Mozilla/5.0 (X11; Ubuntu; Linux x86_64) AppleWebKit/537.36 (KHTML, like Gecko) Chrome/121.0.0.0 Safari/537.36"
57.141.0.15 - - [16/Dec/2025:00:31:59 +0000] "GET /2025/03/07/page/6/?fileloc=//sys/class/pci_bus/0000:0b/subsystem/0000:10/device/subsystem/drivers/pcieport/0000:00:04.1/driver/0000:00:02.7/driver/0000:00:03.5/local_cpus&path=//sys/class/pci_bus/0000:0b/subsystem/0000:10/device/subsystem/drivers/pcieport/0000:00:04.1/driver/0000:00:02.7/driver/0000:00:03.5 HTTP/1.1" 200 262209 "-" "meta-externalagent/1.1 (+https://developers.facebook.com/docs/sharing/webmasters/crawler)"
57.141.0.76 - - [16/Dec/2025:00:31:59 +0000] "GET /2025/03/06/page/39/?fileloc=//sys/class/pci_bus/0000:0b/subsystem/0000:00/device/0000:00:03.2/subsystem/devices/0000:00:03.0/driver/remove_id&path=//sys/class/pci_bus/0000:0b/subsystem/0000:00/device/0000:00:03.2/subsystem/devices/0000:00:03.0/driver HTTP/1.1" 200 262264 "-" "meta-externalagent/1.1 (+https://developers.facebook.com/docs/sharing/webmasters/crawler)"
45.134.225.241 - - [16/Dec/2025:00:31:59 +0000] "GET /wp-admin/index.php HTTP/1.1" 302 5 "https://datainsightnow.com/wp-login.php" "Mozilla/5.0 (X11; Ubuntu; Linux x86_64) AppleWebKit/537.36 (KHTML, like Gecko) Chrome/118.0.0.0 Safari/537.36"
185.191.171.14 - - [16/Dec/2025:00:32:00 +0000] "GET /?p=25314 HTTP/1.1" 200 42338 "-" "Mozilla/5.0 (compatible; SemrushBot/7~bl; +http://www.semrush.com/bot.html)"
47.128.21.195 - - [16/Dec/2025:00:32:00 +0000] "GET /?path=%2F%2Fusr%2Fsrc%2Flinux-headers-6.8.0-83%2Ffs%2Fminix HTTP/1.1" 200 45437 "-" "Mozilla/5.0 (Linux; Android 5.0) AppleWebKit/537.36 (KHTML, like Gecko) Mobile Safari/537.36 (compatible; Bytespider; spider-feedback@bytedance.com)"
45.134.225.241 - - [16/Dec/2025:00:32:00 +0000] "GET /wp-login.php?redirect_to=https%3A%2F%2Fdatainsightnow.com%2Fwp-admin%2Findex.php&reauth=1 HTTP/1.1" 200 2520 "https://datainsightnow.com/wp-login.php" "Mozilla/5.0 (X11; Ubuntu; Linux x86_64) AppleWebKit/537.36 (KHTML, like Gecko) Chrome/118.0.0.0 Safari/537.36"
47.128.113.24 - - [16/Dec/2025:00:32:00 +0000] "GET /?fileloc=%2F%2Fproc%2F18%2Fsetgroups&path=%2F%2Fproc%2F18 HTTP/1.1" 200 45437 "-" "Mozilla/5.0 (Linux; Android 5.0) AppleWebKit/537.36 (KHTML, like Gecko) Mobile Safari/537.36 (compatible; Bytespider; spider-feedback@bytedance.com)"
45.134.225.241 - - [16/Dec/2025:00:32:00 +0000] "POST /wp-login.php HTTP/1.1" 200 2676 "https://datainsightnow.com/wp-login.php" "Mozilla/5.0 (Windows NT 11.0; Win64; x64) AppleWebKit/537.36 (KHTML, like Gecko) Chrome/120.0.0.0 Safari/537.36"
57.141.0.19 - - [16/Dec/2025:00:32:00 +0000] "GET /karamba-spielsaal-erfahrungen-angeschlossen-testbericht-werfen-sie-einen-blick-auf-den-link-within-2025-pro-teutonia/?path=//sys/class/pci_bus/0000:06/subsystem/0000:0b/subsystem/0000:02/device/driver/0000:00:03.4/driver/0000:00:03.5/0000:00:03.5:pcie001/driver/0000:00:03.2:pcie001 HTTP/1.1" 200 262248 "-" "meta-externalagent/1.1 (+https://developers.facebook.com/docs/sharing/webmasters/crawler)"
45.134.225.241 - - [16/Dec/2025:00:32:01 +0000] "GET /wp-admin/index.php HTTP/1.1" 302 5 "https://datainsightnow.com/wp-login.php" "Mozilla/5.0 (Windows NT 10.0; Win64; x64) AppleWebKit/537.36 (KHTML, like Gecko) Chrome/121.0.0.0 Safari/537.36"
45.134.225.241 - - [16/Dec/2025:00:32:01 +0000] "GET /wp-login.php?redirect_to=https%3A%2F%2Fdatainsightnow.com%2Fwp-admin%2Findex.php&reauth=1 HTTP/1.1" 200 2520 "https://datainsightnow.com/wp-login.php" "Mozilla/5.0 (Windows NT 10.0; Win64; x64) AppleWebKit/537.36 (KHTML, like Gecko) Chrome/121.0.0.0 Safari/537.36"
57.141.0.16 - - [16/Dec/2025:00:32:01 +0000] "GET /2025/03/06/page/39/?fileloc=//sys/class/pci_bus/0000:05/device/driver/0000:00:02.6/driver/0000:00:02.6/driver/0000:00:04.1/irq&path=//sys/class/pci_bus/0000:05/device/driver/0000:00:02.6/driver/0000:00:02.6/driver/0000:00:04.1 HTTP/1.1" 200 262209 "-" "meta-externalagent/1.1 (+https://developers.facebook.com/docs/sharing/webmasters/crawler)"
45.134.225.241 - - [16/Dec/2025:00:32:01 +0000] "POST /wp-login.php HTTP/1.1" 200 2676 "https://datainsightnow.com/wp-login.php" "Mozilla/5.0 (X11; Linux x86_64) AppleWebKit/537.36 (KHTML, like Gecko) Chrome/118.0.0.0 Safari/537.36"
45.134.225.241 - - [16/Dec/2025:00:32:02 +0000] "GET /wp-admin/index.php HTTP/1.1" 302 5 "https://datainsightnow.com/wp-login.php" "Mozilla/5.0 (Macintosh; Intel Mac OS X 10_15_7) AppleWebKit/537.36 (KHTML, like Gecko) Chrome/119.0.0.0 Safari/537.36"
45.134.225.241 - - [16/Dec/2025:00:32:03 +0000] "GET /wp-login.php?redirect_to=https%3A%2F%2Fdatainsightnow.com%2Fwp-admin%2Findex.php&reauth=1 HTTP/1.1" 200 2520 "https://datainsightnow.com/wp-login.php" "Mozilla/5.0 (Macintosh; Intel Mac OS X 10_15_7) AppleWebKit/537.36 (KHTML, like Gecko) Chrome/119.0.0.0 Safari/537.36"
74.7.227.155 - - [16/Dec/2025:00:32:04 +0000] "GET /?m=20240710 HTTP/1.1" 200 33878 "-" "Mozilla/5.0 AppleWebKit/537.36 (KHTML, like Gecko; compatible; GPTBot/1.3; +https://openai.com/gptbot)"
45.134.225.241 - - [16/Dec/2025:00:32:04 +0000] "POST /wp-login.php HTTP/1.1" 200 2676 "https://datainsightnow.com/wp-login.php" "Mozilla/5.0 (Windows NT 11.0; Win64; x64) AppleWebKit/537.36 (KHTML, like Gecko) Chrome/121.0.0.0 Safari/537.36"
57.141.0.30 - - [16/Dec/2025:00:32:04 +0000] "GET /2025/03/07/page/6/?fileloc=//sys/class/pci_bus/0000:0b/subsystem/0000:0f/subsystem/0000:00/device/0000:00:02.0/driver/0000:00:02.3/max_link_speed&path=//sys/class/pci_bus/0000:0b/subsystem/0000:0f/subsystem/0000:00/device/0000:00:02.0/driver/0000:00:02.3 HTTP/1.1" 200 262215 "-" "meta-externalagent/1.1 (+https://developers.facebook.com/docs/sharing/webmasters/crawler)"
185.191.171.3 - - [16/Dec/2025:00:32:04 +0000] "GET /?p=18802 HTTP/1.1" 200 44608 "-" "Mozilla/5.0 (compatible; SemrushBot/7~bl; +http://www.semrush.com/bot.html)"
45.134.225.241 - - [16/Dec/2025:00:32:04 +0000] "GET /wp-admin/index.php HTTP/1.1" 302 5 "https://datainsightnow.com/wp-login.php" "Mozilla/5.0 (Windows NT 11.0; Win64; x64) AppleWebKit/537.36 (KHTML, like Gecko) Chrome/118.0.0.0 Safari/537.36"
45.134.225.241 - - [16/Dec/2025:00:32:04 +0000] "GET /wp-login.php?redirect_to=https%3A%2F%2Fdatainsightnow.com%2Fwp-admin%2Findex.php&reauth=1 HTTP/1.1" 200 2520 "https://datainsightnow.com/wp-login.php" "Mozilla/5.0 (Windows NT 11.0; Win64; x64) AppleWebKit/537.36 (KHTML, like Gecko) Chrome/118.0.0.0 Safari/537.36"
74.7.227.155 - - [16/Dec/2025:00:32:04 +0000] "GET /index.php?rest_route=%2Foembed%2F1.0%2Fembed&url=https%3A%2F%2Fdatainsightnow.com%2F%3Fp%3D43429 HTTP/1.1" 200 1315 "-" "Mozilla/5.0 AppleWebKit/537.36 (KHTML, like Gecko; compatible; GPTBot/1.3; +https://openai.com/gptbot)"
57.141.0.38 - - [16/Dec/2025:00:32:05 +0000] "GET /2025/03/07/page/6/?fileloc=//sys/class/pci_bus/0000:05/subsystem/0000:12/device/driver/0000:00:02.7/subsystem/devices/0000:05:00.0/resource1&path=//sys/class/pci_bus/0000:05/subsystem/0000:12/device/driver/0000:00:02.7/subsystem/devices/0000:05:00.0 HTTP/1.1" 200 262264 "-" "meta-externalagent/1.1 (+https://developers.facebook.com/docs/sharing/webmasters/crawler)"
45.134.225.241 - - [16/Dec/2025:00:32:05 +0000] "POST /wp-login.php HTTP/1.1" 200 2676 "https://datainsightnow.com/wp-login.php" "Mozilla/5.0 (Macintosh; Intel Mac OS X 13_6_1; rv:120.0) Gecko/20100101 Firefox/120.0"
45.134.225.241 - - [16/Dec/2025:00:32:05 +0000] "GET /wp-admin/index.php HTTP/1.1" 302 5 "https://datainsightnow.com/wp-login.php" "Mozilla/5.0 (Windows NT 10.0; Win64; x64; rv:120.0) Gecko/20100101 Firefox/120.0"
45.134.225.241 - - [16/Dec/2025:00:32:05 +0000] "GET /wp-login.php?redirect_to=https%3A%2F%2Fdatainsightnow.com%2Fwp-admin%2Findex.php&reauth=1 HTTP/1.1" 200 2520 "https://datainsightnow.com/wp-login.php" "Mozilla/5.0 (Windows NT 10.0; Win64; x64; rv:120.0) Gecko/20100101 Firefox/120.0"
45.134.225.241 - - [16/Dec/2025:00:32:06 +0000] "POST /wp-login.php HTTP/1.1" 200 2676 "https://datainsightnow.com/wp-login.php" "Mozilla/5.0 (Macintosh; Intel Mac OS X 13_6_1) AppleWebKit/537.36 (KHTML, like Gecko) Chrome/119.0.0.0 Safari/537.36"
45.134.225.241 - - [16/Dec/2025:00:32:06 +0000] "GET /wp-admin/index.php HTTP/1.1" 302 5 "https://datainsightnow.com/wp-login.php" "Mozilla/5.0 (Macintosh; Intel Mac OS X 10_15_7) AppleWebKit/537.36 (KHTML, like Gecko) Chrome/118.0.0.0 Safari/537.36"
45.134.225.241 - - [16/Dec/2025:00:32:06 +0000] "GET /wp-login.php?redirect_to=https%3A%2F%2Fdatainsightnow.com%2Fwp-admin%2Findex.php&reauth=1 HTTP/1.1" 200 2520 "https://datainsightnow.com/wp-login.php" "Mozilla/5.0 (Macintosh; Intel Mac OS X 10_15_7) AppleWebKit/537.36 (KHTML, like Gecko) Chrome/118.0.0.0 Safari/537.36"
45.134.225.241 - - [16/Dec/2025:00:32:07 +0000] "POST /wp-login.php HTTP/1.1" 200 2676 "https://datainsightnow.com/wp-login.php" "Mozilla/5.0 (Windows NT 11.0; Win64; x64) AppleWebKit/537.36 (KHTML, like Gecko) Chrome/121.0.0.0 Safari/537.36"
74.7.227.155 - - [16/Dec/2025:00:32:07 +0000] "GET /index.php?rest_route=/wp/v2/posts/43429 HTTP/1.1" 200 4647 "-" "Mozilla/5.0 AppleWebKit/537.36 (KHTML, like Gecko; compatible; GPTBot/1.3; +https://openai.com/gptbot)"
45.134.225.241 - - [16/Dec/2025:00:32:07 +0000] "GET /wp-admin/index.php HTTP/1.1" 302 5 "https://datainsightnow.com/wp-login.php" "Mozilla/5.0 (Macintosh; Intel Mac OS X 13_6_1) AppleWebKit/605.1.15 (KHTML, like Gecko) Version/17.1 Safari/605.1.15"
57.141.0.42 - - [16/Dec/2025:00:32:07 +0000] "GET /2025/03/07/page/6/?fileloc=//sys/class/pci_bus/0000:0f/subsystem/0000:01/subsystem/0000:07/subsystem/0000:0c/device/aer_rootport_total_err_fatal&path=//sys/class/pci_bus/0000:0f/subsystem/0000:01/subsystem/0000:07/subsystem/0000:0c/device HTTP/1.1" 200 262248 "-" "meta-externalagent/1.1 (+https://developers.facebook.com/docs/sharing/webmasters/crawler)"
45.134.225.241 - - [16/Dec/2025:00:32:07 +0000] "GET /wp-login.php?redirect_to=https%3A%2F%2Fdatainsightnow.com%2Fwp-admin%2Findex.php&reauth=1 HTTP/1.1" 200 2520 "https://datainsightnow.com/wp-login.php" "Mozilla/5.0 (Macintosh; Intel Mac OS X 13_6_1) AppleWebKit/605.1.15 (KHTML, like Gecko) Version/17.1 Safari/605.1.15"
217.113.194.61 - - [16/Dec/2025:00:32:08 +0000] "GET /privacy/?fileloc=//usr/bin/X11/env&path=//usr/bin/X11 HTTP/1.1" 200 45436 "-" "Mozilla/5.0 (compatible; Barkrowler/0.9; +https://babbar.tech/crawler)"
45.134.225.241 - - [16/Dec/2025:00:32:08 +0000] "POST /wp-login.php HTTP/1.1" 200 2676 "https://datainsightnow.com/wp-login.php" "Mozilla/5.0 (X11; Ubuntu; Linux x86_64) AppleWebKit/537.36 (KHTML, like Gecko) Chrome/121.0.0.0 Safari/537.36"
85.208.96.209 - - [16/Dec/2025:00:32:08 +0000] "GET /?p=30231 HTTP/1.1" 200 41249 "-" "Mozilla/5.0 (compatible; SemrushBot/7~bl; +http://www.semrush.com/bot.html)"
45.134.225.241 - - [16/Dec/2025:00:32:08 +0000] "GET /wp-admin/index.php HTTP/1.1" 302 5 "https://datainsightnow.com/wp-login.php" "Mozilla/5.0 (Macintosh; Intel Mac OS X 10_15_7) AppleWebKit/605.1.15 (KHTML, like Gecko) Version/17.1 Safari/605.1.15"
45.134.225.241 - - [16/Dec/2025:00:32:08 +0000] "GET /wp-login.php?redirect_to=https%3A%2F%2Fdatainsightnow.com%2Fwp-admin%2Findex.php&reauth=1 HTTP/1.1" 200 2520 "https://datainsightnow.com/wp-login.php" "Mozilla/5.0 (Macintosh; Intel Mac OS X 10_15_7) AppleWebKit/605.1.15 (KHTML, like Gecko) Version/17.1 Safari/605.1.15"
57.141.0.47 - - [16/Dec/2025:00:32:09 +0000] "GET /2025/03/13/?fileloc=//sys/class/pci_bus/0000:06/subsystem/0000:01/device/driver/0000:00:03.0/firmware_node/physical_node/d3cold_allowed&path=//sys/class/pci_bus/0000:06/subsystem/0000:01/device/driver/0000:00:03.0/firmware_node/physical_node HTTP/1.1" 200 262248 "-" "meta-externalagent/1.1 (+https://developers.facebook.com/docs/sharing/webmasters/crawler)"
45.134.225.241 - - [16/Dec/2025:00:32:09 +0000] "POST /wp-login.php HTTP/1.1" 200 2676 "https://datainsightnow.com/wp-login.php" "Mozilla/5.0 (Windows NT 11.0; Win64; x64) AppleWebKit/537.36 (KHTML, like Gecko) Chrome/119.0.0.0 Safari/537.36"
45.134.225.241 - - [16/Dec/2025:00:32:09 +0000] "GET /wp-admin/index.php HTTP/1.1" 302 5 "https://datainsightnow.com/wp-login.php" "Mozilla/5.0 (Windows NT 11.0; Win64; x64) AppleWebKit/537.36 (KHTML, like Gecko) Chrome/120.0.0.0 Safari/537.36"
57.141.0.74 - - [16/Dec/2025:00:32:09 +0000] "GET /2025/03/06/page/39/?fileloc=//sys/class/pci_bus/0000:0c/subsystem/0000:07/device/driver/0000:00:02.0/0000:01:00.0/numa_node&path=//sys/class/pci_bus/0000:0c/subsystem/0000:07/device/driver/0000:00:02.0/0000:01:00.0 HTTP/1.1" 200 262264 "-" "meta-externalagent/1.1 (+https://developers.facebook.com/docs/sharing/webmasters/crawler)"
45.134.225.241 - - [16/Dec/2025:00:32:09 +0000] "GET /wp-login.php?redirect_to=https%3A%2F%2Fdatainsightnow.com%2Fwp-admin%2Findex.php&reauth=1 HTTP/1.1" 200 2520 "https://datainsightnow.com/wp-login.php" "Mozilla/5.0 (Windows NT 11.0; Win64; x64) AppleWebKit/537.36 (KHTML, like Gecko) Chrome/120.0.0.0 Safari/537.36"
57.141.0.36 - - [16/Dec/2025:00:32:09 +0000] "GET /2025/03/13/?path=//sys/class/pci_bus/0000:06/subsystem/0000:06/subsystem/0000:0f/subsystem/0000:02/subsystem/0000:13 HTTP/1.1" 200 262264 "-" "meta-externalagent/1.1 (+https://developers.facebook.com/docs/sharing/webmasters/crawler)"
45.134.225.241 - - [16/Dec/2025:00:32:10 +0000] "POST /wp-login.php HTTP/1.1" 200 2677 "https://datainsightnow.com/wp-login.php" "Mozilla/5.0 (Macintosh; Intel Mac OS X 10_15_7; rv:120.0) Gecko/20100101 Firefox/120.0"
45.134.225.241 - - [16/Dec/2025:00:32:10 +0000] "GET /wp-admin/index.php HTTP/1.1" 302 5 "https://datainsightnow.com/wp-login.php" "Mozilla/5.0 (Windows NT 11.0; Win64; x64; rv:119.0) Gecko/20100101 Firefox/119.0"
74.7.227.155 - - [16/Dec/2025:00:32:11 +0000] "GET /?p=27095 HTTP/1.1" 200 41519 "-" "Mozilla/5.0 AppleWebKit/537.36 (KHTML, like Gecko; compatible; GPTBot/1.3; +https://openai.com/gptbot)"
45.134.225.241 - - [16/Dec/2025:00:32:11 +0000] "GET /wp-login.php?redirect_to=https%3A%2F%2Fdatainsightnow.com%2Fwp-admin%2Findex.php&reauth=1 HTTP/1.1" 200 2520 "https://datainsightnow.com/wp-login.php" "Mozilla/5.0 (Windows NT 11.0; Win64; x64; rv:119.0) Gecko/20100101 Firefox/119.0"
57.141.0.16 - - [16/Dec/2025:00:32:11 +0000] "GET /karamba-spielsaal-erfahrungen-angeschlossen-testbericht-werfen-sie-einen-blick-auf-den-link-within-2025-pro-teutonia/?fileloc=//sys/class/pci_bus/0000:04/device/0000:00:02.2:pcie002/driver/0000:00:02.5:pcie002/driver/0000:00:03.0:pcie002/subsystem/devices/0000:00:02.2:pcie002/uevent&path=//sys/class/pci_bus/0000:04/device/0000:00:02.2:pcie002/driver/0000:00:02.5:pcie002/driver/0000:00:03.0:pcie002/subsystem/devices/0000:00:02.2:pcie002 HTTP/1.1" 200 262215 "-" "meta-externalagent/1.1 (+https://developers.facebook.com/docs/sharing/webmasters/crawler)"
45.134.225.241 - - [16/Dec/2025:00:32:12 +0000] "POST /wp-login.php HTTP/1.1" 200 2676 "https://datainsightnow.com/wp-login.php" "Mozilla/5.0 (Macintosh; Intel Mac OS X 10_15_7) AppleWebKit/537.36 (KHTML, like Gecko) Chrome/119.0.0.0 Safari/537.36"
57.141.0.31 - - [16/Dec/2025:00:32:12 +0000] "GET /2025/03/07/page/6/?fileloc=//sys/class/pci_bus/0000:05/subsystem/0000:08/device/driver/0000:00:02.4/driver/0000:00:03.6/subsystem/slots/0-13/address&path=//sys/class/pci_bus/0000:05/subsystem/0000:08/device/driver/0000:00:02.4/driver/0000:00:03.6/subsystem/slots/0-13 HTTP/1.1" 200 262264 "-" "meta-externalagent/1.1 (+https://developers.facebook.com/docs/sharing/webmasters/crawler)"
45.134.225.241 - - [16/Dec/2025:00:32:12 +0000] "GET /wp-admin/index.php HTTP/1.1" 302 5 "https://datainsightnow.com/wp-login.php" "Mozilla/5.0 (Macintosh; Intel Mac OS X 13_6_1) AppleWebKit/537.36 (KHTML, like Gecko) Chrome/120.0.0.0 Safari/537.36"
57.141.0.42 - - [16/Dec/2025:00:32:12 +0000] "GET /2025/03/07/page/6/?fileloc=//sys/class/pci_bus/0000:11/device/driver/0000:00:02.3/driver/0000:00:02.5/driver/0000:00:02.1/0000:02:00.0/local_cpulist&path=//sys/class/pci_bus/0000:11/device/driver/0000:00:02.3/driver/0000:00:02.5/driver/0000:00:02.1/0000:02:00.0 HTTP/1.1" 200 262264 "-" "meta-externalagent/1.1 (+https://developers.facebook.com/docs/sharing/webmasters/crawler)"
45.134.225.241 - - [16/Dec/2025:00:32:12 +0000] "GET /wp-login.php?redirect_to=https%3A%2F%2Fdatainsightnow.com%2Fwp-admin%2Findex.php&reauth=1 HTTP/1.1" 200 2520 "https://datainsightnow.com/wp-login.php" "Mozilla/5.0 (Macintosh; Intel Mac OS X 13_6_1) AppleWebKit/537.36 (KHTML, like Gecko) Chrome/120.0.0.0 Safari/537.36"
45.134.225.241 - - [16/Dec/2025:00:32:13 +0000] "POST /wp-login.php HTTP/1.1" 200 2676 "https://datainsightnow.com/wp-login.php" "Mozilla/5.0 (Windows NT 11.0; Win64; x64) AppleWebKit/537.36 (KHTML, like Gecko) Chrome/120.0.0.0 Safari/537.36"
45.134.225.241 - - [16/Dec/2025:00:32:13 +0000] "GET /wp-admin/index.php HTTP/1.1" 302 5 "https://datainsightnow.com/wp-login.php" "Mozilla/5.0 (Macintosh; Intel Mac OS X 10_15_7) AppleWebKit/605.1.15 (KHTML, like Gecko) Version/17.1 Safari/605.1.15"
45.134.225.241 - - [16/Dec/2025:00:32:13 +0000] "GET /wp-login.php?redirect_to=https%3A%2F%2Fdatainsightnow.com%2Fwp-admin%2Findex.php&reauth=1 HTTP/1.1" 200 2520 "https://datainsightnow.com/wp-login.php" "Mozilla/5.0 (Macintosh; Intel Mac OS X 10_15_7) AppleWebKit/605.1.15 (KHTML, like Gecko) Version/17.1 Safari/605.1.15"
74.7.227.155 - - [16/Dec/2025:00:32:13 +0000] "GET /index.php?format=xml&rest_route=%2Foembed%2F1.0%2Fembed&url=https%3A%2F%2Fdatainsightnow.com%2F%3Fp%3D27095 HTTP/1.1" 200 1291 "-" "Mozilla/5.0 AppleWebKit/537.36 (KHTML, like Gecko; compatible; GPTBot/1.3; +https://openai.com/gptbot)"
45.134.225.241 - - [16/Dec/2025:00:32:13 +0000] "POST /wp-login.php HTTP/1.1" 200 2676 "https://datainsightnow.com/wp-login.php" "Mozilla/5.0 (Macintosh; Intel Mac OS X 13_6_1) AppleWebKit/537.36 (KHTML, like Gecko) Chrome/121.0.0.0 Safari/537.36"
45.134.225.241 - - [16/Dec/2025:00:32:14 +0000] "GET /wp-admin/index.php HTTP/1.1" 302 5 "https://datainsightnow.com/wp-login.php" "Mozilla/5.0 (Macintosh; Intel Mac OS X 13_6_1) AppleWebKit/537.36 (KHTML, like Gecko) Chrome/121.0.0.0 Safari/537.36"
45.134.225.241 - - [16/Dec/2025:00:32:14 +0000] "GET /wp-login.php?redirect_to=https%3A%2F%2Fdatainsightnow.com%2Fwp-admin%2Findex.php&reauth=1 HTTP/1.1" 200 2520 "https://datainsightnow.com/wp-login.php" "Mozilla/5.0 (Macintosh; Intel Mac OS X 13_6_1) AppleWebKit/537.36 (KHTML, like Gecko) Chrome/121.0.0.0 Safari/537.36"
45.134.225.241 - - [16/Dec/2025:00:32:14 +0000] "POST /wp-login.php HTTP/1.1" 200 2676 "https://datainsightnow.com/wp-login.php" "Mozilla/5.0 (Macintosh; Intel Mac OS X 13_6_1) AppleWebKit/605.1.15 (KHTML, like Gecko) Version/17.0 Safari/605.1.15"
45.134.225.241 - - [16/Dec/2025:00:32:15 +0000] "GET /wp-admin/index.php HTTP/1.1" 302 5 "https://datainsightnow.com/wp-login.php" "Mozilla/5.0 (Windows NT 10.0; Win64; x64; rv:121.0) Gecko/20100101 Firefox/121.0"
57.141.0.42 - - [16/Dec/2025:00:32:15 +0000] "GET /2025/03/07/page/6/?fileloc=//sys/class/pci_bus/0000:05/subsystem/0000:0b/subsystem/0000:12/device/driver/0000:00:02.3/aer_dev_fatal&path=//sys/class/pci_bus/0000:05/subsystem/0000:0b/subsystem/0000:12/device/driver/0000:00:02.3 HTTP/1.1" 200 262264 "-" "meta-externalagent/1.1 (+https://developers.facebook.com/docs/sharing/webmasters/crawler)"
45.134.225.241 - - [16/Dec/2025:00:32:15 +0000] "GET /wp-login.php?redirect_to=https%3A%2F%2Fdatainsightnow.com%2Fwp-admin%2Findex.php&reauth=1 HTTP/1.1" 200 2520 "https://datainsightnow.com/wp-login.php" "Mozilla/5.0 (Windows NT 10.0; Win64; x64; rv:121.0) Gecko/20100101 Firefox/121.0"
45.134.225.241 - - [16/Dec/2025:00:32:16 +0000] "POST /wp-login.php HTTP/1.1" 200 2676 "https://datainsightnow.com/wp-login.php" "Mozilla/5.0 (X11; Ubuntu; Linux x86_64) AppleWebKit/537.36 (KHTML, like Gecko) Chrome/119.0.0.0 Safari/537.36"
45.134.225.241 - - [16/Dec/2025:00:32:16 +0000] "GET /wp-admin/index.php HTTP/1.1" 302 5 "https://datainsightnow.com/wp-login.php" "Mozilla/5.0 (Macintosh; Intel Mac OS X 13_6_1) AppleWebKit/605.1.15 (KHTML, like Gecko) Version/16.6 Safari/605.1.15"
45.134.225.241 - - [16/Dec/2025:00:32:16 +0000] "GET /wp-login.php?redirect_to=https%3A%2F%2Fdatainsightnow.com%2Fwp-admin%2Findex.php&reauth=1 HTTP/1.1" 200 2520 "https://datainsightnow.com/wp-login.php" "Mozilla/5.0 (Macintosh; Intel Mac OS X 13_6_1) AppleWebKit/605.1.15 (KHTML, like Gecko) Version/16.6 Safari/605.1.15"
74.7.227.155 - - [16/Dec/2025:00:32:17 +0000] "GET /index.php?rest_route=%2Foembed%2F1.0%2Fembed&url=https%3A%2F%2Fdatainsightnow.com%2F%3Fp%3D27095 HTTP/1.1" 200 1264 "-" "Mozilla/5.0 AppleWebKit/537.36 (KHTML, like Gecko; compatible; GPTBot/1.3; +https://openai.com/gptbot)"
45.134.225.241 - - [16/Dec/2025:00:32:17 +0000] "POST /wp-login.php HTTP/1.1" 200 2676 "https://datainsightnow.com/wp-login.php" "Mozilla/5.0 (Macintosh; Intel Mac OS X 13_6_1) AppleWebKit/605.1.15 (KHTML, like Gecko) Version/16.6 Safari/605.1.15"
45.134.225.241 - - [16/Dec/2025:00:32:17 +0000] "GET /wp-admin/index.php HTTP/1.1" 302 5 "https://datainsightnow.com/wp-login.php" "Mozilla/5.0 (X11; Ubuntu; Linux x86_64) AppleWebKit/537.36 (KHTML, like Gecko) Chrome/118.0.0.0 Safari/537.36"
45.134.225.241 - - [16/Dec/2025:00:32:18 +0000] "GET /wp-login.php?redirect_to=https%3A%2F%2Fdatainsightnow.com%2Fwp-admin%2Findex.php&reauth=1 HTTP/1.1" 200 2520 "https://datainsightnow.com/wp-login.php" "Mozilla/5.0 (X11; Ubuntu; Linux x86_64) AppleWebKit/537.36 (KHTML, like Gecko) Chrome/118.0.0.0 Safari/537.36"
57.141.0.45 - - [16/Dec/2025:00:32:18 +0000] "GET /karamba-spielsaal-erfahrungen-angeschlossen-testbericht-werfen-sie-einen-blick-auf-den-link-within-2025-pro-teutonia/?fileloc=//sys/class/pci_bus/0000:0b/subsystem/0000:06/subsystem/0000:07/subsystem/0000:04/device/driver/0000:00:02.0/irq&path=//sys/class/pci_bus/0000:0b/subsystem/0000:06/subsystem/0000:07/subsystem/0000:04/device/driver/0000:00:02.0 HTTP/1.1" 200 262264 "-" "meta-externalagent/1.1 (+https://developers.facebook.com/docs/sharing/webmasters/crawler)"
45.134.225.241 - - [16/Dec/2025:00:32:18 +0000] "POST /wp-login.php HTTP/1.1" 200 2676 "https://datainsightnow.com/wp-login.php" "Mozilla/5.0 (Windows NT 10.0; Win64; x64; rv:121.0) Gecko/20100101 Firefox/121.0"
57.141.0.50 - - [16/Dec/2025:00:32:18 +0000] "GET /karamba-spielsaal-erfahrungen-angeschlossen-testbericht-werfen-sie-einen-blick-auf-den-link-within-2025-pro-teutonia/?path=//sys/class/pci_bus/0000:07/subsystem/0000:0b/subsystem/0000:03/subsystem/0000:0a/subsystem/0000:0e HTTP/1.1" 200 262264 "-" "meta-externalagent/1.1 (+https://developers.facebook.com/docs/sharing/webmasters/crawler)"
45.134.225.241 - - [16/Dec/2025:00:32:18 +0000] "GET /wp-admin/index.php HTTP/1.1" 302 5 "https://datainsightnow.com/wp-login.php" "Mozilla/5.0 (Macintosh; Intel Mac OS X 10_15_7) AppleWebKit/605.1.15 (KHTML, like Gecko) Version/17.2 Safari/605.1.15"
45.134.225.241 - - [16/Dec/2025:00:32:19 +0000] "GET /wp-login.php?redirect_to=https%3A%2F%2Fdatainsightnow.com%2Fwp-admin%2Findex.php&reauth=1 HTTP/1.1" 200 2520 "https://datainsightnow.com/wp-login.php" "Mozilla/5.0 (Macintosh; Intel Mac OS X 10_15_7) AppleWebKit/605.1.15 (KHTML, like Gecko) Version/17.2 Safari/605.1.15"
45.134.225.241 - - [16/Dec/2025:00:32:19 +0000] "POST /wp-login.php HTTP/1.1" 200 2676 "https://datainsightnow.com/wp-login.php" "Mozilla/5.0 (X11; Ubuntu; Linux x86_64) AppleWebKit/537.36 (KHTML, like Gecko) Chrome/120.0.0.0 Safari/537.36"
45.134.225.241 - - [16/Dec/2025:00:32:19 +0000] "GET /wp-admin/index.php HTTP/1.1" 302 5 "https://datainsightnow.com/wp-login.php" "Mozilla/5.0 (Windows NT 11.0; Win64; x64; rv:121.0) Gecko/20100101 Firefox/121.0"
45.134.225.241 - - [16/Dec/2025:00:32:20 +0000] "GET /wp-login.php?redirect_to=https%3A%2F%2Fdatainsightnow.com%2Fwp-admin%2Findex.php&reauth=1 HTTP/1.1" 200 2520 "https://datainsightnow.com/wp-login.php" "Mozilla/5.0 (Windows NT 11.0; Win64; x64; rv:121.0) Gecko/20100101 Firefox/121.0"
74.7.227.155 - - [16/Dec/2025:00:32:20 +0000] "GET /index.php?rest_route=/wp/v2/posts/27095 HTTP/1.1" 200 4453 "-" "Mozilla/5.0 AppleWebKit/537.36 (KHTML, like Gecko; compatible; GPTBot/1.3; +https://openai.com/gptbot)"
45.134.225.241 - - [16/Dec/2025:00:32:20 +0000] "POST /wp-login.php HTTP/1.1" 200 2676 "https://datainsightnow.com/wp-login.php" "Mozilla/5.0 (Windows NT 10.0; Win64; x64) AppleWebKit/537.36 (KHTML, like Gecko) Chrome/121.0.0.0 Safari/537.36"
45.134.225.241 - - [16/Dec/2025:00:32:20 +0000] "GET /wp-admin/index.php HTTP/1.1" 302 5 "https://datainsightnow.com/wp-login.php" "Mozilla/5.0 (Windows NT 11.0; Win64; x64; rv:118.0) Gecko/20100101 Firefox/118.0"
57.141.0.17 - - [16/Dec/2025:00:32:20 +0000] "GET /karamba-spielsaal-erfahrungen-angeschlossen-testbericht-werfen-sie-einen-blick-auf-den-link-within-2025-pro-teutonia/?path=//sys/class/pci_bus/0000:13/subsystem/0000:0d/subsystem/0000:06/subsystem/0000:01/subsystem/0000:04/power HTTP/1.1" 200 262264 "-" "meta-externalagent/1.1 (+https://developers.facebook.com/docs/sharing/webmasters/crawler)"
45.134.225.241 - - [16/Dec/2025:00:32:20 +0000] "GET /wp-login.php?redirect_to=https%3A%2F%2Fdatainsightnow.com%2Fwp-admin%2Findex.php&reauth=1 HTTP/1.1" 200 2520 "https://datainsightnow.com/wp-login.php" "Mozilla/5.0 (Windows NT 11.0; Win64; x64; rv:118.0) Gecko/20100101 Firefox/118.0"
45.134.225.241 - - [16/Dec/2025:00:32:21 +0000] "POST /wp-login.php HTTP/1.1" 200 2676 "https://datainsightnow.com/wp-login.php" "Mozilla/5.0 (Macintosh; Intel Mac OS X 13_6_1; rv:119.0) Gecko/20100101 Firefox/119.0"
45.134.225.241 - - [16/Dec/2025:00:32:21 +0000] "GET /wp-admin/index.php HTTP/1.1" 302 5 "https://datainsightnow.com/wp-login.php" "Mozilla/5.0 (Windows NT 11.0; Win64; x64; rv:121.0) Gecko/20100101 Firefox/121.0"
45.134.225.241 - - [16/Dec/2025:00:32:21 +0000] "GET /wp-login.php?redirect_to=https%3A%2F%2Fdatainsightnow.com%2Fwp-admin%2Findex.php&reauth=1 HTTP/1.1" 200 2520 "https://datainsightnow.com/wp-login.php" "Mozilla/5.0 (Windows NT 11.0; Win64; x64; rv:121.0) Gecko/20100101 Firefox/121.0"
45.134.225.241 - - [16/Dec/2025:00:32:21 +0000] "POST /wp-login.php HTTP/1.1" 200 2676 "https://datainsightnow.com/wp-login.php" "Mozilla/5.0 (Macintosh; Intel Mac OS X 13_6_1; rv:119.0) Gecko/20100101 Firefox/119.0"
45.134.225.241 - - [16/Dec/2025:00:32:22 +0000] "GET /wp-admin/index.php HTTP/1.1" 302 5 "https://datainsightnow.com/wp-login.php" "Mozilla/5.0 (Macintosh; Intel Mac OS X 10_15_7; rv:119.0) Gecko/20100101 Firefox/119.0"
45.134.225.241 - - [16/Dec/2025:00:32:22 +0000] "GET /wp-login.php?redirect_to=https%3A%2F%2Fdatainsightnow.com%2Fwp-admin%2Findex.php&reauth=1 HTTP/1.1" 200 2520 "https://datainsightnow.com/wp-login.php" "Mozilla/5.0 (Macintosh; Intel Mac OS X 10_15_7; rv:119.0) Gecko/20100101 Firefox/119.0"
45.134.225.241 - - [16/Dec/2025:00:32:22 +0000] "POST /wp-login.php HTTP/1.1" 200 2676 "https://datainsightnow.com/wp-login.php" "Mozilla/5.0 (Macintosh; Intel Mac OS X 10_15_7) AppleWebKit/605.1.15 (KHTML, like Gecko) Version/16.6 Safari/605.1.15"
57.141.0.48 - - [16/Dec/2025:00:32:23 +0000] "GET /karamba-spielsaal-erfahrungen-angeschlossen-testbericht-werfen-sie-einen-blick-auf-den-link-within-2025-pro-teutonia/?fileloc=//sys/class/pci_bus/0000:07/subsystem/0000:0b/subsystem/0000:12/subsystem/0000:06/subsystem/0000:0d/device/local_cpulist&path=//sys/class/pci_bus/0000:07/subsystem/0000:0b/subsystem/0000:12/subsystem/0000:06/subsystem/0000:0d/device HTTP/1.1" 200 262264 "-" "meta-externalagent/1.1 (+https://developers.facebook.com/docs/sharing/webmasters/crawler)"
45.134.225.241 - - [16/Dec/2025:00:32:23 +0000] "GET /wp-admin/index.php HTTP/1.1" 302 5 "https://datainsightnow.com/wp-login.php" "Mozilla/5.0 (Macintosh; Intel Mac OS X 10_15_7) AppleWebKit/605.1.15 (KHTML, like Gecko) Version/17.0 Safari/605.1.15"
45.134.225.241 - - [16/Dec/2025:00:32:23 +0000] "GET /wp-login.php?redirect_to=https%3A%2F%2Fdatainsightnow.com%2Fwp-admin%2Findex.php&reauth=1 HTTP/1.1" 200 2520 "https://datainsightnow.com/wp-login.php" "Mozilla/5.0 (Macintosh; Intel Mac OS X 10_15_7) AppleWebKit/605.1.15 (KHTML, like Gecko) Version/17.0 Safari/605.1.15"
57.141.0.47 - - [16/Dec/2025:00:32:23 +0000] "GET /2025/03/07/page/6/?fileloc=//sys/class/pci_bus/0000:11/device/driver/0000:00:03.1/driver/0000:00:03.6/0000:00:03.6:pcie001/uevent&path=//sys/class/pci_bus/0000:11/device/driver/0000:00:03.1/driver/0000:00:03.6/0000:00:03.6:pcie001 HTTP/1.1" 200 262215 "-" "meta-externalagent/1.1 (+https://developers.facebook.com/docs/sharing/webmasters/crawler)"
