57.141.0.11 - - [16/Dec/2025:01:11:42 +0000] "GET /karamba-spielsaal-erfahrungen-angeschlossen-testbericht-werfen-sie-einen-blick-auf-den-link-within-2025-pro-teutonia/?fileloc=//sys/class/pci_bus/0000:07/subsystem/0000:0b/subsystem/0000:00/device/0000:00:03.2/driver/0000:00:03.3/device&path=//sys/class/pci_bus/0000:07/subsystem/0000:0b/subsystem/0000:00/device/0000:00:03.2/driver/0000:00:03.3 HTTP/1.1" 200 262264 "-" "meta-externalagent/1.1 (+https://developers.facebook.com/docs/sharing/webmasters/crawler)"
216.73.216.115 - - [16/Dec/2025:01:11:43 +0000] "GET /entity/287296015.htm/ HTTP/1.1" 200 45436 "https://datainsightnow.com/entity/287296015.htm" "Mozilla/5.0 AppleWebKit/537.36 (KHTML, like Gecko; compatible; ClaudeBot/1.0; +claudebot@anthropic.com)"
57.141.0.15 - - [16/Dec/2025:01:11:43 +0000] "GET /nacin-kako-uporabljate-globe-wagering-najboljsa-knjiga/?path=//sys/class/pci_bus/0000:02/subsystem/0000:0f/subsystem/0000:06/power HTTP/1.1" 200 262209 "-" "meta-externalagent/1.1 (+https://developers.facebook.com/docs/sharing/webmasters/crawler)"
74.7.227.155 - - [16/Dec/2025:01:11:45 +0000] "GET /?p=48529 HTTP/1.1" 200 41446 "-" "Mozilla/5.0 AppleWebKit/537.36 (KHTML, like Gecko; compatible; GPTBot/1.3; +https://openai.com/gptbot)"
57.141.0.4 - - [16/Dec/2025:01:11:45 +0000] "GET /2025/03/07/page/6/?fileloc=//sys/class/pci_bus/0000:10/device/pci_bus/0000:10/subsystem/0000:09/power/runtime_status&path=//sys/class/pci_bus/0000:10/device/pci_bus/0000:10/subsystem/0000:09/power HTTP/1.1" 200 262209 "-" "meta-externalagent/1.1 (+https://developers.facebook.com/docs/sharing/webmasters/crawler)"
216.73.216.115 - - [16/Dec/2025:01:11:45 +0000] "GET /entity/287377335.htm HTTP/1.1" 301 5 "-" "Mozilla/5.0 AppleWebKit/537.36 (KHTML, like Gecko; compatible; ClaudeBot/1.0; +claudebot@anthropic.com)"
57.141.0.49 - - [16/Dec/2025:01:11:45 +0000] "GET /karamba-spielsaal-erfahrungen-angeschlossen-testbericht-werfen-sie-einen-blick-auf-den-link-within-2025-pro-teutonia/?path=//sys/class/pci_bus/0000:01/subsystem/0000:11/device/driver/0000:00:02.3/firmware_node/physical_node/driver HTTP/1.1" 200 262264 "-" "meta-externalagent/1.1 (+https://developers.facebook.com/docs/sharing/webmasters/crawler)"
74.7.227.155 - - [16/Dec/2025:01:11:47 +0000] "GET /?p=19748 HTTP/1.1" 200 41503 "-" "Mozilla/5.0 AppleWebKit/537.36 (KHTML, like Gecko; compatible; GPTBot/1.3; +https://openai.com/gptbot)"
57.141.0.36 - - [16/Dec/2025:01:11:47 +0000] "GET /2025/03/07/page/6/?fileloc=//sys/class/pci_bus/0000:0e/subsystem/0000:10/device/driver/0000:00:02.0/0000:01:00.0/subsystem/rescan&path=//sys/class/pci_bus/0000:0e/subsystem/0000:10/device/driver/0000:00:02.0/0000:01:00.0/subsystem HTTP/1.1" 200 262264 "-" "meta-externalagent/1.1 (+https://developers.facebook.com/docs/sharing/webmasters/crawler)"
216.73.216.115 - - [16/Dec/2025:01:11:47 +0000] "GET /entity/287377335.htm/ HTTP/1.1" 200 45436 "https://datainsightnow.com/entity/287377335.htm" "Mozilla/5.0 AppleWebKit/537.36 (KHTML, like Gecko; compatible; ClaudeBot/1.0; +claudebot@anthropic.com)"
217.113.194.54 - - [16/Dec/2025:01:11:47 +0000] "GET /?fileloc=//lib/byobu/include/select-session.py&path=//lib/byobu/include HTTP/1.1" 200 45436 "-" "Mozilla/5.0 (compatible; Barkrowler/0.9; +https://babbar.tech/crawler)"
57.141.0.27 - - [16/Dec/2025:01:11:48 +0000] "GET /2025/03/07/page/6/?fileloc=//sys/class/pci_bus/0000:06/subsystem/0000:02/subsystem/0000:0c/subsystem/0000:01/subsystem/0000:04/cpuaffinity&path=//sys/class/pci_bus/0000:06/subsystem/0000:02/subsystem/0000:0c/subsystem/0000:01/subsystem/0000:04 HTTP/1.1" 200 262216 "-" "meta-externalagent/1.1 (+https://developers.facebook.com/docs/sharing/webmasters/crawler)"
66.249.72.226 - - [16/Dec/2025:01:11:49 +0000] "GET /?fileloc=//sys/class/wakeup/wakeup0/subsystem/wakeup26/subsystem/wakeup2/subsystem/wakeup36/subsystem/wakeup25/subsystem/wakeup17/subsystem/wakeup10/subsystem/wakeup3/subsystem/wakeup34/active_count&path=//sys/class/wakeup/wakeup0/subsystem/wakeup26/subsystem/wakeup2/subsystem/wakeup36/subsystem/wakeup25/subsystem/wakeup17/subsystem/wakeup10/subsystem/wakeup3/subsystem/wakeup34 HTTP/1.1" 200 45437 "-" "Mozilla/5.0 (Linux; Android 6.0.1; Nexus 5X Build/MMB29P) AppleWebKit/537.36 (KHTML, like Gecko) Chrome/141.0.7390.122 Mobile Safari/537.36 (compatible; Googlebot/2.1; +http://www.google.com/bot.html)"
74.7.227.155 - - [16/Dec/2025:01:11:49 +0000] "GET /?p=28657 HTTP/1.1" 200 44463 "-" "Mozilla/5.0 AppleWebKit/537.36 (KHTML, like Gecko; compatible; GPTBot/1.3; +https://openai.com/gptbot)"
66.135.21.75 - - [16/Dec/2025:01:11:50 +0000] "POST /wp-cron.php?doing_wp_cron=1765847510.2365360260009765625000 HTTP/1.1" 200 31 "-" "WordPress/6.3.1; https://datainsightnow.com"
216.73.216.115 - - [16/Dec/2025:01:11:50 +0000] "GET /entity/287309997.htm HTTP/1.1" 301 5 "-" "Mozilla/5.0 AppleWebKit/537.36 (KHTML, like Gecko; compatible; ClaudeBot/1.0; +claudebot@anthropic.com)"
216.73.216.115 - - [16/Dec/2025:01:11:50 +0000] "GET /entity/287309997.htm/ HTTP/1.1" 200 45436 "https://datainsightnow.com/entity/287309997.htm" "Mozilla/5.0 AppleWebKit/537.36 (KHTML, like Gecko; compatible; ClaudeBot/1.0; +claudebot@anthropic.com)"
74.7.227.155 - - [16/Dec/2025:01:11:52 +0000] "GET /?p=19350 HTTP/1.1" 200 42612 "-" "Mozilla/5.0 AppleWebKit/537.36 (KHTML, like Gecko; compatible; GPTBot/1.3; +https://openai.com/gptbot)"
57.141.0.45 - - [16/Dec/2025:01:11:52 +0000] "GET /2025/03/07/page/6/?path=//sys/class/pci_bus/0000:05/subsystem/0000:10/subsystem/0000:06/subsystem/0000:00/subsystem/0000:04/subsystem/0000:0f/power HTTP/1.1" 200 262264 "-" "meta-externalagent/1.1 (+https://developers.facebook.com/docs/sharing/webmasters/crawler)"
216.73.216.115 - - [16/Dec/2025:01:11:53 +0000] "GET /entity/287381993.htm HTTP/1.1" 301 5 "-" "Mozilla/5.0 AppleWebKit/537.36 (KHTML, like Gecko; compatible; ClaudeBot/1.0; +claudebot@anthropic.com)"
216.73.216.115 - - [16/Dec/2025:01:11:53 +0000] "GET /entity/287381993.htm/ HTTP/1.1" 200 45436 "https://datainsightnow.com/entity/287381993.htm" "Mozilla/5.0 AppleWebKit/537.36 (KHTML, like Gecko; compatible; ClaudeBot/1.0; +claudebot@anthropic.com)"
216.73.216.115 - - [16/Dec/2025:01:11:56 +0000] "GET /entity/287227639.htm HTTP/1.1" 301 5 "-" "Mozilla/5.0 AppleWebKit/537.36 (KHTML, like Gecko; compatible; ClaudeBot/1.0; +claudebot@anthropic.com)"
216.73.216.115 - - [16/Dec/2025:01:11:56 +0000] "GET /entity/287227639.htm/ HTTP/1.1" 200 45436 "https://datainsightnow.com/entity/287227639.htm" "Mozilla/5.0 AppleWebKit/537.36 (KHTML, like Gecko; compatible; ClaudeBot/1.0; +claudebot@anthropic.com)"
216.73.216.115 - - [16/Dec/2025:01:11:59 +0000] "GET /entity/287256376.htm HTTP/1.1" 301 5 "-" "Mozilla/5.0 AppleWebKit/537.36 (KHTML, like Gecko; compatible; ClaudeBot/1.0; +claudebot@anthropic.com)"
216.73.216.115 - - [16/Dec/2025:01:11:59 +0000] "GET /entity/287256376.htm/ HTTP/1.1" 200 45436 "https://datainsightnow.com/entity/287256376.htm" "Mozilla/5.0 AppleWebKit/537.36 (KHTML, like Gecko; compatible; ClaudeBot/1.0; +claudebot@anthropic.com)"
216.73.216.115 - - [16/Dec/2025:01:12:02 +0000] "GET /entity/287224782.htm HTTP/1.1" 301 5 "-" "Mozilla/5.0 AppleWebKit/537.36 (KHTML, like Gecko; compatible; ClaudeBot/1.0; +claudebot@anthropic.com)"
216.73.216.115 - - [16/Dec/2025:01:12:02 +0000] "GET /entity/287224782.htm/ HTTP/1.1" 200 45436 "https://datainsightnow.com/entity/287224782.htm" "Mozilla/5.0 AppleWebKit/537.36 (KHTML, like Gecko; compatible; ClaudeBot/1.0; +claudebot@anthropic.com)"
217.113.194.55 - - [16/Dec/2025:01:12:03 +0000] "GET /?fileloc=//lib/ssl/certs/3fb36b73.0&path=//lib/ssl/certs HTTP/1.1" 200 45436 "-" "Mozilla/5.0 (compatible; Barkrowler/0.9; +https://babbar.tech/crawler)"
57.141.0.34 - - [16/Dec/2025:01:12:04 +0000] "GET /karamba-spielsaal-erfahrungen-angeschlossen-testbericht-werfen-sie-einen-blick-auf-den-link-within-2025-pro-teutonia/?fileloc=//sys/class/pci_bus/0000:09/subsystem/0000:03/device/firmware_node/physical_node/resource0&path=//sys/class/pci_bus/0000:09/subsystem/0000:03/device/firmware_node/physical_node HTTP/1.1" 200 262248 "-" "meta-externalagent/1.1 (+https://developers.facebook.com/docs/sharing/webmasters/crawler)"
74.7.227.155 - - [16/Dec/2025:01:12:04 +0000] "GET /?p=19804 HTTP/1.1" 200 42644 "-" "Mozilla/5.0 AppleWebKit/537.36 (KHTML, like Gecko; compatible; GPTBot/1.3; +https://openai.com/gptbot)"
216.73.216.115 - - [16/Dec/2025:01:12:05 +0000] "GET /entity/287285645.htm HTTP/1.1" 301 5 "-" "Mozilla/5.0 AppleWebKit/537.36 (KHTML, like Gecko; compatible; ClaudeBot/1.0; +claudebot@anthropic.com)"
216.73.216.115 - - [16/Dec/2025:01:12:06 +0000] "GET /entity/287285645.htm/ HTTP/1.1" 200 45436 "https://datainsightnow.com/entity/287285645.htm" "Mozilla/5.0 AppleWebKit/537.36 (KHTML, like Gecko; compatible; ClaudeBot/1.0; +claudebot@anthropic.com)"
57.141.0.18 - - [16/Dec/2025:01:12:06 +0000] "GET /2025/03/07/page/6/?path=//sys/class/pci_bus/0000:11/subsystem/0000:06/device/pci_bus/0000:06/subsystem/0000:11/device/driver/0000:00:02.1 HTTP/1.1" 200 262248 "-" "meta-externalagent/1.1 (+https://developers.facebook.com/docs/sharing/webmasters/crawler)"
74.7.227.155 - - [16/Dec/2025:01:12:07 +0000] "GET /?p=28705 HTTP/1.1" 200 43832 "-" "Mozilla/5.0 AppleWebKit/537.36 (KHTML, like Gecko; compatible; GPTBot/1.3; +https://openai.com/gptbot)"
216.73.216.115 - - [16/Dec/2025:01:12:08 +0000] "GET /entity/287254826.htm HTTP/1.1" 301 5 "-" "Mozilla/5.0 AppleWebKit/537.36 (KHTML, like Gecko; compatible; ClaudeBot/1.0; +claudebot@anthropic.com)"
74.7.227.155 - - [16/Dec/2025:01:12:08 +0000] "GET /?p=41325 HTTP/1.1" 200 42846 "-" "Mozilla/5.0 AppleWebKit/537.36 (KHTML, like Gecko; compatible; GPTBot/1.3; +https://openai.com/gptbot)"
216.73.216.115 - - [16/Dec/2025:01:12:08 +0000] "GET /entity/287254826.htm/ HTTP/1.1" 200 45436 "https://datainsightnow.com/entity/287254826.htm" "Mozilla/5.0 AppleWebKit/537.36 (KHTML, like Gecko; compatible; ClaudeBot/1.0; +claudebot@anthropic.com)"
216.73.216.115 - - [16/Dec/2025:01:12:11 +0000] "GET /entity/287389769.htm HTTP/1.1" 301 5 "-" "Mozilla/5.0 AppleWebKit/537.36 (KHTML, like Gecko; compatible; ClaudeBot/1.0; +claudebot@anthropic.com)"
74.7.227.155 - - [16/Dec/2025:01:12:11 +0000] "GET /?p=28659 HTTP/1.1" 200 41506 "-" "Mozilla/5.0 AppleWebKit/537.36 (KHTML, like Gecko; compatible; GPTBot/1.3; +https://openai.com/gptbot)"
216.73.216.115 - - [16/Dec/2025:01:12:12 +0000] "GET /entity/287389769.htm/ HTTP/1.1" 200 45436 "https://datainsightnow.com/entity/287389769.htm" "Mozilla/5.0 AppleWebKit/537.36 (KHTML, like Gecko; compatible; ClaudeBot/1.0; +claudebot@anthropic.com)"
57.141.0.36 - - [16/Dec/2025:01:12:13 +0000] "GET /entity/852569209.htm HTTP/1.1" 301 5 "-" "meta-externalagent/1.1 (+https://developers.facebook.com/docs/sharing/webmasters/crawler)"
216.73.216.115 - - [16/Dec/2025:01:12:14 +0000] "GET /entity/287326571.htm HTTP/1.1" 301 5 "-" "Mozilla/5.0 AppleWebKit/537.36 (KHTML, like Gecko; compatible; ClaudeBot/1.0; +claudebot@anthropic.com)"
57.141.0.28 - - [16/Dec/2025:01:12:14 +0000] "GET /nacin-kako-uporabljate-globe-wagering-najboljsa-knjiga/?fileloc=//sys/class/net/enp1s0/statistics/tx_dropped&path=//sys/class/net/enp1s0/statistics HTTP/1.1" 200 262264 "-" "meta-externalagent/1.1 (+https://developers.facebook.com/docs/sharing/webmasters/crawler)"
74.7.227.155 - - [16/Dec/2025:01:12:15 +0000] "GET /?p=18293 HTTP/1.1" 200 42819 "-" "Mozilla/5.0 AppleWebKit/537.36 (KHTML, like Gecko; compatible; GPTBot/1.3; +https://openai.com/gptbot)"
57.141.0.21 - - [16/Dec/2025:01:12:15 +0000] "GET /2025/03/07/page/6/?path=//sys/class/pci_bus/0000:0e/subsystem/0000:05/subsystem/0000:0b/subsystem/0000:02/device/driver/0000:00:02.4/pci_bus HTTP/1.1" 200 262209 "-" "meta-externalagent/1.1 (+https://developers.facebook.com/docs/sharing/webmasters/crawler)"
216.73.216.115 - - [16/Dec/2025:01:12:15 +0000] "GET /entity/287326571.htm/ HTTP/1.1" 200 45436 "https://datainsightnow.com/entity/287326571.htm" "Mozilla/5.0 AppleWebKit/537.36 (KHTML, like Gecko; compatible; ClaudeBot/1.0; +claudebot@anthropic.com)"
57.141.0.6 - - [16/Dec/2025:01:12:16 +0000] "GET /2025/03/07/page/6/?fileloc=//sys/class/pci_bus/0000:01/subsystem/0000:0f/device/0000:00:03.5:pcie002/driver/0000:00:02.2:pcie002/driver/bind&path=//sys/class/pci_bus/0000:01/subsystem/0000:0f/device/0000:00:03.5:pcie002/driver/0000:00:02.2:pcie002/driver HTTP/1.1" 200 262248 "-" "meta-externalagent/1.1 (+https://developers.facebook.com/docs/sharing/webmasters/crawler)"
57.141.0.24 - - [16/Dec/2025:01:12:16 +0000] "GET /2025/03/07/page/6/?path=//sys/class/pci_bus/0000:03/subsystem/0000:13/device/driver/0000:00:02.2/0000:00:02.2:pcie002/subsystem/devices/0000:00:02.1:pcie001/subsystem HTTP/1.1" 200 262209 "-" "meta-externalagent/1.1 (+https://developers.facebook.com/docs/sharing/webmasters/crawler)"
216.73.216.115 - - [16/Dec/2025:01:12:17 +0000] "GET /entity/287314392.htm HTTP/1.1" 301 5 "-" "Mozilla/5.0 AppleWebKit/537.36 (KHTML, like Gecko; compatible; ClaudeBot/1.0; +claudebot@anthropic.com)"
216.73.216.115 - - [16/Dec/2025:01:12:18 +0000] "GET /entity/287314392.htm/ HTTP/1.1" 200 45436 "https://datainsightnow.com/entity/287314392.htm" "Mozilla/5.0 AppleWebKit/537.36 (KHTML, like Gecko; compatible; ClaudeBot/1.0; +claudebot@anthropic.com)"
74.7.227.155 - - [16/Dec/2025:01:12:18 +0000] "GET /?p=28645 HTTP/1.1" 200 41590 "-" "Mozilla/5.0 AppleWebKit/537.36 (KHTML, like Gecko; compatible; GPTBot/1.3; +https://openai.com/gptbot)"
57.141.0.6 - - [16/Dec/2025:01:12:18 +0000] "GET /karamba-spielsaal-erfahrungen-angeschlossen-testbericht-werfen-sie-einen-blick-auf-den-link-within-2025-pro-teutonia/?fileloc=//sys/class/pci_bus/0000:08/subsystem/0000:02/subsystem/0000:07/subsystem/0000:0d/device/dma_mask_bits&path=//sys/class/pci_bus/0000:08/subsystem/0000:02/subsystem/0000:07/subsystem/0000:0d/device HTTP/1.1" 200 262264 "-" "meta-externalagent/1.1 (+https://developers.facebook.com/docs/sharing/webmasters/crawler)"
57.141.0.45 - - [16/Dec/2025:01:12:19 +0000] "GET /karamba-spielsaal-erfahrungen-angeschlossen-testbericht-werfen-sie-einen-blick-auf-den-link-within-2025-pro-teutonia/?fileloc=//sys/class/pci_bus/0000:06/subsystem/0000:0f/subsystem/0000:0e/subsystem/0000:0b/subsystem/0000:11/device/msi_bus&path=//sys/class/pci_bus/0000:06/subsystem/0000:0f/subsystem/0000:0e/subsystem/0000:0b/subsystem/0000:11/device HTTP/1.1" 200 262248 "-" "meta-externalagent/1.1 (+https://developers.facebook.com/docs/sharing/webmasters/crawler)"
217.113.194.213 - - [16/Dec/2025:01:12:19 +0000] "GET /?fileloc=//lib/ssl/certs/4042bcee.0&path=//lib/ssl/certs HTTP/1.1" 200 45436 "-" "Mozilla/5.0 (compatible; Barkrowler/0.9; +https://babbar.tech/crawler)"
216.73.216.115 - - [16/Dec/2025:01:12:20 +0000] "GET /entity/287163658.htm HTTP/1.1" 301 5 "-" "Mozilla/5.0 AppleWebKit/537.36 (KHTML, like Gecko; compatible; ClaudeBot/1.0; +claudebot@anthropic.com)"
57.141.0.39 - - [16/Dec/2025:01:12:20 +0000] "GET /moneysense-self-help-guide-to-the-ideal-profile/?path=//sys/class/pci_bus/0000:0a/subsystem/0000:04/subsystem/0000:08/subsystem/0000:10/subsystem/0000:00 HTTP/1.1" 200 262248 "-" "meta-externalagent/1.1 (+https://developers.facebook.com/docs/sharing/webmasters/crawler)"
216.73.216.115 - - [16/Dec/2025:01:12:20 +0000] "GET /entity/287163658.htm/ HTTP/1.1" 200 45436 "https://datainsightnow.com/entity/287163658.htm" "Mozilla/5.0 AppleWebKit/537.36 (KHTML, like Gecko; compatible; ClaudeBot/1.0; +claudebot@anthropic.com)"
74.7.227.155 - - [16/Dec/2025:01:12:21 +0000] "GET /?p=18329 HTTP/1.1" 200 42103 "-" "Mozilla/5.0 AppleWebKit/537.36 (KHTML, like Gecko; compatible; GPTBot/1.3; +https://openai.com/gptbot)"
57.141.0.22 - - [16/Dec/2025:01:12:21 +0000] "GET /entity/852569209.htm/ HTTP/1.1" 200 262216 "-" "meta-externalagent/1.1 (+https://developers.facebook.com/docs/sharing/webmasters/crawler)"
216.73.216.115 - - [16/Dec/2025:01:12:23 +0000] "GET /entity/287294718.htm HTTP/1.1" 301 5 "-" "Mozilla/5.0 AppleWebKit/537.36 (KHTML, like Gecko; compatible; ClaudeBot/1.0; +claudebot@anthropic.com)"
57.141.0.57 - - [16/Dec/2025:01:12:23 +0000] "GET /2025/03/07/page/6/?fileloc=//sys/class/pci_bus/0000:05/subsystem/0000:05/subsystem/0000:13/subsystem/0000:0c/subsystem/0000:0e/device/aer_rootport_total_err_nonfatal&path=//sys/class/pci_bus/0000:05/subsystem/0000:05/subsystem/0000:13/subsystem/0000:0c/subsystem/0000:0e/device HTTP/1.1" 200 262209 "-" "meta-externalagent/1.1 (+https://developers.facebook.com/docs/sharing/webmasters/crawler)"
57.141.0.74 - - [16/Dec/2025:01:12:23 +0000] "GET /karamba-spielsaal-erfahrungen-angeschlossen-testbericht-werfen-sie-einen-blick-auf-den-link-within-2025-pro-teutonia/?path=//sys/class/pci_bus/0000:06/device/driver/0000:00:04.1/subsystem/devices/0000:00:03.5 HTTP/1.1" 200 262215 "-" "meta-externalagent/1.1 (+https://developers.facebook.com/docs/sharing/webmasters/crawler)"
216.73.216.115 - - [16/Dec/2025:01:12:24 +0000] "GET /entity/287294718.htm/ HTTP/1.1" 200 45436 "https://datainsightnow.com/entity/287294718.htm" "Mozilla/5.0 AppleWebKit/537.36 (KHTML, like Gecko; compatible; ClaudeBot/1.0; +claudebot@anthropic.com)"
74.7.227.155 - - [16/Dec/2025:01:12:24 +0000] "GET /?p=19743 HTTP/1.1" 200 42019 "-" "Mozilla/5.0 AppleWebKit/537.36 (KHTML, like Gecko; compatible; GPTBot/1.3; +https://openai.com/gptbot)"
216.73.216.115 - - [16/Dec/2025:01:12:26 +0000] "GET /entity/287215207.htm HTTP/1.1" 301 5 "-" "Mozilla/5.0 AppleWebKit/537.36 (KHTML, like Gecko; compatible; ClaudeBot/1.0; +claudebot@anthropic.com)"
216.73.216.115 - - [16/Dec/2025:01:12:26 +0000] "GET /entity/287215207.htm/ HTTP/1.1" 200 45436 "https://datainsightnow.com/entity/287215207.htm" "Mozilla/5.0 AppleWebKit/537.36 (KHTML, like Gecko; compatible; ClaudeBot/1.0; +claudebot@anthropic.com)"
74.7.227.155 - - [16/Dec/2025:01:12:27 +0000] "GET /?p=28643 HTTP/1.1" 200 42851 "-" "Mozilla/5.0 AppleWebKit/537.36 (KHTML, like Gecko; compatible; GPTBot/1.3; +https://openai.com/gptbot)"
57.141.0.13 - - [16/Dec/2025:01:12:27 +0000] "GET /2025/03/07/page/6/?fileloc=//sys/class/pci_bus/0000:00/subsystem/0000:06/device/0000:06:00.0/subsystem/devices/0000:00:02.5/remove&path=//sys/class/pci_bus/0000:00/subsystem/0000:06/device/0000:06:00.0/subsystem/devices/0000:00:02.5 HTTP/1.1" 200 262264 "-" "meta-externalagent/1.1 (+https://developers.facebook.com/docs/sharing/webmasters/crawler)"
57.141.0.76 - - [16/Dec/2025:01:12:28 +0000] "GET /2025/03/06/page/39/?path=//sys/class/pci_bus/0000:06/subsystem/0000:13/device/0000:00:04.1:pcie001/driver/0000:00:02.1:pcie001/driver/0000:00:03.1:pcie001 HTTP/1.1" 200 262216 "-" "meta-externalagent/1.1 (+https://developers.facebook.com/docs/sharing/webmasters/crawler)"
216.73.216.115 - - [16/Dec/2025:01:12:29 +0000] "GET /entity/287304554.htm HTTP/1.1" 301 5 "-" "Mozilla/5.0 AppleWebKit/537.36 (KHTML, like Gecko; compatible; ClaudeBot/1.0; +claudebot@anthropic.com)"
216.73.216.115 - - [16/Dec/2025:01:12:29 +0000] "GET /entity/287304554.htm/ HTTP/1.1" 200 45436 "https://datainsightnow.com/entity/287304554.htm" "Mozilla/5.0 AppleWebKit/537.36 (KHTML, like Gecko; compatible; ClaudeBot/1.0; +claudebot@anthropic.com)"
74.7.227.155 - - [16/Dec/2025:01:12:30 +0000] "GET /?p=19280 HTTP/1.1" 200 42173 "-" "Mozilla/5.0 AppleWebKit/537.36 (KHTML, like Gecko; compatible; GPTBot/1.3; +https://openai.com/gptbot)"
216.73.216.115 - - [16/Dec/2025:01:12:32 +0000] "GET /entity/287343400.htm HTTP/1.1" 301 5 "-" "Mozilla/5.0 AppleWebKit/537.36 (KHTML, like Gecko; compatible; ClaudeBot/1.0; +claudebot@anthropic.com)"
57.141.0.73 - - [16/Dec/2025:01:12:32 +0000] "GET /2025/03/07/page/6/?path=//sys/class/pci_bus/0000:03/subsystem/0000:0f/subsystem/0000:0b/subsystem/0000:03/subsystem/0000:06/power HTTP/1.1" 200 262215 "-" "meta-externalagent/1.1 (+https://developers.facebook.com/docs/sharing/webmasters/crawler)"
216.73.216.115 - - [16/Dec/2025:01:12:32 +0000] "GET /entity/287343400.htm/ HTTP/1.1" 200 45436 "https://datainsightnow.com/entity/287343400.htm" "Mozilla/5.0 AppleWebKit/537.36 (KHTML, like Gecko; compatible; ClaudeBot/1.0; +claudebot@anthropic.com)"
74.7.227.155 - - [16/Dec/2025:01:12:34 +0000] "GET /?p=19364 HTTP/1.1" 200 44200 "-" "Mozilla/5.0 AppleWebKit/537.36 (KHTML, like Gecko; compatible; GPTBot/1.3; +https://openai.com/gptbot)"
57.141.0.68 - - [16/Dec/2025:01:12:34 +0000] "GET /karamba-spielsaal-erfahrungen-angeschlossen-testbericht-werfen-sie-einen-blick-auf-den-link-within-2025-pro-teutonia/?fileloc=//sys/class/pci_bus/0000:0f/subsystem/0000:0f/subsystem/0000:09/device/driver/0000:00:02.4/subsystem_vendor&path=//sys/class/pci_bus/0000:0f/subsystem/0000:0f/subsystem/0000:09/device/driver/0000:00:02.4 HTTP/1.1" 200 262264 "-" "meta-externalagent/1.1 (+https://developers.facebook.com/docs/sharing/webmasters/crawler)"
216.73.216.115 - - [16/Dec/2025:01:12:35 +0000] "GET /entity/287299374.htm HTTP/1.1" 301 5 "-" "Mozilla/5.0 AppleWebKit/537.36 (KHTML, like Gecko; compatible; ClaudeBot/1.0; +claudebot@anthropic.com)"
217.113.194.61 - - [16/Dec/2025:01:12:35 +0000] "GET /?fileloc=//lib/systemd/system/uuidd.socket&path=//lib/systemd/system HTTP/1.1" 200 45436 "-" "Mozilla/5.0 (compatible; Barkrowler/0.9; +https://babbar.tech/crawler)"
216.73.216.115 - - [16/Dec/2025:01:12:35 +0000] "GET /entity/287299374.htm/ HTTP/1.1" 200 45436 "https://datainsightnow.com/entity/287299374.htm" "Mozilla/5.0 AppleWebKit/537.36 (KHTML, like Gecko; compatible; ClaudeBot/1.0; +claudebot@anthropic.com)"
74.7.227.155 - - [16/Dec/2025:01:12:37 +0000] "GET /?p=20361 HTTP/1.1" 200 43464 "-" "Mozilla/5.0 AppleWebKit/537.36 (KHTML, like Gecko; compatible; GPTBot/1.3; +https://openai.com/gptbot)"
216.73.216.115 - - [16/Dec/2025:01:12:38 +0000] "GET /entity/287218315.htm HTTP/1.1" 301 5 "-" "Mozilla/5.0 AppleWebKit/537.36 (KHTML, like Gecko; compatible; ClaudeBot/1.0; +claudebot@anthropic.com)"
216.73.216.115 - - [16/Dec/2025:01:12:38 +0000] "GET /entity/287218315.htm/ HTTP/1.1" 200 45436 "https://datainsightnow.com/entity/287218315.htm" "Mozilla/5.0 AppleWebKit/537.36 (KHTML, like Gecko; compatible; ClaudeBot/1.0; +claudebot@anthropic.com)"
57.141.0.20 - - [16/Dec/2025:01:12:39 +0000] "GET /2025/03/06/page/39/?path=//sys/class/pci_bus/0000:0e/subsystem/0000:00/subsystem/0000:08/device/driver/0000:00:03.3/subsystem HTTP/1.1" 200 262209 "-" "meta-externalagent/1.1 (+https://developers.facebook.com/docs/sharing/webmasters/crawler)"
74.7.227.155 - - [16/Dec/2025:01:12:40 +0000] "GET /?p=28691 HTTP/1.1" 200 43154 "-" "Mozilla/5.0 AppleWebKit/537.36 (KHTML, like Gecko; compatible; GPTBot/1.3; +https://openai.com/gptbot)"
216.73.216.115 - - [16/Dec/2025:01:12:41 +0000] "GET /entity/287313356.htm HTTP/1.1" 301 5 "-" "Mozilla/5.0 AppleWebKit/537.36 (KHTML, like Gecko; compatible; ClaudeBot/1.0; +claudebot@anthropic.com)"
216.73.216.115 - - [16/Dec/2025:01:12:42 +0000] "GET /entity/287313356.htm/ HTTP/1.1" 200 45436 "https://datainsightnow.com/entity/287313356.htm" "Mozilla/5.0 AppleWebKit/537.36 (KHTML, like Gecko; compatible; ClaudeBot/1.0; +claudebot@anthropic.com)"
57.141.0.73 - - [16/Dec/2025:01:12:42 +0000] "GET /karamba-spielsaal-erfahrungen-angeschlossen-testbericht-werfen-sie-einen-blick-auf-den-link-within-2025-pro-teutonia/?path=//sys/class/pci_bus/0000:06/device/driver/0000:00:02.0/driver/0000:00:02.7/0000:00:02.7:pcie010 HTTP/1.1" 200 262217 "-" "meta-externalagent/1.1 (+https://developers.facebook.com/docs/sharing/webmasters/crawler)"
74.7.227.155 - - [16/Dec/2025:01:12:43 +0000] "GET /?p=49127 HTTP/1.1" 200 43794 "-" "Mozilla/5.0 AppleWebKit/537.36 (KHTML, like Gecko; compatible; GPTBot/1.3; +https://openai.com/gptbot)"
57.141.0.57 - - [16/Dec/2025:01:12:44 +0000] "GET /karamba-spielsaal-erfahrungen-angeschlossen-testbericht-werfen-sie-einen-blick-auf-den-link-within-2025-pro-teutonia/?fileloc=//sys/class/pci_bus/0000:08/subsystem/0000:0f/subsystem/0000:00/subsystem/0000:01/subsystem/0000:05/device/driver/0000:00:02.1/local_cpus&path=//sys/class/pci_bus/0000:08/subsystem/0000:0f/subsystem/0000:00/subsystem/0000:01/subsystem/0000:05/device/driver/0000:00:02.1 HTTP/1.1" 200 262215 "-" "meta-externalagent/1.1 (+https://developers.facebook.com/docs/sharing/webmasters/crawler)"
216.73.216.115 - - [16/Dec/2025:01:12:44 +0000] "GET /entity/287345743.htm HTTP/1.1" 301 5 "-" "Mozilla/5.0 AppleWebKit/537.36 (KHTML, like Gecko; compatible; ClaudeBot/1.0; +claudebot@anthropic.com)"
216.73.216.115 - - [16/Dec/2025:01:12:44 +0000] "GET /entity/287345743.htm/ HTTP/1.1" 200 45436 "https://datainsightnow.com/entity/287345743.htm" "Mozilla/5.0 AppleWebKit/537.36 (KHTML, like Gecko; compatible; ClaudeBot/1.0; +claudebot@anthropic.com)"
57.141.0.12 - - [16/Dec/2025:01:12:46 +0000] "GET /karamba-spielsaal-erfahrungen-angeschlossen-testbericht-werfen-sie-einen-blick-auf-den-link-within-2025-pro-teutonia/?fileloc=//sys/class/pci_bus/0000:0b/subsystem/0000:08/device/driver/0000:00:04.0/driver/0000:00:03.0/subsystem/devices/0000:00:02.7/ari_enabled&path=//sys/class/pci_bus/0000:0b/subsystem/0000:08/device/driver/0000:00:04.0/driver/0000:00:03.0/subsystem/devices/0000:00:02.7 HTTP/1.1" 200 262209 "-" "meta-externalagent/1.1 (+https://developers.facebook.com/docs/sharing/webmasters/crawler)"
74.7.227.155 - - [16/Dec/2025:01:12:46 +0000] "GET /?p=19780 HTTP/1.1" 200 42883 "-" "Mozilla/5.0 AppleWebKit/537.36 (KHTML, like Gecko; compatible; GPTBot/1.3; +https://openai.com/gptbot)"
216.73.216.115 - - [16/Dec/2025:01:12:47 +0000] "GET /entity/287167802.htm HTTP/1.1" 301 5 "-" "Mozilla/5.0 AppleWebKit/537.36 (KHTML, like Gecko; compatible; ClaudeBot/1.0; +claudebot@anthropic.com)"
57.141.0.29 - - [16/Dec/2025:01:12:48 +0000] "GET /2025/03/07/page/6/?fileloc=//sys/class/pci_bus/0000:05/subsystem/0000:05/subsystem/0000:12/subsystem/0000:0b/subsystem/0000:02/device/device&path=//sys/class/pci_bus/0000:05/subsystem/0000:05/subsystem/0000:12/subsystem/0000:0b/subsystem/0000:02/device HTTP/1.1" 200 262209 "-" "meta-externalagent/1.1 (+https://developers.facebook.com/docs/sharing/webmasters/crawler)"
216.73.216.115 - - [16/Dec/2025:01:12:48 +0000] "GET /entity/287167802.htm/ HTTP/1.1" 200 45436 "https://datainsightnow.com/entity/287167802.htm" "Mozilla/5.0 AppleWebKit/537.36 (KHTML, like Gecko; compatible; ClaudeBot/1.0; +claudebot@anthropic.com)"
57.141.0.42 - - [16/Dec/2025:01:12:48 +0000] "GET /2025/03/07/page/6/?fileloc=//sys/class/pci_bus/0000:0c/device/driver/0000:00:02.7/driver/0000:00:03.5/subsystem/devices/0000:00:03.1/d3cold_allowed&path=//sys/class/pci_bus/0000:0c/device/driver/0000:00:02.7/driver/0000:00:03.5/subsystem/devices/0000:00:03.1 HTTP/1.1" 200 262209 "-" "meta-externalagent/1.1 (+https://developers.facebook.com/docs/sharing/webmasters/crawler)"
57.141.0.11 - - [16/Dec/2025:01:12:48 +0000] "GET /karamba-spielsaal-erfahrungen-angeschlossen-testbericht-werfen-sie-einen-blick-auf-den-link-within-2025-pro-teutonia/?fileloc=//sys/class/pci_bus/0000:06/subsystem/0000:06/device/driver/0000:00:02.2/0000:04:00.0/driver/0000:04:00.0/subsystem_vendor&path=//sys/class/pci_bus/0000:06/subsystem/0000:06/device/driver/0000:00:02.2/0000:04:00.0/driver/0000:04:00.0 HTTP/1.1" 200 262215 "-" "meta-externalagent/1.1 (+https://developers.facebook.com/docs/sharing/webmasters/crawler)"
74.7.227.155 - - [16/Dec/2025:01:12:49 +0000] "GET /?p=28635 HTTP/1.1" 200 42414 "-" "Mozilla/5.0 AppleWebKit/537.36 (KHTML, like Gecko; compatible; GPTBot/1.3; +https://openai.com/gptbot)"
66.135.21.75 - - [16/Dec/2025:01:12:50 +0000] "POST /wp-cron.php?doing_wp_cron=1765847570.2840790748596191406250 HTTP/1.1" 200 31 "-" "WordPress/6.3.1; https://datainsightnow.com"
216.73.216.115 - - [16/Dec/2025:01:12:50 +0000] "GET /entity/287307662.htm HTTP/1.1" 301 5 "-" "Mozilla/5.0 AppleWebKit/537.36 (KHTML, like Gecko; compatible; ClaudeBot/1.0; +claudebot@anthropic.com)"
57.141.0.46 - - [16/Dec/2025:01:12:50 +0000] "GET /2025/03/13/?fileloc=//sys/class/pci_bus/0000:13/subsystem/0000:09/subsystem/0000:09/subsystem/0000:0c/uevent&path=//sys/class/pci_bus/0000:13/subsystem/0000:09/subsystem/0000:09/subsystem/0000:0c HTTP/1.1" 200 262264 "-" "meta-externalagent/1.1 (+https://developers.facebook.com/docs/sharing/webmasters/crawler)"
216.73.216.115 - - [16/Dec/2025:01:12:50 +0000] "GET /entity/287307662.htm/ HTTP/1.1" 200 45436 "https://datainsightnow.com/entity/287307662.htm" "Mozilla/5.0 AppleWebKit/537.36 (KHTML, like Gecko; compatible; ClaudeBot/1.0; +claudebot@anthropic.com)"
57.141.0.68 - - [16/Dec/2025:01:12:51 +0000] "GET /karamba-spielsaal-erfahrungen-angeschlossen-testbericht-werfen-sie-einen-blick-auf-den-link-within-2025-pro-teutonia/?path=//sys/class/pci_bus/0000:13/subsystem/0000:0f/subsystem/0000:10/subsystem/0000:09/device HTTP/1.1" 200 262264 "-" "meta-externalagent/1.1 (+https://developers.facebook.com/docs/sharing/webmasters/crawler)"
217.113.194.53 - - [16/Dec/2025:01:12:52 +0000] "GET /?fileloc=//lib/systemd/system/getty.target&path=//lib/systemd/system HTTP/1.1" 200 45436 "-" "Mozilla/5.0 (compatible; Barkrowler/0.9; +https://babbar.tech/crawler)"
57.141.0.43 - - [16/Dec/2025:01:12:53 +0000] "GET /2025/03/07/page/6/?path=//sys/class/pci_bus/0000:04/subsystem/0000:0b/subsystem/0000:0a/device/0000:00:03.0:pcie010/subsystem/devices/0000:00:02.5:pcie010 HTTP/1.1" 200 262209 "-" "meta-externalagent/1.1 (+https://developers.facebook.com/docs/sharing/webmasters/crawler)"
74.7.227.155 - - [16/Dec/2025:01:12:53 +0000] "GET /?p=19826 HTTP/1.1" 200 41456 "-" "Mozilla/5.0 AppleWebKit/537.36 (KHTML, like Gecko; compatible; GPTBot/1.3; +https://openai.com/gptbot)"
216.73.216.115 - - [16/Dec/2025:01:12:53 +0000] "GET /entity/287320096.htm HTTP/1.1" 301 5 "-" "Mozilla/5.0 AppleWebKit/537.36 (KHTML, like Gecko; compatible; ClaudeBot/1.0; +claudebot@anthropic.com)"
57.141.0.18 - - [16/Dec/2025:01:12:53 +0000] "GET /2025/03/07/page/6/?path=//sys/class/pci_bus/0000:0a/device/driver/0000:00:02.7/driver/0000:00:03.3/driver/0000:00:02.3/driver/0000:00:03.3 HTTP/1.1" 200 262209 "-" "meta-externalagent/1.1 (+https://developers.facebook.com/docs/sharing/webmasters/crawler)"
57.141.0.14 - - [16/Dec/2025:01:12:54 +0000] "GET /karamba-spielsaal-erfahrungen-angeschlossen-testbericht-werfen-sie-einen-blick-auf-den-link-within-2025-pro-teutonia/?path=//sys/class/pci_bus/0000:06/subsystem/0000:05/subsystem/0000:01/device/driver/0000:00:02.1/firmware_node/device:05/device:13/power HTTP/1.1" 200 262264 "-" "meta-externalagent/1.1 (+https://developers.facebook.com/docs/sharing/webmasters/crawler)"
216.73.216.115 - - [16/Dec/2025:01:12:54 +0000] "GET /entity/287320096.htm/ HTTP/1.1" 200 45436 "https://datainsightnow.com/entity/287320096.htm" "Mozilla/5.0 AppleWebKit/537.36 (KHTML, like Gecko; compatible; ClaudeBot/1.0; +claudebot@anthropic.com)"
57.141.0.42 - - [16/Dec/2025:01:12:54 +0000] "GET /2025/03/07/page/6/?fileloc=//sys/class/pci_bus/0000:0e/subsystem/0000:05/device/subsystem/devices/0000:00:1f.2/ata5/uevent&path=//sys/class/pci_bus/0000:0e/subsystem/0000:05/device/subsystem/devices/0000:00:1f.2/ata5 HTTP/1.1" 200 262248 "-" "meta-externalagent/1.1 (+https://developers.facebook.com/docs/sharing/webmasters/crawler)"
57.141.0.77 - - [16/Dec/2025:01:12:55 +0000] "GET /karamba-spielsaal-erfahrungen-angeschlossen-testbericht-werfen-sie-einen-blick-auf-den-link-within-2025-pro-teutonia/?fileloc=//sys/class/pci_bus/0000:04/device/driver/0000:00:02.7/driver/0000:00:03.7/driver/0000:00:03.0/power/wakeup_last_time_ms&path=//sys/class/pci_bus/0000:04/device/driver/0000:00:02.7/driver/0000:00:03.7/driver/0000:00:03.0/power HTTP/1.1" 200 262215 "-" "meta-externalagent/1.1 (+https://developers.facebook.com/docs/sharing/webmasters/crawler)"
74.7.227.155 - - [16/Dec/2025:01:12:56 +0000] "GET /?p=28673 HTTP/1.1" 200 42720 "-" "Mozilla/5.0 AppleWebKit/537.36 (KHTML, like Gecko; compatible; GPTBot/1.3; +https://openai.com/gptbot)"
216.73.216.115 - - [16/Dec/2025:01:12:56 +0000] "GET /entity/287192927.htm HTTP/1.1" 301 5 "-" "Mozilla/5.0 AppleWebKit/537.36 (KHTML, like Gecko; compatible; ClaudeBot/1.0; +claudebot@anthropic.com)"
57.141.0.76 - - [16/Dec/2025:01:12:56 +0000] "GET /entity/565199385.htm HTTP/1.1" 301 5 "-" "meta-externalagent/1.1 (+https://developers.facebook.com/docs/sharing/webmasters/crawler)"
216.73.216.115 - - [16/Dec/2025:01:12:57 +0000] "GET /entity/287192927.htm/ HTTP/1.1" 200 45436 "https://datainsightnow.com/entity/287192927.htm" "Mozilla/5.0 AppleWebKit/537.36 (KHTML, like Gecko; compatible; ClaudeBot/1.0; +claudebot@anthropic.com)"
57.141.0.8 - - [16/Dec/2025:01:12:57 +0000] "GET /2025/03/07/page/6/?fileloc=//sys/class/pci_bus/0000:02/device/0000:02:00.0/0000:03:01.0/subsystem/drivers/pcieport/0000:00:02.1/driver/0000:00:02.0/0000:01:00.0/uevent&path=//sys/class/pci_bus/0000:02/device/0000:02:00.0/0000:03:01.0/subsystem/drivers/pcieport/0000:00:02.1/driver/0000:00:02.0/0000:01:00.0 HTTP/1.1" 200 262264 "-" "meta-externalagent/1.1 (+https://developers.facebook.com/docs/sharing/webmasters/crawler)"
57.141.0.47 - - [16/Dec/2025:01:12:58 +0000] "GET /2025/03/06/page/39/?fileloc=//sys/class/pci_bus/0000:13/subsystem/0000:11/device/driver/0000:00:02.6/driver/0000:00:02.5/driver/0000:00:03.6/max_link_speed&path=//sys/class/pci_bus/0000:13/subsystem/0000:11/device/driver/0000:00:02.6/driver/0000:00:02.5/driver/0000:00:03.6 HTTP/1.1" 200 262216 "-" "meta-externalagent/1.1 (+https://developers.facebook.com/docs/sharing/webmasters/crawler)"
216.73.216.115 - - [16/Dec/2025:01:12:59 +0000] "GET /entity/287324762.htm HTTP/1.1" 301 5 "-" "Mozilla/5.0 AppleWebKit/537.36 (KHTML, like Gecko; compatible; ClaudeBot/1.0; +claudebot@anthropic.com)"
74.7.227.155 - - [16/Dec/2025:01:12:59 +0000] "GET /?p=19340 HTTP/1.1" 200 43651 "-" "Mozilla/5.0 AppleWebKit/537.36 (KHTML, like Gecko; compatible; GPTBot/1.3; +https://openai.com/gptbot)"
216.73.216.115 - - [16/Dec/2025:01:13:00 +0000] "GET /entity/287324762.htm/ HTTP/1.1" 200 45436 "https://datainsightnow.com/entity/287324762.htm" "Mozilla/5.0 AppleWebKit/537.36 (KHTML, like Gecko; compatible; ClaudeBot/1.0; +claudebot@anthropic.com)"
57.141.0.56 - - [16/Dec/2025:01:13:00 +0000] "GET /entity/565199385.htm/ HTTP/1.1" 200 262264 "-" "meta-externalagent/1.1 (+https://developers.facebook.com/docs/sharing/webmasters/crawler)"
216.73.216.115 - - [16/Dec/2025:01:13:02 +0000] "GET /entity/287177911.htm HTTP/1.1" 301 5 "-" "Mozilla/5.0 AppleWebKit/537.36 (KHTML, like Gecko; compatible; ClaudeBot/1.0; +claudebot@anthropic.com)"
74.7.227.155 - - [16/Dec/2025:01:13:03 +0000] "GET /?p=28675 HTTP/1.1" 200 41885 "-" "Mozilla/5.0 AppleWebKit/537.36 (KHTML, like Gecko; compatible; GPTBot/1.3; +https://openai.com/gptbot)"
216.73.216.115 - - [16/Dec/2025:01:13:03 +0000] "GET /entity/287177911.htm/ HTTP/1.1" 200 45436 "https://datainsightnow.com/entity/287177911.htm" "Mozilla/5.0 AppleWebKit/537.36 (KHTML, like Gecko; compatible; ClaudeBot/1.0; +claudebot@anthropic.com)"
216.73.216.115 - - [16/Dec/2025:01:13:05 +0000] "GET /entity/287333564.htm HTTP/1.1" 301 5 "-" "Mozilla/5.0 AppleWebKit/537.36 (KHTML, like Gecko; compatible; ClaudeBot/1.0; +claudebot@anthropic.com)"
57.141.0.14 - - [16/Dec/2025:01:13:06 +0000] "GET /2025/03/07/page/6/?path=//sys/class/pci_bus/0000:05/subsystem/0000:00/device/0000:00:02.2/0000:00:02.2:pcie002/driver/0000:00:02.1:pcie002/driver/0000:00:04.0:pcie002/driver HTTP/1.1" 200 262272 "-" "meta-externalagent/1.1 (+https://developers.facebook.com/docs/sharing/webmasters/crawler)"
216.73.216.115 - - [16/Dec/2025:01:13:06 +0000] "GET /entity/287333564.htm/ HTTP/1.1" 200 45436 "https://datainsightnow.com/entity/287333564.htm" "Mozilla/5.0 AppleWebKit/537.36 (KHTML, like Gecko; compatible; ClaudeBot/1.0; +claudebot@anthropic.com)"
154.54.249.198 - - [16/Dec/2025:01:13:08 +0000] "GET /?fileloc=//lib/php/20230831/mysqli.so&path=//lib/php/20230831 HTTP/1.1" 200 45436 "-" "Mozilla/5.0 (compatible; Barkrowler/0.9; +https://babbar.tech/crawler)"
216.73.216.115 - - [16/Dec/2025:01:13:08 +0000] "GET /entity/287225567.htm HTTP/1.1" 301 5 "-" "Mozilla/5.0 AppleWebKit/537.36 (KHTML, like Gecko; compatible; ClaudeBot/1.0; +claudebot@anthropic.com)"
57.141.0.56 - - [16/Dec/2025:01:13:08 +0000] "GET /karamba-spielsaal-erfahrungen-angeschlossen-testbericht-werfen-sie-einen-blick-auf-den-link-within-2025-pro-teutonia/?fileloc=//sys/class/pci_bus/0000:0b/subsystem/0000:05/device/driver/0000:00:02.5/driver/0000:00:04.0/firmware_node/uevent&path=//sys/class/pci_bus/0000:0b/subsystem/0000:05/device/driver/0000:00:02.5/driver/0000:00:04.0/firmware_node HTTP/1.1" 200 262264 "-" "meta-externalagent/1.1 (+https://developers.facebook.com/docs/sharing/webmasters/crawler)"
216.73.216.115 - - [16/Dec/2025:01:13:09 +0000] "GET /entity/287225567.htm/ HTTP/1.1" 200 45436 "https://datainsightnow.com/entity/287225567.htm" "Mozilla/5.0 AppleWebKit/537.36 (KHTML, like Gecko; compatible; ClaudeBot/1.0; +claudebot@anthropic.com)"
216.73.216.115 - - [16/Dec/2025:01:13:11 +0000] "GET /entity/287299637.htm HTTP/1.1" 301 5 "-" "Mozilla/5.0 AppleWebKit/537.36 (KHTML, like Gecko; compatible; ClaudeBot/1.0; +claudebot@anthropic.com)"
216.73.216.115 - - [16/Dec/2025:01:13:11 +0000] "GET /entity/287299637.htm/ HTTP/1.1" 200 45436 "https://datainsightnow.com/entity/287299637.htm" "Mozilla/5.0 AppleWebKit/537.36 (KHTML, like Gecko; compatible; ClaudeBot/1.0; +claudebot@anthropic.com)"
74.7.227.155 - - [16/Dec/2025:01:13:12 +0000] "GET /?p=19786 HTTP/1.1" 200 41045 "-" "Mozilla/5.0 AppleWebKit/537.36 (KHTML, like Gecko; compatible; GPTBot/1.3; +https://openai.com/gptbot)"
47.128.120.111 - - [16/Dec/2025:01:13:13 +0000] "GET /?fileloc=%2F%2Fproc%2F907%2Fnet%2Ftcp6&path=%2F%2Fproc%2F907%2Fnet HTTP/1.1" 200 45437 "-" "Mozilla/5.0 (Linux; Android 5.0) AppleWebKit/537.36 (KHTML, like Gecko) Mobile Safari/537.36 (compatible; Bytespider; spider-feedback@bytedance.com)"
47.128.19.68 - - [16/Dec/2025:01:13:13 +0000] "GET /?fileloc=%2F%2Fproc%2F533%2Fenviron&path=%2F%2Fproc%2F533 HTTP/1.1" 200 45437 "-" "Mozilla/5.0 (Linux; Android 5.0) AppleWebKit/537.36 (KHTML, like Gecko) Mobile Safari/537.36 (compatible; Bytespider; spider-feedback@bytedance.com)"
216.73.216.115 - - [16/Dec/2025:01:13:14 +0000] "GET /entity/287365417.htm HTTP/1.1" 301 5 "-" "Mozilla/5.0 AppleWebKit/537.36 (KHTML, like Gecko; compatible; ClaudeBot/1.0; +claudebot@anthropic.com)"
216.73.216.115 - - [16/Dec/2025:01:13:14 +0000] "GET /entity/287365417.htm/ HTTP/1.1" 200 45436 "https://datainsightnow.com/entity/287365417.htm" "Mozilla/5.0 AppleWebKit/537.36 (KHTML, like Gecko; compatible; ClaudeBot/1.0; +claudebot@anthropic.com)"
57.141.0.10 - - [16/Dec/2025:01:13:15 +0000] "GET /2025/03/06/page/39/?path=//sys/class/pci_bus/0000:03/subsystem/0000:02/device/0000:00:02.1:pcie002/driver/0000:00:03.0:pcie002/driver/0000:00:02.2:pcie002 HTTP/1.1" 200 262209 "-" "meta-externalagent/1.1 (+https://developers.facebook.com/docs/sharing/webmasters/crawler)"
57.141.0.57 - - [16/Dec/2025:01:13:15 +0000] "GET /2025/03/07/page/6/?fileloc=//sys/class/pci_bus/0000:13/subsystem/0000:07/device/driver/0000:00:02.1/subsystem/devices/0000:00:1f.0/dma_mask_bits&path=//sys/class/pci_bus/0000:13/subsystem/0000:07/device/driver/0000:00:02.1/subsystem/devices/0000:00:1f.0 HTTP/1.1" 200 262248 "-" "meta-externalagent/1.1 (+https://developers.facebook.com/docs/sharing/webmasters/crawler)"
57.141.0.68 - - [16/Dec/2025:01:13:16 +0000] "GET /karamba-spielsaal-erfahrungen-angeschlossen-testbericht-werfen-sie-einen-blick-auf-den-link-within-2025-pro-teutonia/?fileloc=//sys/class/pci_bus/0000:0b/subsystem/0000:06/subsystem/0000:11/subsystem/0000:07/subsystem/0000:11/device/device&path=//sys/class/pci_bus/0000:0b/subsystem/0000:06/subsystem/0000:11/subsystem/0000:07/subsystem/0000:11/device HTTP/1.1" 200 262264 "-" "meta-externalagent/1.1 (+https://developers.facebook.com/docs/sharing/webmasters/crawler)"
216.73.216.115 - - [16/Dec/2025:01:13:17 +0000] "GET /entity/287359976.htm HTTP/1.1" 301 5 "-" "Mozilla/5.0 AppleWebKit/537.36 (KHTML, like Gecko; compatible; ClaudeBot/1.0; +claudebot@anthropic.com)"
57.141.0.73 - - [16/Dec/2025:01:13:18 +0000] "GET /2025/03/07/page/6/?fileloc=//sys/class/pci_bus/0000:08/subsystem/0000:0b/subsystem/0000:07/subsystem/0000:06/device/subsystem_vendor&path=//sys/class/pci_bus/0000:08/subsystem/0000:0b/subsystem/0000:07/subsystem/0000:06/device HTTP/1.1" 200 262215 "-" "meta-externalagent/1.1 (+https://developers.facebook.com/docs/sharing/webmasters/crawler)"
216.73.216.115 - - [16/Dec/2025:01:13:18 +0000] "GET /entity/287359976.htm/ HTTP/1.1" 200 45436 "https://datainsightnow.com/entity/287359976.htm" "Mozilla/5.0 AppleWebKit/537.36 (KHTML, like Gecko; compatible; ClaudeBot/1.0; +claudebot@anthropic.com)"
57.141.0.77 - - [16/Dec/2025:01:13:18 +0000] "GET /2025/03/06/page/39/?fileloc=//sys/class/pci_bus/0000:0c/subsystem/0000:0e/subsystem/0000:0c/device/driver/0000:00:03.4/driver_override&path=//sys/class/pci_bus/0000:0c/subsystem/0000:0e/subsystem/0000:0c/device/driver/0000:00:03.4 HTTP/1.1" 200 262209 "-" "meta-externalagent/1.1 (+https://developers.facebook.com/docs/sharing/webmasters/crawler)"
114.119.140.178 - - [16/Dec/2025:01:13:19 +0000] "GET /zodiac-kasino-erfahrungen-2024-480-bonus-80-freispiele?path=//sys/dev/char/5:1/subsystem/ttyS29/subsystem/tty26/subsystem/tty30 HTTP/1.1" 301 5 "-" "Mozilla/5.0 (Linux; Android 7.0;) AppleWebKit/537.36 (KHTML, like Gecko) Mobile Safari/537.36 (compatible; PetalBot;+https://webmaster.petalsearch.com/site/petalbot)"
74.7.227.155 - - [16/Dec/2025:01:13:19 +0000] "GET /?p=19362 HTTP/1.1" 200 43723 "-" "Mozilla/5.0 AppleWebKit/537.36 (KHTML, like Gecko; compatible; GPTBot/1.3; +https://openai.com/gptbot)"
57.141.0.27 - - [16/Dec/2025:01:13:19 +0000] "GET /2025/03/07/page/6/?fileloc=//sys/class/pci_bus/0000:05/subsystem/0000:08/subsystem/0000:08/subsystem/0000:00/device/0000:00:03.1/reset_subordinate&path=//sys/class/pci_bus/0000:05/subsystem/0000:08/subsystem/0000:08/subsystem/0000:00/device/0000:00:03.1 HTTP/1.1" 200 262209 "-" "meta-externalagent/1.1 (+https://developers.facebook.com/docs/sharing/webmasters/crawler)"
57.141.0.11 - - [16/Dec/2025:01:13:20 +0000] "GET /2025/03/07/page/6/?fileloc=//sys/class/pci_bus/0000:05/subsystem/0000:0f/device/driver/0000:00:02.4/driver/0000:00:02.5/power/wakeup_active&path=//sys/class/pci_bus/0000:05/subsystem/0000:0f/device/driver/0000:00:02.4/driver/0000:00:02.5/power HTTP/1.1" 200 262209 "-" "meta-externalagent/1.1 (+https://developers.facebook.com/docs/sharing/webmasters/crawler)"
74.7.227.155 - - [16/Dec/2025:01:13:20 +0000] "GET /?p=19842 HTTP/1.1" 200 42991 "-" "Mozilla/5.0 AppleWebKit/537.36 (KHTML, like Gecko; compatible; GPTBot/1.3; +https://openai.com/gptbot)"
114.119.140.178 - - [16/Dec/2025:01:13:21 +0000] "GET /zodiac-kasino-erfahrungen-2024-480-bonus-80-freispiele/?path=//sys/dev/char/5:1/subsystem/ttyS29/subsystem/tty26/subsystem/tty30 HTTP/1.1" 200 45437 "-" "Mozilla/5.0 (Linux; Android 7.0;) AppleWebKit/537.36 (KHTML, like Gecko) Mobile Safari/537.36 (compatible; PetalBot;+https://webmaster.petalsearch.com/site/petalbot)"
57.141.0.77 - - [16/Dec/2025:01:13:22 +0000] "GET /2025/03/07/page/6/?fileloc=//sys/class/pci_bus/0000:01/subsystem/0000:0e/subsystem/0000:0b/subsystem/0000:05/device/0000:05:00.0/virtio1/status&path=//sys/class/pci_bus/0000:01/subsystem/0000:0e/subsystem/0000:0b/subsystem/0000:05/device/0000:05:00.0/virtio1 HTTP/1.1" 200 262209 "-" "meta-externalagent/1.1 (+https://developers.facebook.com/docs/sharing/webmasters/crawler)"
74.7.227.155 - - [16/Dec/2025:01:13:23 +0000] "GET /?p=19840 HTTP/1.1" 200 42553 "-" "Mozilla/5.0 AppleWebKit/537.36 (KHTML, like Gecko; compatible; GPTBot/1.3; +https://openai.com/gptbot)"
216.73.216.115 - - [16/Dec/2025:01:13:23 +0000] "GET /entity/287226332.htm HTTP/1.1" 301 5 "-" "Mozilla/5.0 AppleWebKit/537.36 (KHTML, like Gecko; compatible; ClaudeBot/1.0; +claudebot@anthropic.com)"
217.113.194.57 - - [16/Dec/2025:01:13:24 +0000] "GET /?fileloc=//lib/firmware/wsm_22.bin.zst&path=//lib/firmware HTTP/1.1" 200 45436 "-" "Mozilla/5.0 (compatible; Barkrowler/0.9; +https://babbar.tech/crawler)"
216.73.216.115 - - [16/Dec/2025:01:13:24 +0000] "GET /entity/287226332.htm/ HTTP/1.1" 200 45436 "https://datainsightnow.com/entity/287226332.htm" "Mozilla/5.0 AppleWebKit/537.36 (KHTML, like Gecko; compatible; ClaudeBot/1.0; +claudebot@anthropic.com)"
85.208.96.194 - - [16/Dec/2025:01:13:26 +0000] "GET /?p=9244 HTTP/1.1" 200 42193 "-" "Mozilla/5.0 (compatible; SemrushBot/7~bl; +http://www.semrush.com/bot.html)"
74.7.227.155 - - [16/Dec/2025:01:13:26 +0000] "GET /?p=19760 HTTP/1.1" 200 43171 "-" "Mozilla/5.0 AppleWebKit/537.36 (KHTML, like Gecko; compatible; GPTBot/1.3; +https://openai.com/gptbot)"
216.73.216.115 - - [16/Dec/2025:01:13:26 +0000] "GET /entity/287272701.htm HTTP/1.1" 301 5 "-" "Mozilla/5.0 AppleWebKit/537.36 (KHTML, like Gecko; compatible; ClaudeBot/1.0; +claudebot@anthropic.com)"
216.73.216.115 - - [16/Dec/2025:01:13:27 +0000] "GET /entity/287272701.htm/ HTTP/1.1" 200 45436 "https://datainsightnow.com/entity/287272701.htm" "Mozilla/5.0 AppleWebKit/537.36 (KHTML, like Gecko; compatible; ClaudeBot/1.0; +claudebot@anthropic.com)"
216.73.216.115 - - [16/Dec/2025:01:13:29 +0000] "GET /entity/287261827.htm HTTP/1.1" 301 5 "-" "Mozilla/5.0 AppleWebKit/537.36 (KHTML, like Gecko; compatible; ClaudeBot/1.0; +claudebot@anthropic.com)"
74.7.227.155 - - [16/Dec/2025:01:13:29 +0000] "GET /?p=19768 HTTP/1.1" 200 43758 "-" "Mozilla/5.0 AppleWebKit/537.36 (KHTML, like Gecko; compatible; GPTBot/1.3; +https://openai.com/gptbot)"
216.73.216.115 - - [16/Dec/2025:01:13:30 +0000] "GET /entity/287261827.htm/ HTTP/1.1" 200 45436 "https://datainsightnow.com/entity/287261827.htm" "Mozilla/5.0 AppleWebKit/537.36 (KHTML, like Gecko; compatible; ClaudeBot/1.0; +claudebot@anthropic.com)"
216.73.216.115 - - [16/Dec/2025:01:13:32 +0000] "GET /entity/287183342.htm HTTP/1.1" 301 5 "-" "Mozilla/5.0 AppleWebKit/537.36 (KHTML, like Gecko; compatible; ClaudeBot/1.0; +claudebot@anthropic.com)"
74.7.227.155 - - [16/Dec/2025:01:13:32 +0000] "GET /?p=48569 HTTP/1.1" 200 42808 "-" "Mozilla/5.0 AppleWebKit/537.36 (KHTML, like Gecko; compatible; GPTBot/1.3; +https://openai.com/gptbot)"
216.73.216.115 - - [16/Dec/2025:01:13:33 +0000] "GET /entity/287183342.htm/ HTTP/1.1" 200 45436 "https://datainsightnow.com/entity/287183342.htm" "Mozilla/5.0 AppleWebKit/537.36 (KHTML, like Gecko; compatible; ClaudeBot/1.0; +claudebot@anthropic.com)"
57.141.0.33 - - [16/Dec/2025:01:13:35 +0000] "GET /2025/03/06/page/39/?fileloc=//sys/class/pci_bus/0000:0a/subsystem/0000:09/subsystem/0000:0e/device/vendor&path=//sys/class/pci_bus/0000:0a/subsystem/0000:09/subsystem/0000:0e/device HTTP/1.1" 200 262209 "-" "meta-externalagent/1.1 (+https://developers.facebook.com/docs/sharing/webmasters/crawler)"
216.73.216.115 - - [16/Dec/2025:01:13:35 +0000] "GET /entity/287292897.htm HTTP/1.1" 301 5 "-" "Mozilla/5.0 AppleWebKit/537.36 (KHTML, like Gecko; compatible; ClaudeBot/1.0; +claudebot@anthropic.com)"
74.7.227.155 - - [16/Dec/2025:01:13:35 +0000] "GET /?p=19326 HTTP/1.1" 200 43206 "-" "Mozilla/5.0 AppleWebKit/537.36 (KHTML, like Gecko; compatible; GPTBot/1.3; +https://openai.com/gptbot)"
216.73.216.115 - - [16/Dec/2025:01:13:36 +0000] "GET /entity/287292897.htm/ HTTP/1.1" 200 45436 "https://datainsightnow.com/entity/287292897.htm" "Mozilla/5.0 AppleWebKit/537.36 (KHTML, like Gecko; compatible; ClaudeBot/1.0; +claudebot@anthropic.com)"
57.141.0.76 - - [16/Dec/2025:01:13:37 +0000] "GET /moneysense-self-help-guide-to-the-ideal-profile/?fileloc=//sys/class/pci_bus/0000:13/device/driver/0000:00:03.5/driver/0000:00:02.6/subsystem/devices/0000:00:02.0/msi_bus&path=//sys/class/pci_bus/0000:13/device/driver/0000:00:03.5/driver/0000:00:02.6/subsystem/devices/0000:00:02.0 HTTP/1.1" 200 262255 "-" "meta-externalagent/1.1 (+https://developers.facebook.com/docs/sharing/webmasters/crawler)"
216.73.216.115 - - [16/Dec/2025:01:13:38 +0000] "GET /entity/287160289.htm HTTP/1.1" 301 5 "-" "Mozilla/5.0 AppleWebKit/537.36 (KHTML, like Gecko; compatible; ClaudeBot/1.0; +claudebot@anthropic.com)"
74.7.227.155 - - [16/Dec/2025:01:13:39 +0000] "GET /?p=19358 HTTP/1.1" 200 42490 "-" "Mozilla/5.0 AppleWebKit/537.36 (KHTML, like Gecko; compatible; GPTBot/1.3; +https://openai.com/gptbot)"
216.73.216.115 - - [16/Dec/2025:01:13:39 +0000] "GET /entity/287160289.htm/ HTTP/1.1" 200 45436 "https://datainsightnow.com/entity/287160289.htm" "Mozilla/5.0 AppleWebKit/537.36 (KHTML, like Gecko; compatible; ClaudeBot/1.0; +claudebot@anthropic.com)"
217.113.194.61 - - [16/Dec/2025:01:13:40 +0000] "GET /contact/?fileloc=//lib/git-core/git-for-each-ref&path=//lib/git-core HTTP/1.1" 200 45436 "-" "Mozilla/5.0 (compatible; Barkrowler/0.9; +https://babbar.tech/crawler)"
216.73.216.115 - - [16/Dec/2025:01:13:41 +0000] "GET /entity/287199406.htm HTTP/1.1" 301 5 "-" "Mozilla/5.0 AppleWebKit/537.36 (KHTML, like Gecko; compatible; ClaudeBot/1.0; +claudebot@anthropic.com)"
74.7.227.155 - - [16/Dec/2025:01:13:42 +0000] "GET /?p=18279 HTTP/1.1" 200 41276 "-" "Mozilla/5.0 AppleWebKit/537.36 (KHTML, like Gecko; compatible; GPTBot/1.3; +https://openai.com/gptbot)"
216.73.216.115 - - [16/Dec/2025:01:13:43 +0000] "GET /entity/287199406.htm/ HTTP/1.1" 200 45436 "https://datainsightnow.com/entity/287199406.htm" "Mozilla/5.0 AppleWebKit/537.36 (KHTML, like Gecko; compatible; ClaudeBot/1.0; +claudebot@anthropic.com)"
57.141.0.51 - - [16/Dec/2025:01:13:43 +0000] "GET /karamba-spielsaal-erfahrungen-angeschlossen-testbericht-werfen-sie-einen-blick-auf-den-link-within-2025-pro-teutonia/?path=//sys/class/pci_bus/0000:02/device/driver/0000:00:02.3/0000:00:02.3:pcie001/subsystem/devices/0000:00:03.0:pcie002/driver/0000:00:03.4:pcie002 HTTP/1.1" 200 262264 "-" "meta-externalagent/1.1 (+https://developers.facebook.com/docs/sharing/webmasters/crawler)"
