66.249.72.226 - - [16/Dec/2025:01:15:36 +0000] "GET /?fileloc=//sys/class/sound/card0/device/subsystem/devices/0000:00:02.2/subsystem/devices/0000:00:02.4/0000:06:00.0/subsystem/devices/0000:00:03.7/subordinate_bus_number&path=//sys/class/sound/card0/device/subsystem/devices/0000:00:02.2/subsystem/devices/0000:00:02.4/0000:06:00.0/subsystem/devices/0000:00:03.7 HTTP/1.1" 200 45437 "-" "Mozilla/5.0 (Linux; Android 6.0.1; Nexus 5X Build/MMB29P) AppleWebKit/537.36 (KHTML, like Gecko) Chrome/141.0.7390.122 Mobile Safari/537.36 (compatible; Googlebot/2.1; +http://www.google.com/bot.html)"
57.141.0.26 - - [16/Dec/2025:01:15:36 +0000] "GET /karamba-spielsaal-erfahrungen-angeschlossen-testbericht-werfen-sie-einen-blick-auf-den-link-within-2025-pro-teutonia/?fileloc=//sys/class/pci_bus/0000:02/subsystem/0000:00/device/0000:00:02.4/driver/0000:00:02.7/driver/0000:00:02.1/power/runtime_active_time&path=//sys/class/pci_bus/0000:02/subsystem/0000:00/device/0000:00:02.4/driver/0000:00:02.7/driver/0000:00:02.1/power HTTP/1.1" 200 262264 "-" "meta-externalagent/1.1 (+https://developers.facebook.com/docs/sharing/webmasters/crawler)"
66.249.72.226 - - [16/Dec/2025:01:15:36 +0000] "GET /?fileloc=//sys/class/sound/card0/device/subsystem/devices/0000:00:02.2/subsystem/devices/0000:00:03.4/driver/0000:00:02.1/driver/0000:00:03.3/driver/0000:00:02.1/driver/0000:00:02.1/dma_mask_bits&path=//sys/class/sound/card0/device/subsystem/devices/0000:00:02.2/subsystem/devices/0000:00:03.4/driver/0000:00:02.1/driver/0000:00:03.3/driver/0000:00:02.1/driver/0000:00:02.1 HTTP/1.1" 200 45437 "-" "Mozilla/5.0 (Linux; Android 6.0.1; Nexus 5X Build/MMB29P) AppleWebKit/537.36 (KHTML, like Gecko) Chrome/141.0.7390.122 Mobile Safari/537.36 (compatible; Googlebot/2.1; +http://www.google.com/bot.html)"
57.141.0.41 - - [16/Dec/2025:01:15:37 +0000] "GET /karamba-spielsaal-erfahrungen-angeschlossen-testbericht-werfen-sie-einen-blick-auf-den-link-within-2025-pro-teutonia/?fileloc=//sys/class/pci_bus/0000:05/device/driver/0000:00:02.0/subsystem/devices/0000:09:00.0/max_link_width&path=//sys/class/pci_bus/0000:05/device/driver/0000:00:02.0/subsystem/devices/0000:09:00.0 HTTP/1.1" 200 262215 "-" "meta-externalagent/1.1 (+https://developers.facebook.com/docs/sharing/webmasters/crawler)"
216.73.216.115 - - [16/Dec/2025:01:15:37 +0000] "GET /entity/287381220.htm HTTP/1.1" 301 5 "-" "Mozilla/5.0 AppleWebKit/537.36 (KHTML, like Gecko; compatible; ClaudeBot/1.0; +claudebot@anthropic.com)"
57.141.0.4 - - [16/Dec/2025:01:15:38 +0000] "GET /karamba-spielsaal-erfahrungen-angeschlossen-testbericht-werfen-sie-einen-blick-auf-den-link-within-2025-pro-teutonia/?fileloc=//sys/class/pci_bus/0000:0d/subsystem/0000:13/subsystem/0000:0e/subsystem/0000:04/device/device&path=//sys/class/pci_bus/0000:0d/subsystem/0000:13/subsystem/0000:0e/subsystem/0000:04/device HTTP/1.1" 200 262248 "-" "meta-externalagent/1.1 (+https://developers.facebook.com/docs/sharing/webmasters/crawler)"
216.73.216.115 - - [16/Dec/2025:01:15:38 +0000] "GET /entity/287381220.htm/ HTTP/1.1" 200 45436 "https://datainsightnow.com/entity/287381220.htm" "Mozilla/5.0 AppleWebKit/537.36 (KHTML, like Gecko; compatible; ClaudeBot/1.0; +claudebot@anthropic.com)"
216.73.216.115 - - [16/Dec/2025:01:15:40 +0000] "GET /entity/287188261.htm HTTP/1.1" 301 5 "-" "Mozilla/5.0 AppleWebKit/537.36 (KHTML, like Gecko; compatible; ClaudeBot/1.0; +claudebot@anthropic.com)"
216.73.216.115 - - [16/Dec/2025:01:15:40 +0000] "GET /entity/287188261.htm/ HTTP/1.1" 200 45436 "https://datainsightnow.com/entity/287188261.htm" "Mozilla/5.0 AppleWebKit/537.36 (KHTML, like Gecko; compatible; ClaudeBot/1.0; +claudebot@anthropic.com)"
57.141.0.59 - - [16/Dec/2025:01:15:42 +0000] "GET /2025/03/07/page/6/?fileloc=//sys/class/pci_bus/0000:13/subsystem/0000:02/subsystem/0000:01/subsystem/0000:0c/device/driver/0000:00:03.6/rescan&path=//sys/class/pci_bus/0000:13/subsystem/0000:02/subsystem/0000:01/subsystem/0000:0c/device/driver/0000:00:03.6 HTTP/1.1" 200 262209 "-" "meta-externalagent/1.1 (+https://developers.facebook.com/docs/sharing/webmasters/crawler)"
57.141.0.6 - - [16/Dec/2025:01:15:42 +0000] "GET /karamba-spielsaal-erfahrungen-angeschlossen-testbericht-werfen-sie-einen-blick-auf-den-link-within-2025-pro-teutonia/?fileloc=//sys/class/pci_bus/0000:06/subsystem/0000:11/subsystem/0000:12/subsystem/0000:00/device/0000:00:03.3/aer_dev_nonfatal&path=//sys/class/pci_bus/0000:06/subsystem/0000:11/subsystem/0000:12/subsystem/0000:00/device/0000:00:03.3 HTTP/1.1" 200 262217 "-" "meta-externalagent/1.1 (+https://developers.facebook.com/docs/sharing/webmasters/crawler)"
74.7.227.155 - - [16/Dec/2025:01:15:42 +0000] "GET /?p=19368 HTTP/1.1" 200 43464 "-" "Mozilla/5.0 AppleWebKit/537.36 (KHTML, like Gecko; compatible; GPTBot/1.3; +https://openai.com/gptbot)"
216.73.216.115 - - [16/Dec/2025:01:15:43 +0000] "GET /entity/287262863.htm HTTP/1.1" 301 5 "-" "Mozilla/5.0 AppleWebKit/537.36 (KHTML, like Gecko; compatible; ClaudeBot/1.0; +claudebot@anthropic.com)"
216.73.216.115 - - [16/Dec/2025:01:15:43 +0000] "GET /entity/287262863.htm/ HTTP/1.1" 200 45436 "https://datainsightnow.com/entity/287262863.htm" "Mozilla/5.0 AppleWebKit/537.36 (KHTML, like Gecko; compatible; ClaudeBot/1.0; +claudebot@anthropic.com)"
216.73.216.115 - - [16/Dec/2025:01:15:46 +0000] "GET /entity/287368011.htm HTTP/1.1" 301 5 "-" "Mozilla/5.0 AppleWebKit/537.36 (KHTML, like Gecko; compatible; ClaudeBot/1.0; +claudebot@anthropic.com)"
216.73.216.115 - - [16/Dec/2025:01:15:46 +0000] "GET /entity/287368011.htm/ HTTP/1.1" 200 45436 "https://datainsightnow.com/entity/287368011.htm" "Mozilla/5.0 AppleWebKit/537.36 (KHTML, like Gecko; compatible; ClaudeBot/1.0; +claudebot@anthropic.com)"
74.7.227.155 - - [16/Dec/2025:01:15:48 +0000] "GET /?p=41327 HTTP/1.1" 200 43544 "-" "Mozilla/5.0 AppleWebKit/537.36 (KHTML, like Gecko; compatible; GPTBot/1.3; +https://openai.com/gptbot)"
74.7.227.155 - - [16/Dec/2025:01:15:49 +0000] "GET /?p=19830 HTTP/1.1" 200 41770 "-" "Mozilla/5.0 AppleWebKit/537.36 (KHTML, like Gecko; compatible; GPTBot/1.3; +https://openai.com/gptbot)"
216.73.216.115 - - [16/Dec/2025:01:15:49 +0000] "GET /entity/287370083.htm HTTP/1.1" 301 5 "-" "Mozilla/5.0 AppleWebKit/537.36 (KHTML, like Gecko; compatible; ClaudeBot/1.0; +claudebot@anthropic.com)"
216.73.216.115 - - [16/Dec/2025:01:15:49 +0000] "GET /entity/287370083.htm/ HTTP/1.1" 200 45436 "https://datainsightnow.com/entity/287370083.htm" "Mozilla/5.0 AppleWebKit/537.36 (KHTML, like Gecko; compatible; ClaudeBot/1.0; +claudebot@anthropic.com)"
66.135.21.75 - - [16/Dec/2025:01:15:50 +0000] "POST /wp-cron.php?doing_wp_cron=1765847750.9546558856964111328125 HTTP/1.1" 200 31 "-" "WordPress/6.3.1; https://datainsightnow.com"
217.113.194.213 - - [16/Dec/2025:01:15:51 +0000] "GET /about/?fileloc=//lib/apparmor/apparmor.systemd&path=//lib/apparmor HTTP/1.1" 200 45436 "-" "Mozilla/5.0 (compatible; Barkrowler/0.9; +https://babbar.tech/crawler)"
74.7.227.155 - - [16/Dec/2025:01:15:51 +0000] "GET /?p=19802 HTTP/1.1" 200 43850 "-" "Mozilla/5.0 AppleWebKit/537.36 (KHTML, like Gecko; compatible; GPTBot/1.3; +https://openai.com/gptbot)"
216.73.216.115 - - [16/Dec/2025:01:15:52 +0000] "GET /entity/287331751.htm HTTP/1.1" 301 5 "-" "Mozilla/5.0 AppleWebKit/537.36 (KHTML, like Gecko; compatible; ClaudeBot/1.0; +claudebot@anthropic.com)"
216.73.216.115 - - [16/Dec/2025:01:15:52 +0000] "GET /entity/287331751.htm/ HTTP/1.1" 200 45436 "https://datainsightnow.com/entity/287331751.htm" "Mozilla/5.0 AppleWebKit/537.36 (KHTML, like Gecko; compatible; ClaudeBot/1.0; +claudebot@anthropic.com)"
103.185.74.28 - - [16/Dec/2025:01:15:52 +0000] "GET /wp-login.php HTTP/1.1" 200 2512 "-" "Mozilla/5.0 (Windows NT 6.1) AppleWebKit/537.36 (KHTML, like Gecko) Chrome/66.0.3359.181 Safari/537.36"
74.7.227.155 - - [16/Dec/2025:01:15:54 +0000] "GET /?p=28715 HTTP/1.1" 200 42561 "-" "Mozilla/5.0 AppleWebKit/537.36 (KHTML, like Gecko; compatible; GPTBot/1.3; +https://openai.com/gptbot)"
103.185.74.28 - - [16/Dec/2025:01:15:55 +0000] "POST /wp-login.php HTTP/1.1" 200 2661 "https://datainsightnow.com/wp-login.php" "Mozilla/5.0 (Windows NT 6.1) AppleWebKit/537.36 (KHTML, like Gecko) Chrome/66.0.3359.181 Safari/537.36"
216.73.216.115 - - [16/Dec/2025:01:15:55 +0000] "GET /entity/287192668.htm HTTP/1.1" 301 5 "-" "Mozilla/5.0 AppleWebKit/537.36 (KHTML, like Gecko; compatible; ClaudeBot/1.0; +claudebot@anthropic.com)"
216.73.216.115 - - [16/Dec/2025:01:15:55 +0000] "GET /entity/287192668.htm/ HTTP/1.1" 200 45436 "https://datainsightnow.com/entity/287192668.htm" "Mozilla/5.0 AppleWebKit/537.36 (KHTML, like Gecko; compatible; ClaudeBot/1.0; +claudebot@anthropic.com)"
74.7.227.155 - - [16/Dec/2025:01:15:57 +0000] "GET /?p=19352 HTTP/1.1" 200 42374 "-" "Mozilla/5.0 AppleWebKit/537.36 (KHTML, like Gecko; compatible; GPTBot/1.3; +https://openai.com/gptbot)"
216.73.216.115 - - [16/Dec/2025:01:15:58 +0000] "GET /entity/287190855.htm HTTP/1.1" 301 5 "-" "Mozilla/5.0 AppleWebKit/537.36 (KHTML, like Gecko; compatible; ClaudeBot/1.0; +claudebot@anthropic.com)"
216.73.216.115 - - [16/Dec/2025:01:15:58 +0000] "GET /entity/287190855.htm/ HTTP/1.1" 200 45436 "https://datainsightnow.com/entity/287190855.htm" "Mozilla/5.0 AppleWebKit/537.36 (KHTML, like Gecko; compatible; ClaudeBot/1.0; +claudebot@anthropic.com)"
74.7.227.155 - - [16/Dec/2025:01:16:01 +0000] "GET /?p=19304 HTTP/1.1" 200 42170 "-" "Mozilla/5.0 AppleWebKit/537.36 (KHTML, like Gecko; compatible; GPTBot/1.3; +https://openai.com/gptbot)"
57.141.0.1 - - [16/Dec/2025:01:16:01 +0000] "GET /2025/03/07/page/6/?fileloc=//sys/class/pci_bus/0000:05/subsystem/0000:0c/subsystem/0000:06/subsystem/0000:12/device/subsystem/devices/0000:00:03.6/subsystem_device&path=//sys/class/pci_bus/0000:05/subsystem/0000:0c/subsystem/0000:06/subsystem/0000:12/device/subsystem/devices/0000:00:03.6 HTTP/1.1" 200 262209 "-" "meta-externalagent/1.1 (+https://developers.facebook.com/docs/sharing/webmasters/crawler)"
57.141.0.77 - - [16/Dec/2025:01:16:01 +0000] "GET /karamba-spielsaal-erfahrungen-angeschlossen-testbericht-werfen-sie-einen-blick-auf-den-link-within-2025-pro-teutonia/?fileloc=//sys/class/pci_bus/0000:06/subsystem/0000:05/subsystem/0000:04/device/driver/0000:00:02.7/subsystem/devices/0000:09:00.0/rescan&path=//sys/class/pci_bus/0000:06/subsystem/0000:05/subsystem/0000:04/device/driver/0000:00:02.7/subsystem/devices/0000:09:00.0 HTTP/1.1" 200 262264 "-" "meta-externalagent/1.1 (+https://developers.facebook.com/docs/sharing/webmasters/crawler)"
216.73.216.115 - - [16/Dec/2025:01:16:01 +0000] "GET /entity/287388470.htm HTTP/1.1" 301 5 "-" "Mozilla/5.0 AppleWebKit/537.36 (KHTML, like Gecko; compatible; ClaudeBot/1.0; +claudebot@anthropic.com)"
216.73.216.115 - - [16/Dec/2025:01:16:02 +0000] "GET /entity/287388470.htm/ HTTP/1.1" 200 45436 "https://datainsightnow.com/entity/287388470.htm" "Mozilla/5.0 AppleWebKit/537.36 (KHTML, like Gecko; compatible; ClaudeBot/1.0; +claudebot@anthropic.com)"
74.7.227.155 - - [16/Dec/2025:01:16:04 +0000] "GET /?p=19306 HTTP/1.1" 200 43012 "-" "Mozilla/5.0 AppleWebKit/537.36 (KHTML, like Gecko; compatible; GPTBot/1.3; +https://openai.com/gptbot)"
216.73.216.115 - - [16/Dec/2025:01:16:04 +0000] "GET /entity/287368788.htm HTTP/1.1" 301 5 "-" "Mozilla/5.0 AppleWebKit/537.36 (KHTML, like Gecko; compatible; ClaudeBot/1.0; +claudebot@anthropic.com)"
216.73.216.115 - - [16/Dec/2025:01:16:04 +0000] "GET /entity/287368788.htm/ HTTP/1.1" 200 45436 "https://datainsightnow.com/entity/287368788.htm" "Mozilla/5.0 AppleWebKit/537.36 (KHTML, like Gecko; compatible; ClaudeBot/1.0; +claudebot@anthropic.com)"
216.73.216.115 - - [16/Dec/2025:01:16:07 +0000] "GET /entity/287290574.htm HTTP/1.1" 301 5 "-" "Mozilla/5.0 AppleWebKit/537.36 (KHTML, like Gecko; compatible; ClaudeBot/1.0; +claudebot@anthropic.com)"
74.7.227.155 - - [16/Dec/2025:01:16:07 +0000] "GET /?p=28641 HTTP/1.1" 200 41914 "-" "Mozilla/5.0 AppleWebKit/537.36 (KHTML, like Gecko; compatible; GPTBot/1.3; +https://openai.com/gptbot)"
217.113.194.54 - - [16/Dec/2025:01:16:07 +0000] "GET /about/?fileloc=//lib/git-core/git-pack-redundant&path=//lib/git-core HTTP/1.1" 200 45436 "-" "Mozilla/5.0 (compatible; Barkrowler/0.9; +https://babbar.tech/crawler)"
216.73.216.115 - - [16/Dec/2025:01:16:08 +0000] "GET /entity/287290574.htm/ HTTP/1.1" 200 45436 "https://datainsightnow.com/entity/287290574.htm" "Mozilla/5.0 AppleWebKit/537.36 (KHTML, like Gecko; compatible; ClaudeBot/1.0; +claudebot@anthropic.com)"
40.77.167.159 - - [16/Dec/2025:01:16:09 +0000] "GET /enc_avif/?fileloc=/sys/module/cpuid/taint&path=/sys/module/cpuid HTTP/1.1" 200 29815 "-" "Mozilla/5.0 AppleWebKit/537.36 (KHTML, like Gecko; compatible; bingbot/2.0; +http://www.bing.com/bingbot.htm) Chrome/116.0.1938.76 Safari/537.36"
57.141.0.9 - - [16/Dec/2025:01:16:10 +0000] "GET /2025/03/06/page/39/?fileloc=//sys/class/pci_bus/0000:01/subsystem/0000:0d/subsystem/0000:06/subsystem/0000:09/device/0000:09:00.0/resource4&path=//sys/class/pci_bus/0000:01/subsystem/0000:0d/subsystem/0000:06/subsystem/0000:09/device/0000:09:00.0 HTTP/1.1" 200 262215 "-" "meta-externalagent/1.1 (+https://developers.facebook.com/docs/sharing/webmasters/crawler)"
216.73.216.115 - - [16/Dec/2025:01:16:10 +0000] "GET /entity/287252754.htm HTTP/1.1" 301 5 "-" "Mozilla/5.0 AppleWebKit/537.36 (KHTML, like Gecko; compatible; ClaudeBot/1.0; +claudebot@anthropic.com)"
74.7.227.155 - - [16/Dec/2025:01:16:10 +0000] "GET /?p=48539 HTTP/1.1" 200 42749 "-" "Mozilla/5.0 AppleWebKit/537.36 (KHTML, like Gecko; compatible; GPTBot/1.3; +https://openai.com/gptbot)"
216.73.216.115 - - [16/Dec/2025:01:16:11 +0000] "GET /entity/287252754.htm/ HTTP/1.1" 200 45436 "https://datainsightnow.com/entity/287252754.htm" "Mozilla/5.0 AppleWebKit/537.36 (KHTML, like Gecko; compatible; ClaudeBot/1.0; +claudebot@anthropic.com)"
216.73.216.115 - - [16/Dec/2025:01:16:13 +0000] "GET /entity/287349887.htm HTTP/1.1" 301 5 "-" "Mozilla/5.0 AppleWebKit/537.36 (KHTML, like Gecko; compatible; ClaudeBot/1.0; +claudebot@anthropic.com)"
216.73.216.115 - - [16/Dec/2025:01:16:13 +0000] "GET /entity/287349887.htm/ HTTP/1.1" 200 45436 "https://datainsightnow.com/entity/287349887.htm" "Mozilla/5.0 AppleWebKit/537.36 (KHTML, like Gecko; compatible; ClaudeBot/1.0; +claudebot@anthropic.com)"
216.73.216.115 - - [16/Dec/2025:01:16:16 +0000] "GET /entity/287297565.htm HTTP/1.1" 301 5 "-" "Mozilla/5.0 AppleWebKit/537.36 (KHTML, like Gecko; compatible; ClaudeBot/1.0; +claudebot@anthropic.com)"
66.249.72.227 - - [16/Dec/2025:01:16:16 +0000] "GET /entity/741665409.htm HTTP/1.1" 200 29395 "-" "Mozilla/5.0 (Linux; Android 6.0.1; Nexus 5X Build/MMB29P) AppleWebKit/537.36 (KHTML, like Gecko) Chrome/141.0.7390.122 Mobile Safari/537.36 (compatible; Googlebot/2.1; +http://www.google.com/bot.html)"
216.73.216.115 - - [16/Dec/2025:01:16:17 +0000] "GET /entity/287297565.htm/ HTTP/1.1" 200 45436 "https://datainsightnow.com/entity/287297565.htm" "Mozilla/5.0 AppleWebKit/537.36 (KHTML, like Gecko; compatible; ClaudeBot/1.0; +claudebot@anthropic.com)"
74.7.227.155 - - [16/Dec/2025:01:16:17 +0000] "GET /?p=28703 HTTP/1.1" 200 40532 "-" "Mozilla/5.0 AppleWebKit/537.36 (KHTML, like Gecko; compatible; GPTBot/1.3; +https://openai.com/gptbot)"
57.141.0.75 - - [16/Dec/2025:01:16:19 +0000] "GET /2025/03/07/page/6/?path=//sys/class/pci_bus/0000:05/subsystem/0000:0c/subsystem/0000:09/subsystem/0000:05/subsystem/0000:13/subsystem/0000:09 HTTP/1.1" 200 262264 "-" "meta-externalagent/1.1 (+https://developers.facebook.com/docs/sharing/webmasters/crawler)"
216.73.216.115 - - [16/Dec/2025:01:16:19 +0000] "GET /entity/287168838.htm HTTP/1.1" 301 5 "-" "Mozilla/5.0 AppleWebKit/537.36 (KHTML, like Gecko; compatible; ClaudeBot/1.0; +claudebot@anthropic.com)"
216.73.216.115 - - [16/Dec/2025:01:16:19 +0000] "GET /entity/287168838.htm/ HTTP/1.1" 200 45436 "https://datainsightnow.com/entity/287168838.htm" "Mozilla/5.0 AppleWebKit/537.36 (KHTML, like Gecko; compatible; ClaudeBot/1.0; +claudebot@anthropic.com)"
216.73.216.115 - - [16/Dec/2025:01:16:22 +0000] "GET /entity/287197585.htm HTTP/1.1" 301 5 "-" "Mozilla/5.0 AppleWebKit/537.36 (KHTML, like Gecko; compatible; ClaudeBot/1.0; +claudebot@anthropic.com)"
66.249.72.226 - - [16/Dec/2025:01:16:22 +0000] "GET /entity/331292078.htm HTTP/1.1" 200 34911 "-" "Mozilla/5.0 (Linux; Android 6.0.1; Nexus 5X Build/MMB29P) AppleWebKit/537.36 (KHTML, like Gecko) Chrome/141.0.7390.122 Mobile Safari/537.36 (compatible; Googlebot/2.1; +http://www.google.com/bot.html)"
216.73.216.115 - - [16/Dec/2025:01:16:23 +0000] "GET /entity/287197585.htm/ HTTP/1.1" 200 45436 "https://datainsightnow.com/entity/287197585.htm" "Mozilla/5.0 AppleWebKit/537.36 (KHTML, like Gecko; compatible; ClaudeBot/1.0; +claudebot@anthropic.com)"
57.141.0.45 - - [16/Dec/2025:01:16:23 +0000] "GET /2025/03/07/page/6/?path=//sys/class/pci_bus/0000:0f/device/subsystem/devices/0000:00:02.0/driver/0000:00:02.2/subsystem/drivers/megaraid_sas HTTP/1.1" 200 262264 "-" "meta-externalagent/1.1 (+https://developers.facebook.com/docs/sharing/webmasters/crawler)"
217.113.194.58 - - [16/Dec/2025:01:16:23 +0000] "GET /about/?fileloc=//lib/git-core/git-sh-setup&path=//lib/git-core HTTP/1.1" 200 45436 "-" "Mozilla/5.0 (compatible; Barkrowler/0.9; +https://babbar.tech/crawler)"
57.141.0.1 - - [16/Dec/2025:01:16:24 +0000] "GET /2025/03/07/page/6/?path=//sys/class/pci_bus/0000:05/subsystem/0000:02/device/driver/0000:00:03.6/driver/0000:00:03.7/subsystem/devices/0000:00:03.2/firmware_node HTTP/1.1" 200 262264 "-" "meta-externalagent/1.1 (+https://developers.facebook.com/docs/sharing/webmasters/crawler)"
57.141.0.50 - - [16/Dec/2025:01:16:25 +0000] "GET /2025/03/07/page/6/?fileloc=//sys/class/pci_bus/0000:0c/subsystem/0000:11/device/driver/0000:00:02.0/firmware_node/power/autosuspend_delay_ms&path=//sys/class/pci_bus/0000:0c/subsystem/0000:11/device/driver/0000:00:02.0/firmware_node/power HTTP/1.1" 200 262209 "-" "meta-externalagent/1.1 (+https://developers.facebook.com/docs/sharing/webmasters/crawler)"
66.249.72.226 - - [16/Dec/2025:01:16:25 +0000] "GET /entity/680033245.htm HTTP/1.1" 200 29736 "-" "Mozilla/5.0 (Linux; Android 6.0.1; Nexus 5X Build/MMB29P) AppleWebKit/537.36 (KHTML, like Gecko) Chrome/141.0.7390.122 Mobile Safari/537.36 (compatible; Googlebot/2.1; +http://www.google.com/bot.html)"
216.73.216.115 - - [16/Dec/2025:01:16:25 +0000] "GET /entity/287176353.htm HTTP/1.1" 301 5 "-" "Mozilla/5.0 AppleWebKit/537.36 (KHTML, like Gecko; compatible; ClaudeBot/1.0; +claudebot@anthropic.com)"
216.73.216.115 - - [16/Dec/2025:01:16:25 +0000] "GET /entity/287176353.htm/ HTTP/1.1" 200 45436 "https://datainsightnow.com/entity/287176353.htm" "Mozilla/5.0 AppleWebKit/537.36 (KHTML, like Gecko; compatible; ClaudeBot/1.0; +claudebot@anthropic.com)"
74.7.227.155 - - [16/Dec/2025:01:16:26 +0000] "GET /?p=19764 HTTP/1.1" 200 40851 "-" "Mozilla/5.0 AppleWebKit/537.36 (KHTML, like Gecko; compatible; GPTBot/1.3; +https://openai.com/gptbot)"
216.73.216.115 - - [16/Dec/2025:01:16:28 +0000] "GET /entity/287177126.htm HTTP/1.1" 301 5 "-" "Mozilla/5.0 AppleWebKit/537.36 (KHTML, like Gecko; compatible; ClaudeBot/1.0; +claudebot@anthropic.com)"
74.7.227.155 - - [16/Dec/2025:01:16:28 +0000] "GET /?p=19370 HTTP/1.1" 200 42932 "-" "Mozilla/5.0 AppleWebKit/537.36 (KHTML, like Gecko; compatible; GPTBot/1.3; +https://openai.com/gptbot)"
216.73.216.115 - - [16/Dec/2025:01:16:28 +0000] "GET /entity/287177126.htm/ HTTP/1.1" 200 45436 "https://datainsightnow.com/entity/287177126.htm" "Mozilla/5.0 AppleWebKit/537.36 (KHTML, like Gecko; compatible; ClaudeBot/1.0; +claudebot@anthropic.com)"
74.7.227.155 - - [16/Dec/2025:01:16:30 +0000] "GET /?p=19276 HTTP/1.1" 200 41620 "-" "Mozilla/5.0 AppleWebKit/537.36 (KHTML, like Gecko; compatible; GPTBot/1.3; +https://openai.com/gptbot)"
216.73.216.115 - - [16/Dec/2025:01:16:31 +0000] "GET /entity/287245241.htm HTTP/1.1" 301 5 "-" "Mozilla/5.0 AppleWebKit/537.36 (KHTML, like Gecko; compatible; ClaudeBot/1.0; +claudebot@anthropic.com)"
216.73.216.115 - - [16/Dec/2025:01:16:31 +0000] "GET /entity/287245241.htm/ HTTP/1.1" 200 45436 "https://datainsightnow.com/entity/287245241.htm" "Mozilla/5.0 AppleWebKit/537.36 (KHTML, like Gecko; compatible; ClaudeBot/1.0; +claudebot@anthropic.com)"
57.141.0.47 - - [16/Dec/2025:01:16:33 +0000] "GET /2025/03/07/page/6/?fileloc=//sys/class/pci_bus/0000:0e/subsystem/0000:04/device/driver/0000:00:03.1/driver/0000:00:02.6/driver/unbind&path=//sys/class/pci_bus/0000:0e/subsystem/0000:04/device/driver/0000:00:03.1/driver/0000:00:02.6/driver HTTP/1.1" 200 262209 "-" "meta-externalagent/1.1 (+https://developers.facebook.com/docs/sharing/webmasters/crawler)"
74.7.227.155 - - [16/Dec/2025:01:16:33 +0000] "GET /?p=19284 HTTP/1.1" 200 42794 "-" "Mozilla/5.0 AppleWebKit/537.36 (KHTML, like Gecko; compatible; GPTBot/1.3; +https://openai.com/gptbot)"
57.141.0.36 - - [16/Dec/2025:01:16:33 +0000] "GET /2025/03/07/page/6/?path=//sys/class/pci_bus/0000:0b/subsystem/0000:0f/device/driver/0000:00:02.2/driver/0000:00:02.0/0000:00:02.0:pcie010/subsystem/drivers HTTP/1.1" 200 262209 "-" "meta-externalagent/1.1 (+https://developers.facebook.com/docs/sharing/webmasters/crawler)"
57.141.0.2 - - [16/Dec/2025:01:16:34 +0000] "GET /2025/03/07/page/6/?fileloc=//sys/class/pci_bus/0000:0f/subsystem/0000:0d/subsystem/0000:0c/subsystem/0000:01/subsystem/0000:0e/device/config&path=//sys/class/pci_bus/0000:0f/subsystem/0000:0d/subsystem/0000:0c/subsystem/0000:01/subsystem/0000:0e/device HTTP/1.1" 200 262209 "-" "meta-externalagent/1.1 (+https://developers.facebook.com/docs/sharing/webmasters/crawler)"
57.141.0.57 - - [16/Dec/2025:01:16:35 +0000] "GET /2025/03/06/page/39/?fileloc=//sys/class/pci_bus/0000:06/subsystem/0000:07/subsystem/0000:10/subsystem/0000:02/device/config&path=//sys/class/pci_bus/0000:06/subsystem/0000:07/subsystem/0000:10/subsystem/0000:02/device HTTP/1.1" 200 262264 "-" "meta-externalagent/1.1 (+https://developers.facebook.com/docs/sharing/webmasters/crawler)"
216.73.216.115 - - [16/Dec/2025:01:16:35 +0000] "GET /entity/287167280.htm HTTP/1.1" 301 5 "-" "Mozilla/5.0 AppleWebKit/537.36 (KHTML, like Gecko; compatible; ClaudeBot/1.0; +claudebot@anthropic.com)"
57.141.0.16 - - [16/Dec/2025:01:16:36 +0000] "GET /2025/03/13/?path=//sys/class/pci_bus/0000:07/subsystem/0000:11/device/driver/0000:00:04.1/subsystem/slots/22 HTTP/1.1" 200 262217 "-" "meta-externalagent/1.1 (+https://developers.facebook.com/docs/sharing/webmasters/crawler)"
216.73.216.115 - - [16/Dec/2025:01:16:36 +0000] "GET /entity/287167280.htm/ HTTP/1.1" 200 45436 "https://datainsightnow.com/entity/287167280.htm" "Mozilla/5.0 AppleWebKit/537.36 (KHTML, like Gecko; compatible; ClaudeBot/1.0; +claudebot@anthropic.com)"
74.7.227.155 - - [16/Dec/2025:01:16:37 +0000] "GET /?p=19750 HTTP/1.1" 200 43853 "-" "Mozilla/5.0 AppleWebKit/537.36 (KHTML, like Gecko; compatible; GPTBot/1.3; +https://openai.com/gptbot)"
57.141.0.17 - - [16/Dec/2025:01:16:37 +0000] "GET /2025/03/07/page/6/?fileloc=//sys/class/pci_bus/0000:06/device/driver/0000:00:02.2/driver/0000:00:02.1/driver/0000:00:02.7/power_state&path=//sys/class/pci_bus/0000:06/device/driver/0000:00:02.2/driver/0000:00:02.1/driver/0000:00:02.7 HTTP/1.1" 200 262264 "-" "meta-externalagent/1.1 (+https://developers.facebook.com/docs/sharing/webmasters/crawler)"
57.141.0.56 - - [16/Dec/2025:01:16:37 +0000] "GET /moneysense-self-help-guide-to-the-ideal-profile/?path=//sys/class/pci_bus/0000:0e/device/driver/0000:00:03.6/driver/0000:00:02.2/driver/0000:00:02.6 HTTP/1.1" 200 262217 "-" "meta-externalagent/1.1 (+https://developers.facebook.com/docs/sharing/webmasters/crawler)"
57.141.0.77 - - [16/Dec/2025:01:16:38 +0000] "GET /2025/03/07/page/6/?path=//sys/class/pci_bus/0000:09/subsystem/0000:02/subsystem/0000:0f/subsystem/0000:05/subsystem/0000:0d HTTP/1.1" 200 262248 "-" "meta-externalagent/1.1 (+https://developers.facebook.com/docs/sharing/webmasters/crawler)"
216.73.216.115 - - [16/Dec/2025:01:16:38 +0000] "GET /entity/287266222.htm HTTP/1.1" 301 5 "-" "Mozilla/5.0 AppleWebKit/537.36 (KHTML, like Gecko; compatible; ClaudeBot/1.0; +claudebot@anthropic.com)"
57.141.0.41 - - [16/Dec/2025:01:16:38 +0000] "GET /2025/03/07/page/6/?fileloc=//sys/class/pci_bus/0000:00/subsystem/0000:04/subsystem/0000:0e/subsystem/0000:06/subsystem/0000:0a/rescan&path=//sys/class/pci_bus/0000:00/subsystem/0000:04/subsystem/0000:0e/subsystem/0000:06/subsystem/0000:0a HTTP/1.1" 200 262264 "-" "meta-externalagent/1.1 (+https://developers.facebook.com/docs/sharing/webmasters/crawler)"
57.141.0.43 - - [16/Dec/2025:01:16:39 +0000] "GET /2025/03/07/page/6/?fileloc=//sys/class/pci_bus/0000:12/subsystem/0000:00/device/0000:00:03.5/driver/0000:00:03.0/driver/0000:00:04.1/aer_dev_fatal&path=//sys/class/pci_bus/0000:12/subsystem/0000:00/device/0000:00:03.5/driver/0000:00:03.0/driver/0000:00:04.1 HTTP/1.1" 200 262264 "-" "meta-externalagent/1.1 (+https://developers.facebook.com/docs/sharing/webmasters/crawler)"
216.73.216.115 - - [16/Dec/2025:01:16:39 +0000] "GET /entity/287266222.htm/ HTTP/1.1" 200 45436 "https://datainsightnow.com/entity/287266222.htm" "Mozilla/5.0 AppleWebKit/537.36 (KHTML, like Gecko; compatible; ClaudeBot/1.0; +claudebot@anthropic.com)"
57.141.0.9 - - [16/Dec/2025:01:16:39 +0000] "GET /karamba-spielsaal-erfahrungen-angeschlossen-testbericht-werfen-sie-einen-blick-auf-den-link-within-2025-pro-teutonia/?fileloc=//sys/class/pci_bus/0000:0b/subsystem/0000:05/subsystem/0000:0c/subsystem/0000:03/subsystem/0000:02/device/aer_dev_fatal&path=//sys/class/pci_bus/0000:0b/subsystem/0000:05/subsystem/0000:0c/subsystem/0000:03/subsystem/0000:02/device HTTP/1.1" 200 262209 "-" "meta-externalagent/1.1 (+https://developers.facebook.com/docs/sharing/webmasters/crawler)"
74.7.227.155 - - [16/Dec/2025:01:16:39 +0000] "GET /?p=48521 HTTP/1.1" 200 43015 "-" "Mozilla/5.0 AppleWebKit/537.36 (KHTML, like Gecko; compatible; GPTBot/1.3; +https://openai.com/gptbot)"
217.113.194.52 - - [16/Dec/2025:01:16:40 +0000] "GET /about/?fileloc=//usr/sbin/phpcalls-bpfcc&path=//usr/sbin HTTP/1.1" 200 45436 "-" "Mozilla/5.0 (compatible; Barkrowler/0.9; +https://babbar.tech/crawler)"
57.141.0.14 - - [16/Dec/2025:01:16:40 +0000] "GET /2025/03/06/page/39/?fileloc=//sys/class/pci_bus/0000:06/subsystem/0000:06/device/driver/0000:00:03.5/driver/0000:00:03.0/current_link_width&path=//sys/class/pci_bus/0000:06/subsystem/0000:06/device/driver/0000:00:03.5/driver/0000:00:03.0 HTTP/1.1" 200 262264 "-" "meta-externalagent/1.1 (+https://developers.facebook.com/docs/sharing/webmasters/crawler)"
216.73.216.115 - - [16/Dec/2025:01:16:41 +0000] "GET /entity/287191632.htm HTTP/1.1" 301 5 "-" "Mozilla/5.0 AppleWebKit/537.36 (KHTML, like Gecko; compatible; ClaudeBot/1.0; +claudebot@anthropic.com)"
216.73.216.115 - - [16/Dec/2025:01:16:41 +0000] "GET /entity/287191632.htm/ HTTP/1.1" 200 45436 "https://datainsightnow.com/entity/287191632.htm" "Mozilla/5.0 AppleWebKit/537.36 (KHTML, like Gecko; compatible; ClaudeBot/1.0; +claudebot@anthropic.com)"
74.7.227.155 - - [16/Dec/2025:01:16:43 +0000] "GET /?p=18297 HTTP/1.1" 200 41248 "-" "Mozilla/5.0 AppleWebKit/537.36 (KHTML, like Gecko; compatible; GPTBot/1.3; +https://openai.com/gptbot)"
216.73.216.115 - - [16/Dec/2025:01:16:44 +0000] "GET /entity/287332787.htm HTTP/1.1" 301 5 "-" "Mozilla/5.0 AppleWebKit/537.36 (KHTML, like Gecko; compatible; ClaudeBot/1.0; +claudebot@anthropic.com)"
216.73.216.115 - - [16/Dec/2025:01:16:44 +0000] "GET /entity/287332787.htm/ HTTP/1.1" 200 45436 "https://datainsightnow.com/entity/287332787.htm" "Mozilla/5.0 AppleWebKit/537.36 (KHTML, like Gecko; compatible; ClaudeBot/1.0; +claudebot@anthropic.com)"
74.7.227.155 - - [16/Dec/2025:01:16:45 +0000] "GET /?p=19302 HTTP/1.1" 200 43535 "-" "Mozilla/5.0 AppleWebKit/537.36 (KHTML, like Gecko; compatible; GPTBot/1.3; +https://openai.com/gptbot)"
57.141.0.5 - - [16/Dec/2025:01:16:46 +0000] "GET /2025/03/07/page/6/?fileloc=//sys/class/pci_bus/0000:05/subsystem/0000:00/subsystem/0000:04/device/driver/0000:00:03.6/local_cpulist&path=//sys/class/pci_bus/0000:05/subsystem/0000:00/subsystem/0000:04/device/driver/0000:00:03.6 HTTP/1.1" 200 262264 "-" "meta-externalagent/1.1 (+https://developers.facebook.com/docs/sharing/webmasters/crawler)"
57.141.0.15 - - [16/Dec/2025:01:16:46 +0000] "GET /2025/03/06/page/39/?fileloc=//sys/class/pci_bus/0000:03/subsystem/0000:10/device/subsystem/drivers/pcieport/0000:00:03.7/max_link_width&path=//sys/class/pci_bus/0000:03/subsystem/0000:10/device/subsystem/drivers/pcieport/0000:00:03.7 HTTP/1.1" 200 262209 "-" "meta-externalagent/1.1 (+https://developers.facebook.com/docs/sharing/webmasters/crawler)"
216.73.216.115 - - [16/Dec/2025:01:16:47 +0000] "GET /entity/287290825.htm HTTP/1.1" 301 5 "-" "Mozilla/5.0 AppleWebKit/537.36 (KHTML, like Gecko; compatible; ClaudeBot/1.0; +claudebot@anthropic.com)"
216.73.216.115 - - [16/Dec/2025:01:16:47 +0000] "GET /entity/287290825.htm/ HTTP/1.1" 200 45436 "https://datainsightnow.com/entity/287290825.htm" "Mozilla/5.0 AppleWebKit/537.36 (KHTML, like Gecko; compatible; ClaudeBot/1.0; +claudebot@anthropic.com)"
74.7.227.155 - - [16/Dec/2025:01:16:48 +0000] "GET /?p=27137 HTTP/1.1" 200 44201 "-" "Mozilla/5.0 AppleWebKit/537.36 (KHTML, like Gecko; compatible; GPTBot/1.3; +https://openai.com/gptbot)"
66.249.72.226 - - [16/Dec/2025:01:16:49 +0000] "GET /?path=//sys/class/sound/card0/device/subsystem/devices/0000:00:02.2/driver/0000:00:02.2/driver/0000:00:02.6/0000:00:02.6:pcie002/driver/0000:00:03.7:pcie002/driver/0000:00:03.5:pcie002/driver/0000:00:04.0:pcie002/driver/0000:00:02.4:pcie002/driver/0000:00:03.1:pcie002/driver/0000:00:03.1:pcie002 HTTP/1.1" 200 45437 "-" "Mozilla/5.0 (Linux; Android 6.0.1; Nexus 5X Build/MMB29P) AppleWebKit/537.36 (KHTML, like Gecko) Chrome/141.0.7390.122 Mobile Safari/537.36 (compatible; Googlebot/2.1; +http://www.google.com/bot.html)"
57.141.0.13 - - [16/Dec/2025:01:16:50 +0000] "GET /moneysense-self-help-guide-to-the-ideal-profile/?fileloc=//sys/class/pci_bus/0000:0a/subsystem/0000:13/subsystem/0000:0c/device/driver/0000:00:02.3/d3cold_allowed&path=//sys/class/pci_bus/0000:0a/subsystem/0000:13/subsystem/0000:0c/device/driver/0000:00:02.3 HTTP/1.1" 200 262264 "-" "meta-externalagent/1.1 (+https://developers.facebook.com/docs/sharing/webmasters/crawler)"
66.135.21.75 - - [16/Dec/2025:01:16:50 +0000] "POST /wp-cron.php?doing_wp_cron=1765847810.1205260753631591796875 HTTP/1.1" 200 31 "-" "WordPress/6.3.1; https://datainsightnow.com"
216.73.216.115 - - [16/Dec/2025:01:16:50 +0000] "GET /entity/287179198.htm HTTP/1.1" 301 5 "-" "Mozilla/5.0 AppleWebKit/537.36 (KHTML, like Gecko; compatible; ClaudeBot/1.0; +claudebot@anthropic.com)"
66.249.72.226 - - [16/Dec/2025:01:16:50 +0000] "GET /?fileloc=//sys/class/sound/card0/device/subsystem/devices/0000:00:02.4/driver/0000:00:03.5/firmware_node/wakeup/wakeup15/subsystem/wakeup2/subsystem/wakeup32/device/physical_node/0000:00:03.6/subsystem/devices/0000:00:02.3/resource&path=//sys/class/sound/card0/device/subsystem/devices/0000:00:02.4/driver/0000:00:03.5/firmware_node/wakeup/wakeup15/subsystem/wakeup2/subsystem/wakeup32/device/physical_node/0000:00:03.6/subsystem/devices/0000:00:02.3 HTTP/1.1" 200 45437 "-" "Mozilla/5.0 (Linux; Android 6.0.1; Nexus 5X Build/MMB29P) AppleWebKit/537.36 (KHTML, like Gecko) Chrome/141.0.7390.122 Mobile Safari/537.36 (compatible; Googlebot/2.1; +http://www.google.com/bot.html)"
216.73.216.115 - - [16/Dec/2025:01:16:51 +0000] "GET /entity/287179198.htm/ HTTP/1.1" 200 45436 "https://datainsightnow.com/entity/287179198.htm" "Mozilla/5.0 AppleWebKit/537.36 (KHTML, like Gecko; compatible; ClaudeBot/1.0; +claudebot@anthropic.com)"
57.141.0.46 - - [16/Dec/2025:01:16:51 +0000] "GET /karamba-spielsaal-erfahrungen-angeschlossen-testbericht-werfen-sie-einen-blick-auf-den-link-within-2025-pro-teutonia/?fileloc=//sys/class/pci_bus/0000:06/subsystem/0000:0b/subsystem/0000:08/subsystem/0000:0e/device/driver/0000:00:02.1/subsystem/devices/0000:00:02.4/aer_rootport_total_err_fatal&path=//sys/class/pci_bus/0000:06/subsystem/0000:0b/subsystem/0000:08/subsystem/0000:0e/device/driver/0000:00:02.1/subsystem/devices/0000:00:02.4 HTTP/1.1" 200 262264 "-" "meta-externalagent/1.1 (+https://developers.facebook.com/docs/sharing/webmasters/crawler)"
57.141.0.32 - - [16/Dec/2025:01:16:52 +0000] "GET /2025/03/06/page/39/?path=//sys/class/pci_bus/0000:0b/subsystem/0000:03/subsystem/0000:00/device/0000:00:02.6/subsystem/drivers/megaraid_sas HTTP/1.1" 200 262209 "-" "meta-externalagent/1.1 (+https://developers.facebook.com/docs/sharing/webmasters/crawler)"
216.73.216.115 - - [16/Dec/2025:01:16:53 +0000] "GET /entity/287318283.htm HTTP/1.1" 301 5 "-" "Mozilla/5.0 AppleWebKit/537.36 (KHTML, like Gecko; compatible; ClaudeBot/1.0; +claudebot@anthropic.com)"
216.73.216.115 - - [16/Dec/2025:01:16:53 +0000] "GET /entity/287318283.htm/ HTTP/1.1" 200 45436 "https://datainsightnow.com/entity/287318283.htm" "Mozilla/5.0 AppleWebKit/537.36 (KHTML, like Gecko; compatible; ClaudeBot/1.0; +claudebot@anthropic.com)"
216.73.216.115 - - [16/Dec/2025:01:16:56 +0000] "GET /entity/287336158.htm HTTP/1.1" 301 5 "-" "Mozilla/5.0 AppleWebKit/537.36 (KHTML, like Gecko; compatible; ClaudeBot/1.0; +claudebot@anthropic.com)"
217.113.194.55 - - [16/Dec/2025:01:16:56 +0000] "GET /about/?fileloc=//usr/sbin/filelife-bpfcc&path=//usr/sbin HTTP/1.1" 200 45436 "-" "Mozilla/5.0 (compatible; Barkrowler/0.9; +https://babbar.tech/crawler)"
216.73.216.115 - - [16/Dec/2025:01:16:57 +0000] "GET /entity/287336158.htm/ HTTP/1.1" 200 45436 "https://datainsightnow.com/entity/287336158.htm" "Mozilla/5.0 AppleWebKit/537.36 (KHTML, like Gecko; compatible; ClaudeBot/1.0; +claudebot@anthropic.com)"
57.141.0.50 - - [16/Dec/2025:01:16:57 +0000] "GET /karamba-spielsaal-erfahrungen-angeschlossen-testbericht-werfen-sie-einen-blick-auf-den-link-within-2025-pro-teutonia/?path=//sys/class/pci_bus/0000:0b/subsystem/0000:07/device/driver/0000:00:03.1/0000:00:03.1:pcie002/subsystem/devices/0000:00:02.1:pcie002 HTTP/1.1" 200 262264 "-" "meta-externalagent/1.1 (+https://developers.facebook.com/docs/sharing/webmasters/crawler)"
57.141.0.25 - - [16/Dec/2025:01:16:57 +0000] "GET /karamba-spielsaal-erfahrungen-angeschlossen-testbericht-werfen-sie-einen-blick-auf-den-link-within-2025-pro-teutonia/?path=//sys/class/pci_bus/0000:0b/subsystem/0000:0a/subsystem/0000:05/subsystem/0000:00/device/0000:00:03.4/0000:00:03.4:pcie010 HTTP/1.1" 200 262264 "-" "meta-externalagent/1.1 (+https://developers.facebook.com/docs/sharing/webmasters/crawler)"
216.73.216.115 - - [16/Dec/2025:01:16:59 +0000] "GET /entity/287287203.htm HTTP/1.1" 301 5 "-" "Mozilla/5.0 AppleWebKit/537.36 (KHTML, like Gecko; compatible; ClaudeBot/1.0; +claudebot@anthropic.com)"
74.7.227.155 - - [16/Dec/2025:01:16:59 +0000] "GET /?p=49303 HTTP/1.1" 200 42696 "-" "Mozilla/5.0 AppleWebKit/537.36 (KHTML, like Gecko; compatible; GPTBot/1.3; +https://openai.com/gptbot)"
216.73.216.115 - - [16/Dec/2025:01:17:00 +0000] "GET /entity/287287203.htm/ HTTP/1.1" 200 45436 "https://datainsightnow.com/entity/287287203.htm" "Mozilla/5.0 AppleWebKit/537.36 (KHTML, like Gecko; compatible; ClaudeBot/1.0; +claudebot@anthropic.com)"
57.141.0.18 - - [16/Dec/2025:01:17:00 +0000] "GET /2025/03/07/page/6/?fileloc=//sys/class/pci_bus/0000:05/subsystem/0000:00/subsystem/0000:0f/subsystem/0000:07/device/0000:07:00.0/resource1&path=//sys/class/pci_bus/0000:05/subsystem/0000:00/subsystem/0000:0f/subsystem/0000:07/device/0000:07:00.0 HTTP/1.1" 200 262209 "-" "meta-externalagent/1.1 (+https://developers.facebook.com/docs/sharing/webmasters/crawler)"
57.141.0.38 - - [16/Dec/2025:01:17:00 +0000] "GET /moneysense-self-help-guide-to-the-ideal-profile/?fileloc=//sys/class/pci_bus/0000:02/subsystem/0000:01/subsystem/0000:00/device/0000:00:02.2/0000:04:00.0/driver/0000:04:00.0/ari_enabled&path=//sys/class/pci_bus/0000:02/subsystem/0000:01/subsystem/0000:00/device/0000:00:02.2/0000:04:00.0/driver/0000:04:00.0 HTTP/1.1" 200 262264 "-" "meta-externalagent/1.1 (+https://developers.facebook.com/docs/sharing/webmasters/crawler)"
74.7.227.155 - - [16/Dec/2025:01:17:01 +0000] "GET /?p=18323 HTTP/1.1" 200 42645 "-" "Mozilla/5.0 AppleWebKit/537.36 (KHTML, like Gecko; compatible; GPTBot/1.3; +https://openai.com/gptbot)"
216.73.216.115 - - [16/Dec/2025:01:17:02 +0000] "GET /entity/287217530.htm HTTP/1.1" 301 5 "-" "Mozilla/5.0 AppleWebKit/537.36 (KHTML, like Gecko; compatible; ClaudeBot/1.0; +claudebot@anthropic.com)"
216.73.216.115 - - [16/Dec/2025:01:17:02 +0000] "GET /entity/287217530.htm/ HTTP/1.1" 200 45436 "https://datainsightnow.com/entity/287217530.htm" "Mozilla/5.0 AppleWebKit/537.36 (KHTML, like Gecko; compatible; ClaudeBot/1.0; +claudebot@anthropic.com)"
74.7.227.155 - - [16/Dec/2025:01:17:03 +0000] "GET /?p=48497 HTTP/1.1" 200 41863 "-" "Mozilla/5.0 AppleWebKit/537.36 (KHTML, like Gecko; compatible; GPTBot/1.3; +https://openai.com/gptbot)"
216.73.216.115 - - [16/Dec/2025:01:17:05 +0000] "GET /entity/287248349.htm HTTP/1.1" 301 5 "-" "Mozilla/5.0 AppleWebKit/537.36 (KHTML, like Gecko; compatible; ClaudeBot/1.0; +claudebot@anthropic.com)"
57.141.0.76 - - [16/Dec/2025:01:17:05 +0000] "GET /2025/03/07/page/6/?fileloc=//sys/class/pci_bus/0000:0d/subsystem/0000:00/subsystem/0000:04/subsystem/0000:0b/device/reset_subordinate&path=//sys/class/pci_bus/0000:0d/subsystem/0000:00/subsystem/0000:04/subsystem/0000:0b/device HTTP/1.1" 200 262264 "-" "meta-externalagent/1.1 (+https://developers.facebook.com/docs/sharing/webmasters/crawler)"
114.119.133.46 - - [16/Dec/2025:01:17:05 +0000] "GET /zodiac-kasino-erfahrungen-2024-480-bonus-80-freispiele?path=//sys/dev/char/5:1/subsystem/ttyS29/subsystem/tty0/subsystem/tty17/power HTTP/1.1" 301 5 "-" "Mozilla/5.0 (Linux; Android 7.0;) AppleWebKit/537.36 (KHTML, like Gecko) Mobile Safari/537.36 (compatible; PetalBot;+https://webmaster.petalsearch.com/site/petalbot)"
216.73.216.115 - - [16/Dec/2025:01:17:06 +0000] "GET /entity/287248349.htm/ HTTP/1.1" 200 45436 "https://datainsightnow.com/entity/287248349.htm" "Mozilla/5.0 AppleWebKit/537.36 (KHTML, like Gecko; compatible; ClaudeBot/1.0; +claudebot@anthropic.com)"
57.141.0.5 - - [16/Dec/2025:01:17:06 +0000] "GET /nacin-kako-uporabljate-globe-wagering-najboljsa-knjiga/?fileloc=//sys/class/pci_bus/0000:05/device/driver/0000:00:02.2/0000:04:00.0/firmware_node/physical_node/device&path=//sys/class/pci_bus/0000:05/device/driver/0000:00:02.2/0000:04:00.0/firmware_node/physical_node HTTP/1.1" 200 262209 "-" "meta-externalagent/1.1 (+https://developers.facebook.com/docs/sharing/webmasters/crawler)"
74.7.227.155 - - [16/Dec/2025:01:17:07 +0000] "GET /?p=19372 HTTP/1.1" 200 43537 "-" "Mozilla/5.0 AppleWebKit/537.36 (KHTML, like Gecko; compatible; GPTBot/1.3; +https://openai.com/gptbot)"
57.141.0.22 - - [16/Dec/2025:01:17:07 +0000] "GET /karamba-spielsaal-erfahrungen-angeschlossen-testbericht-werfen-sie-einen-blick-auf-den-link-within-2025-pro-teutonia/?path=//sys/class/pci_bus/0000:06/subsystem/0000:09/subsystem/0000:09/subsystem/0000:0e/subsystem/0000:0c/device/driver/0000:00:02.2/power HTTP/1.1" 200 262264 "-" "meta-externalagent/1.1 (+https://developers.facebook.com/docs/sharing/webmasters/crawler)"
114.119.133.46 - - [16/Dec/2025:01:17:07 +0000] "GET /zodiac-kasino-erfahrungen-2024-480-bonus-80-freispiele/?path=//sys/dev/char/5:1/subsystem/ttyS29/subsystem/tty0/subsystem/tty17/power HTTP/1.1" 200 45437 "-" "Mozilla/5.0 (Linux; Android 7.0;) AppleWebKit/537.36 (KHTML, like Gecko) Mobile Safari/537.36 (compatible; PetalBot;+https://webmaster.petalsearch.com/site/petalbot)"
216.73.216.115 - - [16/Dec/2025:01:17:08 +0000] "GET /entity/287384840.htm HTTP/1.1" 301 5 "-" "Mozilla/5.0 AppleWebKit/537.36 (KHTML, like Gecko; compatible; ClaudeBot/1.0; +claudebot@anthropic.com)"
216.73.216.115 - - [16/Dec/2025:01:17:08 +0000] "GET /entity/287384840.htm/ HTTP/1.1" 200 45436 "https://datainsightnow.com/entity/287384840.htm" "Mozilla/5.0 AppleWebKit/537.36 (KHTML, like Gecko; compatible; ClaudeBot/1.0; +claudebot@anthropic.com)"
74.7.227.155 - - [16/Dec/2025:01:17:09 +0000] "GET /?p=18301 HTTP/1.1" 200 42906 "-" "Mozilla/5.0 AppleWebKit/537.36 (KHTML, like Gecko; compatible; GPTBot/1.3; +https://openai.com/gptbot)"
216.73.216.115 - - [16/Dec/2025:01:17:11 +0000] "GET /entity/287189297.htm HTTP/1.1" 301 5 "-" "Mozilla/5.0 AppleWebKit/537.36 (KHTML, like Gecko; compatible; ClaudeBot/1.0; +claudebot@anthropic.com)"
216.73.216.115 - - [16/Dec/2025:01:17:11 +0000] "GET /entity/287189297.htm/ HTTP/1.1" 200 45436 "https://datainsightnow.com/entity/287189297.htm" "Mozilla/5.0 AppleWebKit/537.36 (KHTML, like Gecko; compatible; ClaudeBot/1.0; +claudebot@anthropic.com)"
217.113.194.56 - - [16/Dec/2025:01:17:12 +0000] "GET /about/?fileloc=//usr/sbin/dirtop-bpfcc&path=//usr/sbin HTTP/1.1" 200 45436 "-" "Mozilla/5.0 (compatible; Barkrowler/0.9; +https://babbar.tech/crawler)"
74.7.227.155 - - [16/Dec/2025:01:17:12 +0000] "GET /?p=41321 HTTP/1.1" 200 43751 "-" "Mozilla/5.0 AppleWebKit/537.36 (KHTML, like Gecko; compatible; GPTBot/1.3; +https://openai.com/gptbot)"
216.73.216.115 - - [16/Dec/2025:01:17:14 +0000] "GET /entity/287376562.htm HTTP/1.1" 301 5 "-" "Mozilla/5.0 AppleWebKit/537.36 (KHTML, like Gecko; compatible; ClaudeBot/1.0; +claudebot@anthropic.com)"
216.73.216.115 - - [16/Dec/2025:01:17:14 +0000] "GET /entity/287376562.htm/ HTTP/1.1" 200 45436 "https://datainsightnow.com/entity/287376562.htm" "Mozilla/5.0 AppleWebKit/537.36 (KHTML, like Gecko; compatible; ClaudeBot/1.0; +claudebot@anthropic.com)"
74.7.227.155 - - [16/Dec/2025:01:17:15 +0000] "GET /?p=19290 HTTP/1.1" 200 43833 "-" "Mozilla/5.0 AppleWebKit/537.36 (KHTML, like Gecko; compatible; GPTBot/1.3; +https://openai.com/gptbot)"
57.141.0.25 - - [16/Dec/2025:01:17:16 +0000] "GET /2025/03/07/page/6/?fileloc=//sys/class/pci_bus/0000:05/subsystem/0000:02/subsystem/0000:0e/subsystem/0000:08/device/driver/0000:00:02.3/driver/0000:00:02.6/dma_mask_bits&path=//sys/class/pci_bus/0000:05/subsystem/0000:02/subsystem/0000:0e/subsystem/0000:08/device/driver/0000:00:02.3/driver/0000:00:02.6 HTTP/1.1" 200 262209 "-" "meta-externalagent/1.1 (+https://developers.facebook.com/docs/sharing/webmasters/crawler)"
57.141.0.4 - - [16/Dec/2025:01:17:17 +0000] "GET /2025/03/07/page/6/?fileloc=//sys/class/pci_bus/0000:0b/subsystem/0000:0b/subsystem/0000:09/subsystem/0000:0b/device/dma_mask_bits&path=//sys/class/pci_bus/0000:0b/subsystem/0000:0b/subsystem/0000:09/subsystem/0000:0b/device HTTP/1.1" 200 262264 "-" "meta-externalagent/1.1 (+https://developers.facebook.com/docs/sharing/webmasters/crawler)"
216.73.216.115 - - [16/Dec/2025:01:17:17 +0000] "GET /entity/287354796.htm HTTP/1.1" 301 5 "-" "Mozilla/5.0 AppleWebKit/537.36 (KHTML, like Gecko; compatible; ClaudeBot/1.0; +claudebot@anthropic.com)"
216.73.216.115 - - [16/Dec/2025:01:17:17 +0000] "GET /entity/287354796.htm/ HTTP/1.1" 200 45436 "https://datainsightnow.com/entity/287354796.htm" "Mozilla/5.0 AppleWebKit/537.36 (KHTML, like Gecko; compatible; ClaudeBot/1.0; +claudebot@anthropic.com)"
57.141.0.60 - - [16/Dec/2025:01:17:18 +0000] "GET /karamba-spielsaal-erfahrungen-angeschlossen-testbericht-werfen-sie-einen-blick-auf-den-link-within-2025-pro-teutonia/?fileloc=//sys/class/pci_bus/0000:0b/subsystem/0000:09/subsystem/0000:07/subsystem/0000:03/device/subsystem_device&path=//sys/class/pci_bus/0000:0b/subsystem/0000:09/subsystem/0000:07/subsystem/0000:03/device HTTP/1.1" 200 262264 "-" "meta-externalagent/1.1 (+https://developers.facebook.com/docs/sharing/webmasters/crawler)"
57.141.0.60 - - [16/Dec/2025:01:17:18 +0000] "GET /karamba-spielsaal-erfahrungen-angeschlossen-testbericht-werfen-sie-einen-blick-auf-den-link-within-2025-pro-teutonia/?fileloc=//sys/class/pci_bus/0000:0a/subsystem/0000:09/subsystem/0000:0b/subsystem/0000:11/subsystem/0000:01/device/max_link_width&path=//sys/class/pci_bus/0000:0a/subsystem/0000:09/subsystem/0000:0b/subsystem/0000:11/subsystem/0000:01/device HTTP/1.1" 200 262264 "-" "meta-externalagent/1.1 (+https://developers.facebook.com/docs/sharing/webmasters/crawler)"
66.249.72.227 - - [16/Dec/2025:01:17:19 +0000] "GET /?fileloc=//sys/class/sound/card0/device/subsystem/devices/0000:00:02.2/subsystem/devices/0000:00:1f.0/subsystem/devices/0000:00:03.6/driver/0000:00:04.1/driver/0000:00:04.1/driver/0000:00:03.7/max_link_speed&path=//sys/class/sound/card0/device/subsystem/devices/0000:00:02.2/subsystem/devices/0000:00:1f.0/subsystem/devices/0000:00:03.6/driver/0000:00:04.1/driver/0000:00:04.1/driver/0000:00:03.7 HTTP/1.1" 200 45437 "-" "Mozilla/5.0 (Linux; Android 6.0.1; Nexus 5X Build/MMB29P) AppleWebKit/537.36 (KHTML, like Gecko) Chrome/141.0.7390.122 Mobile Safari/537.36 (compatible; Googlebot/2.1; +http://www.google.com/bot.html)"
74.7.227.155 - - [16/Dec/2025:01:17:19 +0000] "GET /?p=48541 HTTP/1.1" 200 42569 "-" "Mozilla/5.0 AppleWebKit/537.36 (KHTML, like Gecko; compatible; GPTBot/1.3; +https://openai.com/gptbot)"
57.141.0.31 - - [16/Dec/2025:01:17:20 +0000] "GET /2025/03/06/page/39/?fileloc=//sys/class/pci_bus/0000:0c/subsystem/0000:04/device/driver/0000:00:03.3/driver/0000:00:02.6/revision&path=//sys/class/pci_bus/0000:0c/subsystem/0000:04/device/driver/0000:00:03.3/driver/0000:00:02.6 HTTP/1.1" 200 262209 "-" "meta-externalagent/1.1 (+https://developers.facebook.com/docs/sharing/webmasters/crawler)"
216.73.216.115 - - [16/Dec/2025:01:17:20 +0000] "GET /entity/287157181.htm HTTP/1.1" 301 5 "-" "Mozilla/5.0 AppleWebKit/537.36 (KHTML, like Gecko; compatible; ClaudeBot/1.0; +claudebot@anthropic.com)"
57.141.0.37 - - [16/Dec/2025:01:17:20 +0000] "GET /2025/03/06/page/39/?path=//sys/class/pci_bus/0000:07/subsystem/0000:0b/subsystem/0000:02/subsystem/0000:12/device HTTP/1.1" 200 262209 "-" "meta-externalagent/1.1 (+https://developers.facebook.com/docs/sharing/webmasters/crawler)"
216.73.216.115 - - [16/Dec/2025:01:17:20 +0000] "GET /entity/287157181.htm/ HTTP/1.1" 200 45436 "https://datainsightnow.com/entity/287157181.htm" "Mozilla/5.0 AppleWebKit/537.36 (KHTML, like Gecko; compatible; ClaudeBot/1.0; +claudebot@anthropic.com)"
57.141.0.55 - - [16/Dec/2025:01:17:21 +0000] "GET /2025/03/13/?fileloc=//sys/class/pci_bus/0000:03/subsystem/0000:0c/subsystem/0000:00/device/0000:00:02.3/driver_override&path=//sys/class/pci_bus/0000:03/subsystem/0000:0c/subsystem/0000:00/device/0000:00:02.3 HTTP/1.1" 200 262209 "-" "meta-externalagent/1.1 (+https://developers.facebook.com/docs/sharing/webmasters/crawler)"
74.7.227.155 - - [16/Dec/2025:01:17:22 +0000] "GET /?p=19814 HTTP/1.1" 200 42755 "-" "Mozilla/5.0 AppleWebKit/537.36 (KHTML, like Gecko; compatible; GPTBot/1.3; +https://openai.com/gptbot)"
216.73.216.115 - - [16/Dec/2025:01:17:23 +0000] "GET /entity/287258448.htm HTTP/1.1" 301 5 "-" "Mozilla/5.0 AppleWebKit/537.36 (KHTML, like Gecko; compatible; ClaudeBot/1.0; +claudebot@anthropic.com)"
57.141.0.42 - - [16/Dec/2025:01:17:23 +0000] "GET /karamba-spielsaal-erfahrungen-angeschlossen-testbericht-werfen-sie-einen-blick-auf-den-link-within-2025-pro-teutonia/?fileloc=//sys/class/pci_bus/0000:0e/subsystem/0000:01/subsystem/0000:11/subsystem/0000:00/device/0000:00:03.7/aer_rootport_total_err_cor&path=//sys/class/pci_bus/0000:0e/subsystem/0000:01/subsystem/0000:11/subsystem/0000:00/device/0000:00:03.7 HTTP/1.1" 200 262264 "-" "meta-externalagent/1.1 (+https://developers.facebook.com/docs/sharing/webmasters/crawler)"
216.73.216.115 - - [16/Dec/2025:01:17:23 +0000] "GET /entity/287258448.htm/ HTTP/1.1" 200 45436 "https://datainsightnow.com/entity/287258448.htm" "Mozilla/5.0 AppleWebKit/537.36 (KHTML, like Gecko; compatible; ClaudeBot/1.0; +claudebot@anthropic.com)"
57.141.0.24 - - [16/Dec/2025:01:17:24 +0000] "GET /2025/03/07/page/6/?fileloc=//sys/class/pci_bus/0000:0d/subsystem/0000:0f/device/driver/0000:00:02.3/driver/0000:00:04.0/driver/0000:00:02.6/subsystem_device&path=//sys/class/pci_bus/0000:0d/subsystem/0000:0f/device/driver/0000:00:02.3/driver/0000:00:04.0/driver/0000:00:02.6 HTTP/1.1" 200 262248 "-" "meta-externalagent/1.1 (+https://developers.facebook.com/docs/sharing/webmasters/crawler)"
74.7.227.155 - - [16/Dec/2025:01:17:25 +0000] "GET /?p=18315 HTTP/1.1" 200 41665 "-" "Mozilla/5.0 AppleWebKit/537.36 (KHTML, like Gecko; compatible; GPTBot/1.3; +https://openai.com/gptbot)"
185.191.171.10 - - [16/Dec/2025:01:17:25 +0000] "GET /?p=29559 HTTP/1.1" 200 41517 "-" "Mozilla/5.0 (compatible; SemrushBot/7~bl; +http://www.semrush.com/bot.html)"
216.73.216.115 - - [16/Dec/2025:01:17:26 +0000] "GET /entity/287322690.htm HTTP/1.1" 301 5 "-" "Mozilla/5.0 AppleWebKit/537.36 (KHTML, like Gecko; compatible; ClaudeBot/1.0; +claudebot@anthropic.com)"
216.73.216.115 - - [16/Dec/2025:01:17:26 +0000] "GET /entity/287322690.htm/ HTTP/1.1" 200 45436 "https://datainsightnow.com/entity/287322690.htm" "Mozilla/5.0 AppleWebKit/537.36 (KHTML, like Gecko; compatible; ClaudeBot/1.0; +claudebot@anthropic.com)"
52.167.144.158 - - [16/Dec/2025:01:17:27 +0000] "GET /usm_0.66_1.00_0.01/?fileloc=/opt/vultr/version.sh&path=/opt/vultr HTTP/1.1" 200 45436 "-" "Mozilla/5.0 AppleWebKit/537.36 (KHTML, like Gecko; compatible; bingbot/2.0; +http://www.bing.com/bingbot.htm) Chrome/116.0.1938.76 Safari/537.36"
217.113.194.52 - - [16/Dec/2025:01:17:28 +0000] "GET /about/?fileloc=//proc/55/cpu_resctrl_groups&path=//proc/55 HTTP/1.1" 200 45436 "-" "Mozilla/5.0 (compatible; Barkrowler/0.9; +https://babbar.tech/crawler)"
74.7.227.155 - - [16/Dec/2025:01:17:28 +0000] "GET /?p=28655 HTTP/1.1" 200 42209 "-" "Mozilla/5.0 AppleWebKit/537.36 (KHTML, like Gecko; compatible; GPTBot/1.3; +https://openai.com/gptbot)"
216.73.216.115 - - [16/Dec/2025:01:17:29 +0000] "GET /entity/287382256.htm HTTP/1.1" 301 5 "-" "Mozilla/5.0 AppleWebKit/537.36 (KHTML, like Gecko; compatible; ClaudeBot/1.0; +claudebot@anthropic.com)"
216.73.216.115 - - [16/Dec/2025:01:17:29 +0000] "GET /entity/287382256.htm/ HTTP/1.1" 200 45436 "https://datainsightnow.com/entity/287382256.htm" "Mozilla/5.0 AppleWebKit/537.36 (KHTML, like Gecko; compatible; ClaudeBot/1.0; +claudebot@anthropic.com)"
