57.141.0.76 - - [16/Dec/2025:00:41:24 +0000] "GET /2025/03/07/page/6/?fileloc=//sys/class/pci_bus/0000:01/subsystem/0000:06/device/driver/0000:00:02.3/firmware_node/physical_node/numa_node&path=//sys/class/pci_bus/0000:01/subsystem/0000:06/device/driver/0000:00:02.3/firmware_node/physical_node HTTP/1.1" 200 262209 "-" "meta-externalagent/1.1 (+https://developers.facebook.com/docs/sharing/webmasters/crawler)"
45.134.225.241 - - [16/Dec/2025:00:41:24 +0000] "GET / HTTP/1.1" 200 45511 "https://datainsightnow.com/wp-login.php" "Mozilla/5.0 (Macintosh; Intel Mac OS X 13_6_1; rv:119.0) Gecko/20100101 Firefox/119.0"
45.134.225.241 - - [16/Dec/2025:00:41:25 +0000] "GET /wp-admin/index.php HTTP/1.1" 302 11 "https://datainsightnow.com/wp-login.php" "Mozilla/5.0 (Macintosh; Intel Mac OS X 13_6_1; rv:119.0) Gecko/20100101 Firefox/119.0"
45.134.225.241 - - [16/Dec/2025:00:41:26 +0000] "GET / HTTP/1.1" 200 45511 "https://datainsightnow.com/wp-login.php" "Mozilla/5.0 (Macintosh; Intel Mac OS X 13_6_1; rv:119.0) Gecko/20100101 Firefox/119.0"
57.141.0.50 - - [16/Dec/2025:00:41:26 +0000] "GET /2025/03/07/page/6/?fileloc=//sys/class/pci_bus/0000:05/subsystem/0000:0c/device/driver/0000:00:02.1/driver/0000:00:03.4/driver/0000:00:03.3/dma_mask_bits&path=//sys/class/pci_bus/0000:05/subsystem/0000:0c/device/driver/0000:00:02.1/driver/0000:00:03.4/driver/0000:00:03.3 HTTP/1.1" 200 262248 "-" "meta-externalagent/1.1 (+https://developers.facebook.com/docs/sharing/webmasters/crawler)"
74.7.227.155 - - [16/Dec/2025:00:41:26 +0000] "GET /?p=29019 HTTP/1.1" 200 43155 "-" "Mozilla/5.0 AppleWebKit/537.36 (KHTML, like Gecko; compatible; GPTBot/1.3; +https://openai.com/gptbot)"
45.134.225.241 - - [16/Dec/2025:00:41:26 +0000] "GET /wp-admin/profile.php HTTP/1.1" 302 11 "https://datainsightnow.com/wp-login.php" "Mozilla/5.0 (Macintosh; Intel Mac OS X 13_6_1; rv:119.0) Gecko/20100101 Firefox/119.0"
185.191.171.10 - - [16/Dec/2025:00:41:27 +0000] "GET /?p=34221 HTTP/1.1" 200 43544 "-" "Mozilla/5.0 (compatible; SemrushBot/7~bl; +http://www.semrush.com/bot.html)"
45.134.225.241 - - [16/Dec/2025:00:41:27 +0000] "GET / HTTP/1.1" 200 45511 "https://datainsightnow.com/wp-login.php" "Mozilla/5.0 (Macintosh; Intel Mac OS X 13_6_1; rv:119.0) Gecko/20100101 Firefox/119.0"
66.249.72.227 - - [16/Dec/2025:00:41:28 +0000] "GET /entity/379676388.htm HTTP/1.1" 200 31312 "-" "Mozilla/5.0 (Linux; Android 6.0.1; Nexus 5X Build/MMB29P) AppleWebKit/537.36 (KHTML, like Gecko) Chrome/141.0.7390.122 Mobile Safari/537.36 (compatible; Googlebot/2.1; +http://www.google.com/bot.html)"
45.134.225.241 - - [16/Dec/2025:00:41:28 +0000] "GET /wp-admin/edit.php HTTP/1.1" 302 11 "https://datainsightnow.com/wp-login.php" "Mozilla/5.0 (Macintosh; Intel Mac OS X 13_6_1; rv:119.0) Gecko/20100101 Firefox/119.0"
57.141.0.60 - - [16/Dec/2025:00:41:28 +0000] "GET /karamba-spielsaal-erfahrungen-angeschlossen-testbericht-werfen-sie-einen-blick-auf-den-link-within-2025-pro-teutonia/?path=//sys/class/pci_bus/0000:06/subsystem/0000:04/subsystem/0000:0c/subsystem/0000:08/subsystem/0000:02/subsystem/0000:08/device HTTP/1.1" 200 262264 "-" "meta-externalagent/1.1 (+https://developers.facebook.com/docs/sharing/webmasters/crawler)"
45.134.225.241 - - [16/Dec/2025:00:41:29 +0000] "GET / HTTP/1.1" 200 45511 "https://datainsightnow.com/wp-login.php" "Mozilla/5.0 (Macintosh; Intel Mac OS X 13_6_1; rv:119.0) Gecko/20100101 Firefox/119.0"
45.134.225.241 - - [16/Dec/2025:00:41:29 +0000] "GET /wp-admin/plugins.php HTTP/1.1" 302 11 "https://datainsightnow.com/wp-login.php" "Mozilla/5.0 (Macintosh; Intel Mac OS X 13_6_1; rv:119.0) Gecko/20100101 Firefox/119.0"
45.134.225.241 - - [16/Dec/2025:00:41:30 +0000] "GET / HTTP/1.1" 200 45511 "https://datainsightnow.com/wp-login.php" "Mozilla/5.0 (Macintosh; Intel Mac OS X 13_6_1; rv:119.0) Gecko/20100101 Firefox/119.0"
45.134.225.241 - - [16/Dec/2025:00:41:30 +0000] "POST /wp-login.php HTTP/1.1" 200 2681 "https://datainsightnow.com/wp-login.php" "Mozilla/5.0 (Macintosh; Intel Mac OS X 13_6_1; rv:121.0) Gecko/20100101 Firefox/121.0"
45.134.225.241 - - [16/Dec/2025:00:41:31 +0000] "GET /wp-admin/index.php HTTP/1.1" 302 11 "https://datainsightnow.com/wp-login.php" "Mozilla/5.0 (Macintosh; Intel Mac OS X 13_6_1) AppleWebKit/605.1.15 (KHTML, like Gecko) Version/17.2 Safari/605.1.15"
85.208.96.195 - - [16/Dec/2025:00:41:31 +0000] "GET /?p=10751 HTTP/1.1" 200 45313 "-" "Mozilla/5.0 (compatible; SemrushBot/7~bl; +http://www.semrush.com/bot.html)"
45.134.225.241 - - [16/Dec/2025:00:41:32 +0000] "GET / HTTP/1.1" 200 45511 "https://datainsightnow.com/wp-login.php" "Mozilla/5.0 (Macintosh; Intel Mac OS X 13_6_1) AppleWebKit/605.1.15 (KHTML, like Gecko) Version/17.2 Safari/605.1.15"
45.134.225.241 - - [16/Dec/2025:00:41:32 +0000] "GET /wp-admin/profile.php HTTP/1.1" 302 11 "https://datainsightnow.com/wp-login.php" "Mozilla/5.0 (Macintosh; Intel Mac OS X 13_6_1) AppleWebKit/605.1.15 (KHTML, like Gecko) Version/17.2 Safari/605.1.15"
45.134.225.241 - - [16/Dec/2025:00:41:33 +0000] "GET / HTTP/1.1" 200 45511 "https://datainsightnow.com/wp-login.php" "Mozilla/5.0 (Macintosh; Intel Mac OS X 13_6_1) AppleWebKit/605.1.15 (KHTML, like Gecko) Version/17.2 Safari/605.1.15"
45.134.225.241 - - [16/Dec/2025:00:41:34 +0000] "GET /wp-admin/edit.php HTTP/1.1" 302 11 "https://datainsightnow.com/wp-login.php" "Mozilla/5.0 (Macintosh; Intel Mac OS X 13_6_1) AppleWebKit/605.1.15 (KHTML, like Gecko) Version/17.2 Safari/605.1.15"
57.141.0.50 - - [16/Dec/2025:00:41:34 +0000] "GET /2025/03/07/page/6/?fileloc=//sys/class/pci_bus/0000:05/subsystem/0000:06/subsystem/0000:11/subsystem/0000:0d/subsystem/0000:07/device/0000:07:00.0/max_link_speed&path=//sys/class/pci_bus/0000:05/subsystem/0000:06/subsystem/0000:11/subsystem/0000:0d/subsystem/0000:07/device/0000:07:00.0 HTTP/1.1" 200 262209 "-" "meta-externalagent/1.1 (+https://developers.facebook.com/docs/sharing/webmasters/crawler)"
57.141.0.53 - - [16/Dec/2025:00:41:34 +0000] "GET /2025/03/07/page/6/?fileloc=//sys/class/pci_bus/0000:01/subsystem/0000:11/device/subsystem/devices/0000:00:04.1/remove&path=//sys/class/pci_bus/0000:01/subsystem/0000:11/device/subsystem/devices/0000:00:04.1 HTTP/1.1" 200 262248 "-" "meta-externalagent/1.1 (+https://developers.facebook.com/docs/sharing/webmasters/crawler)"
74.7.227.155 - - [16/Dec/2025:00:41:35 +0000] "GET /?p=29141 HTTP/1.1" 200 46488 "-" "Mozilla/5.0 AppleWebKit/537.36 (KHTML, like Gecko; compatible; GPTBot/1.3; +https://openai.com/gptbot)"
45.134.225.241 - - [16/Dec/2025:00:41:35 +0000] "GET / HTTP/1.1" 200 45511 "https://datainsightnow.com/wp-login.php" "Mozilla/5.0 (Macintosh; Intel Mac OS X 13_6_1) AppleWebKit/605.1.15 (KHTML, like Gecko) Version/17.2 Safari/605.1.15"
45.134.225.241 - - [16/Dec/2025:00:41:35 +0000] "GET /wp-admin/plugins.php HTTP/1.1" 302 11 "https://datainsightnow.com/wp-login.php" "Mozilla/5.0 (Macintosh; Intel Mac OS X 13_6_1) AppleWebKit/605.1.15 (KHTML, like Gecko) Version/17.2 Safari/605.1.15"
45.134.225.241 - - [16/Dec/2025:00:41:36 +0000] "GET / HTTP/1.1" 200 45511 "https://datainsightnow.com/wp-login.php" "Mozilla/5.0 (Macintosh; Intel Mac OS X 13_6_1) AppleWebKit/605.1.15 (KHTML, like Gecko) Version/17.2 Safari/605.1.15"
74.7.227.155 - - [16/Dec/2025:00:41:36 +0000] "GET /?p=26348 HTTP/1.1" 200 44260 "-" "Mozilla/5.0 AppleWebKit/537.36 (KHTML, like Gecko; compatible; GPTBot/1.3; +https://openai.com/gptbot)"
45.134.225.241 - - [16/Dec/2025:00:41:36 +0000] "GET /wp-admin/index.php HTTP/1.1" 302 11 "https://datainsightnow.com/wp-login.php" "Mozilla/5.0 (Macintosh; Intel Mac OS X 13_6_1) AppleWebKit/605.1.15 (KHTML, like Gecko) Version/17.2 Safari/605.1.15"
45.134.225.241 - - [16/Dec/2025:00:41:37 +0000] "GET / HTTP/1.1" 200 45511 "https://datainsightnow.com/wp-login.php" "Mozilla/5.0 (Macintosh; Intel Mac OS X 13_6_1) AppleWebKit/605.1.15 (KHTML, like Gecko) Version/17.2 Safari/605.1.15"
57.141.0.69 - - [16/Dec/2025:00:41:37 +0000] "GET /karamba-spielsaal-erfahrungen-angeschlossen-testbericht-werfen-sie-einen-blick-auf-den-link-within-2025-pro-teutonia/?path=//sys/class/pci_bus/0000:0b/subsystem/0000:11/subsystem/0000:12/device/subsystem/devices/0000:00:02.1/driver/0000:00:02.1/0000:02:00.0 HTTP/1.1" 200 262215 "-" "meta-externalagent/1.1 (+https://developers.facebook.com/docs/sharing/webmasters/crawler)"
45.134.225.241 - - [16/Dec/2025:00:41:38 +0000] "GET /wp-admin/profile.php HTTP/1.1" 302 11 "https://datainsightnow.com/wp-login.php" "Mozilla/5.0 (Macintosh; Intel Mac OS X 13_6_1) AppleWebKit/605.1.15 (KHTML, like Gecko) Version/17.2 Safari/605.1.15"
74.7.227.155 - - [16/Dec/2025:00:41:38 +0000] "GET /?p=27105 HTTP/1.1" 200 42448 "-" "Mozilla/5.0 AppleWebKit/537.36 (KHTML, like Gecko; compatible; GPTBot/1.3; +https://openai.com/gptbot)"
57.141.0.53 - - [16/Dec/2025:00:41:39 +0000] "GET /karamba-spielsaal-erfahrungen-angeschlossen-testbericht-werfen-sie-einen-blick-auf-den-link-within-2025-pro-teutonia/?fileloc=//sys/class/pci_bus/0000:06/subsystem/0000:00/subsystem/0000:13/subsystem/0000:04/device/0000:04:00.0/subsystem/devices/0000:02:00.0/local_cpulist&path=//sys/class/pci_bus/0000:06/subsystem/0000:00/subsystem/0000:13/subsystem/0000:04/device/0000:04:00.0/subsystem/devices/0000:02:00.0 HTTP/1.1" 200 262248 "-" "meta-externalagent/1.1 (+https://developers.facebook.com/docs/sharing/webmasters/crawler)"
45.134.225.241 - - [16/Dec/2025:00:41:39 +0000] "GET / HTTP/1.1" 200 45511 "https://datainsightnow.com/wp-login.php" "Mozilla/5.0 (Macintosh; Intel Mac OS X 13_6_1) AppleWebKit/605.1.15 (KHTML, like Gecko) Version/17.2 Safari/605.1.15"
217.113.194.59 - - [16/Dec/2025:00:41:39 +0000] "GET /register/?fileloc=//lib/systemd/systemd-user-sessions&path=//lib/systemd HTTP/1.1" 200 45436 "-" "Mozilla/5.0 (compatible; Barkrowler/0.9; +https://babbar.tech/crawler)"
45.134.225.241 - - [16/Dec/2025:00:41:40 +0000] "GET /wp-admin/edit.php HTTP/1.1" 302 11 "https://datainsightnow.com/wp-login.php" "Mozilla/5.0 (Macintosh; Intel Mac OS X 13_6_1) AppleWebKit/605.1.15 (KHTML, like Gecko) Version/17.2 Safari/605.1.15"
45.134.225.241 - - [16/Dec/2025:00:41:40 +0000] "GET / HTTP/1.1" 200 45511 "https://datainsightnow.com/wp-login.php" "Mozilla/5.0 (Macintosh; Intel Mac OS X 13_6_1) AppleWebKit/605.1.15 (KHTML, like Gecko) Version/17.2 Safari/605.1.15"
57.141.0.37 - - [16/Dec/2025:00:41:41 +0000] "GET /2025/03/07/page/6/?path=//sys/class/pci_bus/0000:05/subsystem/0000:0b/subsystem/0000:05/subsystem/0000:04/subsystem/0000:10/subsystem HTTP/1.1" 200 262209 "-" "meta-externalagent/1.1 (+https://developers.facebook.com/docs/sharing/webmasters/crawler)"
74.7.227.155 - - [16/Dec/2025:00:41:41 +0000] "GET /index.php?rest_route=/wp/v2/posts/27105 HTTP/1.1" 200 4849 "-" "Mozilla/5.0 AppleWebKit/537.36 (KHTML, like Gecko; compatible; GPTBot/1.3; +https://openai.com/gptbot)"
45.134.225.241 - - [16/Dec/2025:00:41:41 +0000] "GET /wp-admin/plugins.php HTTP/1.1" 302 11 "https://datainsightnow.com/wp-login.php" "Mozilla/5.0 (Macintosh; Intel Mac OS X 13_6_1) AppleWebKit/605.1.15 (KHTML, like Gecko) Version/17.2 Safari/605.1.15"
57.141.0.58 - - [16/Dec/2025:00:41:42 +0000] "GET /karamba-spielsaal-erfahrungen-angeschlossen-testbericht-werfen-sie-einen-blick-auf-den-link-within-2025-pro-teutonia/?fileloc=//sys/class/pci_bus/0000:00/subsystem/0000:02/subsystem/0000:08/subsystem/0000:04/subsystem/0000:0c/power/runtime_active_kids&path=//sys/class/pci_bus/0000:00/subsystem/0000:02/subsystem/0000:08/subsystem/0000:04/subsystem/0000:0c/power HTTP/1.1" 200 262209 "-" "meta-externalagent/1.1 (+https://developers.facebook.com/docs/sharing/webmasters/crawler)"
45.134.225.241 - - [16/Dec/2025:00:41:42 +0000] "GET / HTTP/1.1" 200 45511 "https://datainsightnow.com/wp-login.php" "Mozilla/5.0 (Macintosh; Intel Mac OS X 13_6_1) AppleWebKit/605.1.15 (KHTML, like Gecko) Version/17.2 Safari/605.1.15"
45.134.225.241 - - [16/Dec/2025:00:41:42 +0000] "POST /wp-login.php HTTP/1.1" 200 2679 "https://datainsightnow.com/wp-login.php" "Mozilla/5.0 (Windows NT 10.0; Win64; x64; rv:119.0) Gecko/20100101 Firefox/119.0"
57.141.0.11 - - [16/Dec/2025:00:41:43 +0000] "GET /2025/03/07/page/6/?fileloc=//sys/class/pci_bus/0000:08/device/driver/0000:00:02.4/driver/0000:00:02.5/subsystem/devices/0000:00:1f.0/device&path=//sys/class/pci_bus/0000:08/device/driver/0000:00:02.4/driver/0000:00:02.5/subsystem/devices/0000:00:1f.0 HTTP/1.1" 200 262209 "-" "meta-externalagent/1.1 (+https://developers.facebook.com/docs/sharing/webmasters/crawler)"
45.134.225.241 - - [16/Dec/2025:00:41:43 +0000] "GET /wp-admin/index.php HTTP/1.1" 302 11 "https://datainsightnow.com/wp-login.php" "Mozilla/5.0 (Macintosh; Intel Mac OS X 10_15_7) AppleWebKit/537.36 (KHTML, like Gecko) Chrome/120.0.0.0 Safari/537.36"
45.134.225.241 - - [16/Dec/2025:00:41:43 +0000] "GET / HTTP/1.1" 200 45511 "https://datainsightnow.com/wp-login.php" "Mozilla/5.0 (Macintosh; Intel Mac OS X 10_15_7) AppleWebKit/537.36 (KHTML, like Gecko) Chrome/120.0.0.0 Safari/537.36"
57.141.0.77 - - [16/Dec/2025:00:41:44 +0000] "GET /karamba-spielsaal-erfahrungen-angeschlossen-testbericht-werfen-sie-einen-blick-auf-den-link-within-2025-pro-teutonia/?fileloc=//sys/class/pci_bus/0000:13/subsystem/0000:0f/subsystem/0000:0f/device/driver/0000:00:03.2/driver/0000:00:02.4/power_state&path=//sys/class/pci_bus/0000:13/subsystem/0000:0f/subsystem/0000:0f/device/driver/0000:00:03.2/driver/0000:00:02.4 HTTP/1.1" 200 262255 "-" "meta-externalagent/1.1 (+https://developers.facebook.com/docs/sharing/webmasters/crawler)"
74.7.227.155 - - [16/Dec/2025:00:41:44 +0000] "GET /index.php?format=xml&rest_route=%2Foembed%2F1.0%2Fembed&url=https%3A%2F%2Fdatainsightnow.com%2F%3Fp%3D27105 HTTP/1.1" 200 1301 "-" "Mozilla/5.0 AppleWebKit/537.36 (KHTML, like Gecko; compatible; GPTBot/1.3; +https://openai.com/gptbot)"
45.134.225.241 - - [16/Dec/2025:00:41:44 +0000] "GET /wp-admin/profile.php HTTP/1.1" 302 11 "https://datainsightnow.com/wp-login.php" "Mozilla/5.0 (Macintosh; Intel Mac OS X 10_15_7) AppleWebKit/537.36 (KHTML, like Gecko) Chrome/120.0.0.0 Safari/537.36"
45.134.225.241 - - [16/Dec/2025:00:41:45 +0000] "GET / HTTP/1.1" 200 45511 "https://datainsightnow.com/wp-login.php" "Mozilla/5.0 (Macintosh; Intel Mac OS X 10_15_7) AppleWebKit/537.36 (KHTML, like Gecko) Chrome/120.0.0.0 Safari/537.36"
45.134.225.241 - - [16/Dec/2025:00:41:45 +0000] "GET /wp-admin/edit.php HTTP/1.1" 302 11 "https://datainsightnow.com/wp-login.php" "Mozilla/5.0 (Macintosh; Intel Mac OS X 10_15_7) AppleWebKit/537.36 (KHTML, like Gecko) Chrome/120.0.0.0 Safari/537.36"
45.134.225.241 - - [16/Dec/2025:00:41:46 +0000] "GET / HTTP/1.1" 200 45511 "https://datainsightnow.com/wp-login.php" "Mozilla/5.0 (Macintosh; Intel Mac OS X 10_15_7) AppleWebKit/537.36 (KHTML, like Gecko) Chrome/120.0.0.0 Safari/537.36"
45.134.225.241 - - [16/Dec/2025:00:41:47 +0000] "GET /wp-admin/plugins.php HTTP/1.1" 302 11 "https://datainsightnow.com/wp-login.php" "Mozilla/5.0 (Macintosh; Intel Mac OS X 10_15_7) AppleWebKit/537.36 (KHTML, like Gecko) Chrome/120.0.0.0 Safari/537.36"
57.141.0.12 - - [16/Dec/2025:00:41:47 +0000] "GET /karamba-spielsaal-erfahrungen-angeschlossen-testbericht-werfen-sie-einen-blick-auf-den-link-within-2025-pro-teutonia/?fileloc=//sys/class/pci_bus/0000:04/subsystem/0000:0e/subsystem/0000:06/device/firmware_node/device:2b/power/runtime_suspended_time&path=//sys/class/pci_bus/0000:04/subsystem/0000:0e/subsystem/0000:06/device/firmware_node/device:2b/power HTTP/1.1" 200 262215 "-" "meta-externalagent/1.1 (+https://developers.facebook.com/docs/sharing/webmasters/crawler)"
74.7.227.155 - - [16/Dec/2025:00:41:47 +0000] "GET /index.php?rest_route=%2Foembed%2F1.0%2Fembed&url=https%3A%2F%2Fdatainsightnow.com%2F%3Fp%3D27105 HTTP/1.1" 200 1277 "-" "Mozilla/5.0 AppleWebKit/537.36 (KHTML, like Gecko; compatible; GPTBot/1.3; +https://openai.com/gptbot)"
57.141.0.73 - - [16/Dec/2025:00:41:48 +0000] "GET /2025/03/07/page/6/?fileloc=//sys/class/pci_bus/0000:05/subsystem/0000:0d/subsystem/0000:00/subsystem/0000:08/subsystem/0000:11/subsystem/0000:03/uevent&path=//sys/class/pci_bus/0000:05/subsystem/0000:0d/subsystem/0000:00/subsystem/0000:08/subsystem/0000:11/subsystem/0000:03 HTTP/1.1" 200 262264 "-" "meta-externalagent/1.1 (+https://developers.facebook.com/docs/sharing/webmasters/crawler)"
57.141.0.29 - - [16/Dec/2025:00:41:48 +0000] "GET /karamba-spielsaal-erfahrungen-angeschlossen-testbericht-werfen-sie-einen-blick-auf-den-link-within-2025-pro-teutonia/?path=//sys/class/pci_bus/0000:01/subsystem/0000:0b/subsystem/0000:07/subsystem/0000:0f/device/driver HTTP/1.1" 200 262264 "-" "meta-externalagent/1.1 (+https://developers.facebook.com/docs/sharing/webmasters/crawler)"
45.134.225.241 - - [16/Dec/2025:00:41:48 +0000] "GET / HTTP/1.1" 200 45511 "https://datainsightnow.com/wp-login.php" "Mozilla/5.0 (Macintosh; Intel Mac OS X 10_15_7) AppleWebKit/537.36 (KHTML, like Gecko) Chrome/120.0.0.0 Safari/537.36"
45.134.225.241 - - [16/Dec/2025:00:41:49 +0000] "GET /wp-admin/index.php HTTP/1.1" 302 11 "https://datainsightnow.com/wp-login.php" "Mozilla/5.0 (Macintosh; Intel Mac OS X 10_15_7) AppleWebKit/537.36 (KHTML, like Gecko) Chrome/120.0.0.0 Safari/537.36"
57.141.0.10 - - [16/Dec/2025:00:41:49 +0000] "GET /2025/03/07/page/6/?fileloc=//sys/class/pci_bus/0000:0f/subsystem/0000:01/subsystem/0000:08/device/driver/0000:00:02.6/0000:00:02.6:pcie002/power/runtime_active_kids&path=//sys/class/pci_bus/0000:0f/subsystem/0000:01/subsystem/0000:08/device/driver/0000:00:02.6/0000:00:02.6:pcie002/power HTTP/1.1" 200 262209 "-" "meta-externalagent/1.1 (+https://developers.facebook.com/docs/sharing/webmasters/crawler)"
57.141.0.58 - - [16/Dec/2025:00:41:49 +0000] "GET /moneysense-self-help-guide-to-the-ideal-profile/?fileloc=//sys/class/pci_bus/0000:00/device/firmware_node/device:2a/subsystem/devices/device:11/path&path=//sys/class/pci_bus/0000:00/device/firmware_node/device:2a/subsystem/devices/device:11 HTTP/1.1" 200 262215 "-" "meta-externalagent/1.1 (+https://developers.facebook.com/docs/sharing/webmasters/crawler)"
45.134.225.241 - - [16/Dec/2025:00:41:50 +0000] "GET / HTTP/1.1" 200 45511 "https://datainsightnow.com/wp-login.php" "Mozilla/5.0 (Macintosh; Intel Mac OS X 10_15_7) AppleWebKit/537.36 (KHTML, like Gecko) Chrome/120.0.0.0 Safari/537.36"
66.135.21.75 - - [16/Dec/2025:00:41:50 +0000] "POST /wp-cron.php?doing_wp_cron=1765845710.3733708858489990234375 HTTP/1.1" 200 31 "-" "WordPress/6.3.1; https://datainsightnow.com"
57.141.0.35 - - [16/Dec/2025:00:41:50 +0000] "GET /karamba-spielsaal-erfahrungen-angeschlossen-testbericht-werfen-sie-einen-blick-auf-den-link-within-2025-pro-teutonia/?fileloc=//sys/class/pci_bus/0000:04/subsystem/0000:05/subsystem/0000:05/subsystem/0000:04/subsystem/0000:0f/subsystem/0000:11/device/subsystem_device&path=//sys/class/pci_bus/0000:04/subsystem/0000:05/subsystem/0000:05/subsystem/0000:04/subsystem/0000:0f/subsystem/0000:11/device HTTP/1.1" 200 262215 "-" "meta-externalagent/1.1 (+https://developers.facebook.com/docs/sharing/webmasters/crawler)"
45.134.225.241 - - [16/Dec/2025:00:41:50 +0000] "GET /wp-admin/profile.php HTTP/1.1" 302 11 "https://datainsightnow.com/wp-login.php" "Mozilla/5.0 (Macintosh; Intel Mac OS X 10_15_7) AppleWebKit/537.36 (KHTML, like Gecko) Chrome/120.0.0.0 Safari/537.36"
74.7.227.155 - - [16/Dec/2025:00:41:51 +0000] "GET /?p=43415 HTTP/1.1" 200 40860 "-" "Mozilla/5.0 AppleWebKit/537.36 (KHTML, like Gecko; compatible; GPTBot/1.3; +https://openai.com/gptbot)"
45.134.225.241 - - [16/Dec/2025:00:41:51 +0000] "GET / HTTP/1.1" 200 45511 "https://datainsightnow.com/wp-login.php" "Mozilla/5.0 (Macintosh; Intel Mac OS X 10_15_7) AppleWebKit/537.36 (KHTML, like Gecko) Chrome/120.0.0.0 Safari/537.36"
45.134.225.241 - - [16/Dec/2025:00:41:52 +0000] "GET /wp-admin/edit.php HTTP/1.1" 302 11 "https://datainsightnow.com/wp-login.php" "Mozilla/5.0 (Macintosh; Intel Mac OS X 10_15_7) AppleWebKit/537.36 (KHTML, like Gecko) Chrome/120.0.0.0 Safari/537.36"
57.141.0.32 - - [16/Dec/2025:00:41:52 +0000] "GET /2025/03/07/page/6/?fileloc=//sys/class/pci_bus/0000:0a/subsystem/0000:0a/device/driver/0000:00:02.3/driver/0000:00:02.3/driver/0000:00:03.5/aer_dev_correctable&path=//sys/class/pci_bus/0000:0a/subsystem/0000:0a/device/driver/0000:00:02.3/driver/0000:00:02.3/driver/0000:00:03.5 HTTP/1.1" 200 262215 "-" "meta-externalagent/1.1 (+https://developers.facebook.com/docs/sharing/webmasters/crawler)"
45.134.225.241 - - [16/Dec/2025:00:41:53 +0000] "GET / HTTP/1.1" 200 45511 "https://datainsightnow.com/wp-login.php" "Mozilla/5.0 (Macintosh; Intel Mac OS X 10_15_7) AppleWebKit/537.36 (KHTML, like Gecko) Chrome/120.0.0.0 Safari/537.36"
57.141.0.75 - - [16/Dec/2025:00:41:53 +0000] "GET /karamba-spielsaal-erfahrungen-angeschlossen-testbericht-werfen-sie-einen-blick-auf-den-link-within-2025-pro-teutonia/?path=//sys/class/pci_bus/0000:0a/subsystem/0000:0d/subsystem/0000:0b/subsystem/0000:0d/subsystem/0000:04/subsystem/0000:02 HTTP/1.1" 200 262209 "-" "meta-externalagent/1.1 (+https://developers.facebook.com/docs/sharing/webmasters/crawler)"
45.134.225.241 - - [16/Dec/2025:00:41:53 +0000] "GET /wp-admin/plugins.php HTTP/1.1" 302 11 "https://datainsightnow.com/wp-login.php" "Mozilla/5.0 (Macintosh; Intel Mac OS X 10_15_7) AppleWebKit/537.36 (KHTML, like Gecko) Chrome/120.0.0.0 Safari/537.36"
57.141.0.10 - - [16/Dec/2025:00:41:53 +0000] "GET /karamba-spielsaal-erfahrungen-angeschlossen-testbericht-werfen-sie-einen-blick-auf-den-link-within-2025-pro-teutonia/?fileloc=//sys/class/pci_bus/0000:0f/subsystem/0000:06/subsystem/0000:06/device/subsystem/drivers/ata_piix/unbind&path=//sys/class/pci_bus/0000:0f/subsystem/0000:06/subsystem/0000:06/device/subsystem/drivers/ata_piix HTTP/1.1" 200 262264 "-" "meta-externalagent/1.1 (+https://developers.facebook.com/docs/sharing/webmasters/crawler)"
74.7.227.155 - - [16/Dec/2025:00:41:54 +0000] "GET /index.php?rest_route=/wp/v2/posts/43415 HTTP/1.1" 200 3808 "-" "Mozilla/5.0 AppleWebKit/537.36 (KHTML, like Gecko; compatible; GPTBot/1.3; +https://openai.com/gptbot)"
57.141.0.25 - - [16/Dec/2025:00:41:54 +0000] "GET /2025/03/07/page/6/?fileloc=//sys/class/pci_bus/0000:08/device/driver/0000:00:02.4/driver/0000:00:02.3/driver/0000:00:03.2/power_state&path=//sys/class/pci_bus/0000:08/device/driver/0000:00:02.4/driver/0000:00:02.3/driver/0000:00:03.2 HTTP/1.1" 200 262209 "-" "meta-externalagent/1.1 (+https://developers.facebook.com/docs/sharing/webmasters/crawler)"
45.134.225.241 - - [16/Dec/2025:00:41:54 +0000] "GET / HTTP/1.1" 200 45511 "https://datainsightnow.com/wp-login.php" "Mozilla/5.0 (Macintosh; Intel Mac OS X 10_15_7) AppleWebKit/537.36 (KHTML, like Gecko) Chrome/120.0.0.0 Safari/537.36"
45.134.225.241 - - [16/Dec/2025:00:41:55 +0000] "POST /wp-login.php HTTP/1.1" 200 2678 "https://datainsightnow.com/wp-login.php" "Mozilla/5.0 (Macintosh; Intel Mac OS X 13_6_1) AppleWebKit/537.36 (KHTML, like Gecko) Chrome/121.0.0.0 Safari/537.36"
57.141.0.15 - - [16/Dec/2025:00:41:55 +0000] "GET /2025/03/13/?path=//sys/bus/acpi/devices/device:3e/device:3f/subsystem/devices/PNP0C0F:09 HTTP/1.1" 200 262215 "-" "meta-externalagent/1.1 (+https://developers.facebook.com/docs/sharing/webmasters/crawler)"
45.134.225.241 - - [16/Dec/2025:00:41:55 +0000] "GET /wp-admin/index.php HTTP/1.1" 302 11 "https://datainsightnow.com/wp-login.php" "Mozilla/5.0 (Windows NT 11.0; Win64; x64; rv:119.0) Gecko/20100101 Firefox/119.0"
57.141.0.34 - - [16/Dec/2025:00:41:55 +0000] "GET /2025/03/07/page/6/?path=//sys/class/pci_bus/0000:13/subsystem/0000:02/device/0000:00:02.1:pcie002/subsystem/devices/0000:00:03.7:pcie001/driver/0000:00:04.0:pcie001/subsystem/devices HTTP/1.1" 200 262248 "-" "meta-externalagent/1.1 (+https://developers.facebook.com/docs/sharing/webmasters/crawler)"
217.113.194.56 - - [16/Dec/2025:00:41:55 +0000] "GET /register/?fileloc=//lib/klibc/bin/zcat&path=//lib/klibc/bin HTTP/1.1" 200 45436 "-" "Mozilla/5.0 (compatible; Barkrowler/0.9; +https://babbar.tech/crawler)"
45.134.225.241 - - [16/Dec/2025:00:41:56 +0000] "GET / HTTP/1.1" 200 45511 "https://datainsightnow.com/wp-login.php" "Mozilla/5.0 (Windows NT 11.0; Win64; x64; rv:119.0) Gecko/20100101 Firefox/119.0"
45.134.225.241 - - [16/Dec/2025:00:41:56 +0000] "GET /wp-admin/profile.php HTTP/1.1" 302 11 "https://datainsightnow.com/wp-login.php" "Mozilla/5.0 (Windows NT 11.0; Win64; x64; rv:119.0) Gecko/20100101 Firefox/119.0"
74.7.227.155 - - [16/Dec/2025:00:41:57 +0000] "GET /index.php?format=xml&rest_route=%2Foembed%2F1.0%2Fembed&url=https%3A%2F%2Fdatainsightnow.com%2F%3Fp%3D43415 HTTP/1.1" 200 1293 "-" "Mozilla/5.0 AppleWebKit/537.36 (KHTML, like Gecko; compatible; GPTBot/1.3; +https://openai.com/gptbot)"
45.134.225.241 - - [16/Dec/2025:00:41:57 +0000] "GET / HTTP/1.1" 200 45511 "https://datainsightnow.com/wp-login.php" "Mozilla/5.0 (Windows NT 11.0; Win64; x64; rv:119.0) Gecko/20100101 Firefox/119.0"
45.134.225.241 - - [16/Dec/2025:00:41:58 +0000] "GET /wp-admin/edit.php HTTP/1.1" 302 11 "https://datainsightnow.com/wp-login.php" "Mozilla/5.0 (Windows NT 11.0; Win64; x64; rv:119.0) Gecko/20100101 Firefox/119.0"
45.134.225.241 - - [16/Dec/2025:00:41:59 +0000] "GET / HTTP/1.1" 200 45511 "https://datainsightnow.com/wp-login.php" "Mozilla/5.0 (Windows NT 11.0; Win64; x64; rv:119.0) Gecko/20100101 Firefox/119.0"
85.208.96.195 - - [16/Dec/2025:00:41:59 +0000] "GET /?p=32217 HTTP/1.1" 200 43699 "-" "Mozilla/5.0 (compatible; SemrushBot/7~bl; +http://www.semrush.com/bot.html)"
45.134.225.241 - - [16/Dec/2025:00:41:59 +0000] "GET /wp-admin/plugins.php HTTP/1.1" 302 11 "https://datainsightnow.com/wp-login.php" "Mozilla/5.0 (Windows NT 11.0; Win64; x64; rv:119.0) Gecko/20100101 Firefox/119.0"
45.134.225.241 - - [16/Dec/2025:00:42:00 +0000] "GET / HTTP/1.1" 200 45511 "https://datainsightnow.com/wp-login.php" "Mozilla/5.0 (Windows NT 11.0; Win64; x64; rv:119.0) Gecko/20100101 Firefox/119.0"
45.134.225.241 - - [16/Dec/2025:00:42:01 +0000] "GET /wp-admin/index.php HTTP/1.1" 302 11 "https://datainsightnow.com/wp-login.php" "Mozilla/5.0 (Windows NT 11.0; Win64; x64; rv:119.0) Gecko/20100101 Firefox/119.0"
45.134.225.241 - - [16/Dec/2025:00:42:02 +0000] "GET / HTTP/1.1" 200 45511 "https://datainsightnow.com/wp-login.php" "Mozilla/5.0 (Windows NT 11.0; Win64; x64; rv:119.0) Gecko/20100101 Firefox/119.0"
57.141.0.37 - - [16/Dec/2025:00:42:02 +0000] "GET /2025/03/07/page/6/?fileloc=//sys/class/pci_bus/0000:06/subsystem/0000:0b/subsystem/0000:00/device/0000:00:02.6/current_link_speed&path=//sys/class/pci_bus/0000:06/subsystem/0000:0b/subsystem/0000:00/device/0000:00:02.6 HTTP/1.1" 200 262217 "-" "meta-externalagent/1.1 (+https://developers.facebook.com/docs/sharing/webmasters/crawler)"
45.134.225.241 - - [16/Dec/2025:00:42:03 +0000] "GET /wp-admin/profile.php HTTP/1.1" 302 11 "https://datainsightnow.com/wp-login.php" "Mozilla/5.0 (Windows NT 11.0; Win64; x64; rv:119.0) Gecko/20100101 Firefox/119.0"
57.141.0.13 - - [16/Dec/2025:00:42:03 +0000] "GET /2025/03/07/page/6/?fileloc=//sys/class/pci_bus/0000:0c/device/driver/0000:00:02.1/driver/0000:00:02.4/driver/0000:00:02.4/enable&path=//sys/class/pci_bus/0000:0c/device/driver/0000:00:02.1/driver/0000:00:02.4/driver/0000:00:02.4 HTTP/1.1" 200 262264 "-" "meta-externalagent/1.1 (+https://developers.facebook.com/docs/sharing/webmasters/crawler)"
45.134.225.241 - - [16/Dec/2025:00:42:04 +0000] "GET / HTTP/1.1" 200 45511 "https://datainsightnow.com/wp-login.php" "Mozilla/5.0 (Windows NT 11.0; Win64; x64; rv:119.0) Gecko/20100101 Firefox/119.0"
57.141.0.5 - - [16/Dec/2025:00:42:04 +0000] "GET /2025/03/07/page/6/?fileloc=//sys/class/pci_bus/0000:0c/subsystem/0000:04/subsystem/0000:0b/subsystem/0000:13/device/driver/0000:00:03.6/msi_bus&path=//sys/class/pci_bus/0000:0c/subsystem/0000:04/subsystem/0000:0b/subsystem/0000:13/device/driver/0000:00:03.6 HTTP/1.1" 200 262264 "-" "meta-externalagent/1.1 (+https://developers.facebook.com/docs/sharing/webmasters/crawler)"
45.134.225.241 - - [16/Dec/2025:00:42:05 +0000] "GET /wp-admin/edit.php HTTP/1.1" 302 11 "https://datainsightnow.com/wp-login.php" "Mozilla/5.0 (Windows NT 11.0; Win64; x64; rv:119.0) Gecko/20100101 Firefox/119.0"
45.134.225.241 - - [16/Dec/2025:00:42:05 +0000] "GET / HTTP/1.1" 200 45511 "https://datainsightnow.com/wp-login.php" "Mozilla/5.0 (Windows NT 11.0; Win64; x64; rv:119.0) Gecko/20100101 Firefox/119.0"
45.134.225.241 - - [16/Dec/2025:00:42:06 +0000] "GET /wp-admin/plugins.php HTTP/1.1" 302 11 "https://datainsightnow.com/wp-login.php" "Mozilla/5.0 (Windows NT 11.0; Win64; x64; rv:119.0) Gecko/20100101 Firefox/119.0"
45.134.225.241 - - [16/Dec/2025:00:42:06 +0000] "GET / HTTP/1.1" 200 45511 "https://datainsightnow.com/wp-login.php" "Mozilla/5.0 (Windows NT 11.0; Win64; x64; rv:119.0) Gecko/20100101 Firefox/119.0"
45.134.225.241 - - [16/Dec/2025:00:42:07 +0000] "POST /wp-login.php HTTP/1.1" 200 2678 "https://datainsightnow.com/wp-login.php" "Mozilla/5.0 (X11; Ubuntu; Linux x86_64) AppleWebKit/537.36 (KHTML, like Gecko) Chrome/120.0.0.0 Safari/537.36"
45.134.225.241 - - [16/Dec/2025:00:42:07 +0000] "GET /wp-admin/index.php HTTP/1.1" 302 11 "https://datainsightnow.com/wp-login.php" "Mozilla/5.0 (Windows NT 10.0; Win64; x64; rv:119.0) Gecko/20100101 Firefox/119.0"
45.134.225.241 - - [16/Dec/2025:00:42:08 +0000] "GET / HTTP/1.1" 200 45511 "https://datainsightnow.com/wp-login.php" "Mozilla/5.0 (Windows NT 10.0; Win64; x64; rv:119.0) Gecko/20100101 Firefox/119.0"
45.134.225.241 - - [16/Dec/2025:00:42:08 +0000] "GET /wp-admin/profile.php HTTP/1.1" 302 11 "https://datainsightnow.com/wp-login.php" "Mozilla/5.0 (Windows NT 10.0; Win64; x64; rv:119.0) Gecko/20100101 Firefox/119.0"
74.7.227.155 - - [16/Dec/2025:00:42:09 +0000] "GET /index.php?rest_route=%2Foembed%2F1.0%2Fembed&url=https%3A%2F%2Fdatainsightnow.com%2F%3Fp%3D43415 HTTP/1.1" 200 1263 "-" "Mozilla/5.0 AppleWebKit/537.36 (KHTML, like Gecko; compatible; GPTBot/1.3; +https://openai.com/gptbot)"
45.134.225.241 - - [16/Dec/2025:00:42:09 +0000] "GET / HTTP/1.1" 200 45511 "https://datainsightnow.com/wp-login.php" "Mozilla/5.0 (Windows NT 10.0; Win64; x64; rv:119.0) Gecko/20100101 Firefox/119.0"
45.134.225.241 - - [16/Dec/2025:00:42:09 +0000] "GET /wp-admin/edit.php HTTP/1.1" 302 11 "https://datainsightnow.com/wp-login.php" "Mozilla/5.0 (Windows NT 10.0; Win64; x64; rv:119.0) Gecko/20100101 Firefox/119.0"
45.134.225.241 - - [16/Dec/2025:00:42:10 +0000] "GET / HTTP/1.1" 200 45511 "https://datainsightnow.com/wp-login.php" "Mozilla/5.0 (Windows NT 10.0; Win64; x64; rv:119.0) Gecko/20100101 Firefox/119.0"
45.134.225.241 - - [16/Dec/2025:00:42:10 +0000] "GET /wp-admin/plugins.php HTTP/1.1" 302 11 "https://datainsightnow.com/wp-login.php" "Mozilla/5.0 (Windows NT 10.0; Win64; x64; rv:119.0) Gecko/20100101 Firefox/119.0"
74.7.227.155 - - [16/Dec/2025:00:42:10 +0000] "GET /?p=16308 HTTP/1.1" 200 44070 "-" "Mozilla/5.0 AppleWebKit/537.36 (KHTML, like Gecko; compatible; GPTBot/1.3; +https://openai.com/gptbot)"
45.134.225.241 - - [16/Dec/2025:00:42:11 +0000] "GET / HTTP/1.1" 200 45511 "https://datainsightnow.com/wp-login.php" "Mozilla/5.0 (Windows NT 10.0; Win64; x64; rv:119.0) Gecko/20100101 Firefox/119.0"
217.113.194.60 - - [16/Dec/2025:00:42:11 +0000] "GET /register/?fileloc=//etc/systemd/sleep.conf&path=//etc/systemd HTTP/1.1" 200 45436 "-" "Mozilla/5.0 (compatible; Barkrowler/0.9; +https://babbar.tech/crawler)"
45.134.225.241 - - [16/Dec/2025:00:42:12 +0000] "GET /wp-admin/index.php HTTP/1.1" 302 11 "https://datainsightnow.com/wp-login.php" "Mozilla/5.0 (Windows NT 10.0; Win64; x64; rv:119.0) Gecko/20100101 Firefox/119.0"
74.7.227.155 - - [16/Dec/2025:00:42:12 +0000] "GET /?p=19214 HTTP/1.1" 200 43740 "-" "Mozilla/5.0 AppleWebKit/537.36 (KHTML, like Gecko; compatible; GPTBot/1.3; +https://openai.com/gptbot)"
45.134.225.241 - - [16/Dec/2025:00:42:12 +0000] "GET / HTTP/1.1" 200 45511 "https://datainsightnow.com/wp-login.php" "Mozilla/5.0 (Windows NT 10.0; Win64; x64; rv:119.0) Gecko/20100101 Firefox/119.0"
45.134.225.241 - - [16/Dec/2025:00:42:13 +0000] "GET /wp-admin/profile.php HTTP/1.1" 302 11 "https://datainsightnow.com/wp-login.php" "Mozilla/5.0 (Windows NT 10.0; Win64; x64; rv:119.0) Gecko/20100101 Firefox/119.0"
45.134.225.241 - - [16/Dec/2025:00:42:14 +0000] "GET / HTTP/1.1" 200 45511 "https://datainsightnow.com/wp-login.php" "Mozilla/5.0 (Windows NT 10.0; Win64; x64; rv:119.0) Gecko/20100101 Firefox/119.0"
85.208.96.195 - - [16/Dec/2025:00:42:14 +0000] "GET /?p=13347 HTTP/1.1" 200 41834 "-" "Mozilla/5.0 (compatible; SemrushBot/7~bl; +http://www.semrush.com/bot.html)"
45.134.225.241 - - [16/Dec/2025:00:42:14 +0000] "GET /wp-admin/edit.php HTTP/1.1" 302 11 "https://datainsightnow.com/wp-login.php" "Mozilla/5.0 (Windows NT 10.0; Win64; x64; rv:119.0) Gecko/20100101 Firefox/119.0"
57.141.0.40 - - [16/Dec/2025:00:42:15 +0000] "GET /karamba-spielsaal-erfahrungen-angeschlossen-testbericht-werfen-sie-einen-blick-auf-den-link-within-2025-pro-teutonia/?fileloc=//sys/class/pci_bus/0000:06/subsystem/0000:05/subsystem/0000:13/device/driver/0000:00:02.4/driver/0000:00:02.3/driver/0000:00:03.5/resource&path=//sys/class/pci_bus/0000:06/subsystem/0000:05/subsystem/0000:13/device/driver/0000:00:02.4/driver/0000:00:02.3/driver/0000:00:03.5 HTTP/1.1" 200 262209 "-" "meta-externalagent/1.1 (+https://developers.facebook.com/docs/sharing/webmasters/crawler)"
66.249.72.226 - - [16/Dec/2025:00:42:15 +0000] "GET /entity/337467423.htm HTTP/1.1" 200 31380 "-" "Mozilla/5.0 (Linux; Android 6.0.1; Nexus 5X Build/MMB29P) AppleWebKit/537.36 (KHTML, like Gecko) Chrome/141.0.7390.122 Mobile Safari/537.36 (compatible; Googlebot/2.1; +http://www.google.com/bot.html)"
45.134.225.241 - - [16/Dec/2025:00:42:15 +0000] "GET / HTTP/1.1" 200 45511 "https://datainsightnow.com/wp-login.php" "Mozilla/5.0 (Windows NT 10.0; Win64; x64; rv:119.0) Gecko/20100101 Firefox/119.0"
74.7.227.155 - - [16/Dec/2025:00:42:15 +0000] "GET /?p=24779 HTTP/1.1" 200 42345 "-" "Mozilla/5.0 AppleWebKit/537.36 (KHTML, like Gecko; compatible; GPTBot/1.3; +https://openai.com/gptbot)"
45.134.225.241 - - [16/Dec/2025:00:42:16 +0000] "GET /wp-admin/plugins.php HTTP/1.1" 302 11 "https://datainsightnow.com/wp-login.php" "Mozilla/5.0 (Windows NT 10.0; Win64; x64; rv:119.0) Gecko/20100101 Firefox/119.0"
45.134.225.241 - - [16/Dec/2025:00:42:17 +0000] "GET / HTTP/1.1" 200 45511 "https://datainsightnow.com/wp-login.php" "Mozilla/5.0 (Windows NT 10.0; Win64; x64; rv:119.0) Gecko/20100101 Firefox/119.0"
45.134.225.241 - - [16/Dec/2025:00:42:17 +0000] "POST /wp-login.php HTTP/1.1" 200 2674 "https://datainsightnow.com/wp-login.php" "Mozilla/5.0 (X11; Ubuntu; Linux x86_64) AppleWebKit/537.36 (KHTML, like Gecko) Chrome/121.0.0.0 Safari/537.36"
45.134.225.241 - - [16/Dec/2025:00:42:17 +0000] "GET /wp-admin/index.php HTTP/1.1" 302 11 "https://datainsightnow.com/wp-login.php" "Mozilla/5.0 (Windows NT 11.0; Win64; x64) AppleWebKit/537.36 (KHTML, like Gecko) Chrome/119.0.0.0 Safari/537.36"
45.134.225.241 - - [16/Dec/2025:00:42:18 +0000] "GET / HTTP/1.1" 200 45511 "https://datainsightnow.com/wp-login.php" "Mozilla/5.0 (Windows NT 11.0; Win64; x64) AppleWebKit/537.36 (KHTML, like Gecko) Chrome/119.0.0.0 Safari/537.36"
74.7.227.155 - - [16/Dec/2025:00:42:18 +0000] "GET /?p=30211 HTTP/1.1" 200 44393 "-" "Mozilla/5.0 AppleWebKit/537.36 (KHTML, like Gecko; compatible; GPTBot/1.3; +https://openai.com/gptbot)"
45.134.225.241 - - [16/Dec/2025:00:42:18 +0000] "GET /wp-admin/profile.php HTTP/1.1" 302 11 "https://datainsightnow.com/wp-login.php" "Mozilla/5.0 (Windows NT 11.0; Win64; x64) AppleWebKit/537.36 (KHTML, like Gecko) Chrome/119.0.0.0 Safari/537.36"
45.134.225.241 - - [16/Dec/2025:00:42:19 +0000] "GET / HTTP/1.1" 200 45511 "https://datainsightnow.com/wp-login.php" "Mozilla/5.0 (Windows NT 11.0; Win64; x64) AppleWebKit/537.36 (KHTML, like Gecko) Chrome/119.0.0.0 Safari/537.36"
45.134.225.241 - - [16/Dec/2025:00:42:19 +0000] "GET /wp-admin/edit.php HTTP/1.1" 302 11 "https://datainsightnow.com/wp-login.php" "Mozilla/5.0 (Windows NT 11.0; Win64; x64) AppleWebKit/537.36 (KHTML, like Gecko) Chrome/119.0.0.0 Safari/537.36"
45.134.225.241 - - [16/Dec/2025:00:42:20 +0000] "GET / HTTP/1.1" 200 45511 "https://datainsightnow.com/wp-login.php" "Mozilla/5.0 (Windows NT 11.0; Win64; x64) AppleWebKit/537.36 (KHTML, like Gecko) Chrome/119.0.0.0 Safari/537.36"
45.134.225.241 - - [16/Dec/2025:00:42:21 +0000] "GET /wp-admin/plugins.php HTTP/1.1" 302 11 "https://datainsightnow.com/wp-login.php" "Mozilla/5.0 (Windows NT 11.0; Win64; x64) AppleWebKit/537.36 (KHTML, like Gecko) Chrome/119.0.0.0 Safari/537.36"
57.141.0.69 - - [16/Dec/2025:00:42:22 +0000] "GET /karamba-spielsaal-erfahrungen-angeschlossen-testbericht-werfen-sie-einen-blick-auf-den-link-within-2025-pro-teutonia/?fileloc=//sys/class/pci_bus/0000:04/subsystem/0000:09/subsystem/0000:13/device/driver/0000:00:02.4/driver/0000:00:04.0/consistent_dma_mask_bits&path=//sys/class/pci_bus/0000:04/subsystem/0000:09/subsystem/0000:13/device/driver/0000:00:02.4/driver/0000:00:04.0 HTTP/1.1" 200 262216 "-" "meta-externalagent/1.1 (+https://developers.facebook.com/docs/sharing/webmasters/crawler)"
45.134.225.241 - - [16/Dec/2025:00:42:22 +0000] "GET / HTTP/1.1" 200 45511 "https://datainsightnow.com/wp-login.php" "Mozilla/5.0 (Windows NT 11.0; Win64; x64) AppleWebKit/537.36 (KHTML, like Gecko) Chrome/119.0.0.0 Safari/537.36"
45.134.225.241 - - [16/Dec/2025:00:42:23 +0000] "GET /wp-admin/index.php HTTP/1.1" 302 11 "https://datainsightnow.com/wp-login.php" "Mozilla/5.0 (Windows NT 11.0; Win64; x64) AppleWebKit/537.36 (KHTML, like Gecko) Chrome/119.0.0.0 Safari/537.36"
45.134.225.241 - - [16/Dec/2025:00:42:23 +0000] "GET / HTTP/1.1" 200 45511 "https://datainsightnow.com/wp-login.php" "Mozilla/5.0 (Windows NT 11.0; Win64; x64) AppleWebKit/537.36 (KHTML, like Gecko) Chrome/119.0.0.0 Safari/537.36"
185.191.171.5 - - [16/Dec/2025:00:42:24 +0000] "GET /?p=47287 HTTP/1.1" 200 41784 "-" "Mozilla/5.0 (compatible; SemrushBot/7~bl; +http://www.semrush.com/bot.html)"
45.134.225.241 - - [16/Dec/2025:00:42:24 +0000] "GET /wp-admin/profile.php HTTP/1.1" 302 11 "https://datainsightnow.com/wp-login.php" "Mozilla/5.0 (Windows NT 11.0; Win64; x64) AppleWebKit/537.36 (KHTML, like Gecko) Chrome/119.0.0.0 Safari/537.36"
57.141.0.34 - - [16/Dec/2025:00:42:26 +0000] "GET /karamba-spielsaal-erfahrungen-angeschlossen-testbericht-werfen-sie-einen-blick-auf-den-link-within-2025-pro-teutonia/?fileloc=//sys/class/pci_bus/0000:0d/subsystem/0000:0d/subsystem/0000:01/device/driver/0000:00:03.3/driver/0000:00:03.0/firmware_node/path&path=//sys/class/pci_bus/0000:0d/subsystem/0000:0d/subsystem/0000:01/device/driver/0000:00:03.3/driver/0000:00:03.0/firmware_node HTTP/1.1" 200 262215 "-" "meta-externalagent/1.1 (+https://developers.facebook.com/docs/sharing/webmasters/crawler)"
45.134.225.241 - - [16/Dec/2025:00:42:26 +0000] "GET / HTTP/1.1" 200 45511 "https://datainsightnow.com/wp-login.php" "Mozilla/5.0 (Windows NT 11.0; Win64; x64) AppleWebKit/537.36 (KHTML, like Gecko) Chrome/119.0.0.0 Safari/537.36"
57.141.0.26 - - [16/Dec/2025:00:42:26 +0000] "GET /2025/03/05/page/6/?fileloc=//sys/class/pci_bus/0000:0d/subsystem/0000:00/device/0000:00:04.0/remove&path=//sys/class/pci_bus/0000:0d/subsystem/0000:00/device/0000:00:04.0 HTTP/1.1" 200 262264 "-" "meta-externalagent/1.1 (+https://developers.facebook.com/docs/sharing/webmasters/crawler)"
45.134.225.241 - - [16/Dec/2025:00:42:26 +0000] "GET /wp-admin/edit.php HTTP/1.1" 302 11 "https://datainsightnow.com/wp-login.php" "Mozilla/5.0 (Windows NT 11.0; Win64; x64) AppleWebKit/537.36 (KHTML, like Gecko) Chrome/119.0.0.0 Safari/537.36"
57.141.0.3 - - [16/Dec/2025:00:42:26 +0000] "GET /2025/03/07/page/6/?fileloc=//sys/class/pci_bus/0000:0c/subsystem/0000:0b/subsystem/0000:09/subsystem/0000:00/device/0000:00:02.2/aer_dev_nonfatal&path=//sys/class/pci_bus/0000:0c/subsystem/0000:0b/subsystem/0000:09/subsystem/0000:00/device/0000:00:02.2 HTTP/1.1" 200 262209 "-" "meta-externalagent/1.1 (+https://developers.facebook.com/docs/sharing/webmasters/crawler)"
57.141.0.9 - - [16/Dec/2025:00:42:27 +0000] "GET /2025/03/07/page/6/?fileloc=//sys/class/pci_bus/0000:0b/subsystem/0000:0f/subsystem/0000:00/device/0000:00:02.0/subsystem/devices/0000:07:00.0/revision&path=//sys/class/pci_bus/0000:0b/subsystem/0000:0f/subsystem/0000:00/device/0000:00:02.0/subsystem/devices/0000:07:00.0 HTTP/1.1" 200 262264 "-" "meta-externalagent/1.1 (+https://developers.facebook.com/docs/sharing/webmasters/crawler)"
57.141.0.38 - - [16/Dec/2025:00:42:27 +0000] "GET /2025/03/07/page/6/?path=//sys/class/pci_bus/0000:03/subsystem/0000:12/subsystem/0000:05/subsystem/0000:0d/subsystem/0000:12/subsystem/0000:0c HTTP/1.1" 200 262209 "-" "meta-externalagent/1.1 (+https://developers.facebook.com/docs/sharing/webmasters/crawler)"
45.134.225.241 - - [16/Dec/2025:00:42:28 +0000] "GET / HTTP/1.1" 200 45511 "https://datainsightnow.com/wp-login.php" "Mozilla/5.0 (Windows NT 11.0; Win64; x64) AppleWebKit/537.36 (KHTML, like Gecko) Chrome/119.0.0.0 Safari/537.36"
217.113.194.61 - - [16/Dec/2025:00:42:28 +0000] "GET /register/?fileloc=//etc/alternatives/newt-palette&path=//etc/alternatives HTTP/1.1" 200 45436 "-" "Mozilla/5.0 (compatible; Barkrowler/0.9; +https://babbar.tech/crawler)"
85.208.96.211 - - [16/Dec/2025:00:42:28 +0000] "GET /?p=46721 HTTP/1.1" 200 43834 "-" "Mozilla/5.0 (compatible; SemrushBot/7~bl; +http://www.semrush.com/bot.html)"
45.134.225.241 - - [16/Dec/2025:00:42:29 +0000] "GET /wp-admin/plugins.php HTTP/1.1" 302 11 "https://datainsightnow.com/wp-login.php" "Mozilla/5.0 (Windows NT 11.0; Win64; x64) AppleWebKit/537.36 (KHTML, like Gecko) Chrome/119.0.0.0 Safari/537.36"
74.7.227.155 - - [16/Dec/2025:00:42:29 +0000] "GET /?p=23687 HTTP/1.1" 200 42778 "-" "Mozilla/5.0 AppleWebKit/537.36 (KHTML, like Gecko; compatible; GPTBot/1.3; +https://openai.com/gptbot)"
57.141.0.50 - - [16/Dec/2025:00:42:30 +0000] "GET /2025/03/13/?path=//sys/class/pci_bus/0000:0c/subsystem/0000:0b/subsystem/0000:13/subsystem/0000:01/subsystem HTTP/1.1" 200 262216 "-" "meta-externalagent/1.1 (+https://developers.facebook.com/docs/sharing/webmasters/crawler)"
57.141.0.37 - - [16/Dec/2025:00:42:30 +0000] "GET /2025/03/07/page/6/?path=//sys/class/pci_bus/0000:0c/device/driver/0000:00:02.1/driver/0000:00:03.5/driver/0000:00:03.1/msi_irqs HTTP/1.1" 200 262264 "-" "meta-externalagent/1.1 (+https://developers.facebook.com/docs/sharing/webmasters/crawler)"
45.134.225.241 - - [16/Dec/2025:00:42:31 +0000] "GET / HTTP/1.1" 200 45511 "https://datainsightnow.com/wp-login.php" "Mozilla/5.0 (Windows NT 11.0; Win64; x64) AppleWebKit/537.36 (KHTML, like Gecko) Chrome/119.0.0.0 Safari/537.36"
74.7.227.155 - - [16/Dec/2025:00:42:31 +0000] "GET /?p=27259 HTTP/1.1" 200 42153 "-" "Mozilla/5.0 AppleWebKit/537.36 (KHTML, like Gecko; compatible; GPTBot/1.3; +https://openai.com/gptbot)"
57.141.0.62 - - [16/Dec/2025:00:42:31 +0000] "GET /2025/03/07/page/6/?fileloc=//sys/class/pci_bus/0000:0f/subsystem/0000:02/subsystem/0000:00/device/0000:00:03.7/subordinate_bus_number&path=//sys/class/pci_bus/0000:0f/subsystem/0000:02/subsystem/0000:00/device/0000:00:03.7 HTTP/1.1" 200 262264 "-" "meta-externalagent/1.1 (+https://developers.facebook.com/docs/sharing/webmasters/crawler)"
45.134.225.241 - - [16/Dec/2025:00:42:31 +0000] "POST /wp-login.php HTTP/1.1" 200 2679 "https://datainsightnow.com/wp-login.php" "Mozilla/5.0 (Windows NT 10.0; Win64; x64) AppleWebKit/537.36 (KHTML, like Gecko) Chrome/121.0.0.0 Safari/537.36"
45.134.225.241 - - [16/Dec/2025:00:42:31 +0000] "GET /wp-admin/index.php HTTP/1.1" 302 11 "https://datainsightnow.com/wp-login.php" "Mozilla/5.0 (Macintosh; Intel Mac OS X 13_6_1) AppleWebKit/537.36 (KHTML, like Gecko) Chrome/119.0.0.0 Safari/537.36"
45.134.225.241 - - [16/Dec/2025:00:42:32 +0000] "GET / HTTP/1.1" 200 45511 "https://datainsightnow.com/wp-login.php" "Mozilla/5.0 (Macintosh; Intel Mac OS X 13_6_1) AppleWebKit/537.36 (KHTML, like Gecko) Chrome/119.0.0.0 Safari/537.36"
45.134.225.241 - - [16/Dec/2025:00:42:32 +0000] "GET /wp-admin/profile.php HTTP/1.1" 302 11 "https://datainsightnow.com/wp-login.php" "Mozilla/5.0 (Macintosh; Intel Mac OS X 13_6_1) AppleWebKit/537.36 (KHTML, like Gecko) Chrome/119.0.0.0 Safari/537.36"
74.7.227.155 - - [16/Dec/2025:00:42:32 +0000] "GET /index.php?format=xml&rest_route=%2Foembed%2F1.0%2Fembed&url=https%3A%2F%2Fdatainsightnow.com%2F%3Fp%3D23687 HTTP/1.1" 200 1312 "-" "Mozilla/5.0 AppleWebKit/537.36 (KHTML, like Gecko; compatible; GPTBot/1.3; +https://openai.com/gptbot)"
45.134.225.241 - - [16/Dec/2025:00:42:33 +0000] "GET / HTTP/1.1" 200 45511 "https://datainsightnow.com/wp-login.php" "Mozilla/5.0 (Macintosh; Intel Mac OS X 13_6_1) AppleWebKit/537.36 (KHTML, like Gecko) Chrome/119.0.0.0 Safari/537.36"
45.134.225.241 - - [16/Dec/2025:00:42:33 +0000] "GET /wp-admin/edit.php HTTP/1.1" 302 11 "https://datainsightnow.com/wp-login.php" "Mozilla/5.0 (Macintosh; Intel Mac OS X 13_6_1) AppleWebKit/537.36 (KHTML, like Gecko) Chrome/119.0.0.0 Safari/537.36"
45.134.225.241 - - [16/Dec/2025:00:42:34 +0000] "GET / HTTP/1.1" 200 45511 "https://datainsightnow.com/wp-login.php" "Mozilla/5.0 (Macintosh; Intel Mac OS X 13_6_1) AppleWebKit/537.36 (KHTML, like Gecko) Chrome/119.0.0.0 Safari/537.36"
45.134.225.241 - - [16/Dec/2025:00:42:35 +0000] "GET /wp-admin/plugins.php HTTP/1.1" 302 11 "https://datainsightnow.com/wp-login.php" "Mozilla/5.0 (Macintosh; Intel Mac OS X 13_6_1) AppleWebKit/537.36 (KHTML, like Gecko) Chrome/119.0.0.0 Safari/537.36"
52.167.144.202 - - [16/Dec/2025:00:42:35 +0000] "GET /usm_0.66_1.00_0.01?fileloc=//proc/36/net/dev_mcast&path=//proc/36/net HTTP/1.1" 301 5 "-" "Mozilla/5.0 AppleWebKit/537.36 (KHTML, like Gecko; compatible; bingbot/2.0; +http://www.bing.com/bingbot.htm) Chrome/116.0.1938.76 Safari/537.36"
57.141.0.4 - - [16/Dec/2025:00:42:35 +0000] "GET /2025/03/07/page/6/?path=//sys/class/pci_bus/0000:06/device/driver/0000:00:02.2/0000:00:02.2:pcie001/driver/0000:00:02.2:pcie001/subsystem/devices/0000:00:03.4:pcie010/power HTTP/1.1" 200 262209 "-" "meta-externalagent/1.1 (+https://developers.facebook.com/docs/sharing/webmasters/crawler)"
74.7.227.155 - - [16/Dec/2025:00:42:35 +0000] "GET /index.php?rest_route=%2Foembed%2F1.0%2Fembed&url=https%3A%2F%2Fdatainsightnow.com%2F%3Fp%3D27259 HTTP/1.1" 200 1276 "-" "Mozilla/5.0 AppleWebKit/537.36 (KHTML, like Gecko; compatible; GPTBot/1.3; +https://openai.com/gptbot)"
45.134.225.241 - - [16/Dec/2025:00:42:36 +0000] "GET / HTTP/1.1" 200 45511 "https://datainsightnow.com/wp-login.php" "Mozilla/5.0 (Macintosh; Intel Mac OS X 13_6_1) AppleWebKit/537.36 (KHTML, like Gecko) Chrome/119.0.0.0 Safari/537.36"
57.141.0.39 - - [16/Dec/2025:00:42:36 +0000] "GET /karamba-spielsaal-erfahrungen-angeschlossen-testbericht-werfen-sie-einen-blick-auf-den-link-within-2025-pro-teutonia/?fileloc=//sys/class/pci_bus/0000:0e/device/pci_bus/0000:0e/device/driver/0000:00:03.3/driver/0000:00:02.5/driver/0000:00:02.1/resource0&path=//sys/class/pci_bus/0000:0e/device/pci_bus/0000:0e/device/driver/0000:00:03.3/driver/0000:00:02.5/driver/0000:00:02.1 HTTP/1.1" 200 262264 "-" "meta-externalagent/1.1 (+https://developers.facebook.com/docs/sharing/webmasters/crawler)"
45.134.225.241 - - [16/Dec/2025:00:42:36 +0000] "GET /wp-admin/index.php HTTP/1.1" 302 11 "https://datainsightnow.com/wp-login.php" "Mozilla/5.0 (Macintosh; Intel Mac OS X 13_6_1) AppleWebKit/537.36 (KHTML, like Gecko) Chrome/119.0.0.0 Safari/537.36"
45.134.225.241 - - [16/Dec/2025:00:42:37 +0000] "GET / HTTP/1.1" 200 45511 "https://datainsightnow.com/wp-login.php" "Mozilla/5.0 (Macintosh; Intel Mac OS X 13_6_1) AppleWebKit/537.36 (KHTML, like Gecko) Chrome/119.0.0.0 Safari/537.36"
45.134.225.241 - - [16/Dec/2025:00:42:37 +0000] "GET /wp-admin/profile.php HTTP/1.1" 302 11 "https://datainsightnow.com/wp-login.php" "Mozilla/5.0 (Macintosh; Intel Mac OS X 13_6_1) AppleWebKit/537.36 (KHTML, like Gecko) Chrome/119.0.0.0 Safari/537.36"
45.134.225.241 - - [16/Dec/2025:00:42:38 +0000] "GET / HTTP/1.1" 200 45511 "https://datainsightnow.com/wp-login.php" "Mozilla/5.0 (Macintosh; Intel Mac OS X 13_6_1) AppleWebKit/537.36 (KHTML, like Gecko) Chrome/119.0.0.0 Safari/537.36"
45.134.225.241 - - [16/Dec/2025:00:42:38 +0000] "GET /wp-admin/edit.php HTTP/1.1" 302 11 "https://datainsightnow.com/wp-login.php" "Mozilla/5.0 (Macintosh; Intel Mac OS X 13_6_1) AppleWebKit/537.36 (KHTML, like Gecko) Chrome/119.0.0.0 Safari/537.36"
74.7.227.155 - - [16/Dec/2025:00:42:39 +0000] "GET /index.php?rest_route=/wp/v2/posts/23687 HTTP/1.1" 200 5107 "-" "Mozilla/5.0 AppleWebKit/537.36 (KHTML, like Gecko; compatible; GPTBot/1.3; +https://openai.com/gptbot)"
57.141.0.16 - - [16/Dec/2025:00:42:39 +0000] "GET /2025/03/07/page/6/?fileloc=//sys/class/pci_bus/0000:08/subsystem/0000:06/subsystem/0000:0b/device/subsystem/slots/27/latch&path=//sys/class/pci_bus/0000:08/subsystem/0000:06/subsystem/0000:0b/device/subsystem/slots/27 HTTP/1.1" 200 262264 "-" "meta-externalagent/1.1 (+https://developers.facebook.com/docs/sharing/webmasters/crawler)"
57.141.0.9 - - [16/Dec/2025:00:42:40 +0000] "GET /karamba-spielsaal-erfahrungen-angeschlossen-testbericht-werfen-sie-einen-blick-auf-den-link-within-2025-pro-teutonia/?path=//sys/class/pci_bus/0000:05/subsystem/0000:12/device/driver/0000:00:02.2/driver/0000:00:02.6/0000:00:02.6:pcie002 HTTP/1.1" 200 262264 "-" "meta-externalagent/1.1 (+https://developers.facebook.com/docs/sharing/webmasters/crawler)"
45.134.225.241 - - [16/Dec/2025:00:42:40 +0000] "GET / HTTP/1.1" 200 45511 "https://datainsightnow.com/wp-login.php" "Mozilla/5.0 (Macintosh; Intel Mac OS X 13_6_1) AppleWebKit/537.36 (KHTML, like Gecko) Chrome/119.0.0.0 Safari/537.36"
57.141.0.33 - - [16/Dec/2025:00:42:40 +0000] "GET /2025/03/07/page/6/?path=//sys/class/pci_bus/0000:0d/subsystem/0000:0d/subsystem/0000:0d/subsystem/0000:09/subsystem/0000:00 HTTP/1.1" 200 262264 "-" "meta-externalagent/1.1 (+https://developers.facebook.com/docs/sharing/webmasters/crawler)"
