45.134.225.241 - - [16/Dec/2025:00:38:52 +0000] "GET / HTTP/1.1" 200 45511 "https://datainsightnow.com/wp-login.php" "Mozilla/5.0 (Windows NT 10.0; Win64; x64) AppleWebKit/537.36 (KHTML, like Gecko) Chrome/121.0.0.0 Safari/537.36"
57.141.0.3 - - [16/Dec/2025:00:38:52 +0000] "GET /2025/03/07/page/6/?fileloc=//sys/class/pci_bus/0000:0f/subsystem/0000:02/subsystem/0000:0d/subsystem/0000:01/subsystem/0000:0f/power/runtime_active_time&path=//sys/class/pci_bus/0000:0f/subsystem/0000:02/subsystem/0000:0d/subsystem/0000:01/subsystem/0000:0f/power HTTP/1.1" 200 262216 "-" "meta-externalagent/1.1 (+https://developers.facebook.com/docs/sharing/webmasters/crawler)"
45.134.225.241 - - [16/Dec/2025:00:38:52 +0000] "GET /wp-admin/edit.php HTTP/1.1" 302 11 "https://datainsightnow.com/wp-login.php" "Mozilla/5.0 (Windows NT 10.0; Win64; x64) AppleWebKit/537.36 (KHTML, like Gecko) Chrome/121.0.0.0 Safari/537.36"
185.191.171.16 - - [16/Dec/2025:00:38:52 +0000] "GET /?p=38542 HTTP/1.1" 200 41605 "-" "Mozilla/5.0 (compatible; SemrushBot/7~bl; +http://www.semrush.com/bot.html)"
74.7.227.155 - - [16/Dec/2025:00:38:53 +0000] "GET /?p=24775 HTTP/1.1" 200 43067 "-" "Mozilla/5.0 AppleWebKit/537.36 (KHTML, like Gecko; compatible; GPTBot/1.3; +https://openai.com/gptbot)"
45.134.225.241 - - [16/Dec/2025:00:38:53 +0000] "GET / HTTP/1.1" 200 45511 "https://datainsightnow.com/wp-login.php" "Mozilla/5.0 (Windows NT 10.0; Win64; x64) AppleWebKit/537.36 (KHTML, like Gecko) Chrome/121.0.0.0 Safari/537.36"
45.134.225.241 - - [16/Dec/2025:00:38:53 +0000] "GET /wp-admin/plugins.php HTTP/1.1" 302 11 "https://datainsightnow.com/wp-login.php" "Mozilla/5.0 (Windows NT 10.0; Win64; x64) AppleWebKit/537.36 (KHTML, like Gecko) Chrome/121.0.0.0 Safari/537.36"
45.134.225.241 - - [16/Dec/2025:00:38:54 +0000] "GET / HTTP/1.1" 200 45511 "https://datainsightnow.com/wp-login.php" "Mozilla/5.0 (Windows NT 10.0; Win64; x64) AppleWebKit/537.36 (KHTML, like Gecko) Chrome/121.0.0.0 Safari/537.36"
217.113.194.61 - - [16/Dec/2025:00:38:55 +0000] "GET /privacy/?fileloc=//proc/148/net/rt_acct&path=//proc/148/net HTTP/1.1" 200 45436 "-" "Mozilla/5.0 (compatible; Barkrowler/0.9; +https://babbar.tech/crawler)"
52.167.144.202 - - [16/Dec/2025:00:38:56 +0000] "GET /569303242?entity=0567105418 HTTP/1.1" 200 29691 "-" "Mozilla/5.0 AppleWebKit/537.36 (KHTML, like Gecko; compatible; bingbot/2.0; +http://www.bing.com/bingbot.htm) Chrome/116.0.1938.76 Safari/537.36"
57.141.0.22 - - [16/Dec/2025:00:38:56 +0000] "GET /karamba-spielsaal-erfahrungen-angeschlossen-testbericht-werfen-sie-einen-blick-auf-den-link-within-2025-pro-teutonia/?path=//sys/class/pci_bus/0000:0e/device/pci_bus/0000:0e/subsystem/0000:0b/subsystem/0000:08/subsystem/0000:10 HTTP/1.1" 200 262209 "-" "meta-externalagent/1.1 (+https://developers.facebook.com/docs/sharing/webmasters/crawler)"
57.141.0.27 - - [16/Dec/2025:00:38:56 +0000] "GET /karamba-spielsaal-erfahrungen-angeschlossen-testbericht-werfen-sie-einen-blick-auf-den-link-within-2025-pro-teutonia/?fileloc=//sys/class/pci_bus/0000:02/subsystem/0000:0d/subsystem/0000:06/device/power/wakeup_count&path=//sys/class/pci_bus/0000:02/subsystem/0000:0d/subsystem/0000:06/device/power HTTP/1.1" 200 262209 "-" "meta-externalagent/1.1 (+https://developers.facebook.com/docs/sharing/webmasters/crawler)"
45.134.225.241 - - [16/Dec/2025:00:38:56 +0000] "GET /wp-admin/index.php HTTP/1.1" 302 11 "https://datainsightnow.com/wp-login.php" "Mozilla/5.0 (Windows NT 10.0; Win64; x64) AppleWebKit/537.36 (KHTML, like Gecko) Chrome/121.0.0.0 Safari/537.36"
45.134.225.241 - - [16/Dec/2025:00:38:57 +0000] "GET / HTTP/1.1" 200 45511 "https://datainsightnow.com/wp-login.php" "Mozilla/5.0 (Windows NT 10.0; Win64; x64) AppleWebKit/537.36 (KHTML, like Gecko) Chrome/121.0.0.0 Safari/537.36"
45.134.225.241 - - [16/Dec/2025:00:38:57 +0000] "GET /wp-admin/profile.php HTTP/1.1" 302 11 "https://datainsightnow.com/wp-login.php" "Mozilla/5.0 (Windows NT 10.0; Win64; x64) AppleWebKit/537.36 (KHTML, like Gecko) Chrome/121.0.0.0 Safari/537.36"
45.134.225.241 - - [16/Dec/2025:00:38:58 +0000] "GET / HTTP/1.1" 200 45511 "https://datainsightnow.com/wp-login.php" "Mozilla/5.0 (Windows NT 10.0; Win64; x64) AppleWebKit/537.36 (KHTML, like Gecko) Chrome/121.0.0.0 Safari/537.36"
45.134.225.241 - - [16/Dec/2025:00:38:59 +0000] "GET /wp-admin/edit.php HTTP/1.1" 302 11 "https://datainsightnow.com/wp-login.php" "Mozilla/5.0 (Windows NT 10.0; Win64; x64) AppleWebKit/537.36 (KHTML, like Gecko) Chrome/121.0.0.0 Safari/537.36"
45.134.225.241 - - [16/Dec/2025:00:39:00 +0000] "GET / HTTP/1.1" 200 45511 "https://datainsightnow.com/wp-login.php" "Mozilla/5.0 (Windows NT 10.0; Win64; x64) AppleWebKit/537.36 (KHTML, like Gecko) Chrome/121.0.0.0 Safari/537.36"
74.7.227.155 - - [16/Dec/2025:00:39:00 +0000] "GET /?p=27101 HTTP/1.1" 200 43581 "-" "Mozilla/5.0 AppleWebKit/537.36 (KHTML, like Gecko; compatible; GPTBot/1.3; +https://openai.com/gptbot)"
45.134.225.241 - - [16/Dec/2025:00:39:00 +0000] "GET /wp-admin/plugins.php HTTP/1.1" 302 11 "https://datainsightnow.com/wp-login.php" "Mozilla/5.0 (Windows NT 10.0; Win64; x64) AppleWebKit/537.36 (KHTML, like Gecko) Chrome/121.0.0.0 Safari/537.36"
57.141.0.40 - - [16/Dec/2025:00:39:00 +0000] "GET /2025/03/07/page/6/?path=//sys/class/pci_bus/0000:03/subsystem/0000:06/subsystem/0000:02/subsystem/0000:04/subsystem/0000:01 HTTP/1.1" 200 262248 "-" "meta-externalagent/1.1 (+https://developers.facebook.com/docs/sharing/webmasters/crawler)"
66.249.72.227 - - [16/Dec/2025:00:39:00 +0000] "GET /entity/639206818.htm HTTP/1.1" 200 29087 "-" "Mozilla/5.0 (Linux; Android 6.0.1; Nexus 5X Build/MMB29P) AppleWebKit/537.36 (KHTML, like Gecko) Chrome/141.0.7390.122 Mobile Safari/537.36 (compatible; Googlebot/2.1; +http://www.google.com/bot.html)"
74.7.227.155 - - [16/Dec/2025:00:39:02 +0000] "GET /?p=12833 HTTP/1.1" 200 46717 "-" "Mozilla/5.0 AppleWebKit/537.36 (KHTML, like Gecko; compatible; GPTBot/1.3; +https://openai.com/gptbot)"
57.141.0.20 - - [16/Dec/2025:00:39:02 +0000] "GET /2025/03/07/page/6/?path=//sys/class/pci_bus/0000:05/device/0000:00:02.3:pcie010/subsystem/devices/0000:00:02.7:pcie001/driver/0000:00:03.3:pcie001 HTTP/1.1" 200 262215 "-" "meta-externalagent/1.1 (+https://developers.facebook.com/docs/sharing/webmasters/crawler)"
85.208.96.199 - - [16/Dec/2025:00:39:02 +0000] "GET /?p=46107 HTTP/1.1" 200 43619 "-" "Mozilla/5.0 (compatible; SemrushBot/7~bl; +http://www.semrush.com/bot.html)"
45.134.225.241 - - [16/Dec/2025:00:39:03 +0000] "GET / HTTP/1.1" 200 45511 "https://datainsightnow.com/wp-login.php" "Mozilla/5.0 (Windows NT 10.0; Win64; x64) AppleWebKit/537.36 (KHTML, like Gecko) Chrome/121.0.0.0 Safari/537.36"
66.249.72.227 - - [16/Dec/2025:00:39:03 +0000] "GET /?path=//sys/class/sound/card0/device/subsystem/devices/0000:00:02.2/subsystem/devices/0000:00:04.1/driver/0000:00:02.1/driver/0000:00:03.6/driver/0000:00:03.3/subsystem/devices/0000:00:03.2/0000:00:03.2:pcie001 HTTP/1.1" 200 45437 "-" "Mozilla/5.0 (Linux; Android 6.0.1; Nexus 5X Build/MMB29P) AppleWebKit/537.36 (KHTML, like Gecko) Chrome/141.0.7390.122 Mobile Safari/537.36 (compatible; Googlebot/2.1; +http://www.google.com/bot.html)"
45.134.225.241 - - [16/Dec/2025:00:39:03 +0000] "POST /wp-login.php HTTP/1.1" 200 2676 "https://datainsightnow.com/wp-login.php" "Mozilla/5.0 (Macintosh; Intel Mac OS X 13_6_1) AppleWebKit/537.36 (KHTML, like Gecko) Chrome/120.0.0.0 Safari/537.36"
74.7.227.155 - - [16/Dec/2025:00:39:03 +0000] "GET /index.php?format=xml&rest_route=%2Foembed%2F1.0%2Fembed&url=https%3A%2F%2Fdatainsightnow.com%2F%3Fp%3D27101 HTTP/1.1" 200 1281 "-" "Mozilla/5.0 AppleWebKit/537.36 (KHTML, like Gecko; compatible; GPTBot/1.3; +https://openai.com/gptbot)"
45.134.225.241 - - [16/Dec/2025:00:39:03 +0000] "GET /wp-admin/index.php HTTP/1.1" 302 11 "https://datainsightnow.com/wp-login.php" "Mozilla/5.0 (Macintosh; Intel Mac OS X 13_6_1) AppleWebKit/537.36 (KHTML, like Gecko) Chrome/119.0.0.0 Safari/537.36"
57.141.0.44 - - [16/Dec/2025:00:39:04 +0000] "GET /2025/03/07/page/6/?fileloc=//sys/class/pci_bus/0000:05/subsystem/0000:12/device/driver/0000:00:02.7/driver/0000:00:02.3/driver/0000:00:03.5/subsystem/uevent&path=//sys/class/pci_bus/0000:05/subsystem/0000:12/device/driver/0000:00:02.7/driver/0000:00:02.3/driver/0000:00:03.5/subsystem HTTP/1.1" 200 262264 "-" "meta-externalagent/1.1 (+https://developers.facebook.com/docs/sharing/webmasters/crawler)"
45.134.225.241 - - [16/Dec/2025:00:39:05 +0000] "GET / HTTP/1.1" 200 45511 "https://datainsightnow.com/wp-login.php" "Mozilla/5.0 (Macintosh; Intel Mac OS X 13_6_1) AppleWebKit/537.36 (KHTML, like Gecko) Chrome/119.0.0.0 Safari/537.36"
57.141.0.40 - - [16/Dec/2025:00:39:05 +0000] "GET /2025/03/06/page/39/?fileloc=//sys/class/pci_bus/0000:01/subsystem/0000:07/device/driver/0000:00:03.2/driver/0000:00:02.3/driver/0000:00:02.2/enable&path=//sys/class/pci_bus/0000:01/subsystem/0000:07/device/driver/0000:00:03.2/driver/0000:00:02.3/driver/0000:00:02.2 HTTP/1.1" 200 262215 "-" "meta-externalagent/1.1 (+https://developers.facebook.com/docs/sharing/webmasters/crawler)"
45.134.225.241 - - [16/Dec/2025:00:39:05 +0000] "GET /wp-admin/profile.php HTTP/1.1" 302 11 "https://datainsightnow.com/wp-login.php" "Mozilla/5.0 (Macintosh; Intel Mac OS X 13_6_1) AppleWebKit/537.36 (KHTML, like Gecko) Chrome/119.0.0.0 Safari/537.36"
57.141.0.76 - - [16/Dec/2025:00:39:06 +0000] "GET /karamba-spielsaal-erfahrungen-angeschlossen-testbericht-werfen-sie-einen-blick-auf-den-link-within-2025-pro-teutonia/?fileloc=//sys/class/pci_bus/0000:06/subsystem/0000:00/subsystem/0000:11/subsystem/0000:0f/subsystem/0000:00/cpulistaffinity&path=//sys/class/pci_bus/0000:06/subsystem/0000:00/subsystem/0000:11/subsystem/0000:0f/subsystem/0000:00 HTTP/1.1" 200 262248 "-" "meta-externalagent/1.1 (+https://developers.facebook.com/docs/sharing/webmasters/crawler)"
45.134.225.241 - - [16/Dec/2025:00:39:06 +0000] "GET / HTTP/1.1" 200 45511 "https://datainsightnow.com/wp-login.php" "Mozilla/5.0 (Macintosh; Intel Mac OS X 13_6_1) AppleWebKit/537.36 (KHTML, like Gecko) Chrome/119.0.0.0 Safari/537.36"
74.7.227.155 - - [16/Dec/2025:00:39:06 +0000] "GET /index.php?rest_route=%2Foembed%2F1.0%2Fembed&url=https%3A%2F%2Fdatainsightnow.com%2F%3Fp%3D27101 HTTP/1.1" 200 1255 "-" "Mozilla/5.0 AppleWebKit/537.36 (KHTML, like Gecko; compatible; GPTBot/1.3; +https://openai.com/gptbot)"
45.134.225.241 - - [16/Dec/2025:00:39:06 +0000] "GET /wp-admin/edit.php HTTP/1.1" 302 11 "https://datainsightnow.com/wp-login.php" "Mozilla/5.0 (Macintosh; Intel Mac OS X 13_6_1) AppleWebKit/537.36 (KHTML, like Gecko) Chrome/119.0.0.0 Safari/537.36"
57.141.0.56 - - [16/Dec/2025:00:39:06 +0000] "GET /2025/03/07/page/6/?path=//sys/class/pci_bus/0000:05/subsystem/0000:01/device/driver/0000:00:02.5/0000:00:02.5:pcie001/subsystem/drivers HTTP/1.1" 200 262264 "-" "meta-externalagent/1.1 (+https://developers.facebook.com/docs/sharing/webmasters/crawler)"
45.134.225.241 - - [16/Dec/2025:00:39:07 +0000] "GET / HTTP/1.1" 200 45511 "https://datainsightnow.com/wp-login.php" "Mozilla/5.0 (Macintosh; Intel Mac OS X 13_6_1) AppleWebKit/537.36 (KHTML, like Gecko) Chrome/119.0.0.0 Safari/537.36"
45.134.225.241 - - [16/Dec/2025:00:39:07 +0000] "GET /wp-admin/plugins.php HTTP/1.1" 302 11 "https://datainsightnow.com/wp-login.php" "Mozilla/5.0 (Macintosh; Intel Mac OS X 13_6_1) AppleWebKit/537.36 (KHTML, like Gecko) Chrome/119.0.0.0 Safari/537.36"
45.134.225.241 - - [16/Dec/2025:00:39:08 +0000] "GET / HTTP/1.1" 200 45511 "https://datainsightnow.com/wp-login.php" "Mozilla/5.0 (Macintosh; Intel Mac OS X 13_6_1) AppleWebKit/537.36 (KHTML, like Gecko) Chrome/119.0.0.0 Safari/537.36"
45.134.225.241 - - [16/Dec/2025:00:39:09 +0000] "GET /wp-admin/index.php HTTP/1.1" 302 11 "https://datainsightnow.com/wp-login.php" "Mozilla/5.0 (Macintosh; Intel Mac OS X 13_6_1) AppleWebKit/537.36 (KHTML, like Gecko) Chrome/119.0.0.0 Safari/537.36"
74.7.227.155 - - [16/Dec/2025:00:39:09 +0000] "GET /index.php?rest_route=/wp/v2/posts/27101 HTTP/1.1" 200 6151 "-" "Mozilla/5.0 AppleWebKit/537.36 (KHTML, like Gecko; compatible; GPTBot/1.3; +https://openai.com/gptbot)"
45.134.225.241 - - [16/Dec/2025:00:39:09 +0000] "GET / HTTP/1.1" 200 45511 "https://datainsightnow.com/wp-login.php" "Mozilla/5.0 (Macintosh; Intel Mac OS X 13_6_1) AppleWebKit/537.36 (KHTML, like Gecko) Chrome/119.0.0.0 Safari/537.36"
45.134.225.241 - - [16/Dec/2025:00:39:10 +0000] "GET /wp-admin/profile.php HTTP/1.1" 302 11 "https://datainsightnow.com/wp-login.php" "Mozilla/5.0 (Macintosh; Intel Mac OS X 13_6_1) AppleWebKit/537.36 (KHTML, like Gecko) Chrome/119.0.0.0 Safari/537.36"
114.119.158.156 - - [16/Dec/2025:00:39:10 +0000] "GET /zodiac-kasino-erfahrungen-2024-480-bonus-80-freispiele?path=//sys/dev/char/5:1/subsystem/ttyS29/subsystem/ttyS9/subsystem/tty28 HTTP/1.1" 301 5 "-" "Mozilla/5.0 (Linux; Android 7.0;) AppleWebKit/537.36 (KHTML, like Gecko) Mobile Safari/537.36 (compatible; PetalBot;+https://webmaster.petalsearch.com/site/petalbot)"
45.134.225.241 - - [16/Dec/2025:00:39:11 +0000] "GET / HTTP/1.1" 200 45511 "https://datainsightnow.com/wp-login.php" "Mozilla/5.0 (Macintosh; Intel Mac OS X 13_6_1) AppleWebKit/537.36 (KHTML, like Gecko) Chrome/119.0.0.0 Safari/537.36"
217.113.194.54 - - [16/Dec/2025:00:39:11 +0000] "GET /privacy/?fileloc=//proc/132/net/sockstat6&path=//proc/132/net HTTP/1.1" 200 45436 "-" "Mozilla/5.0 (compatible; Barkrowler/0.9; +https://babbar.tech/crawler)"
45.134.225.241 - - [16/Dec/2025:00:39:11 +0000] "GET /wp-admin/edit.php HTTP/1.1" 302 11 "https://datainsightnow.com/wp-login.php" "Mozilla/5.0 (Macintosh; Intel Mac OS X 13_6_1) AppleWebKit/537.36 (KHTML, like Gecko) Chrome/119.0.0.0 Safari/537.36"
114.119.158.156 - - [16/Dec/2025:00:39:12 +0000] "GET /zodiac-kasino-erfahrungen-2024-480-bonus-80-freispiele/?path=//sys/dev/char/5:1/subsystem/ttyS29/subsystem/ttyS9/subsystem/tty28 HTTP/1.1" 200 45437 "-" "Mozilla/5.0 (Linux; Android 7.0;) AppleWebKit/537.36 (KHTML, like Gecko) Mobile Safari/537.36 (compatible; PetalBot;+https://webmaster.petalsearch.com/site/petalbot)"
45.134.225.241 - - [16/Dec/2025:00:39:12 +0000] "GET / HTTP/1.1" 200 45511 "https://datainsightnow.com/wp-login.php" "Mozilla/5.0 (Macintosh; Intel Mac OS X 13_6_1) AppleWebKit/537.36 (KHTML, like Gecko) Chrome/119.0.0.0 Safari/537.36"
45.134.225.241 - - [16/Dec/2025:00:39:12 +0000] "GET /wp-admin/plugins.php HTTP/1.1" 302 11 "https://datainsightnow.com/wp-login.php" "Mozilla/5.0 (Macintosh; Intel Mac OS X 13_6_1) AppleWebKit/537.36 (KHTML, like Gecko) Chrome/119.0.0.0 Safari/537.36"
74.7.227.155 - - [16/Dec/2025:00:39:12 +0000] "GET /?p=19210 HTTP/1.1" 200 42844 "-" "Mozilla/5.0 AppleWebKit/537.36 (KHTML, like Gecko; compatible; GPTBot/1.3; +https://openai.com/gptbot)"
45.134.225.241 - - [16/Dec/2025:00:39:13 +0000] "GET / HTTP/1.1" 200 45511 "https://datainsightnow.com/wp-login.php" "Mozilla/5.0 (Macintosh; Intel Mac OS X 13_6_1) AppleWebKit/537.36 (KHTML, like Gecko) Chrome/119.0.0.0 Safari/537.36"
45.134.225.241 - - [16/Dec/2025:00:39:13 +0000] "POST /wp-login.php HTTP/1.1" 200 2678 "https://datainsightnow.com/wp-login.php" "Mozilla/5.0 (Macintosh; Intel Mac OS X 13_6_1) AppleWebKit/605.1.15 (KHTML, like Gecko) Version/17.0 Safari/605.1.15"
45.134.225.241 - - [16/Dec/2025:00:39:14 +0000] "GET /wp-admin/index.php HTTP/1.1" 302 11 "https://datainsightnow.com/wp-login.php" "Mozilla/5.0 (Macintosh; Intel Mac OS X 10_15_7; rv:119.0) Gecko/20100101 Firefox/119.0"
45.134.225.241 - - [16/Dec/2025:00:39:15 +0000] "GET / HTTP/1.1" 200 45511 "https://datainsightnow.com/wp-login.php" "Mozilla/5.0 (Macintosh; Intel Mac OS X 10_15_7; rv:119.0) Gecko/20100101 Firefox/119.0"
45.134.225.241 - - [16/Dec/2025:00:39:15 +0000] "GET /wp-admin/profile.php HTTP/1.1" 302 11 "https://datainsightnow.com/wp-login.php" "Mozilla/5.0 (Macintosh; Intel Mac OS X 10_15_7; rv:119.0) Gecko/20100101 Firefox/119.0"
74.7.227.155 - - [16/Dec/2025:00:39:15 +0000] "GET /?p=30207 HTTP/1.1" 200 43149 "-" "Mozilla/5.0 AppleWebKit/537.36 (KHTML, like Gecko; compatible; GPTBot/1.3; +https://openai.com/gptbot)"
66.249.72.226 - - [16/Dec/2025:00:39:16 +0000] "GET /entity/761151270.htm HTTP/1.1" 200 30483 "-" "Mozilla/5.0 (Linux; Android 6.0.1; Nexus 5X Build/MMB29P) AppleWebKit/537.36 (KHTML, like Gecko) Chrome/141.0.7390.122 Mobile Safari/537.36 (compatible; Googlebot/2.1; +http://www.google.com/bot.html)"
45.134.225.241 - - [16/Dec/2025:00:39:16 +0000] "GET / HTTP/1.1" 200 45511 "https://datainsightnow.com/wp-login.php" "Mozilla/5.0 (Macintosh; Intel Mac OS X 10_15_7; rv:119.0) Gecko/20100101 Firefox/119.0"
45.134.225.241 - - [16/Dec/2025:00:39:16 +0000] "GET /wp-admin/edit.php HTTP/1.1" 302 11 "https://datainsightnow.com/wp-login.php" "Mozilla/5.0 (Macintosh; Intel Mac OS X 10_15_7; rv:119.0) Gecko/20100101 Firefox/119.0"
66.249.72.227 - - [16/Dec/2025:00:39:16 +0000] "GET /entity/420547624.htm HTTP/1.1" 200 32716 "-" "Mozilla/5.0 (Linux; Android 6.0.1; Nexus 5X Build/MMB29P) AppleWebKit/537.36 (KHTML, like Gecko) Chrome/141.0.7390.122 Mobile Safari/537.36 (compatible; Googlebot/2.1; +http://www.google.com/bot.html)"
57.141.0.44 - - [16/Dec/2025:00:39:17 +0000] "GET /karamba-spielsaal-erfahrungen-angeschlossen-testbericht-werfen-sie-einen-blick-auf-den-link-within-2025-pro-teutonia/?fileloc=//sys/class/pci_bus/0000:06/subsystem/0000:0b/subsystem/0000:0e/subsystem/0000:0b/subsystem/0000:13/device/driver_override&path=//sys/class/pci_bus/0000:06/subsystem/0000:0b/subsystem/0000:0e/subsystem/0000:0b/subsystem/0000:13/device HTTP/1.1" 200 262248 "-" "meta-externalagent/1.1 (+https://developers.facebook.com/docs/sharing/webmasters/crawler)"
45.134.225.241 - - [16/Dec/2025:00:39:17 +0000] "GET / HTTP/1.1" 200 45511 "https://datainsightnow.com/wp-login.php" "Mozilla/5.0 (Macintosh; Intel Mac OS X 10_15_7; rv:119.0) Gecko/20100101 Firefox/119.0"
45.134.225.241 - - [16/Dec/2025:00:39:17 +0000] "GET /wp-admin/plugins.php HTTP/1.1" 302 11 "https://datainsightnow.com/wp-login.php" "Mozilla/5.0 (Macintosh; Intel Mac OS X 10_15_7; rv:119.0) Gecko/20100101 Firefox/119.0"
45.134.225.241 - - [16/Dec/2025:00:39:18 +0000] "GET / HTTP/1.1" 200 45511 "https://datainsightnow.com/wp-login.php" "Mozilla/5.0 (Macintosh; Intel Mac OS X 10_15_7; rv:119.0) Gecko/20100101 Firefox/119.0"
74.7.227.155 - - [16/Dec/2025:00:39:18 +0000] "GET /index.php?rest_route=%2Foembed%2F1.0%2Fembed&url=https%3A%2F%2Fdatainsightnow.com%2F%3Fp%3D30207 HTTP/1.1" 200 1281 "-" "Mozilla/5.0 AppleWebKit/537.36 (KHTML, like Gecko; compatible; GPTBot/1.3; +https://openai.com/gptbot)"
45.134.225.241 - - [16/Dec/2025:00:39:19 +0000] "GET /wp-admin/index.php HTTP/1.1" 302 11 "https://datainsightnow.com/wp-login.php" "Mozilla/5.0 (Macintosh; Intel Mac OS X 10_15_7; rv:119.0) Gecko/20100101 Firefox/119.0"
57.141.0.54 - - [16/Dec/2025:00:39:19 +0000] "GET /2025/03/07/page/6/?path=//sys/class/pci_bus/0000:05/subsystem/0000:02/subsystem/0000:00/subsystem/0000:0f/device/driver/0000:00:02.7/subsystem HTTP/1.1" 200 262264 "-" "meta-externalagent/1.1 (+https://developers.facebook.com/docs/sharing/webmasters/crawler)"
57.141.0.56 - - [16/Dec/2025:00:39:19 +0000] "GET /karamba-spielsaal-erfahrungen-angeschlossen-testbericht-werfen-sie-einen-blick-auf-den-link-within-2025-pro-teutonia/?fileloc=//sys/class/pci_bus/0000:0b/subsystem/0000:01/subsystem/0000:01/subsystem/0000:00/device/0000:00:1b.0/power_state&path=//sys/class/pci_bus/0000:0b/subsystem/0000:01/subsystem/0000:01/subsystem/0000:00/device/0000:00:1b.0 HTTP/1.1" 200 262215 "-" "meta-externalagent/1.1 (+https://developers.facebook.com/docs/sharing/webmasters/crawler)"
45.134.225.241 - - [16/Dec/2025:00:39:20 +0000] "GET / HTTP/1.1" 200 45511 "https://datainsightnow.com/wp-login.php" "Mozilla/5.0 (Macintosh; Intel Mac OS X 10_15_7; rv:119.0) Gecko/20100101 Firefox/119.0"
45.134.225.241 - - [16/Dec/2025:00:39:20 +0000] "GET /wp-admin/profile.php HTTP/1.1" 302 11 "https://datainsightnow.com/wp-login.php" "Mozilla/5.0 (Macintosh; Intel Mac OS X 10_15_7; rv:119.0) Gecko/20100101 Firefox/119.0"
45.134.225.241 - - [16/Dec/2025:00:39:20 +0000] "GET / HTTP/1.1" 200 45511 "https://datainsightnow.com/wp-login.php" "Mozilla/5.0 (Macintosh; Intel Mac OS X 10_15_7; rv:119.0) Gecko/20100101 Firefox/119.0"
45.134.225.241 - - [16/Dec/2025:00:39:21 +0000] "GET /wp-admin/edit.php HTTP/1.1" 302 11 "https://datainsightnow.com/wp-login.php" "Mozilla/5.0 (Macintosh; Intel Mac OS X 10_15_7; rv:119.0) Gecko/20100101 Firefox/119.0"
74.7.227.155 - - [16/Dec/2025:00:39:22 +0000] "GET /index.php?rest_route=/wp/v2/posts/30207 HTTP/1.1" 200 5653 "-" "Mozilla/5.0 AppleWebKit/537.36 (KHTML, like Gecko; compatible; GPTBot/1.3; +https://openai.com/gptbot)"
45.134.225.241 - - [16/Dec/2025:00:39:22 +0000] "GET / HTTP/1.1" 200 45511 "https://datainsightnow.com/wp-login.php" "Mozilla/5.0 (Macintosh; Intel Mac OS X 10_15_7; rv:119.0) Gecko/20100101 Firefox/119.0"
45.134.225.241 - - [16/Dec/2025:00:39:22 +0000] "GET /wp-admin/plugins.php HTTP/1.1" 302 11 "https://datainsightnow.com/wp-login.php" "Mozilla/5.0 (Macintosh; Intel Mac OS X 10_15_7; rv:119.0) Gecko/20100101 Firefox/119.0"
45.134.225.241 - - [16/Dec/2025:00:39:23 +0000] "GET / HTTP/1.1" 200 45511 "https://datainsightnow.com/wp-login.php" "Mozilla/5.0 (Macintosh; Intel Mac OS X 10_15_7; rv:119.0) Gecko/20100101 Firefox/119.0"
57.141.0.46 - - [16/Dec/2025:00:39:23 +0000] "GET /2025/03/07/page/6/?fileloc=//sys/class/pci_bus/0000:05/subsystem/0000:02/subsystem/0000:08/subsystem/0000:0e/subsystem/0000:0d/device/config&path=//sys/class/pci_bus/0000:05/subsystem/0000:02/subsystem/0000:08/subsystem/0000:0e/subsystem/0000:0d/device HTTP/1.1" 200 262264 "-" "meta-externalagent/1.1 (+https://developers.facebook.com/docs/sharing/webmasters/crawler)"
45.134.225.241 - - [16/Dec/2025:00:39:24 +0000] "POST /wp-login.php HTTP/1.1" 200 2674 "https://datainsightnow.com/wp-login.php" "Mozilla/5.0 (Macintosh; Intel Mac OS X 10_15_7) AppleWebKit/605.1.15 (KHTML, like Gecko) Version/16.6 Safari/605.1.15"
45.134.225.241 - - [16/Dec/2025:00:39:24 +0000] "GET /wp-admin/index.php HTTP/1.1" 302 11 "https://datainsightnow.com/wp-login.php" "Mozilla/5.0 (X11; Ubuntu; Linux x86_64) AppleWebKit/537.36 (KHTML, like Gecko) Chrome/118.0.0.0 Safari/537.36"
52.167.144.202 - - [16/Dec/2025:00:39:25 +0000] "GET /621749967?entity=0619349646 HTTP/1.1" 200 30292 "-" "Mozilla/5.0 AppleWebKit/537.36 (KHTML, like Gecko; compatible; bingbot/2.0; +http://www.bing.com/bingbot.htm) Chrome/116.0.1938.76 Safari/537.36"
74.7.227.155 - - [16/Dec/2025:00:39:25 +0000] "GET /index.php?format=xml&rest_route=%2Foembed%2F1.0%2Fembed&url=https%3A%2F%2Fdatainsightnow.com%2F%3Fp%3D30207 HTTP/1.1" 200 1307 "-" "Mozilla/5.0 AppleWebKit/537.36 (KHTML, like Gecko; compatible; GPTBot/1.3; +https://openai.com/gptbot)"
45.134.225.241 - - [16/Dec/2025:00:39:25 +0000] "GET / HTTP/1.1" 200 45511 "https://datainsightnow.com/wp-login.php" "Mozilla/5.0 (X11; Ubuntu; Linux x86_64) AppleWebKit/537.36 (KHTML, like Gecko) Chrome/118.0.0.0 Safari/537.36"
45.134.225.241 - - [16/Dec/2025:00:39:25 +0000] "GET /wp-admin/profile.php HTTP/1.1" 302 11 "https://datainsightnow.com/wp-login.php" "Mozilla/5.0 (X11; Ubuntu; Linux x86_64) AppleWebKit/537.36 (KHTML, like Gecko) Chrome/118.0.0.0 Safari/537.36"
45.134.225.241 - - [16/Dec/2025:00:39:26 +0000] "GET / HTTP/1.1" 200 45511 "https://datainsightnow.com/wp-login.php" "Mozilla/5.0 (X11; Ubuntu; Linux x86_64) AppleWebKit/537.36 (KHTML, like Gecko) Chrome/118.0.0.0 Safari/537.36"
45.134.225.241 - - [16/Dec/2025:00:39:26 +0000] "GET /wp-admin/edit.php HTTP/1.1" 302 11 "https://datainsightnow.com/wp-login.php" "Mozilla/5.0 (X11; Ubuntu; Linux x86_64) AppleWebKit/537.36 (KHTML, like Gecko) Chrome/118.0.0.0 Safari/537.36"
217.113.194.213 - - [16/Dec/2025:00:39:27 +0000] "GET /privacy/?fileloc=//bin/X11/X11/hostname&path=//bin/X11/X11 HTTP/1.1" 200 45436 "-" "Mozilla/5.0 (compatible; Barkrowler/0.9; +https://babbar.tech/crawler)"
45.134.225.241 - - [16/Dec/2025:00:39:27 +0000] "GET / HTTP/1.1" 200 45511 "https://datainsightnow.com/wp-login.php" "Mozilla/5.0 (X11; Ubuntu; Linux x86_64) AppleWebKit/537.36 (KHTML, like Gecko) Chrome/118.0.0.0 Safari/537.36"
45.134.225.241 - - [16/Dec/2025:00:39:28 +0000] "GET /wp-admin/plugins.php HTTP/1.1" 302 11 "https://datainsightnow.com/wp-login.php" "Mozilla/5.0 (X11; Ubuntu; Linux x86_64) AppleWebKit/537.36 (KHTML, like Gecko) Chrome/118.0.0.0 Safari/537.36"
74.7.227.155 - - [16/Dec/2025:00:39:28 +0000] "GET /?p=23691 HTTP/1.1" 200 42671 "-" "Mozilla/5.0 AppleWebKit/537.36 (KHTML, like Gecko; compatible; GPTBot/1.3; +https://openai.com/gptbot)"
45.134.225.241 - - [16/Dec/2025:00:39:28 +0000] "GET / HTTP/1.1" 200 45511 "https://datainsightnow.com/wp-login.php" "Mozilla/5.0 (X11; Ubuntu; Linux x86_64) AppleWebKit/537.36 (KHTML, like Gecko) Chrome/118.0.0.0 Safari/537.36"
45.134.225.241 - - [16/Dec/2025:00:39:29 +0000] "GET /wp-admin/index.php HTTP/1.1" 302 11 "https://datainsightnow.com/wp-login.php" "Mozilla/5.0 (X11; Ubuntu; Linux x86_64) AppleWebKit/537.36 (KHTML, like Gecko) Chrome/118.0.0.0 Safari/537.36"
45.134.225.241 - - [16/Dec/2025:00:39:29 +0000] "GET / HTTP/1.1" 200 45511 "https://datainsightnow.com/wp-login.php" "Mozilla/5.0 (X11; Ubuntu; Linux x86_64) AppleWebKit/537.36 (KHTML, like Gecko) Chrome/118.0.0.0 Safari/537.36"
45.134.225.241 - - [16/Dec/2025:00:39:30 +0000] "GET /wp-admin/profile.php HTTP/1.1" 302 11 "https://datainsightnow.com/wp-login.php" "Mozilla/5.0 (X11; Ubuntu; Linux x86_64) AppleWebKit/537.36 (KHTML, like Gecko) Chrome/118.0.0.0 Safari/537.36"
45.134.225.241 - - [16/Dec/2025:00:39:30 +0000] "GET / HTTP/1.1" 200 45511 "https://datainsightnow.com/wp-login.php" "Mozilla/5.0 (X11; Ubuntu; Linux x86_64) AppleWebKit/537.36 (KHTML, like Gecko) Chrome/118.0.0.0 Safari/537.36"
57.141.0.59 - - [16/Dec/2025:00:39:31 +0000] "GET /karamba-spielsaal-erfahrungen-angeschlossen-testbericht-werfen-sie-einen-blick-auf-den-link-within-2025-pro-teutonia/?fileloc=//sys/class/pci_bus/0000:04/subsystem/0000:01/device/driver/0000:00:03.4/driver/0000:00:04.1/revision&path=//sys/class/pci_bus/0000:04/subsystem/0000:01/device/driver/0000:00:03.4/driver/0000:00:04.1 HTTP/1.1" 200 262248 "-" "meta-externalagent/1.1 (+https://developers.facebook.com/docs/sharing/webmasters/crawler)"
45.134.225.241 - - [16/Dec/2025:00:39:31 +0000] "GET /wp-admin/edit.php HTTP/1.1" 302 11 "https://datainsightnow.com/wp-login.php" "Mozilla/5.0 (X11; Ubuntu; Linux x86_64) AppleWebKit/537.36 (KHTML, like Gecko) Chrome/118.0.0.0 Safari/537.36"
45.134.225.241 - - [16/Dec/2025:00:39:32 +0000] "GET / HTTP/1.1" 200 45511 "https://datainsightnow.com/wp-login.php" "Mozilla/5.0 (X11; Ubuntu; Linux x86_64) AppleWebKit/537.36 (KHTML, like Gecko) Chrome/118.0.0.0 Safari/537.36"
57.141.0.17 - - [16/Dec/2025:00:39:32 +0000] "GET /karamba-spielsaal-erfahrungen-angeschlossen-testbericht-werfen-sie-einen-blick-auf-den-link-within-2025-pro-teutonia/?fileloc=//sys/class/pci_bus/0000:0f/subsystem/0000:02/subsystem/0000:06/device/driver/0000:00:03.0/secondary_bus_number&path=//sys/class/pci_bus/0000:0f/subsystem/0000:02/subsystem/0000:06/device/driver/0000:00:03.0 HTTP/1.1" 200 262248 "-" "meta-externalagent/1.1 (+https://developers.facebook.com/docs/sharing/webmasters/crawler)"
45.134.225.241 - - [16/Dec/2025:00:39:32 +0000] "GET /wp-admin/plugins.php HTTP/1.1" 302 11 "https://datainsightnow.com/wp-login.php" "Mozilla/5.0 (X11; Ubuntu; Linux x86_64) AppleWebKit/537.36 (KHTML, like Gecko) Chrome/118.0.0.0 Safari/537.36"
57.141.0.24 - - [16/Dec/2025:00:39:33 +0000] "GET /2025/03/07/page/6/?fileloc=//sys/class/pci_bus/0000:0b/subsystem/0000:02/subsystem/0000:0e/subsystem/0000:0c/device/subsystem_vendor&path=//sys/class/pci_bus/0000:0b/subsystem/0000:02/subsystem/0000:0e/subsystem/0000:0c/device HTTP/1.1" 200 262209 "-" "meta-externalagent/1.1 (+https://developers.facebook.com/docs/sharing/webmasters/crawler)"
45.134.225.241 - - [16/Dec/2025:00:39:33 +0000] "GET / HTTP/1.1" 200 45511 "https://datainsightnow.com/wp-login.php" "Mozilla/5.0 (X11; Ubuntu; Linux x86_64) AppleWebKit/537.36 (KHTML, like Gecko) Chrome/118.0.0.0 Safari/537.36"
57.141.0.77 - - [16/Dec/2025:00:39:33 +0000] "GET /karamba-spielsaal-erfahrungen-angeschlossen-testbericht-werfen-sie-einen-blick-auf-den-link-within-2025-pro-teutonia/?fileloc=//sys/class/pci_bus/0000:06/subsystem/0000:0b/subsystem/0000:11/device/driver/0000:00:03.0/driver/0000:00:02.0/power/wakeup_abort_count&path=//sys/class/pci_bus/0000:06/subsystem/0000:0b/subsystem/0000:11/device/driver/0000:00:03.0/driver/0000:00:02.0/power HTTP/1.1" 200 262216 "-" "meta-externalagent/1.1 (+https://developers.facebook.com/docs/sharing/webmasters/crawler)"
45.134.225.241 - - [16/Dec/2025:00:39:34 +0000] "POST /wp-login.php HTTP/1.1" 200 2683 "https://datainsightnow.com/wp-login.php" "Mozilla/5.0 (Windows NT 10.0; Win64; x64; rv:120.0) Gecko/20100101 Firefox/120.0"
45.134.225.241 - - [16/Dec/2025:00:39:34 +0000] "GET /wp-admin/index.php HTTP/1.1" 302 11 "https://datainsightnow.com/wp-login.php" "Mozilla/5.0 (Windows NT 10.0; Win64; x64; rv:121.0) Gecko/20100101 Firefox/121.0"
45.134.225.241 - - [16/Dec/2025:00:39:36 +0000] "GET / HTTP/1.1" 200 45511 "https://datainsightnow.com/wp-login.php" "Mozilla/5.0 (Windows NT 10.0; Win64; x64; rv:121.0) Gecko/20100101 Firefox/121.0"
57.141.0.21 - - [16/Dec/2025:00:39:36 +0000] "GET /2025/03/07/page/6/?path=//sys/class/pci_bus/0000:0b/subsystem/0000:02/subsystem/0000:05/subsystem/0000:0b/subsystem/0000:07/device HTTP/1.1" 200 262216 "-" "meta-externalagent/1.1 (+https://developers.facebook.com/docs/sharing/webmasters/crawler)"
57.141.0.48 - - [16/Dec/2025:00:39:36 +0000] "GET /karamba-spielsaal-erfahrungen-angeschlossen-testbericht-werfen-sie-einen-blick-auf-den-link-within-2025-pro-teutonia/?fileloc=//sys/class/pci_bus/0000:0d/subsystem/0000:0f/device/driver/0000:00:02.4/driver/0000:00:02.4/remove&path=//sys/class/pci_bus/0000:0d/subsystem/0000:0f/device/driver/0000:00:02.4/driver/0000:00:02.4 HTTP/1.1" 200 262209 "-" "meta-externalagent/1.1 (+https://developers.facebook.com/docs/sharing/webmasters/crawler)"
74.7.227.155 - - [16/Dec/2025:00:39:36 +0000] "GET /?p=29021 HTTP/1.1" 200 41904 "-" "Mozilla/5.0 AppleWebKit/537.36 (KHTML, like Gecko; compatible; GPTBot/1.3; +https://openai.com/gptbot)"
45.134.225.241 - - [16/Dec/2025:00:39:36 +0000] "GET /wp-admin/profile.php HTTP/1.1" 302 11 "https://datainsightnow.com/wp-login.php" "Mozilla/5.0 (Windows NT 10.0; Win64; x64; rv:121.0) Gecko/20100101 Firefox/121.0"
45.134.225.241 - - [16/Dec/2025:00:39:37 +0000] "GET / HTTP/1.1" 200 45511 "https://datainsightnow.com/wp-login.php" "Mozilla/5.0 (Windows NT 10.0; Win64; x64; rv:121.0) Gecko/20100101 Firefox/121.0"
45.134.225.241 - - [16/Dec/2025:00:39:38 +0000] "GET /wp-admin/edit.php HTTP/1.1" 302 11 "https://datainsightnow.com/wp-login.php" "Mozilla/5.0 (Windows NT 10.0; Win64; x64; rv:121.0) Gecko/20100101 Firefox/121.0"
45.134.225.241 - - [16/Dec/2025:00:39:38 +0000] "GET / HTTP/1.1" 200 45511 "https://datainsightnow.com/wp-login.php" "Mozilla/5.0 (Windows NT 10.0; Win64; x64; rv:121.0) Gecko/20100101 Firefox/121.0"
66.249.72.226 - - [16/Dec/2025:00:39:38 +0000] "GET /?fileloc=/opt/wpsites/datainsightnow.com/wp-includes/default-constants.php?entity/16976932.htm HTTP/1.1" 200 31698 "-" "Mozilla/5.0 (Linux; Android 6.0.1; Nexus 5X Build/MMB29P) AppleWebKit/537.36 (KHTML, like Gecko) Chrome/141.0.7390.122 Mobile Safari/537.36 (compatible; Googlebot/2.1; +http://www.google.com/bot.html)"
45.134.225.241 - - [16/Dec/2025:00:39:39 +0000] "GET /wp-admin/plugins.php HTTP/1.1" 302 11 "https://datainsightnow.com/wp-login.php" "Mozilla/5.0 (Windows NT 10.0; Win64; x64; rv:121.0) Gecko/20100101 Firefox/121.0"
45.134.225.241 - - [16/Dec/2025:00:39:39 +0000] "GET / HTTP/1.1" 200 45511 "https://datainsightnow.com/wp-login.php" "Mozilla/5.0 (Windows NT 10.0; Win64; x64; rv:121.0) Gecko/20100101 Firefox/121.0"
45.134.225.241 - - [16/Dec/2025:00:39:40 +0000] "GET /wp-admin/index.php HTTP/1.1" 302 11 "https://datainsightnow.com/wp-login.php" "Mozilla/5.0 (Windows NT 10.0; Win64; x64; rv:121.0) Gecko/20100101 Firefox/121.0"
45.134.225.241 - - [16/Dec/2025:00:39:41 +0000] "GET / HTTP/1.1" 200 45511 "https://datainsightnow.com/wp-login.php" "Mozilla/5.0 (Windows NT 10.0; Win64; x64; rv:121.0) Gecko/20100101 Firefox/121.0"
45.134.225.241 - - [16/Dec/2025:00:39:41 +0000] "GET /wp-admin/profile.php HTTP/1.1" 302 11 "https://datainsightnow.com/wp-login.php" "Mozilla/5.0 (Windows NT 10.0; Win64; x64; rv:121.0) Gecko/20100101 Firefox/121.0"
74.7.227.155 - - [16/Dec/2025:00:39:42 +0000] "GET /?m=20250425&paged=13 HTTP/1.1" 200 37784 "-" "Mozilla/5.0 AppleWebKit/537.36 (KHTML, like Gecko; compatible; GPTBot/1.3; +https://openai.com/gptbot)"
45.134.225.241 - - [16/Dec/2025:00:39:42 +0000] "GET / HTTP/1.1" 200 45511 "https://datainsightnow.com/wp-login.php" "Mozilla/5.0 (Windows NT 10.0; Win64; x64; rv:121.0) Gecko/20100101 Firefox/121.0"
57.141.0.24 - - [16/Dec/2025:00:39:43 +0000] "GET /2025/03/07/page/6/?fileloc=//sys/class/pci_bus/0000:10/device/subsystem/drivers/pcieport/0000:00:04.0/driver/0000:00:02.1/config&path=//sys/class/pci_bus/0000:10/device/subsystem/drivers/pcieport/0000:00:04.0/driver/0000:00:02.1 HTTP/1.1" 200 262264 "-" "meta-externalagent/1.1 (+https://developers.facebook.com/docs/sharing/webmasters/crawler)"
45.134.225.241 - - [16/Dec/2025:00:39:43 +0000] "GET /wp-admin/edit.php HTTP/1.1" 302 11 "https://datainsightnow.com/wp-login.php" "Mozilla/5.0 (Windows NT 10.0; Win64; x64; rv:121.0) Gecko/20100101 Firefox/121.0"
74.7.227.155 - - [16/Dec/2025:00:39:43 +0000] "GET /?p=27263 HTTP/1.1" 200 44302 "-" "Mozilla/5.0 AppleWebKit/537.36 (KHTML, like Gecko; compatible; GPTBot/1.3; +https://openai.com/gptbot)"
57.141.0.26 - - [16/Dec/2025:00:39:44 +0000] "GET /karamba-spielsaal-erfahrungen-angeschlossen-testbericht-werfen-sie-einen-blick-auf-den-link-within-2025-pro-teutonia/?path=//sys/class/pci_bus/0000:02/device/driver/0000:00:03.5/firmware_node/subsystem/devices/device:04/subsystem/devices/device:43 HTTP/1.1" 200 262264 "-" "meta-externalagent/1.1 (+https://developers.facebook.com/docs/sharing/webmasters/crawler)"
45.134.225.241 - - [16/Dec/2025:00:39:44 +0000] "GET / HTTP/1.1" 200 45511 "https://datainsightnow.com/wp-login.php" "Mozilla/5.0 (Windows NT 10.0; Win64; x64; rv:121.0) Gecko/20100101 Firefox/121.0"
217.113.194.59 - - [16/Dec/2025:00:39:44 +0000] "GET /privacy/?fileloc=//lib/git-core/git-interpret-trailers&path=//lib/git-core HTTP/1.1" 200 45436 "-" "Mozilla/5.0 (compatible; Barkrowler/0.9; +https://babbar.tech/crawler)"
45.134.225.241 - - [16/Dec/2025:00:39:45 +0000] "GET /wp-admin/plugins.php HTTP/1.1" 302 11 "https://datainsightnow.com/wp-login.php" "Mozilla/5.0 (Windows NT 10.0; Win64; x64; rv:121.0) Gecko/20100101 Firefox/121.0"
57.141.0.41 - - [16/Dec/2025:00:39:45 +0000] "GET /karamba-spielsaal-erfahrungen-angeschlossen-testbericht-werfen-sie-einen-blick-auf-den-link-within-2025-pro-teutonia/?fileloc=//sys/class/pci_bus/0000:0b/subsystem/0000:05/device/driver/0000:00:03.0/driver/0000:00:02.3/0000:05:00.0/revision&path=//sys/class/pci_bus/0000:0b/subsystem/0000:05/device/driver/0000:00:03.0/driver/0000:00:02.3/0000:05:00.0 HTTP/1.1" 200 262248 "-" "meta-externalagent/1.1 (+https://developers.facebook.com/docs/sharing/webmasters/crawler)"
85.208.96.210 - - [16/Dec/2025:00:39:46 +0000] "GET /?p=43459 HTTP/1.1" 200 42822 "-" "Mozilla/5.0 (compatible; SemrushBot/7~bl; +http://www.semrush.com/bot.html)"
74.7.227.155 - - [16/Dec/2025:00:39:46 +0000] "GET /index.php?rest_route=/wp/v2/posts/23691 HTTP/1.1" 200 5094 "-" "Mozilla/5.0 AppleWebKit/537.36 (KHTML, like Gecko; compatible; GPTBot/1.3; +https://openai.com/gptbot)"
45.134.225.241 - - [16/Dec/2025:00:39:46 +0000] "GET / HTTP/1.1" 200 45511 "https://datainsightnow.com/wp-login.php" "Mozilla/5.0 (Windows NT 10.0; Win64; x64; rv:121.0) Gecko/20100101 Firefox/121.0"
45.134.225.241 - - [16/Dec/2025:00:39:46 +0000] "POST /wp-login.php HTTP/1.1" 200 2674 "https://datainsightnow.com/wp-login.php" "Mozilla/5.0 (Windows NT 10.0; Win64; x64; rv:120.0) Gecko/20100101 Firefox/120.0"
45.134.225.241 - - [16/Dec/2025:00:39:46 +0000] "GET /wp-admin/index.php HTTP/1.1" 302 11 "https://datainsightnow.com/wp-login.php" "Mozilla/5.0 (Macintosh; Intel Mac OS X 13_6_1) AppleWebKit/537.36 (KHTML, like Gecko) Chrome/118.0.0.0 Safari/537.36"
57.141.0.65 - - [16/Dec/2025:00:39:47 +0000] "GET /karamba-spielsaal-erfahrungen-angeschlossen-testbericht-werfen-sie-einen-blick-auf-den-link-within-2025-pro-teutonia/?path=//sys/class/pci_bus/0000:02/device/driver/0000:00:02.2/0000:00:02.2:pcie010/subsystem/devices/0000:00:03.4:pcie001/subsystem/devices/0000:00:04.1:pcie010 HTTP/1.1" 200 262209 "-" "meta-externalagent/1.1 (+https://developers.facebook.com/docs/sharing/webmasters/crawler)"
57.141.0.68 - - [16/Dec/2025:00:39:47 +0000] "GET /2025/03/06/page/39/?path=//sys/class/pci_bus/0000:05/subsystem/0000:00/subsystem/0000:09/device/driver/0000:00:02.2/link HTTP/1.1" 200 262209 "-" "meta-externalagent/1.1 (+https://developers.facebook.com/docs/sharing/webmasters/crawler)"
57.141.0.18 - - [16/Dec/2025:00:39:48 +0000] "GET /karamba-spielsaal-erfahrungen-angeschlossen-testbericht-werfen-sie-einen-blick-auf-den-link-within-2025-pro-teutonia/?path=//sys/class/pci_bus/0000:0a/subsystem/0000:00/subsystem/0000:06/subsystem/0000:05/subsystem/0000:0d/device HTTP/1.1" 200 262209 "-" "meta-externalagent/1.1 (+https://developers.facebook.com/docs/sharing/webmasters/crawler)"
45.134.225.241 - - [16/Dec/2025:00:39:48 +0000] "GET / HTTP/1.1" 200 45511 "https://datainsightnow.com/wp-login.php" "Mozilla/5.0 (Macintosh; Intel Mac OS X 13_6_1) AppleWebKit/537.36 (KHTML, like Gecko) Chrome/118.0.0.0 Safari/537.36"
74.7.227.155 - - [16/Dec/2025:00:39:49 +0000] "GET /index.php?format=xml&rest_route=%2Foembed%2F1.0%2Fembed&url=https%3A%2F%2Fdatainsightnow.com%2F%3Fp%3D23691 HTTP/1.1" 200 1321 "-" "Mozilla/5.0 AppleWebKit/537.36 (KHTML, like Gecko; compatible; GPTBot/1.3; +https://openai.com/gptbot)"
45.134.225.241 - - [16/Dec/2025:00:39:49 +0000] "GET /wp-admin/profile.php HTTP/1.1" 302 11 "https://datainsightnow.com/wp-login.php" "Mozilla/5.0 (Macintosh; Intel Mac OS X 13_6_1) AppleWebKit/537.36 (KHTML, like Gecko) Chrome/118.0.0.0 Safari/537.36"
45.134.225.241 - - [16/Dec/2025:00:39:49 +0000] "GET / HTTP/1.1" 200 45511 "https://datainsightnow.com/wp-login.php" "Mozilla/5.0 (Macintosh; Intel Mac OS X 13_6_1) AppleWebKit/537.36 (KHTML, like Gecko) Chrome/118.0.0.0 Safari/537.36"
45.134.225.241 - - [16/Dec/2025:00:39:50 +0000] "GET /wp-admin/edit.php HTTP/1.1" 302 11 "https://datainsightnow.com/wp-login.php" "Mozilla/5.0 (Macintosh; Intel Mac OS X 13_6_1) AppleWebKit/537.36 (KHTML, like Gecko) Chrome/118.0.0.0 Safari/537.36"
66.135.21.75 - - [16/Dec/2025:00:39:50 +0000] "POST /wp-cron.php?doing_wp_cron=1765845590.4038629531860351562500 HTTP/1.1" 200 31 "-" "WordPress/6.3.1; https://datainsightnow.com"
57.141.0.27 - - [16/Dec/2025:00:39:51 +0000] "GET /karamba-spielsaal-erfahrungen-angeschlossen-testbericht-werfen-sie-einen-blick-auf-den-link-within-2025-pro-teutonia/?path=//sys/class/pci_bus/0000:04/subsystem/0000:13/subsystem/0000:02/subsystem/0000:02 HTTP/1.1" 200 262216 "-" "meta-externalagent/1.1 (+https://developers.facebook.com/docs/sharing/webmasters/crawler)"
45.134.225.241 - - [16/Dec/2025:00:39:51 +0000] "GET / HTTP/1.1" 200 45511 "https://datainsightnow.com/wp-login.php" "Mozilla/5.0 (Macintosh; Intel Mac OS X 13_6_1) AppleWebKit/537.36 (KHTML, like Gecko) Chrome/118.0.0.0 Safari/537.36"
57.141.0.24 - - [16/Dec/2025:00:39:51 +0000] "GET /2025/03/07/page/6/?fileloc=//sys/class/pci_bus/0000:05/subsystem/0000:02/subsystem/0000:05/device/subsystem/devices/0000:00:02.1/local_cpus&path=//sys/class/pci_bus/0000:05/subsystem/0000:02/subsystem/0000:05/device/subsystem/devices/0000:00:02.1 HTTP/1.1" 200 262264 "-" "meta-externalagent/1.1 (+https://developers.facebook.com/docs/sharing/webmasters/crawler)"
45.134.225.241 - - [16/Dec/2025:00:39:51 +0000] "GET /wp-admin/plugins.php HTTP/1.1" 302 11 "https://datainsightnow.com/wp-login.php" "Mozilla/5.0 (Macintosh; Intel Mac OS X 13_6_1) AppleWebKit/537.36 (KHTML, like Gecko) Chrome/118.0.0.0 Safari/537.36"
74.7.227.155 - - [16/Dec/2025:00:39:52 +0000] "GET /index.php?rest_route=%2Foembed%2F1.0%2Fembed&url=https%3A%2F%2Fdatainsightnow.com%2F%3Fp%3D23691 HTTP/1.1" 200 1293 "-" "Mozilla/5.0 AppleWebKit/537.36 (KHTML, like Gecko; compatible; GPTBot/1.3; +https://openai.com/gptbot)"
45.134.225.241 - - [16/Dec/2025:00:39:52 +0000] "GET / HTTP/1.1" 200 45511 "https://datainsightnow.com/wp-login.php" "Mozilla/5.0 (Macintosh; Intel Mac OS X 13_6_1) AppleWebKit/537.36 (KHTML, like Gecko) Chrome/118.0.0.0 Safari/537.36"
185.191.171.12 - - [16/Dec/2025:00:39:52 +0000] "GET /?p=22264 HTTP/1.1" 200 41342 "-" "Mozilla/5.0 (compatible; SemrushBot/7~bl; +http://www.semrush.com/bot.html)"
45.134.225.241 - - [16/Dec/2025:00:39:53 +0000] "GET /wp-admin/index.php HTTP/1.1" 302 11 "https://datainsightnow.com/wp-login.php" "Mozilla/5.0 (Macintosh; Intel Mac OS X 13_6_1) AppleWebKit/537.36 (KHTML, like Gecko) Chrome/118.0.0.0 Safari/537.36"
45.134.225.241 - - [16/Dec/2025:00:39:53 +0000] "GET / HTTP/1.1" 200 45511 "https://datainsightnow.com/wp-login.php" "Mozilla/5.0 (Macintosh; Intel Mac OS X 13_6_1) AppleWebKit/537.36 (KHTML, like Gecko) Chrome/118.0.0.0 Safari/537.36"
45.134.225.241 - - [16/Dec/2025:00:39:54 +0000] "GET /wp-admin/profile.php HTTP/1.1" 302 11 "https://datainsightnow.com/wp-login.php" "Mozilla/5.0 (Macintosh; Intel Mac OS X 13_6_1) AppleWebKit/537.36 (KHTML, like Gecko) Chrome/118.0.0.0 Safari/537.36"
45.134.225.241 - - [16/Dec/2025:00:39:55 +0000] "GET / HTTP/1.1" 200 45511 "https://datainsightnow.com/wp-login.php" "Mozilla/5.0 (Macintosh; Intel Mac OS X 13_6_1) AppleWebKit/537.36 (KHTML, like Gecko) Chrome/118.0.0.0 Safari/537.36"
45.134.225.241 - - [16/Dec/2025:00:39:56 +0000] "GET /wp-admin/edit.php HTTP/1.1" 302 11 "https://datainsightnow.com/wp-login.php" "Mozilla/5.0 (Macintosh; Intel Mac OS X 13_6_1) AppleWebKit/537.36 (KHTML, like Gecko) Chrome/118.0.0.0 Safari/537.36"
45.134.225.241 - - [16/Dec/2025:00:39:56 +0000] "GET / HTTP/1.1" 200 45511 "https://datainsightnow.com/wp-login.php" "Mozilla/5.0 (Macintosh; Intel Mac OS X 13_6_1) AppleWebKit/537.36 (KHTML, like Gecko) Chrome/118.0.0.0 Safari/537.36"
45.134.225.241 - - [16/Dec/2025:00:39:57 +0000] "GET /wp-admin/plugins.php HTTP/1.1" 302 11 "https://datainsightnow.com/wp-login.php" "Mozilla/5.0 (Macintosh; Intel Mac OS X 13_6_1) AppleWebKit/537.36 (KHTML, like Gecko) Chrome/118.0.0.0 Safari/537.36"
45.134.225.241 - - [16/Dec/2025:00:39:58 +0000] "GET / HTTP/1.1" 200 45511 "https://datainsightnow.com/wp-login.php" "Mozilla/5.0 (Macintosh; Intel Mac OS X 13_6_1) AppleWebKit/537.36 (KHTML, like Gecko) Chrome/118.0.0.0 Safari/537.36"
57.141.0.16 - - [16/Dec/2025:00:39:58 +0000] "GET /karamba-spielsaal-erfahrungen-angeschlossen-testbericht-werfen-sie-einen-blick-auf-den-link-within-2025-pro-teutonia/?fileloc=//sys/class/pci_bus/0000:06/subsystem/0000:0d/subsystem/0000:06/device/driver/0000:00:03.7/driver/0000:00:03.1/firmware_node/physical_node/local_cpulist&path=//sys/class/pci_bus/0000:06/subsystem/0000:0d/subsystem/0000:06/device/driver/0000:00:03.7/driver/0000:00:03.1/firmware_node/physical_node HTTP/1.1" 200 262264 "-" "meta-externalagent/1.1 (+https://developers.facebook.com/docs/sharing/webmasters/crawler)"
45.134.225.241 - - [16/Dec/2025:00:39:59 +0000] "POST /wp-login.php HTTP/1.1" 200 2677 "https://datainsightnow.com/wp-login.php" "Mozilla/5.0 (X11; Linux x86_64) AppleWebKit/537.36 (KHTML, like Gecko) Chrome/121.0.0.0 Safari/537.36"
57.141.0.68 - - [16/Dec/2025:00:39:59 +0000] "GET /2025/03/07/page/6/?fileloc=//sys/class/pci_bus/0000:0b/subsystem/0000:0b/subsystem/0000:0f/device/driver/0000:00:04.0/driver/0000:00:03.0/local_cpulist&path=//sys/class/pci_bus/0000:0b/subsystem/0000:0b/subsystem/0000:0f/device/driver/0000:00:04.0/driver/0000:00:03.0 HTTP/1.1" 200 262215 "-" "meta-externalagent/1.1 (+https://developers.facebook.com/docs/sharing/webmasters/crawler)"
45.134.225.241 - - [16/Dec/2025:00:39:59 +0000] "GET /wp-admin/index.php HTTP/1.1" 302 11 "https://datainsightnow.com/wp-login.php" "Mozilla/5.0 (Windows NT 10.0; Win64; x64; rv:119.0) Gecko/20100101 Firefox/119.0"
57.141.0.33 - - [16/Dec/2025:00:40:00 +0000] "GET /2025/03/07/page/6/?fileloc=//sys/class/pci_bus/0000:05/subsystem/0000:08/subsystem/0000:0b/subsystem/0000:0f/device/driver/0000:00:02.3/device&path=//sys/class/pci_bus/0000:05/subsystem/0000:08/subsystem/0000:0b/subsystem/0000:0f/device/driver/0000:00:02.3 HTTP/1.1" 200 262264 "-" "meta-externalagent/1.1 (+https://developers.facebook.com/docs/sharing/webmasters/crawler)"
57.141.0.52 - - [16/Dec/2025:00:40:01 +0000] "GET /karamba-spielsaal-erfahrungen-angeschlossen-testbericht-werfen-sie-einen-blick-auf-den-link-within-2025-pro-teutonia/?fileloc=//sys/class/pci_bus/0000:04/subsystem/0000:0c/subsystem/0000:00/device/0000:00:02.0/subsystem/drivers/bochs-drm/0000:00:01.0/msi_bus&path=//sys/class/pci_bus/0000:04/subsystem/0000:0c/subsystem/0000:00/device/0000:00:02.0/subsystem/drivers/bochs-drm/0000:00:01.0 HTTP/1.1" 200 262264 "-" "meta-externalagent/1.1 (+https://developers.facebook.com/docs/sharing/webmasters/crawler)"
45.134.225.241 - - [16/Dec/2025:00:40:01 +0000] "GET / HTTP/1.1" 200 45511 "https://datainsightnow.com/wp-login.php" "Mozilla/5.0 (Windows NT 10.0; Win64; x64; rv:119.0) Gecko/20100101 Firefox/119.0"
217.113.194.57 - - [16/Dec/2025:00:40:01 +0000] "GET /privacy/?fileloc=//lib/mysql/plugin/mysql_clone.so&path=//lib/mysql/plugin HTTP/1.1" 200 45436 "-" "Mozilla/5.0 (compatible; Barkrowler/0.9; +https://babbar.tech/crawler)"
45.134.225.241 - - [16/Dec/2025:00:40:01 +0000] "GET /wp-admin/profile.php HTTP/1.1" 302 11 "https://datainsightnow.com/wp-login.php" "Mozilla/5.0 (Windows NT 10.0; Win64; x64; rv:119.0) Gecko/20100101 Firefox/119.0"
57.141.0.30 - - [16/Dec/2025:00:40:02 +0000] "GET /2025/03/07/page/6/?fileloc=//sys/class/pci_bus/0000:0f/device/subsystem/drivers/xhci_hcd/0000:04:00.0/usb2/bNumConfigurations&path=//sys/class/pci_bus/0000:0f/device/subsystem/drivers/xhci_hcd/0000:04:00.0/usb2 HTTP/1.1" 200 262248 "-" "meta-externalagent/1.1 (+https://developers.facebook.com/docs/sharing/webmasters/crawler)"
45.134.225.241 - - [16/Dec/2025:00:40:02 +0000] "GET / HTTP/1.1" 200 45511 "https://datainsightnow.com/wp-login.php" "Mozilla/5.0 (Windows NT 10.0; Win64; x64; rv:119.0) Gecko/20100101 Firefox/119.0"
45.134.225.241 - - [16/Dec/2025:00:40:03 +0000] "GET /wp-admin/edit.php HTTP/1.1" 302 11 "https://datainsightnow.com/wp-login.php" "Mozilla/5.0 (Windows NT 10.0; Win64; x64; rv:119.0) Gecko/20100101 Firefox/119.0"
45.134.225.241 - - [16/Dec/2025:00:40:03 +0000] "GET / HTTP/1.1" 200 45511 "https://datainsightnow.com/wp-login.php" "Mozilla/5.0 (Windows NT 10.0; Win64; x64; rv:119.0) Gecko/20100101 Firefox/119.0"
45.134.225.241 - - [16/Dec/2025:00:40:04 +0000] "GET /wp-admin/plugins.php HTTP/1.1" 302 11 "https://datainsightnow.com/wp-login.php" "Mozilla/5.0 (Windows NT 10.0; Win64; x64; rv:119.0) Gecko/20100101 Firefox/119.0"
45.134.225.241 - - [16/Dec/2025:00:40:04 +0000] "GET / HTTP/1.1" 200 45511 "https://datainsightnow.com/wp-login.php" "Mozilla/5.0 (Windows NT 10.0; Win64; x64; rv:119.0) Gecko/20100101 Firefox/119.0"
45.134.225.241 - - [16/Dec/2025:00:40:05 +0000] "GET /wp-admin/index.php HTTP/1.1" 302 11 "https://datainsightnow.com/wp-login.php" "Mozilla/5.0 (Windows NT 10.0; Win64; x64; rv:119.0) Gecko/20100101 Firefox/119.0"
45.134.225.241 - - [16/Dec/2025:00:40:06 +0000] "GET / HTTP/1.1" 200 45511 "https://datainsightnow.com/wp-login.php" "Mozilla/5.0 (Windows NT 10.0; Win64; x64; rv:119.0) Gecko/20100101 Firefox/119.0"
74.7.227.155 - - [16/Dec/2025:00:40:06 +0000] "GET /?p=29139 HTTP/1.1" 200 42930 "-" "Mozilla/5.0 AppleWebKit/537.36 (KHTML, like Gecko; compatible; GPTBot/1.3; +https://openai.com/gptbot)"
57.141.0.49 - - [16/Dec/2025:00:40:06 +0000] "GET /karamba-spielsaal-erfahrungen-angeschlossen-testbericht-werfen-sie-einen-blick-auf-den-link-within-2025-pro-teutonia/?fileloc=//sys/class/pci_bus/0000:06/subsystem/0000:06/subsystem/0000:04/subsystem/0000:07/subsystem/0000:0f/device/subsystem_device&path=//sys/class/pci_bus/0000:06/subsystem/0000:06/subsystem/0000:04/subsystem/0000:07/subsystem/0000:0f/device HTTP/1.1" 200 262209 "-" "meta-externalagent/1.1 (+https://developers.facebook.com/docs/sharing/webmasters/crawler)"
45.134.225.241 - - [16/Dec/2025:00:40:07 +0000] "GET /wp-admin/profile.php HTTP/1.1" 302 11 "https://datainsightnow.com/wp-login.php" "Mozilla/5.0 (Windows NT 10.0; Win64; x64; rv:119.0) Gecko/20100101 Firefox/119.0"
57.141.0.10 - - [16/Dec/2025:00:40:07 +0000] "GET /karamba-spielsaal-erfahrungen-angeschlossen-testbericht-werfen-sie-einen-blick-auf-den-link-within-2025-pro-teutonia/?fileloc=//sys/class/pci_bus/0000:02/subsystem/0000:0c/subsystem/0000:01/device/driver/0000:00:02.4/power/control&path=//sys/class/pci_bus/0000:02/subsystem/0000:0c/subsystem/0000:01/device/driver/0000:00:02.4/power HTTP/1.1" 200 262264 "-" "meta-externalagent/1.1 (+https://developers.facebook.com/docs/sharing/webmasters/crawler)"
45.134.225.241 - - [16/Dec/2025:00:40:08 +0000] "GET / HTTP/1.1" 200 45511 "https://datainsightnow.com/wp-login.php" "Mozilla/5.0 (Windows NT 10.0; Win64; x64; rv:119.0) Gecko/20100101 Firefox/119.0"
74.7.227.155 - - [16/Dec/2025:00:40:08 +0000] "GET /?p=43417 HTTP/1.1" 200 43723 "-" "Mozilla/5.0 AppleWebKit/537.36 (KHTML, like Gecko; compatible; GPTBot/1.3; +https://openai.com/gptbot)"
45.134.225.241 - - [16/Dec/2025:00:40:08 +0000] "GET /wp-admin/edit.php HTTP/1.1" 302 11 "https://datainsightnow.com/wp-login.php" "Mozilla/5.0 (Windows NT 10.0; Win64; x64; rv:119.0) Gecko/20100101 Firefox/119.0"
45.134.225.241 - - [16/Dec/2025:00:40:09 +0000] "GET / HTTP/1.1" 200 45511 "https://datainsightnow.com/wp-login.php" "Mozilla/5.0 (Windows NT 10.0; Win64; x64; rv:119.0) Gecko/20100101 Firefox/119.0"
