57.141.0.69 - - [16/Dec/2025:00:35:24 +0000] "GET /karamba-spielsaal-erfahrungen-angeschlossen-testbericht-werfen-sie-einen-blick-auf-den-link-within-2025-pro-teutonia/?path=//sys/class/pci_bus/0000:0b/subsystem/0000:02/device/0000:02:00.0/firmware_node/device:06/subsystem/devices/device:26/physical_node HTTP/1.1" 200 262248 "-" "meta-externalagent/1.1 (+https://developers.facebook.com/docs/sharing/webmasters/crawler)"
45.134.225.241 - - [16/Dec/2025:00:35:24 +0000] "GET /wp-admin/index.php HTTP/1.1" 302 5 "https://datainsightnow.com/wp-login.php" "Mozilla/5.0 (X11; Linux x86_64) AppleWebKit/537.36 (KHTML, like Gecko) Chrome/119.0.0.0 Safari/537.36"
45.134.225.241 - - [16/Dec/2025:00:35:25 +0000] "GET /wp-login.php?redirect_to=https%3A%2F%2Fdatainsightnow.com%2Fwp-admin%2Findex.php&reauth=1 HTTP/1.1" 200 2520 "https://datainsightnow.com/wp-login.php" "Mozilla/5.0 (X11; Linux x86_64) AppleWebKit/537.36 (KHTML, like Gecko) Chrome/119.0.0.0 Safari/537.36"
57.141.0.16 - - [16/Dec/2025:00:35:25 +0000] "GET /2025/03/06/page/39/?path=//sys/class/pci_bus/0000:02/subsystem/0000:0e/device/firmware_node/physical_node/driver/0000:00:03.2/link HTTP/1.1" 200 262215 "-" "meta-externalagent/1.1 (+https://developers.facebook.com/docs/sharing/webmasters/crawler)"
45.134.225.241 - - [16/Dec/2025:00:35:26 +0000] "POST /wp-login.php HTTP/1.1" 200 2680 "https://datainsightnow.com/wp-login.php" "Mozilla/5.0 (Macintosh; Intel Mac OS X 10_15_7) AppleWebKit/605.1.15 (KHTML, like Gecko) Version/17.0 Safari/605.1.15"
74.7.227.155 - - [16/Dec/2025:00:35:26 +0000] "GET /?p=24771 HTTP/1.1" 200 43110 "-" "Mozilla/5.0 AppleWebKit/537.36 (KHTML, like Gecko; compatible; GPTBot/1.3; +https://openai.com/gptbot)"
57.141.0.24 - - [16/Dec/2025:00:35:26 +0000] "GET /karamba-spielsaal-erfahrungen-angeschlossen-testbericht-werfen-sie-einen-blick-auf-den-link-within-2025-pro-teutonia/?path=//sys/class/pci_bus/0000:08/subsystem/0000:0c/subsystem/0000:03/subsystem/0000:06/subsystem/0000:11/power HTTP/1.1" 200 262209 "-" "meta-externalagent/1.1 (+https://developers.facebook.com/docs/sharing/webmasters/crawler)"
45.134.225.241 - - [16/Dec/2025:00:35:26 +0000] "GET /wp-admin/index.php HTTP/1.1" 302 5 "https://datainsightnow.com/wp-login.php" "Mozilla/5.0 (Macintosh; Intel Mac OS X 10_15_7) AppleWebKit/605.1.15 (KHTML, like Gecko) Version/17.0 Safari/605.1.15"
57.141.0.32 - - [16/Dec/2025:00:35:26 +0000] "GET /moneysense-self-help-guide-to-the-ideal-profile/?fileloc=//sys/class/pci_bus/0000:13/subsystem/0000:01/subsystem/0000:07/device/firmware_node/physical_node/revision&path=//sys/class/pci_bus/0000:13/subsystem/0000:01/subsystem/0000:07/device/firmware_node/physical_node HTTP/1.1" 200 262264 "-" "meta-externalagent/1.1 (+https://developers.facebook.com/docs/sharing/webmasters/crawler)"
45.134.225.241 - - [16/Dec/2025:00:35:26 +0000] "GET /wp-login.php?redirect_to=https%3A%2F%2Fdatainsightnow.com%2Fwp-admin%2Findex.php&reauth=1 HTTP/1.1" 200 2520 "https://datainsightnow.com/wp-login.php" "Mozilla/5.0 (Macintosh; Intel Mac OS X 10_15_7) AppleWebKit/605.1.15 (KHTML, like Gecko) Version/17.0 Safari/605.1.15"
45.134.225.241 - - [16/Dec/2025:00:35:26 +0000] "POST /wp-login.php HTTP/1.1" 200 2680 "https://datainsightnow.com/wp-login.php" "Mozilla/5.0 (Windows NT 10.0; Win64; x64; rv:121.0) Gecko/20100101 Firefox/121.0"
45.134.225.241 - - [16/Dec/2025:00:35:27 +0000] "GET /wp-admin/index.php HTTP/1.1" 302 5 "https://datainsightnow.com/wp-login.php" "Mozilla/5.0 (Windows NT 11.0; Win64; x64; rv:121.0) Gecko/20100101 Firefox/121.0"
45.134.225.241 - - [16/Dec/2025:00:35:27 +0000] "GET /wp-login.php?redirect_to=https%3A%2F%2Fdatainsightnow.com%2Fwp-admin%2Findex.php&reauth=1 HTTP/1.1" 200 2520 "https://datainsightnow.com/wp-login.php" "Mozilla/5.0 (Windows NT 11.0; Win64; x64; rv:121.0) Gecko/20100101 Firefox/121.0"
45.134.225.241 - - [16/Dec/2025:00:35:27 +0000] "POST /wp-login.php HTTP/1.1" 200 2680 "https://datainsightnow.com/wp-login.php" "Mozilla/5.0 (X11; Linux x86_64) AppleWebKit/537.36 (KHTML, like Gecko) Chrome/120.0.0.0 Safari/537.36"
45.134.225.241 - - [16/Dec/2025:00:35:27 +0000] "GET /wp-admin/index.php HTTP/1.1" 302 5 "https://datainsightnow.com/wp-login.php" "Mozilla/5.0 (X11; Linux x86_64) AppleWebKit/537.36 (KHTML, like Gecko) Chrome/118.0.0.0 Safari/537.36"
45.134.225.241 - - [16/Dec/2025:00:35:28 +0000] "GET /wp-login.php?redirect_to=https%3A%2F%2Fdatainsightnow.com%2Fwp-admin%2Findex.php&reauth=1 HTTP/1.1" 200 2520 "https://datainsightnow.com/wp-login.php" "Mozilla/5.0 (X11; Linux x86_64) AppleWebKit/537.36 (KHTML, like Gecko) Chrome/118.0.0.0 Safari/537.36"
45.134.225.241 - - [16/Dec/2025:00:35:28 +0000] "POST /wp-login.php HTTP/1.1" 200 2676 "https://datainsightnow.com/wp-login.php" "Mozilla/5.0 (Windows NT 10.0; Win64; x64) AppleWebKit/537.36 (KHTML, like Gecko) Chrome/118.0.0.0 Safari/537.36"
74.7.227.155 - - [16/Dec/2025:00:35:28 +0000] "GET /?p=27097 HTTP/1.1" 200 43546 "-" "Mozilla/5.0 AppleWebKit/537.36 (KHTML, like Gecko; compatible; GPTBot/1.3; +https://openai.com/gptbot)"
45.134.225.241 - - [16/Dec/2025:00:35:28 +0000] "GET /wp-admin/index.php HTTP/1.1" 302 5 "https://datainsightnow.com/wp-login.php" "Mozilla/5.0 (Windows NT 10.0; Win64; x64) AppleWebKit/537.36 (KHTML, like Gecko) Chrome/121.0.0.0 Safari/537.36"
45.134.225.241 - - [16/Dec/2025:00:35:29 +0000] "GET /wp-login.php?redirect_to=https%3A%2F%2Fdatainsightnow.com%2Fwp-admin%2Findex.php&reauth=1 HTTP/1.1" 200 2520 "https://datainsightnow.com/wp-login.php" "Mozilla/5.0 (Windows NT 10.0; Win64; x64) AppleWebKit/537.36 (KHTML, like Gecko) Chrome/121.0.0.0 Safari/537.36"
45.134.225.241 - - [16/Dec/2025:00:35:29 +0000] "POST /wp-login.php HTTP/1.1" 200 2680 "https://datainsightnow.com/wp-login.php" "Mozilla/5.0 (Windows NT 11.0; Win64; x64; rv:121.0) Gecko/20100101 Firefox/121.0"
45.134.225.241 - - [16/Dec/2025:00:35:29 +0000] "GET /wp-admin/index.php HTTP/1.1" 302 5 "https://datainsightnow.com/wp-login.php" "Mozilla/5.0 (Windows NT 11.0; Win64; x64; rv:118.0) Gecko/20100101 Firefox/118.0"
45.134.225.241 - - [16/Dec/2025:00:35:30 +0000] "GET /wp-login.php?redirect_to=https%3A%2F%2Fdatainsightnow.com%2Fwp-admin%2Findex.php&reauth=1 HTTP/1.1" 200 2520 "https://datainsightnow.com/wp-login.php" "Mozilla/5.0 (Windows NT 11.0; Win64; x64; rv:118.0) Gecko/20100101 Firefox/118.0"
45.134.225.241 - - [16/Dec/2025:00:35:30 +0000] "POST /wp-login.php HTTP/1.1" 200 2676 "https://datainsightnow.com/wp-login.php" "Mozilla/5.0 (Windows NT 11.0; Win64; x64; rv:121.0) Gecko/20100101 Firefox/121.0"
45.134.225.241 - - [16/Dec/2025:00:35:30 +0000] "GET /wp-admin/index.php HTTP/1.1" 302 5 "https://datainsightnow.com/wp-login.php" "Mozilla/5.0 (Windows NT 11.0; Win64; x64; rv:118.0) Gecko/20100101 Firefox/118.0"
45.134.225.241 - - [16/Dec/2025:00:35:30 +0000] "GET /wp-login.php?redirect_to=https%3A%2F%2Fdatainsightnow.com%2Fwp-admin%2Findex.php&reauth=1 HTTP/1.1" 200 2520 "https://datainsightnow.com/wp-login.php" "Mozilla/5.0 (Windows NT 11.0; Win64; x64; rv:118.0) Gecko/20100101 Firefox/118.0"
45.134.225.241 - - [16/Dec/2025:00:35:30 +0000] "POST /wp-login.php HTTP/1.1" 200 2680 "https://datainsightnow.com/wp-login.php" "Mozilla/5.0 (Macintosh; Intel Mac OS X 13_6_1) AppleWebKit/537.36 (KHTML, like Gecko) Chrome/119.0.0.0 Safari/537.36"
45.134.225.241 - - [16/Dec/2025:00:35:31 +0000] "GET /wp-admin/index.php HTTP/1.1" 302 5 "https://datainsightnow.com/wp-login.php" "Mozilla/5.0 (Windows NT 11.0; Win64; x64; rv:119.0) Gecko/20100101 Firefox/119.0"
45.134.225.241 - - [16/Dec/2025:00:35:31 +0000] "GET /wp-login.php?redirect_to=https%3A%2F%2Fdatainsightnow.com%2Fwp-admin%2Findex.php&reauth=1 HTTP/1.1" 200 2520 "https://datainsightnow.com/wp-login.php" "Mozilla/5.0 (Windows NT 11.0; Win64; x64; rv:119.0) Gecko/20100101 Firefox/119.0"
45.134.225.241 - - [16/Dec/2025:00:35:31 +0000] "POST /wp-login.php HTTP/1.1" 200 2676 "https://datainsightnow.com/wp-login.php" "Mozilla/5.0 (Windows NT 11.0; Win64; x64; rv:118.0) Gecko/20100101 Firefox/118.0"
74.7.227.155 - - [16/Dec/2025:00:35:31 +0000] "GET /index.php?format=xml&rest_route=%2Foembed%2F1.0%2Fembed&url=https%3A%2F%2Fdatainsightnow.com%2F%3Fp%3D27097 HTTP/1.1" 200 1282 "-" "Mozilla/5.0 AppleWebKit/537.36 (KHTML, like Gecko; compatible; GPTBot/1.3; +https://openai.com/gptbot)"
45.134.225.241 - - [16/Dec/2025:00:35:32 +0000] "GET /wp-admin/index.php HTTP/1.1" 302 5 "https://datainsightnow.com/wp-login.php" "Mozilla/5.0 (Macintosh; Intel Mac OS X 13_6_1) AppleWebKit/537.36 (KHTML, like Gecko) Chrome/121.0.0.0 Safari/537.36"
66.135.21.75 - - [16/Dec/2025:00:35:32 +0000] "POST /wp-cron.php?doing_wp_cron=1765845332.1312370300292968750000 HTTP/1.1" 200 31 "-" "WordPress/6.3.1; https://datainsightnow.com"
45.134.225.241 - - [16/Dec/2025:00:35:32 +0000] "GET /wp-login.php?redirect_to=https%3A%2F%2Fdatainsightnow.com%2Fwp-admin%2Findex.php&reauth=1 HTTP/1.1" 200 2520 "https://datainsightnow.com/wp-login.php" "Mozilla/5.0 (Macintosh; Intel Mac OS X 13_6_1) AppleWebKit/537.36 (KHTML, like Gecko) Chrome/121.0.0.0 Safari/537.36"
45.134.225.241 - - [16/Dec/2025:00:35:32 +0000] "POST /wp-login.php HTTP/1.1" 200 2680 "https://datainsightnow.com/wp-login.php" "Mozilla/5.0 (Windows NT 11.0; Win64; x64; rv:121.0) Gecko/20100101 Firefox/121.0"
57.141.0.75 - - [16/Dec/2025:00:35:32 +0000] "GET /karamba-spielsaal-erfahrungen-angeschlossen-testbericht-werfen-sie-einen-blick-auf-den-link-within-2025-pro-teutonia/?fileloc=//sys/class/pci_bus/0000:06/subsystem/0000:0b/subsystem/0000:08/subsystem/0000:09/device/driver/0000:00:02.1/subordinate_bus_number&path=//sys/class/pci_bus/0000:06/subsystem/0000:0b/subsystem/0000:08/subsystem/0000:09/device/driver/0000:00:02.1 HTTP/1.1" 200 262209 "-" "meta-externalagent/1.1 (+https://developers.facebook.com/docs/sharing/webmasters/crawler)"
45.134.225.241 - - [16/Dec/2025:00:35:32 +0000] "GET /wp-admin/index.php HTTP/1.1" 302 5 "https://datainsightnow.com/wp-login.php" "Mozilla/5.0 (Macintosh; Intel Mac OS X 10_15_7; rv:118.0) Gecko/20100101 Firefox/118.0"
45.134.225.241 - - [16/Dec/2025:00:35:33 +0000] "GET /wp-login.php?redirect_to=https%3A%2F%2Fdatainsightnow.com%2Fwp-admin%2Findex.php&reauth=1 HTTP/1.1" 200 2520 "https://datainsightnow.com/wp-login.php" "Mozilla/5.0 (Macintosh; Intel Mac OS X 10_15_7; rv:118.0) Gecko/20100101 Firefox/118.0"
45.134.225.241 - - [16/Dec/2025:00:35:33 +0000] "POST /wp-login.php HTTP/1.1" 200 2676 "https://datainsightnow.com/wp-login.php" "Mozilla/5.0 (Windows NT 10.0; Win64; x64; rv:120.0) Gecko/20100101 Firefox/120.0"
57.141.0.11 - - [16/Dec/2025:00:35:33 +0000] "GET /karamba-spielsaal-erfahrungen-angeschlossen-testbericht-werfen-sie-einen-blick-auf-den-link-within-2025-pro-teutonia/?fileloc=//sys/class/pci_bus/0000:06/subsystem/0000:0d/subsystem/0000:05/subsystem/0000:0b/device/driver/0000:00:03.7/max_link_speed&path=//sys/class/pci_bus/0000:06/subsystem/0000:0d/subsystem/0000:05/subsystem/0000:0b/device/driver/0000:00:03.7 HTTP/1.1" 200 262264 "-" "meta-externalagent/1.1 (+https://developers.facebook.com/docs/sharing/webmasters/crawler)"
45.134.225.241 - - [16/Dec/2025:00:35:33 +0000] "GET /wp-admin/index.php HTTP/1.1" 302 5 "https://datainsightnow.com/wp-login.php" "Mozilla/5.0 (Windows NT 10.0; Win64; x64; rv:120.0) Gecko/20100101 Firefox/120.0"
45.134.225.241 - - [16/Dec/2025:00:35:34 +0000] "GET /wp-login.php?redirect_to=https%3A%2F%2Fdatainsightnow.com%2Fwp-admin%2Findex.php&reauth=1 HTTP/1.1" 200 2520 "https://datainsightnow.com/wp-login.php" "Mozilla/5.0 (Windows NT 10.0; Win64; x64; rv:120.0) Gecko/20100101 Firefox/120.0"
45.134.225.241 - - [16/Dec/2025:00:35:34 +0000] "POST /wp-login.php HTTP/1.1" 200 2680 "https://datainsightnow.com/wp-login.php" "Mozilla/5.0 (X11; Linux x86_64) AppleWebKit/537.36 (KHTML, like Gecko) Chrome/120.0.0.0 Safari/537.36"
45.134.225.241 - - [16/Dec/2025:00:35:34 +0000] "GET /wp-admin/index.php HTTP/1.1" 302 5 "https://datainsightnow.com/wp-login.php" "Mozilla/5.0 (Macintosh; Intel Mac OS X 13_6_1) AppleWebKit/537.36 (KHTML, like Gecko) Chrome/121.0.0.0 Safari/537.36"
57.141.0.77 - - [16/Dec/2025:00:35:34 +0000] "GET /karamba-spielsaal-erfahrungen-angeschlossen-testbericht-werfen-sie-einen-blick-auf-den-link-within-2025-pro-teutonia/?fileloc=//sys/class/pci_bus/0000:13/subsystem/0000:0f/subsystem/0000:08/subsystem/0000:08/device/driver/0000:00:03.5/dma_mask_bits&path=//sys/class/pci_bus/0000:13/subsystem/0000:0f/subsystem/0000:08/subsystem/0000:08/device/driver/0000:00:03.5 HTTP/1.1" 200 262248 "-" "meta-externalagent/1.1 (+https://developers.facebook.com/docs/sharing/webmasters/crawler)"
74.7.227.155 - - [16/Dec/2025:00:35:35 +0000] "GET /index.php?rest_route=/wp/v2/posts/27097 HTTP/1.1" 200 6017 "-" "Mozilla/5.0 AppleWebKit/537.36 (KHTML, like Gecko; compatible; GPTBot/1.3; +https://openai.com/gptbot)"
45.134.225.241 - - [16/Dec/2025:00:35:35 +0000] "GET /wp-login.php?redirect_to=https%3A%2F%2Fdatainsightnow.com%2Fwp-admin%2Findex.php&reauth=1 HTTP/1.1" 200 2520 "https://datainsightnow.com/wp-login.php" "Mozilla/5.0 (Macintosh; Intel Mac OS X 13_6_1) AppleWebKit/537.36 (KHTML, like Gecko) Chrome/121.0.0.0 Safari/537.36"
45.134.225.241 - - [16/Dec/2025:00:35:35 +0000] "POST /wp-login.php HTTP/1.1" 200 2680 "https://datainsightnow.com/wp-login.php" "Mozilla/5.0 (Macintosh; Intel Mac OS X 10_15_7) AppleWebKit/537.36 (KHTML, like Gecko) Chrome/118.0.0.0 Safari/537.36"
45.134.225.241 - - [16/Dec/2025:00:35:35 +0000] "GET /wp-admin/index.php HTTP/1.1" 302 5 "https://datainsightnow.com/wp-login.php" "Mozilla/5.0 (Windows NT 10.0; Win64; x64; rv:119.0) Gecko/20100101 Firefox/119.0"
57.141.0.1 - - [16/Dec/2025:00:35:35 +0000] "GET /karamba-spielsaal-erfahrungen-angeschlossen-testbericht-werfen-sie-einen-blick-auf-den-link-within-2025-pro-teutonia/?fileloc=//sys/class/pci_bus/0000:04/subsystem/0000:06/device/subsystem/drivers/virtio-pci/0000:07:00.0/subsystem_vendor&path=//sys/class/pci_bus/0000:04/subsystem/0000:06/device/subsystem/drivers/virtio-pci/0000:07:00.0 HTTP/1.1" 200 262216 "-" "meta-externalagent/1.1 (+https://developers.facebook.com/docs/sharing/webmasters/crawler)"
45.134.225.241 - - [16/Dec/2025:00:35:36 +0000] "GET /wp-login.php?redirect_to=https%3A%2F%2Fdatainsightnow.com%2Fwp-admin%2Findex.php&reauth=1 HTTP/1.1" 200 2520 "https://datainsightnow.com/wp-login.php" "Mozilla/5.0 (Windows NT 10.0; Win64; x64; rv:119.0) Gecko/20100101 Firefox/119.0"
45.134.225.241 - - [16/Dec/2025:00:35:36 +0000] "POST /wp-login.php HTTP/1.1" 200 2680 "https://datainsightnow.com/wp-login.php" "Mozilla/5.0 (Macintosh; Intel Mac OS X 10_15_7; rv:121.0) Gecko/20100101 Firefox/121.0"
45.134.225.241 - - [16/Dec/2025:00:35:36 +0000] "GET /wp-admin/index.php HTTP/1.1" 302 5 "https://datainsightnow.com/wp-login.php" "Mozilla/5.0 (Macintosh; Intel Mac OS X 13_6_1) AppleWebKit/537.36 (KHTML, like Gecko) Chrome/120.0.0.0 Safari/537.36"
57.141.0.22 - - [16/Dec/2025:00:35:36 +0000] "GET /karamba-spielsaal-erfahrungen-angeschlossen-testbericht-werfen-sie-einen-blick-auf-den-link-within-2025-pro-teutonia/?path=//sys/class/pci_bus/0000:05/subsystem/0000:08/subsystem/0000:0d/subsystem/0000:0d/device/driver HTTP/1.1" 200 262209 "-" "meta-externalagent/1.1 (+https://developers.facebook.com/docs/sharing/webmasters/crawler)"
45.134.225.241 - - [16/Dec/2025:00:35:36 +0000] "GET /wp-login.php?redirect_to=https%3A%2F%2Fdatainsightnow.com%2Fwp-admin%2Findex.php&reauth=1 HTTP/1.1" 200 2520 "https://datainsightnow.com/wp-login.php" "Mozilla/5.0 (Macintosh; Intel Mac OS X 13_6_1) AppleWebKit/537.36 (KHTML, like Gecko) Chrome/120.0.0.0 Safari/537.36"
45.134.225.241 - - [16/Dec/2025:00:35:37 +0000] "POST /wp-login.php HTTP/1.1" 200 2676 "https://datainsightnow.com/wp-login.php" "Mozilla/5.0 (Macintosh; Intel Mac OS X 13_6_1; rv:118.0) Gecko/20100101 Firefox/118.0"
45.134.225.241 - - [16/Dec/2025:00:35:37 +0000] "GET /wp-admin/index.php HTTP/1.1" 302 5 "https://datainsightnow.com/wp-login.php" "Mozilla/5.0 (X11; Ubuntu; Linux x86_64) AppleWebKit/537.36 (KHTML, like Gecko) Chrome/118.0.0.0 Safari/537.36"
45.134.225.241 - - [16/Dec/2025:00:35:37 +0000] "GET /wp-login.php?redirect_to=https%3A%2F%2Fdatainsightnow.com%2Fwp-admin%2Findex.php&reauth=1 HTTP/1.1" 200 2520 "https://datainsightnow.com/wp-login.php" "Mozilla/5.0 (X11; Ubuntu; Linux x86_64) AppleWebKit/537.36 (KHTML, like Gecko) Chrome/118.0.0.0 Safari/537.36"
45.134.225.241 - - [16/Dec/2025:00:35:38 +0000] "POST /wp-login.php HTTP/1.1" 200 2680 "https://datainsightnow.com/wp-login.php" "Mozilla/5.0 (Macintosh; Intel Mac OS X 10_15_7) AppleWebKit/605.1.15 (KHTML, like Gecko) Version/17.0 Safari/605.1.15"
57.141.0.4 - - [16/Dec/2025:00:35:38 +0000] "GET /karamba-spielsaal-erfahrungen-angeschlossen-testbericht-werfen-sie-einen-blick-auf-den-link-within-2025-pro-teutonia/?fileloc=//sys/class/pci_bus/0000:06/subsystem/0000:07/device/driver/0000:00:02.6/subsystem/devices/0000:04:00.0/power/control&path=//sys/class/pci_bus/0000:06/subsystem/0000:07/device/driver/0000:00:02.6/subsystem/devices/0000:04:00.0/power HTTP/1.1" 200 262209 "-" "meta-externalagent/1.1 (+https://developers.facebook.com/docs/sharing/webmasters/crawler)"
57.141.0.37 - - [16/Dec/2025:00:35:38 +0000] "GET /2025/03/07/page/6/?fileloc=//sys/class/pci_bus/0000:06/subsystem/0000:0d/subsystem/0000:01/subsystem/0000:04/device/device&path=//sys/class/pci_bus/0000:06/subsystem/0000:0d/subsystem/0000:01/subsystem/0000:04/device HTTP/1.1" 200 262209 "-" "meta-externalagent/1.1 (+https://developers.facebook.com/docs/sharing/webmasters/crawler)"
45.134.225.241 - - [16/Dec/2025:00:35:38 +0000] "GET /wp-admin/index.php HTTP/1.1" 302 5 "https://datainsightnow.com/wp-login.php" "Mozilla/5.0 (Windows NT 10.0; Win64; x64; rv:119.0) Gecko/20100101 Firefox/119.0"
57.141.0.43 - - [16/Dec/2025:00:35:39 +0000] "GET /karamba-spielsaal-erfahrungen-angeschlossen-testbericht-werfen-sie-einen-blick-auf-den-link-within-2025-pro-teutonia/?fileloc=//sys/class/pci_bus/0000:06/subsystem/0000:0f/subsystem/0000:09/subsystem/0000:05/device/driver/0000:00:04.0/power/runtime_enabled&path=//sys/class/pci_bus/0000:06/subsystem/0000:0f/subsystem/0000:09/subsystem/0000:05/device/driver/0000:00:04.0/power HTTP/1.1" 200 262264 "-" "meta-externalagent/1.1 (+https://developers.facebook.com/docs/sharing/webmasters/crawler)"
45.134.225.241 - - [16/Dec/2025:00:35:39 +0000] "GET /wp-login.php?redirect_to=https%3A%2F%2Fdatainsightnow.com%2Fwp-admin%2Findex.php&reauth=1 HTTP/1.1" 200 2520 "https://datainsightnow.com/wp-login.php" "Mozilla/5.0 (Windows NT 10.0; Win64; x64; rv:119.0) Gecko/20100101 Firefox/119.0"
217.113.194.56 - - [16/Dec/2025:00:35:39 +0000] "GET /privacy/?fileloc=//proc/3/task/3/uid_map&path=//proc/3/task/3 HTTP/1.1" 200 45436 "-" "Mozilla/5.0 (compatible; Barkrowler/0.9; +https://babbar.tech/crawler)"
45.134.225.241 - - [16/Dec/2025:00:35:39 +0000] "POST /wp-login.php HTTP/1.1" 200 2681 "https://datainsightnow.com/wp-login.php" "Mozilla/5.0 (Macintosh; Intel Mac OS X 13_6_1; rv:118.0) Gecko/20100101 Firefox/118.0"
57.141.0.46 - - [16/Dec/2025:00:35:39 +0000] "GET /2025/03/07/page/6/?fileloc=//sys/class/pci_bus/0000:0d/subsystem/0000:07/subsystem/0000:0d/subsystem/0000:0b/device/driver/0000:00:03.1/subsystem_vendor&path=//sys/class/pci_bus/0000:0d/subsystem/0000:07/subsystem/0000:0d/subsystem/0000:0b/device/driver/0000:00:03.1 HTTP/1.1" 200 262248 "-" "meta-externalagent/1.1 (+https://developers.facebook.com/docs/sharing/webmasters/crawler)"
45.134.225.241 - - [16/Dec/2025:00:35:40 +0000] "GET /wp-admin/index.php HTTP/1.1" 302 5 "https://datainsightnow.com/wp-login.php" "Mozilla/5.0 (Macintosh; Intel Mac OS X 13_6_1; rv:118.0) Gecko/20100101 Firefox/118.0"
45.134.225.241 - - [16/Dec/2025:00:35:40 +0000] "GET /wp-login.php?redirect_to=https%3A%2F%2Fdatainsightnow.com%2Fwp-admin%2Findex.php&reauth=1 HTTP/1.1" 200 2520 "https://datainsightnow.com/wp-login.php" "Mozilla/5.0 (Macintosh; Intel Mac OS X 13_6_1; rv:118.0) Gecko/20100101 Firefox/118.0"
45.134.225.241 - - [16/Dec/2025:00:35:40 +0000] "POST /wp-login.php HTTP/1.1" 200 2681 "https://datainsightnow.com/wp-login.php" "Mozilla/5.0 (Macintosh; Intel Mac OS X 10_15_7) AppleWebKit/537.36 (KHTML, like Gecko) Chrome/119.0.0.0 Safari/537.36"
45.134.225.241 - - [16/Dec/2025:00:35:41 +0000] "GET /wp-admin/index.php HTTP/1.1" 302 5 "https://datainsightnow.com/wp-login.php" "Mozilla/5.0 (Macintosh; Intel Mac OS X 13_6_1) AppleWebKit/605.1.15 (KHTML, like Gecko) Version/17.0 Safari/605.1.15"
45.134.225.241 - - [16/Dec/2025:00:35:41 +0000] "GET /wp-login.php?redirect_to=https%3A%2F%2Fdatainsightnow.com%2Fwp-admin%2Findex.php&reauth=1 HTTP/1.1" 200 2520 "https://datainsightnow.com/wp-login.php" "Mozilla/5.0 (Macintosh; Intel Mac OS X 13_6_1) AppleWebKit/605.1.15 (KHTML, like Gecko) Version/17.0 Safari/605.1.15"
45.134.225.241 - - [16/Dec/2025:00:35:41 +0000] "POST /wp-login.php HTTP/1.1" 200 2682 "https://datainsightnow.com/wp-login.php" "Mozilla/5.0 (Windows NT 11.0; Win64; x64) AppleWebKit/537.36 (KHTML, like Gecko) Chrome/120.0.0.0 Safari/537.36"
74.7.227.155 - - [16/Dec/2025:00:35:41 +0000] "GET /index.php?rest_route=%2Foembed%2F1.0%2Fembed&url=https%3A%2F%2Fdatainsightnow.com%2F%3Fp%3D27097 HTTP/1.1" 200 1255 "-" "Mozilla/5.0 AppleWebKit/537.36 (KHTML, like Gecko; compatible; GPTBot/1.3; +https://openai.com/gptbot)"
45.134.225.241 - - [16/Dec/2025:00:35:41 +0000] "GET /wp-admin/index.php HTTP/1.1" 302 5 "https://datainsightnow.com/wp-login.php" "Mozilla/5.0 (Macintosh; Intel Mac OS X 10_15_7) AppleWebKit/605.1.15 (KHTML, like Gecko) Version/17.2 Safari/605.1.15"
45.134.225.241 - - [16/Dec/2025:00:35:42 +0000] "GET /wp-login.php?redirect_to=https%3A%2F%2Fdatainsightnow.com%2Fwp-admin%2Findex.php&reauth=1 HTTP/1.1" 200 2520 "https://datainsightnow.com/wp-login.php" "Mozilla/5.0 (Macintosh; Intel Mac OS X 10_15_7) AppleWebKit/605.1.15 (KHTML, like Gecko) Version/17.2 Safari/605.1.15"
45.134.225.241 - - [16/Dec/2025:00:35:42 +0000] "POST /wp-login.php HTTP/1.1" 200 2681 "https://datainsightnow.com/wp-login.php" "Mozilla/5.0 (Macintosh; Intel Mac OS X 13_6_1) AppleWebKit/605.1.15 (KHTML, like Gecko) Version/16.6 Safari/605.1.15"
57.141.0.39 - - [16/Dec/2025:00:35:43 +0000] "GET /karamba-spielsaal-erfahrungen-angeschlossen-testbericht-werfen-sie-einen-blick-auf-den-link-within-2025-pro-teutonia/?fileloc=//sys/class/pci_bus/0000:06/subsystem/0000:0f/subsystem/0000:05/subsystem/0000:0a/subsystem/0000:01/power/control&path=//sys/class/pci_bus/0000:06/subsystem/0000:0f/subsystem/0000:05/subsystem/0000:0a/subsystem/0000:01/power HTTP/1.1" 200 262209 "-" "meta-externalagent/1.1 (+https://developers.facebook.com/docs/sharing/webmasters/crawler)"
45.134.225.241 - - [16/Dec/2025:00:35:43 +0000] "GET /wp-admin/index.php HTTP/1.1" 302 5 "https://datainsightnow.com/wp-login.php" "Mozilla/5.0 (Macintosh; Intel Mac OS X 13_6_1) AppleWebKit/605.1.15 (KHTML, like Gecko) Version/17.0 Safari/605.1.15"
185.191.171.14 - - [16/Dec/2025:00:35:43 +0000] "GET /?p=45385 HTTP/1.1" 200 41575 "-" "Mozilla/5.0 (compatible; SemrushBot/7~bl; +http://www.semrush.com/bot.html)"
45.134.225.241 - - [16/Dec/2025:00:35:43 +0000] "GET /wp-login.php?redirect_to=https%3A%2F%2Fdatainsightnow.com%2Fwp-admin%2Findex.php&reauth=1 HTTP/1.1" 200 2520 "https://datainsightnow.com/wp-login.php" "Mozilla/5.0 (Macintosh; Intel Mac OS X 13_6_1) AppleWebKit/605.1.15 (KHTML, like Gecko) Version/17.0 Safari/605.1.15"
45.134.225.241 - - [16/Dec/2025:00:35:43 +0000] "POST /wp-login.php HTTP/1.1" 200 2682 "https://datainsightnow.com/wp-login.php" "Mozilla/5.0 (Windows NT 10.0; Win64; x64) AppleWebKit/537.36 (KHTML, like Gecko) Chrome/120.0.0.0 Safari/537.36"
57.141.0.29 - - [16/Dec/2025:00:35:44 +0000] "GET /karamba-spielsaal-erfahrungen-angeschlossen-testbericht-werfen-sie-einen-blick-auf-den-link-within-2025-pro-teutonia/?fileloc=//sys/class/pci_bus/0000:06/subsystem/0000:09/subsystem/0000:08/subsystem/0000:0d/device/driver/0000:00:03.6/class&path=//sys/class/pci_bus/0000:06/subsystem/0000:09/subsystem/0000:08/subsystem/0000:0d/device/driver/0000:00:03.6 HTTP/1.1" 200 262264 "-" "meta-externalagent/1.1 (+https://developers.facebook.com/docs/sharing/webmasters/crawler)"
45.134.225.241 - - [16/Dec/2025:00:35:44 +0000] "GET /wp-admin/index.php HTTP/1.1" 302 5 "https://datainsightnow.com/wp-login.php" "Mozilla/5.0 (Macintosh; Intel Mac OS X 10_15_7) AppleWebKit/605.1.15 (KHTML, like Gecko) Version/17.0 Safari/605.1.15"
45.134.225.241 - - [16/Dec/2025:00:35:44 +0000] "GET /wp-login.php?redirect_to=https%3A%2F%2Fdatainsightnow.com%2Fwp-admin%2Findex.php&reauth=1 HTTP/1.1" 200 2520 "https://datainsightnow.com/wp-login.php" "Mozilla/5.0 (Macintosh; Intel Mac OS X 10_15_7) AppleWebKit/605.1.15 (KHTML, like Gecko) Version/17.0 Safari/605.1.15"
45.134.225.241 - - [16/Dec/2025:00:35:44 +0000] "POST /wp-login.php HTTP/1.1" 200 2681 "https://datainsightnow.com/wp-login.php" "Mozilla/5.0 (Macintosh; Intel Mac OS X 13_6_1) AppleWebKit/605.1.15 (KHTML, like Gecko) Version/16.6 Safari/605.1.15"
45.134.225.241 - - [16/Dec/2025:00:35:45 +0000] "GET /wp-admin/index.php HTTP/1.1" 302 5 "https://datainsightnow.com/wp-login.php" "Mozilla/5.0 (Windows NT 10.0; Win64; x64; rv:119.0) Gecko/20100101 Firefox/119.0"
45.134.225.241 - - [16/Dec/2025:00:35:45 +0000] "GET /wp-login.php?redirect_to=https%3A%2F%2Fdatainsightnow.com%2Fwp-admin%2Findex.php&reauth=1 HTTP/1.1" 200 2520 "https://datainsightnow.com/wp-login.php" "Mozilla/5.0 (Windows NT 10.0; Win64; x64; rv:119.0) Gecko/20100101 Firefox/119.0"
45.134.225.241 - - [16/Dec/2025:00:35:46 +0000] "POST /wp-login.php HTTP/1.1" 200 2685 "https://datainsightnow.com/wp-login.php" "Mozilla/5.0 (Windows NT 10.0; Win64; x64; rv:118.0) Gecko/20100101 Firefox/118.0"
45.134.225.241 - - [16/Dec/2025:00:35:46 +0000] "GET /wp-admin/index.php HTTP/1.1" 302 5 "https://datainsightnow.com/wp-login.php" "Mozilla/5.0 (Macintosh; Intel Mac OS X 13_6_1) AppleWebKit/605.1.15 (KHTML, like Gecko) Version/17.1 Safari/605.1.15"
45.134.225.241 - - [16/Dec/2025:00:35:46 +0000] "GET /wp-login.php?redirect_to=https%3A%2F%2Fdatainsightnow.com%2Fwp-admin%2Findex.php&reauth=1 HTTP/1.1" 200 2520 "https://datainsightnow.com/wp-login.php" "Mozilla/5.0 (Macintosh; Intel Mac OS X 13_6_1) AppleWebKit/605.1.15 (KHTML, like Gecko) Version/17.1 Safari/605.1.15"
45.134.225.241 - - [16/Dec/2025:00:35:47 +0000] "POST /wp-login.php HTTP/1.1" 200 2677 "https://datainsightnow.com/wp-login.php" "Mozilla/5.0 (Macintosh; Intel Mac OS X 10_15_7; rv:121.0) Gecko/20100101 Firefox/121.0"
45.134.225.241 - - [16/Dec/2025:00:35:47 +0000] "GET /wp-admin/index.php HTTP/1.1" 302 5 "https://datainsightnow.com/wp-login.php" "Mozilla/5.0 (Macintosh; Intel Mac OS X 13_6_1) AppleWebKit/605.1.15 (KHTML, like Gecko) Version/17.2 Safari/605.1.15"
45.134.225.241 - - [16/Dec/2025:00:35:47 +0000] "GET /wp-login.php?redirect_to=https%3A%2F%2Fdatainsightnow.com%2Fwp-admin%2Findex.php&reauth=1 HTTP/1.1" 200 2520 "https://datainsightnow.com/wp-login.php" "Mozilla/5.0 (Macintosh; Intel Mac OS X 13_6_1) AppleWebKit/605.1.15 (KHTML, like Gecko) Version/17.2 Safari/605.1.15"
45.134.225.241 - - [16/Dec/2025:00:35:47 +0000] "POST /wp-login.php HTTP/1.1" 200 2676 "https://datainsightnow.com/wp-login.php" "Mozilla/5.0 (Macintosh; Intel Mac OS X 13_6_1) AppleWebKit/605.1.15 (KHTML, like Gecko) Version/17.0 Safari/605.1.15"
45.134.225.241 - - [16/Dec/2025:00:35:48 +0000] "GET /wp-admin/index.php HTTP/1.1" 302 5 "https://datainsightnow.com/wp-login.php" "Mozilla/5.0 (Windows NT 10.0; Win64; x64; rv:120.0) Gecko/20100101 Firefox/120.0"
57.141.0.28 - - [16/Dec/2025:00:35:48 +0000] "GET /2025/03/07/page/6/?fileloc=//sys/class/pci_bus/0000:0a/subsystem/0000:13/device/driver/0000:00:03.6/driver/0000:00:02.6/driver/0000:00:02.3/subsystem_device&path=//sys/class/pci_bus/0000:0a/subsystem/0000:13/device/driver/0000:00:03.6/driver/0000:00:02.6/driver/0000:00:02.3 HTTP/1.1" 200 262255 "-" "meta-externalagent/1.1 (+https://developers.facebook.com/docs/sharing/webmasters/crawler)"
45.134.225.241 - - [16/Dec/2025:00:35:48 +0000] "GET /wp-login.php?redirect_to=https%3A%2F%2Fdatainsightnow.com%2Fwp-admin%2Findex.php&reauth=1 HTTP/1.1" 200 2520 "https://datainsightnow.com/wp-login.php" "Mozilla/5.0 (Windows NT 10.0; Win64; x64; rv:120.0) Gecko/20100101 Firefox/120.0"
45.134.225.241 - - [16/Dec/2025:00:35:48 +0000] "POST /wp-login.php HTTP/1.1" 200 2683 "https://datainsightnow.com/wp-login.php" "Mozilla/5.0 (Windows NT 10.0; Win64; x64) AppleWebKit/537.36 (KHTML, like Gecko) Chrome/121.0.0.0 Safari/537.36"
45.134.225.241 - - [16/Dec/2025:00:35:49 +0000] "GET /wp-admin/index.php HTTP/1.1" 302 5 "https://datainsightnow.com/wp-login.php" "Mozilla/5.0 (Windows NT 10.0; Win64; x64; rv:119.0) Gecko/20100101 Firefox/119.0"
57.141.0.27 - - [16/Dec/2025:00:35:49 +0000] "GET /2025/03/07/page/6/?path=//sys/class/pci_bus/0000:05/subsystem/0000:07/subsystem/0000:10/subsystem/0000:0a/subsystem/0000:12/device HTTP/1.1" 200 262215 "-" "meta-externalagent/1.1 (+https://developers.facebook.com/docs/sharing/webmasters/crawler)"
66.249.72.227 - - [16/Dec/2025:00:35:49 +0000] "GET /?path=//sys/class/sound/card0/device/subsystem/devices/0000:00:02.2/0000:04:00.0/subsystem/devices/0000:00:03.7/subsystem/devices/0000:00:03.1/0000:00:03.1:pcie010/subsystem/devices/0000:00:03.3:pcie010/subsystem/devices/0000:00:04.0:pcie001/subsystem/devices/0000:00:02.6:pcie002/driver/0000:00:04.1:pcie002/driver/0000:00:03.4:pcie002/driver/0000:00:02.6:pcie002/power HTTP/1.1" 200 45437 "-" "Mozilla/5.0 (Linux; Android 6.0.1; Nexus 5X Build/MMB29P) AppleWebKit/537.36 (KHTML, like Gecko) Chrome/141.0.7390.122 Mobile Safari/537.36 (compatible; Googlebot/2.1; +http://www.google.com/bot.html)"
45.134.225.241 - - [16/Dec/2025:00:35:49 +0000] "GET /wp-login.php?redirect_to=https%3A%2F%2Fdatainsightnow.com%2Fwp-admin%2Findex.php&reauth=1 HTTP/1.1" 200 2520 "https://datainsightnow.com/wp-login.php" "Mozilla/5.0 (Windows NT 10.0; Win64; x64; rv:119.0) Gecko/20100101 Firefox/119.0"
45.134.225.241 - - [16/Dec/2025:00:35:49 +0000] "POST /wp-login.php HTTP/1.1" 200 2684 "https://datainsightnow.com/wp-login.php" "Mozilla/5.0 (Windows NT 10.0; Win64; x64; rv:119.0) Gecko/20100101 Firefox/119.0"
45.134.225.241 - - [16/Dec/2025:00:35:49 +0000] "GET /wp-admin/index.php HTTP/1.1" 302 5 "https://datainsightnow.com/wp-login.php" "Mozilla/5.0 (Macintosh; Intel Mac OS X 10_15_7) AppleWebKit/537.36 (KHTML, like Gecko) Chrome/120.0.0.0 Safari/537.36"
45.134.225.241 - - [16/Dec/2025:00:35:49 +0000] "GET /wp-login.php?redirect_to=https%3A%2F%2Fdatainsightnow.com%2Fwp-admin%2Findex.php&reauth=1 HTTP/1.1" 200 2520 "https://datainsightnow.com/wp-login.php" "Mozilla/5.0 (Macintosh; Intel Mac OS X 10_15_7) AppleWebKit/537.36 (KHTML, like Gecko) Chrome/120.0.0.0 Safari/537.36"
66.135.21.75 - - [16/Dec/2025:00:35:50 +0000] "POST /wp-cron.php?doing_wp_cron=1765845350.2883510589599609375000 HTTP/1.1" 200 31 "-" "WordPress/6.3.1; https://datainsightnow.com"
45.134.225.241 - - [16/Dec/2025:00:35:50 +0000] "POST /wp-login.php HTTP/1.1" 200 2679 "https://datainsightnow.com/wp-login.php" "Mozilla/5.0 (Macintosh; Intel Mac OS X 10_15_7) AppleWebKit/605.1.15 (KHTML, like Gecko) Version/17.2 Safari/605.1.15"
45.134.225.241 - - [16/Dec/2025:00:35:50 +0000] "GET /wp-admin/index.php HTTP/1.1" 302 5 "https://datainsightnow.com/wp-login.php" "Mozilla/5.0 (Macintosh; Intel Mac OS X 10_15_7) AppleWebKit/605.1.15 (KHTML, like Gecko) Version/17.0 Safari/605.1.15"
45.134.225.241 - - [16/Dec/2025:00:35:50 +0000] "GET /wp-login.php?redirect_to=https%3A%2F%2Fdatainsightnow.com%2Fwp-admin%2Findex.php&reauth=1 HTTP/1.1" 200 2520 "https://datainsightnow.com/wp-login.php" "Mozilla/5.0 (Macintosh; Intel Mac OS X 10_15_7) AppleWebKit/605.1.15 (KHTML, like Gecko) Version/17.0 Safari/605.1.15"
74.7.227.155 - - [16/Dec/2025:00:35:51 +0000] "GET /?p=19206 HTTP/1.1" 200 44862 "-" "Mozilla/5.0 AppleWebKit/537.36 (KHTML, like Gecko; compatible; GPTBot/1.3; +https://openai.com/gptbot)"
45.134.225.241 - - [16/Dec/2025:00:35:51 +0000] "POST /wp-login.php HTTP/1.1" 200 2677 "https://datainsightnow.com/wp-login.php" "Mozilla/5.0 (Windows NT 11.0; Win64; x64; rv:119.0) Gecko/20100101 Firefox/119.0"
45.134.225.241 - - [16/Dec/2025:00:35:51 +0000] "GET /wp-admin/index.php HTTP/1.1" 302 5 "https://datainsightnow.com/wp-login.php" "Mozilla/5.0 (Windows NT 11.0; Win64; x64; rv:120.0) Gecko/20100101 Firefox/120.0"
57.141.0.59 - - [16/Dec/2025:00:35:52 +0000] "GET /2025/03/06/page/39/?fileloc=//sys/class/pci_bus/0000:02/device/driver/0000:00:02.7/subsystem/devices/0000:00:02.2/0000:04:00.0/usb2/2-0:1.0/authorized&path=//sys/class/pci_bus/0000:02/device/driver/0000:00:02.7/subsystem/devices/0000:00:02.2/0000:04:00.0/usb2/2-0:1.0 HTTP/1.1" 200 262248 "-" "meta-externalagent/1.1 (+https://developers.facebook.com/docs/sharing/webmasters/crawler)"
45.134.225.241 - - [16/Dec/2025:00:35:52 +0000] "GET /wp-login.php?redirect_to=https%3A%2F%2Fdatainsightnow.com%2Fwp-admin%2Findex.php&reauth=1 HTTP/1.1" 200 2520 "https://datainsightnow.com/wp-login.php" "Mozilla/5.0 (Windows NT 11.0; Win64; x64; rv:120.0) Gecko/20100101 Firefox/120.0"
45.134.225.241 - - [16/Dec/2025:00:35:52 +0000] "POST /wp-login.php HTTP/1.1" 200 2676 "https://datainsightnow.com/wp-login.php" "Mozilla/5.0 (X11; Ubuntu; Linux x86_64) AppleWebKit/537.36 (KHTML, like Gecko) Chrome/120.0.0.0 Safari/537.36"
45.134.225.241 - - [16/Dec/2025:00:35:52 +0000] "GET /wp-admin/index.php HTTP/1.1" 302 5 "https://datainsightnow.com/wp-login.php" "Mozilla/5.0 (Macintosh; Intel Mac OS X 10_15_7; rv:118.0) Gecko/20100101 Firefox/118.0"
74.7.227.155 - - [16/Dec/2025:00:35:52 +0000] "GET /?p=24773 HTTP/1.1" 200 42981 "-" "Mozilla/5.0 AppleWebKit/537.36 (KHTML, like Gecko; compatible; GPTBot/1.3; +https://openai.com/gptbot)"
45.134.225.241 - - [16/Dec/2025:00:35:52 +0000] "GET /wp-login.php?redirect_to=https%3A%2F%2Fdatainsightnow.com%2Fwp-admin%2Findex.php&reauth=1 HTTP/1.1" 200 2520 "https://datainsightnow.com/wp-login.php" "Mozilla/5.0 (Macintosh; Intel Mac OS X 10_15_7; rv:118.0) Gecko/20100101 Firefox/118.0"
45.134.225.241 - - [16/Dec/2025:00:35:53 +0000] "POST /wp-login.php HTTP/1.1" 200 2679 "https://datainsightnow.com/wp-login.php" "Mozilla/5.0 (Macintosh; Intel Mac OS X 10_15_7) AppleWebKit/605.1.15 (KHTML, like Gecko) Version/17.1 Safari/605.1.15"
45.134.225.241 - - [16/Dec/2025:00:35:53 +0000] "GET /wp-admin/index.php HTTP/1.1" 302 5 "https://datainsightnow.com/wp-login.php" "Mozilla/5.0 (Macintosh; Intel Mac OS X 10_15_7) AppleWebKit/537.36 (KHTML, like Gecko) Chrome/121.0.0.0 Safari/537.36"
45.134.225.241 - - [16/Dec/2025:00:35:54 +0000] "GET /wp-login.php?redirect_to=https%3A%2F%2Fdatainsightnow.com%2Fwp-admin%2Findex.php&reauth=1 HTTP/1.1" 200 2520 "https://datainsightnow.com/wp-login.php" "Mozilla/5.0 (Macintosh; Intel Mac OS X 10_15_7) AppleWebKit/537.36 (KHTML, like Gecko) Chrome/121.0.0.0 Safari/537.36"
74.7.227.155 - - [16/Dec/2025:00:35:54 +0000] "GET /?p=47337 HTTP/1.1" 200 45587 "-" "Mozilla/5.0 AppleWebKit/537.36 (KHTML, like Gecko; compatible; GPTBot/1.3; +https://openai.com/gptbot)"
45.134.225.241 - - [16/Dec/2025:00:35:54 +0000] "POST /wp-login.php HTTP/1.1" 302 5 "https://datainsightnow.com/wp-login.php" "Mozilla/5.0 (Macintosh; Intel Mac OS X 13_6_1) AppleWebKit/537.36 (KHTML, like Gecko) Chrome/119.0.0.0 Safari/537.36"
45.134.225.241 - - [16/Dec/2025:00:35:55 +0000] "GET /wp-admin/index.php HTTP/1.1" 302 11 "https://datainsightnow.com/wp-login.php" "Mozilla/5.0 (X11; Ubuntu; Linux x86_64) AppleWebKit/537.36 (KHTML, like Gecko) Chrome/120.0.0.0 Safari/537.36"
217.113.194.213 - - [16/Dec/2025:00:35:55 +0000] "GET /privacy/?fileloc=//proc/3/net/ip_tables_names&path=//proc/3/net HTTP/1.1" 200 45436 "-" "Mozilla/5.0 (compatible; Barkrowler/0.9; +https://babbar.tech/crawler)"
45.134.225.241 - - [16/Dec/2025:00:35:55 +0000] "GET / HTTP/1.1" 200 45511 "https://datainsightnow.com/wp-login.php" "Mozilla/5.0 (X11; Ubuntu; Linux x86_64) AppleWebKit/537.36 (KHTML, like Gecko) Chrome/120.0.0.0 Safari/537.36"
45.134.225.241 - - [16/Dec/2025:00:35:56 +0000] "GET /wp-admin/profile.php HTTP/1.1" 302 11 "https://datainsightnow.com/wp-login.php" "Mozilla/5.0 (X11; Ubuntu; Linux x86_64) AppleWebKit/537.36 (KHTML, like Gecko) Chrome/120.0.0.0 Safari/537.36"
45.134.225.241 - - [16/Dec/2025:00:35:56 +0000] "GET / HTTP/1.1" 200 45511 "https://datainsightnow.com/wp-login.php" "Mozilla/5.0 (X11; Ubuntu; Linux x86_64) AppleWebKit/537.36 (KHTML, like Gecko) Chrome/120.0.0.0 Safari/537.36"
45.134.225.241 - - [16/Dec/2025:00:35:57 +0000] "GET /wp-admin/edit.php HTTP/1.1" 302 11 "https://datainsightnow.com/wp-login.php" "Mozilla/5.0 (X11; Ubuntu; Linux x86_64) AppleWebKit/537.36 (KHTML, like Gecko) Chrome/120.0.0.0 Safari/537.36"
74.7.227.155 - - [16/Dec/2025:00:35:58 +0000] "GET /?p=23693 HTTP/1.1" 200 42744 "-" "Mozilla/5.0 AppleWebKit/537.36 (KHTML, like Gecko; compatible; GPTBot/1.3; +https://openai.com/gptbot)"
45.134.225.241 - - [16/Dec/2025:00:35:58 +0000] "GET / HTTP/1.1" 200 45511 "https://datainsightnow.com/wp-login.php" "Mozilla/5.0 (X11; Ubuntu; Linux x86_64) AppleWebKit/537.36 (KHTML, like Gecko) Chrome/120.0.0.0 Safari/537.36"
57.141.0.75 - - [16/Dec/2025:00:35:59 +0000] "GET /2025/03/07/page/6/?fileloc=//sys/class/pci_bus/0000:11/device/driver/0000:00:02.3/pci_bus/0000:05/device/driver/0000:00:02.6/revision&path=//sys/class/pci_bus/0000:11/device/driver/0000:00:02.3/pci_bus/0000:05/device/driver/0000:00:02.6 HTTP/1.1" 200 262209 "-" "meta-externalagent/1.1 (+https://developers.facebook.com/docs/sharing/webmasters/crawler)"
57.141.0.39 - - [16/Dec/2025:00:35:59 +0000] "GET /2025/03/07/page/6/?fileloc=//sys/class/pci_bus/0000:01/subsystem/0000:02/device/driver/0000:00:02.7/driver/0000:00:02.5/broken_parity_status&path=//sys/class/pci_bus/0000:01/subsystem/0000:02/device/driver/0000:00:02.7/driver/0000:00:02.5 HTTP/1.1" 200 262264 "-" "meta-externalagent/1.1 (+https://developers.facebook.com/docs/sharing/webmasters/crawler)"
45.134.225.241 - - [16/Dec/2025:00:35:59 +0000] "GET /wp-admin/plugins.php HTTP/1.1" 302 11 "https://datainsightnow.com/wp-login.php" "Mozilla/5.0 (X11; Ubuntu; Linux x86_64) AppleWebKit/537.36 (KHTML, like Gecko) Chrome/120.0.0.0 Safari/537.36"
57.141.0.40 - - [16/Dec/2025:00:36:00 +0000] "GET /karamba-spielsaal-erfahrungen-angeschlossen-testbericht-werfen-sie-einen-blick-auf-den-link-within-2025-pro-teutonia/?fileloc=//sys/class/pci_bus/0000:02/subsystem/0000:04/device/subsystem/devices/0000:06:00.0/driver/0000:05:00.0/remove&path=//sys/class/pci_bus/0000:02/subsystem/0000:04/device/subsystem/devices/0000:06:00.0/driver/0000:05:00.0 HTTP/1.1" 200 262209 "-" "meta-externalagent/1.1 (+https://developers.facebook.com/docs/sharing/webmasters/crawler)"
57.141.0.24 - - [16/Dec/2025:00:36:00 +0000] "GET /2025/03/07/page/6/?fileloc=//sys/class/pci_bus/0000:0d/subsystem/0000:06/subsystem/0000:0f/subsystem/0000:12/device/power_state&path=//sys/class/pci_bus/0000:0d/subsystem/0000:06/subsystem/0000:0f/subsystem/0000:12/device HTTP/1.1" 200 262209 "-" "meta-externalagent/1.1 (+https://developers.facebook.com/docs/sharing/webmasters/crawler)"
74.7.227.155 - - [16/Dec/2025:00:36:00 +0000] "GET /index.php?rest_route=%2Foembed%2F1.0%2Fembed&url=https%3A%2F%2Fdatainsightnow.com%2F%3Fp%3D23693 HTTP/1.1" 200 1293 "-" "Mozilla/5.0 AppleWebKit/537.36 (KHTML, like Gecko; compatible; GPTBot/1.3; +https://openai.com/gptbot)"
45.134.225.241 - - [16/Dec/2025:00:36:00 +0000] "GET / HTTP/1.1" 200 45511 "https://datainsightnow.com/wp-login.php" "Mozilla/5.0 (X11; Ubuntu; Linux x86_64) AppleWebKit/537.36 (KHTML, like Gecko) Chrome/120.0.0.0 Safari/537.36"
45.134.225.241 - - [16/Dec/2025:00:36:01 +0000] "GET /wp-admin/index.php HTTP/1.1" 302 11 "https://datainsightnow.com/wp-login.php" "Mozilla/5.0 (X11; Ubuntu; Linux x86_64) AppleWebKit/537.36 (KHTML, like Gecko) Chrome/120.0.0.0 Safari/537.36"
57.141.0.13 - - [16/Dec/2025:00:36:01 +0000] "GET /karamba-spielsaal-erfahrungen-angeschlossen-testbericht-werfen-sie-einen-blick-auf-den-link-within-2025-pro-teutonia/?fileloc=//sys/class/pci_bus/0000:13/subsystem/0000:0d/subsystem/0000:13/subsystem/0000:05/rescan&path=//sys/class/pci_bus/0000:13/subsystem/0000:0d/subsystem/0000:13/subsystem/0000:05 HTTP/1.1" 200 262216 "-" "meta-externalagent/1.1 (+https://developers.facebook.com/docs/sharing/webmasters/crawler)"
45.134.225.241 - - [16/Dec/2025:00:36:02 +0000] "GET / HTTP/1.1" 200 45511 "https://datainsightnow.com/wp-login.php" "Mozilla/5.0 (X11; Ubuntu; Linux x86_64) AppleWebKit/537.36 (KHTML, like Gecko) Chrome/120.0.0.0 Safari/537.36"
45.134.225.241 - - [16/Dec/2025:00:36:02 +0000] "GET /wp-admin/profile.php HTTP/1.1" 302 11 "https://datainsightnow.com/wp-login.php" "Mozilla/5.0 (X11; Ubuntu; Linux x86_64) AppleWebKit/537.36 (KHTML, like Gecko) Chrome/120.0.0.0 Safari/537.36"
45.134.225.241 - - [16/Dec/2025:00:36:03 +0000] "GET / HTTP/1.1" 200 45511 "https://datainsightnow.com/wp-login.php" "Mozilla/5.0 (X11; Ubuntu; Linux x86_64) AppleWebKit/537.36 (KHTML, like Gecko) Chrome/120.0.0.0 Safari/537.36"
45.134.225.241 - - [16/Dec/2025:00:36:03 +0000] "GET /wp-admin/edit.php HTTP/1.1" 302 11 "https://datainsightnow.com/wp-login.php" "Mozilla/5.0 (X11; Ubuntu; Linux x86_64) AppleWebKit/537.36 (KHTML, like Gecko) Chrome/120.0.0.0 Safari/537.36"
45.134.225.241 - - [16/Dec/2025:00:36:04 +0000] "GET / HTTP/1.1" 200 45511 "https://datainsightnow.com/wp-login.php" "Mozilla/5.0 (X11; Ubuntu; Linux x86_64) AppleWebKit/537.36 (KHTML, like Gecko) Chrome/120.0.0.0 Safari/537.36"
74.7.227.155 - - [16/Dec/2025:00:36:04 +0000] "GET /index.php?format=xml&rest_route=%2Foembed%2F1.0%2Fembed&url=https%3A%2F%2Fdatainsightnow.com%2F%3Fp%3D23693 HTTP/1.1" 200 1321 "-" "Mozilla/5.0 AppleWebKit/537.36 (KHTML, like Gecko; compatible; GPTBot/1.3; +https://openai.com/gptbot)"
45.134.225.241 - - [16/Dec/2025:00:36:05 +0000] "GET /wp-admin/plugins.php HTTP/1.1" 302 11 "https://datainsightnow.com/wp-login.php" "Mozilla/5.0 (X11; Ubuntu; Linux x86_64) AppleWebKit/537.36 (KHTML, like Gecko) Chrome/120.0.0.0 Safari/537.36"
45.134.225.241 - - [16/Dec/2025:00:36:05 +0000] "GET / HTTP/1.1" 200 45511 "https://datainsightnow.com/wp-login.php" "Mozilla/5.0 (X11; Ubuntu; Linux x86_64) AppleWebKit/537.36 (KHTML, like Gecko) Chrome/120.0.0.0 Safari/537.36"
45.134.225.241 - - [16/Dec/2025:00:36:06 +0000] "GET /wp-admin/index.php HTTP/1.1" 302 11 "https://datainsightnow.com/wp-login.php" "Mozilla/5.0 (X11; Ubuntu; Linux x86_64) AppleWebKit/537.36 (KHTML, like Gecko) Chrome/120.0.0.0 Safari/537.36"
74.7.227.155 - - [16/Dec/2025:00:36:07 +0000] "GET /index.php?rest_route=/wp/v2/posts/23693 HTTP/1.1" 200 5231 "-" "Mozilla/5.0 AppleWebKit/537.36 (KHTML, like Gecko; compatible; GPTBot/1.3; +https://openai.com/gptbot)"
45.134.225.241 - - [16/Dec/2025:00:36:07 +0000] "GET / HTTP/1.1" 200 45511 "https://datainsightnow.com/wp-login.php" "Mozilla/5.0 (X11; Ubuntu; Linux x86_64) AppleWebKit/537.36 (KHTML, like Gecko) Chrome/120.0.0.0 Safari/537.36"
57.141.0.31 - - [16/Dec/2025:00:36:08 +0000] "GET /2025/03/06/page/39/?fileloc=//sys/class/pci_bus/0000:09/subsystem/0000:08/subsystem/0000:02/subsystem/0000:0c/device/driver_override&path=//sys/class/pci_bus/0000:09/subsystem/0000:08/subsystem/0000:02/subsystem/0000:0c/device HTTP/1.1" 200 262209 "-" "meta-externalagent/1.1 (+https://developers.facebook.com/docs/sharing/webmasters/crawler)"
45.134.225.241 - - [16/Dec/2025:00:36:08 +0000] "GET /wp-admin/profile.php HTTP/1.1" 302 11 "https://datainsightnow.com/wp-login.php" "Mozilla/5.0 (X11; Ubuntu; Linux x86_64) AppleWebKit/537.36 (KHTML, like Gecko) Chrome/120.0.0.0 Safari/537.36"
85.208.96.202 - - [16/Dec/2025:00:36:08 +0000] "GET /?p=31327 HTTP/1.1" 200 41624 "-" "Mozilla/5.0 (compatible; SemrushBot/7~bl; +http://www.semrush.com/bot.html)"
57.141.0.27 - - [16/Dec/2025:00:36:08 +0000] "GET /karamba-spielsaal-erfahrungen-angeschlossen-testbericht-werfen-sie-einen-blick-auf-den-link-within-2025-pro-teutonia/?fileloc=//sys/class/pci_bus/0000:02/device/driver/0000:00:02.1/driver/0000:00:02.2/driver/0000:00:03.2/aer_rootport_total_err_cor&path=//sys/class/pci_bus/0000:02/device/driver/0000:00:02.1/driver/0000:00:02.2/driver/0000:00:03.2 HTTP/1.1" 200 262215 "-" "meta-externalagent/1.1 (+https://developers.facebook.com/docs/sharing/webmasters/crawler)"
45.134.225.241 - - [16/Dec/2025:00:36:09 +0000] "GET / HTTP/1.1" 200 45511 "https://datainsightnow.com/wp-login.php" "Mozilla/5.0 (X11; Ubuntu; Linux x86_64) AppleWebKit/537.36 (KHTML, like Gecko) Chrome/120.0.0.0 Safari/537.36"
45.134.225.241 - - [16/Dec/2025:00:36:09 +0000] "GET /wp-admin/edit.php HTTP/1.1" 302 11 "https://datainsightnow.com/wp-login.php" "Mozilla/5.0 (X11; Ubuntu; Linux x86_64) AppleWebKit/537.36 (KHTML, like Gecko) Chrome/120.0.0.0 Safari/537.36"
57.141.0.36 - - [16/Dec/2025:00:36:09 +0000] "GET /2025/03/07/page/6/?fileloc=//sys/class/pci_bus/0000:13/subsystem/0000:0d/subsystem/0000:05/subsystem/0000:07/subsystem/0000:06/device/aer_rootport_total_err_fatal&path=//sys/class/pci_bus/0000:13/subsystem/0000:0d/subsystem/0000:05/subsystem/0000:07/subsystem/0000:06/device HTTP/1.1" 200 262209 "-" "meta-externalagent/1.1 (+https://developers.facebook.com/docs/sharing/webmasters/crawler)"
45.134.225.241 - - [16/Dec/2025:00:36:10 +0000] "GET / HTTP/1.1" 200 45511 "https://datainsightnow.com/wp-login.php" "Mozilla/5.0 (X11; Ubuntu; Linux x86_64) AppleWebKit/537.36 (KHTML, like Gecko) Chrome/120.0.0.0 Safari/537.36"
74.7.227.155 - - [16/Dec/2025:00:36:11 +0000] "GET /?p=29025 HTTP/1.1" 200 42735 "-" "Mozilla/5.0 AppleWebKit/537.36 (KHTML, like Gecko; compatible; GPTBot/1.3; +https://openai.com/gptbot)"
45.134.225.241 - - [16/Dec/2025:00:36:11 +0000] "GET /wp-admin/plugins.php HTTP/1.1" 302 11 "https://datainsightnow.com/wp-login.php" "Mozilla/5.0 (X11; Ubuntu; Linux x86_64) AppleWebKit/537.36 (KHTML, like Gecko) Chrome/120.0.0.0 Safari/537.36"
57.141.0.77 - - [16/Dec/2025:00:36:11 +0000] "GET /2025/03/06/page/39/?path=//sys/class/pci_bus/0000:09/subsystem/0000:04/subsystem/0000:10/subsystem/0000:09/subsystem/0000:09/power HTTP/1.1" 200 262248 "-" "meta-externalagent/1.1 (+https://developers.facebook.com/docs/sharing/webmasters/crawler)"
217.113.194.56 - - [16/Dec/2025:00:36:12 +0000] "GET /privacy/?fileloc=//proc/391/net/udplite&path=//proc/391/net HTTP/1.1" 200 45436 "-" "Mozilla/5.0 (compatible; Barkrowler/0.9; +https://babbar.tech/crawler)"
45.134.225.241 - - [16/Dec/2025:00:36:12 +0000] "GET / HTTP/1.1" 200 45511 "https://datainsightnow.com/wp-login.php" "Mozilla/5.0 (X11; Ubuntu; Linux x86_64) AppleWebKit/537.36 (KHTML, like Gecko) Chrome/120.0.0.0 Safari/537.36"
62.60.131.161 - - [16/Dec/2025:00:36:12 +0000] "HEAD / HTTP/1.1" 200 0 "-" "curl/8.5.0"
45.134.225.241 - - [16/Dec/2025:00:36:12 +0000] "POST /wp-login.php HTTP/1.1" 200 2674 "https://datainsightnow.com/wp-login.php" "Mozilla/5.0 (Windows NT 10.0; Win64; x64) AppleWebKit/537.36 (KHTML, like Gecko) Chrome/119.0.0.0 Safari/537.36"
45.134.225.241 - - [16/Dec/2025:00:36:13 +0000] "GET /wp-admin/index.php HTTP/1.1" 302 11 "https://datainsightnow.com/wp-login.php" "Mozilla/5.0 (Macintosh; Intel Mac OS X 13_6_1) AppleWebKit/537.36 (KHTML, like Gecko) Chrome/120.0.0.0 Safari/537.36"
74.7.227.155 - - [16/Dec/2025:00:36:13 +0000] "GET /?p=27269 HTTP/1.1" 200 41500 "-" "Mozilla/5.0 AppleWebKit/537.36 (KHTML, like Gecko; compatible; GPTBot/1.3; +https://openai.com/gptbot)"
45.134.225.241 - - [16/Dec/2025:00:36:14 +0000] "GET / HTTP/1.1" 200 45511 "https://datainsightnow.com/wp-login.php" "Mozilla/5.0 (Macintosh; Intel Mac OS X 13_6_1) AppleWebKit/537.36 (KHTML, like Gecko) Chrome/120.0.0.0 Safari/537.36"
45.134.225.241 - - [16/Dec/2025:00:36:14 +0000] "GET /wp-admin/profile.php HTTP/1.1" 302 11 "https://datainsightnow.com/wp-login.php" "Mozilla/5.0 (Macintosh; Intel Mac OS X 13_6_1) AppleWebKit/537.36 (KHTML, like Gecko) Chrome/120.0.0.0 Safari/537.36"
66.249.72.228 - - [16/Dec/2025:00:36:14 +0000] "GET /entity/755037322.htm HTTP/1.1" 200 29664 "-" "Mozilla/5.0 (Linux; Android 6.0.1; Nexus 5X Build/MMB29P) AppleWebKit/537.36 (KHTML, like Gecko) Chrome/141.0.7390.122 Mobile Safari/537.36 (compatible; Googlebot/2.1; +http://www.google.com/bot.html)"
45.134.225.241 - - [16/Dec/2025:00:36:15 +0000] "GET / HTTP/1.1" 200 45511 "https://datainsightnow.com/wp-login.php" "Mozilla/5.0 (Macintosh; Intel Mac OS X 13_6_1) AppleWebKit/537.36 (KHTML, like Gecko) Chrome/120.0.0.0 Safari/537.36"
45.134.225.241 - - [16/Dec/2025:00:36:15 +0000] "GET /wp-admin/edit.php HTTP/1.1" 302 11 "https://datainsightnow.com/wp-login.php" "Mozilla/5.0 (Macintosh; Intel Mac OS X 13_6_1) AppleWebKit/537.36 (KHTML, like Gecko) Chrome/120.0.0.0 Safari/537.36"
45.134.225.241 - - [16/Dec/2025:00:36:15 +0000] "GET / HTTP/1.1" 200 45511 "https://datainsightnow.com/wp-login.php" "Mozilla/5.0 (Macintosh; Intel Mac OS X 13_6_1) AppleWebKit/537.36 (KHTML, like Gecko) Chrome/120.0.0.0 Safari/537.36"
45.134.225.241 - - [16/Dec/2025:00:36:16 +0000] "GET /wp-admin/plugins.php HTTP/1.1" 302 11 "https://datainsightnow.com/wp-login.php" "Mozilla/5.0 (Macintosh; Intel Mac OS X 13_6_1) AppleWebKit/537.36 (KHTML, like Gecko) Chrome/120.0.0.0 Safari/537.36"
74.7.227.155 - - [16/Dec/2025:00:36:16 +0000] "GET /index.php?format=xml&rest_route=%2Foembed%2F1.0%2Fembed&url=https%3A%2F%2Fdatainsightnow.com%2F%3Fp%3D27269 HTTP/1.1" 200 1327 "-" "Mozilla/5.0 AppleWebKit/537.36 (KHTML, like Gecko; compatible; GPTBot/1.3; +https://openai.com/gptbot)"
45.134.225.241 - - [16/Dec/2025:00:36:16 +0000] "GET / HTTP/1.1" 200 45511 "https://datainsightnow.com/wp-login.php" "Mozilla/5.0 (Macintosh; Intel Mac OS X 13_6_1) AppleWebKit/537.36 (KHTML, like Gecko) Chrome/120.0.0.0 Safari/537.36"
45.134.225.241 - - [16/Dec/2025:00:36:17 +0000] "GET /wp-admin/index.php HTTP/1.1" 302 11 "https://datainsightnow.com/wp-login.php" "Mozilla/5.0 (Macintosh; Intel Mac OS X 13_6_1) AppleWebKit/537.36 (KHTML, like Gecko) Chrome/120.0.0.0 Safari/537.36"
