74.7.241.13 - - [17/Dec/2025:01:09:00 +0000] "GET /index.php?rest_route=%2Foembed%2F1.0%2Fembed&url=https%3A%2F%2Fdatainsightnow.com%2F%3Fp%3D36707 HTTP/1.1" 200 1295 "-" "Mozilla/5.0 AppleWebKit/537.36 (KHTML, like Gecko; compatible; GPTBot/1.3; +https://openai.com/gptbot)"
54.37.252.212 - - [17/Dec/2025:01:09:01 +0000] "GET /?fileloc=//proc/46/patch_state&path=//proc/46 HTTP/1.1" 200 45437 "-" "Mozilla/5.0 (compatible; MJ12bot/v1.4.8; http://mj12bot.com/)"
114.119.157.166 - - [17/Dec/2025:01:09:01 +0000] "GET /zodiac-kasino-erfahrungen-2024-480-bonus-80-freispiele/?path=//sys/dev/char/5:1/subsystem/tty44/subsystem/tty6/subsystem/ttyS14/subsystem/tty27 HTTP/1.1" 200 45438 "https://datainsightnow.com/zodiac-kasino-erfahrungen-2024-480-bonus-80-freispiele/?path=//sys/dev/char/5%3A1/subsystem/tty44/subsystem/tty6/subsystem/ttyS14/subsystem" "Mozilla/5.0 (Linux; Android 7.0;) AppleWebKit/537.36 (KHTML, like Gecko) Mobile Safari/537.36 (compatible; PetalBot;+https://webmaster.petalsearch.com/site/petalbot)"
185.191.171.2 - - [17/Dec/2025:01:09:02 +0000] "GET /?p=43919 HTTP/1.1" 200 43669 "-" "Mozilla/5.0 (compatible; SemrushBot/7~bl; +http://www.semrush.com/bot.html)"
74.7.241.13 - - [17/Dec/2025:01:09:03 +0000] "GET /index.php?rest_route=%2Foembed%2F1.0%2Fembed&url=https%3A%2F%2Fdatainsightnow.com%2F%3Fp%3D33165 HTTP/1.1" 200 1379 "-" "Mozilla/5.0 AppleWebKit/537.36 (KHTML, like Gecko; compatible; GPTBot/1.3; +https://openai.com/gptbot)"
57.141.0.3 - - [17/Dec/2025:01:09:03 +0000] "GET /karamba-spielsaal-erfahrungen-angeschlossen-testbericht-werfen-sie-einen-blick-auf-den-link-within-2025-pro-teutonia/?path=//sys/class/pci_bus/0000:08/device/pci_bus/0000:08/subsystem/0000:13/subsystem/0000:00/device/0000:00:02.1/firmware_node HTTP/1.1" 200 262209 "-" "meta-externalagent/1.1 (+https://developers.facebook.com/docs/sharing/webmasters/crawler)"
217.113.194.56 - - [17/Dec/2025:01:09:04 +0000] "GET /?fileloc=//sys/kernel/slab/kmalloc-rnd-06-512/destroy_by_rcu&path=//sys/kernel/slab/kmalloc-rnd-06-512 HTTP/1.1" 200 45437 "-" "Mozilla/5.0 (compatible; Barkrowler/0.9; +https://babbar.tech/crawler)"
74.7.241.13 - - [17/Dec/2025:01:09:04 +0000] "GET /index.php?rest_route=%2Foembed%2F1.0%2Fembed&url=https%3A%2F%2Fdatainsightnow.com%2F%3Fp%3D17551 HTTP/1.1" 200 1257 "-" "Mozilla/5.0 AppleWebKit/537.36 (KHTML, like Gecko; compatible; GPTBot/1.3; +https://openai.com/gptbot)"
57.141.0.57 - - [17/Dec/2025:01:09:05 +0000] "GET /2025/03/06/page/39/?fileloc=//sys/class/pci_bus/0000:09/subsystem/0000:00/subsystem/0000:0e/subsystem/0000:09/uevent&path=//sys/class/pci_bus/0000:09/subsystem/0000:00/subsystem/0000:0e/subsystem/0000:09 HTTP/1.1" 200 262216 "-" "meta-externalagent/1.1 (+https://developers.facebook.com/docs/sharing/webmasters/crawler)"
54.37.252.212 - - [17/Dec/2025:01:09:05 +0000] "GET /?fileloc=//proc/46/personality&path=//proc/46 HTTP/1.1" 200 45437 "-" "Mozilla/5.0 (compatible; MJ12bot/v1.4.8; http://mj12bot.com/)"
74.7.241.13 - - [17/Dec/2025:01:09:06 +0000] "GET /index.php?rest_route=%2Foembed%2F1.0%2Fembed&url=https%3A%2F%2Fdatainsightnow.com%2F%3Fp%3D41723 HTTP/1.1" 200 1301 "-" "Mozilla/5.0 AppleWebKit/537.36 (KHTML, like Gecko; compatible; GPTBot/1.3; +https://openai.com/gptbot)"
66.249.77.100 - - [17/Dec/2025:01:09:09 +0000] "GET /entity/377671728.htm HTTP/1.1" 200 33203 "-" "Mozilla/5.0 (Linux; Android 6.0.1; Nexus 5X Build/MMB29P) AppleWebKit/537.36 (KHTML, like Gecko) Chrome/141.0.7390.122 Mobile Safari/537.36 (compatible; Googlebot/2.1; +http://www.google.com/bot.html)"
54.37.252.212 - - [17/Dec/2025:01:09:10 +0000] "GET /?fileloc=//proc/46/projid_map&path=//proc/46 HTTP/1.1" 200 45437 "-" "Mozilla/5.0 (compatible; MJ12bot/v1.4.8; http://mj12bot.com/)"
74.7.241.13 - - [17/Dec/2025:01:09:10 +0000] "GET /index.php?rest_route=%2Foembed%2F1.0%2Fembed&url=https%3A%2F%2Fdatainsightnow.com%2F%3Fp%3D37258 HTTP/1.1" 200 1271 "-" "Mozilla/5.0 AppleWebKit/537.36 (KHTML, like Gecko; compatible; GPTBot/1.3; +https://openai.com/gptbot)"
57.141.0.62 - - [17/Dec/2025:01:09:13 +0000] "GET /2025/03/07/page/6/?fileloc=//sys/class/pci_bus/0000:07/subsystem/0000:01/subsystem/0000:0b/device/pci_bus/0000:0b/cpuaffinity&path=//sys/class/pci_bus/0000:07/subsystem/0000:01/subsystem/0000:0b/device/pci_bus/0000:0b HTTP/1.1" 200 262264 "-" "meta-externalagent/1.1 (+https://developers.facebook.com/docs/sharing/webmasters/crawler)"
74.7.241.13 - - [17/Dec/2025:01:09:13 +0000] "GET /index.php?rest_route=%2Foembed%2F1.0%2Fembed&url=https%3A%2F%2Fdatainsightnow.com%2F%3Fp%3D34927 HTTP/1.1" 200 1348 "-" "Mozilla/5.0 AppleWebKit/537.36 (KHTML, like Gecko; compatible; GPTBot/1.3; +https://openai.com/gptbot)"
54.37.252.212 - - [17/Dec/2025:01:09:14 +0000] "GET /?fileloc=//proc/46/sched&path=//proc/46 HTTP/1.1" 200 45437 "-" "Mozilla/5.0 (compatible; MJ12bot/v1.4.8; http://mj12bot.com/)"
57.141.0.32 - - [17/Dec/2025:01:09:14 +0000] "GET /2025/03/07/page/6/?fileloc=//sys/class/pci_bus/0000:04/subsystem/0000:10/subsystem/0000:08/device/driver/0000:00:03.0/remove&path=//sys/class/pci_bus/0000:04/subsystem/0000:10/subsystem/0000:08/device/driver/0000:00:03.0 HTTP/1.1" 200 262215 "-" "meta-externalagent/1.1 (+https://developers.facebook.com/docs/sharing/webmasters/crawler)"
74.7.241.13 - - [17/Dec/2025:01:09:16 +0000] "GET /index.php?rest_route=%2Foembed%2F1.0%2Fembed&url=https%3A%2F%2Fdatainsightnow.com%2F%3Fp%3D27485 HTTP/1.1" 200 1294 "-" "Mozilla/5.0 AppleWebKit/537.36 (KHTML, like Gecko; compatible; GPTBot/1.3; +https://openai.com/gptbot)"
54.37.252.212 - - [17/Dec/2025:01:09:18 +0000] "GET /?fileloc=//proc/46/schedstat&path=//proc/46 HTTP/1.1" 200 45437 "-" "Mozilla/5.0 (compatible; MJ12bot/v1.4.8; http://mj12bot.com/)"
66.249.77.99 - - [17/Dec/2025:01:09:19 +0000] "GET /entity/197801155.htm HTTP/1.1" 200 31588 "-" "Mozilla/5.0 (Linux; Android 6.0.1; Nexus 5X Build/MMB29P) AppleWebKit/537.36 (KHTML, like Gecko) Chrome/141.0.7390.122 Mobile Safari/537.36 (compatible; Googlebot/2.1; +http://www.google.com/bot.html)"
216.73.216.115 - - [17/Dec/2025:01:09:19 +0000] "GET /entity/600357332.htm HTTP/1.1" 301 5 "-" "Mozilla/5.0 AppleWebKit/537.36 (KHTML, like Gecko; compatible; ClaudeBot/1.0; +claudebot@anthropic.com)"
74.7.241.13 - - [17/Dec/2025:01:09:19 +0000] "GET /?cat=1&paged=638 HTTP/1.1" 200 37400 "-" "Mozilla/5.0 AppleWebKit/537.36 (KHTML, like Gecko; compatible; GPTBot/1.3; +https://openai.com/gptbot)"
216.73.216.115 - - [17/Dec/2025:01:09:20 +0000] "GET /entity/600357332.htm/ HTTP/1.1" 200 45437 "https://datainsightnow.com/entity/600357332.htm" "Mozilla/5.0 AppleWebKit/537.36 (KHTML, like Gecko; compatible; ClaudeBot/1.0; +claudebot@anthropic.com)"
66.249.77.98 - - [17/Dec/2025:01:09:20 +0000] "GET /?path=//sys/class/sound/card0/device/subsystem/devices/0000:00:02.2/subsystem/devices/0000:00:03.4/driver/0000:00:02.2/0000:00:02.2:pcie002/subsystem/devices/0000:00:02.0:pcie002/driver/0000:00:03.1:pcie002/driver/0000:00:03.4:pcie002/subsystem/devices/0000:00:02.4:pcie002 HTTP/1.1" 200 45438 "-" "Mozilla/5.0 (Linux; Android 6.0.1; Nexus 5X Build/MMB29P) AppleWebKit/537.36 (KHTML, like Gecko) Chrome/141.0.7390.122 Mobile Safari/537.36 (compatible; Googlebot/2.1; +http://www.google.com/bot.html)"
217.113.194.213 - - [17/Dec/2025:01:09:21 +0000] "GET /?fileloc=//sys/kernel/slab/kmalloc-rnd-15-1k/hwcache_align&path=//sys/kernel/slab/kmalloc-rnd-15-1k HTTP/1.1" 200 45437 "-" "Mozilla/5.0 (compatible; Barkrowler/0.9; +https://babbar.tech/crawler)"
216.73.216.115 - - [17/Dec/2025:01:09:22 +0000] "GET /entity/600246227.htm HTTP/1.1" 301 5 "-" "Mozilla/5.0 AppleWebKit/537.36 (KHTML, like Gecko; compatible; ClaudeBot/1.0; +claudebot@anthropic.com)"
74.7.241.13 - - [17/Dec/2025:01:09:22 +0000] "GET /index.php?rest_route=%2Foembed%2F1.0%2Fembed&url=https%3A%2F%2Fdatainsightnow.com%2F%3Fp%3D46817 HTTP/1.1" 200 1403 "-" "Mozilla/5.0 AppleWebKit/537.36 (KHTML, like Gecko; compatible; GPTBot/1.3; +https://openai.com/gptbot)"
54.37.252.212 - - [17/Dec/2025:01:09:22 +0000] "GET /?fileloc=//proc/46/sessionid&path=//proc/46 HTTP/1.1" 200 45437 "-" "Mozilla/5.0 (compatible; MJ12bot/v1.4.8; http://mj12bot.com/)"
216.73.216.115 - - [17/Dec/2025:01:09:22 +0000] "GET /entity/600246227.htm/ HTTP/1.1" 200 45437 "https://datainsightnow.com/entity/600246227.htm" "Mozilla/5.0 AppleWebKit/537.36 (KHTML, like Gecko; compatible; ClaudeBot/1.0; +claudebot@anthropic.com)"
66.249.77.98 - - [17/Dec/2025:01:09:23 +0000] "GET /entity/594866281.htm HTTP/1.1" 200 30680 "-" "Mozilla/5.0 (Linux; Android 6.0.1; Nexus 5X Build/MMB29P) AppleWebKit/537.36 (KHTML, like Gecko) Chrome/141.0.7390.122 Mobile Safari/537.36 (compatible; Googlebot/2.1; +http://www.google.com/bot.html)"
74.7.241.13 - - [17/Dec/2025:01:09:25 +0000] "GET /index.php?rest_route=%2Foembed%2F1.0%2Fembed&url=https%3A%2F%2Fdatainsightnow.com%2F%3Fp%3D28981 HTTP/1.1" 200 1271 "-" "Mozilla/5.0 AppleWebKit/537.36 (KHTML, like Gecko; compatible; GPTBot/1.3; +https://openai.com/gptbot)"
54.37.252.212 - - [17/Dec/2025:01:09:26 +0000] "GET /?fileloc=//proc/46/stack&path=//proc/46 HTTP/1.1" 200 45437 "-" "Mozilla/5.0 (compatible; MJ12bot/v1.4.8; http://mj12bot.com/)"
57.141.0.23 - - [17/Dec/2025:01:09:27 +0000] "GET /karamba-spielsaal-erfahrungen-angeschlossen-testbericht-werfen-sie-einen-blick-auf-den-link-within-2025-pro-teutonia/?fileloc=//sys/class/pci_bus/0000:0d/subsystem/0000:02/device/driver/0000:00:02.0/driver/0000:00:04.1/driver/bind&path=//sys/class/pci_bus/0000:0d/subsystem/0000:02/device/driver/0000:00:02.0/driver/0000:00:04.1/driver HTTP/1.1" 200 262248 "-" "meta-externalagent/1.1 (+https://developers.facebook.com/docs/sharing/webmasters/crawler)"
185.191.171.12 - - [17/Dec/2025:01:09:27 +0000] "GET /?p=43701 HTTP/1.1" 200 41845 "-" "Mozilla/5.0 (compatible; SemrushBot/7~bl; +http://www.semrush.com/bot.html)"
74.7.241.13 - - [17/Dec/2025:01:09:28 +0000] "GET /index.php?rest_route=%2Foembed%2F1.0%2Fembed&url=https%3A%2F%2Fdatainsightnow.com%2F%3Fp%3D15088 HTTP/1.1" 200 1329 "-" "Mozilla/5.0 AppleWebKit/537.36 (KHTML, like Gecko; compatible; GPTBot/1.3; +https://openai.com/gptbot)"
57.141.0.34 - - [17/Dec/2025:01:09:29 +0000] "GET /karamba-spielsaal-erfahrungen-angeschlossen-testbericht-werfen-sie-einen-blick-auf-den-link-within-2025-pro-teutonia/?fileloc=//sys/class/pci_bus/0000:0f/subsystem/0000:01/subsystem/0000:00/subsystem/0000:02/device/driver/0000:00:02.7/dma_mask_bits&path=//sys/class/pci_bus/0000:0f/subsystem/0000:01/subsystem/0000:00/subsystem/0000:02/device/driver/0000:00:02.7 HTTP/1.1" 200 262215 "-" "meta-externalagent/1.1 (+https://developers.facebook.com/docs/sharing/webmasters/crawler)"
54.37.252.212 - - [17/Dec/2025:01:09:30 +0000] "GET /?fileloc=//proc/46/stat&path=//proc/46 HTTP/1.1" 200 45437 "-" "Mozilla/5.0 (compatible; MJ12bot/v1.4.8; http://mj12bot.com/)"
85.208.96.197 - - [17/Dec/2025:01:09:31 +0000] "GET /?p=40989 HTTP/1.1" 200 41340 "-" "Mozilla/5.0 (compatible; SemrushBot/7~bl; +http://www.semrush.com/bot.html)"
57.141.0.21 - - [17/Dec/2025:01:09:32 +0000] "GET /nacin-kako-uporabljate-globe-wagering-najboljsa-knjiga/?fileloc=//sys/class/tty/tty0/subsystem/ttyS11/line&path=//sys/class/tty/tty0/subsystem/ttyS11 HTTP/1.1" 200 262264 "-" "meta-externalagent/1.1 (+https://developers.facebook.com/docs/sharing/webmasters/crawler)"
54.37.252.212 - - [17/Dec/2025:01:09:34 +0000] "GET /?fileloc=//proc/46/statm&path=//proc/46 HTTP/1.1" 200 45437 "-" "Mozilla/5.0 (compatible; MJ12bot/v1.4.8; http://mj12bot.com/)"
74.7.241.13 - - [17/Dec/2025:01:09:35 +0000] "GET /index.php?rest_route=%2Foembed%2F1.0%2Fembed&url=https%3A%2F%2Fdatainsightnow.com%2F%3Fp%3D49141 HTTP/1.1" 200 1298 "-" "Mozilla/5.0 AppleWebKit/537.36 (KHTML, like Gecko; compatible; GPTBot/1.3; +https://openai.com/gptbot)"
85.208.96.212 - - [17/Dec/2025:01:09:37 +0000] "GET /?p=27593 HTTP/1.1" 200 42550 "-" "Mozilla/5.0 (compatible; SemrushBot/7~bl; +http://www.semrush.com/bot.html)"
57.141.0.38 - - [17/Dec/2025:01:09:37 +0000] "GET /2025/03/07/page/6/?path=//sys/class/pci_bus/0000:01/subsystem/0000:0f/subsystem/0000:07/device/pci_bus/0000:07/device/link HTTP/1.1" 200 262209 "-" "meta-externalagent/1.1 (+https://developers.facebook.com/docs/sharing/webmasters/crawler)"
217.113.194.57 - - [17/Dec/2025:01:09:38 +0000] "GET /?fileloc=//lib/firmware/cirrus/cs35l41-dsp1-spk-cali-10280cc1-spkid1.bin.zst&path=//lib/firmware/cirrus HTTP/1.1" 200 45437 "-" "Mozilla/5.0 (compatible; Barkrowler/0.9; +https://babbar.tech/crawler)"
74.7.241.13 - - [17/Dec/2025:01:09:38 +0000] "GET /index.php?rest_route=%2Foembed%2F1.0%2Fembed&url=https%3A%2F%2Fdatainsightnow.com%2F%3Fp%3D43673 HTTP/1.1" 200 1299 "-" "Mozilla/5.0 AppleWebKit/537.36 (KHTML, like Gecko; compatible; GPTBot/1.3; +https://openai.com/gptbot)"
54.37.252.212 - - [17/Dec/2025:01:09:38 +0000] "GET /?fileloc=//proc/46/status&path=//proc/46 HTTP/1.1" 200 45437 "-" "Mozilla/5.0 (compatible; MJ12bot/v1.4.8; http://mj12bot.com/)"
57.141.0.15 - - [17/Dec/2025:01:09:39 +0000] "GET /2025/03/07/page/6/?fileloc=//sys/class/pci_bus/0000:0c/subsystem/0000:08/device/subsystem/drivers/megaraid_sas/version&path=//sys/class/pci_bus/0000:0c/subsystem/0000:08/device/subsystem/drivers/megaraid_sas HTTP/1.1" 200 262264 "-" "meta-externalagent/1.1 (+https://developers.facebook.com/docs/sharing/webmasters/crawler)"
74.7.241.13 - - [17/Dec/2025:01:09:40 +0000] "GET /index.php?rest_route=%2Foembed%2F1.0%2Fembed&url=https%3A%2F%2Fdatainsightnow.com%2F%3Fp%3D14119 HTTP/1.1" 200 1334 "-" "Mozilla/5.0 AppleWebKit/537.36 (KHTML, like Gecko; compatible; GPTBot/1.3; +https://openai.com/gptbot)"
57.141.0.55 - - [17/Dec/2025:01:09:40 +0000] "GET /karamba-spielsaal-erfahrungen-angeschlossen-testbericht-werfen-sie-einen-blick-auf-den-link-within-2025-pro-teutonia/?fileloc=//sys/class/pci_bus/0000:06/subsystem/0000:05/device/driver/0000:00:02.7/driver/0000:00:03.1/driver/0000:00:03.3/numa_node&path=//sys/class/pci_bus/0000:06/subsystem/0000:05/device/driver/0000:00:02.7/driver/0000:00:03.1/driver/0000:00:03.3 HTTP/1.1" 200 262264 "-" "meta-externalagent/1.1 (+https://developers.facebook.com/docs/sharing/webmasters/crawler)"
57.141.0.45 - - [17/Dec/2025:01:09:41 +0000] "GET /2025/03/07/page/6/?path=//sys/class/pci_bus/0000:07/device/driver/0000:00:04.1/driver/0000:00:02.0/subsystem/devices/0000:06:00.0/power HTTP/1.1" 200 262264 "-" "meta-externalagent/1.1 (+https://developers.facebook.com/docs/sharing/webmasters/crawler)"
57.141.0.55 - - [17/Dec/2025:01:09:41 +0000] "GET /moneysense-self-help-guide-to-the-ideal-profile/?fileloc=//sys/class/pci_bus/0000:00/subsystem/0000:0b/subsystem/0000:04/device/0000:04:00.0/device&path=//sys/class/pci_bus/0000:00/subsystem/0000:0b/subsystem/0000:04/device/0000:04:00.0 HTTP/1.1" 200 262209 "-" "meta-externalagent/1.1 (+https://developers.facebook.com/docs/sharing/webmasters/crawler)"
74.7.241.13 - - [17/Dec/2025:01:09:42 +0000] "GET /index.php?rest_route=%2Foembed%2F1.0%2Fembed&url=https%3A%2F%2Fdatainsightnow.com%2F%3Fp%3D37641 HTTP/1.1" 200 1305 "-" "Mozilla/5.0 AppleWebKit/537.36 (KHTML, like Gecko; compatible; GPTBot/1.3; +https://openai.com/gptbot)"
57.141.0.33 - - [17/Dec/2025:01:09:42 +0000] "GET /karamba-spielsaal-erfahrungen-angeschlossen-testbericht-werfen-sie-einen-blick-auf-den-link-within-2025-pro-teutonia/?path=//sys/class/pci_bus/0000:0b/subsystem/0000:08/subsystem/0000:04/device/driver/0000:00:03.3/0000:00:03.3:pcie002/driver/0000:00:03.5:pcie002 HTTP/1.1" 200 262264 "-" "meta-externalagent/1.1 (+https://developers.facebook.com/docs/sharing/webmasters/crawler)"
57.141.0.65 - - [17/Dec/2025:01:09:43 +0000] "GET /karamba-spielsaal-erfahrungen-angeschlossen-testbericht-werfen-sie-einen-blick-auf-den-link-within-2025-pro-teutonia/?fileloc=//sys/class/pci_bus/0000:04/device/pci_bus/0000:04/subsystem/0000:06/subsystem/0000:0d/subsystem/0000:05/cpulistaffinity&path=//sys/class/pci_bus/0000:04/device/pci_bus/0000:04/subsystem/0000:06/subsystem/0000:0d/subsystem/0000:05 HTTP/1.1" 200 262215 "-" "meta-externalagent/1.1 (+https://developers.facebook.com/docs/sharing/webmasters/crawler)"
54.37.252.212 - - [17/Dec/2025:01:09:43 +0000] "GET /?fileloc=//proc/46/syscall&path=//proc/46 HTTP/1.1" 200 45437 "-" "Mozilla/5.0 (compatible; MJ12bot/v1.4.8; http://mj12bot.com/)"
66.249.77.98 - - [17/Dec/2025:01:09:44 +0000] "GET /?fileloc=/opt/wpsites/datainsightnow.com/wp-includes/class-wp-customize-widgets.php?information/privacy_policy.html HTTP/1.1" 200 31090 "-" "Mozilla/5.0 (Linux; Android 6.0.1; Nexus 5X Build/MMB29P) AppleWebKit/537.36 (KHTML, like Gecko) Chrome/141.0.7390.122 Mobile Safari/537.36 (compatible; Googlebot/2.1; +http://www.google.com/bot.html)"
74.7.241.13 - - [17/Dec/2025:01:09:45 +0000] "GET /index.php?rest_route=%2Foembed%2F1.0%2Fembed&url=https%3A%2F%2Fdatainsightnow.com%2F%3Fp%3D41081 HTTP/1.1" 200 1278 "-" "Mozilla/5.0 AppleWebKit/537.36 (KHTML, like Gecko; compatible; GPTBot/1.3; +https://openai.com/gptbot)"
54.37.252.212 - - [17/Dec/2025:01:09:47 +0000] "GET /?fileloc=//proc/46/timens_offsets&path=//proc/46 HTTP/1.1" 200 45437 "-" "Mozilla/5.0 (compatible; MJ12bot/v1.4.8; http://mj12bot.com/)"
74.7.241.13 - - [17/Dec/2025:01:09:48 +0000] "GET /index.php?rest_route=%2Foembed%2F1.0%2Fembed&url=https%3A%2F%2Fdatainsightnow.com%2F%3Fp%3D34645 HTTP/1.1" 200 1281 "-" "Mozilla/5.0 AppleWebKit/537.36 (KHTML, like Gecko; compatible; GPTBot/1.3; +https://openai.com/gptbot)"
66.135.21.75 - - [17/Dec/2025:01:09:50 +0000] "POST /wp-cron.php?doing_wp_cron=1765933790.4102621078491210937500 HTTP/1.1" 200 31 "-" "WordPress/6.3.1; https://datainsightnow.com"
216.73.216.115 - - [17/Dec/2025:01:09:50 +0000] "GET /entity/600369511.htm HTTP/1.1" 301 5 "-" "Mozilla/5.0 AppleWebKit/537.36 (KHTML, like Gecko; compatible; ClaudeBot/1.0; +claudebot@anthropic.com)"
216.73.216.115 - - [17/Dec/2025:01:09:50 +0000] "GET /entity/600369511.htm/ HTTP/1.1" 200 45437 "https://datainsightnow.com/entity/600369511.htm" "Mozilla/5.0 AppleWebKit/537.36 (KHTML, like Gecko; compatible; ClaudeBot/1.0; +claudebot@anthropic.com)"
54.37.252.212 - - [17/Dec/2025:01:09:51 +0000] "GET /?fileloc=//proc/46/timers&path=//proc/46 HTTP/1.1" 200 45437 "-" "Mozilla/5.0 (compatible; MJ12bot/v1.4.8; http://mj12bot.com/)"
74.7.241.13 - - [17/Dec/2025:01:09:51 +0000] "GET /?cat=1&paged=637 HTTP/1.1" 200 37427 "-" "Mozilla/5.0 AppleWebKit/537.36 (KHTML, like Gecko; compatible; GPTBot/1.3; +https://openai.com/gptbot)"
216.73.216.115 - - [17/Dec/2025:01:09:52 +0000] "GET /entity/600272904.htm HTTP/1.1" 301 5 "-" "Mozilla/5.0 AppleWebKit/537.36 (KHTML, like Gecko; compatible; ClaudeBot/1.0; +claudebot@anthropic.com)"
57.141.0.3 - - [17/Dec/2025:01:09:52 +0000] "GET /2025/03/07/page/6/?fileloc=//sys/class/pci_bus/0000:11/subsystem/0000:01/subsystem/0000:00/subsystem/0000:02/device/dma_mask_bits&path=//sys/class/pci_bus/0000:11/subsystem/0000:01/subsystem/0000:00/subsystem/0000:02/device HTTP/1.1" 200 262209 "-" "meta-externalagent/1.1 (+https://developers.facebook.com/docs/sharing/webmasters/crawler)"
216.73.216.115 - - [17/Dec/2025:01:09:53 +0000] "GET /entity/600272904.htm/ HTTP/1.1" 200 45437 "https://datainsightnow.com/entity/600272904.htm" "Mozilla/5.0 AppleWebKit/537.36 (KHTML, like Gecko; compatible; ClaudeBot/1.0; +claudebot@anthropic.com)"
74.7.241.13 - - [17/Dec/2025:01:09:54 +0000] "GET /index.php?rest_route=%2Foembed%2F1.0%2Fembed&url=https%3A%2F%2Fdatainsightnow.com%2F%3Fp%3D21245 HTTP/1.1" 200 1297 "-" "Mozilla/5.0 AppleWebKit/537.36 (KHTML, like Gecko; compatible; GPTBot/1.3; +https://openai.com/gptbot)"
54.37.252.212 - - [17/Dec/2025:01:09:55 +0000] "GET /?fileloc=//proc/46/timerslack_ns&path=//proc/46 HTTP/1.1" 200 45437 "-" "Mozilla/5.0 (compatible; MJ12bot/v1.4.8; http://mj12bot.com/)"
217.113.194.56 - - [17/Dec/2025:01:09:56 +0000] "GET /?fileloc=//lib/firmware/cirrus/cs35l41-dsp1-spk-cali-10280cbf-spkid0.bin.zst&path=//lib/firmware/cirrus HTTP/1.1" 200 45437 "-" "Mozilla/5.0 (compatible; Barkrowler/0.9; +https://babbar.tech/crawler)"
74.7.241.13 - - [17/Dec/2025:01:09:58 +0000] "GET /index.php?rest_route=%2Foembed%2F1.0%2Fembed&url=https%3A%2F%2Fdatainsightnow.com%2F%3Fp%3D48599 HTTP/1.1" 200 1302 "-" "Mozilla/5.0 AppleWebKit/537.36 (KHTML, like Gecko; compatible; GPTBot/1.3; +https://openai.com/gptbot)"
57.141.0.1 - - [17/Dec/2025:01:09:58 +0000] "GET /2025/03/07/page/6/?fileloc=//sys/class/pci_bus/0000:05/subsystem/0000:06/subsystem/0000:05/subsystem/0000:0a/device/driver/0000:00:02.1/aer_rootport_total_err_nonfatal&path=//sys/class/pci_bus/0000:05/subsystem/0000:06/subsystem/0000:05/subsystem/0000:0a/device/driver/0000:00:02.1 HTTP/1.1" 200 262209 "-" "meta-externalagent/1.1 (+https://developers.facebook.com/docs/sharing/webmasters/crawler)"
57.141.0.56 - - [17/Dec/2025:01:09:58 +0000] "GET /karamba-spielsaal-erfahrungen-angeschlossen-testbericht-werfen-sie-einen-blick-auf-den-link-within-2025-pro-teutonia/?path=//sys/class/pci_bus/0000:0b/subsystem/0000:06/subsystem/0000:08/subsystem/0000:07/subsystem/0000:0b HTTP/1.1" 200 262248 "-" "meta-externalagent/1.1 (+https://developers.facebook.com/docs/sharing/webmasters/crawler)"
54.37.252.212 - - [17/Dec/2025:01:09:59 +0000] "GET /?fileloc=//proc/46/uid_map&path=//proc/46 HTTP/1.1" 200 45437 "-" "Mozilla/5.0 (compatible; MJ12bot/v1.4.8; http://mj12bot.com/)"
216.73.216.115 - - [17/Dec/2025:01:10:01 +0000] "GET /entity/600339991.htm HTTP/1.1" 301 5 "-" "Mozilla/5.0 AppleWebKit/537.36 (KHTML, like Gecko; compatible; ClaudeBot/1.0; +claudebot@anthropic.com)"
216.73.216.115 - - [17/Dec/2025:01:10:02 +0000] "GET /entity/600339991.htm/ HTTP/1.1" 200 45437 "https://datainsightnow.com/entity/600339991.htm" "Mozilla/5.0 AppleWebKit/537.36 (KHTML, like Gecko; compatible; ClaudeBot/1.0; +claudebot@anthropic.com)"
57.141.0.18 - - [17/Dec/2025:01:10:02 +0000] "GET /moneysense-self-help-guide-to-the-ideal-profile/?fileloc=//sys/class/pci_bus/0000:0f/subsystem/0000:00/device/0000:00:02.1/0000:02:00.0/0000:03:01.0/power/wakeup_total_time_ms&path=//sys/class/pci_bus/0000:0f/subsystem/0000:00/device/0000:00:02.1/0000:02:00.0/0000:03:01.0/power HTTP/1.1" 200 262248 "-" "meta-externalagent/1.1 (+https://developers.facebook.com/docs/sharing/webmasters/crawler)"
54.37.252.212 - - [17/Dec/2025:01:10:04 +0000] "GET /?fileloc=//proc/46/wchan&path=//proc/46 HTTP/1.1" 200 45437 "-" "Mozilla/5.0 (compatible; MJ12bot/v1.4.8; http://mj12bot.com/)"
216.73.216.115 - - [17/Dec/2025:01:10:04 +0000] "GET /entity/600267200.htm HTTP/1.1" 301 5 "-" "Mozilla/5.0 AppleWebKit/537.36 (KHTML, like Gecko; compatible; ClaudeBot/1.0; +claudebot@anthropic.com)"
57.141.0.1 - - [17/Dec/2025:01:10:04 +0000] "GET /2025/03/07/page/6/?fileloc=//sys/class/pci_bus/0000:0a/device/driver/0000:00:03.1/driver/0000:00:02.0/0000:01:00.0/subsystem_device&path=//sys/class/pci_bus/0000:0a/device/driver/0000:00:03.1/driver/0000:00:02.0/0000:01:00.0 HTTP/1.1" 200 262215 "-" "meta-externalagent/1.1 (+https://developers.facebook.com/docs/sharing/webmasters/crawler)"
216.73.216.115 - - [17/Dec/2025:01:10:04 +0000] "GET /entity/600267200.htm/ HTTP/1.1" 200 45437 "https://datainsightnow.com/entity/600267200.htm" "Mozilla/5.0 AppleWebKit/537.36 (KHTML, like Gecko; compatible; ClaudeBot/1.0; +claudebot@anthropic.com)"
74.7.241.13 - - [17/Dec/2025:01:10:04 +0000] "GET /index.php?rest_route=%2Foembed%2F1.0%2Fembed&url=https%3A%2F%2Fdatainsightnow.com%2F%3Fp%3D17183 HTTP/1.1" 200 1414 "-" "Mozilla/5.0 AppleWebKit/537.36 (KHTML, like Gecko; compatible; GPTBot/1.3; +https://openai.com/gptbot)"
57.141.0.46 - - [17/Dec/2025:01:10:05 +0000] "GET /2025/03/06/page/39/?fileloc=//sys/class/pci_bus/0000:02/device/subsystem/devices/0000:03:01.0/power/control&path=//sys/class/pci_bus/0000:02/device/subsystem/devices/0000:03:01.0/power HTTP/1.1" 200 262215 "-" "meta-externalagent/1.1 (+https://developers.facebook.com/docs/sharing/webmasters/crawler)"
57.141.0.30 - - [17/Dec/2025:01:10:07 +0000] "GET /2025/03/06/page/39/?path=//sys/class/pci_bus/0000:03/device/subsystem/slots/0-14 HTTP/1.1" 200 262215 "-" "meta-externalagent/1.1 (+https://developers.facebook.com/docs/sharing/webmasters/crawler)"
74.7.241.13 - - [17/Dec/2025:01:10:08 +0000] "GET /index.php?rest_route=%2Foembed%2F1.0%2Fembed&url=https%3A%2F%2Fdatainsightnow.com%2F%3Fp%3D16012 HTTP/1.1" 200 1292 "-" "Mozilla/5.0 AppleWebKit/537.36 (KHTML, like Gecko; compatible; GPTBot/1.3; +https://openai.com/gptbot)"
54.37.252.212 - - [17/Dec/2025:01:10:08 +0000] "GET /?fileloc=//proc/47/arch_status&path=//proc/47 HTTP/1.1" 200 45437 "-" "Mozilla/5.0 (compatible; MJ12bot/v1.4.8; http://mj12bot.com/)"
74.7.241.13 - - [17/Dec/2025:01:10:10 +0000] "GET /index.php?rest_route=%2Foembed%2F1.0%2Fembed&url=https%3A%2F%2Fdatainsightnow.com%2F%3Fp%3D34405 HTTP/1.1" 200 1277 "-" "Mozilla/5.0 AppleWebKit/537.36 (KHTML, like Gecko; compatible; GPTBot/1.3; +https://openai.com/gptbot)"
57.141.0.18 - - [17/Dec/2025:01:10:10 +0000] "GET /karamba-spielsaal-erfahrungen-angeschlossen-testbericht-werfen-sie-einen-blick-auf-den-link-within-2025-pro-teutonia/?path=//sys/class/pci_bus/0000:02/subsystem/0000:0a/subsystem/0000:11/subsystem/0000:0e/subsystem/0000:0f/subsystem/0000:08 HTTP/1.1" 200 262216 "-" "meta-externalagent/1.1 (+https://developers.facebook.com/docs/sharing/webmasters/crawler)"
57.141.0.9 - - [17/Dec/2025:01:10:11 +0000] "GET /2025/03/07/page/6/?fileloc=//sys/class/pci_bus/0000:10/device/driver/0000:00:02.0/pci_bus/0000:01/subsystem/0000:0a/device/resource&path=//sys/class/pci_bus/0000:10/device/driver/0000:00:02.0/pci_bus/0000:01/subsystem/0000:0a/device HTTP/1.1" 200 262264 "-" "meta-externalagent/1.1 (+https://developers.facebook.com/docs/sharing/webmasters/crawler)"
74.7.241.13 - - [17/Dec/2025:01:10:11 +0000] "GET /index.php?rest_route=%2Foembed%2F1.0%2Fembed&url=https%3A%2F%2Fdatainsightnow.com%2F%3Fp%3D29981 HTTP/1.1" 200 1248 "-" "Mozilla/5.0 AppleWebKit/537.36 (KHTML, like Gecko; compatible; GPTBot/1.3; +https://openai.com/gptbot)"
217.113.194.214 - - [17/Dec/2025:01:10:12 +0000] "GET /?fileloc=//lib/firmware/cirrus/cs35l41-dsp1-spk-cali-10280cbe-spkid0.bin.zst&path=//lib/firmware/cirrus HTTP/1.1" 200 45437 "-" "Mozilla/5.0 (compatible; Barkrowler/0.9; +https://babbar.tech/crawler)"
66.249.77.100 - - [17/Dec/2025:01:10:13 +0000] "GET /entity/765892520.htm HTTP/1.1" 200 29567 "-" "Mozilla/5.0 (Linux; Android 6.0.1; Nexus 5X Build/MMB29P) AppleWebKit/537.36 (KHTML, like Gecko) Chrome/141.0.7390.122 Mobile Safari/537.36 (compatible; Googlebot/2.1; +http://www.google.com/bot.html)"
57.141.0.45 - - [17/Dec/2025:01:10:13 +0000] "GET /karamba-spielsaal-erfahrungen-angeschlossen-testbericht-werfen-sie-einen-blick-auf-den-link-within-2025-pro-teutonia/?path=//sys/class/pci_bus/0000:0a/subsystem/0000:0c/subsystem/0000:13/device/firmware_node/wakeup HTTP/1.1" 200 262209 "-" "meta-externalagent/1.1 (+https://developers.facebook.com/docs/sharing/webmasters/crawler)"
57.141.0.54 - - [17/Dec/2025:01:10:13 +0000] "GET /2025/03/06/page/39/?fileloc=//sys/class/pci_bus/0000:02/device/driver/0000:00:04.0/driver/0000:00:03.7/driver/0000:00:02.0/current_link_width&path=//sys/class/pci_bus/0000:02/device/driver/0000:00:04.0/driver/0000:00:03.7/driver/0000:00:02.0 HTTP/1.1" 200 262264 "-" "meta-externalagent/1.1 (+https://developers.facebook.com/docs/sharing/webmasters/crawler)"
54.37.252.212 - - [17/Dec/2025:01:10:13 +0000] "GET /?fileloc=//proc/47/autogroup&path=//proc/47 HTTP/1.1" 200 45437 "-" "Mozilla/5.0 (compatible; MJ12bot/v1.4.8; http://mj12bot.com/)"
74.7.241.13 - - [17/Dec/2025:01:10:14 +0000] "GET /index.php?rest_route=%2Foembed%2F1.0%2Fembed&url=https%3A%2F%2Fdatainsightnow.com%2F%3Fp%3D41669 HTTP/1.1" 200 1281 "-" "Mozilla/5.0 AppleWebKit/537.36 (KHTML, like Gecko; compatible; GPTBot/1.3; +https://openai.com/gptbot)"
57.141.0.47 - - [17/Dec/2025:01:10:16 +0000] "GET /2025/03/07/page/6/?fileloc=//sys/class/pci_bus/0000:0f/subsystem/0000:0d/device/driver/0000:00:03.5/driver/0000:00:03.5/ari_enabled&path=//sys/class/pci_bus/0000:0f/subsystem/0000:0d/device/driver/0000:00:03.5/driver/0000:00:03.5 HTTP/1.1" 200 262264 "-" "meta-externalagent/1.1 (+https://developers.facebook.com/docs/sharing/webmasters/crawler)"
57.141.0.48 - - [17/Dec/2025:01:10:17 +0000] "GET /2025/03/07/page/6/?fileloc=//sys/class/pci_bus/0000:03/subsystem/0000:01/subsystem/0000:06/device/driver/0000:00:03.6/power_state&path=//sys/class/pci_bus/0000:03/subsystem/0000:01/subsystem/0000:06/device/driver/0000:00:03.6 HTTP/1.1" 200 262209 "-" "meta-externalagent/1.1 (+https://developers.facebook.com/docs/sharing/webmasters/crawler)"
54.37.252.212 - - [17/Dec/2025:01:10:17 +0000] "GET /?fileloc=//proc/47/auxv&path=//proc/47 HTTP/1.1" 200 45437 "-" "Mozilla/5.0 (compatible; MJ12bot/v1.4.8; http://mj12bot.com/)"
74.7.241.13 - - [17/Dec/2025:01:10:17 +0000] "GET /index.php?rest_route=%2Foembed%2F1.0%2Fembed&url=https%3A%2F%2Fdatainsightnow.com%2F%3Fp%3D31927 HTTP/1.1" 200 1277 "-" "Mozilla/5.0 AppleWebKit/537.36 (KHTML, like Gecko; compatible; GPTBot/1.3; +https://openai.com/gptbot)"
57.141.0.32 - - [17/Dec/2025:01:10:18 +0000] "GET /karamba-spielsaal-erfahrungen-angeschlossen-testbericht-werfen-sie-einen-blick-auf-den-link-within-2025-pro-teutonia/?path=//sys/class/pci_bus/0000:08/subsystem/0000:05/device/driver/0000:00:02.0/driver/0000:00:03.7/driver/0000:00:02.0/0000:00:02.0:pcie001/driver HTTP/1.1" 200 262209 "-" "meta-externalagent/1.1 (+https://developers.facebook.com/docs/sharing/webmasters/crawler)"
57.141.0.62 - - [17/Dec/2025:01:10:18 +0000] "GET /2025/03/07/page/6/?path=//sys/class/pci_bus/0000:06/subsystem/0000:01/subsystem/0000:07/device/subsystem/slots/0-9 HTTP/1.1" 200 262217 "-" "meta-externalagent/1.1 (+https://developers.facebook.com/docs/sharing/webmasters/crawler)"
74.7.241.13 - - [17/Dec/2025:01:10:20 +0000] "GET /index.php?rest_route=%2Foembed%2F1.0%2Fembed&url=https%3A%2F%2Fdatainsightnow.com%2F%3Fp%3D30495 HTTP/1.1" 200 1357 "-" "Mozilla/5.0 AppleWebKit/537.36 (KHTML, like Gecko; compatible; GPTBot/1.3; +https://openai.com/gptbot)"
54.37.252.212 - - [17/Dec/2025:01:10:21 +0000] "GET /?fileloc=//proc/47/cgroup&path=//proc/47 HTTP/1.1" 200 45437 "-" "Mozilla/5.0 (compatible; MJ12bot/v1.4.8; http://mj12bot.com/)"
57.141.0.44 - - [17/Dec/2025:01:10:22 +0000] "GET /karamba-spielsaal-erfahrungen-angeschlossen-testbericht-werfen-sie-einen-blick-auf-den-link-within-2025-pro-teutonia/?fileloc=//sys/class/pci_bus/0000:04/device/driver/0000:00:02.3/subsystem/devices/0000:00:02.3/driver/0000:00:02.4/consistent_dma_mask_bits&path=//sys/class/pci_bus/0000:04/device/driver/0000:00:02.3/subsystem/devices/0000:00:02.3/driver/0000:00:02.4 HTTP/1.1" 200 262209 "-" "meta-externalagent/1.1 (+https://developers.facebook.com/docs/sharing/webmasters/crawler)"
57.141.0.49 - - [17/Dec/2025:01:10:24 +0000] "GET /2025/03/07/page/6/?path=//sys/class/pci_bus/0000:02/subsystem/0000:02/device/driver/0000:00:02.6/driver/0000:00:03.7/driver HTTP/1.1" 200 262264 "-" "meta-externalagent/1.1 (+https://developers.facebook.com/docs/sharing/webmasters/crawler)"
74.7.241.13 - - [17/Dec/2025:01:10:24 +0000] "GET /?cat=1&paged=636 HTTP/1.1" 200 37662 "-" "Mozilla/5.0 AppleWebKit/537.36 (KHTML, like Gecko; compatible; GPTBot/1.3; +https://openai.com/gptbot)"
54.37.252.212 - - [17/Dec/2025:01:10:25 +0000] "GET /?fileloc=//proc/47/clear_refs&path=//proc/47 HTTP/1.1" 200 45437 "-" "Mozilla/5.0 (compatible; MJ12bot/v1.4.8; http://mj12bot.com/)"
74.7.241.13 - - [17/Dec/2025:01:10:27 +0000] "GET /index.php?rest_route=%2Foembed%2F1.0%2Fembed&url=https%3A%2F%2Fdatainsightnow.com%2F%3Fp%3D28089 HTTP/1.1" 200 1306 "-" "Mozilla/5.0 AppleWebKit/537.36 (KHTML, like Gecko; compatible; GPTBot/1.3; +https://openai.com/gptbot)"
114.119.158.156 - - [17/Dec/2025:01:10:27 +0000] "GET /zodiac-kasino-erfahrungen-2024-480-bonus-80-freispiele/?path=//sys/dev/char/5:1/subsystem/tty44/subsystem/tty6/subsystem/ttyS12/subsystem/ttyS9 HTTP/1.1" 200 45438 "https://datainsightnow.com/zodiac-kasino-erfahrungen-2024-480-bonus-80-freispiele/?path=//sys/dev/char/5%3A1/subsystem/tty44/subsystem/tty6/subsystem/ttyS12/subsystem" "Mozilla/5.0 (Linux; Android 7.0;) AppleWebKit/537.36 (KHTML, like Gecko) Mobile Safari/537.36 (compatible; PetalBot;+https://webmaster.petalsearch.com/site/petalbot)"
217.113.194.214 - - [17/Dec/2025:01:10:27 +0000] "GET /?fileloc=//lib/firmware/cirrus/cs35l41-dsp1-spk-cali-10280b27-spkid1.bin.zst&path=//lib/firmware/cirrus HTTP/1.1" 200 45437 "-" "Mozilla/5.0 (compatible; Barkrowler/0.9; +https://babbar.tech/crawler)"
54.37.252.212 - - [17/Dec/2025:01:10:29 +0000] "GET /?fileloc=//proc/47/cmdline&path=//proc/47 HTTP/1.1" 200 45437 "-" "Mozilla/5.0 (compatible; MJ12bot/v1.4.8; http://mj12bot.com/)"
74.7.241.13 - - [17/Dec/2025:01:10:30 +0000] "GET /index.php?rest_route=%2Foembed%2F1.0%2Fembed&url=https%3A%2F%2Fdatainsightnow.com%2F%3Fp%3D36147 HTTP/1.1" 200 1266 "-" "Mozilla/5.0 AppleWebKit/537.36 (KHTML, like Gecko; compatible; GPTBot/1.3; +https://openai.com/gptbot)"
66.135.21.75 - - [17/Dec/2025:01:10:33 +0000] "POST /wp-cron.php?doing_wp_cron=1765933833.3059740066528320312500 HTTP/1.1" 200 31 "-" "WordPress/6.3.1; https://datainsightnow.com"
74.7.241.13 - - [17/Dec/2025:01:10:33 +0000] "GET /index.php?rest_route=%2Foembed%2F1.0%2Fembed&url=https%3A%2F%2Fdatainsightnow.com%2F%3Fp%3D47327 HTTP/1.1" 200 1422 "-" "Mozilla/5.0 AppleWebKit/537.36 (KHTML, like Gecko; compatible; GPTBot/1.3; +https://openai.com/gptbot)"
54.37.252.212 - - [17/Dec/2025:01:10:33 +0000] "GET /?fileloc=//proc/47/comm&path=//proc/47 HTTP/1.1" 200 45437 "-" "Mozilla/5.0 (compatible; MJ12bot/v1.4.8; http://mj12bot.com/)"
57.141.0.38 - - [17/Dec/2025:01:10:35 +0000] "GET /karamba-spielsaal-erfahrungen-angeschlossen-testbericht-werfen-sie-einen-blick-auf-den-link-within-2025-pro-teutonia/?path=//sys/class/pci_bus/0000:0f/subsystem/0000:0b/subsystem/0000:01/device/driver/0000:00:02.0/driver/0000:00:04.0 HTTP/1.1" 200 262264 "-" "meta-externalagent/1.1 (+https://developers.facebook.com/docs/sharing/webmasters/crawler)"
74.7.241.13 - - [17/Dec/2025:01:10:36 +0000] "GET /index.php?rest_route=%2Foembed%2F1.0%2Fembed&url=https%3A%2F%2Fdatainsightnow.com%2F%3Fp%3D16709 HTTP/1.1" 200 1291 "-" "Mozilla/5.0 AppleWebKit/537.36 (KHTML, like Gecko; compatible; GPTBot/1.3; +https://openai.com/gptbot)"
54.37.252.212 - - [17/Dec/2025:01:10:38 +0000] "GET /?fileloc=//proc/47/coredump_filter&path=//proc/47 HTTP/1.1" 200 45437 "-" "Mozilla/5.0 (compatible; MJ12bot/v1.4.8; http://mj12bot.com/)"
57.141.0.58 - - [17/Dec/2025:01:10:38 +0000] "GET /2025/03/07/page/6/?fileloc=//sys/class/pci_bus/0000:05/subsystem/0000:0b/device/firmware_node/physical_node/driver/0000:00:02.4/power/control&path=//sys/class/pci_bus/0000:05/subsystem/0000:0b/device/firmware_node/physical_node/driver/0000:00:02.4/power HTTP/1.1" 200 262209 "-" "meta-externalagent/1.1 (+https://developers.facebook.com/docs/sharing/webmasters/crawler)"
74.7.241.13 - - [17/Dec/2025:01:10:39 +0000] "GET /index.php?rest_route=%2Foembed%2F1.0%2Fembed&url=https%3A%2F%2Fdatainsightnow.com%2F%3Fp%3D40619 HTTP/1.1" 200 1242 "-" "Mozilla/5.0 AppleWebKit/537.36 (KHTML, like Gecko; compatible; GPTBot/1.3; +https://openai.com/gptbot)"
54.37.252.212 - - [17/Dec/2025:01:10:42 +0000] "GET /?fileloc=//proc/47/cpu_resctrl_groups&path=//proc/47 HTTP/1.1" 200 45437 "-" "Mozilla/5.0 (compatible; MJ12bot/v1.4.8; http://mj12bot.com/)"
74.7.241.13 - - [17/Dec/2025:01:10:42 +0000] "GET /index.php?rest_route=%2Foembed%2F1.0%2Fembed&url=https%3A%2F%2Fdatainsightnow.com%2F%3Fp%3D25010 HTTP/1.1" 200 1296 "-" "Mozilla/5.0 AppleWebKit/537.36 (KHTML, like Gecko; compatible; GPTBot/1.3; +https://openai.com/gptbot)"
57.141.0.60 - - [17/Dec/2025:01:10:43 +0000] "GET /karamba-spielsaal-erfahrungen-angeschlossen-testbericht-werfen-sie-einen-blick-auf-den-link-within-2025-pro-teutonia/?path=//sys/class/pci_bus/0000:0f/subsystem/0000:02/device/driver/0000:00:02.7/driver/0000:00:03.3/driver/0000:00:02.4/driver HTTP/1.1" 200 262209 "-" "meta-externalagent/1.1 (+https://developers.facebook.com/docs/sharing/webmasters/crawler)"
57.141.0.13 - - [17/Dec/2025:01:10:45 +0000] "GET /karamba-spielsaal-erfahrungen-angeschlossen-testbericht-werfen-sie-einen-blick-auf-den-link-within-2025-pro-teutonia/?fileloc=//sys/class/pci_bus/0000:06/subsystem/0000:13/subsystem/0000:04/device/subsystem/devices/0000:00:1f.3/numa_node&path=//sys/class/pci_bus/0000:06/subsystem/0000:13/subsystem/0000:04/device/subsystem/devices/0000:00:1f.3 HTTP/1.1" 200 262209 "-" "meta-externalagent/1.1 (+https://developers.facebook.com/docs/sharing/webmasters/crawler)"
74.7.241.13 - - [17/Dec/2025:01:10:45 +0000] "GET /index.php?rest_route=%2Foembed%2F1.0%2Fembed&url=https%3A%2F%2Fdatainsightnow.com%2F%3Fp%3D11991 HTTP/1.1" 200 1361 "-" "Mozilla/5.0 AppleWebKit/537.36 (KHTML, like Gecko; compatible; GPTBot/1.3; +https://openai.com/gptbot)"
54.37.252.212 - - [17/Dec/2025:01:10:46 +0000] "GET /?fileloc=//proc/47/cpuset&path=//proc/47 HTTP/1.1" 200 45437 "-" "Mozilla/5.0 (compatible; MJ12bot/v1.4.8; http://mj12bot.com/)"
217.113.194.61 - - [17/Dec/2025:01:10:47 +0000] "GET /?fileloc=//lib/python3.12/lib-dynload/_hashlib.cpython-312-x86_64-linux-gnu.so&path=//lib/python3.12/lib-dynload HTTP/1.1" 200 45437 "-" "Mozilla/5.0 (compatible; Barkrowler/0.9; +https://babbar.tech/crawler)"
57.141.0.58 - - [17/Dec/2025:01:10:47 +0000] "GET /karamba-spielsaal-erfahrungen-angeschlossen-testbericht-werfen-sie-einen-blick-auf-den-link-within-2025-pro-teutonia/?fileloc=//sys/class/pci_bus/0000:0b/subsystem/0000:01/subsystem/0000:12/subsystem/0000:0d/subsystem/0000:08/uevent&path=//sys/class/pci_bus/0000:0b/subsystem/0000:01/subsystem/0000:12/subsystem/0000:0d/subsystem/0000:08 HTTP/1.1" 200 262264 "-" "meta-externalagent/1.1 (+https://developers.facebook.com/docs/sharing/webmasters/crawler)"
74.7.241.13 - - [17/Dec/2025:01:10:48 +0000] "GET /index.php?rest_route=%2Foembed%2F1.0%2Fembed&url=https%3A%2F%2Fdatainsightnow.com%2F%3Fp%3D20529 HTTP/1.1" 200 1284 "-" "Mozilla/5.0 AppleWebKit/537.36 (KHTML, like Gecko; compatible; GPTBot/1.3; +https://openai.com/gptbot)"
57.141.0.4 - - [17/Dec/2025:01:10:49 +0000] "GET /moneysense-self-help-guide-to-the-ideal-profile/?fileloc=//sys/class/pci_bus/0000:13/device/driver/0000:00:03.2/subsystem/devices/0000:00:03.6/subsystem/devices/0000:00:1f.0/modalias&path=//sys/class/pci_bus/0000:13/device/driver/0000:00:03.2/subsystem/devices/0000:00:03.6/subsystem/devices/0000:00:1f.0 HTTP/1.1" 200 262209 "-" "meta-externalagent/1.1 (+https://developers.facebook.com/docs/sharing/webmasters/crawler)"
54.37.252.212 - - [17/Dec/2025:01:10:50 +0000] "GET /?fileloc=//proc/47/environ&path=//proc/47 HTTP/1.1" 200 45437 "-" "Mozilla/5.0 (compatible; MJ12bot/v1.4.8; http://mj12bot.com/)"
66.135.21.75 - - [17/Dec/2025:01:10:52 +0000] "POST /wp-cron.php?doing_wp_cron=1765933852.0992031097412109375000 HTTP/1.1" 200 31 "-" "WordPress/6.3.1; https://datainsightnow.com"
74.7.241.13 - - [17/Dec/2025:01:10:52 +0000] "GET /index.php?rest_route=%2Foembed%2F1.0%2Fembed&url=https%3A%2F%2Fdatainsightnow.com%2F%3Fp%3D12249 HTTP/1.1" 200 1288 "-" "Mozilla/5.0 AppleWebKit/537.36 (KHTML, like Gecko; compatible; GPTBot/1.3; +https://openai.com/gptbot)"
216.73.216.115 - - [17/Dec/2025:01:10:52 +0000] "GET /entity/600163600.htm HTTP/1.1" 301 5 "-" "Mozilla/5.0 AppleWebKit/537.36 (KHTML, like Gecko; compatible; ClaudeBot/1.0; +claudebot@anthropic.com)"
216.73.216.115 - - [17/Dec/2025:01:10:53 +0000] "GET /entity/600163600.htm/ HTTP/1.1" 200 45437 "https://datainsightnow.com/entity/600163600.htm" "Mozilla/5.0 AppleWebKit/537.36 (KHTML, like Gecko; compatible; ClaudeBot/1.0; +claudebot@anthropic.com)"
57.141.0.47 - - [17/Dec/2025:01:10:53 +0000] "GET /2025/03/13/?fileloc=//sys/class/pci_bus/0000:04/subsystem/0000:0c/device/driver/0000:00:02.7/driver/0000:00:03.0/reset_subordinate&path=//sys/class/pci_bus/0000:04/subsystem/0000:0c/device/driver/0000:00:02.7/driver/0000:00:03.0 HTTP/1.1" 200 262264 "-" "meta-externalagent/1.1 (+https://developers.facebook.com/docs/sharing/webmasters/crawler)"
54.37.252.212 - - [17/Dec/2025:01:10:54 +0000] "GET /?fileloc=//proc/47/gid_map&path=//proc/47 HTTP/1.1" 200 45437 "-" "Mozilla/5.0 (compatible; MJ12bot/v1.4.8; http://mj12bot.com/)"
216.73.216.115 - - [17/Dec/2025:01:10:55 +0000] "GET /entity/600330143.htm HTTP/1.1" 301 5 "-" "Mozilla/5.0 AppleWebKit/537.36 (KHTML, like Gecko; compatible; ClaudeBot/1.0; +claudebot@anthropic.com)"
185.191.171.4 - - [17/Dec/2025:01:10:55 +0000] "GET /?p=29627 HTTP/1.1" 200 42465 "-" "Mozilla/5.0 (compatible; SemrushBot/7~bl; +http://www.semrush.com/bot.html)"
74.7.241.13 - - [17/Dec/2025:01:10:55 +0000] "GET /?p=35483 HTTP/1.1" 200 41531 "-" "Mozilla/5.0 AppleWebKit/537.36 (KHTML, like Gecko; compatible; GPTBot/1.3; +https://openai.com/gptbot)"
216.73.216.115 - - [17/Dec/2025:01:10:56 +0000] "GET /entity/600330143.htm/ HTTP/1.1" 200 45437 "https://datainsightnow.com/entity/600330143.htm" "Mozilla/5.0 AppleWebKit/537.36 (KHTML, like Gecko; compatible; ClaudeBot/1.0; +claudebot@anthropic.com)"
57.141.0.57 - - [17/Dec/2025:01:10:56 +0000] "GET /2025/03/13/?fileloc=//sys/class/pci_bus/0000:04/subsystem/0000:08/subsystem/0000:07/device/power/wakeup_last_time_ms&path=//sys/class/pci_bus/0000:04/subsystem/0000:08/subsystem/0000:07/device/power HTTP/1.1" 200 262248 "-" "meta-externalagent/1.1 (+https://developers.facebook.com/docs/sharing/webmasters/crawler)"
57.141.0.2 - - [17/Dec/2025:01:10:57 +0000] "GET /2025/03/07/page/6/?fileloc=//sys/class/pci_bus/0000:05/subsystem/0000:11/subsystem/0000:0d/subsystem/0000:10/subsystem/0000:0c/subsystem/0000:13/uevent&path=//sys/class/pci_bus/0000:05/subsystem/0000:11/subsystem/0000:0d/subsystem/0000:10/subsystem/0000:0c/subsystem/0000:13 HTTP/1.1" 200 262209 "-" "meta-externalagent/1.1 (+https://developers.facebook.com/docs/sharing/webmasters/crawler)"
57.141.0.6 - - [17/Dec/2025:01:10:57 +0000] "GET /2025/03/06/page/39/?fileloc=//sys/class/pci_bus/0000:09/subsystem/0000:07/subsystem/0000:07/subsystem/0000:0c/device/driver/0000:00:02.4/revision&path=//sys/class/pci_bus/0000:09/subsystem/0000:07/subsystem/0000:07/subsystem/0000:0c/device/driver/0000:00:02.4 HTTP/1.1" 200 262209 "-" "meta-externalagent/1.1 (+https://developers.facebook.com/docs/sharing/webmasters/crawler)"
54.37.252.212 - - [17/Dec/2025:01:10:58 +0000] "GET /?fileloc=//proc/47/io&path=//proc/47 HTTP/1.1" 200 45437 "-" "Mozilla/5.0 (compatible; MJ12bot/v1.4.8; http://mj12bot.com/)"
74.7.241.13 - - [17/Dec/2025:01:10:59 +0000] "GET /?cat=1&paged=635 HTTP/1.1" 200 37434 "-" "Mozilla/5.0 AppleWebKit/537.36 (KHTML, like Gecko; compatible; GPTBot/1.3; +https://openai.com/gptbot)"
57.141.0.74 - - [17/Dec/2025:01:10:59 +0000] "GET /karamba-spielsaal-erfahrungen-angeschlossen-testbericht-werfen-sie-einen-blick-auf-den-link-within-2025-pro-teutonia/?fileloc=//sys/class/pci_bus/0000:02/device/pci_bus/0000:02/subsystem/0000:13/subsystem/0000:0e/uevent&path=//sys/class/pci_bus/0000:02/device/pci_bus/0000:02/subsystem/0000:13/subsystem/0000:0e HTTP/1.1" 200 262264 "-" "meta-externalagent/1.1 (+https://developers.facebook.com/docs/sharing/webmasters/crawler)"
57.141.0.55 - - [17/Dec/2025:01:11:00 +0000] "GET /karamba-spielsaal-erfahrungen-angeschlossen-testbericht-werfen-sie-einen-blick-auf-den-link-within-2025-pro-teutonia/?fileloc=//sys/class/pci_bus/0000:06/subsystem/0000:06/subsystem/0000:07/subsystem/0000:0b/device/driver/0000:00:04.0/enable&path=//sys/class/pci_bus/0000:06/subsystem/0000:06/subsystem/0000:07/subsystem/0000:0b/device/driver/0000:00:04.0 HTTP/1.1" 200 262264 "-" "meta-externalagent/1.1 (+https://developers.facebook.com/docs/sharing/webmasters/crawler)"
74.7.241.13 - - [17/Dec/2025:01:11:01 +0000] "GET /index.php?rest_route=%2Foembed%2F1.0%2Fembed&url=https%3A%2F%2Fdatainsightnow.com%2F%3Fp%3D41465 HTTP/1.1" 200 1273 "-" "Mozilla/5.0 AppleWebKit/537.36 (KHTML, like Gecko; compatible; GPTBot/1.3; +https://openai.com/gptbot)"
54.37.252.212 - - [17/Dec/2025:01:11:02 +0000] "GET /?fileloc=//proc/47/ksm_stat&path=//proc/47 HTTP/1.1" 200 45437 "-" "Mozilla/5.0 (compatible; MJ12bot/v1.4.8; http://mj12bot.com/)"
74.7.241.13 - - [17/Dec/2025:01:11:05 +0000] "GET /index.php?rest_route=%2Foembed%2F1.0%2Fembed&url=https%3A%2F%2Fdatainsightnow.com%2F%3Fp%3D18782 HTTP/1.1" 200 1251 "-" "Mozilla/5.0 AppleWebKit/537.36 (KHTML, like Gecko; compatible; GPTBot/1.3; +https://openai.com/gptbot)"
217.113.194.60 - - [17/Dec/2025:01:11:05 +0000] "GET /?fileloc=/opt/wpsites/datainsightnow.com/wp-includes/IXR/class-IXR-value.php&path=/opt/wpsites/datainsightnow.com/wp-includes/IXR HTTP/1.1" 200 45437 "-" "Mozilla/5.0 (compatible; Barkrowler/0.9; +https://babbar.tech/crawler)"
54.37.252.212 - - [17/Dec/2025:01:11:06 +0000] "GET /?fileloc=//proc/47/numa_maps&path=//proc/47 HTTP/1.1" 200 45437 "-" "Mozilla/5.0 (compatible; MJ12bot/v1.4.8; http://mj12bot.com/)"
74.7.241.13 - - [17/Dec/2025:01:11:08 +0000] "GET /index.php?rest_route=%2Foembed%2F1.0%2Fembed&url=https%3A%2F%2Fdatainsightnow.com%2F%3Fp%3D17285 HTTP/1.1" 200 1264 "-" "Mozilla/5.0 AppleWebKit/537.36 (KHTML, like Gecko; compatible; GPTBot/1.3; +https://openai.com/gptbot)"
57.141.0.3 - - [17/Dec/2025:01:11:10 +0000] "GET /karamba-spielsaal-erfahrungen-angeschlossen-testbericht-werfen-sie-einen-blick-auf-den-link-within-2025-pro-teutonia/?fileloc=//sys/class/pci_bus/0000:0a/subsystem/0000:00/subsystem/0000:00/device/0000:00:02.4/0000:06:00.0/local_cpulist&path=//sys/class/pci_bus/0000:0a/subsystem/0000:00/subsystem/0000:00/device/0000:00:02.4/0000:06:00.0 HTTP/1.1" 200 262248 "-" "meta-externalagent/1.1 (+https://developers.facebook.com/docs/sharing/webmasters/crawler)"
54.37.252.212 - - [17/Dec/2025:01:11:10 +0000] "GET /?fileloc=//proc/50/latency&path=//proc/50 HTTP/1.1" 200 45437 "-" "Mozilla/5.0 (compatible; MJ12bot/v1.4.8; http://mj12bot.com/)"
74.7.241.13 - - [17/Dec/2025:01:11:11 +0000] "GET /index.php?rest_route=%2Foembed%2F1.0%2Fembed&url=https%3A%2F%2Fdatainsightnow.com%2F%3Fp%3D47577 HTTP/1.1" 200 1315 "-" "Mozilla/5.0 AppleWebKit/537.36 (KHTML, like Gecko; compatible; GPTBot/1.3; +https://openai.com/gptbot)"
57.141.0.37 - - [17/Dec/2025:01:11:11 +0000] "GET /karamba-spielsaal-erfahrungen-angeschlossen-testbericht-werfen-sie-einen-blick-auf-den-link-within-2025-pro-teutonia/?fileloc=//sys/class/pci_bus/0000:0a/subsystem/0000:02/subsystem/0000:01/subsystem/0000:10/uevent&path=//sys/class/pci_bus/0000:0a/subsystem/0000:02/subsystem/0000:01/subsystem/0000:10 HTTP/1.1" 200 262264 "-" "meta-externalagent/1.1 (+https://developers.facebook.com/docs/sharing/webmasters/crawler)"
57.141.0.43 - - [17/Dec/2025:01:11:11 +0000] "GET /karamba-spielsaal-erfahrungen-angeschlossen-testbericht-werfen-sie-einen-blick-auf-den-link-within-2025-pro-teutonia/?fileloc=//sys/class/pci_bus/0000:13/subsystem/0000:0d/subsystem/0000:0f/device/subsystem/devices/0000:00:02.2/local_cpulist&path=//sys/class/pci_bus/0000:13/subsystem/0000:0d/subsystem/0000:0f/device/subsystem/devices/0000:00:02.2 HTTP/1.1" 200 262215 "-" "meta-externalagent/1.1 (+https://developers.facebook.com/docs/sharing/webmasters/crawler)"
57.141.0.16 - - [17/Dec/2025:01:11:14 +0000] "GET /2025/03/06/page/39/?fileloc=//sys/class/pci_bus/0000:03/subsystem/0000:06/subsystem/0000:01/device/driver/0000:00:02.1/modalias&path=//sys/class/pci_bus/0000:03/subsystem/0000:06/subsystem/0000:01/device/driver/0000:00:02.1 HTTP/1.1" 200 262209 "-" "meta-externalagent/1.1 (+https://developers.facebook.com/docs/sharing/webmasters/crawler)"
74.7.241.13 - - [17/Dec/2025:01:11:14 +0000] "GET /index.php?rest_route=%2Foembed%2F1.0%2Fembed&url=https%3A%2F%2Fdatainsightnow.com%2F%3Fp%3D12275 HTTP/1.1" 200 1306 "-" "Mozilla/5.0 AppleWebKit/537.36 (KHTML, like Gecko; compatible; GPTBot/1.3; +https://openai.com/gptbot)"
57.141.0.52 - - [17/Dec/2025:01:11:15 +0000] "GET /2025/03/07/page/6/?fileloc=//sys/class/pci_bus/0000:0f/subsystem/0000:0a/device/driver/0000:00:03.1/driver/unbind&path=//sys/class/pci_bus/0000:0f/subsystem/0000:0a/device/driver/0000:00:03.1/driver HTTP/1.1" 200 262248 "-" "meta-externalagent/1.1 (+https://developers.facebook.com/docs/sharing/webmasters/crawler)"
54.37.252.212 - - [17/Dec/2025:01:11:15 +0000] "GET /?fileloc=//proc/50/maps&path=//proc/50 HTTP/1.1" 200 45437 "-" "Mozilla/5.0 (compatible; MJ12bot/v1.4.8; http://mj12bot.com/)"
74.7.241.13 - - [17/Dec/2025:01:11:17 +0000] "GET /index.php?rest_route=%2Foembed%2F1.0%2Fembed&url=https%3A%2F%2Fdatainsightnow.com%2F%3Fp%3D40175 HTTP/1.1" 200 1262 "-" "Mozilla/5.0 AppleWebKit/537.36 (KHTML, like Gecko; compatible; GPTBot/1.3; +https://openai.com/gptbot)"
54.37.252.212 - - [17/Dec/2025:01:11:19 +0000] "GET /?fileloc=//proc/54/coredump_filter&path=//proc/54 HTTP/1.1" 200 45437 "-" "Mozilla/5.0 (compatible; MJ12bot/v1.4.8; http://mj12bot.com/)"
216.73.216.115 - - [17/Dec/2025:01:11:19 +0000] "GET /entity/600165672.htm HTTP/1.1" 301 5 "-" "Mozilla/5.0 AppleWebKit/537.36 (KHTML, like Gecko; compatible; ClaudeBot/1.0; +claudebot@anthropic.com)"
57.141.0.62 - - [17/Dec/2025:01:11:20 +0000] "GET /2025/03/07/page/6/?fileloc=//sys/class/pci_bus/0000:06/subsystem/0000:0c/subsystem/0000:0b/subsystem/0000:00/device/0000:00:02.1/current_link_width&path=//sys/class/pci_bus/0000:06/subsystem/0000:0c/subsystem/0000:0b/subsystem/0000:00/device/0000:00:02.1 HTTP/1.1" 200 262264 "-" "meta-externalagent/1.1 (+https://developers.facebook.com/docs/sharing/webmasters/crawler)"
216.73.216.115 - - [17/Dec/2025:01:11:20 +0000] "GET /entity/600165672.htm/ HTTP/1.1" 200 45437 "https://datainsightnow.com/entity/600165672.htm" "Mozilla/5.0 AppleWebKit/537.36 (KHTML, like Gecko; compatible; ClaudeBot/1.0; +claudebot@anthropic.com)"
74.7.241.13 - - [17/Dec/2025:01:11:20 +0000] "GET /index.php?rest_route=%2Foembed%2F1.0%2Fembed&url=https%3A%2F%2Fdatainsightnow.com%2F%3Fp%3D43063 HTTP/1.1" 200 1295 "-" "Mozilla/5.0 AppleWebKit/537.36 (KHTML, like Gecko; compatible; GPTBot/1.3; +https://openai.com/gptbot)"
