216.73.216.115 - - [17/Dec/2025:00:35:06 +0000] "GET /entity/590826142.htm HTTP/1.1" 301 5 "-" "Mozilla/5.0 AppleWebKit/537.36 (KHTML, like Gecko; compatible; ClaudeBot/1.0; +claudebot@anthropic.com)"
216.73.216.115 - - [17/Dec/2025:00:35:07 +0000] "GET /entity/590826142.htm/ HTTP/1.1" 200 45437 "https://datainsightnow.com/entity/590826142.htm" "Mozilla/5.0 AppleWebKit/537.36 (KHTML, like Gecko; compatible; ClaudeBot/1.0; +claudebot@anthropic.com)"
57.141.0.68 - - [17/Dec/2025:00:35:07 +0000] "GET /2025/03/07/page/6/?fileloc=//sys/class/pci_bus/0000:05/subsystem/0000:05/device/driver/0000:00:02.1/driver/0000:00:02.1/resource0&path=//sys/class/pci_bus/0000:05/subsystem/0000:05/device/driver/0000:00:02.1/driver/0000:00:02.1 HTTP/1.1" 200 262264 "-" "meta-externalagent/1.1 (+https://developers.facebook.com/docs/sharing/webmasters/crawler)"
74.7.243.219 - - [17/Dec/2025:00:35:07 +0000] "GET /index.php?rest_route=%2Foembed%2F1.0%2Fembed&url=https%3A%2F%2Fdatainsightnow.com%2F%3Fp%3D14565 HTTP/1.1" 200 1270 "-" "Mozilla/5.0 AppleWebKit/537.36 (KHTML, like Gecko; compatible; GPTBot/1.3; +https://openai.com/gptbot)"
57.141.0.29 - - [17/Dec/2025:00:35:07 +0000] "GET /karamba-spielsaal-erfahrungen-angeschlossen-testbericht-werfen-sie-einen-blick-auf-den-link-within-2025-pro-teutonia/?fileloc=//sys/class/pci_bus/0000:08/subsystem/0000:0c/subsystem/0000:0c/subsystem/0000:05/subsystem/0000:0a/device/aer_rootport_total_err_cor&path=//sys/class/pci_bus/0000:08/subsystem/0000:0c/subsystem/0000:0c/subsystem/0000:05/subsystem/0000:0a/device HTTP/1.1" 200 262264 "-" "meta-externalagent/1.1 (+https://developers.facebook.com/docs/sharing/webmasters/crawler)"
216.73.216.115 - - [17/Dec/2025:00:35:09 +0000] "GET /entity/590888814.htm HTTP/1.1" 301 5 "-" "Mozilla/5.0 AppleWebKit/537.36 (KHTML, like Gecko; compatible; ClaudeBot/1.0; +claudebot@anthropic.com)"
57.141.0.35 - - [17/Dec/2025:00:35:09 +0000] "GET /2025/03/07/page/6/?path=//sys/class/pci_bus/0000:05/subsystem/0000:10/subsystem/0000:0f/subsystem/0000:09/device/0000:09:00.0/msi_irqs HTTP/1.1" 200 262209 "-" "meta-externalagent/1.1 (+https://developers.facebook.com/docs/sharing/webmasters/crawler)"
216.73.216.115 - - [17/Dec/2025:00:35:09 +0000] "GET /entity/590888814.htm/ HTTP/1.1" 200 45437 "https://datainsightnow.com/entity/590888814.htm" "Mozilla/5.0 AppleWebKit/537.36 (KHTML, like Gecko; compatible; ClaudeBot/1.0; +claudebot@anthropic.com)"
74.7.243.219 - - [17/Dec/2025:00:35:09 +0000] "GET /index.php?rest_route=%2Foembed%2F1.0%2Fembed&url=https%3A%2F%2Fdatainsightnow.com%2F%3Fp%3D38816 HTTP/1.1" 200 1271 "-" "Mozilla/5.0 AppleWebKit/537.36 (KHTML, like Gecko; compatible; GPTBot/1.3; +https://openai.com/gptbot)"
57.141.0.6 - - [17/Dec/2025:00:35:12 +0000] "GET /2025/03/07/page/6/?fileloc=//sys/class/pci_bus/0000:0f/subsystem/0000:03/subsystem/0000:04/subsystem/0000:04/subsystem/0000:06/device/0000:06:00.0/rescan&path=//sys/class/pci_bus/0000:0f/subsystem/0000:03/subsystem/0000:04/subsystem/0000:04/subsystem/0000:06/device/0000:06:00.0 HTTP/1.1" 200 262209 "-" "meta-externalagent/1.1 (+https://developers.facebook.com/docs/sharing/webmasters/crawler)"
74.7.243.219 - - [17/Dec/2025:00:35:12 +0000] "GET /index.php?rest_route=%2Foembed%2F1.0%2Fembed&url=https%3A%2F%2Fdatainsightnow.com%2F%3Fp%3D42245 HTTP/1.1" 200 1246 "-" "Mozilla/5.0 AppleWebKit/537.36 (KHTML, like Gecko; compatible; GPTBot/1.3; +https://openai.com/gptbot)"
217.113.194.61 - - [17/Dec/2025:00:35:15 +0000] "GET /register/?fileloc=/opt/wpsites/datainsightnow.com/wp-includes/css/wp-pointer-rtl.min.css&path=/opt/wpsites/datainsightnow.com/wp-includes/css HTTP/1.1" 200 45437 "-" "Mozilla/5.0 (compatible; Barkrowler/0.9; +https://babbar.tech/crawler)"
74.7.243.219 - - [17/Dec/2025:00:35:16 +0000] "GET /index.php?rest_route=%2Foembed%2F1.0%2Fembed&url=https%3A%2F%2Fdatainsightnow.com%2F%3Fp%3D37717 HTTP/1.1" 200 1258 "-" "Mozilla/5.0 AppleWebKit/537.36 (KHTML, like Gecko; compatible; GPTBot/1.3; +https://openai.com/gptbot)"
74.7.243.219 - - [17/Dec/2025:00:35:19 +0000] "GET /?p=15570 HTTP/1.1" 200 43433 "-" "Mozilla/5.0 AppleWebKit/537.36 (KHTML, like Gecko; compatible; GPTBot/1.3; +https://openai.com/gptbot)"
57.141.0.43 - - [17/Dec/2025:00:35:19 +0000] "GET /2025/03/07/page/6/?path=//sys/class/pci_bus/0000:07/subsystem/0000:09/subsystem/0000:07/device/subsystem/devices/0000:00:02.1/0000:00:02.1:pcie002 HTTP/1.1" 200 262209 "-" "meta-externalagent/1.1 (+https://developers.facebook.com/docs/sharing/webmasters/crawler)"
74.7.243.219 - - [17/Dec/2025:00:35:22 +0000] "GET /index.php?rest_route=%2Foembed%2F1.0%2Fembed&url=https%3A%2F%2Fdatainsightnow.com%2F%3Fp%3D31973 HTTP/1.1" 200 1287 "-" "Mozilla/5.0 AppleWebKit/537.36 (KHTML, like Gecko; compatible; GPTBot/1.3; +https://openai.com/gptbot)"
57.141.0.29 - - [17/Dec/2025:00:35:24 +0000] "GET /2025/03/07/page/6/?path=//sys/class/pci_bus/0000:05/subsystem/0000:11/subsystem/0000:07/device/driver/0000:00:03.5/driver/0000:00:02.3/0000:00:02.3:pcie010 HTTP/1.1" 200 262264 "-" "meta-externalagent/1.1 (+https://developers.facebook.com/docs/sharing/webmasters/crawler)"
57.141.0.45 - - [17/Dec/2025:00:35:25 +0000] "GET /2025/03/06/page/39/?fileloc=//sys/class/pci_bus/0000:09/subsystem/0000:0b/device/driver/0000:00:02.5/driver/0000:00:03.4/msi_bus&path=//sys/class/pci_bus/0000:09/subsystem/0000:0b/device/driver/0000:00:02.5/driver/0000:00:03.4 HTTP/1.1" 200 262264 "-" "meta-externalagent/1.1 (+https://developers.facebook.com/docs/sharing/webmasters/crawler)"
74.7.243.219 - - [17/Dec/2025:00:35:25 +0000] "GET /?p=14553 HTTP/1.1" 200 42207 "-" "Mozilla/5.0 AppleWebKit/537.36 (KHTML, like Gecko; compatible; GPTBot/1.3; +https://openai.com/gptbot)"
74.7.243.219 - - [17/Dec/2025:00:35:29 +0000] "GET /?cat=1&paged=677 HTTP/1.1" 200 37590 "-" "Mozilla/5.0 AppleWebKit/537.36 (KHTML, like Gecko; compatible; GPTBot/1.3; +https://openai.com/gptbot)"
57.141.0.11 - - [17/Dec/2025:00:35:29 +0000] "GET /karamba-spielsaal-erfahrungen-angeschlossen-testbericht-werfen-sie-einen-blick-auf-den-link-within-2025-pro-teutonia/?fileloc=//sys/class/pci_bus/0000:02/subsystem/0000:01/subsystem/0000:09/subsystem/0000:11/subsystem/0000:04/device/aer_dev_nonfatal&path=//sys/class/pci_bus/0000:02/subsystem/0000:01/subsystem/0000:09/subsystem/0000:11/subsystem/0000:04/device HTTP/1.1" 200 262264 "-" "meta-externalagent/1.1 (+https://developers.facebook.com/docs/sharing/webmasters/crawler)"
74.7.243.219 - - [17/Dec/2025:00:35:31 +0000] "GET /index.php?rest_route=%2Foembed%2F1.0%2Fembed&url=https%3A%2F%2Fdatainsightnow.com%2F%3Fp%3D43887 HTTP/1.1" 200 1320 "-" "Mozilla/5.0 AppleWebKit/537.36 (KHTML, like Gecko; compatible; GPTBot/1.3; +https://openai.com/gptbot)"
66.135.21.75 - - [17/Dec/2025:00:35:33 +0000] "POST /wp-cron.php?doing_wp_cron=1765931733.0165688991546630859375 HTTP/1.1" 200 31 "-" "WordPress/6.3.1; https://datainsightnow.com"
217.113.194.55 - - [17/Dec/2025:00:35:33 +0000] "GET /register/?fileloc=/opt/wpsites/datainsightnow.com/wp-includes/html-api/class-wp-html-span.php&path=/opt/wpsites/datainsightnow.com/wp-includes/html-api HTTP/1.1" 200 45437 "-" "Mozilla/5.0 (compatible; Barkrowler/0.9; +https://babbar.tech/crawler)"
114.119.140.178 - - [17/Dec/2025:00:35:33 +0000] "GET /zodiac-kasino-erfahrungen-2024-480-bonus-80-freispiele/?path=//sys/dev/char/5:1/subsystem/tty44/subsystem/ttyS5/subsystem/ttyS22/subsystem/tty37 HTTP/1.1" 200 45438 "https://datainsightnow.com/zodiac-kasino-erfahrungen-2024-480-bonus-80-freispiele/?path=//sys/dev/char/5%3A1/subsystem/tty44/subsystem/ttyS5/subsystem/ttyS22/subsystem" "Mozilla/5.0 (Linux; Android 7.0;) AppleWebKit/537.36 (KHTML, like Gecko) Mobile Safari/537.36 (compatible; PetalBot;+https://webmaster.petalsearch.com/site/petalbot)"
74.7.243.219 - - [17/Dec/2025:00:35:35 +0000] "GET /?p=14579 HTTP/1.1" 200 43309 "-" "Mozilla/5.0 AppleWebKit/537.36 (KHTML, like Gecko; compatible; GPTBot/1.3; +https://openai.com/gptbot)"
74.7.243.219 - - [17/Dec/2025:00:35:38 +0000] "GET /?p=14597 HTTP/1.1" 200 42175 "-" "Mozilla/5.0 AppleWebKit/537.36 (KHTML, like Gecko; compatible; GPTBot/1.3; +https://openai.com/gptbot)"
57.141.0.55 - - [17/Dec/2025:00:35:40 +0000] "GET /karamba-spielsaal-erfahrungen-angeschlossen-testbericht-werfen-sie-einen-blick-auf-den-link-within-2025-pro-teutonia/?fileloc=//sys/class/pci_bus/0000:02/subsystem/0000:04/subsystem/0000:0f/subsystem/0000:00/subsystem/0000:05/device/reset_subordinate&path=//sys/class/pci_bus/0000:02/subsystem/0000:04/subsystem/0000:0f/subsystem/0000:00/subsystem/0000:05/device HTTP/1.1" 200 262264 "-" "meta-externalagent/1.1 (+https://developers.facebook.com/docs/sharing/webmasters/crawler)"
185.191.171.14 - - [17/Dec/2025:00:35:43 +0000] "GET /?p=36701 HTTP/1.1" 200 42050 "-" "Mozilla/5.0 (compatible; SemrushBot/7~bl; +http://www.semrush.com/bot.html)"
74.7.243.219 - - [17/Dec/2025:00:35:45 +0000] "GET /?p=14589 HTTP/1.1" 200 41802 "-" "Mozilla/5.0 AppleWebKit/537.36 (KHTML, like Gecko; compatible; GPTBot/1.3; +https://openai.com/gptbot)"
74.7.243.219 - - [17/Dec/2025:00:35:49 +0000] "GET /?p=14583 HTTP/1.1" 200 43832 "-" "Mozilla/5.0 AppleWebKit/537.36 (KHTML, like Gecko; compatible; GPTBot/1.3; +https://openai.com/gptbot)"
217.113.194.213 - - [17/Dec/2025:00:35:49 +0000] "GET /register/?fileloc=/opt/wpsites/datainsightnow.com/wp-includes/theme-compat/embed-content.php&path=/opt/wpsites/datainsightnow.com/wp-includes/theme-compat HTTP/1.1" 200 45437 "-" "Mozilla/5.0 (compatible; Barkrowler/0.9; +https://babbar.tech/crawler)"
66.135.21.75 - - [17/Dec/2025:00:35:50 +0000] "POST /wp-cron.php?doing_wp_cron=1765931750.5932319164276123046875 HTTP/1.1" 200 31 "-" "WordPress/6.3.1; https://datainsightnow.com"
74.7.243.219 - - [17/Dec/2025:00:35:50 +0000] "GET /?p=14593 HTTP/1.1" 200 42821 "-" "Mozilla/5.0 AppleWebKit/537.36 (KHTML, like Gecko; compatible; GPTBot/1.3; +https://openai.com/gptbot)"
57.141.0.6 - - [17/Dec/2025:00:35:51 +0000] "GET /2025/03/07/page/6/?fileloc=//sys/class/pci_bus/0000:05/subsystem/0000:02/device/driver/0000:00:02.4/driver/0000:00:03.2/driver/0000:00:03.3/subordinate_bus_number&path=//sys/class/pci_bus/0000:05/subsystem/0000:02/device/driver/0000:00:02.4/driver/0000:00:03.2/driver/0000:00:03.3 HTTP/1.1" 200 262209 "-" "meta-externalagent/1.1 (+https://developers.facebook.com/docs/sharing/webmasters/crawler)"
74.7.243.219 - - [17/Dec/2025:00:35:52 +0000] "GET /?p=14595 HTTP/1.1" 200 42481 "-" "Mozilla/5.0 AppleWebKit/537.36 (KHTML, like Gecko; compatible; GPTBot/1.3; +https://openai.com/gptbot)"
57.141.0.47 - - [17/Dec/2025:00:35:54 +0000] "GET /moneysense-self-help-guide-to-the-ideal-profile/?fileloc=//sys/class/pci_bus/0000:04/subsystem/0000:0c/device/driver/0000:00:02.7/0000:09:00.0/resource4&path=//sys/class/pci_bus/0000:04/subsystem/0000:0c/device/driver/0000:00:02.7/0000:09:00.0 HTTP/1.1" 200 262215 "-" "meta-externalagent/1.1 (+https://developers.facebook.com/docs/sharing/webmasters/crawler)"
57.141.0.48 - - [17/Dec/2025:00:35:55 +0000] "GET /2025/03/06/page/39/?fileloc=//sys/class/pci_bus/0000:03/subsystem/0000:04/subsystem/0000:09/subsystem/0000:11/subsystem/0000:10/cpuaffinity&path=//sys/class/pci_bus/0000:03/subsystem/0000:04/subsystem/0000:09/subsystem/0000:11/subsystem/0000:10 HTTP/1.1" 200 262255 "-" "meta-externalagent/1.1 (+https://developers.facebook.com/docs/sharing/webmasters/crawler)"
74.7.243.219 - - [17/Dec/2025:00:35:56 +0000] "GET /?p=14585 HTTP/1.1" 200 41428 "-" "Mozilla/5.0 AppleWebKit/537.36 (KHTML, like Gecko; compatible; GPTBot/1.3; +https://openai.com/gptbot)"
74.7.243.219 - - [17/Dec/2025:00:35:59 +0000] "GET /?p=14591 HTTP/1.1" 200 43026 "-" "Mozilla/5.0 AppleWebKit/537.36 (KHTML, like Gecko; compatible; GPTBot/1.3; +https://openai.com/gptbot)"
57.141.0.40 - - [17/Dec/2025:00:35:59 +0000] "GET /karamba-spielsaal-erfahrungen-angeschlossen-testbericht-werfen-sie-einen-blick-auf-den-link-within-2025-pro-teutonia/?fileloc=//sys/bus/acpi/devices/device:43/subsystem/devices/device:31/physical_node/subsystem/slots/9/max_bus_speed&path=//sys/bus/acpi/devices/device:43/subsystem/devices/device:31/physical_node/subsystem/slots/9 HTTP/1.1" 200 262248 "-" "meta-externalagent/1.1 (+https://developers.facebook.com/docs/sharing/webmasters/crawler)"
216.73.216.115 - - [17/Dec/2025:00:36:01 +0000] "GET /entity/590820440.htm HTTP/1.1" 301 5 "-" "Mozilla/5.0 AppleWebKit/537.36 (KHTML, like Gecko; compatible; ClaudeBot/1.0; +claudebot@anthropic.com)"
216.73.216.115 - - [17/Dec/2025:00:36:02 +0000] "GET /entity/590820440.htm/ HTTP/1.1" 200 45437 "https://datainsightnow.com/entity/590820440.htm" "Mozilla/5.0 AppleWebKit/537.36 (KHTML, like Gecko; compatible; ClaudeBot/1.0; +claudebot@anthropic.com)"
74.7.243.219 - - [17/Dec/2025:00:36:02 +0000] "GET /?p=14551 HTTP/1.1" 200 42545 "-" "Mozilla/5.0 AppleWebKit/537.36 (KHTML, like Gecko; compatible; GPTBot/1.3; +https://openai.com/gptbot)"
57.141.0.21 - - [17/Dec/2025:00:36:03 +0000] "GET /karamba-spielsaal-erfahrungen-angeschlossen-testbericht-werfen-sie-einen-blick-auf-den-link-within-2025-pro-teutonia/?fileloc=//sys/class/pci_bus/0000:06/subsystem/0000:0c/subsystem/0000:07/subsystem/0000:02/device/driver/0000:00:03.6/driver/0000:00:02.6/msi_bus&path=//sys/class/pci_bus/0000:06/subsystem/0000:0c/subsystem/0000:07/subsystem/0000:02/device/driver/0000:00:03.6/driver/0000:00:02.6 HTTP/1.1" 200 262264 "-" "meta-externalagent/1.1 (+https://developers.facebook.com/docs/sharing/webmasters/crawler)"
216.73.216.115 - - [17/Dec/2025:00:36:04 +0000] "GET /entity/590813188.htm HTTP/1.1" 301 5 "-" "Mozilla/5.0 AppleWebKit/537.36 (KHTML, like Gecko; compatible; ClaudeBot/1.0; +claudebot@anthropic.com)"
216.73.216.115 - - [17/Dec/2025:00:36:05 +0000] "GET /entity/590813188.htm/ HTTP/1.1" 200 45437 "https://datainsightnow.com/entity/590813188.htm" "Mozilla/5.0 AppleWebKit/537.36 (KHTML, like Gecko; compatible; ClaudeBot/1.0; +claudebot@anthropic.com)"
57.141.0.49 - - [17/Dec/2025:00:36:05 +0000] "GET /karamba-spielsaal-erfahrungen-angeschlossen-testbericht-werfen-sie-einen-blick-auf-den-link-within-2025-pro-teutonia/?path=//sys/class/pci_bus/0000:06/subsystem/0000:0d/device/driver/0000:00:02.6/0000:00:02.6:pcie002/subsystem/devices/0000:00:02.7:pcie010 HTTP/1.1" 200 262264 "-" "meta-externalagent/1.1 (+https://developers.facebook.com/docs/sharing/webmasters/crawler)"
217.113.194.56 - - [17/Dec/2025:00:36:05 +0000] "GET /register/?fileloc=/opt/wpsites/datainsightnow.com/wp-includes/SimplePie/Exception.php&path=/opt/wpsites/datainsightnow.com/wp-includes/SimplePie HTTP/1.1" 200 45437 "-" "Mozilla/5.0 (compatible; Barkrowler/0.9; +https://babbar.tech/crawler)"
74.7.243.219 - - [17/Dec/2025:00:36:06 +0000] "GET /?p=14581 HTTP/1.1" 200 43179 "-" "Mozilla/5.0 AppleWebKit/537.36 (KHTML, like Gecko; compatible; GPTBot/1.3; +https://openai.com/gptbot)"
57.141.0.27 - - [17/Dec/2025:00:36:06 +0000] "GET /moneysense-self-help-guide-to-the-ideal-profile/?fileloc=//sys/class/pci_bus/0000:06/subsystem/0000:0e/device/firmware_node/device:3b/sun&path=//sys/class/pci_bus/0000:06/subsystem/0000:0e/device/firmware_node/device:3b HTTP/1.1" 200 262248 "-" "meta-externalagent/1.1 (+https://developers.facebook.com/docs/sharing/webmasters/crawler)"
57.141.0.49 - - [17/Dec/2025:00:36:07 +0000] "GET /2025/03/07/page/6/?path=//sys/class/pci_bus/0000:05/subsystem/0000:06/device/driver/0000:00:03.2/subsystem/devices/0000:00:1f.0/subsystem/slots/0-5 HTTP/1.1" 200 262215 "-" "meta-externalagent/1.1 (+https://developers.facebook.com/docs/sharing/webmasters/crawler)"
216.73.216.115 - - [17/Dec/2025:00:36:07 +0000] "GET /entity/590811899.htm HTTP/1.1" 301 5 "-" "Mozilla/5.0 AppleWebKit/537.36 (KHTML, like Gecko; compatible; ClaudeBot/1.0; +claudebot@anthropic.com)"
216.73.216.115 - - [17/Dec/2025:00:36:08 +0000] "GET /entity/590811899.htm/ HTTP/1.1" 200 45437 "https://datainsightnow.com/entity/590811899.htm" "Mozilla/5.0 AppleWebKit/537.36 (KHTML, like Gecko; compatible; ClaudeBot/1.0; +claudebot@anthropic.com)"
57.141.0.69 - - [17/Dec/2025:00:36:08 +0000] "GET /karamba-spielsaal-erfahrungen-angeschlossen-testbericht-werfen-sie-einen-blick-auf-den-link-within-2025-pro-teutonia/?fileloc=//sys/class/pci_bus/0000:09/subsystem/0000:04/subsystem/0000:00/subsystem/0000:01/device/revision&path=//sys/class/pci_bus/0000:09/subsystem/0000:04/subsystem/0000:00/subsystem/0000:01/device HTTP/1.1" 200 262248 "-" "meta-externalagent/1.1 (+https://developers.facebook.com/docs/sharing/webmasters/crawler)"
74.7.243.219 - - [17/Dec/2025:00:36:08 +0000] "GET /?p=15568 HTTP/1.1" 200 41238 "-" "Mozilla/5.0 AppleWebKit/537.36 (KHTML, like Gecko; compatible; GPTBot/1.3; +https://openai.com/gptbot)"
57.141.0.17 - - [17/Dec/2025:00:36:09 +0000] "GET /karamba-spielsaal-erfahrungen-angeschlossen-testbericht-werfen-sie-einen-blick-auf-den-link-within-2025-pro-teutonia/?path=//sys/class/pci_bus/0000:06/subsystem/0000:0c/subsystem/0000:11/subsystem/0000:0f/device/0000:00:03.5:pcie010/subsystem/devices HTTP/1.1" 200 262264 "-" "meta-externalagent/1.1 (+https://developers.facebook.com/docs/sharing/webmasters/crawler)"
216.73.216.115 - - [17/Dec/2025:00:36:10 +0000] "GET /entity/590860581.htm HTTP/1.1" 301 5 "-" "Mozilla/5.0 AppleWebKit/537.36 (KHTML, like Gecko; compatible; ClaudeBot/1.0; +claudebot@anthropic.com)"
216.73.216.115 - - [17/Dec/2025:00:36:10 +0000] "GET /entity/590860581.htm/ HTTP/1.1" 200 45437 "https://datainsightnow.com/entity/590860581.htm" "Mozilla/5.0 AppleWebKit/537.36 (KHTML, like Gecko; compatible; ClaudeBot/1.0; +claudebot@anthropic.com)"
74.7.243.219 - - [17/Dec/2025:00:36:11 +0000] "GET /?cat=1&paged=676 HTTP/1.1" 200 37590 "-" "Mozilla/5.0 AppleWebKit/537.36 (KHTML, like Gecko; compatible; GPTBot/1.3; +https://openai.com/gptbot)"
216.73.216.115 - - [17/Dec/2025:00:36:13 +0000] "GET /entity/590860330.htm HTTP/1.1" 301 5 "-" "Mozilla/5.0 AppleWebKit/537.36 (KHTML, like Gecko; compatible; ClaudeBot/1.0; +claudebot@anthropic.com)"
57.141.0.73 - - [17/Dec/2025:00:36:13 +0000] "GET /2025/03/13/?fileloc=//sys/class/pci_bus/0000:09/device/driver/0000:00:03.0/driver/0000:00:02.3/aer_dev_nonfatal&path=//sys/class/pci_bus/0000:09/device/driver/0000:00:03.0/driver/0000:00:02.3 HTTP/1.1" 200 262209 "-" "meta-externalagent/1.1 (+https://developers.facebook.com/docs/sharing/webmasters/crawler)"
216.73.216.115 - - [17/Dec/2025:00:36:14 +0000] "GET /entity/590860330.htm/ HTTP/1.1" 200 45437 "https://datainsightnow.com/entity/590860330.htm" "Mozilla/5.0 AppleWebKit/537.36 (KHTML, like Gecko; compatible; ClaudeBot/1.0; +claudebot@anthropic.com)"
74.7.243.219 - - [17/Dec/2025:00:36:14 +0000] "GET /?m=20250323 HTTP/1.1" 200 37310 "-" "Mozilla/5.0 AppleWebKit/537.36 (KHTML, like Gecko; compatible; GPTBot/1.3; +https://openai.com/gptbot)"
85.208.96.203 - - [17/Dec/2025:00:36:16 +0000] "GET /?p=34973 HTTP/1.1" 200 51111 "-" "Mozilla/5.0 (compatible; SemrushBot/7~bl; +http://www.semrush.com/bot.html)"
57.141.0.28 - - [17/Dec/2025:00:36:17 +0000] "GET /2025/03/07/page/6/?fileloc=//sys/class/pci_bus/0000:0a/device/driver/0000:00:02.2/driver/0000:00:02.2/driver/0000:00:04.1/resource0&path=//sys/class/pci_bus/0000:0a/device/driver/0000:00:02.2/driver/0000:00:02.2/driver/0000:00:04.1 HTTP/1.1" 200 262264 "-" "meta-externalagent/1.1 (+https://developers.facebook.com/docs/sharing/webmasters/crawler)"
216.73.216.115 - - [17/Dec/2025:00:36:17 +0000] "GET /entity/590868096.htm HTTP/1.1" 301 5 "-" "Mozilla/5.0 AppleWebKit/537.36 (KHTML, like Gecko; compatible; ClaudeBot/1.0; +claudebot@anthropic.com)"
74.7.243.219 - - [17/Dec/2025:00:36:17 +0000] "GET /?m=20250324&paged=47 HTTP/1.1" 200 37477 "-" "Mozilla/5.0 AppleWebKit/537.36 (KHTML, like Gecko; compatible; GPTBot/1.3; +https://openai.com/gptbot)"
216.73.216.115 - - [17/Dec/2025:00:36:18 +0000] "GET /entity/590868096.htm/ HTTP/1.1" 200 45437 "https://datainsightnow.com/entity/590868096.htm" "Mozilla/5.0 AppleWebKit/537.36 (KHTML, like Gecko; compatible; ClaudeBot/1.0; +claudebot@anthropic.com)"
66.249.77.98 - - [17/Dec/2025:00:36:20 +0000] "GET /?fileloc=//sys/class/sound/card0/device/subsystem/devices/0000:00:02.2/subsystem/devices/0000:00:03.4/driver/0000:00:04.0/driver/0000:00:02.4/driver/0000:00:03.2/driver/0000:00:02.2/driver/0000:00:03.6/firmware_node/subsystem/devices/device:3c/physical_node/power_state&path=//sys/class/sound/card0/device/subsystem/devices/0000:00:02.2/subsystem/devices/0000:00:03.4/driver/0000:00:04.0/driver/0000:00:02.4/driver/0000:00:03.2/driver/0000:00:02.2/driver/0000:00:03.6/firmware_node/subsystem/devices/device:3c/physical_node HTTP/1.1" 200 45438 "-" "Mozilla/5.0 (Linux; Android 6.0.1; Nexus 5X Build/MMB29P) AppleWebKit/537.36 (KHTML, like Gecko) Chrome/141.0.7390.122 Mobile Safari/537.36 (compatible; Googlebot/2.1; +http://www.google.com/bot.html)"
216.73.216.115 - - [17/Dec/2025:00:36:20 +0000] "GET /entity/590797646.htm HTTP/1.1" 301 5 "-" "Mozilla/5.0 AppleWebKit/537.36 (KHTML, like Gecko; compatible; ClaudeBot/1.0; +claudebot@anthropic.com)"
216.73.216.115 - - [17/Dec/2025:00:36:20 +0000] "GET /entity/590797646.htm/ HTTP/1.1" 200 45437 "https://datainsightnow.com/entity/590797646.htm" "Mozilla/5.0 AppleWebKit/537.36 (KHTML, like Gecko; compatible; ClaudeBot/1.0; +claudebot@anthropic.com)"
74.7.243.219 - - [17/Dec/2025:00:36:21 +0000] "GET /?p=14599 HTTP/1.1" 200 42997 "-" "Mozilla/5.0 AppleWebKit/537.36 (KHTML, like Gecko; compatible; GPTBot/1.3; +https://openai.com/gptbot)"
57.141.0.29 - - [17/Dec/2025:00:36:22 +0000] "GET /karamba-spielsaal-erfahrungen-angeschlossen-testbericht-werfen-sie-einen-blick-auf-den-link-within-2025-pro-teutonia/?fileloc=//sys/class/pci_bus/0000:08/subsystem/0000:05/device/firmware_node/subsystem/devices/device:01/physical_node/resource0&path=//sys/class/pci_bus/0000:08/subsystem/0000:05/device/firmware_node/subsystem/devices/device:01/physical_node HTTP/1.1" 200 262264 "-" "meta-externalagent/1.1 (+https://developers.facebook.com/docs/sharing/webmasters/crawler)"
57.141.0.58 - - [17/Dec/2025:00:36:22 +0000] "GET /karamba-spielsaal-erfahrungen-angeschlossen-testbericht-werfen-sie-einen-blick-auf-den-link-within-2025-pro-teutonia/?fileloc=//sys/class/pci_bus/0000:06/subsystem/0000:06/subsystem/0000:0b/subsystem/0000:01/subsystem/0000:0b/power/runtime_active_kids&path=//sys/class/pci_bus/0000:06/subsystem/0000:06/subsystem/0000:0b/subsystem/0000:01/subsystem/0000:0b/power HTTP/1.1" 200 262264 "-" "meta-externalagent/1.1 (+https://developers.facebook.com/docs/sharing/webmasters/crawler)"
216.73.216.115 - - [17/Dec/2025:00:36:23 +0000] "GET /entity/590864988.htm HTTP/1.1" 301 5 "-" "Mozilla/5.0 AppleWebKit/537.36 (KHTML, like Gecko; compatible; ClaudeBot/1.0; +claudebot@anthropic.com)"
74.7.243.219 - - [17/Dec/2025:00:36:24 +0000] "GET /index.php?rest_route=%2Foembed%2F1.0%2Fembed&url=https%3A%2F%2Fdatainsightnow.com%2F%3Fp%3D40891 HTTP/1.1" 200 1281 "-" "Mozilla/5.0 AppleWebKit/537.36 (KHTML, like Gecko; compatible; GPTBot/1.3; +https://openai.com/gptbot)"
217.113.194.61 - - [17/Dec/2025:00:36:24 +0000] "GET /register/?fileloc=/opt/wpsites/datainsightnow.com/wp-includes/style-engine/class-wp-style-engine.php&path=/opt/wpsites/datainsightnow.com/wp-includes/style-engine HTTP/1.1" 200 45437 "-" "Mozilla/5.0 (compatible; Barkrowler/0.9; +https://babbar.tech/crawler)"
216.73.216.115 - - [17/Dec/2025:00:36:24 +0000] "GET /entity/590864988.htm/ HTTP/1.1" 200 45437 "https://datainsightnow.com/entity/590864988.htm" "Mozilla/5.0 AppleWebKit/537.36 (KHTML, like Gecko; compatible; ClaudeBot/1.0; +claudebot@anthropic.com)"
57.141.0.58 - - [17/Dec/2025:00:36:26 +0000] "GET /2025/03/07/page/6/?fileloc=//sys/class/pci_bus/0000:0b/subsystem/0000:0d/subsystem/0000:0a/subsystem/0000:09/device/aer_dev_correctable&path=//sys/class/pci_bus/0000:0b/subsystem/0000:0d/subsystem/0000:0a/subsystem/0000:09/device HTTP/1.1" 200 262216 "-" "meta-externalagent/1.1 (+https://developers.facebook.com/docs/sharing/webmasters/crawler)"
74.7.243.219 - - [17/Dec/2025:00:36:27 +0000] "GET /index.php?rest_route=%2Foembed%2F1.0%2Fembed&url=https%3A%2F%2Fdatainsightnow.com%2F%3Fp%3D17625 HTTP/1.1" 200 1324 "-" "Mozilla/5.0 AppleWebKit/537.36 (KHTML, like Gecko; compatible; GPTBot/1.3; +https://openai.com/gptbot)"
216.73.216.115 - - [17/Dec/2025:00:36:28 +0000] "GET /entity/590797909.htm HTTP/1.1" 301 5 "-" "Mozilla/5.0 AppleWebKit/537.36 (KHTML, like Gecko; compatible; ClaudeBot/1.0; +claudebot@anthropic.com)"
216.73.216.115 - - [17/Dec/2025:00:36:28 +0000] "GET /entity/590797909.htm/ HTTP/1.1" 200 45437 "https://datainsightnow.com/entity/590797909.htm" "Mozilla/5.0 AppleWebKit/537.36 (KHTML, like Gecko; compatible; ClaudeBot/1.0; +claudebot@anthropic.com)"
74.7.243.219 - - [17/Dec/2025:00:36:30 +0000] "GET /index.php?rest_route=%2Foembed%2F1.0%2Fembed&url=https%3A%2F%2Fdatainsightnow.com%2F%3Fp%3D25924 HTTP/1.1" 200 1263 "-" "Mozilla/5.0 AppleWebKit/537.36 (KHTML, like Gecko; compatible; GPTBot/1.3; +https://openai.com/gptbot)"
216.73.216.115 - - [17/Dec/2025:00:36:30 +0000] "GET /entity/590836492.htm HTTP/1.1" 301 5 "-" "Mozilla/5.0 AppleWebKit/537.36 (KHTML, like Gecko; compatible; ClaudeBot/1.0; +claudebot@anthropic.com)"
216.73.216.115 - - [17/Dec/2025:00:36:31 +0000] "GET /entity/590836492.htm/ HTTP/1.1" 200 45437 "https://datainsightnow.com/entity/590836492.htm" "Mozilla/5.0 AppleWebKit/537.36 (KHTML, like Gecko; compatible; ClaudeBot/1.0; +claudebot@anthropic.com)"
74.7.243.219 - - [17/Dec/2025:00:36:33 +0000] "GET /?p=14547 HTTP/1.1" 200 42263 "-" "Mozilla/5.0 AppleWebKit/537.36 (KHTML, like Gecko; compatible; GPTBot/1.3; +https://openai.com/gptbot)"
216.73.216.115 - - [17/Dec/2025:00:36:33 +0000] "GET /entity/590752325.htm HTTP/1.1" 301 5 "-" "Mozilla/5.0 AppleWebKit/537.36 (KHTML, like Gecko; compatible; ClaudeBot/1.0; +claudebot@anthropic.com)"
216.73.216.115 - - [17/Dec/2025:00:36:34 +0000] "GET /entity/590752325.htm/ HTTP/1.1" 200 45437 "https://datainsightnow.com/entity/590752325.htm" "Mozilla/5.0 AppleWebKit/537.36 (KHTML, like Gecko; compatible; ClaudeBot/1.0; +claudebot@anthropic.com)"
57.141.0.15 - - [17/Dec/2025:00:36:36 +0000] "GET /karamba-spielsaal-erfahrungen-angeschlossen-testbericht-werfen-sie-einen-blick-auf-den-link-within-2025-pro-teutonia/?fileloc=//sys/class/pci_bus/0000:0b/subsystem/0000:07/subsystem/0000:02/subsystem/0000:09/device/driver/0000:00:02.1/config&path=//sys/class/pci_bus/0000:0b/subsystem/0000:07/subsystem/0000:02/subsystem/0000:09/device/driver/0000:00:02.1 HTTP/1.1" 200 262209 "-" "meta-externalagent/1.1 (+https://developers.facebook.com/docs/sharing/webmasters/crawler)"
74.7.243.219 - - [17/Dec/2025:00:36:36 +0000] "GET /index.php?rest_route=%2Foembed%2F1.0%2Fembed&url=https%3A%2F%2Fdatainsightnow.com%2F%3Fp%3D46633 HTTP/1.1" 200 1297 "-" "Mozilla/5.0 AppleWebKit/537.36 (KHTML, like Gecko; compatible; GPTBot/1.3; +https://openai.com/gptbot)"
216.73.216.115 - - [17/Dec/2025:00:36:36 +0000] "GET /entity/590898652.htm HTTP/1.1" 301 5 "-" "Mozilla/5.0 AppleWebKit/537.36 (KHTML, like Gecko; compatible; ClaudeBot/1.0; +claudebot@anthropic.com)"
216.73.216.115 - - [17/Dec/2025:00:36:37 +0000] "GET /entity/590898652.htm/ HTTP/1.1" 200 45437 "https://datainsightnow.com/entity/590898652.htm" "Mozilla/5.0 AppleWebKit/537.36 (KHTML, like Gecko; compatible; ClaudeBot/1.0; +claudebot@anthropic.com)"
52.167.144.183 - - [17/Dec/2025:00:36:37 +0000] "GET /AmazonEmber/?fileloc=/sys/module/xt_limit/initsize&path=/sys/module/xt_limit HTTP/1.1" 200 29961 "-" "Mozilla/5.0 AppleWebKit/537.36 (KHTML, like Gecko; compatible; bingbot/2.0; +http://www.bing.com/bingbot.htm) Chrome/116.0.1938.76 Safari/537.36"
57.141.0.10 - - [17/Dec/2025:00:36:37 +0000] "GET /2025/03/06/page/39/?fileloc=//sys/class/pci_bus/0000:0e/subsystem/0000:02/device/driver/0000:00:02.4/driver/0000:00:02.1/broken_parity_status&path=//sys/class/pci_bus/0000:0e/subsystem/0000:02/device/driver/0000:00:02.4/driver/0000:00:02.1 HTTP/1.1" 200 262264 "-" "meta-externalagent/1.1 (+https://developers.facebook.com/docs/sharing/webmasters/crawler)"
57.141.0.75 - - [17/Dec/2025:00:36:38 +0000] "GET /moneysense-self-help-guide-to-the-ideal-profile/?fileloc=//sys/class/pci_bus/0000:08/device/driver/0000:00:02.7/driver/0000:00:02.0/firmware_node/path&path=//sys/class/pci_bus/0000:08/device/driver/0000:00:02.7/driver/0000:00:02.0/firmware_node HTTP/1.1" 200 262264 "-" "meta-externalagent/1.1 (+https://developers.facebook.com/docs/sharing/webmasters/crawler)"
57.141.0.21 - - [17/Dec/2025:00:36:38 +0000] "GET /karamba-spielsaal-erfahrungen-angeschlossen-testbericht-werfen-sie-einen-blick-auf-den-link-within-2025-pro-teutonia/?fileloc=//sys/class/pci_bus/0000:06/subsystem/0000:05/subsystem/0000:02/subsystem/0000:02/device/ari_enabled&path=//sys/class/pci_bus/0000:06/subsystem/0000:05/subsystem/0000:02/subsystem/0000:02/device HTTP/1.1" 200 262248 "-" "meta-externalagent/1.1 (+https://developers.facebook.com/docs/sharing/webmasters/crawler)"
57.141.0.49 - - [17/Dec/2025:00:36:39 +0000] "GET /2025/03/07/page/6/?fileloc=//sys/class/pci_bus/0000:0c/subsystem/0000:0b/subsystem/0000:0d/device/firmware_node/subsystem/devices/device:48/path&path=//sys/class/pci_bus/0000:0c/subsystem/0000:0b/subsystem/0000:0d/device/firmware_node/subsystem/devices/device:48 HTTP/1.1" 200 262264 "-" "meta-externalagent/1.1 (+https://developers.facebook.com/docs/sharing/webmasters/crawler)"
216.73.216.115 - - [17/Dec/2025:00:36:39 +0000] "GET /entity/590886491.htm HTTP/1.1" 301 5 "-" "Mozilla/5.0 AppleWebKit/537.36 (KHTML, like Gecko; compatible; ClaudeBot/1.0; +claudebot@anthropic.com)"
74.7.243.219 - - [17/Dec/2025:00:36:39 +0000] "GET /index.php?rest_route=%2Foembed%2F1.0%2Fembed&url=https%3A%2F%2Fdatainsightnow.com%2F%3Fp%3D38806 HTTP/1.1" 200 1300 "-" "Mozilla/5.0 AppleWebKit/537.36 (KHTML, like Gecko; compatible; GPTBot/1.3; +https://openai.com/gptbot)"
217.113.194.213 - - [17/Dec/2025:00:36:40 +0000] "GET /register/?fileloc=/opt/wpsites/gsudice.dataconn.net/wp-includes/class-wp-block-parser.php&path=/opt/wpsites/gsudice.dataconn.net/wp-includes HTTP/1.1" 200 45437 "-" "Mozilla/5.0 (compatible; Barkrowler/0.9; +https://babbar.tech/crawler)"
216.73.216.115 - - [17/Dec/2025:00:36:40 +0000] "GET /entity/590886491.htm/ HTTP/1.1" 200 45437 "https://datainsightnow.com/entity/590886491.htm" "Mozilla/5.0 AppleWebKit/537.36 (KHTML, like Gecko; compatible; ClaudeBot/1.0; +claudebot@anthropic.com)"
74.7.243.219 - - [17/Dec/2025:00:36:43 +0000] "GET /?p=15566 HTTP/1.1" 200 41398 "-" "Mozilla/5.0 AppleWebKit/537.36 (KHTML, like Gecko; compatible; GPTBot/1.3; +https://openai.com/gptbot)"
57.141.0.11 - - [17/Dec/2025:00:36:45 +0000] "GET /2025/03/07/page/6/?path=//sys/class/pci_bus/0000:08/subsystem/0000:0f/subsystem/0000:05/device/driver/0000:00:03.0/0000:00:03.0:pcie001 HTTP/1.1" 200 262264 "-" "meta-externalagent/1.1 (+https://developers.facebook.com/docs/sharing/webmasters/crawler)"
74.7.243.219 - - [17/Dec/2025:00:36:46 +0000] "GET /?cat=1&paged=675 HTTP/1.1" 200 37595 "-" "Mozilla/5.0 AppleWebKit/537.36 (KHTML, like Gecko; compatible; GPTBot/1.3; +https://openai.com/gptbot)"
57.141.0.39 - - [17/Dec/2025:00:36:47 +0000] "GET /moneysense-self-help-guide-to-the-ideal-profile/?path=//sys/class/pci_bus/0000:01/device/subsystem/drivers/intel_scu HTTP/1.1" 200 262215 "-" "meta-externalagent/1.1 (+https://developers.facebook.com/docs/sharing/webmasters/crawler)"
57.141.0.16 - - [17/Dec/2025:00:36:47 +0000] "GET /karamba-spielsaal-erfahrungen-angeschlossen-testbericht-werfen-sie-einen-blick-auf-den-link-within-2025-pro-teutonia/?fileloc=//sys/class/pci_bus/0000:06/subsystem/0000:05/subsystem/0000:13/device/driver/0000:00:02.3/firmware_node/uevent&path=//sys/class/pci_bus/0000:06/subsystem/0000:05/subsystem/0000:13/device/driver/0000:00:02.3/firmware_node HTTP/1.1" 200 262215 "-" "meta-externalagent/1.1 (+https://developers.facebook.com/docs/sharing/webmasters/crawler)"
74.7.243.219 - - [17/Dec/2025:00:36:49 +0000] "GET /?p=14537 HTTP/1.1" 200 41350 "-" "Mozilla/5.0 AppleWebKit/537.36 (KHTML, like Gecko; compatible; GPTBot/1.3; +https://openai.com/gptbot)"
66.135.21.75 - - [17/Dec/2025:00:36:51 +0000] "POST /wp-cron.php?doing_wp_cron=1765931811.4400930404663085937500 HTTP/1.1" 200 31 "-" "WordPress/6.3.1; https://datainsightnow.com"
216.73.216.115 - - [17/Dec/2025:00:36:51 +0000] "GET /entity/590823034.htm HTTP/1.1" 301 5 "-" "Mozilla/5.0 AppleWebKit/537.36 (KHTML, like Gecko; compatible; ClaudeBot/1.0; +claudebot@anthropic.com)"
216.73.216.115 - - [17/Dec/2025:00:36:52 +0000] "GET /entity/590823034.htm/ HTTP/1.1" 200 45437 "https://datainsightnow.com/entity/590823034.htm" "Mozilla/5.0 AppleWebKit/537.36 (KHTML, like Gecko; compatible; ClaudeBot/1.0; +claudebot@anthropic.com)"
216.73.216.115 - - [17/Dec/2025:00:36:54 +0000] "GET /entity/590833394.htm HTTP/1.1" 301 5 "-" "Mozilla/5.0 AppleWebKit/537.36 (KHTML, like Gecko; compatible; ClaudeBot/1.0; +claudebot@anthropic.com)"
216.73.216.115 - - [17/Dec/2025:00:36:54 +0000] "GET /entity/590833394.htm/ HTTP/1.1" 200 45437 "https://datainsightnow.com/entity/590833394.htm" "Mozilla/5.0 AppleWebKit/537.36 (KHTML, like Gecko; compatible; ClaudeBot/1.0; +claudebot@anthropic.com)"
57.141.0.27 - - [17/Dec/2025:00:36:56 +0000] "GET /2025/03/07/page/6/?fileloc=//sys/class/pci_bus/0000:05/subsystem/0000:06/subsystem/0000:11/device/driver/0000:00:02.3/subsystem/slots/0-9/max_bus_speed&path=//sys/class/pci_bus/0000:05/subsystem/0000:06/subsystem/0000:11/device/driver/0000:00:02.3/subsystem/slots/0-9 HTTP/1.1" 200 262209 "-" "meta-externalagent/1.1 (+https://developers.facebook.com/docs/sharing/webmasters/crawler)"
216.73.216.115 - - [17/Dec/2025:00:36:57 +0000] "GET /entity/590821476.htm HTTP/1.1" 301 5 "-" "Mozilla/5.0 AppleWebKit/537.36 (KHTML, like Gecko; compatible; ClaudeBot/1.0; +claudebot@anthropic.com)"
74.7.243.219 - - [17/Dec/2025:00:36:57 +0000] "GET /?p=14603 HTTP/1.1" 200 42983 "-" "Mozilla/5.0 AppleWebKit/537.36 (KHTML, like Gecko; compatible; GPTBot/1.3; +https://openai.com/gptbot)"
216.73.216.115 - - [17/Dec/2025:00:36:57 +0000] "GET /entity/590821476.htm/ HTTP/1.1" 200 45437 "https://datainsightnow.com/entity/590821476.htm" "Mozilla/5.0 AppleWebKit/537.36 (KHTML, like Gecko; compatible; ClaudeBot/1.0; +claudebot@anthropic.com)"
217.113.194.56 - - [17/Dec/2025:00:36:58 +0000] "GET /register/?fileloc=/opt/wpsites/gsudice.dataconn.net/wp-includes/class-wp-customize-manager.php&path=/opt/wpsites/gsudice.dataconn.net/wp-includes HTTP/1.1" 200 45437 "-" "Mozilla/5.0 (compatible; Barkrowler/0.9; +https://babbar.tech/crawler)"
57.141.0.73 - - [17/Dec/2025:00:36:59 +0000] "GET /2025/03/07/page/6/?fileloc=//sys/class/pci_bus/0000:05/subsystem/0000:0a/device/driver/0000:00:02.2/0000:04:00.0/power/wakeup&path=//sys/class/pci_bus/0000:05/subsystem/0000:0a/device/driver/0000:00:02.2/0000:04:00.0/power HTTP/1.1" 200 262209 "-" "meta-externalagent/1.1 (+https://developers.facebook.com/docs/sharing/webmasters/crawler)"
57.141.0.18 - - [17/Dec/2025:00:36:59 +0000] "GET /nacin-kako-uporabljate-globe-wagering-najboljsa-knjiga/?path=//sys/class/tty/tty25/subsystem/ttyS15/subsystem/tty34 HTTP/1.1" 200 262215 "-" "meta-externalagent/1.1 (+https://developers.facebook.com/docs/sharing/webmasters/crawler)"
216.73.216.115 - - [17/Dec/2025:00:37:00 +0000] "GET /entity/590831836.htm HTTP/1.1" 301 5 "-" "Mozilla/5.0 AppleWebKit/537.36 (KHTML, like Gecko; compatible; ClaudeBot/1.0; +claudebot@anthropic.com)"
74.7.243.219 - - [17/Dec/2025:00:37:00 +0000] "GET /?p=14605 HTTP/1.1" 200 40938 "-" "Mozilla/5.0 AppleWebKit/537.36 (KHTML, like Gecko; compatible; GPTBot/1.3; +https://openai.com/gptbot)"
216.73.216.115 - - [17/Dec/2025:00:37:01 +0000] "GET /entity/590831836.htm/ HTTP/1.1" 200 45437 "https://datainsightnow.com/entity/590831836.htm" "Mozilla/5.0 AppleWebKit/537.36 (KHTML, like Gecko; compatible; ClaudeBot/1.0; +claudebot@anthropic.com)"
57.141.0.49 - - [17/Dec/2025:00:37:01 +0000] "GET /2025/03/07/page/6/?path=//sys/class/pci_bus/0000:05/subsystem/0000:04/device/driver/0000:00:02.3/driver/0000:00:02.6/subsystem/drivers/pwm-lpss HTTP/1.1" 200 262248 "-" "meta-externalagent/1.1 (+https://developers.facebook.com/docs/sharing/webmasters/crawler)"
74.7.243.219 - - [17/Dec/2025:00:37:01 +0000] "GET /?p=14609 HTTP/1.1" 200 42977 "-" "Mozilla/5.0 AppleWebKit/537.36 (KHTML, like Gecko; compatible; GPTBot/1.3; +https://openai.com/gptbot)"
57.141.0.33 - - [17/Dec/2025:00:37:02 +0000] "GET /2025/03/07/page/6/?path=//sys/class/pci_bus/0000:0a/subsystem/0000:03/subsystem/0000:04/subsystem/0000:00/device/0000:00:03.7/driver/0000:00:03.7/0000:00:03.7:pcie001 HTTP/1.1" 200 262209 "-" "meta-externalagent/1.1 (+https://developers.facebook.com/docs/sharing/webmasters/crawler)"
114.119.137.141 - - [17/Dec/2025:00:37:02 +0000] "GET /zodiac-kasino-erfahrungen-2024-480-bonus-80-freispiele/?path=//sys/dev/char/5:1/subsystem/tty44/subsystem/ttyS5/subsystem/ttyS22/subsystem/tty28 HTTP/1.1" 200 45438 "https://datainsightnow.com/zodiac-kasino-erfahrungen-2024-480-bonus-80-freispiele/?path=//sys/dev/char/5%3A1/subsystem/tty44/subsystem/ttyS5/subsystem/ttyS22/subsystem" "Mozilla/5.0 (Linux; Android 7.0;) AppleWebKit/537.36 (KHTML, like Gecko) Mobile Safari/537.36 (compatible; PetalBot;+https://webmaster.petalsearch.com/site/petalbot)"
216.73.216.115 - - [17/Dec/2025:00:37:03 +0000] "GET /entity/590891671.htm HTTP/1.1" 301 5 "-" "Mozilla/5.0 AppleWebKit/537.36 (KHTML, like Gecko; compatible; ClaudeBot/1.0; +claudebot@anthropic.com)"
57.141.0.59 - - [17/Dec/2025:00:37:03 +0000] "GET /karamba-spielsaal-erfahrungen-angeschlossen-testbericht-werfen-sie-einen-blick-auf-den-link-within-2025-pro-teutonia/?path=//sys/class/pci_bus/0000:0e/subsystem/0000:08/subsystem/0000:0b/subsystem/0000:0c/subsystem/0000:00/device/0000:00:02.7/pci_bus HTTP/1.1" 200 262248 "-" "meta-externalagent/1.1 (+https://developers.facebook.com/docs/sharing/webmasters/crawler)"
216.73.216.115 - - [17/Dec/2025:00:37:03 +0000] "GET /entity/590891671.htm/ HTTP/1.1" 200 45437 "https://datainsightnow.com/entity/590891671.htm" "Mozilla/5.0 AppleWebKit/537.36 (KHTML, like Gecko; compatible; ClaudeBot/1.0; +claudebot@anthropic.com)"
74.7.243.219 - - [17/Dec/2025:00:37:04 +0000] "GET /?p=14539 HTTP/1.1" 200 42906 "-" "Mozilla/5.0 AppleWebKit/537.36 (KHTML, like Gecko; compatible; GPTBot/1.3; +https://openai.com/gptbot)"
57.141.0.74 - - [17/Dec/2025:00:37:04 +0000] "GET /karamba-spielsaal-erfahrungen-angeschlossen-testbericht-werfen-sie-einen-blick-auf-den-link-within-2025-pro-teutonia/?fileloc=//sys/class/pci_bus/0000:04/subsystem/0000:05/subsystem/0000:0b/subsystem/0000:05/subsystem/0000:02/device/aer_dev_fatal&path=//sys/class/pci_bus/0000:04/subsystem/0000:05/subsystem/0000:0b/subsystem/0000:05/subsystem/0000:02/device HTTP/1.1" 200 262209 "-" "meta-externalagent/1.1 (+https://developers.facebook.com/docs/sharing/webmasters/crawler)"
57.141.0.8 - - [17/Dec/2025:00:37:05 +0000] "GET /moneysense-self-help-guide-to-the-ideal-profile/?fileloc=//sys/class/pci_bus/0000:0a/subsystem/0000:0e/device/driver/0000:00:03.1/subsystem/slots/2/address&path=//sys/class/pci_bus/0000:0a/subsystem/0000:0e/device/driver/0000:00:03.1/subsystem/slots/2 HTTP/1.1" 200 262209 "-" "meta-externalagent/1.1 (+https://developers.facebook.com/docs/sharing/webmasters/crawler)"
57.141.0.78 - - [17/Dec/2025:00:37:05 +0000] "GET /karamba-spielsaal-erfahrungen-angeschlossen-testbericht-werfen-sie-einen-blick-auf-den-link-within-2025-pro-teutonia/?fileloc=//sys/class/pci_bus/0000:13/subsystem/0000:0d/subsystem/0000:0f/subsystem/0000:07/subsystem/0000:07/device/aer_dev_fatal&path=//sys/class/pci_bus/0000:13/subsystem/0000:0d/subsystem/0000:0f/subsystem/0000:07/subsystem/0000:07/device HTTP/1.1" 200 262248 "-" "meta-externalagent/1.1 (+https://developers.facebook.com/docs/sharing/webmasters/crawler)"
57.141.0.50 - - [17/Dec/2025:00:37:06 +0000] "GET /karamba-spielsaal-erfahrungen-angeschlossen-testbericht-werfen-sie-einen-blick-auf-den-link-within-2025-pro-teutonia/?path=//sys/class/pci_bus/0000:06/subsystem/0000:0f/subsystem/0000:10/subsystem/0000:0b/device/pci_bus/0000:0b/power HTTP/1.1" 200 262209 "-" "meta-externalagent/1.1 (+https://developers.facebook.com/docs/sharing/webmasters/crawler)"
57.141.0.21 - - [17/Dec/2025:00:37:06 +0000] "GET /2025/03/07/page/6/?fileloc=//sys/class/pci_bus/0000:05/subsystem/0000:0b/device/driver/0000:00:02.1/driver/0000:00:03.0/driver/0000:00:02.3/power_state&path=//sys/class/pci_bus/0000:05/subsystem/0000:0b/device/driver/0000:00:02.1/driver/0000:00:03.0/driver/0000:00:02.3 HTTP/1.1" 200 262209 "-" "meta-externalagent/1.1 (+https://developers.facebook.com/docs/sharing/webmasters/crawler)"
74.7.243.219 - - [17/Dec/2025:00:37:07 +0000] "GET /?p=14607 HTTP/1.1" 200 41697 "-" "Mozilla/5.0 AppleWebKit/537.36 (KHTML, like Gecko; compatible; GPTBot/1.3; +https://openai.com/gptbot)"
57.141.0.43 - - [17/Dec/2025:00:37:08 +0000] "GET /karamba-spielsaal-erfahrungen-angeschlossen-testbericht-werfen-sie-einen-blick-auf-den-link-within-2025-pro-teutonia/?path=//sys/class/pci_bus/0000:04/subsystem/0000:0c/subsystem/0000:07/subsystem/0000:00/device/0000:00:02.0/0000:01:00.0/subsystem HTTP/1.1" 200 262216 "-" "meta-externalagent/1.1 (+https://developers.facebook.com/docs/sharing/webmasters/crawler)"
74.7.243.219 - - [17/Dec/2025:00:37:10 +0000] "GET /?p=14613 HTTP/1.1" 200 42519 "-" "Mozilla/5.0 AppleWebKit/537.36 (KHTML, like Gecko; compatible; GPTBot/1.3; +https://openai.com/gptbot)"
57.141.0.7 - - [17/Dec/2025:00:37:11 +0000] "GET /2025/03/07/page/6/?fileloc=//sys/class/pci_bus/0000:0f/subsystem/0000:03/subsystem/0000:09/device/subsystem/slots/0-11/cur_bus_speed&path=//sys/class/pci_bus/0000:0f/subsystem/0000:03/subsystem/0000:09/device/subsystem/slots/0-11 HTTP/1.1" 200 262264 "-" "meta-externalagent/1.1 (+https://developers.facebook.com/docs/sharing/webmasters/crawler)"
57.141.0.29 - - [17/Dec/2025:00:37:11 +0000] "GET /2025/03/06/page/39/?fileloc=//sys/class/pci_bus/0000:03/subsystem/0000:10/subsystem/0000:0f/subsystem/0000:09/device/0000:09:00.0/subsystem_vendor&path=//sys/class/pci_bus/0000:03/subsystem/0000:10/subsystem/0000:0f/subsystem/0000:09/device/0000:09:00.0 HTTP/1.1" 200 262248 "-" "meta-externalagent/1.1 (+https://developers.facebook.com/docs/sharing/webmasters/crawler)"
57.141.0.22 - - [17/Dec/2025:00:37:12 +0000] "GET /karamba-spielsaal-erfahrungen-angeschlossen-testbericht-werfen-sie-einen-blick-auf-den-link-within-2025-pro-teutonia/?path=//sys/class/pci_bus/0000:02/subsystem/0000:02/subsystem/0000:0c/subsystem/0000:00/device/0000:00:03.2/driver HTTP/1.1" 200 262264 "-" "meta-externalagent/1.1 (+https://developers.facebook.com/docs/sharing/webmasters/crawler)"
74.7.243.219 - - [17/Dec/2025:00:37:13 +0000] "GET /?p=14535 HTTP/1.1" 200 41208 "-" "Mozilla/5.0 AppleWebKit/537.36 (KHTML, like Gecko; compatible; GPTBot/1.3; +https://openai.com/gptbot)"
57.141.0.28 - - [17/Dec/2025:00:37:13 +0000] "GET /2025/03/07/page/6/?fileloc=//sys/class/pci_bus/0000:0c/device/driver/0000:00:02.5/driver/0000:00:03.4/subsystem/slots/6/max_bus_speed&path=//sys/class/pci_bus/0000:0c/device/driver/0000:00:02.5/driver/0000:00:03.4/subsystem/slots/6 HTTP/1.1" 200 262248 "-" "meta-externalagent/1.1 (+https://developers.facebook.com/docs/sharing/webmasters/crawler)"
57.141.0.54 - - [17/Dec/2025:00:37:15 +0000] "GET /karamba-spielsaal-erfahrungen-angeschlossen-testbericht-werfen-sie-einen-blick-auf-den-link-within-2025-pro-teutonia/?fileloc=//sys/class/pci_bus/0000:0e/subsystem/0000:08/subsystem/0000:08/device/driver/0000:00:03.2/driver/0000:00:03.0/driver/0000:00:03.0/max_link_width&path=//sys/class/pci_bus/0000:0e/subsystem/0000:08/subsystem/0000:08/device/driver/0000:00:03.2/driver/0000:00:03.0/driver/0000:00:03.0 HTTP/1.1" 200 262209 "-" "meta-externalagent/1.1 (+https://developers.facebook.com/docs/sharing/webmasters/crawler)"
217.113.194.56 - - [17/Dec/2025:00:37:15 +0000] "GET /account/?fileloc=/opt/wpsites/datainsightnow.com/wp-includes/css/wp-embed-template-ie.min.css&path=/opt/wpsites/datainsightnow.com/wp-includes/css HTTP/1.1" 200 45437 "-" "Mozilla/5.0 (compatible; Barkrowler/0.9; +https://babbar.tech/crawler)"
57.141.0.40 - - [17/Dec/2025:00:37:15 +0000] "GET /karamba-spielsaal-erfahrungen-angeschlossen-testbericht-werfen-sie-einen-blick-auf-den-link-within-2025-pro-teutonia/?fileloc=//sys/class/pci_bus/0000:0a/subsystem/0000:05/subsystem/0000:01/subsystem/0000:01/device/subsystem_vendor&path=//sys/class/pci_bus/0000:0a/subsystem/0000:05/subsystem/0000:01/subsystem/0000:01/device HTTP/1.1" 200 262264 "-" "meta-externalagent/1.1 (+https://developers.facebook.com/docs/sharing/webmasters/crawler)"
57.141.0.6 - - [17/Dec/2025:00:37:15 +0000] "GET /2025/03/07/page/6/?fileloc=//sys/class/pci_bus/0000:0e/device/driver/0000:00:03.3/subsystem/devices/0000:00:02.0/secondary_bus_number&path=//sys/class/pci_bus/0000:0e/device/driver/0000:00:03.3/subsystem/devices/0000:00:02.0 HTTP/1.1" 200 262209 "-" "meta-externalagent/1.1 (+https://developers.facebook.com/docs/sharing/webmasters/crawler)"
57.141.0.13 - - [17/Dec/2025:00:37:16 +0000] "GET /karamba-spielsaal-erfahrungen-angeschlossen-testbericht-werfen-sie-einen-blick-auf-den-link-within-2025-pro-teutonia/?path=//sys/class/pci_bus/0000:13/subsystem/0000:0f/subsystem/0000:12/device/0000:00:04.0:pcie001/driver/0000:00:02.2:pcie001/driver HTTP/1.1" 200 262264 "-" "meta-externalagent/1.1 (+https://developers.facebook.com/docs/sharing/webmasters/crawler)"
74.7.243.219 - - [17/Dec/2025:00:37:16 +0000] "GET /?p=14545 HTTP/1.1" 200 41793 "-" "Mozilla/5.0 AppleWebKit/537.36 (KHTML, like Gecko; compatible; GPTBot/1.3; +https://openai.com/gptbot)"
57.141.0.46 - - [17/Dec/2025:00:37:17 +0000] "GET /2025/03/06/page/39/?path=//sys/class/pci_bus/0000:00/device/0000:00:02.5/driver/0000:00:02.7/driver/0000:00:02.3/0000:00:02.3:pcie001/subsystem HTTP/1.1" 200 262264 "-" "meta-externalagent/1.1 (+https://developers.facebook.com/docs/sharing/webmasters/crawler)"
57.141.0.32 - - [17/Dec/2025:00:37:18 +0000] "GET /karamba-spielsaal-erfahrungen-angeschlossen-testbericht-werfen-sie-einen-blick-auf-den-link-within-2025-pro-teutonia/?fileloc=//sys/class/pci_bus/0000:01/subsystem/0000:0e/subsystem/0000:0b/device/driver/0000:00:02.5/driver/0000:00:03.2/irq&path=//sys/class/pci_bus/0000:01/subsystem/0000:0e/subsystem/0000:0b/device/driver/0000:00:02.5/driver/0000:00:03.2 HTTP/1.1" 200 262216 "-" "meta-externalagent/1.1 (+https://developers.facebook.com/docs/sharing/webmasters/crawler)"
74.7.243.219 - - [17/Dec/2025:00:37:19 +0000] "GET /?p=14601 HTTP/1.1" 200 42690 "-" "Mozilla/5.0 AppleWebKit/537.36 (KHTML, like Gecko; compatible; GPTBot/1.3; +https://openai.com/gptbot)"
66.249.77.98 - - [17/Dec/2025:00:37:20 +0000] "GET /?fileloc=//sys/class/sound/card0/device/subsystem/devices/0000:00:02.2/driver/0000:00:03.4/driver/0000:00:02.6/driver/0000:00:03.0/subsystem/devices/0000:00:03.4/driver/0000:00:03.7/driver/0000:00:04.1/driver/0000:00:04.0/driver/0000:00:03.1/firmware_node/physical_node/firmware_node/device:35/subsystem/devices/device:39/eject&path=//sys/class/sound/card0/device/subsystem/devices/0000:00:02.2/driver/0000:00:03.4/driver/0000:00:02.6/driver/0000:00:03.0/subsystem/devices/0000:00:03.4/driver/0000:00:03.7/driver/0000:00:04.1/driver/0000:00:04.0/driver/0000:00:03.1/firmware_node/physical_node/firmware_node/device:35/subsystem/devices/device:39 HTTP/1.1" 200 45438 "-" "Mozilla/5.0 (Linux; Android 6.0.1; Nexus 5X Build/MMB29P) AppleWebKit/537.36 (KHTML, like Gecko) Chrome/141.0.7390.122 Mobile Safari/537.36 (compatible; Googlebot/2.1; +http://www.google.com/bot.html)"
57.141.0.40 - - [17/Dec/2025:00:37:22 +0000] "GET /2025/03/13/?path=//sys/class/pci_bus/0000:12/subsystem/0000:0a/device/driver/0000:00:02.2/driver/0000:00:03.4/0000:00:03.4:pcie002 HTTP/1.1" 200 262209 "-" "meta-externalagent/1.1 (+https://developers.facebook.com/docs/sharing/webmasters/crawler)"
74.7.243.219 - - [17/Dec/2025:00:37:22 +0000] "GET /?p=14533 HTTP/1.1" 200 41391 "-" "Mozilla/5.0 AppleWebKit/537.36 (KHTML, like Gecko; compatible; GPTBot/1.3; +https://openai.com/gptbot)"
57.141.0.34 - - [17/Dec/2025:00:37:23 +0000] "GET /nacin-kako-uporabljate-globe-wagering-najboljsa-knjiga/?fileloc=//sys/class/tty/tty20/subsystem/tty27/power/async&path=//sys/class/tty/tty20/subsystem/tty27/power HTTP/1.1" 200 262217 "-" "meta-externalagent/1.1 (+https://developers.facebook.com/docs/sharing/webmasters/crawler)"
74.7.243.219 - - [17/Dec/2025:00:37:25 +0000] "GET /?p=14541 HTTP/1.1" 200 43164 "-" "Mozilla/5.0 AppleWebKit/537.36 (KHTML, like Gecko; compatible; GPTBot/1.3; +https://openai.com/gptbot)"
74.7.243.219 - - [17/Dec/2025:00:37:29 +0000] "GET /?p=14543 HTTP/1.1" 200 43186 "-" "Mozilla/5.0 AppleWebKit/537.36 (KHTML, like Gecko; compatible; GPTBot/1.3; +https://openai.com/gptbot)"
57.141.0.26 - - [17/Dec/2025:00:37:31 +0000] "GET /2025/03/07/page/6/?fileloc=//sys/class/pci_bus/0000:05/subsystem/0000:02/subsystem/0000:00/device/0000:00:02.0/0000:00:02.0:pcie002/driver/0000:00:04.1:pcie002/uevent&path=//sys/class/pci_bus/0000:05/subsystem/0000:02/subsystem/0000:00/device/0000:00:02.0/0000:00:02.0:pcie002/driver/0000:00:04.1:pcie002 HTTP/1.1" 200 262264 "-" "meta-externalagent/1.1 (+https://developers.facebook.com/docs/sharing/webmasters/crawler)"
217.113.194.214 - - [17/Dec/2025:00:37:31 +0000] "GET /account/?fileloc=/opt/wpsites/datainsightnow.com/wp-includes/js/zxcvbn-async.min.js&path=/opt/wpsites/datainsightnow.com/wp-includes/js HTTP/1.1" 200 45437 "-" "Mozilla/5.0 (compatible; Barkrowler/0.9; +https://babbar.tech/crawler)"
74.7.243.219 - - [17/Dec/2025:00:37:32 +0000] "GET /?p=14617 HTTP/1.1" 200 42371 "-" "Mozilla/5.0 AppleWebKit/537.36 (KHTML, like Gecko; compatible; GPTBot/1.3; +https://openai.com/gptbot)"
74.7.243.219 - - [17/Dec/2025:00:37:35 +0000] "GET /?p=15564 HTTP/1.1" 200 41203 "-" "Mozilla/5.0 AppleWebKit/537.36 (KHTML, like Gecko; compatible; GPTBot/1.3; +https://openai.com/gptbot)"
