57.141.0.21 - - [17/Dec/2025:01:16:12 +0000] "GET /2025/03/07/page/6/?fileloc=//sys/class/pci_bus/0000:05/subsystem/0000:06/subsystem/0000:11/subsystem/0000:01/subsystem/0000:01/device/driver/0000:00:04.0/config&path=//sys/class/pci_bus/0000:05/subsystem/0000:06/subsystem/0000:11/subsystem/0000:01/subsystem/0000:01/device/driver/0000:00:04.0 HTTP/1.1" 200 262215 "-" "meta-externalagent/1.1 (+https://developers.facebook.com/docs/sharing/webmasters/crawler)"
57.141.0.43 - - [17/Dec/2025:01:16:12 +0000] "GET /2025/03/07/page/6/?fileloc=//sys/class/pci_bus/0000:0c/device/driver/0000:00:02.4/0000:00:02.4:pcie001/subsystem/devices/0000:00:04.1:pcie001/driver/0000:00:02.2:pcie001/power/runtime_status&path=//sys/class/pci_bus/0000:0c/device/driver/0000:00:02.4/0000:00:02.4:pcie001/subsystem/devices/0000:00:04.1:pcie001/driver/0000:00:02.2:pcie001/power HTTP/1.1" 200 262209 "-" "meta-externalagent/1.1 (+https://developers.facebook.com/docs/sharing/webmasters/crawler)"
54.37.252.212 - - [17/Dec/2025:01:16:13 +0000] "GET /?fileloc=//proc/61/uid_map&path=//proc/61 HTTP/1.1" 200 45437 "-" "Mozilla/5.0 (compatible; MJ12bot/v1.4.8; http://mj12bot.com/)"
74.7.241.13 - - [17/Dec/2025:01:16:14 +0000] "GET /index.php?rest_route=%2Foembed%2F1.0%2Fembed&url=https%3A%2F%2Fdatainsightnow.com%2F%3Fp%3D30045 HTTP/1.1" 200 1289 "-" "Mozilla/5.0 AppleWebKit/537.36 (KHTML, like Gecko; compatible; GPTBot/1.3; +https://openai.com/gptbot)"
57.141.0.56 - - [17/Dec/2025:01:16:16 +0000] "GET /karamba-spielsaal-erfahrungen-angeschlossen-testbericht-werfen-sie-einen-blick-auf-den-link-within-2025-pro-teutonia/?fileloc=//sys/class/pci_bus/0000:06/subsystem/0000:00/subsystem/0000:0b/subsystem/0000:0b/device/driver/0000:00:02.7/uevent&path=//sys/class/pci_bus/0000:06/subsystem/0000:00/subsystem/0000:0b/subsystem/0000:0b/device/driver/0000:00:02.7 HTTP/1.1" 200 262264 "-" "meta-externalagent/1.1 (+https://developers.facebook.com/docs/sharing/webmasters/crawler)"
220.181.51.116 - - [17/Dec/2025:01:16:16 +0000] "GET /?fileloc=/opt/wpsites/datainsightnow.com/wp-blog-header.php&path=/opt/wpsites/datainsightnow.com HTTP/1.1" 200 45437 "-" "Mozilla/5.0 (Windows NT 10.0; WOW64) AppleWebKit/537.36 (KHTML, like Gecko) Chrome/48.0.2564.116 Safari/537.36"
54.37.252.212 - - [17/Dec/2025:01:16:17 +0000] "GET /?fileloc=//proc/61/wchan&path=//proc/61 HTTP/1.1" 200 45437 "-" "Mozilla/5.0 (compatible; MJ12bot/v1.4.8; http://mj12bot.com/)"
74.7.241.13 - - [17/Dec/2025:01:16:18 +0000] "GET /?cat=1&paged=625 HTTP/1.1" 200 37305 "-" "Mozilla/5.0 AppleWebKit/537.36 (KHTML, like Gecko; compatible; GPTBot/1.3; +https://openai.com/gptbot)"
74.7.241.13 - - [17/Dec/2025:01:16:21 +0000] "GET /index.php?rest_route=%2Foembed%2F1.0%2Fembed&url=https%3A%2F%2Fdatainsightnow.com%2F%3Fp%3D35447 HTTP/1.1" 200 1306 "-" "Mozilla/5.0 AppleWebKit/537.36 (KHTML, like Gecko; compatible; GPTBot/1.3; +https://openai.com/gptbot)"
216.73.216.115 - - [17/Dec/2025:01:16:21 +0000] "GET /entity/600242597.htm HTTP/1.1" 301 5 "-" "Mozilla/5.0 AppleWebKit/537.36 (KHTML, like Gecko; compatible; ClaudeBot/1.0; +claudebot@anthropic.com)"
54.37.252.212 - - [17/Dec/2025:01:16:21 +0000] "GET /?fileloc=//proc/62/arch_status&path=//proc/62 HTTP/1.1" 200 45437 "-" "Mozilla/5.0 (compatible; MJ12bot/v1.4.8; http://mj12bot.com/)"
216.73.216.115 - - [17/Dec/2025:01:16:22 +0000] "GET /entity/600242597.htm/ HTTP/1.1" 200 45437 "https://datainsightnow.com/entity/600242597.htm" "Mozilla/5.0 AppleWebKit/537.36 (KHTML, like Gecko; compatible; ClaudeBot/1.0; +claudebot@anthropic.com)"
217.113.194.56 - - [17/Dec/2025:01:16:24 +0000] "GET /about/?fileloc=/opt/wpsites/datainsightnow.com/wp-includes/customize/class-wp-customize-sidebar-section.php&path=/opt/wpsites/datainsightnow.com/wp-includes/customize HTTP/1.1" 200 45437 "-" "Mozilla/5.0 (compatible; Barkrowler/0.9; +https://babbar.tech/crawler)"
74.7.241.13 - - [17/Dec/2025:01:16:24 +0000] "GET /index.php?rest_route=%2Foembed%2F1.0%2Fembed&url=https%3A%2F%2Fdatainsightnow.com%2F%3Fp%3D39833 HTTP/1.1" 200 1329 "-" "Mozilla/5.0 AppleWebKit/537.36 (KHTML, like Gecko; compatible; GPTBot/1.3; +https://openai.com/gptbot)"
54.37.252.212 - - [17/Dec/2025:01:16:25 +0000] "GET /?fileloc=//proc/62/autogroup&path=//proc/62 HTTP/1.1" 200 45437 "-" "Mozilla/5.0 (compatible; MJ12bot/v1.4.8; http://mj12bot.com/)"
74.7.241.13 - - [17/Dec/2025:01:16:27 +0000] "GET /index.php?rest_route=%2Foembed%2F1.0%2Fembed&url=https%3A%2F%2Fdatainsightnow.com%2F%3Fp%3D48623 HTTP/1.1" 200 1268 "-" "Mozilla/5.0 AppleWebKit/537.36 (KHTML, like Gecko; compatible; GPTBot/1.3; +https://openai.com/gptbot)"
116.179.32.148 - - [17/Dec/2025:01:16:27 +0000] "GET /?fileloc=/opt/wpsites/datainsightnow.com/wp-blog-header.php&path=/opt/wpsites/datainsightnow.com HTTP/1.1" 200 45437 "-" "Mozilla/5.0 (compatible; Baiduspider/2.0; +http://www.baidu.com/search/spider.html)"
54.37.252.212 - - [17/Dec/2025:01:16:29 +0000] "GET /?fileloc=//proc/62/auxv&path=//proc/62 HTTP/1.1" 200 45437 "-" "Mozilla/5.0 (compatible; MJ12bot/v1.4.8; http://mj12bot.com/)"
74.7.241.13 - - [17/Dec/2025:01:16:30 +0000] "GET /index.php?rest_route=%2Foembed%2F1.0%2Fembed&url=https%3A%2F%2Fdatainsightnow.com%2F%3Fp%3D26747 HTTP/1.1" 200 1336 "-" "Mozilla/5.0 AppleWebKit/537.36 (KHTML, like Gecko; compatible; GPTBot/1.3; +https://openai.com/gptbot)"
54.37.252.212 - - [17/Dec/2025:01:16:33 +0000] "GET /?fileloc=//proc/62/cgroup&path=//proc/62 HTTP/1.1" 200 45437 "-" "Mozilla/5.0 (compatible; MJ12bot/v1.4.8; http://mj12bot.com/)"
74.7.241.13 - - [17/Dec/2025:01:16:33 +0000] "GET /index.php?rest_route=%2Foembed%2F1.0%2Fembed&url=https%3A%2F%2Fdatainsightnow.com%2F%3Fp%3D12077 HTTP/1.1" 200 1325 "-" "Mozilla/5.0 AppleWebKit/537.36 (KHTML, like Gecko; compatible; GPTBot/1.3; +https://openai.com/gptbot)"
57.141.0.77 - - [17/Dec/2025:01:16:34 +0000] "GET /2025/03/07/page/6/?fileloc=//sys/class/pci_bus/0000:0a/device/driver/0000:00:03.0/firmware_node/physical_node/subsystem/drivers/pcieport/0000:00:02.0/msi_bus&path=//sys/class/pci_bus/0000:0a/device/driver/0000:00:03.0/firmware_node/physical_node/subsystem/drivers/pcieport/0000:00:02.0 HTTP/1.1" 200 262209 "-" "meta-externalagent/1.1 (+https://developers.facebook.com/docs/sharing/webmasters/crawler)"
57.141.0.2 - - [17/Dec/2025:01:16:35 +0000] "GET /2025/03/07/page/6/?fileloc=//sys/class/pci_bus/0000:05/subsystem/0000:08/subsystem/0000:01/subsystem/0000:02/device/0000:00:02.1:pcie010/subsystem/drivers_autoprobe&path=//sys/class/pci_bus/0000:05/subsystem/0000:08/subsystem/0000:01/subsystem/0000:02/device/0000:00:02.1:pcie010/subsystem HTTP/1.1" 200 262248 "-" "meta-externalagent/1.1 (+https://developers.facebook.com/docs/sharing/webmasters/crawler)"
57.141.0.55 - - [17/Dec/2025:01:16:36 +0000] "GET /2025/03/07/page/6/?path=//sys/class/pci_bus/0000:00/device/0000:00:04.0/driver/0000:00:03.1/driver/0000:00:03.0/driver/0000:00:03.3 HTTP/1.1" 200 262264 "-" "meta-externalagent/1.1 (+https://developers.facebook.com/docs/sharing/webmasters/crawler)"
74.7.241.13 - - [17/Dec/2025:01:16:37 +0000] "GET /index.php?rest_route=%2Foembed%2F1.0%2Fembed&url=https%3A%2F%2Fdatainsightnow.com%2F%3Fp%3D32067 HTTP/1.1" 200 1304 "-" "Mozilla/5.0 AppleWebKit/537.36 (KHTML, like Gecko; compatible; GPTBot/1.3; +https://openai.com/gptbot)"
54.37.252.212 - - [17/Dec/2025:01:16:37 +0000] "GET /?fileloc=//proc/62/clear_refs&path=//proc/62 HTTP/1.1" 200 45437 "-" "Mozilla/5.0 (compatible; MJ12bot/v1.4.8; http://mj12bot.com/)"
216.73.216.115 - - [17/Dec/2025:01:16:37 +0000] "GET /entity/600357603.htm HTTP/1.1" 301 5 "-" "Mozilla/5.0 AppleWebKit/537.36 (KHTML, like Gecko; compatible; ClaudeBot/1.0; +claudebot@anthropic.com)"
216.73.216.115 - - [17/Dec/2025:01:16:38 +0000] "GET /entity/600357603.htm/ HTTP/1.1" 200 45437 "https://datainsightnow.com/entity/600357603.htm" "Mozilla/5.0 AppleWebKit/537.36 (KHTML, like Gecko; compatible; ClaudeBot/1.0; +claudebot@anthropic.com)"
57.141.0.44 - - [17/Dec/2025:01:16:39 +0000] "GET /karamba-spielsaal-erfahrungen-angeschlossen-testbericht-werfen-sie-einen-blick-auf-den-link-within-2025-pro-teutonia/?path=//sys/class/pci_bus/0000:06/subsystem/0000:09/subsystem/0000:03/subsystem/0000:0a/device/driver/0000:00:03.3/driver/0000:00:04.1 HTTP/1.1" 200 262248 "-" "meta-externalagent/1.1 (+https://developers.facebook.com/docs/sharing/webmasters/crawler)"
216.73.216.115 - - [17/Dec/2025:01:16:40 +0000] "GET /entity/600348530.htm HTTP/1.1" 301 5 "-" "Mozilla/5.0 AppleWebKit/537.36 (KHTML, like Gecko; compatible; ClaudeBot/1.0; +claudebot@anthropic.com)"
217.113.194.61 - - [17/Dec/2025:01:16:40 +0000] "GET /about/?fileloc=/opt/wpsites/datainsightnow.com/wp-includes/customize/class-wp-customize-filter-setting.php&path=/opt/wpsites/datainsightnow.com/wp-includes/customize HTTP/1.1" 200 45437 "-" "Mozilla/5.0 (compatible; Barkrowler/0.9; +https://babbar.tech/crawler)"
74.7.241.13 - - [17/Dec/2025:01:16:40 +0000] "GET /index.php?rest_route=%2Foembed%2F1.0%2Fembed&url=https%3A%2F%2Fdatainsightnow.com%2F%3Fp%3D46485 HTTP/1.1" 200 1256 "-" "Mozilla/5.0 AppleWebKit/537.36 (KHTML, like Gecko; compatible; GPTBot/1.3; +https://openai.com/gptbot)"
216.73.216.115 - - [17/Dec/2025:01:16:40 +0000] "GET /entity/600348530.htm/ HTTP/1.1" 200 45437 "https://datainsightnow.com/entity/600348530.htm" "Mozilla/5.0 AppleWebKit/537.36 (KHTML, like Gecko; compatible; ClaudeBot/1.0; +claudebot@anthropic.com)"
57.141.0.21 - - [17/Dec/2025:01:16:41 +0000] "GET /karamba-spielsaal-erfahrungen-angeschlossen-testbericht-werfen-sie-einen-blick-auf-den-link-within-2025-pro-teutonia/?fileloc=//sys/class/pci_bus/0000:0b/subsystem/0000:02/device/driver/0000:00:03.3/driver/0000:00:02.4/subsystem/devices/0000:00:04.0/consistent_dma_mask_bits&path=//sys/class/pci_bus/0000:0b/subsystem/0000:02/device/driver/0000:00:03.3/driver/0000:00:02.4/subsystem/devices/0000:00:04.0 HTTP/1.1" 200 262264 "-" "meta-externalagent/1.1 (+https://developers.facebook.com/docs/sharing/webmasters/crawler)"
54.37.252.212 - - [17/Dec/2025:01:16:42 +0000] "GET /?fileloc=//proc/62/cmdline&path=//proc/62 HTTP/1.1" 200 45437 "-" "Mozilla/5.0 (compatible; MJ12bot/v1.4.8; http://mj12bot.com/)"
57.141.0.60 - - [17/Dec/2025:01:16:42 +0000] "GET /2025/03/07/page/6/?fileloc=//sys/class/pci_bus/0000:05/subsystem/0000:11/subsystem/0000:00/device/0000:00:02.0/subsystem/devices/0000:09:00.0/current_link_speed&path=//sys/class/pci_bus/0000:05/subsystem/0000:11/subsystem/0000:00/device/0000:00:02.0/subsystem/devices/0000:09:00.0 HTTP/1.1" 200 262215 "-" "meta-externalagent/1.1 (+https://developers.facebook.com/docs/sharing/webmasters/crawler)"
57.141.0.27 - - [17/Dec/2025:01:16:42 +0000] "GET /karamba-spielsaal-erfahrungen-angeschlossen-testbericht-werfen-sie-einen-blick-auf-den-link-within-2025-pro-teutonia/?fileloc=//sys/class/pci_bus/0000:01/subsystem/0000:11/device/driver/0000:00:02.0/driver/0000:00:03.1/local_cpus&path=//sys/class/pci_bus/0000:01/subsystem/0000:11/device/driver/0000:00:02.0/driver/0000:00:03.1 HTTP/1.1" 200 262264 "-" "meta-externalagent/1.1 (+https://developers.facebook.com/docs/sharing/webmasters/crawler)"
57.141.0.42 - - [17/Dec/2025:01:16:42 +0000] "GET /2025/03/07/page/6/?fileloc=//sys/class/pci_bus/0000:09/device/driver/0000:00:02.7/driver/0000:00:02.2/driver/0000:00:02.3/driver/uevent&path=//sys/class/pci_bus/0000:09/device/driver/0000:00:02.7/driver/0000:00:02.2/driver/0000:00:02.3/driver HTTP/1.1" 200 262264 "-" "meta-externalagent/1.1 (+https://developers.facebook.com/docs/sharing/webmasters/crawler)"
74.7.241.13 - - [17/Dec/2025:01:16:43 +0000] "GET /index.php?rest_route=%2Foembed%2F1.0%2Fembed&url=https%3A%2F%2Fdatainsightnow.com%2F%3Fp%3D44185 HTTP/1.1" 200 1252 "-" "Mozilla/5.0 AppleWebKit/537.36 (KHTML, like Gecko; compatible; GPTBot/1.3; +https://openai.com/gptbot)"
57.141.0.36 - - [17/Dec/2025:01:16:44 +0000] "GET /karamba-spielsaal-erfahrungen-angeschlossen-testbericht-werfen-sie-einen-blick-auf-den-link-within-2025-pro-teutonia/?fileloc=//sys/class/pci_bus/0000:06/subsystem/0000:00/subsystem/0000:0b/subsystem/0000:0d/subsystem/0000:11/device/revision&path=//sys/class/pci_bus/0000:06/subsystem/0000:00/subsystem/0000:0b/subsystem/0000:0d/subsystem/0000:11/device HTTP/1.1" 200 262264 "-" "meta-externalagent/1.1 (+https://developers.facebook.com/docs/sharing/webmasters/crawler)"
57.141.0.54 - - [17/Dec/2025:01:16:45 +0000] "GET /moneysense-self-help-guide-to-the-ideal-profile/?path=//sys/class/pci_bus/0000:0c/subsystem/0000:11/device/subsystem/devices/0000:00:00.0 HTTP/1.1" 200 262264 "-" "meta-externalagent/1.1 (+https://developers.facebook.com/docs/sharing/webmasters/crawler)"
54.37.252.212 - - [17/Dec/2025:01:16:46 +0000] "GET /?fileloc=//proc/62/comm&path=//proc/62 HTTP/1.1" 200 45437 "-" "Mozilla/5.0 (compatible; MJ12bot/v1.4.8; http://mj12bot.com/)"
74.7.241.13 - - [17/Dec/2025:01:16:46 +0000] "GET /index.php?rest_route=%2Foembed%2F1.0%2Fembed&url=https%3A%2F%2Fdatainsightnow.com%2F%3Fp%3D32147 HTTP/1.1" 200 1286 "-" "Mozilla/5.0 AppleWebKit/537.36 (KHTML, like Gecko; compatible; GPTBot/1.3; +https://openai.com/gptbot)"
57.141.0.27 - - [17/Dec/2025:01:16:46 +0000] "GET /2025/03/13/?fileloc=//sys/class/pci_bus/0000:0d/subsystem/0000:00/device/0000:00:02.2/remove&path=//sys/class/pci_bus/0000:0d/subsystem/0000:00/device/0000:00:02.2 HTTP/1.1" 200 262248 "-" "meta-externalagent/1.1 (+https://developers.facebook.com/docs/sharing/webmasters/crawler)"
57.141.0.35 - - [17/Dec/2025:01:16:49 +0000] "GET /2025/03/07/page/6/?fileloc=//sys/class/pci_bus/0000:0f/subsystem/0000:01/subsystem/0000:0b/device/driver/0000:00:03.1/msi_bus&path=//sys/class/pci_bus/0000:0f/subsystem/0000:01/subsystem/0000:0b/device/driver/0000:00:03.1 HTTP/1.1" 200 262264 "-" "meta-externalagent/1.1 (+https://developers.facebook.com/docs/sharing/webmasters/crawler)"
54.37.252.212 - - [17/Dec/2025:01:16:50 +0000] "GET /?fileloc=//proc/62/coredump_filter&path=//proc/62 HTTP/1.1" 200 45437 "-" "Mozilla/5.0 (compatible; MJ12bot/v1.4.8; http://mj12bot.com/)"
74.7.241.13 - - [17/Dec/2025:01:16:50 +0000] "GET /?cat=1&paged=624 HTTP/1.1" 200 37298 "-" "Mozilla/5.0 AppleWebKit/537.36 (KHTML, like Gecko; compatible; GPTBot/1.3; +https://openai.com/gptbot)"
66.135.21.75 - - [17/Dec/2025:01:16:53 +0000] "POST /wp-cron.php?doing_wp_cron=1765934213.2076790332794189453125 HTTP/1.1" 200 31 "-" "WordPress/6.3.1; https://datainsightnow.com"
74.7.241.13 - - [17/Dec/2025:01:16:53 +0000] "GET /index.php?rest_route=%2Foembed%2F1.0%2Fembed&url=https%3A%2F%2Fdatainsightnow.com%2F%3Fp%3D19679 HTTP/1.1" 200 1262 "-" "Mozilla/5.0 AppleWebKit/537.36 (KHTML, like Gecko; compatible; GPTBot/1.3; +https://openai.com/gptbot)"
66.249.77.98 - - [17/Dec/2025:01:16:53 +0000] "GET /?fileloc=//sys/class/sound/card0/device/subsystem/devices/0000:00:02.2/driver/0000:00:03.4/driver/0000:00:02.6/driver/0000:00:03.0/subsystem/devices/0000:00:03.4/subsystem/devices/0000:00:02.7/driver/0000:00:02.7/firmware_node/physical_node/driver/0000:00:03.6/max_link_speed&path=//sys/class/sound/card0/device/subsystem/devices/0000:00:02.2/driver/0000:00:03.4/driver/0000:00:02.6/driver/0000:00:03.0/subsystem/devices/0000:00:03.4/subsystem/devices/0000:00:02.7/driver/0000:00:02.7/firmware_node/physical_node/driver/0000:00:03.6 HTTP/1.1" 200 45438 "-" "Mozilla/5.0 (Linux; Android 6.0.1; Nexus 5X Build/MMB29P) AppleWebKit/537.36 (KHTML, like Gecko) Chrome/141.0.7390.122 Mobile Safari/537.36 (compatible; Googlebot/2.1; +http://www.google.com/bot.html)"
54.37.252.212 - - [17/Dec/2025:01:16:54 +0000] "GET /?fileloc=//proc/62/cpu_resctrl_groups&path=//proc/62 HTTP/1.1" 200 45437 "-" "Mozilla/5.0 (compatible; MJ12bot/v1.4.8; http://mj12bot.com/)"
57.141.0.45 - - [17/Dec/2025:01:16:54 +0000] "GET /karamba-spielsaal-erfahrungen-angeschlossen-testbericht-werfen-sie-einen-blick-auf-den-link-within-2025-pro-teutonia/?path=//sys/class/pci_bus/0000:06/subsystem/0000:03/subsystem/0000:11/subsystem/0000:13/subsystem/0000:0a/device HTTP/1.1" 200 262215 "-" "meta-externalagent/1.1 (+https://developers.facebook.com/docs/sharing/webmasters/crawler)"
154.54.249.198 - - [17/Dec/2025:01:16:56 +0000] "GET /about/?fileloc=/opt/wpsites/datainsightnow.com/wp-includes/assets/script-loader-react-refresh-entry.min.php&path=/opt/wpsites/datainsightnow.com/wp-includes/assets HTTP/1.1" 200 45437 "-" "Mozilla/5.0 (compatible; Barkrowler/0.9; +https://babbar.tech/crawler)"
57.141.0.37 - - [17/Dec/2025:01:16:56 +0000] "GET /karamba-spielsaal-erfahrungen-angeschlossen-testbericht-werfen-sie-einen-blick-auf-den-link-within-2025-pro-teutonia/?fileloc=//sys/class/pci_bus/0000:06/subsystem/0000:0c/subsystem/0000:09/subsystem/0000:10/subsystem/0000:0c/device/driver/0000:00:03.6/enable&path=//sys/class/pci_bus/0000:06/subsystem/0000:0c/subsystem/0000:09/subsystem/0000:10/subsystem/0000:0c/device/driver/0000:00:03.6 HTTP/1.1" 200 262248 "-" "meta-externalagent/1.1 (+https://developers.facebook.com/docs/sharing/webmasters/crawler)"
74.7.241.13 - - [17/Dec/2025:01:16:56 +0000] "GET /index.php?rest_route=%2Foembed%2F1.0%2Fembed&url=https%3A%2F%2Fdatainsightnow.com%2F%3Fp%3D43963 HTTP/1.1" 200 1270 "-" "Mozilla/5.0 AppleWebKit/537.36 (KHTML, like Gecko; compatible; GPTBot/1.3; +https://openai.com/gptbot)"
54.37.252.212 - - [17/Dec/2025:01:16:58 +0000] "GET /?fileloc=//proc/62/cpuset&path=//proc/62 HTTP/1.1" 200 45437 "-" "Mozilla/5.0 (compatible; MJ12bot/v1.4.8; http://mj12bot.com/)"
57.141.0.75 - - [17/Dec/2025:01:16:59 +0000] "GET /karamba-spielsaal-erfahrungen-angeschlossen-testbericht-werfen-sie-einen-blick-auf-den-link-within-2025-pro-teutonia/?fileloc=//sys/class/pci_bus/0000:06/subsystem/0000:06/device/driver/0000:00:03.2/driver/0000:00:02.0/resource&path=//sys/class/pci_bus/0000:06/subsystem/0000:06/device/driver/0000:00:03.2/driver/0000:00:02.0 HTTP/1.1" 200 262264 "-" "meta-externalagent/1.1 (+https://developers.facebook.com/docs/sharing/webmasters/crawler)"
74.7.241.13 - - [17/Dec/2025:01:16:59 +0000] "GET /index.php?rest_route=%2Foembed%2F1.0%2Fembed&url=https%3A%2F%2Fdatainsightnow.com%2F%3Fp%3D29793 HTTP/1.1" 200 1285 "-" "Mozilla/5.0 AppleWebKit/537.36 (KHTML, like Gecko; compatible; GPTBot/1.3; +https://openai.com/gptbot)"
66.249.77.98 - - [17/Dec/2025:01:17:01 +0000] "GET /?fileloc=//sys/class/sound/card0/device/subsystem/devices/0000:00:02.2/driver/0000:00:03.4/driver/0000:00:02.6/driver/0000:00:03.0/subsystem/devices/0000:00:02.7/driver/0000:00:02.3/driver/0000:00:02.1/driver/0000:00:03.0/driver/0000:00:02.7/driver/0000:00:02.0/driver/0000:00:03.4/driver/0000:00:03.0/ari_enabled&path=//sys/class/sound/card0/device/subsystem/devices/0000:00:02.2/driver/0000:00:03.4/driver/0000:00:02.6/driver/0000:00:03.0/subsystem/devices/0000:00:02.7/driver/0000:00:02.3/driver/0000:00:02.1/driver/0000:00:03.0/driver/0000:00:02.7/driver/0000:00:02.0/driver/0000:00:03.4/driver/0000:00:03.0 HTTP/1.1" 200 45438 "-" "Mozilla/5.0 (Linux; Android 6.0.1; Nexus 5X Build/MMB29P) AppleWebKit/537.36 (KHTML, like Gecko) Chrome/141.0.7390.122 Mobile Safari/537.36 (compatible; Googlebot/2.1; +http://www.google.com/bot.html)"
54.37.252.212 - - [17/Dec/2025:01:17:02 +0000] "GET /?fileloc=//proc/62/environ&path=//proc/62 HTTP/1.1" 200 45437 "-" "Mozilla/5.0 (compatible; MJ12bot/v1.4.8; http://mj12bot.com/)"
74.7.241.13 - - [17/Dec/2025:01:17:02 +0000] "GET /index.php?rest_route=%2Foembed%2F1.0%2Fembed&url=https%3A%2F%2Fdatainsightnow.com%2F%3Fp%3D36541 HTTP/1.1" 200 1293 "-" "Mozilla/5.0 AppleWebKit/537.36 (KHTML, like Gecko; compatible; GPTBot/1.3; +https://openai.com/gptbot)"
57.141.0.75 - - [17/Dec/2025:01:17:02 +0000] "GET /2025/03/07/page/6/?path=//sys/class/pci_bus/0000:10/subsystem/0000:07/subsystem/0000:05/subsystem/0000:0e/device/link HTTP/1.1" 200 262264 "-" "meta-externalagent/1.1 (+https://developers.facebook.com/docs/sharing/webmasters/crawler)"
57.141.0.31 - - [17/Dec/2025:01:17:03 +0000] "GET /karamba-spielsaal-erfahrungen-angeschlossen-testbericht-werfen-sie-einen-blick-auf-den-link-within-2025-pro-teutonia/?path=//sys/class/pci_bus/0000:06/subsystem/0000:05/subsystem/0000:0e/subsystem/0000:13/subsystem/0000:01/subsystem/0000:02/power HTTP/1.1" 200 262264 "-" "meta-externalagent/1.1 (+https://developers.facebook.com/docs/sharing/webmasters/crawler)"
57.141.0.73 - - [17/Dec/2025:01:17:04 +0000] "GET /2025/03/07/page/6/?fileloc=//sys/class/pci_bus/0000:0b/subsystem/0000:05/subsystem/0000:05/subsystem/0000:0f/device/driver/0000:00:02.0/aer_rootport_total_err_fatal&path=//sys/class/pci_bus/0000:0b/subsystem/0000:05/subsystem/0000:05/subsystem/0000:0f/device/driver/0000:00:02.0 HTTP/1.1" 200 262264 "-" "meta-externalagent/1.1 (+https://developers.facebook.com/docs/sharing/webmasters/crawler)"
57.141.0.33 - - [17/Dec/2025:01:17:04 +0000] "GET /2025/03/06/page/39/?fileloc=//sys/class/pci_bus/0000:01/subsystem/0000:09/device/driver/0000:00:02.6/driver/0000:00:04.1/d3cold_allowed&path=//sys/class/pci_bus/0000:01/subsystem/0000:09/device/driver/0000:00:02.6/driver/0000:00:04.1 HTTP/1.1" 200 262248 "-" "meta-externalagent/1.1 (+https://developers.facebook.com/docs/sharing/webmasters/crawler)"
74.7.241.13 - - [17/Dec/2025:01:17:05 +0000] "GET /index.php?rest_route=%2Foembed%2F1.0%2Fembed&url=https%3A%2F%2Fdatainsightnow.com%2F%3Fp%3D25448 HTTP/1.1" 200 1318 "-" "Mozilla/5.0 AppleWebKit/537.36 (KHTML, like Gecko; compatible; GPTBot/1.3; +https://openai.com/gptbot)"
57.141.0.9 - - [17/Dec/2025:01:17:06 +0000] "GET /karamba-spielsaal-erfahrungen-angeschlossen-testbericht-werfen-sie-einen-blick-auf-den-link-within-2025-pro-teutonia/?fileloc=//sys/class/pci_bus/0000:08/subsystem/0000:02/device/driver/0000:00:04.0/driver/0000:00:02.1/0000:00:02.1:pcie001/subsystem/drivers_probe&path=//sys/class/pci_bus/0000:08/subsystem/0000:02/device/driver/0000:00:04.0/driver/0000:00:02.1/0000:00:02.1:pcie001/subsystem HTTP/1.1" 200 262209 "-" "meta-externalagent/1.1 (+https://developers.facebook.com/docs/sharing/webmasters/crawler)"
54.37.252.212 - - [17/Dec/2025:01:17:06 +0000] "GET /?fileloc=//proc/62/gid_map&path=//proc/62 HTTP/1.1" 200 45437 "-" "Mozilla/5.0 (compatible; MJ12bot/v1.4.8; http://mj12bot.com/)"
74.7.241.13 - - [17/Dec/2025:01:17:08 +0000] "GET /index.php?rest_route=%2Foembed%2F1.0%2Fembed&url=https%3A%2F%2Fdatainsightnow.com%2F%3Fp%3D14763 HTTP/1.1" 200 1279 "-" "Mozilla/5.0 AppleWebKit/537.36 (KHTML, like Gecko; compatible; GPTBot/1.3; +https://openai.com/gptbot)"
54.37.252.212 - - [17/Dec/2025:01:17:10 +0000] "GET /?fileloc=//proc/62/io&path=//proc/62 HTTP/1.1" 200 45437 "-" "Mozilla/5.0 (compatible; MJ12bot/v1.4.8; http://mj12bot.com/)"
74.7.241.13 - - [17/Dec/2025:01:17:11 +0000] "GET /index.php?rest_route=%2Foembed%2F1.0%2Fembed&url=https%3A%2F%2Fdatainsightnow.com%2F%3Fp%3D10199 HTTP/1.1" 200 1260 "-" "Mozilla/5.0 AppleWebKit/537.36 (KHTML, like Gecko; compatible; GPTBot/1.3; +https://openai.com/gptbot)"
57.141.0.60 - - [17/Dec/2025:01:17:12 +0000] "GET /2025/03/07/page/6/?fileloc=//sys/class/pci_bus/0000:05/subsystem/0000:12/subsystem/0000:11/subsystem/0000:11/subsystem/0000:02/device/0000:02:00.0/aer_dev_correctable&path=//sys/class/pci_bus/0000:05/subsystem/0000:12/subsystem/0000:11/subsystem/0000:11/subsystem/0000:02/device/0000:02:00.0 HTTP/1.1" 200 262264 "-" "meta-externalagent/1.1 (+https://developers.facebook.com/docs/sharing/webmasters/crawler)"
217.113.194.54 - - [17/Dec/2025:01:17:13 +0000] "GET /about/?fileloc=/opt/wpsites/datainsightnow.com/wp-includes/js/plupload/plupload.js&path=/opt/wpsites/datainsightnow.com/wp-includes/js/plupload HTTP/1.1" 200 45437 "-" "Mozilla/5.0 (compatible; Barkrowler/0.9; +https://babbar.tech/crawler)"
54.37.252.212 - - [17/Dec/2025:01:17:14 +0000] "GET /?fileloc=//proc/62/ksm_merging_pages&path=//proc/62 HTTP/1.1" 200 45437 "-" "Mozilla/5.0 (compatible; MJ12bot/v1.4.8; http://mj12bot.com/)"
74.7.241.13 - - [17/Dec/2025:01:17:14 +0000] "GET /index.php?rest_route=%2Foembed%2F1.0%2Fembed&url=https%3A%2F%2Fdatainsightnow.com%2F%3Fp%3D48792 HTTP/1.1" 200 1290 "-" "Mozilla/5.0 AppleWebKit/537.36 (KHTML, like Gecko; compatible; GPTBot/1.3; +https://openai.com/gptbot)"
57.141.0.30 - - [17/Dec/2025:01:17:15 +0000] "GET /2025/03/07/page/6/?path=//sys/class/pci_bus/0000:10/subsystem/0000:0a/subsystem/0000:01/device/driver/0000:00:02.4/0000:00:02.4:pcie002 HTTP/1.1" 200 262264 "-" "meta-externalagent/1.1 (+https://developers.facebook.com/docs/sharing/webmasters/crawler)"
57.141.0.8 - - [17/Dec/2025:01:17:16 +0000] "GET /2025/03/07/page/6/?path=//sys/class/pci_bus/0000:0c/device/driver/0000:00:04.1/0000:00:04.1:pcie001/driver/0000:00:02.6:pcie001/subsystem/devices/0000:00:03.4:pcie002 HTTP/1.1" 200 262248 "-" "meta-externalagent/1.1 (+https://developers.facebook.com/docs/sharing/webmasters/crawler)"
57.141.0.68 - - [17/Dec/2025:01:17:17 +0000] "GET /2025/03/07/page/6/?path=//sys/class/pci_bus/0000:01/device/driver/0000:00:04.1/0000:00:04.1:pcie002/driver/0000:00:02.4:pcie002/driver/0000:00:02.1:pcie002/power HTTP/1.1" 200 262264 "-" "meta-externalagent/1.1 (+https://developers.facebook.com/docs/sharing/webmasters/crawler)"
74.7.241.13 - - [17/Dec/2025:01:17:18 +0000] "GET /?cat=1&paged=623 HTTP/1.1" 200 37254 "-" "Mozilla/5.0 AppleWebKit/537.36 (KHTML, like Gecko; compatible; GPTBot/1.3; +https://openai.com/gptbot)"
54.37.252.212 - - [17/Dec/2025:01:17:18 +0000] "GET /?fileloc=//proc/62/ksm_stat&path=//proc/62 HTTP/1.1" 200 45437 "-" "Mozilla/5.0 (compatible; MJ12bot/v1.4.8; http://mj12bot.com/)"
57.141.0.46 - - [17/Dec/2025:01:17:19 +0000] "GET /karamba-spielsaal-erfahrungen-angeschlossen-testbericht-werfen-sie-einen-blick-auf-den-link-within-2025-pro-teutonia/?path=//sys/class/pci_bus/0000:06/subsystem/0000:0c/device/driver/0000:00:03.2/driver/0000:00:02.1/driver/0000:00:02.6/subsystem/drivers/mlx5_core HTTP/1.1" 200 262264 "-" "meta-externalagent/1.1 (+https://developers.facebook.com/docs/sharing/webmasters/crawler)"
57.141.0.69 - - [17/Dec/2025:01:17:19 +0000] "GET /karamba-spielsaal-erfahrungen-angeschlossen-testbericht-werfen-sie-einen-blick-auf-den-link-within-2025-pro-teutonia/?path=//sys/class/pci_bus/0000:08/subsystem/0000:05/subsystem/0000:00/subsystem/0000:00/subsystem/0000:01/subsystem/0000:02 HTTP/1.1" 200 262248 "-" "meta-externalagent/1.1 (+https://developers.facebook.com/docs/sharing/webmasters/crawler)"
57.141.0.48 - - [17/Dec/2025:01:17:20 +0000] "GET /2025/03/07/page/6/?path=//sys/class/pci_bus/0000:01/subsystem/0000:02/device/driver/0000:00:02.2/0000:00:02.2:pcie001/driver/0000:00:02.3:pcie001 HTTP/1.1" 200 262264 "-" "meta-externalagent/1.1 (+https://developers.facebook.com/docs/sharing/webmasters/crawler)"
74.7.241.13 - - [17/Dec/2025:01:17:21 +0000] "GET /index.php?rest_route=%2Foembed%2F1.0%2Fembed&url=https%3A%2F%2Fdatainsightnow.com%2F%3Fp%3D42365 HTTP/1.1" 200 1278 "-" "Mozilla/5.0 AppleWebKit/537.36 (KHTML, like Gecko; compatible; GPTBot/1.3; +https://openai.com/gptbot)"
54.37.252.212 - - [17/Dec/2025:01:17:22 +0000] "GET /?fileloc=//proc/62/latency&path=//proc/62 HTTP/1.1" 200 45437 "-" "Mozilla/5.0 (compatible; MJ12bot/v1.4.8; http://mj12bot.com/)"
66.249.77.98 - - [17/Dec/2025:01:17:22 +0000] "GET /entity/126167188.htm HTTP/1.1" 200 29637 "-" "Mozilla/5.0 (Linux; Android 6.0.1; Nexus 5X Build/MMB29P) AppleWebKit/537.36 (KHTML, like Gecko) Chrome/141.0.7390.122 Mobile Safari/537.36 (compatible; Googlebot/2.1; +http://www.google.com/bot.html)"
57.141.0.28 - - [17/Dec/2025:01:17:24 +0000] "GET /karamba-spielsaal-erfahrungen-angeschlossen-testbericht-werfen-sie-einen-blick-auf-den-link-within-2025-pro-teutonia/?fileloc=//sys/class/pci_bus/0000:02/subsystem/0000:02/subsystem/0000:03/subsystem/0000:0f/device/aer_dev_correctable&path=//sys/class/pci_bus/0000:02/subsystem/0000:02/subsystem/0000:03/subsystem/0000:0f/device HTTP/1.1" 200 262264 "-" "meta-externalagent/1.1 (+https://developers.facebook.com/docs/sharing/webmasters/crawler)"
74.7.241.13 - - [17/Dec/2025:01:17:24 +0000] "GET /index.php?rest_route=%2Foembed%2F1.0%2Fembed&url=https%3A%2F%2Fdatainsightnow.com%2F%3Fp%3D16400 HTTP/1.1" 200 1308 "-" "Mozilla/5.0 AppleWebKit/537.36 (KHTML, like Gecko; compatible; GPTBot/1.3; +https://openai.com/gptbot)"
114.119.137.141 - - [17/Dec/2025:01:17:24 +0000] "GET /zodiac-kasino-erfahrungen-2024-480-bonus-80-freispiele/?path=//sys/dev/char/5:1/subsystem/ttyS29/subsystem/tty38/subsystem/tty22/subsystem/tty3 HTTP/1.1" 200 45438 "https://datainsightnow.com/zodiac-kasino-erfahrungen-2024-480-bonus-80-freispiele/?path=//sys/dev/char/5%3A1/subsystem/ttyS29/subsystem/tty38/subsystem/tty22/subsystem" "Mozilla/5.0 (Linux; Android 7.0;) AppleWebKit/537.36 (KHTML, like Gecko) Mobile Safari/537.36 (compatible; PetalBot;+https://webmaster.petalsearch.com/site/petalbot)"
54.37.252.212 - - [17/Dec/2025:01:17:26 +0000] "GET /?fileloc=//proc/62/limits&path=//proc/62 HTTP/1.1" 200 45437 "-" "Mozilla/5.0 (compatible; MJ12bot/v1.4.8; http://mj12bot.com/)"
57.141.0.17 - - [17/Dec/2025:01:17:27 +0000] "GET /2025/03/06/page/39/?path=//sys/class/pci_bus/0000:04/device/0000:00:02.2:pcie010/subsystem/drivers/aer/0000:00:04.0:pcie002/driver/0000:00:04.0:pcie002/driver/0000:00:02.1:pcie002 HTTP/1.1" 200 262264 "-" "meta-externalagent/1.1 (+https://developers.facebook.com/docs/sharing/webmasters/crawler)"
74.7.241.13 - - [17/Dec/2025:01:17:27 +0000] "GET /index.php?rest_route=%2Foembed%2F1.0%2Fembed&url=https%3A%2F%2Fdatainsightnow.com%2F%3Fp%3D14962 HTTP/1.1" 200 1307 "-" "Mozilla/5.0 AppleWebKit/537.36 (KHTML, like Gecko; compatible; GPTBot/1.3; +https://openai.com/gptbot)"
154.54.249.198 - - [17/Dec/2025:01:17:29 +0000] "GET /about/?fileloc=/opt/wpsites/datainsightnow.com/wp-includes/js/jquery/jquery.masonry.min.js&path=/opt/wpsites/datainsightnow.com/wp-includes/js/jquery HTTP/1.1" 200 45437 "-" "Mozilla/5.0 (compatible; Barkrowler/0.9; +https://babbar.tech/crawler)"
74.7.241.13 - - [17/Dec/2025:01:17:30 +0000] "GET /index.php?rest_route=%2Foembed%2F1.0%2Fembed&url=https%3A%2F%2Fdatainsightnow.com%2F%3Fp%3D10269 HTTP/1.1" 200 1253 "-" "Mozilla/5.0 AppleWebKit/537.36 (KHTML, like Gecko; compatible; GPTBot/1.3; +https://openai.com/gptbot)"
54.37.252.212 - - [17/Dec/2025:01:17:30 +0000] "GET /?fileloc=//proc/62/loginuid&path=//proc/62 HTTP/1.1" 200 45437 "-" "Mozilla/5.0 (compatible; MJ12bot/v1.4.8; http://mj12bot.com/)"
57.141.0.16 - - [17/Dec/2025:01:17:33 +0000] "GET /2025/03/07/page/6/?fileloc=//sys/class/pci_bus/0000:05/subsystem/0000:10/device/driver/0000:00:02.5/firmware_node/subsystem/devices/device:07/power/runtime_active_kids&path=//sys/class/pci_bus/0000:05/subsystem/0000:10/device/driver/0000:00:02.5/firmware_node/subsystem/devices/device:07/power HTTP/1.1" 200 262264 "-" "meta-externalagent/1.1 (+https://developers.facebook.com/docs/sharing/webmasters/crawler)"
74.7.241.13 - - [17/Dec/2025:01:17:33 +0000] "GET /index.php?rest_route=%2Foembed%2F1.0%2Fembed&url=https%3A%2F%2Fdatainsightnow.com%2F%3Fp%3D29553 HTTP/1.1" 200 1249 "-" "Mozilla/5.0 AppleWebKit/537.36 (KHTML, like Gecko; compatible; GPTBot/1.3; +https://openai.com/gptbot)"
54.37.252.212 - - [17/Dec/2025:01:17:34 +0000] "GET /?fileloc=//proc/62/maps&path=//proc/62 HTTP/1.1" 200 45437 "-" "Mozilla/5.0 (compatible; MJ12bot/v1.4.8; http://mj12bot.com/)"
216.73.216.115 - - [17/Dec/2025:01:17:35 +0000] "GET /entity/600181997.htm HTTP/1.1" 301 5 "-" "Mozilla/5.0 AppleWebKit/537.36 (KHTML, like Gecko; compatible; ClaudeBot/1.0; +claudebot@anthropic.com)"
216.73.216.115 - - [17/Dec/2025:01:17:35 +0000] "GET /entity/600181997.htm/ HTTP/1.1" 200 45437 "https://datainsightnow.com/entity/600181997.htm" "Mozilla/5.0 AppleWebKit/537.36 (KHTML, like Gecko; compatible; ClaudeBot/1.0; +claudebot@anthropic.com)"
216.73.216.115 - - [17/Dec/2025:01:17:36 +0000] "GET /entity/600290002.htm HTTP/1.1" 301 5 "-" "Mozilla/5.0 AppleWebKit/537.36 (KHTML, like Gecko; compatible; ClaudeBot/1.0; +claudebot@anthropic.com)"
216.73.216.115 - - [17/Dec/2025:01:17:36 +0000] "GET /entity/600290002.htm/ HTTP/1.1" 200 45437 "https://datainsightnow.com/entity/600290002.htm" "Mozilla/5.0 AppleWebKit/537.36 (KHTML, like Gecko; compatible; ClaudeBot/1.0; +claudebot@anthropic.com)"
74.7.241.13 - - [17/Dec/2025:01:17:36 +0000] "GET /index.php?rest_route=%2Foembed%2F1.0%2Fembed&url=https%3A%2F%2Fdatainsightnow.com%2F%3Fp%3D38826 HTTP/1.1" 200 1247 "-" "Mozilla/5.0 AppleWebKit/537.36 (KHTML, like Gecko; compatible; GPTBot/1.3; +https://openai.com/gptbot)"
54.37.252.212 - - [17/Dec/2025:01:17:39 +0000] "GET /?fileloc=//proc/62/mem&path=//proc/62 HTTP/1.1" 200 45437 "-" "Mozilla/5.0 (compatible; MJ12bot/v1.4.8; http://mj12bot.com/)"
52.167.144.180 - - [17/Dec/2025:01:17:39 +0000] "GET /usm_0.66_1.00_0.01/?fileloc=/etc/ImageMagick-6/type-apple.xml&path=/etc/ImageMagick-6 HTTP/1.1" 200 45437 "-" "Mozilla/5.0 AppleWebKit/537.36 (KHTML, like Gecko; compatible; bingbot/2.0; +http://www.bing.com/bingbot.htm) Chrome/116.0.1938.76 Safari/537.36"
57.141.0.52 - - [17/Dec/2025:01:17:39 +0000] "GET /karamba-spielsaal-erfahrungen-angeschlossen-testbericht-werfen-sie-einen-blick-auf-den-link-within-2025-pro-teutonia/?fileloc=//sys/class/pci_bus/0000:06/subsystem/0000:0d/subsystem/0000:00/device/0000:00:02.1/driver/0000:00:02.7/driver/0000:00:02.3/revision&path=//sys/class/pci_bus/0000:06/subsystem/0000:0d/subsystem/0000:00/device/0000:00:02.1/driver/0000:00:02.7/driver/0000:00:02.3 HTTP/1.1" 200 262209 "-" "meta-externalagent/1.1 (+https://developers.facebook.com/docs/sharing/webmasters/crawler)"
74.7.241.13 - - [17/Dec/2025:01:17:40 +0000] "GET /index.php?rest_route=%2Foembed%2F1.0%2Fembed&url=https%3A%2F%2Fdatainsightnow.com%2F%3Fp%3D42977 HTTP/1.1" 200 1277 "-" "Mozilla/5.0 AppleWebKit/537.36 (KHTML, like Gecko; compatible; GPTBot/1.3; +https://openai.com/gptbot)"
54.37.252.212 - - [17/Dec/2025:01:17:43 +0000] "GET /?fileloc=//proc/62/mountinfo&path=//proc/62 HTTP/1.1" 200 45437 "-" "Mozilla/5.0 (compatible; MJ12bot/v1.4.8; http://mj12bot.com/)"
74.7.241.13 - - [17/Dec/2025:01:17:43 +0000] "GET /index.php?rest_route=%2Foembed%2F1.0%2Fembed&url=https%3A%2F%2Fdatainsightnow.com%2F%3Fp%3D37697 HTTP/1.1" 200 1290 "-" "Mozilla/5.0 AppleWebKit/537.36 (KHTML, like Gecko; compatible; GPTBot/1.3; +https://openai.com/gptbot)"
57.141.0.37 - - [17/Dec/2025:01:17:43 +0000] "GET /2025/03/07/page/6/?fileloc=//sys/bus/acpi/devices/device:03/subsystem/devices/device:07/adr&path=//sys/bus/acpi/devices/device:03/subsystem/devices/device:07 HTTP/1.1" 200 262209 "-" "meta-externalagent/1.1 (+https://developers.facebook.com/docs/sharing/webmasters/crawler)"
57.141.0.36 - - [17/Dec/2025:01:17:43 +0000] "GET /2025/03/07/page/6/?fileloc=//sys/class/pci_bus/0000:08/device/subsystem/devices/0000:00:02.7/driver/0000:00:02.5/0000:07:00.0/driver_override&path=//sys/class/pci_bus/0000:08/device/subsystem/devices/0000:00:02.7/driver/0000:00:02.5/0000:07:00.0 HTTP/1.1" 200 262209 "-" "meta-externalagent/1.1 (+https://developers.facebook.com/docs/sharing/webmasters/crawler)"
217.113.194.61 - - [17/Dec/2025:01:17:45 +0000] "GET /about/?fileloc=/opt/wpsites/datainsightnow.com/wp-includes/js/codemirror/codemirror.min.css&path=/opt/wpsites/datainsightnow.com/wp-includes/js/codemirror HTTP/1.1" 200 45437 "-" "Mozilla/5.0 (compatible; Barkrowler/0.9; +https://babbar.tech/crawler)"
74.7.241.13 - - [17/Dec/2025:01:17:46 +0000] "GET /index.php?rest_route=%2Foembed%2F1.0%2Fembed&url=https%3A%2F%2Fdatainsightnow.com%2F%3Fp%3D33641 HTTP/1.1" 200 1273 "-" "Mozilla/5.0 AppleWebKit/537.36 (KHTML, like Gecko; compatible; GPTBot/1.3; +https://openai.com/gptbot)"
54.37.252.212 - - [17/Dec/2025:01:17:47 +0000] "GET /?fileloc=//proc/62/mounts&path=//proc/62 HTTP/1.1" 200 45437 "-" "Mozilla/5.0 (compatible; MJ12bot/v1.4.8; http://mj12bot.com/)"
57.141.0.6 - - [17/Dec/2025:01:17:48 +0000] "GET /karamba-spielsaal-erfahrungen-angeschlossen-testbericht-werfen-sie-einen-blick-auf-den-link-within-2025-pro-teutonia/?path=//sys/class/pci_bus/0000:0e/subsystem/0000:13/subsystem/0000:0a/subsystem/0000:10/subsystem/0000:00/device/0000:00:04.1 HTTP/1.1" 200 262209 "-" "meta-externalagent/1.1 (+https://developers.facebook.com/docs/sharing/webmasters/crawler)"
74.7.241.13 - - [17/Dec/2025:01:17:49 +0000] "GET /?cat=1&paged=622 HTTP/1.1" 200 37243 "-" "Mozilla/5.0 AppleWebKit/537.36 (KHTML, like Gecko; compatible; GPTBot/1.3; +https://openai.com/gptbot)"
66.135.21.75 - - [17/Dec/2025:01:17:50 +0000] "POST /wp-cron.php?doing_wp_cron=1765934270.8692650794982910156250 HTTP/1.1" 200 31 "-" "WordPress/6.3.1; https://datainsightnow.com"
54.37.252.212 - - [17/Dec/2025:01:17:51 +0000] "GET /?fileloc=//proc/62/mountstats&path=//proc/62 HTTP/1.1" 200 45437 "-" "Mozilla/5.0 (compatible; MJ12bot/v1.4.8; http://mj12bot.com/)"
74.7.241.13 - - [17/Dec/2025:01:17:52 +0000] "GET /index.php?rest_route=%2Foembed%2F1.0%2Fembed&url=https%3A%2F%2Fdatainsightnow.com%2F%3Fp%3D43091 HTTP/1.1" 200 1272 "-" "Mozilla/5.0 AppleWebKit/537.36 (KHTML, like Gecko; compatible; GPTBot/1.3; +https://openai.com/gptbot)"
57.141.0.69 - - [17/Dec/2025:01:17:54 +0000] "GET /karamba-spielsaal-erfahrungen-angeschlossen-testbericht-werfen-sie-einen-blick-auf-den-link-within-2025-pro-teutonia/?fileloc=//sys/class/pci_bus/0000:06/subsystem/0000:0b/subsystem/0000:0a/subsystem/0000:12/subsystem/0000:07/device/subsystem_device&path=//sys/class/pci_bus/0000:06/subsystem/0000:0b/subsystem/0000:0a/subsystem/0000:12/subsystem/0000:07/device HTTP/1.1" 200 262215 "-" "meta-externalagent/1.1 (+https://developers.facebook.com/docs/sharing/webmasters/crawler)"
57.141.0.26 - - [17/Dec/2025:01:17:54 +0000] "GET /2025/03/07/page/6/?fileloc=//sys/class/pci_bus/0000:0b/subsystem/0000:02/subsystem/0000:10/subsystem/0000:02/subsystem/0000:05/cpulistaffinity&path=//sys/class/pci_bus/0000:0b/subsystem/0000:02/subsystem/0000:10/subsystem/0000:02/subsystem/0000:05 HTTP/1.1" 200 262264 "-" "meta-externalagent/1.1 (+https://developers.facebook.com/docs/sharing/webmasters/crawler)"
54.37.252.212 - - [17/Dec/2025:01:17:55 +0000] "GET /?fileloc=//proc/62/numa_maps&path=//proc/62 HTTP/1.1" 200 45437 "-" "Mozilla/5.0 (compatible; MJ12bot/v1.4.8; http://mj12bot.com/)"
74.7.241.13 - - [17/Dec/2025:01:17:56 +0000] "GET /index.php?rest_route=%2Foembed%2F1.0%2Fembed&url=https%3A%2F%2Fdatainsightnow.com%2F%3Fp%3D16520 HTTP/1.1" 200 1272 "-" "Mozilla/5.0 AppleWebKit/537.36 (KHTML, like Gecko; compatible; GPTBot/1.3; +https://openai.com/gptbot)"
216.73.216.115 - - [17/Dec/2025:01:17:57 +0000] "GET /entity/600264877.htm HTTP/1.1" 301 5 "-" "Mozilla/5.0 AppleWebKit/537.36 (KHTML, like Gecko; compatible; ClaudeBot/1.0; +claudebot@anthropic.com)"
216.73.216.115 - - [17/Dec/2025:01:17:58 +0000] "GET /entity/600264877.htm/ HTTP/1.1" 200 45437 "https://datainsightnow.com/entity/600264877.htm" "Mozilla/5.0 AppleWebKit/537.36 (KHTML, like Gecko; compatible; ClaudeBot/1.0; +claudebot@anthropic.com)"
74.7.241.13 - - [17/Dec/2025:01:17:59 +0000] "GET /index.php?rest_route=%2Foembed%2F1.0%2Fembed&url=https%3A%2F%2Fdatainsightnow.com%2F%3Fp%3D10287 HTTP/1.1" 200 1312 "-" "Mozilla/5.0 AppleWebKit/537.36 (KHTML, like Gecko; compatible; GPTBot/1.3; +https://openai.com/gptbot)"
54.37.252.212 - - [17/Dec/2025:01:17:59 +0000] "GET /?fileloc=//proc/62/oom_adj&path=//proc/62 HTTP/1.1" 200 45437 "-" "Mozilla/5.0 (compatible; MJ12bot/v1.4.8; http://mj12bot.com/)"
74.7.241.13 - - [17/Dec/2025:01:18:02 +0000] "GET /index.php?rest_route=%2Foembed%2F1.0%2Fembed&url=https%3A%2F%2Fdatainsightnow.com%2F%3Fp%3D46115 HTTP/1.1" 200 1290 "-" "Mozilla/5.0 AppleWebKit/537.36 (KHTML, like Gecko; compatible; GPTBot/1.3; +https://openai.com/gptbot)"
54.37.252.212 - - [17/Dec/2025:01:18:03 +0000] "GET /?fileloc=//proc/62/oom_score&path=//proc/62 HTTP/1.1" 200 45437 "-" "Mozilla/5.0 (compatible; MJ12bot/v1.4.8; http://mj12bot.com/)"
217.113.194.214 - - [17/Dec/2025:01:18:03 +0000] "GET /about/?fileloc=/opt/wpsites/datainsightnow.com/wp-includes/js/customize-preview-nav-menus.min.js&path=/opt/wpsites/datainsightnow.com/wp-includes/js HTTP/1.1" 200 45437 "-" "Mozilla/5.0 (compatible; Barkrowler/0.9; +https://babbar.tech/crawler)"
74.7.241.13 - - [17/Dec/2025:01:18:05 +0000] "GET /index.php?rest_route=%2Foembed%2F1.0%2Fembed&url=https%3A%2F%2Fdatainsightnow.com%2F%3Fp%3D49127 HTTP/1.1" 200 1301 "-" "Mozilla/5.0 AppleWebKit/537.36 (KHTML, like Gecko; compatible; GPTBot/1.3; +https://openai.com/gptbot)"
57.141.0.78 - - [17/Dec/2025:01:18:05 +0000] "GET /2025/03/07/page/6/?fileloc=//sys/class/pci_bus/0000:05/subsystem/0000:11/subsystem/0000:13/subsystem/0000:0b/subsystem/0000:09/device/driver/0000:00:02.0/resource0&path=//sys/class/pci_bus/0000:05/subsystem/0000:11/subsystem/0000:13/subsystem/0000:0b/subsystem/0000:09/device/driver/0000:00:02.0 HTTP/1.1" 200 262215 "-" "meta-externalagent/1.1 (+https://developers.facebook.com/docs/sharing/webmasters/crawler)"
57.141.0.24 - - [17/Dec/2025:01:18:06 +0000] "GET /2025/03/06/page/39/?fileloc=//sys/class/pci_bus/0000:13/subsystem/0000:0d/subsystem/0000:0f/subsystem/0000:05/subsystem/0000:05/power/runtime_suspended_time&path=//sys/class/pci_bus/0000:13/subsystem/0000:0d/subsystem/0000:0f/subsystem/0000:05/subsystem/0000:05/power HTTP/1.1" 200 262209 "-" "meta-externalagent/1.1 (+https://developers.facebook.com/docs/sharing/webmasters/crawler)"
57.141.0.57 - - [17/Dec/2025:01:18:07 +0000] "GET /2025/03/07/page/6/?fileloc=//sys/class/pci_bus/0000:0d/subsystem/0000:0c/device/driver/0000:00:02.1/subsystem/devices/0000:00:01.0/boot_vga&path=//sys/class/pci_bus/0000:0d/subsystem/0000:0c/device/driver/0000:00:02.1/subsystem/devices/0000:00:01.0 HTTP/1.1" 200 262216 "-" "meta-externalagent/1.1 (+https://developers.facebook.com/docs/sharing/webmasters/crawler)"
54.37.252.212 - - [17/Dec/2025:01:18:07 +0000] "GET /?fileloc=//proc/62/oom_score_adj&path=//proc/62 HTTP/1.1" 200 45437 "-" "Mozilla/5.0 (compatible; MJ12bot/v1.4.8; http://mj12bot.com/)"
57.141.0.68 - - [17/Dec/2025:01:18:08 +0000] "GET /karamba-spielsaal-erfahrungen-angeschlossen-testbericht-werfen-sie-einen-blick-auf-den-link-within-2025-pro-teutonia/?fileloc=//sys/class/pci_bus/0000:0e/subsystem/0000:13/subsystem/0000:0f/device/driver/0000:00:02.7/driver/0000:00:02.6/max_link_speed&path=//sys/class/pci_bus/0000:0e/subsystem/0000:13/subsystem/0000:0f/device/driver/0000:00:02.7/driver/0000:00:02.6 HTTP/1.1" 200 262248 "-" "meta-externalagent/1.1 (+https://developers.facebook.com/docs/sharing/webmasters/crawler)"
74.7.241.13 - - [17/Dec/2025:01:18:08 +0000] "GET /index.php?rest_route=%2Foembed%2F1.0%2Fembed&url=https%3A%2F%2Fdatainsightnow.com%2F%3Fp%3D37661 HTTP/1.1" 200 1293 "-" "Mozilla/5.0 AppleWebKit/537.36 (KHTML, like Gecko; compatible; GPTBot/1.3; +https://openai.com/gptbot)"
54.37.252.212 - - [17/Dec/2025:01:18:11 +0000] "GET /?fileloc=//proc/62/pagemap&path=//proc/62 HTTP/1.1" 200 45437 "-" "Mozilla/5.0 (compatible; MJ12bot/v1.4.8; http://mj12bot.com/)"
74.7.241.13 - - [17/Dec/2025:01:18:11 +0000] "GET /index.php?rest_route=%2Foembed%2F1.0%2Fembed&url=https%3A%2F%2Fdatainsightnow.com%2F%3Fp%3D13600 HTTP/1.1" 200 1292 "-" "Mozilla/5.0 AppleWebKit/537.36 (KHTML, like Gecko; compatible; GPTBot/1.3; +https://openai.com/gptbot)"
185.191.171.4 - - [17/Dec/2025:01:18:11 +0000] "GET /?p=18934 HTTP/1.1" 200 42105 "-" "Mozilla/5.0 (compatible; SemrushBot/7~bl; +http://www.semrush.com/bot.html)"
74.7.241.13 - - [17/Dec/2025:01:18:15 +0000] "GET /index.php?rest_route=%2Foembed%2F1.0%2Fembed&url=https%3A%2F%2Fdatainsightnow.com%2F%3Fp%3D39077 HTTP/1.1" 200 1282 "-" "Mozilla/5.0 AppleWebKit/537.36 (KHTML, like Gecko; compatible; GPTBot/1.3; +https://openai.com/gptbot)"
54.37.252.212 - - [17/Dec/2025:01:18:15 +0000] "GET /?p=40159 HTTP/1.1" 200 42665 "-" "Mozilla/5.0 (compatible; MJ12bot/v1.4.8; http://mj12bot.com/)"
57.141.0.38 - - [17/Dec/2025:01:18:16 +0000] "GET /karamba-spielsaal-erfahrungen-angeschlossen-testbericht-werfen-sie-einen-blick-auf-den-link-within-2025-pro-teutonia/?fileloc=//sys/class/pci_bus/0000:0f/subsystem/0000:06/subsystem/0000:01/subsystem/0000:13/subsystem/0000:03/device/revision&path=//sys/class/pci_bus/0000:0f/subsystem/0000:06/subsystem/0000:01/subsystem/0000:13/subsystem/0000:03/device HTTP/1.1" 200 262215 "-" "meta-externalagent/1.1 (+https://developers.facebook.com/docs/sharing/webmasters/crawler)"
66.249.77.99 - - [17/Dec/2025:01:18:17 +0000] "GET /entity/126197230.htm HTTP/1.1" 200 29572 "-" "Mozilla/5.0 (Linux; Android 6.0.1; Nexus 5X Build/MMB29P) AppleWebKit/537.36 (KHTML, like Gecko) Chrome/141.0.7390.122 Mobile Safari/537.36 (compatible; Googlebot/2.1; +http://www.google.com/bot.html)"
85.208.96.202 - - [17/Dec/2025:01:18:17 +0000] "GET /?p=42469 HTTP/1.1" 200 42548 "-" "Mozilla/5.0 (compatible; SemrushBot/7~bl; +http://www.semrush.com/bot.html)"
57.141.0.50 - - [17/Dec/2025:01:18:18 +0000] "GET /2025/03/13/?path=//sys/class/pci_bus/0000:13/subsystem/0000:09/device/driver/0000:00:03.2/driver/0000:00:02.5/power HTTP/1.1" 200 262264 "-" "meta-externalagent/1.1 (+https://developers.facebook.com/docs/sharing/webmasters/crawler)"
74.7.241.13 - - [17/Dec/2025:01:18:18 +0000] "GET /?p=35797 HTTP/1.1" 200 42852 "-" "Mozilla/5.0 AppleWebKit/537.36 (KHTML, like Gecko; compatible; GPTBot/1.3; +https://openai.com/gptbot)"
57.141.0.78 - - [17/Dec/2025:01:18:18 +0000] "GET /karamba-spielsaal-erfahrungen-angeschlossen-testbericht-werfen-sie-einen-blick-auf-den-link-within-2025-pro-teutonia/?fileloc=//sys/class/pci_bus/0000:02/device/driver/0000:00:02.0/driver/0000:00:03.6/driver/0000:00:02.1/0000:02:00.0/revision&path=//sys/class/pci_bus/0000:02/device/driver/0000:00:02.0/driver/0000:00:03.6/driver/0000:00:02.1/0000:02:00.0 HTTP/1.1" 200 262215 "-" "meta-externalagent/1.1 (+https://developers.facebook.com/docs/sharing/webmasters/crawler)"
54.37.252.212 - - [17/Dec/2025:01:18:19 +0000] "GET /?p=40163 HTTP/1.1" 200 41284 "-" "Mozilla/5.0 (compatible; MJ12bot/v1.4.8; http://mj12bot.com/)"
217.113.194.56 - - [17/Dec/2025:01:18:19 +0000] "GET /about/?fileloc=/opt/wpsites/datainsightnow.com/wp-content/uploads/2022/12/unfpa-150x150.jpg&path=/opt/wpsites/datainsightnow.com/wp-content/uploads/2022/12 HTTP/1.1" 200 45437 "-" "Mozilla/5.0 (compatible; Barkrowler/0.9; +https://babbar.tech/crawler)"
54.37.252.212 - - [17/Dec/2025:01:18:22 +0000] "GET /?paged=4&m=20250406 HTTP/1.1" 200 37328 "-" "Mozilla/5.0 (compatible; MJ12bot/v1.4.8; http://mj12bot.com/)"
66.249.77.99 - - [17/Dec/2025:01:18:24 +0000] "GET /entity/418646050.htm HTTP/1.1" 200 31623 "-" "Mozilla/5.0 (Linux; Android 6.0.1; Nexus 5X Build/MMB29P) AppleWebKit/537.36 (KHTML, like Gecko) Chrome/141.0.7390.122 Mobile Safari/537.36 (compatible; Googlebot/2.1; +http://www.google.com/bot.html)"
57.141.0.42 - - [17/Dec/2025:01:18:24 +0000] "GET /karamba-spielsaal-erfahrungen-angeschlossen-testbericht-werfen-sie-einen-blick-auf-den-link-within-2025-pro-teutonia/?fileloc=//sys/class/pci_bus/0000:06/subsystem/0000:0b/subsystem/0000:0f/subsystem/0000:0a/subsystem/0000:04/device/power/runtime_suspended_time&path=//sys/class/pci_bus/0000:06/subsystem/0000:0b/subsystem/0000:0f/subsystem/0000:0a/subsystem/0000:04/device/power HTTP/1.1" 200 262264 "-" "meta-externalagent/1.1 (+https://developers.facebook.com/docs/sharing/webmasters/crawler)"
57.141.0.27 - - [17/Dec/2025:01:18:25 +0000] "GET /karamba-spielsaal-erfahrungen-angeschlossen-testbericht-werfen-sie-einen-blick-auf-den-link-within-2025-pro-teutonia/?fileloc=//sys/class/pci_bus/0000:08/subsystem/0000:01/device/driver/0000:00:02.5/msi_irqs/29&path=//sys/class/pci_bus/0000:08/subsystem/0000:01/device/driver/0000:00:02.5/msi_irqs HTTP/1.1" 200 262264 "-" "meta-externalagent/1.1 (+https://developers.facebook.com/docs/sharing/webmasters/crawler)"
74.7.241.13 - - [17/Dec/2025:01:18:25 +0000] "GET /?p=35799 HTTP/1.1" 200 42438 "-" "Mozilla/5.0 AppleWebKit/537.36 (KHTML, like Gecko; compatible; GPTBot/1.3; +https://openai.com/gptbot)"
74.7.241.13 - - [17/Dec/2025:01:18:28 +0000] "GET /?p=35795 HTTP/1.1" 200 41054 "-" "Mozilla/5.0 AppleWebKit/537.36 (KHTML, like Gecko; compatible; GPTBot/1.3; +https://openai.com/gptbot)"
74.7.241.13 - - [17/Dec/2025:01:18:29 +0000] "GET /?cat=1&paged=621 HTTP/1.1" 200 37396 "-" "Mozilla/5.0 AppleWebKit/537.36 (KHTML, like Gecko; compatible; GPTBot/1.3; +https://openai.com/gptbot)"
216.73.216.115 - - [17/Dec/2025:01:18:32 +0000] "GET /entity/600203492.htm HTTP/1.1" 301 5 "-" "Mozilla/5.0 AppleWebKit/537.36 (KHTML, like Gecko; compatible; ClaudeBot/1.0; +claudebot@anthropic.com)"
74.7.241.13 - - [17/Dec/2025:01:18:32 +0000] "GET /index.php?rest_route=%2Foembed%2F1.0%2Fembed&url=https%3A%2F%2Fdatainsightnow.com%2F%3Fp%3D10261 HTTP/1.1" 200 1304 "-" "Mozilla/5.0 AppleWebKit/537.36 (KHTML, like Gecko; compatible; GPTBot/1.3; +https://openai.com/gptbot)"
216.73.216.115 - - [17/Dec/2025:01:18:32 +0000] "GET /entity/600203492.htm/ HTTP/1.1" 200 45437 "https://datainsightnow.com/entity/600203492.htm" "Mozilla/5.0 AppleWebKit/537.36 (KHTML, like Gecko; compatible; ClaudeBot/1.0; +claudebot@anthropic.com)"
57.141.0.30 - - [17/Dec/2025:01:18:33 +0000] "GET /2025/03/07/page/6/?fileloc=//sys/class/pci_bus/0000:0d/subsystem/0000:00/subsystem/0000:00/subsystem/0000:0f/power/runtime_enabled&path=//sys/class/pci_bus/0000:0d/subsystem/0000:00/subsystem/0000:00/subsystem/0000:0f/power HTTP/1.1" 200 262264 "-" "meta-externalagent/1.1 (+https://developers.facebook.com/docs/sharing/webmasters/crawler)"
66.249.77.98 - - [17/Dec/2025:01:18:33 +0000] "GET /entity/418622734.htm HTTP/1.1" 200 31188 "-" "Mozilla/5.0 (Linux; Android 6.0.1; Nexus 5X Build/MMB29P) AppleWebKit/537.36 (KHTML, like Gecko) Chrome/141.0.7390.122 Mobile Safari/537.36 (compatible; Googlebot/2.1; +http://www.google.com/bot.html)"
216.73.216.115 - - [17/Dec/2025:01:18:34 +0000] "GET /entity/600161799.htm HTTP/1.1" 301 5 "-" "Mozilla/5.0 AppleWebKit/537.36 (KHTML, like Gecko; compatible; ClaudeBot/1.0; +claudebot@anthropic.com)"
216.73.216.115 - - [17/Dec/2025:01:18:34 +0000] "GET /entity/600161799.htm/ HTTP/1.1" 200 45437 "https://datainsightnow.com/entity/600161799.htm" "Mozilla/5.0 AppleWebKit/537.36 (KHTML, like Gecko; compatible; ClaudeBot/1.0; +claudebot@anthropic.com)"
