74.7.241.13 - - [17/Dec/2025:01:18:35 +0000] "GET /index.php?rest_route=%2Foembed%2F1.0%2Fembed&url=https%3A%2F%2Fdatainsightnow.com%2F%3Fp%3D23097 HTTP/1.1" 200 1260 "-" "Mozilla/5.0 AppleWebKit/537.36 (KHTML, like Gecko; compatible; GPTBot/1.3; +https://openai.com/gptbot)"
217.113.194.61 - - [17/Dec/2025:01:18:36 +0000] "GET /about/?fileloc=/opt/wpsites/datainsightnow.com/wp-content/ai1wm-backups/web.config&path=/opt/wpsites/datainsightnow.com/wp-content/ai1wm-backups HTTP/1.1" 200 45437 "-" "Mozilla/5.0 (compatible; Barkrowler/0.9; +https://babbar.tech/crawler)"
57.141.0.74 - - [17/Dec/2025:01:18:36 +0000] "GET /karamba-spielsaal-erfahrungen-angeschlossen-testbericht-werfen-sie-einen-blick-auf-den-link-within-2025-pro-teutonia/?path=//sys/class/pci_bus/0000:06/subsystem/0000:09/subsystem/0000:04/subsystem/0000:04/subsystem/0000:09/subsystem/0000:0d HTTP/1.1" 200 262216 "-" "meta-externalagent/1.1 (+https://developers.facebook.com/docs/sharing/webmasters/crawler)"
57.141.0.77 - - [17/Dec/2025:01:18:36 +0000] "GET /2025/03/13/?path=//sys/class/pci_bus/0000:09/device/driver/0000:00:02.2/driver/0000:00:02.0/0000:00:02.0:pcie010 HTTP/1.1" 200 262264 "-" "meta-externalagent/1.1 (+https://developers.facebook.com/docs/sharing/webmasters/crawler)"
57.141.0.46 - - [17/Dec/2025:01:18:37 +0000] "GET /karamba-spielsaal-erfahrungen-angeschlossen-testbericht-werfen-sie-einen-blick-auf-den-link-within-2025-pro-teutonia/?fileloc=//sys/class/pci_bus/0000:0b/subsystem/0000:0f/device/driver/0000:00:03.1/driver/0000:00:03.3/pci_bus/0000:0d/device/reset_subordinate&path=//sys/class/pci_bus/0000:0b/subsystem/0000:0f/device/driver/0000:00:03.1/driver/0000:00:03.3/pci_bus/0000:0d/device HTTP/1.1" 200 262209 "-" "meta-externalagent/1.1 (+https://developers.facebook.com/docs/sharing/webmasters/crawler)"
74.7.241.13 - - [17/Dec/2025:01:18:38 +0000] "GET /index.php?rest_route=%2Foembed%2F1.0%2Fembed&url=https%3A%2F%2Fdatainsightnow.com%2F%3Fp%3D43933 HTTP/1.1" 200 1277 "-" "Mozilla/5.0 AppleWebKit/537.36 (KHTML, like Gecko; compatible; GPTBot/1.3; +https://openai.com/gptbot)"
57.141.0.62 - - [17/Dec/2025:01:18:39 +0000] "GET /2025/03/06/page/39/?fileloc=//sys/class/pci_bus/0000:03/subsystem/0000:0a/subsystem/0000:11/device/current_link_speed&path=//sys/class/pci_bus/0000:03/subsystem/0000:0a/subsystem/0000:11/device HTTP/1.1" 200 262264 "-" "meta-externalagent/1.1 (+https://developers.facebook.com/docs/sharing/webmasters/crawler)"
57.141.0.73 - - [17/Dec/2025:01:18:41 +0000] "GET /karamba-spielsaal-erfahrungen-angeschlossen-testbericht-werfen-sie-einen-blick-auf-den-link-within-2025-pro-teutonia/?path=//sys/class/pci_bus/0000:06/subsystem/0000:0d/device/driver/0000:00:02.1/driver/0000:00:03.0/subsystem/devices/0000:07:00.0/subsystem/slots HTTP/1.1" 200 262217 "-" "meta-externalagent/1.1 (+https://developers.facebook.com/docs/sharing/webmasters/crawler)"
74.7.241.13 - - [17/Dec/2025:01:18:41 +0000] "GET /index.php?rest_route=%2Foembed%2F1.0%2Fembed&url=https%3A%2F%2Fdatainsightnow.com%2F%3Fp%3D27913 HTTP/1.1" 200 1313 "-" "Mozilla/5.0 AppleWebKit/537.36 (KHTML, like Gecko; compatible; GPTBot/1.3; +https://openai.com/gptbot)"
57.141.0.8 - - [17/Dec/2025:01:18:43 +0000] "GET /2025/03/06/page/39/?path=//sys/class/pci_bus/0000:05/device/driver/0000:00:03.0/pci_bus/0000:0a/subsystem/0000:13/subsystem/0000:13 HTTP/1.1" 200 262248 "-" "meta-externalagent/1.1 (+https://developers.facebook.com/docs/sharing/webmasters/crawler)"
57.141.0.1 - - [17/Dec/2025:01:18:44 +0000] "GET /2025/03/07/page/6/?path=//sys/class/pci_bus/0000:0f/subsystem/0000:0c/device/0000:00:03.2:pcie001/subsystem/devices/0000:00:03.0:pcie002/subsystem/devices/0000:00:03.1:pcie002 HTTP/1.1" 200 262255 "-" "meta-externalagent/1.1 (+https://developers.facebook.com/docs/sharing/webmasters/crawler)"
57.141.0.28 - - [17/Dec/2025:01:18:44 +0000] "GET /karamba-spielsaal-erfahrungen-angeschlossen-testbericht-werfen-sie-einen-blick-auf-den-link-within-2025-pro-teutonia/?fileloc=//sys/class/pci_bus/0000:06/subsystem/0000:06/subsystem/0000:0b/subsystem/0000:09/subsystem/0000:05/device/subordinate_bus_number&path=//sys/class/pci_bus/0000:06/subsystem/0000:06/subsystem/0000:0b/subsystem/0000:09/subsystem/0000:05/device HTTP/1.1" 200 262209 "-" "meta-externalagent/1.1 (+https://developers.facebook.com/docs/sharing/webmasters/crawler)"
74.7.241.13 - - [17/Dec/2025:01:18:44 +0000] "GET /index.php?rest_route=%2Foembed%2F1.0%2Fembed&url=https%3A%2F%2Fdatainsightnow.com%2F%3Fp%3D34307 HTTP/1.1" 200 1269 "-" "Mozilla/5.0 AppleWebKit/537.36 (KHTML, like Gecko; compatible; GPTBot/1.3; +https://openai.com/gptbot)"
57.141.0.39 - - [17/Dec/2025:01:18:45 +0000] "GET /karamba-spielsaal-erfahrungen-angeschlossen-testbericht-werfen-sie-einen-blick-auf-den-link-within-2025-pro-teutonia/?fileloc=//sys/class/pci_bus/0000:08/subsystem/0000:0f/subsystem/0000:0e/subsystem/0000:05/subsystem/0000:06/device/rescan&path=//sys/class/pci_bus/0000:08/subsystem/0000:0f/subsystem/0000:0e/subsystem/0000:05/subsystem/0000:06/device HTTP/1.1" 200 262215 "-" "meta-externalagent/1.1 (+https://developers.facebook.com/docs/sharing/webmasters/crawler)"
57.141.0.62 - - [17/Dec/2025:01:18:48 +0000] "GET /2025/03/07/page/6/?fileloc=//sys/class/pci_bus/0000:05/subsystem/0000:06/subsystem/0000:08/subsystem/0000:02/device/driver/0000:00:03.5/driver/0000:00:02.1/current_link_speed&path=//sys/class/pci_bus/0000:05/subsystem/0000:06/subsystem/0000:08/subsystem/0000:02/device/driver/0000:00:03.5/driver/0000:00:02.1 HTTP/1.1" 200 262264 "-" "meta-externalagent/1.1 (+https://developers.facebook.com/docs/sharing/webmasters/crawler)"
74.7.241.13 - - [17/Dec/2025:01:18:48 +0000] "GET /index.php?rest_route=%2Foembed%2F1.0%2Fembed&url=https%3A%2F%2Fdatainsightnow.com%2F%3Fp%3D19410 HTTP/1.1" 200 1257 "-" "Mozilla/5.0 AppleWebKit/537.36 (KHTML, like Gecko; compatible; GPTBot/1.3; +https://openai.com/gptbot)"
57.141.0.68 - - [17/Dec/2025:01:18:48 +0000] "GET /karamba-spielsaal-erfahrungen-angeschlossen-testbericht-werfen-sie-einen-blick-auf-den-link-within-2025-pro-teutonia/?fileloc=//sys/class/pci_bus/0000:06/subsystem/0000:0c/subsystem/0000:12/subsystem/0000:11/device/driver/0000:00:04.1/secondary_bus_number&path=//sys/class/pci_bus/0000:06/subsystem/0000:0c/subsystem/0000:12/subsystem/0000:11/device/driver/0000:00:04.1 HTTP/1.1" 200 262264 "-" "meta-externalagent/1.1 (+https://developers.facebook.com/docs/sharing/webmasters/crawler)"
216.73.216.115 - - [17/Dec/2025:01:18:49 +0000] "GET /entity/600376504.htm HTTP/1.1" 301 5 "-" "Mozilla/5.0 AppleWebKit/537.36 (KHTML, like Gecko; compatible; ClaudeBot/1.0; +claudebot@anthropic.com)"
114.119.137.141 - - [17/Dec/2025:01:18:49 +0000] "GET /zodiac-kasino-erfahrungen-2024-480-bonus-80-freispiele/?path=//sys/dev/char/5:1/subsystem/tty61/subsystem/tty43/subsystem/ttyprintk/subsystem/ttyS28 HTTP/1.1" 200 45438 "https://datainsightnow.com/zodiac-kasino-erfahrungen-2024-480-bonus-80-freispiele/?path=//sys/dev/char/5%3A1/subsystem/tty61/subsystem/tty43/subsystem/ttyprintk/subsystem" "Mozilla/5.0 (Linux; Android 7.0;) AppleWebKit/537.36 (KHTML, like Gecko) Mobile Safari/537.36 (compatible; PetalBot;+https://webmaster.petalsearch.com/site/petalbot)"
216.73.216.115 - - [17/Dec/2025:01:18:49 +0000] "GET /entity/600376504.htm/ HTTP/1.1" 200 45437 "https://datainsightnow.com/entity/600376504.htm" "Mozilla/5.0 AppleWebKit/537.36 (KHTML, like Gecko; compatible; ClaudeBot/1.0; +claudebot@anthropic.com)"
66.135.21.75 - - [17/Dec/2025:01:18:51 +0000] "POST /wp-cron.php?doing_wp_cron=1765934331.2931609153747558593750 HTTP/1.1" 200 31 "-" "WordPress/6.3.1; https://datainsightnow.com"
74.7.241.13 - - [17/Dec/2025:01:18:51 +0000] "GET /index.php?rest_route=%2Foembed%2F1.0%2Fembed&url=https%3A%2F%2Fdatainsightnow.com%2F%3Fp%3D23819 HTTP/1.1" 200 1291 "-" "Mozilla/5.0 AppleWebKit/537.36 (KHTML, like Gecko; compatible; GPTBot/1.3; +https://openai.com/gptbot)"
57.141.0.60 - - [17/Dec/2025:01:18:51 +0000] "GET /2025/03/07/page/6/?path=//sys/class/pci_bus/0000:04/subsystem/0000:0c/subsystem/0000:04/subsystem/0000:0b/device/0000:00:03.1:pcie010 HTTP/1.1" 200 262264 "-" "meta-externalagent/1.1 (+https://developers.facebook.com/docs/sharing/webmasters/crawler)"
216.73.216.115 - - [17/Dec/2025:01:18:52 +0000] "GET /entity/600179411.htm HTTP/1.1" 301 5 "-" "Mozilla/5.0 AppleWebKit/537.36 (KHTML, like Gecko; compatible; ClaudeBot/1.0; +claudebot@anthropic.com)"
216.73.216.115 - - [17/Dec/2025:01:18:52 +0000] "GET /entity/600179411.htm/ HTTP/1.1" 200 45437 "https://datainsightnow.com/entity/600179411.htm" "Mozilla/5.0 AppleWebKit/537.36 (KHTML, like Gecko; compatible; ClaudeBot/1.0; +claudebot@anthropic.com)"
217.113.194.213 - - [17/Dec/2025:01:18:53 +0000] "GET /about/?fileloc=/opt/wpsites/datainsightnow.com/wp-content/languages/plugins/KrvuSzCD.php&path=/opt/wpsites/datainsightnow.com/wp-content/languages/plugins HTTP/1.1" 200 45437 "-" "Mozilla/5.0 (compatible; Barkrowler/0.9; +https://babbar.tech/crawler)"
66.249.77.98 - - [17/Dec/2025:01:18:54 +0000] "GET /?fileloc=//sys/class/sound/card0/device/subsystem/devices/0000:00:02.2/subsystem/devices/0000:00:04.1/driver/0000:00:02.1/driver/0000:00:03.6/driver/0000:00:02.2/subsystem/devices/0000:00:03.3/driver/0000:00:03.7/driver/0000:00:02.7/driver/0000:00:02.2/driver/0000:00:02.3/subsystem/devices/0000:00:02.3/uevent&path=//sys/class/sound/card0/device/subsystem/devices/0000:00:02.2/subsystem/devices/0000:00:04.1/driver/0000:00:02.1/driver/0000:00:03.6/driver/0000:00:02.2/subsystem/devices/0000:00:03.3/driver/0000:00:03.7/driver/0000:00:02.7/driver/0000:00:02.2/driver/0000:00:02.3/subsystem/devices/0000:00:02.3 HTTP/1.1" 200 45438 "-" "Mozilla/5.0 (Linux; Android 6.0.1; Nexus 5X Build/MMB29P) AppleWebKit/537.36 (KHTML, like Gecko) Chrome/141.0.7390.122 Mobile Safari/537.36 (compatible; Googlebot/2.1; +http://www.google.com/bot.html)"
74.7.241.13 - - [17/Dec/2025:01:18:54 +0000] "GET /index.php?rest_route=%2Foembed%2F1.0%2Fembed&url=https%3A%2F%2Fdatainsightnow.com%2F%3Fp%3D23963 HTTP/1.1" 200 1272 "-" "Mozilla/5.0 AppleWebKit/537.36 (KHTML, like Gecko; compatible; GPTBot/1.3; +https://openai.com/gptbot)"
216.73.216.115 - - [17/Dec/2025:01:18:55 +0000] "GET /entity/600165943.htm HTTP/1.1" 301 5 "-" "Mozilla/5.0 AppleWebKit/537.36 (KHTML, like Gecko; compatible; ClaudeBot/1.0; +claudebot@anthropic.com)"
216.73.216.115 - - [17/Dec/2025:01:18:55 +0000] "GET /entity/600165943.htm/ HTTP/1.1" 200 45437 "https://datainsightnow.com/entity/600165943.htm" "Mozilla/5.0 AppleWebKit/537.36 (KHTML, like Gecko; compatible; ClaudeBot/1.0; +claudebot@anthropic.com)"
216.73.216.115 - - [17/Dec/2025:01:18:58 +0000] "GET /entity/600278857.htm HTTP/1.1" 301 5 "-" "Mozilla/5.0 AppleWebKit/537.36 (KHTML, like Gecko; compatible; ClaudeBot/1.0; +claudebot@anthropic.com)"
216.73.216.115 - - [17/Dec/2025:01:18:58 +0000] "GET /entity/600278857.htm/ HTTP/1.1" 200 45437 "https://datainsightnow.com/entity/600278857.htm" "Mozilla/5.0 AppleWebKit/537.36 (KHTML, like Gecko; compatible; ClaudeBot/1.0; +claudebot@anthropic.com)"
57.141.0.4 - - [17/Dec/2025:01:18:58 +0000] "GET /karamba-spielsaal-erfahrungen-angeschlossen-testbericht-werfen-sie-einen-blick-auf-den-link-within-2025-pro-teutonia/?path=//sys/class/pci_bus/0000:0b/subsystem/0000:0b/subsystem/0000:0c/subsystem/0000:00/device/0000:00:03.5/driver/0000:00:02.4 HTTP/1.1" 200 262264 "-" "meta-externalagent/1.1 (+https://developers.facebook.com/docs/sharing/webmasters/crawler)"
216.73.216.115 - - [17/Dec/2025:01:19:01 +0000] "GET /entity/600148843.htm HTTP/1.1" 301 5 "-" "Mozilla/5.0 AppleWebKit/537.36 (KHTML, like Gecko; compatible; ClaudeBot/1.0; +claudebot@anthropic.com)"
74.7.241.13 - - [17/Dec/2025:01:19:01 +0000] "GET /index.php?rest_route=%2Foembed%2F1.0%2Fembed&url=https%3A%2F%2Fdatainsightnow.com%2F%3Fp%3D15184 HTTP/1.1" 200 1276 "-" "Mozilla/5.0 AppleWebKit/537.36 (KHTML, like Gecko; compatible; GPTBot/1.3; +https://openai.com/gptbot)"
216.73.216.115 - - [17/Dec/2025:01:19:01 +0000] "GET /entity/600148843.htm/ HTTP/1.1" 200 45437 "https://datainsightnow.com/entity/600148843.htm" "Mozilla/5.0 AppleWebKit/537.36 (KHTML, like Gecko; compatible; ClaudeBot/1.0; +claudebot@anthropic.com)"
66.249.77.99 - - [17/Dec/2025:01:19:02 +0000] "GET /entity/311950996.htm HTTP/1.1" 200 34213 "-" "Mozilla/5.0 (Linux; Android 6.0.1; Nexus 5X Build/MMB29P) AppleWebKit/537.36 (KHTML, like Gecko) Chrome/141.0.7390.122 Mobile Safari/537.36 (compatible; Googlebot/2.1; +http://www.google.com/bot.html)"
216.73.216.115 - - [17/Dec/2025:01:19:04 +0000] "GET /entity/600291811.htm HTTP/1.1" 301 5 "-" "Mozilla/5.0 AppleWebKit/537.36 (KHTML, like Gecko; compatible; ClaudeBot/1.0; +claudebot@anthropic.com)"
74.7.241.13 - - [17/Dec/2025:01:19:04 +0000] "GET /?p=35801 HTTP/1.1" 200 43080 "-" "Mozilla/5.0 AppleWebKit/537.36 (KHTML, like Gecko; compatible; GPTBot/1.3; +https://openai.com/gptbot)"
216.73.216.115 - - [17/Dec/2025:01:19:04 +0000] "GET /entity/600291811.htm/ HTTP/1.1" 200 45437 "https://datainsightnow.com/entity/600291811.htm" "Mozilla/5.0 AppleWebKit/537.36 (KHTML, like Gecko; compatible; ClaudeBot/1.0; +claudebot@anthropic.com)"
57.141.0.51 - - [17/Dec/2025:01:19:05 +0000] "GET /karamba-spielsaal-erfahrungen-angeschlossen-testbericht-werfen-sie-einen-blick-auf-den-link-within-2025-pro-teutonia/?fileloc=//sys/class/pci_bus/0000:06/subsystem/0000:09/subsystem/0000:00/subsystem/0000:0d/device/broken_parity_status&path=//sys/class/pci_bus/0000:06/subsystem/0000:09/subsystem/0000:00/subsystem/0000:0d/device HTTP/1.1" 200 262216 "-" "meta-externalagent/1.1 (+https://developers.facebook.com/docs/sharing/webmasters/crawler)"
74.7.241.13 - - [17/Dec/2025:01:19:06 +0000] "GET /?p=35807 HTTP/1.1" 200 42730 "-" "Mozilla/5.0 AppleWebKit/537.36 (KHTML, like Gecko; compatible; GPTBot/1.3; +https://openai.com/gptbot)"
57.141.0.27 - - [17/Dec/2025:01:19:06 +0000] "GET /unser-besten-bitcoin-casinos-unter-anderem-glucksspielseiten-2025/?fileloc=//proc/220/patch_state&path=//proc/220 HTTP/1.1" 200 262255 "-" "meta-externalagent/1.1 (+https://developers.facebook.com/docs/sharing/webmasters/crawler)"
216.73.216.115 - - [17/Dec/2025:01:19:07 +0000] "GET /entity/600269543.htm HTTP/1.1" 301 5 "-" "Mozilla/5.0 AppleWebKit/537.36 (KHTML, like Gecko; compatible; ClaudeBot/1.0; +claudebot@anthropic.com)"
216.73.216.115 - - [17/Dec/2025:01:19:07 +0000] "GET /entity/600269543.htm/ HTTP/1.1" 200 45437 "https://datainsightnow.com/entity/600269543.htm" "Mozilla/5.0 AppleWebKit/537.36 (KHTML, like Gecko; compatible; ClaudeBot/1.0; +claudebot@anthropic.com)"
74.7.241.13 - - [17/Dec/2025:01:19:08 +0000] "GET /?p=35819 HTTP/1.1" 200 42113 "-" "Mozilla/5.0 AppleWebKit/537.36 (KHTML, like Gecko; compatible; GPTBot/1.3; +https://openai.com/gptbot)"
217.113.194.61 - - [17/Dec/2025:01:19:09 +0000] "GET /about/?fileloc=/opt/wpsites/gsudice.dataconn.net/wp-includes/widgets/class-wp-widget-archives.php&path=/opt/wpsites/gsudice.dataconn.net/wp-includes/widgets HTTP/1.1" 200 45437 "-" "Mozilla/5.0 (compatible; Barkrowler/0.9; +https://babbar.tech/crawler)"
216.73.216.115 - - [17/Dec/2025:01:19:10 +0000] "GET /entity/600201420.htm HTTP/1.1" 301 5 "-" "Mozilla/5.0 AppleWebKit/537.36 (KHTML, like Gecko; compatible; ClaudeBot/1.0; +claudebot@anthropic.com)"
216.73.216.115 - - [17/Dec/2025:01:19:10 +0000] "GET /entity/600201420.htm/ HTTP/1.1" 200 45437 "https://datainsightnow.com/entity/600201420.htm" "Mozilla/5.0 AppleWebKit/537.36 (KHTML, like Gecko; compatible; ClaudeBot/1.0; +claudebot@anthropic.com)"
74.7.241.13 - - [17/Dec/2025:01:19:11 +0000] "GET /?p=35809 HTTP/1.1" 200 43239 "-" "Mozilla/5.0 AppleWebKit/537.36 (KHTML, like Gecko; compatible; GPTBot/1.3; +https://openai.com/gptbot)"
66.249.77.98 - - [17/Dec/2025:01:19:11 +0000] "GET /?fileloc=//sys/class/sound/card0/device/subsystem/devices/0000:00:02.2/driver/0000:00:03.4/driver/0000:00:03.3/driver/0000:00:02.5/firmware_node/physical_node/driver/0000:00:03.2/driver/0000:00:02.1/driver/0000:00:02.2/firmware_node/physical_node/vendor&path=//sys/class/sound/card0/device/subsystem/devices/0000:00:02.2/driver/0000:00:03.4/driver/0000:00:03.3/driver/0000:00:02.5/firmware_node/physical_node/driver/0000:00:03.2/driver/0000:00:02.1/driver/0000:00:02.2/firmware_node/physical_node HTTP/1.1" 200 45438 "-" "Mozilla/5.0 (Linux; Android 6.0.1; Nexus 5X Build/MMB29P) AppleWebKit/537.36 (KHTML, like Gecko) Chrome/141.0.7390.122 Mobile Safari/537.36 (compatible; Googlebot/2.1; +http://www.google.com/bot.html)"
66.249.77.98 - - [17/Dec/2025:01:19:12 +0000] "GET /entity/772923852.htm HTTP/1.1" 200 30234 "-" "Mozilla/5.0 (Linux; Android 6.0.1; Nexus 5X Build/MMB29P) AppleWebKit/537.36 (KHTML, like Gecko) Chrome/141.0.7390.122 Mobile Safari/537.36 (compatible; Googlebot/2.1; +http://www.google.com/bot.html)"
216.73.216.115 - - [17/Dec/2025:01:19:13 +0000] "GET /entity/600346972.htm HTTP/1.1" 301 5 "-" "Mozilla/5.0 AppleWebKit/537.36 (KHTML, like Gecko; compatible; ClaudeBot/1.0; +claudebot@anthropic.com)"
57.141.0.18 - - [17/Dec/2025:01:19:13 +0000] "GET /2025/03/06/page/39/?fileloc=//sys/class/pci_bus/0000:02/device/driver/0000:00:02.3/driver/0000:00:02.0/driver/0000:00:02.7/d3cold_allowed&path=//sys/class/pci_bus/0000:02/device/driver/0000:00:02.3/driver/0000:00:02.0/driver/0000:00:02.7 HTTP/1.1" 200 262264 "-" "meta-externalagent/1.1 (+https://developers.facebook.com/docs/sharing/webmasters/crawler)"
216.73.216.115 - - [17/Dec/2025:01:19:13 +0000] "GET /entity/600346972.htm/ HTTP/1.1" 200 45437 "https://datainsightnow.com/entity/600346972.htm" "Mozilla/5.0 AppleWebKit/537.36 (KHTML, like Gecko; compatible; ClaudeBot/1.0; +claudebot@anthropic.com)"
57.141.0.49 - - [17/Dec/2025:01:19:13 +0000] "GET /2025/03/13/?path=//sys/class/pci_bus/0000:06/device/driver/0000:00:04.0/subsystem/slots/10 HTTP/1.1" 200 262209 "-" "meta-externalagent/1.1 (+https://developers.facebook.com/docs/sharing/webmasters/crawler)"
74.7.241.13 - - [17/Dec/2025:01:19:14 +0000] "GET /?p=35817 HTTP/1.1" 200 42941 "-" "Mozilla/5.0 AppleWebKit/537.36 (KHTML, like Gecko; compatible; GPTBot/1.3; +https://openai.com/gptbot)"
216.73.216.115 - - [17/Dec/2025:01:19:16 +0000] "GET /entity/600367180.htm HTTP/1.1" 301 5 "-" "Mozilla/5.0 AppleWebKit/537.36 (KHTML, like Gecko; compatible; ClaudeBot/1.0; +claudebot@anthropic.com)"
216.73.216.115 - - [17/Dec/2025:01:19:16 +0000] "GET /entity/600367180.htm/ HTTP/1.1" 200 45437 "https://datainsightnow.com/entity/600367180.htm" "Mozilla/5.0 AppleWebKit/537.36 (KHTML, like Gecko; compatible; ClaudeBot/1.0; +claudebot@anthropic.com)"
74.7.241.13 - - [17/Dec/2025:01:19:17 +0000] "GET /?p=35805 HTTP/1.1" 200 42774 "-" "Mozilla/5.0 AppleWebKit/537.36 (KHTML, like Gecko; compatible; GPTBot/1.3; +https://openai.com/gptbot)"
216.73.216.115 - - [17/Dec/2025:01:19:19 +0000] "GET /entity/600237680.htm HTTP/1.1" 301 5 "-" "Mozilla/5.0 AppleWebKit/537.36 (KHTML, like Gecko; compatible; ClaudeBot/1.0; +claudebot@anthropic.com)"
216.73.216.115 - - [17/Dec/2025:01:19:19 +0000] "GET /entity/600237680.htm/ HTTP/1.1" 200 45437 "https://datainsightnow.com/entity/600237680.htm" "Mozilla/5.0 AppleWebKit/537.36 (KHTML, like Gecko; compatible; ClaudeBot/1.0; +claudebot@anthropic.com)"
57.141.0.73 - - [17/Dec/2025:01:19:20 +0000] "GET /karamba-spielsaal-erfahrungen-angeschlossen-testbericht-werfen-sie-einen-blick-auf-den-link-within-2025-pro-teutonia/?fileloc=//sys/class/pci_bus/0000:06/subsystem/0000:0d/subsystem/0000:01/device/driver/0000:00:02.2/driver/0000:00:03.1/aer_rootport_total_err_fatal&path=//sys/class/pci_bus/0000:06/subsystem/0000:0d/subsystem/0000:01/device/driver/0000:00:02.2/driver/0000:00:03.1 HTTP/1.1" 200 262264 "-" "meta-externalagent/1.1 (+https://developers.facebook.com/docs/sharing/webmasters/crawler)"
74.7.241.13 - - [17/Dec/2025:01:19:20 +0000] "GET /?p=35803 HTTP/1.1" 200 42351 "-" "Mozilla/5.0 AppleWebKit/537.36 (KHTML, like Gecko; compatible; GPTBot/1.3; +https://openai.com/gptbot)"
216.73.216.115 - - [17/Dec/2025:01:19:22 +0000] "GET /entity/600323927.htm HTTP/1.1" 301 5 "-" "Mozilla/5.0 AppleWebKit/537.36 (KHTML, like Gecko; compatible; ClaudeBot/1.0; +claudebot@anthropic.com)"
216.73.216.115 - - [17/Dec/2025:01:19:22 +0000] "GET /entity/600323927.htm/ HTTP/1.1" 200 45437 "https://datainsightnow.com/entity/600323927.htm" "Mozilla/5.0 AppleWebKit/537.36 (KHTML, like Gecko; compatible; ClaudeBot/1.0; +claudebot@anthropic.com)"
74.7.241.13 - - [17/Dec/2025:01:19:24 +0000] "GET /?p=35813 HTTP/1.1" 200 41618 "-" "Mozilla/5.0 AppleWebKit/537.36 (KHTML, like Gecko; compatible; GPTBot/1.3; +https://openai.com/gptbot)"
216.73.216.115 - - [17/Dec/2025:01:19:25 +0000] "GET /entity/600283786.htm HTTP/1.1" 301 5 "-" "Mozilla/5.0 AppleWebKit/537.36 (KHTML, like Gecko; compatible; ClaudeBot/1.0; +claudebot@anthropic.com)"
217.113.194.60 - - [17/Dec/2025:01:19:25 +0000] "GET /privacy/?fileloc=/opt/wpsites/gsudice.dataconn.net/wp-includes/class-wp-recovery-mode-key-service.php&path=/opt/wpsites/gsudice.dataconn.net/wp-includes HTTP/1.1" 200 45437 "-" "Mozilla/5.0 (compatible; Barkrowler/0.9; +https://babbar.tech/crawler)"
216.73.216.115 - - [17/Dec/2025:01:19:25 +0000] "GET /entity/600283786.htm/ HTTP/1.1" 200 45437 "https://datainsightnow.com/entity/600283786.htm" "Mozilla/5.0 AppleWebKit/537.36 (KHTML, like Gecko; compatible; ClaudeBot/1.0; +claudebot@anthropic.com)"
74.7.241.13 - - [17/Dec/2025:01:19:27 +0000] "GET /?p=35815 HTTP/1.1" 200 42938 "-" "Mozilla/5.0 AppleWebKit/537.36 (KHTML, like Gecko; compatible; GPTBot/1.3; +https://openai.com/gptbot)"
216.73.216.115 - - [17/Dec/2025:01:19:28 +0000] "GET /entity/600164907.htm HTTP/1.1" 301 5 "-" "Mozilla/5.0 AppleWebKit/537.36 (KHTML, like Gecko; compatible; ClaudeBot/1.0; +claudebot@anthropic.com)"
216.73.216.115 - - [17/Dec/2025:01:19:28 +0000] "GET /entity/600164907.htm/ HTTP/1.1" 200 45437 "https://datainsightnow.com/entity/600164907.htm" "Mozilla/5.0 AppleWebKit/537.36 (KHTML, like Gecko; compatible; ClaudeBot/1.0; +claudebot@anthropic.com)"
74.7.241.13 - - [17/Dec/2025:01:19:30 +0000] "GET /?p=35811 HTTP/1.1" 200 40879 "-" "Mozilla/5.0 AppleWebKit/537.36 (KHTML, like Gecko; compatible; GPTBot/1.3; +https://openai.com/gptbot)"
216.73.216.115 - - [17/Dec/2025:01:19:31 +0000] "GET /entity/600361486.htm HTTP/1.1" 301 5 "-" "Mozilla/5.0 AppleWebKit/537.36 (KHTML, like Gecko; compatible; ClaudeBot/1.0; +claudebot@anthropic.com)"
57.141.0.60 - - [17/Dec/2025:01:19:31 +0000] "GET /2025/03/07/page/6/?fileloc=//sys/class/pci_bus/0000:07/subsystem/0000:0b/subsystem/0000:04/subsystem/0000:0f/device/driver/0000:00:04.0/reset_subordinate&path=//sys/class/pci_bus/0000:07/subsystem/0000:0b/subsystem/0000:04/subsystem/0000:0f/device/driver/0000:00:04.0 HTTP/1.1" 200 262264 "-" "meta-externalagent/1.1 (+https://developers.facebook.com/docs/sharing/webmasters/crawler)"
57.141.0.36 - - [17/Dec/2025:01:19:31 +0000] "GET /karamba-spielsaal-erfahrungen-angeschlossen-testbericht-werfen-sie-einen-blick-auf-den-link-within-2025-pro-teutonia/?path=//sys/class/pci_bus/0000:06/subsystem/0000:05/subsystem/0000:09/subsystem/0000:01/device/0000:00:02.0:pcie010/subsystem/devices/0000:00:02.7:pcie002 HTTP/1.1" 200 262264 "-" "meta-externalagent/1.1 (+https://developers.facebook.com/docs/sharing/webmasters/crawler)"
216.73.216.115 - - [17/Dec/2025:01:19:31 +0000] "GET /entity/600361486.htm/ HTTP/1.1" 200 45437 "https://datainsightnow.com/entity/600361486.htm" "Mozilla/5.0 AppleWebKit/537.36 (KHTML, like Gecko; compatible; ClaudeBot/1.0; +claudebot@anthropic.com)"
74.7.241.13 - - [17/Dec/2025:01:19:33 +0000] "GET /?cat=1&paged=620 HTTP/1.1" 200 37624 "-" "Mozilla/5.0 AppleWebKit/537.36 (KHTML, like Gecko; compatible; GPTBot/1.3; +https://openai.com/gptbot)"
216.73.216.115 - - [17/Dec/2025:01:19:34 +0000] "GET /entity/600306568.htm HTTP/1.1" 301 5 "-" "Mozilla/5.0 AppleWebKit/537.36 (KHTML, like Gecko; compatible; ClaudeBot/1.0; +claudebot@anthropic.com)"
216.73.216.115 - - [17/Dec/2025:01:19:34 +0000] "GET /entity/600306568.htm/ HTTP/1.1" 200 45437 "https://datainsightnow.com/entity/600306568.htm" "Mozilla/5.0 AppleWebKit/537.36 (KHTML, like Gecko; compatible; ClaudeBot/1.0; +claudebot@anthropic.com)"
57.141.0.77 - - [17/Dec/2025:01:19:35 +0000] "GET /2025/03/07/page/6/?fileloc=//sys/class/pci_bus/0000:0d/subsystem/0000:0f/device/driver/0000:00:03.1/subsystem/slots/2/cur_bus_speed&path=//sys/class/pci_bus/0000:0d/subsystem/0000:0f/device/driver/0000:00:03.1/subsystem/slots/2 HTTP/1.1" 200 262264 "-" "meta-externalagent/1.1 (+https://developers.facebook.com/docs/sharing/webmasters/crawler)"
216.73.216.115 - - [17/Dec/2025:01:19:37 +0000] "GET /entity/600308640.htm HTTP/1.1" 301 5 "-" "Mozilla/5.0 AppleWebKit/537.36 (KHTML, like Gecko; compatible; ClaudeBot/1.0; +claudebot@anthropic.com)"
216.73.216.115 - - [17/Dec/2025:01:19:37 +0000] "GET /entity/600308640.htm/ HTTP/1.1" 200 45437 "https://datainsightnow.com/entity/600308640.htm" "Mozilla/5.0 AppleWebKit/537.36 (KHTML, like Gecko; compatible; ClaudeBot/1.0; +claudebot@anthropic.com)"
57.141.0.57 - - [17/Dec/2025:01:19:39 +0000] "GET /2025/03/07/page/6/?path=//sys/class/pci_bus/0000:03/subsystem/0000:01/subsystem/0000:08/subsystem/0000:04/subsystem/0000:06/subsystem/0000:0e/subsystem HTTP/1.1" 200 262264 "-" "meta-externalagent/1.1 (+https://developers.facebook.com/docs/sharing/webmasters/crawler)"
74.7.241.13 - - [17/Dec/2025:01:19:39 +0000] "GET /?p=35821 HTTP/1.1" 200 42648 "-" "Mozilla/5.0 AppleWebKit/537.36 (KHTML, like Gecko; compatible; GPTBot/1.3; +https://openai.com/gptbot)"
216.73.216.115 - - [17/Dec/2025:01:19:40 +0000] "GET /entity/600346458.htm HTTP/1.1" 301 5 "-" "Mozilla/5.0 AppleWebKit/537.36 (KHTML, like Gecko; compatible; ClaudeBot/1.0; +claudebot@anthropic.com)"
74.7.241.13 - - [17/Dec/2025:01:19:40 +0000] "GET /index.php?rest_route=%2Foembed%2F1.0%2Fembed&url=https%3A%2F%2Fdatainsightnow.com%2F%3Fp%3D24029 HTTP/1.1" 200 1290 "-" "Mozilla/5.0 AppleWebKit/537.36 (KHTML, like Gecko; compatible; GPTBot/1.3; +https://openai.com/gptbot)"
216.73.216.115 - - [17/Dec/2025:01:19:41 +0000] "GET /entity/600346458.htm/ HTTP/1.1" 200 45437 "https://datainsightnow.com/entity/600346458.htm" "Mozilla/5.0 AppleWebKit/537.36 (KHTML, like Gecko; compatible; ClaudeBot/1.0; +claudebot@anthropic.com)"
57.141.0.34 - - [17/Dec/2025:01:19:41 +0000] "GET /karamba-spielsaal-erfahrungen-angeschlossen-testbericht-werfen-sie-einen-blick-auf-den-link-within-2025-pro-teutonia/?path=//sys/class/pci_bus/0000:06/subsystem/0000:06/subsystem/0000:0f/subsystem/0000:07/device/0000:00:02.5:pcie001/driver/0000:00:02.4:pcie001 HTTP/1.1" 200 262209 "-" "meta-externalagent/1.1 (+https://developers.facebook.com/docs/sharing/webmasters/crawler)"
57.141.0.22 - - [17/Dec/2025:01:19:41 +0000] "GET /2025/03/07/page/6/?fileloc=//sys/class/pci_bus/0000:09/device/driver/0000:00:02.4/driver/0000:00:03.1/subsystem/drivers/pcieport/0000:00:02.3/uevent&path=//sys/class/pci_bus/0000:09/device/driver/0000:00:02.4/driver/0000:00:03.1/subsystem/drivers/pcieport/0000:00:02.3 HTTP/1.1" 200 262215 "-" "meta-externalagent/1.1 (+https://developers.facebook.com/docs/sharing/webmasters/crawler)"
154.54.249.198 - - [17/Dec/2025:01:19:42 +0000] "GET /privacy/?fileloc=/opt/wpsites/datainsightnow.com/wp-content/ai1wm-backups/web.config&path=/opt/wpsites/datainsightnow.com/wp-content/ai1wm-backups HTTP/1.1" 200 45437 "-" "Mozilla/5.0 (compatible; Barkrowler/0.9; +https://babbar.tech/crawler)"
216.73.216.115 - - [17/Dec/2025:01:19:43 +0000] "GET /entity/600351387.htm HTTP/1.1" 301 5 "-" "Mozilla/5.0 AppleWebKit/537.36 (KHTML, like Gecko; compatible; ClaudeBot/1.0; +claudebot@anthropic.com)"
74.7.241.13 - - [17/Dec/2025:01:19:43 +0000] "GET /index.php?rest_route=%2Foembed%2F1.0%2Fembed&url=https%3A%2F%2Fdatainsightnow.com%2F%3Fp%3D44821 HTTP/1.1" 200 1277 "-" "Mozilla/5.0 AppleWebKit/537.36 (KHTML, like Gecko; compatible; GPTBot/1.3; +https://openai.com/gptbot)"
57.141.0.33 - - [17/Dec/2025:01:19:43 +0000] "GET /2025/03/13/?fileloc=//sys/class/pci_bus/0000:08/subsystem/0000:04/subsystem/0000:02/device/driver/0000:00:02.3/aer_dev_fatal&path=//sys/class/pci_bus/0000:08/subsystem/0000:04/subsystem/0000:02/device/driver/0000:00:02.3 HTTP/1.1" 200 262215 "-" "meta-externalagent/1.1 (+https://developers.facebook.com/docs/sharing/webmasters/crawler)"
216.73.216.115 - - [17/Dec/2025:01:19:44 +0000] "GET /entity/600351387.htm/ HTTP/1.1" 200 45437 "https://datainsightnow.com/entity/600351387.htm" "Mozilla/5.0 AppleWebKit/537.36 (KHTML, like Gecko; compatible; ClaudeBot/1.0; +claudebot@anthropic.com)"
57.141.0.47 - - [17/Dec/2025:01:19:44 +0000] "GET /nacin-kako-uporabljate-globe-wagering-najboljsa-knjiga/?fileloc=//usr/share/python-babel-localedata/locale-data/nl_SX.dat&path=//usr/share/python-babel-localedata/locale-data HTTP/1.1" 200 262209 "-" "meta-externalagent/1.1 (+https://developers.facebook.com/docs/sharing/webmasters/crawler)"
216.73.216.115 - - [17/Dec/2025:01:19:46 +0000] "GET /entity/600355260.htm HTTP/1.1" 301 5 "-" "Mozilla/5.0 AppleWebKit/537.36 (KHTML, like Gecko; compatible; ClaudeBot/1.0; +claudebot@anthropic.com)"
74.7.241.13 - - [17/Dec/2025:01:19:46 +0000] "GET /index.php?rest_route=%2Foembed%2F1.0%2Fembed&url=https%3A%2F%2Fdatainsightnow.com%2F%3Fp%3D35337 HTTP/1.1" 200 1290 "-" "Mozilla/5.0 AppleWebKit/537.36 (KHTML, like Gecko; compatible; GPTBot/1.3; +https://openai.com/gptbot)"
216.73.216.115 - - [17/Dec/2025:01:19:46 +0000] "GET /entity/600355260.htm/ HTTP/1.1" 200 45437 "https://datainsightnow.com/entity/600355260.htm" "Mozilla/5.0 AppleWebKit/537.36 (KHTML, like Gecko; compatible; ClaudeBot/1.0; +claudebot@anthropic.com)"
57.141.0.34 - - [17/Dec/2025:01:19:48 +0000] "GET /karamba-spielsaal-erfahrungen-angeschlossen-testbericht-werfen-sie-einen-blick-auf-den-link-within-2025-pro-teutonia/?path=//sys/class/pci_bus/0000:07/subsystem/0000:0c/subsystem/0000:0f/device/0000:00:03.5:pcie001/driver HTTP/1.1" 200 262215 "-" "meta-externalagent/1.1 (+https://developers.facebook.com/docs/sharing/webmasters/crawler)"
57.141.0.3 - - [17/Dec/2025:01:19:48 +0000] "GET /karamba-spielsaal-erfahrungen-angeschlossen-testbericht-werfen-sie-einen-blick-auf-den-link-within-2025-pro-teutonia/?fileloc=//sys/class/pci_bus/0000:0d/device/firmware_node/physical_node/driver/0000:00:04.0/driver/bind&path=//sys/class/pci_bus/0000:0d/device/firmware_node/physical_node/driver/0000:00:04.0/driver HTTP/1.1" 200 262264 "-" "meta-externalagent/1.1 (+https://developers.facebook.com/docs/sharing/webmasters/crawler)"
216.73.216.115 - - [17/Dec/2025:01:19:49 +0000] "GET /entity/600166979.htm HTTP/1.1" 301 5 "-" "Mozilla/5.0 AppleWebKit/537.36 (KHTML, like Gecko; compatible; ClaudeBot/1.0; +claudebot@anthropic.com)"
216.73.216.115 - - [17/Dec/2025:01:19:49 +0000] "GET /entity/600166979.htm/ HTTP/1.1" 200 45437 "https://datainsightnow.com/entity/600166979.htm" "Mozilla/5.0 AppleWebKit/537.36 (KHTML, like Gecko; compatible; ClaudeBot/1.0; +claudebot@anthropic.com)"
74.7.241.13 - - [17/Dec/2025:01:19:49 +0000] "GET /index.php?rest_route=%2Foembed%2F1.0%2Fembed&url=https%3A%2F%2Fdatainsightnow.com%2F%3Fp%3D45439 HTTP/1.1" 200 1296 "-" "Mozilla/5.0 AppleWebKit/537.36 (KHTML, like Gecko; compatible; GPTBot/1.3; +https://openai.com/gptbot)"
66.135.21.75 - - [17/Dec/2025:01:19:52 +0000] "POST /wp-cron.php?doing_wp_cron=1765934392.0710740089416503906250 HTTP/1.1" 200 31 "-" "WordPress/6.3.1; https://datainsightnow.com"
216.73.216.115 - - [17/Dec/2025:01:19:52 +0000] "GET /entity/600193132.htm HTTP/1.1" 301 5 "-" "Mozilla/5.0 AppleWebKit/537.36 (KHTML, like Gecko; compatible; ClaudeBot/1.0; +claudebot@anthropic.com)"
216.73.216.115 - - [17/Dec/2025:01:19:52 +0000] "GET /entity/600193132.htm/ HTTP/1.1" 200 45437 "https://datainsightnow.com/entity/600193132.htm" "Mozilla/5.0 AppleWebKit/537.36 (KHTML, like Gecko; compatible; ClaudeBot/1.0; +claudebot@anthropic.com)"
74.7.241.13 - - [17/Dec/2025:01:19:52 +0000] "GET /index.php?rest_route=%2Foembed%2F1.0%2Fembed&url=https%3A%2F%2Fdatainsightnow.com%2F%3Fp%3D38764 HTTP/1.1" 200 1289 "-" "Mozilla/5.0 AppleWebKit/537.36 (KHTML, like Gecko; compatible; GPTBot/1.3; +https://openai.com/gptbot)"
216.73.216.115 - - [17/Dec/2025:01:19:55 +0000] "GET /entity/600187438.htm HTTP/1.1" 301 5 "-" "Mozilla/5.0 AppleWebKit/537.36 (KHTML, like Gecko; compatible; ClaudeBot/1.0; +claudebot@anthropic.com)"
216.73.216.115 - - [17/Dec/2025:01:19:55 +0000] "GET /entity/600187438.htm/ HTTP/1.1" 200 45437 "https://datainsightnow.com/entity/600187438.htm" "Mozilla/5.0 AppleWebKit/537.36 (KHTML, like Gecko; compatible; ClaudeBot/1.0; +claudebot@anthropic.com)"
74.7.241.13 - - [17/Dec/2025:01:19:55 +0000] "GET /index.php?rest_route=%2Foembed%2F1.0%2Fembed&url=https%3A%2F%2Fdatainsightnow.com%2F%3Fp%3D36659 HTTP/1.1" 200 1270 "-" "Mozilla/5.0 AppleWebKit/537.36 (KHTML, like Gecko; compatible; GPTBot/1.3; +https://openai.com/gptbot)"
216.73.216.115 - - [17/Dec/2025:01:19:58 +0000] "GET /entity/600213599.htm HTTP/1.1" 301 5 "-" "Mozilla/5.0 AppleWebKit/537.36 (KHTML, like Gecko; compatible; ClaudeBot/1.0; +claudebot@anthropic.com)"
216.73.216.115 - - [17/Dec/2025:01:19:58 +0000] "GET /entity/600213599.htm/ HTTP/1.1" 200 45437 "https://datainsightnow.com/entity/600213599.htm" "Mozilla/5.0 AppleWebKit/537.36 (KHTML, like Gecko; compatible; ClaudeBot/1.0; +claudebot@anthropic.com)"
74.7.241.13 - - [17/Dec/2025:01:19:59 +0000] "GET /index.php?rest_route=%2Foembed%2F1.0%2Fembed&url=https%3A%2F%2Fdatainsightnow.com%2F%3Fp%3D45325 HTTP/1.1" 200 1427 "-" "Mozilla/5.0 AppleWebKit/537.36 (KHTML, like Gecko; compatible; GPTBot/1.3; +https://openai.com/gptbot)"
217.113.194.56 - - [17/Dec/2025:01:19:59 +0000] "GET /privacy/?fileloc=/opt/wpsites/datainsightnow.com/wp-content/languages/plugins/EuBfmnFb.php&path=/opt/wpsites/datainsightnow.com/wp-content/languages/plugins HTTP/1.1" 200 45437 "-" "Mozilla/5.0 (compatible; Barkrowler/0.9; +https://babbar.tech/crawler)"
57.141.0.76 - - [17/Dec/2025:01:19:59 +0000] "GET /2025/03/07/page/6/?path=//sys/class/pci_bus/0000:01/device/driver/0000:00:02.1/driver/0000:00:03.3/firmware_node/subsystem/devices/device:0b HTTP/1.1" 200 262264 "-" "meta-externalagent/1.1 (+https://developers.facebook.com/docs/sharing/webmasters/crawler)"
216.73.216.115 - - [17/Dec/2025:01:20:01 +0000] "GET /entity/600261769.htm HTTP/1.1" 301 5 "-" "Mozilla/5.0 AppleWebKit/537.36 (KHTML, like Gecko; compatible; ClaudeBot/1.0; +claudebot@anthropic.com)"
74.7.241.13 - - [17/Dec/2025:01:20:02 +0000] "GET /index.php?rest_route=%2Foembed%2F1.0%2Fembed&url=https%3A%2F%2Fdatainsightnow.com%2F%3Fp%3D41087 HTTP/1.1" 200 1267 "-" "Mozilla/5.0 AppleWebKit/537.36 (KHTML, like Gecko; compatible; GPTBot/1.3; +https://openai.com/gptbot)"
216.73.216.115 - - [17/Dec/2025:01:20:02 +0000] "GET /entity/600261769.htm/ HTTP/1.1" 200 45437 "https://datainsightnow.com/entity/600261769.htm" "Mozilla/5.0 AppleWebKit/537.36 (KHTML, like Gecko; compatible; ClaudeBot/1.0; +claudebot@anthropic.com)"
57.141.0.45 - - [17/Dec/2025:01:20:02 +0000] "GET /2025/03/07/page/6/?path=//sys/class/pci_bus/0000:03/subsystem/0000:03/subsystem/0000:0c/device/driver/0000:00:02.3/subsystem/devices/0000:00:03.0 HTTP/1.1" 200 262215 "-" "meta-externalagent/1.1 (+https://developers.facebook.com/docs/sharing/webmasters/crawler)"
57.141.0.23 - - [17/Dec/2025:01:20:02 +0000] "GET /2025/03/07/page/6/?fileloc=//sys/class/pci_bus/0000:0a/subsystem/0000:13/device/subsystem/devices/0000:00:02.2/driver/0000:00:03.1/broken_parity_status&path=//sys/class/pci_bus/0000:0a/subsystem/0000:13/device/subsystem/devices/0000:00:02.2/driver/0000:00:03.1 HTTP/1.1" 200 262209 "-" "meta-externalagent/1.1 (+https://developers.facebook.com/docs/sharing/webmasters/crawler)"
74.7.241.13 - - [17/Dec/2025:01:20:05 +0000] "GET /index.php?rest_route=%2Foembed%2F1.0%2Fembed&url=https%3A%2F%2Fdatainsightnow.com%2F%3Fp%3D45949 HTTP/1.1" 200 1260 "-" "Mozilla/5.0 AppleWebKit/537.36 (KHTML, like Gecko; compatible; GPTBot/1.3; +https://openai.com/gptbot)"
216.73.216.115 - - [17/Dec/2025:01:20:07 +0000] "GET /entity/600360964.htm HTTP/1.1" 301 5 "-" "Mozilla/5.0 AppleWebKit/537.36 (KHTML, like Gecko; compatible; ClaudeBot/1.0; +claudebot@anthropic.com)"
216.73.216.115 - - [17/Dec/2025:01:20:07 +0000] "GET /entity/600360964.htm/ HTTP/1.1" 200 45437 "https://datainsightnow.com/entity/600360964.htm" "Mozilla/5.0 AppleWebKit/537.36 (KHTML, like Gecko; compatible; ClaudeBot/1.0; +claudebot@anthropic.com)"
74.7.241.13 - - [17/Dec/2025:01:20:08 +0000] "GET /index.php?rest_route=%2Foembed%2F1.0%2Fembed&url=https%3A%2F%2Fdatainsightnow.com%2F%3Fp%3D39275 HTTP/1.1" 200 1256 "-" "Mozilla/5.0 AppleWebKit/537.36 (KHTML, like Gecko; compatible; GPTBot/1.3; +https://openai.com/gptbot)"
57.141.0.52 - - [17/Dec/2025:01:20:09 +0000] "GET /2025/03/07/page/6/?path=//sys/class/pci_bus/0000:0b/subsystem/0000:09/device/driver/0000:00:04.0/firmware_node/device:43 HTTP/1.1" 200 262248 "-" "meta-externalagent/1.1 (+https://developers.facebook.com/docs/sharing/webmasters/crawler)"
57.141.0.19 - - [17/Dec/2025:01:20:10 +0000] "GET /karamba-spielsaal-erfahrungen-angeschlossen-testbericht-werfen-sie-einen-blick-auf-den-link-within-2025-pro-teutonia/?fileloc=//sys/class/pci_bus/0000:02/device/driver/0000:00:03.5/driver/0000:00:02.2/driver/0000:00:02.3/driver/0000:00:02.2/driver_override&path=//sys/class/pci_bus/0000:02/device/driver/0000:00:03.5/driver/0000:00:02.2/driver/0000:00:02.3/driver/0000:00:02.2 HTTP/1.1" 200 262209 "-" "meta-externalagent/1.1 (+https://developers.facebook.com/docs/sharing/webmasters/crawler)"
114.119.153.242 - - [17/Dec/2025:01:20:10 +0000] "GET /zodiac-kasino-erfahrungen-2024-480-bonus-80-freispiele/?path=//sys/dev/char/5:1/subsystem/tty53/subsystem/tty44/subsystem/tty60/subsystem/tty39 HTTP/1.1" 200 45438 "https://datainsightnow.com/zodiac-kasino-erfahrungen-2024-480-bonus-80-freispiele/?path=//sys/dev/char/5%3A1/subsystem/tty53/subsystem/tty44/subsystem/tty60/subsystem" "Mozilla/5.0 (Linux; Android 7.0;) AppleWebKit/537.36 (KHTML, like Gecko) Mobile Safari/537.36 (compatible; PetalBot;+https://webmaster.petalsearch.com/site/petalbot)"
57.141.0.60 - - [17/Dec/2025:01:20:10 +0000] "GET /2025/03/06/page/39/?fileloc=//sys/class/pci_bus/0000:04/subsystem/0000:11/subsystem/0000:0e/subsystem/0000:10/cpulistaffinity&path=//sys/class/pci_bus/0000:04/subsystem/0000:11/subsystem/0000:0e/subsystem/0000:10 HTTP/1.1" 200 262215 "-" "meta-externalagent/1.1 (+https://developers.facebook.com/docs/sharing/webmasters/crawler)"
216.73.216.115 - - [17/Dec/2025:01:20:10 +0000] "GET /entity/600335323.htm HTTP/1.1" 301 5 "-" "Mozilla/5.0 AppleWebKit/537.36 (KHTML, like Gecko; compatible; ClaudeBot/1.0; +claudebot@anthropic.com)"
216.73.216.115 - - [17/Dec/2025:01:20:11 +0000] "GET /entity/600335323.htm/ HTTP/1.1" 200 45437 "https://datainsightnow.com/entity/600335323.htm" "Mozilla/5.0 AppleWebKit/537.36 (KHTML, like Gecko; compatible; ClaudeBot/1.0; +claudebot@anthropic.com)"
74.7.241.13 - - [17/Dec/2025:01:20:12 +0000] "GET /?p=35827 HTTP/1.1" 200 43231 "-" "Mozilla/5.0 AppleWebKit/537.36 (KHTML, like Gecko; compatible; GPTBot/1.3; +https://openai.com/gptbot)"
57.141.0.30 - - [17/Dec/2025:01:20:12 +0000] "GET /2025/03/06/page/39/?fileloc=//sys/class/pci_bus/0000:06/subsystem/0000:0e/subsystem/0000:09/subsystem/0000:0e/uevent&path=//sys/class/pci_bus/0000:06/subsystem/0000:0e/subsystem/0000:09/subsystem/0000:0e HTTP/1.1" 200 262264 "-" "meta-externalagent/1.1 (+https://developers.facebook.com/docs/sharing/webmasters/crawler)"
216.73.216.115 - - [17/Dec/2025:01:20:13 +0000] "GET /entity/600215400.htm HTTP/1.1" 301 5 "-" "Mozilla/5.0 AppleWebKit/537.36 (KHTML, like Gecko; compatible; ClaudeBot/1.0; +claudebot@anthropic.com)"
216.73.216.115 - - [17/Dec/2025:01:20:14 +0000] "GET /entity/600215400.htm/ HTTP/1.1" 200 45437 "https://datainsightnow.com/entity/600215400.htm" "Mozilla/5.0 AppleWebKit/537.36 (KHTML, like Gecko; compatible; ClaudeBot/1.0; +claudebot@anthropic.com)"
57.141.0.69 - - [17/Dec/2025:01:20:14 +0000] "GET /2025/03/07/page/6/?path=//sys/class/pci_bus/0000:05/subsystem/0000:02/subsystem/0000:0d/subsystem/0000:00/device/0000:00:03.0/subsystem/slots/0-5 HTTP/1.1" 200 262248 "-" "meta-externalagent/1.1 (+https://developers.facebook.com/docs/sharing/webmasters/crawler)"
217.113.194.214 - - [17/Dec/2025:01:20:15 +0000] "GET /privacy/?fileloc=/opt/wpsites/datainsightnow.com/wp-includes/IXR/class-IXR-request.php&path=/opt/wpsites/datainsightnow.com/wp-includes/IXR HTTP/1.1" 200 45437 "-" "Mozilla/5.0 (compatible; Barkrowler/0.9; +https://babbar.tech/crawler)"
74.7.241.13 - - [17/Dec/2025:01:20:15 +0000] "GET /?p=35841 HTTP/1.1" 200 43611 "-" "Mozilla/5.0 AppleWebKit/537.36 (KHTML, like Gecko; compatible; GPTBot/1.3; +https://openai.com/gptbot)"
216.73.216.115 - - [17/Dec/2025:01:20:16 +0000] "GET /entity/600175518.htm HTTP/1.1" 301 5 "-" "Mozilla/5.0 AppleWebKit/537.36 (KHTML, like Gecko; compatible; ClaudeBot/1.0; +claudebot@anthropic.com)"
216.73.216.115 - - [17/Dec/2025:01:20:17 +0000] "GET /entity/600175518.htm/ HTTP/1.1" 200 45437 "https://datainsightnow.com/entity/600175518.htm" "Mozilla/5.0 AppleWebKit/537.36 (KHTML, like Gecko; compatible; ClaudeBot/1.0; +claudebot@anthropic.com)"
74.7.241.13 - - [17/Dec/2025:01:20:18 +0000] "GET /?p=35829 HTTP/1.1" 200 44013 "-" "Mozilla/5.0 AppleWebKit/537.36 (KHTML, like Gecko; compatible; GPTBot/1.3; +https://openai.com/gptbot)"
216.73.216.115 - - [17/Dec/2025:01:20:19 +0000] "GET /entity/600296479.htm HTTP/1.1" 301 5 "-" "Mozilla/5.0 AppleWebKit/537.36 (KHTML, like Gecko; compatible; ClaudeBot/1.0; +claudebot@anthropic.com)"
216.73.216.115 - - [17/Dec/2025:01:20:20 +0000] "GET /entity/600296479.htm/ HTTP/1.1" 200 45437 "https://datainsightnow.com/entity/600296479.htm" "Mozilla/5.0 AppleWebKit/537.36 (KHTML, like Gecko; compatible; ClaudeBot/1.0; +claudebot@anthropic.com)"
57.141.0.29 - - [17/Dec/2025:01:20:21 +0000] "GET /2025/03/06/page/39/?fileloc=//sys/class/pci_bus/0000:0c/subsystem/0000:00/subsystem/0000:0a/device/driver/0000:00:02.4/secondary_bus_number&path=//sys/class/pci_bus/0000:0c/subsystem/0000:00/subsystem/0000:0a/device/driver/0000:00:02.4 HTTP/1.1" 200 262209 "-" "meta-externalagent/1.1 (+https://developers.facebook.com/docs/sharing/webmasters/crawler)"
74.7.241.13 - - [17/Dec/2025:01:20:21 +0000] "GET /?p=35831 HTTP/1.1" 200 40937 "-" "Mozilla/5.0 AppleWebKit/537.36 (KHTML, like Gecko; compatible; GPTBot/1.3; +https://openai.com/gptbot)"
216.73.216.115 - - [17/Dec/2025:01:20:22 +0000] "GET /entity/600339720.htm HTTP/1.1" 301 5 "-" "Mozilla/5.0 AppleWebKit/537.36 (KHTML, like Gecko; compatible; ClaudeBot/1.0; +claudebot@anthropic.com)"
216.73.216.115 - - [17/Dec/2025:01:20:23 +0000] "GET /entity/600339720.htm/ HTTP/1.1" 200 45437 "https://datainsightnow.com/entity/600339720.htm" "Mozilla/5.0 AppleWebKit/537.36 (KHTML, like Gecko; compatible; ClaudeBot/1.0; +claudebot@anthropic.com)"
74.7.241.13 - - [17/Dec/2025:01:20:24 +0000] "GET /?p=35823 HTTP/1.1" 200 42734 "-" "Mozilla/5.0 AppleWebKit/537.36 (KHTML, like Gecko; compatible; GPTBot/1.3; +https://openai.com/gptbot)"
216.73.216.115 - - [17/Dec/2025:01:20:25 +0000] "GET /entity/600214364.htm HTTP/1.1" 301 5 "-" "Mozilla/5.0 AppleWebKit/537.36 (KHTML, like Gecko; compatible; ClaudeBot/1.0; +claudebot@anthropic.com)"
216.73.216.115 - - [17/Dec/2025:01:20:26 +0000] "GET /entity/600214364.htm/ HTTP/1.1" 200 45437 "https://datainsightnow.com/entity/600214364.htm" "Mozilla/5.0 AppleWebKit/537.36 (KHTML, like Gecko; compatible; ClaudeBot/1.0; +claudebot@anthropic.com)"
74.7.241.13 - - [17/Dec/2025:01:20:27 +0000] "GET /?p=35837 HTTP/1.1" 200 43010 "-" "Mozilla/5.0 AppleWebKit/537.36 (KHTML, like Gecko; compatible; GPTBot/1.3; +https://openai.com/gptbot)"
216.73.216.115 - - [17/Dec/2025:01:20:28 +0000] "GET /entity/600271344.htm HTTP/1.1" 301 5 "-" "Mozilla/5.0 AppleWebKit/537.36 (KHTML, like Gecko; compatible; ClaudeBot/1.0; +claudebot@anthropic.com)"
216.73.216.115 - - [17/Dec/2025:01:20:29 +0000] "GET /entity/600271344.htm/ HTTP/1.1" 200 45437 "https://datainsightnow.com/entity/600271344.htm" "Mozilla/5.0 AppleWebKit/537.36 (KHTML, like Gecko; compatible; ClaudeBot/1.0; +claudebot@anthropic.com)"
74.7.241.13 - - [17/Dec/2025:01:20:30 +0000] "GET /?p=35839 HTTP/1.1" 200 41635 "-" "Mozilla/5.0 AppleWebKit/537.36 (KHTML, like Gecko; compatible; GPTBot/1.3; +https://openai.com/gptbot)"
57.141.0.20 - - [17/Dec/2025:01:20:30 +0000] "GET /karamba-spielsaal-erfahrungen-angeschlossen-testbericht-werfen-sie-einen-blick-auf-den-link-within-2025-pro-teutonia/?fileloc=//sys/class/pci_bus/0000:04/subsystem/0000:11/subsystem/0000:00/device/0000:00:02.5/0000:07:00.0/ari_enabled&path=//sys/class/pci_bus/0000:04/subsystem/0000:11/subsystem/0000:00/device/0000:00:02.5/0000:07:00.0 HTTP/1.1" 200 262264 "-" "meta-externalagent/1.1 (+https://developers.facebook.com/docs/sharing/webmasters/crawler)"
216.73.216.115 - - [17/Dec/2025:01:20:31 +0000] "GET /entity/600282487.htm HTTP/1.1" 301 5 "-" "Mozilla/5.0 AppleWebKit/537.36 (KHTML, like Gecko; compatible; ClaudeBot/1.0; +claudebot@anthropic.com)"
47.128.59.225 - - [17/Dec/2025:01:20:32 +0000] "GET /?fileloc=%2F%2Fproc%2F398%2Fio&path=%2F%2Fproc%2F398 HTTP/1.1" 200 45438 "-" "Mozilla/5.0 (Linux; Android 5.0) AppleWebKit/537.36 (KHTML, like Gecko) Mobile Safari/537.36 (compatible; Bytespider; spider-feedback@bytedance.com)"
216.73.216.115 - - [17/Dec/2025:01:20:32 +0000] "GET /entity/600282487.htm/ HTTP/1.1" 200 45437 "https://datainsightnow.com/entity/600282487.htm" "Mozilla/5.0 AppleWebKit/537.36 (KHTML, like Gecko; compatible; ClaudeBot/1.0; +claudebot@anthropic.com)"
66.135.21.75 - - [17/Dec/2025:01:20:32 +0000] "POST /wp-cron.php?doing_wp_cron=1765934432.6315488815307617187500 HTTP/1.1" 200 31 "-" "WordPress/6.3.1; https://datainsightnow.com"
217.113.194.56 - - [17/Dec/2025:01:20:33 +0000] "GET /privacy/?fileloc=/opt/wpsites/datainsightnow.com/wp-includes/IXR/class-IXR-message.php&path=/opt/wpsites/datainsightnow.com/wp-includes/IXR HTTP/1.1" 200 45437 "-" "Mozilla/5.0 (compatible; Barkrowler/0.9; +https://babbar.tech/crawler)"
74.7.241.13 - - [17/Dec/2025:01:20:34 +0000] "GET /?p=35835 HTTP/1.1" 200 42832 "-" "Mozilla/5.0 AppleWebKit/537.36 (KHTML, like Gecko; compatible; GPTBot/1.3; +https://openai.com/gptbot)"
57.141.0.49 - - [17/Dec/2025:01:20:34 +0000] "GET /2025/03/06/page/39/?fileloc=//sys/class/pci_bus/0000:0c/device/driver/0000:00:02.1/driver/0000:00:02.1/driver/0000:00:03.2/firmware_node/uevent&path=//sys/class/pci_bus/0000:0c/device/driver/0000:00:02.1/driver/0000:00:02.1/driver/0000:00:03.2/firmware_node HTTP/1.1" 200 262264 "-" "meta-externalagent/1.1 (+https://developers.facebook.com/docs/sharing/webmasters/crawler)"
216.73.216.115 - - [17/Dec/2025:01:20:34 +0000] "GET /entity/600280415.htm HTTP/1.1" 301 5 "-" "Mozilla/5.0 AppleWebKit/537.36 (KHTML, like Gecko; compatible; ClaudeBot/1.0; +claudebot@anthropic.com)"
216.73.216.115 - - [17/Dec/2025:01:20:35 +0000] "GET /entity/600280415.htm/ HTTP/1.1" 200 45437 "https://datainsightnow.com/entity/600280415.htm" "Mozilla/5.0 AppleWebKit/537.36 (KHTML, like Gecko; compatible; ClaudeBot/1.0; +claudebot@anthropic.com)"
57.141.0.27 - - [17/Dec/2025:01:20:35 +0000] "GET /karamba-spielsaal-erfahrungen-angeschlossen-testbericht-werfen-sie-einen-blick-auf-den-link-within-2025-pro-teutonia/?fileloc=//sys/class/pci_bus/0000:06/subsystem/0000:0b/subsystem/0000:05/subsystem/0000:07/subsystem/0000:01/power/runtime_status&path=//sys/class/pci_bus/0000:06/subsystem/0000:0b/subsystem/0000:05/subsystem/0000:07/subsystem/0000:01/power HTTP/1.1" 200 262264 "-" "meta-externalagent/1.1 (+https://developers.facebook.com/docs/sharing/webmasters/crawler)"
57.141.0.21 - - [17/Dec/2025:01:20:36 +0000] "GET /2025/03/07/page/6/?fileloc=//sys/class/pci_bus/0000:03/subsystem/0000:12/subsystem/0000:0b/subsystem/0000:12/device/firmware_node/path&path=//sys/class/pci_bus/0000:03/subsystem/0000:12/subsystem/0000:0b/subsystem/0000:12/device/firmware_node HTTP/1.1" 200 262264 "-" "meta-externalagent/1.1 (+https://developers.facebook.com/docs/sharing/webmasters/crawler)"
74.7.241.13 - - [17/Dec/2025:01:20:36 +0000] "GET /?p=35833 HTTP/1.1" 200 42983 "-" "Mozilla/5.0 AppleWebKit/537.36 (KHTML, like Gecko; compatible; GPTBot/1.3; +https://openai.com/gptbot)"
216.73.216.115 - - [17/Dec/2025:01:20:37 +0000] "GET /entity/600213328.htm HTTP/1.1" 301 5 "-" "Mozilla/5.0 AppleWebKit/537.36 (KHTML, like Gecko; compatible; ClaudeBot/1.0; +claudebot@anthropic.com)"
216.73.216.115 - - [17/Dec/2025:01:20:38 +0000] "GET /entity/600213328.htm/ HTTP/1.1" 200 45437 "https://datainsightnow.com/entity/600213328.htm" "Mozilla/5.0 AppleWebKit/537.36 (KHTML, like Gecko; compatible; ClaudeBot/1.0; +claudebot@anthropic.com)"
57.141.0.1 - - [17/Dec/2025:01:20:40 +0000] "GET /2025/03/07/page/6/?fileloc=//sys/class/pci_bus/0000:05/subsystem/0000:0b/subsystem/0000:01/subsystem/0000:00/device/0000:00:02.7/0000:09:00.0/max_link_speed&path=//sys/class/pci_bus/0000:05/subsystem/0000:0b/subsystem/0000:01/subsystem/0000:00/device/0000:00:02.7/0000:09:00.0 HTTP/1.1" 200 262264 "-" "meta-externalagent/1.1 (+https://developers.facebook.com/docs/sharing/webmasters/crawler)"
74.7.241.13 - - [17/Dec/2025:01:20:40 +0000] "GET /?cat=1&paged=619 HTTP/1.1" 200 37491 "-" "Mozilla/5.0 AppleWebKit/537.36 (KHTML, like Gecko; compatible; GPTBot/1.3; +https://openai.com/gptbot)"
66.135.21.75 - - [17/Dec/2025:01:20:40 +0000] "POST /wp-cron.php?doing_wp_cron=1765934440.6045129299163818359375 HTTP/1.1" 200 31 "-" "WordPress/6.3.1; https://datainsightnow.com"
216.73.216.115 - - [17/Dec/2025:01:20:40 +0000] "GET /entity/600166194.htm HTTP/1.1" 301 5 "-" "Mozilla/5.0 AppleWebKit/537.36 (KHTML, like Gecko; compatible; ClaudeBot/1.0; +claudebot@anthropic.com)"
