216.73.216.115 - - [17/Dec/2025:00:51:31 +0000] "GET /entity/102187679.htm HTTP/1.1" 301 5 "-" "Mozilla/5.0 AppleWebKit/537.36 (KHTML, like Gecko; compatible; ClaudeBot/1.0; +claudebot@anthropic.com)"
57.141.0.31 - - [17/Dec/2025:00:51:32 +0000] "GET /karamba-spielsaal-erfahrungen-angeschlossen-testbericht-werfen-sie-einen-blick-auf-den-link-within-2025-pro-teutonia/?path=//sys/class/pci_bus/0000:06/subsystem/0000:04/subsystem/0000:0f/subsystem/0000:0b/subsystem/0000:0c/subsystem HTTP/1.1" 200 262248 "-" "meta-externalagent/1.1 (+https://developers.facebook.com/docs/sharing/webmasters/crawler)"
217.113.194.58 - - [17/Dec/2025:00:51:32 +0000] "GET /privacy/?fileloc=/opt/wpsites/datainsightnow.com/wp-includes/js/codemirror/jsonlint.js&path=/opt/wpsites/datainsightnow.com/wp-includes/js/codemirror HTTP/1.1" 200 45437 "-" "Mozilla/5.0 (compatible; Barkrowler/0.9; +https://babbar.tech/crawler)"
216.73.216.115 - - [17/Dec/2025:00:51:32 +0000] "GET /entity/102187679.htm/ HTTP/1.1" 200 45437 "https://datainsightnow.com/entity/102187679.htm" "Mozilla/5.0 AppleWebKit/537.36 (KHTML, like Gecko; compatible; ClaudeBot/1.0; +claudebot@anthropic.com)"
216.73.216.115 - - [17/Dec/2025:00:51:34 +0000] "GET /entity/102104799.htm HTTP/1.1" 301 5 "-" "Mozilla/5.0 AppleWebKit/537.36 (KHTML, like Gecko; compatible; ClaudeBot/1.0; +claudebot@anthropic.com)"
216.73.216.115 - - [17/Dec/2025:00:51:35 +0000] "GET /entity/102104799.htm/ HTTP/1.1" 200 45437 "https://datainsightnow.com/entity/102104799.htm" "Mozilla/5.0 AppleWebKit/537.36 (KHTML, like Gecko; compatible; ClaudeBot/1.0; +claudebot@anthropic.com)"
216.73.216.115 - - [17/Dec/2025:00:51:37 +0000] "GET /entity/102016990.htm HTTP/1.1" 301 5 "-" "Mozilla/5.0 AppleWebKit/537.36 (KHTML, like Gecko; compatible; ClaudeBot/1.0; +claudebot@anthropic.com)"
216.73.216.115 - - [17/Dec/2025:00:51:38 +0000] "GET /entity/102016990.htm/ HTTP/1.1" 200 45437 "https://datainsightnow.com/entity/102016990.htm" "Mozilla/5.0 AppleWebKit/537.36 (KHTML, like Gecko; compatible; ClaudeBot/1.0; +claudebot@anthropic.com)"
57.141.0.7 - - [17/Dec/2025:00:51:40 +0000] "GET /karamba-spielsaal-erfahrungen-angeschlossen-testbericht-werfen-sie-einen-blick-auf-den-link-within-2025-pro-teutonia/?fileloc=//sys/class/pci_bus/0000:06/subsystem/0000:13/device/driver/0000:00:02.5/driver/0000:00:02.0/0000:00:02.0:pcie001/power/runtime_enabled&path=//sys/class/pci_bus/0000:06/subsystem/0000:13/device/driver/0000:00:02.5/driver/0000:00:02.0/0000:00:02.0:pcie001/power HTTP/1.1" 200 262264 "-" "meta-externalagent/1.1 (+https://developers.facebook.com/docs/sharing/webmasters/crawler)"
216.73.216.115 - - [17/Dec/2025:00:51:40 +0000] "GET /entity/102141310.htm HTTP/1.1" 301 5 "-" "Mozilla/5.0 AppleWebKit/537.36 (KHTML, like Gecko; compatible; ClaudeBot/1.0; +claudebot@anthropic.com)"
216.73.216.115 - - [17/Dec/2025:00:51:41 +0000] "GET /entity/102141310.htm/ HTTP/1.1" 200 45437 "https://datainsightnow.com/entity/102141310.htm" "Mozilla/5.0 AppleWebKit/537.36 (KHTML, like Gecko; compatible; ClaudeBot/1.0; +claudebot@anthropic.com)"
216.73.216.115 - - [17/Dec/2025:00:51:43 +0000] "GET /entity/102010523.htm HTTP/1.1" 301 5 "-" "Mozilla/5.0 AppleWebKit/537.36 (KHTML, like Gecko; compatible; ClaudeBot/1.0; +claudebot@anthropic.com)"
216.73.216.115 - - [17/Dec/2025:00:51:44 +0000] "GET /entity/102010523.htm/ HTTP/1.1" 200 45437 "https://datainsightnow.com/entity/102010523.htm" "Mozilla/5.0 AppleWebKit/537.36 (KHTML, like Gecko; compatible; ClaudeBot/1.0; +claudebot@anthropic.com)"
216.73.216.115 - - [17/Dec/2025:00:51:46 +0000] "GET /entity/101994722.htm HTTP/1.1" 301 5 "-" "Mozilla/5.0 AppleWebKit/537.36 (KHTML, like Gecko; compatible; ClaudeBot/1.0; +claudebot@anthropic.com)"
216.73.216.115 - - [17/Dec/2025:00:51:47 +0000] "GET /entity/101994722.htm/ HTTP/1.1" 200 45437 "https://datainsightnow.com/entity/101994722.htm" "Mozilla/5.0 AppleWebKit/537.36 (KHTML, like Gecko; compatible; ClaudeBot/1.0; +claudebot@anthropic.com)"
57.141.0.17 - - [17/Dec/2025:00:51:48 +0000] "GET /2025/03/06/page/39/?path=//sys/class/pci_bus/0000:0e/subsystem/0000:00/device/0000:00:1b.0/subsystem/devices/0000:00:04.1/msi_irqs HTTP/1.1" 200 262264 "-" "meta-externalagent/1.1 (+https://developers.facebook.com/docs/sharing/webmasters/crawler)"
217.113.194.60 - - [17/Dec/2025:00:51:48 +0000] "GET /privacy/?fileloc=/opt/wpsites/datainsightnow.com/wp-includes/SimplePie/Parse/Date.php&path=/opt/wpsites/datainsightnow.com/wp-includes/SimplePie/Parse HTTP/1.1" 200 45437 "-" "Mozilla/5.0 (compatible; Barkrowler/0.9; +https://babbar.tech/crawler)"
216.73.216.115 - - [17/Dec/2025:00:51:49 +0000] "GET /entity/102149598.htm HTTP/1.1" 301 5 "-" "Mozilla/5.0 AppleWebKit/537.36 (KHTML, like Gecko; compatible; ClaudeBot/1.0; +claudebot@anthropic.com)"
57.141.0.56 - - [17/Dec/2025:00:51:50 +0000] "GET /moneysense-self-help-guide-to-the-ideal-profile/?fileloc=//sys/class/pci_bus/0000:06/subsystem/0000:09/subsystem/0000:01/subsystem/0000:05/device/driver/0000:00:03.5/irq&path=//sys/class/pci_bus/0000:06/subsystem/0000:09/subsystem/0000:01/subsystem/0000:05/device/driver/0000:00:03.5 HTTP/1.1" 200 262255 "-" "meta-externalagent/1.1 (+https://developers.facebook.com/docs/sharing/webmasters/crawler)"
216.73.216.115 - - [17/Dec/2025:00:51:50 +0000] "GET /entity/102149598.htm/ HTTP/1.1" 200 45437 "https://datainsightnow.com/entity/102149598.htm" "Mozilla/5.0 AppleWebKit/537.36 (KHTML, like Gecko; compatible; ClaudeBot/1.0; +claudebot@anthropic.com)"
66.135.21.75 - - [17/Dec/2025:00:51:51 +0000] "POST /wp-cron.php?doing_wp_cron=1765932711.1863069534301757812500 HTTP/1.1" 200 31 "-" "WordPress/6.3.1; https://datainsightnow.com"
57.141.0.1 - - [17/Dec/2025:00:51:51 +0000] "GET /2025/03/07/page/6/?fileloc=//sys/class/pci_bus/0000:00/device/0000:00:02.4/subsystem/drivers/pcieport/0000:00:02.2/aer_dev_correctable&path=//sys/class/pci_bus/0000:00/device/0000:00:02.4/subsystem/drivers/pcieport/0000:00:02.2 HTTP/1.1" 200 262215 "-" "meta-externalagent/1.1 (+https://developers.facebook.com/docs/sharing/webmasters/crawler)"
57.141.0.37 - - [17/Dec/2025:00:51:52 +0000] "GET /karamba-spielsaal-erfahrungen-angeschlossen-testbericht-werfen-sie-einen-blick-auf-den-link-within-2025-pro-teutonia/?fileloc=//sys/class/pci_bus/0000:13/subsystem/0000:0f/subsystem/0000:01/subsystem/0000:07/subsystem/0000:0e/subsystem/0000:0c/rescan&path=//sys/class/pci_bus/0000:13/subsystem/0000:0f/subsystem/0000:01/subsystem/0000:07/subsystem/0000:0e/subsystem/0000:0c HTTP/1.1" 200 262209 "-" "meta-externalagent/1.1 (+https://developers.facebook.com/docs/sharing/webmasters/crawler)"
216.73.216.115 - - [17/Dec/2025:00:51:52 +0000] "GET /entity/102201659.htm HTTP/1.1" 301 5 "-" "Mozilla/5.0 AppleWebKit/537.36 (KHTML, like Gecko; compatible; ClaudeBot/1.0; +claudebot@anthropic.com)"
216.73.216.115 - - [17/Dec/2025:00:51:53 +0000] "GET /entity/102201659.htm/ HTTP/1.1" 200 45437 "https://datainsightnow.com/entity/102201659.htm" "Mozilla/5.0 AppleWebKit/537.36 (KHTML, like Gecko; compatible; ClaudeBot/1.0; +claudebot@anthropic.com)"
57.141.0.59 - - [17/Dec/2025:00:51:53 +0000] "GET /2025/03/06/page/39/?path=//sys/class/pci_bus/0000:13/subsystem/0000:0f/subsystem/0000:09/device/0000:00:02.7:pcie002 HTTP/1.1" 200 262209 "-" "meta-externalagent/1.1 (+https://developers.facebook.com/docs/sharing/webmasters/crawler)"
216.73.216.115 - - [17/Dec/2025:00:51:55 +0000] "GET /entity/102165140.htm HTTP/1.1" 301 5 "-" "Mozilla/5.0 AppleWebKit/537.36 (KHTML, like Gecko; compatible; ClaudeBot/1.0; +claudebot@anthropic.com)"
57.141.0.39 - - [17/Dec/2025:00:51:55 +0000] "GET /2025/03/07/page/6/?path=//sys/class/pci_bus/0000:05/subsystem/0000:02/device/driver/0000:00:03.0/subsystem/devices/0000:00:02.7/0000:00:02.7:pcie001/subsystem HTTP/1.1" 200 262248 "-" "meta-externalagent/1.1 (+https://developers.facebook.com/docs/sharing/webmasters/crawler)"
216.73.216.115 - - [17/Dec/2025:00:51:56 +0000] "GET /entity/102165140.htm/ HTTP/1.1" 200 45437 "https://datainsightnow.com/entity/102165140.htm" "Mozilla/5.0 AppleWebKit/537.36 (KHTML, like Gecko; compatible; ClaudeBot/1.0; +claudebot@anthropic.com)"
216.73.216.115 - - [17/Dec/2025:00:51:58 +0000] "GET /entity/102169021.htm HTTP/1.1" 301 5 "-" "Mozilla/5.0 AppleWebKit/537.36 (KHTML, like Gecko; compatible; ClaudeBot/1.0; +claudebot@anthropic.com)"
216.73.216.115 - - [17/Dec/2025:00:51:59 +0000] "GET /entity/102169021.htm/ HTTP/1.1" 200 45437 "https://datainsightnow.com/entity/102169021.htm" "Mozilla/5.0 AppleWebKit/537.36 (KHTML, like Gecko; compatible; ClaudeBot/1.0; +claudebot@anthropic.com)"
57.141.0.18 - - [17/Dec/2025:00:52:02 +0000] "GET /karamba-spielsaal-erfahrungen-angeschlossen-testbericht-werfen-sie-einen-blick-auf-den-link-within-2025-pro-teutonia/?fileloc=//sys/class/pci_bus/0000:06/subsystem/0000:0b/subsystem/0000:0a/device/driver/0000:00:02.2/local_cpus&path=//sys/class/pci_bus/0000:06/subsystem/0000:0b/subsystem/0000:0a/device/driver/0000:00:02.2 HTTP/1.1" 200 262248 "-" "meta-externalagent/1.1 (+https://developers.facebook.com/docs/sharing/webmasters/crawler)"
57.141.0.20 - - [17/Dec/2025:00:52:03 +0000] "GET /karamba-spielsaal-erfahrungen-angeschlossen-testbericht-werfen-sie-einen-blick-auf-den-link-within-2025-pro-teutonia/?path=//sys/class/pci_bus/0000:0c/device/driver/0000:00:03.4/0000:00:03.4:pcie002/power HTTP/1.1" 200 262264 "-" "meta-externalagent/1.1 (+https://developers.facebook.com/docs/sharing/webmasters/crawler)"
57.141.0.40 - - [17/Dec/2025:00:52:04 +0000] "GET /2025/03/06/page/39/?path=//sys/class/pci_bus/0000:05/subsystem/0000:02/subsystem/0000:09/subsystem/0000:01/power HTTP/1.1" 200 262264 "-" "meta-externalagent/1.1 (+https://developers.facebook.com/docs/sharing/webmasters/crawler)"
216.73.216.115 - - [17/Dec/2025:00:52:05 +0000] "GET /entity/102199065.htm HTTP/1.1" 301 5 "-" "Mozilla/5.0 AppleWebKit/537.36 (KHTML, like Gecko; compatible; ClaudeBot/1.0; +claudebot@anthropic.com)"
57.141.0.57 - - [17/Dec/2025:00:52:05 +0000] "GET /2025/03/07/page/6/?fileloc=//sys/class/pci_bus/0000:05/subsystem/0000:0c/subsystem/0000:06/subsystem/0000:00/device/0000:00:02.2/subsystem/slots/0-3/adapter&path=//sys/class/pci_bus/0000:05/subsystem/0000:0c/subsystem/0000:06/subsystem/0000:00/device/0000:00:02.2/subsystem/slots/0-3 HTTP/1.1" 200 262248 "-" "meta-externalagent/1.1 (+https://developers.facebook.com/docs/sharing/webmasters/crawler)"
217.113.194.61 - - [17/Dec/2025:00:52:06 +0000] "GET /privacy/?fileloc=/opt/wpsites/datainsightnow.com/wp-includes/blocks/columns/editor-rtl.min.css&path=/opt/wpsites/datainsightnow.com/wp-includes/blocks/columns HTTP/1.1" 200 45437 "-" "Mozilla/5.0 (compatible; Barkrowler/0.9; +https://babbar.tech/crawler)"
216.73.216.115 - - [17/Dec/2025:00:52:06 +0000] "GET /entity/102199065.htm/ HTTP/1.1" 200 45437 "https://datainsightnow.com/entity/102199065.htm" "Mozilla/5.0 AppleWebKit/537.36 (KHTML, like Gecko; compatible; ClaudeBot/1.0; +claudebot@anthropic.com)"
57.141.0.40 - - [17/Dec/2025:00:52:07 +0000] "GET /karamba-spielsaal-erfahrungen-angeschlossen-testbericht-werfen-sie-einen-blick-auf-den-link-within-2025-pro-teutonia/?path=//sys/class/pci_bus/0000:0b/subsystem/0000:0e/subsystem/0000:0b/device/firmware_node/physical_node/firmware_node/physical_node/driver/0000:00:02.4 HTTP/1.1" 200 262264 "-" "meta-externalagent/1.1 (+https://developers.facebook.com/docs/sharing/webmasters/crawler)"
216.73.216.115 - - [17/Dec/2025:00:52:08 +0000] "GET /entity/102174725.htm HTTP/1.1" 301 5 "-" "Mozilla/5.0 AppleWebKit/537.36 (KHTML, like Gecko; compatible; ClaudeBot/1.0; +claudebot@anthropic.com)"
216.73.216.115 - - [17/Dec/2025:00:52:09 +0000] "GET /entity/102174725.htm/ HTTP/1.1" 200 45437 "https://datainsightnow.com/entity/102174725.htm" "Mozilla/5.0 AppleWebKit/537.36 (KHTML, like Gecko; compatible; ClaudeBot/1.0; +claudebot@anthropic.com)"
216.73.216.115 - - [17/Dec/2025:00:52:11 +0000] "GET /entity/102100906.htm HTTP/1.1" 301 5 "-" "Mozilla/5.0 AppleWebKit/537.36 (KHTML, like Gecko; compatible; ClaudeBot/1.0; +claudebot@anthropic.com)"
216.73.216.115 - - [17/Dec/2025:00:52:12 +0000] "GET /entity/102100906.htm/ HTTP/1.1" 200 45437 "https://datainsightnow.com/entity/102100906.htm" "Mozilla/5.0 AppleWebKit/537.36 (KHTML, like Gecko; compatible; ClaudeBot/1.0; +claudebot@anthropic.com)"
216.73.216.115 - - [17/Dec/2025:00:52:14 +0000] "GET /entity/102020873.htm HTTP/1.1" 301 5 "-" "Mozilla/5.0 AppleWebKit/537.36 (KHTML, like Gecko; compatible; ClaudeBot/1.0; +claudebot@anthropic.com)"
216.73.216.115 - - [17/Dec/2025:00:52:15 +0000] "GET /entity/102020873.htm/ HTTP/1.1" 200 45437 "https://datainsightnow.com/entity/102020873.htm" "Mozilla/5.0 AppleWebKit/537.36 (KHTML, like Gecko; compatible; ClaudeBot/1.0; +claudebot@anthropic.com)"
57.141.0.16 - - [17/Dec/2025:00:52:17 +0000] "GET /2025/03/07/page/6/?fileloc=//sys/class/pci_bus/0000:0f/device/subsystem/drivers/pcieport/0000:00:03.6/driver/0000:00:02.3/enable&path=//sys/class/pci_bus/0000:0f/device/subsystem/drivers/pcieport/0000:00:03.6/driver/0000:00:02.3 HTTP/1.1" 200 262248 "-" "meta-externalagent/1.1 (+https://developers.facebook.com/docs/sharing/webmasters/crawler)"
216.73.216.115 - - [17/Dec/2025:00:52:17 +0000] "GET /entity/102036413.htm HTTP/1.1" 301 5 "-" "Mozilla/5.0 AppleWebKit/537.36 (KHTML, like Gecko; compatible; ClaudeBot/1.0; +claudebot@anthropic.com)"
216.73.216.115 - - [17/Dec/2025:00:52:18 +0000] "GET /entity/102036413.htm/ HTTP/1.1" 200 45437 "https://datainsightnow.com/entity/102036413.htm" "Mozilla/5.0 AppleWebKit/537.36 (KHTML, like Gecko; compatible; ClaudeBot/1.0; +claudebot@anthropic.com)"
57.141.0.32 - - [17/Dec/2025:00:52:18 +0000] "GET /karamba-spielsaal-erfahrungen-angeschlossen-testbericht-werfen-sie-einen-blick-auf-den-link-within-2025-pro-teutonia/?fileloc=//sys/class/pci_bus/0000:04/subsystem/0000:11/subsystem/0000:0f/device/driver/0000:00:03.3/max_link_speed&path=//sys/class/pci_bus/0000:04/subsystem/0000:11/subsystem/0000:0f/device/driver/0000:00:03.3 HTTP/1.1" 200 262264 "-" "meta-externalagent/1.1 (+https://developers.facebook.com/docs/sharing/webmasters/crawler)"
114.119.133.46 - - [17/Dec/2025:00:52:21 +0000] "GET /zodiac-kasino-erfahrungen-2024-480-bonus-80-freispiele/?path=//sys/dev/char/5:1/subsystem/tty44/subsystem/ttyS5/subsystem/ptmx/subsystem/ttyS21 HTTP/1.1" 200 45438 "https://datainsightnow.com/zodiac-kasino-erfahrungen-2024-480-bonus-80-freispiele/?path=//sys/dev/char/5%3A1/subsystem/tty44/subsystem/ttyS5/subsystem/ptmx/subsystem" "Mozilla/5.0 (Linux; Android 7.0;) AppleWebKit/537.36 (KHTML, like Gecko) Mobile Safari/537.36 (compatible; PetalBot;+https://webmaster.petalsearch.com/site/petalbot)"
216.73.216.115 - - [17/Dec/2025:00:52:21 +0000] "GET /entity/101997567.htm HTTP/1.1" 301 5 "-" "Mozilla/5.0 AppleWebKit/537.36 (KHTML, like Gecko; compatible; ClaudeBot/1.0; +claudebot@anthropic.com)"
57.141.0.62 - - [17/Dec/2025:00:52:21 +0000] "GET /2025/03/07/page/6/?fileloc=//sys/class/pci_bus/0000:03/subsystem/0000:0b/subsystem/0000:06/subsystem/0000:09/subsystem/0000:0d/device/irq&path=//sys/class/pci_bus/0000:03/subsystem/0000:0b/subsystem/0000:06/subsystem/0000:09/subsystem/0000:0d/device HTTP/1.1" 200 262264 "-" "meta-externalagent/1.1 (+https://developers.facebook.com/docs/sharing/webmasters/crawler)"
216.73.216.115 - - [17/Dec/2025:00:52:21 +0000] "GET /entity/101997567.htm/ HTTP/1.1" 200 45437 "https://datainsightnow.com/entity/101997567.htm" "Mozilla/5.0 AppleWebKit/537.36 (KHTML, like Gecko; compatible; ClaudeBot/1.0; +claudebot@anthropic.com)"
217.113.194.55 - - [17/Dec/2025:00:52:22 +0000] "GET /privacy/?fileloc=/opt/wpsites/datainsightnow.com/wp-includes/blocks/post-date/style-rtl.css&path=/opt/wpsites/datainsightnow.com/wp-includes/blocks/post-date HTTP/1.1" 200 45437 "-" "Mozilla/5.0 (compatible; Barkrowler/0.9; +https://babbar.tech/crawler)"
57.141.0.65 - - [17/Dec/2025:00:52:23 +0000] "GET /2025/03/07/page/6/?fileloc=//sys/class/pci_bus/0000:00/subsystem/0000:04/subsystem/0000:0f/device/driver/0000:00:02.2/subordinate_bus_number&path=//sys/class/pci_bus/0000:00/subsystem/0000:04/subsystem/0000:0f/device/driver/0000:00:02.2 HTTP/1.1" 200 262209 "-" "meta-externalagent/1.1 (+https://developers.facebook.com/docs/sharing/webmasters/crawler)"
216.73.216.115 - - [17/Dec/2025:00:52:23 +0000] "GET /entity/102013882.htm HTTP/1.1" 301 5 "-" "Mozilla/5.0 AppleWebKit/537.36 (KHTML, like Gecko; compatible; ClaudeBot/1.0; +claudebot@anthropic.com)"
216.73.216.115 - - [17/Dec/2025:00:52:24 +0000] "GET /entity/102013882.htm/ HTTP/1.1" 200 45437 "https://datainsightnow.com/entity/102013882.htm" "Mozilla/5.0 AppleWebKit/537.36 (KHTML, like Gecko; compatible; ClaudeBot/1.0; +claudebot@anthropic.com)"
216.73.216.115 - - [17/Dec/2025:00:52:26 +0000] "GET /entity/102034090.htm HTTP/1.1" 301 5 "-" "Mozilla/5.0 AppleWebKit/537.36 (KHTML, like Gecko; compatible; ClaudeBot/1.0; +claudebot@anthropic.com)"
216.73.216.115 - - [17/Dec/2025:00:52:27 +0000] "GET /entity/102034090.htm/ HTTP/1.1" 200 45437 "https://datainsightnow.com/entity/102034090.htm" "Mozilla/5.0 AppleWebKit/537.36 (KHTML, like Gecko; compatible; ClaudeBot/1.0; +claudebot@anthropic.com)"
216.73.216.115 - - [17/Dec/2025:00:52:29 +0000] "GET /entity/102173687.htm HTTP/1.1" 301 5 "-" "Mozilla/5.0 AppleWebKit/537.36 (KHTML, like Gecko; compatible; ClaudeBot/1.0; +claudebot@anthropic.com)"
216.73.216.115 - - [17/Dec/2025:00:52:30 +0000] "GET /entity/102173687.htm/ HTTP/1.1" 200 45437 "https://datainsightnow.com/entity/102173687.htm" "Mozilla/5.0 AppleWebKit/537.36 (KHTML, like Gecko; compatible; ClaudeBot/1.0; +claudebot@anthropic.com)"
57.141.0.65 - - [17/Dec/2025:00:52:32 +0000] "GET /karamba-spielsaal-erfahrungen-angeschlossen-testbericht-werfen-sie-einen-blick-auf-den-link-within-2025-pro-teutonia/?fileloc=//sys/class/pci_bus/0000:06/subsystem/0000:0b/subsystem/0000:03/subsystem/0000:05/subsystem/0000:0f/device/max_link_width&path=//sys/class/pci_bus/0000:06/subsystem/0000:0b/subsystem/0000:03/subsystem/0000:05/subsystem/0000:0f/device HTTP/1.1" 200 262264 "-" "meta-externalagent/1.1 (+https://developers.facebook.com/docs/sharing/webmasters/crawler)"
216.73.216.115 - - [17/Dec/2025:00:52:32 +0000] "GET /entity/102155816.htm HTTP/1.1" 301 5 "-" "Mozilla/5.0 AppleWebKit/537.36 (KHTML, like Gecko; compatible; ClaudeBot/1.0; +claudebot@anthropic.com)"
216.73.216.115 - - [17/Dec/2025:00:52:33 +0000] "GET /entity/102155816.htm/ HTTP/1.1" 200 45437 "https://datainsightnow.com/entity/102155816.htm" "Mozilla/5.0 AppleWebKit/537.36 (KHTML, like Gecko; compatible; ClaudeBot/1.0; +claudebot@anthropic.com)"
47.128.20.227 - - [17/Dec/2025:00:52:35 +0000] "GET /?fileloc=%2F%2Fproc%2F59%2Fsetgroups&path=%2F%2Fproc%2F59 HTTP/1.1" 200 45438 "-" "Mozilla/5.0 (Linux; Android 5.0) AppleWebKit/537.36 (KHTML, like Gecko) Mobile Safari/537.36 (compatible; Bytespider; spider-feedback@bytedance.com)"
216.73.216.115 - - [17/Dec/2025:00:52:36 +0000] "GET /entity/102014667.htm HTTP/1.1" 301 5 "-" "Mozilla/5.0 AppleWebKit/537.36 (KHTML, like Gecko; compatible; ClaudeBot/1.0; +claudebot@anthropic.com)"
57.141.0.59 - - [17/Dec/2025:00:52:36 +0000] "GET /2025/03/07/page/6/?fileloc=//sys/class/pci_bus/0000:05/subsystem/0000:02/device/driver/0000:00:03.6/driver/0000:00:02.5/driver/0000:00:02.4/power/control&path=//sys/class/pci_bus/0000:05/subsystem/0000:02/device/driver/0000:00:03.6/driver/0000:00:02.5/driver/0000:00:02.4/power HTTP/1.1" 200 262264 "-" "meta-externalagent/1.1 (+https://developers.facebook.com/docs/sharing/webmasters/crawler)"
216.73.216.115 - - [17/Dec/2025:00:52:36 +0000] "GET /entity/102014667.htm/ HTTP/1.1" 200 45437 "https://datainsightnow.com/entity/102014667.htm" "Mozilla/5.0 AppleWebKit/537.36 (KHTML, like Gecko; compatible; ClaudeBot/1.0; +claudebot@anthropic.com)"
57.141.0.69 - - [17/Dec/2025:00:52:36 +0000] "GET /2025/03/07/page/6/?path=//sys/class/pci_bus/0000:08/device/driver/0000:00:03.3/driver/0000:00:02.1/driver/0000:00:03.5/pci_bus HTTP/1.1" 200 262209 "-" "meta-externalagent/1.1 (+https://developers.facebook.com/docs/sharing/webmasters/crawler)"
217.113.194.61 - - [17/Dec/2025:00:52:38 +0000] "GET /privacy/?fileloc=/opt/wpsites/datacloudnow.com/wp-includes/css/wp-auth-check-rtl.min.css&path=/opt/wpsites/datacloudnow.com/wp-includes/css HTTP/1.1" 200 45437 "-" "Mozilla/5.0 (compatible; Barkrowler/0.9; +https://babbar.tech/crawler)"
216.73.216.115 - - [17/Dec/2025:00:52:40 +0000] "GET /entity/102092096.htm HTTP/1.1" 301 5 "-" "Mozilla/5.0 AppleWebKit/537.36 (KHTML, like Gecko; compatible; ClaudeBot/1.0; +claudebot@anthropic.com)"
216.73.216.115 - - [17/Dec/2025:00:52:40 +0000] "GET /entity/102092096.htm/ HTTP/1.1" 200 45437 "https://datainsightnow.com/entity/102092096.htm" "Mozilla/5.0 AppleWebKit/537.36 (KHTML, like Gecko; compatible; ClaudeBot/1.0; +claudebot@anthropic.com)"
57.141.0.62 - - [17/Dec/2025:00:52:41 +0000] "GET /2025/03/06/page/39/?fileloc=//sys/class/pci_bus/0000:01/subsystem/0000:01/subsystem/0000:0a/subsystem/0000:0b/cpuaffinity&path=//sys/class/pci_bus/0000:01/subsystem/0000:01/subsystem/0000:0a/subsystem/0000:0b HTTP/1.1" 200 262264 "-" "meta-externalagent/1.1 (+https://developers.facebook.com/docs/sharing/webmasters/crawler)"
216.73.216.115 - - [17/Dec/2025:00:52:43 +0000] "GET /entity/102144167.htm HTTP/1.1" 301 5 "-" "Mozilla/5.0 AppleWebKit/537.36 (KHTML, like Gecko; compatible; ClaudeBot/1.0; +claudebot@anthropic.com)"
216.73.216.115 - - [17/Dec/2025:00:52:43 +0000] "GET /entity/102144167.htm/ HTTP/1.1" 200 45437 "https://datainsightnow.com/entity/102144167.htm" "Mozilla/5.0 AppleWebKit/537.36 (KHTML, like Gecko; compatible; ClaudeBot/1.0; +claudebot@anthropic.com)"
216.73.216.115 - - [17/Dec/2025:00:52:46 +0000] "GET /entity/102056621.htm HTTP/1.1" 301 5 "-" "Mozilla/5.0 AppleWebKit/537.36 (KHTML, like Gecko; compatible; ClaudeBot/1.0; +claudebot@anthropic.com)"
216.73.216.115 - - [17/Dec/2025:00:52:46 +0000] "GET /entity/102056621.htm/ HTTP/1.1" 200 45437 "https://datainsightnow.com/entity/102056621.htm" "Mozilla/5.0 AppleWebKit/537.36 (KHTML, like Gecko; compatible; ClaudeBot/1.0; +claudebot@anthropic.com)"
57.141.0.68 - - [17/Dec/2025:00:52:47 +0000] "GET /2025/03/07/page/6/?fileloc=//sys/class/pci_bus/0000:0a/device/driver/0000:00:03.5/driver/0000:00:02.1/0000:00:02.1:pcie001/subsystem/drivers_autoprobe&path=//sys/class/pci_bus/0000:0a/device/driver/0000:00:03.5/driver/0000:00:02.1/0000:00:02.1:pcie001/subsystem HTTP/1.1" 200 262264 "-" "meta-externalagent/1.1 (+https://developers.facebook.com/docs/sharing/webmasters/crawler)"
216.73.216.115 - - [17/Dec/2025:00:52:49 +0000] "GET /entity/102129402.htm HTTP/1.1" 301 5 "-" "Mozilla/5.0 AppleWebKit/537.36 (KHTML, like Gecko; compatible; ClaudeBot/1.0; +claudebot@anthropic.com)"
57.141.0.33 - - [17/Dec/2025:00:52:49 +0000] "GET /2025/03/07/page/6/?path=//sys/class/pci_bus/0000:0b/subsystem/0000:12/subsystem/0000:02/device/0000:00:02.1:pcie001/driver/0000:00:04.0:pcie001/driver/0000:00:03.5:pcie001/driver/0000:00:03.5:pcie001 HTTP/1.1" 200 262264 "-" "meta-externalagent/1.1 (+https://developers.facebook.com/docs/sharing/webmasters/crawler)"
216.73.216.115 - - [17/Dec/2025:00:52:49 +0000] "GET /entity/102129402.htm/ HTTP/1.1" 200 45437 "https://datainsightnow.com/entity/102129402.htm" "Mozilla/5.0 AppleWebKit/537.36 (KHTML, like Gecko; compatible; ClaudeBot/1.0; +claudebot@anthropic.com)"
66.135.21.75 - - [17/Dec/2025:00:52:50 +0000] "POST /wp-cron.php?doing_wp_cron=1765932770.8875920772552490234375 HTTP/1.1" 200 31 "-" "WordPress/6.3.1; https://datainsightnow.com"
57.141.0.43 - - [17/Dec/2025:00:52:51 +0000] "GET /karamba-spielsaal-erfahrungen-angeschlossen-testbericht-werfen-sie-einen-blick-auf-den-link-within-2025-pro-teutonia/?path=//sys/class/pci_bus/0000:06/subsystem/0000:0b/subsystem/0000:0a/subsystem/0000:05/device/subsystem/drivers/8250_mid HTTP/1.1" 200 262255 "-" "meta-externalagent/1.1 (+https://developers.facebook.com/docs/sharing/webmasters/crawler)"
57.141.0.2 - - [17/Dec/2025:00:52:51 +0000] "GET /2025/03/07/page/6/?fileloc=//sys/class/pci_bus/0000:0f/subsystem/0000:0d/device/driver/0000:00:04.0/driver/0000:00:04.0/current_link_width&path=//sys/class/pci_bus/0000:0f/subsystem/0000:0d/device/driver/0000:00:04.0/driver/0000:00:04.0 HTTP/1.1" 200 262209 "-" "meta-externalagent/1.1 (+https://developers.facebook.com/docs/sharing/webmasters/crawler)"
216.73.216.115 - - [17/Dec/2025:00:52:52 +0000] "GET /entity/101985135.htm HTTP/1.1" 301 5 "-" "Mozilla/5.0 AppleWebKit/537.36 (KHTML, like Gecko; compatible; ClaudeBot/1.0; +claudebot@anthropic.com)"
216.73.216.115 - - [17/Dec/2025:00:52:52 +0000] "GET /entity/101985135.htm/ HTTP/1.1" 200 45437 "https://datainsightnow.com/entity/101985135.htm" "Mozilla/5.0 AppleWebKit/537.36 (KHTML, like Gecko; compatible; ClaudeBot/1.0; +claudebot@anthropic.com)"
57.141.0.35 - - [17/Dec/2025:00:52:53 +0000] "GET /2025/03/07/page/6/?path=//sys/class/pci_bus/0000:0c/subsystem/0000:0e/device/0000:00:03.4:pcie002/driver/0000:00:03.0:pcie002 HTTP/1.1" 200 262264 "-" "meta-externalagent/1.1 (+https://developers.facebook.com/docs/sharing/webmasters/crawler)"
216.73.216.115 - - [17/Dec/2025:00:52:55 +0000] "GET /entity/102173428.htm HTTP/1.1" 301 5 "-" "Mozilla/5.0 AppleWebKit/537.36 (KHTML, like Gecko; compatible; ClaudeBot/1.0; +claudebot@anthropic.com)"
216.73.216.115 - - [17/Dec/2025:00:52:55 +0000] "GET /entity/102173428.htm/ HTTP/1.1" 200 45437 "https://datainsightnow.com/entity/102173428.htm" "Mozilla/5.0 AppleWebKit/537.36 (KHTML, like Gecko; compatible; ClaudeBot/1.0; +claudebot@anthropic.com)"
217.113.194.61 - - [17/Dec/2025:00:52:56 +0000] "GET /privacy/?fileloc=/opt/wpsites/datacloudnow.com/wp-includes/customize/class-wp-customize-filter-setting.php&path=/opt/wpsites/datacloudnow.com/wp-includes/customize HTTP/1.1" 200 45437 "-" "Mozilla/5.0 (compatible; Barkrowler/0.9; +https://babbar.tech/crawler)"
216.73.216.115 - - [17/Dec/2025:00:52:58 +0000] "GET /entity/102053250.htm HTTP/1.1" 301 5 "-" "Mozilla/5.0 AppleWebKit/537.36 (KHTML, like Gecko; compatible; ClaudeBot/1.0; +claudebot@anthropic.com)"
216.73.216.115 - - [17/Dec/2025:00:52:58 +0000] "GET /entity/102053250.htm/ HTTP/1.1" 200 45437 "https://datainsightnow.com/entity/102053250.htm" "Mozilla/5.0 AppleWebKit/537.36 (KHTML, like Gecko; compatible; ClaudeBot/1.0; +claudebot@anthropic.com)"
57.141.0.48 - - [17/Dec/2025:00:53:00 +0000] "GET /2025/03/07/page/6/?fileloc=//sys/class/pci_bus/0000:0d/subsystem/0000:01/device/driver/0000:00:04.1/driver/0000:00:04.0/config&path=//sys/class/pci_bus/0000:0d/subsystem/0000:01/device/driver/0000:00:04.1/driver/0000:00:04.0 HTTP/1.1" 200 262215 "-" "meta-externalagent/1.1 (+https://developers.facebook.com/docs/sharing/webmasters/crawler)"
216.73.216.115 - - [17/Dec/2025:00:53:01 +0000] "GET /entity/102105050.htm HTTP/1.1" 301 5 "-" "Mozilla/5.0 AppleWebKit/537.36 (KHTML, like Gecko; compatible; ClaudeBot/1.0; +claudebot@anthropic.com)"
216.73.216.115 - - [17/Dec/2025:00:53:01 +0000] "GET /entity/102105050.htm/ HTTP/1.1" 200 45437 "https://datainsightnow.com/entity/102105050.htm" "Mozilla/5.0 AppleWebKit/537.36 (KHTML, like Gecko; compatible; ClaudeBot/1.0; +claudebot@anthropic.com)"
216.73.216.115 - - [17/Dec/2025:00:53:04 +0000] "GET /entity/101988506.htm HTTP/1.1" 301 5 "-" "Mozilla/5.0 AppleWebKit/537.36 (KHTML, like Gecko; compatible; ClaudeBot/1.0; +claudebot@anthropic.com)"
216.73.216.115 - - [17/Dec/2025:00:53:04 +0000] "GET /entity/101988506.htm/ HTTP/1.1" 200 45437 "https://datainsightnow.com/entity/101988506.htm" "Mozilla/5.0 AppleWebKit/537.36 (KHTML, like Gecko; compatible; ClaudeBot/1.0; +claudebot@anthropic.com)"
57.141.0.38 - - [17/Dec/2025:00:53:05 +0000] "GET /karamba-spielsaal-erfahrungen-angeschlossen-testbericht-werfen-sie-einen-blick-auf-den-link-within-2025-pro-teutonia/?fileloc=//sys/class/pci_bus/0000:03/subsystem/0000:0d/subsystem/0000:10/subsystem/0000:09/cpulistaffinity&path=//sys/class/pci_bus/0000:03/subsystem/0000:0d/subsystem/0000:10/subsystem/0000:09 HTTP/1.1" 200 262264 "-" "meta-externalagent/1.1 (+https://developers.facebook.com/docs/sharing/webmasters/crawler)"
57.141.0.2 - - [17/Dec/2025:00:53:05 +0000] "GET /2025/03/07/page/6/?fileloc=//sys/class/pci_bus/0000:01/device/firmware_node/subsystem/devices/PNP0A08:00/physical_node/0000:00:03.4/aer_dev_fatal&path=//sys/class/pci_bus/0000:01/device/firmware_node/subsystem/devices/PNP0A08:00/physical_node/0000:00:03.4 HTTP/1.1" 200 262264 "-" "meta-externalagent/1.1 (+https://developers.facebook.com/docs/sharing/webmasters/crawler)"
57.141.0.11 - - [17/Dec/2025:00:53:06 +0000] "GET /karamba-spielsaal-erfahrungen-angeschlossen-testbericht-werfen-sie-einen-blick-auf-den-link-within-2025-pro-teutonia/?path=//sys/class/pci_bus/0000:13/subsystem/0000:00/subsystem/0000:05/subsystem/0000:0d/subsystem/0000:04 HTTP/1.1" 200 262264 "-" "meta-externalagent/1.1 (+https://developers.facebook.com/docs/sharing/webmasters/crawler)"
216.73.216.115 - - [17/Dec/2025:00:53:07 +0000] "GET /entity/102036676.htm HTTP/1.1" 301 5 "-" "Mozilla/5.0 AppleWebKit/537.36 (KHTML, like Gecko; compatible; ClaudeBot/1.0; +claudebot@anthropic.com)"
216.73.216.115 - - [17/Dec/2025:00:53:07 +0000] "GET /entity/102036676.htm/ HTTP/1.1" 200 45437 "https://datainsightnow.com/entity/102036676.htm" "Mozilla/5.0 AppleWebKit/537.36 (KHTML, like Gecko; compatible; ClaudeBot/1.0; +claudebot@anthropic.com)"
57.141.0.12 - - [17/Dec/2025:00:53:08 +0000] "GET /karamba-spielsaal-erfahrungen-angeschlossen-testbericht-werfen-sie-einen-blick-auf-den-link-within-2025-pro-teutonia/?fileloc=//sys/class/pci_bus/0000:06/subsystem/0000:0b/subsystem/0000:02/device/0000:00:02.1:pcie010/subsystem/devices/0000:00:02.4:pcie001/driver/uevent&path=//sys/class/pci_bus/0000:06/subsystem/0000:0b/subsystem/0000:02/device/0000:00:02.1:pcie010/subsystem/devices/0000:00:02.4:pcie001/driver HTTP/1.1" 200 262264 "-" "meta-externalagent/1.1 (+https://developers.facebook.com/docs/sharing/webmasters/crawler)"
216.73.216.115 - - [17/Dec/2025:00:53:10 +0000] "GET /entity/102109196.htm HTTP/1.1" 301 5 "-" "Mozilla/5.0 AppleWebKit/537.36 (KHTML, like Gecko; compatible; ClaudeBot/1.0; +claudebot@anthropic.com)"
57.141.0.20 - - [17/Dec/2025:00:53:10 +0000] "GET /2025/03/07/page/6/?fileloc=//sys/class/pci_bus/0000:00/subsystem/0000:0d/subsystem/0000:0a/device/power/wakeup_expire_count&path=//sys/class/pci_bus/0000:00/subsystem/0000:0d/subsystem/0000:0a/device/power HTTP/1.1" 200 262216 "-" "meta-externalagent/1.1 (+https://developers.facebook.com/docs/sharing/webmasters/crawler)"
216.73.216.115 - - [17/Dec/2025:00:53:10 +0000] "GET /entity/102109196.htm/ HTTP/1.1" 200 45437 "https://datainsightnow.com/entity/102109196.htm" "Mozilla/5.0 AppleWebKit/537.36 (KHTML, like Gecko; compatible; ClaudeBot/1.0; +claudebot@anthropic.com)"
217.113.194.55 - - [17/Dec/2025:00:53:12 +0000] "GET /privacy/?fileloc=/opt/wpsites/datacloudnow.com/wp-includes/ID3/module.audio-video.riff.php&path=/opt/wpsites/datacloudnow.com/wp-includes/ID3 HTTP/1.1" 200 45437 "-" "Mozilla/5.0 (compatible; Barkrowler/0.9; +https://babbar.tech/crawler)"
216.73.216.115 - - [17/Dec/2025:00:53:13 +0000] "GET /entity/102118779.htm HTTP/1.1" 301 5 "-" "Mozilla/5.0 AppleWebKit/537.36 (KHTML, like Gecko; compatible; ClaudeBot/1.0; +claudebot@anthropic.com)"
216.73.216.115 - - [17/Dec/2025:00:53:13 +0000] "GET /entity/102118779.htm/ HTTP/1.1" 200 45437 "https://datainsightnow.com/entity/102118779.htm" "Mozilla/5.0 AppleWebKit/537.36 (KHTML, like Gecko; compatible; ClaudeBot/1.0; +claudebot@anthropic.com)"
216.73.216.115 - - [17/Dec/2025:00:53:16 +0000] "GET /entity/102022431.htm HTTP/1.1" 301 5 "-" "Mozilla/5.0 AppleWebKit/537.36 (KHTML, like Gecko; compatible; ClaudeBot/1.0; +claudebot@anthropic.com)"
216.73.216.115 - - [17/Dec/2025:00:53:16 +0000] "GET /entity/102022431.htm/ HTTP/1.1" 200 45437 "https://datainsightnow.com/entity/102022431.htm" "Mozilla/5.0 AppleWebKit/537.36 (KHTML, like Gecko; compatible; ClaudeBot/1.0; +claudebot@anthropic.com)"
57.141.0.26 - - [17/Dec/2025:00:53:17 +0000] "GET /2025/03/07/page/6/?fileloc=//sys/class/pci_bus/0000:0b/subsystem/0000:00/device/0000:00:04.0/firmware_node/physical_node/subsystem/devices/0000:00:03.0/current_link_speed&path=//sys/class/pci_bus/0000:0b/subsystem/0000:00/device/0000:00:04.0/firmware_node/physical_node/subsystem/devices/0000:00:03.0 HTTP/1.1" 200 262215 "-" "meta-externalagent/1.1 (+https://developers.facebook.com/docs/sharing/webmasters/crawler)"
216.73.216.115 - - [17/Dec/2025:00:53:19 +0000] "GET /entity/102124736.htm HTTP/1.1" 301 5 "-" "Mozilla/5.0 AppleWebKit/537.36 (KHTML, like Gecko; compatible; ClaudeBot/1.0; +claudebot@anthropic.com)"
216.73.216.115 - - [17/Dec/2025:00:53:19 +0000] "GET /entity/102124736.htm/ HTTP/1.1" 200 45437 "https://datainsightnow.com/entity/102124736.htm" "Mozilla/5.0 AppleWebKit/537.36 (KHTML, like Gecko; compatible; ClaudeBot/1.0; +claudebot@anthropic.com)"
216.73.216.115 - - [17/Dec/2025:00:53:22 +0000] "GET /entity/102153744.htm HTTP/1.1" 301 5 "-" "Mozilla/5.0 AppleWebKit/537.36 (KHTML, like Gecko; compatible; ClaudeBot/1.0; +claudebot@anthropic.com)"
216.73.216.115 - - [17/Dec/2025:00:53:22 +0000] "GET /entity/102153744.htm/ HTTP/1.1" 200 45437 "https://datainsightnow.com/entity/102153744.htm" "Mozilla/5.0 AppleWebKit/537.36 (KHTML, like Gecko; compatible; ClaudeBot/1.0; +claudebot@anthropic.com)"
57.141.0.32 - - [17/Dec/2025:00:53:23 +0000] "GET /2025/03/06/page/39/?fileloc=//sys/class/pci_bus/0000:06/subsystem/0000:10/subsystem/0000:00/subsystem/0000:0c/device/0000:00:03.2:pcie010/uevent&path=//sys/class/pci_bus/0000:06/subsystem/0000:10/subsystem/0000:00/subsystem/0000:0c/device/0000:00:03.2:pcie010 HTTP/1.1" 200 262264 "-" "meta-externalagent/1.1 (+https://developers.facebook.com/docs/sharing/webmasters/crawler)"
57.141.0.5 - - [17/Dec/2025:00:53:24 +0000] "GET /2025/03/07/page/6/?fileloc=//sys/class/pci_bus/0000:0b/subsystem/0000:12/subsystem/0000:0d/subsystem/0000:12/device/ari_enabled&path=//sys/class/pci_bus/0000:0b/subsystem/0000:12/subsystem/0000:0d/subsystem/0000:12/device HTTP/1.1" 200 262248 "-" "meta-externalagent/1.1 (+https://developers.facebook.com/docs/sharing/webmasters/crawler)"
216.73.216.115 - - [17/Dec/2025:00:53:25 +0000] "GET /entity/102100655.htm HTTP/1.1" 301 5 "-" "Mozilla/5.0 AppleWebKit/537.36 (KHTML, like Gecko; compatible; ClaudeBot/1.0; +claudebot@anthropic.com)"
207.46.13.141 - - [17/Dec/2025:00:53:25 +0000] "GET /enc_avif?fileloc=//lib/firmware/mellanox/mlxsw_spectrum-13.1420.122.mfa2.zst&path=//lib/firmware/mellanox HTTP/1.1" 200 30409 "-" "Mozilla/5.0 AppleWebKit/537.36 (KHTML, like Gecko; compatible; bingbot/2.0; +http://www.bing.com/bingbot.htm) Chrome/116.0.1938.76 Safari/537.36"
57.141.0.56 - - [17/Dec/2025:00:53:25 +0000] "GET /2025/03/07/page/6/?fileloc=//sys/class/pci_bus/0000:05/subsystem/0000:04/subsystem/0000:07/subsystem/0000:02/subsystem/0000:0f/device/current_link_speed&path=//sys/class/pci_bus/0000:05/subsystem/0000:04/subsystem/0000:07/subsystem/0000:02/subsystem/0000:0f/device HTTP/1.1" 200 262216 "-" "meta-externalagent/1.1 (+https://developers.facebook.com/docs/sharing/webmasters/crawler)"
216.73.216.115 - - [17/Dec/2025:00:53:25 +0000] "GET /entity/102100655.htm/ HTTP/1.1" 200 45437 "https://datainsightnow.com/entity/102100655.htm" "Mozilla/5.0 AppleWebKit/537.36 (KHTML, like Gecko; compatible; ClaudeBot/1.0; +claudebot@anthropic.com)"
216.73.216.115 - - [17/Dec/2025:00:53:28 +0000] "GET /entity/102128103.htm HTTP/1.1" 301 5 "-" "Mozilla/5.0 AppleWebKit/537.36 (KHTML, like Gecko; compatible; ClaudeBot/1.0; +claudebot@anthropic.com)"
217.113.194.55 - - [17/Dec/2025:00:53:28 +0000] "GET /privacy/?fileloc=//sys/bus/pci/devices/0000:00:02.6/subordinate_bus_number&path=//sys/bus/pci/devices/0000:00:02.6 HTTP/1.1" 200 45437 "-" "Mozilla/5.0 (compatible; Barkrowler/0.9; +https://babbar.tech/crawler)"
57.141.0.53 - - [17/Dec/2025:00:53:28 +0000] "GET /moneysense-self-help-guide-to-the-ideal-profile/?fileloc=//sys/class/pci_bus/0000:02/subsystem/0000:05/device/subsystem/slots/14/power&path=//sys/class/pci_bus/0000:02/subsystem/0000:05/device/subsystem/slots/14 HTTP/1.1" 200 262209 "-" "meta-externalagent/1.1 (+https://developers.facebook.com/docs/sharing/webmasters/crawler)"
216.73.216.115 - - [17/Dec/2025:00:53:29 +0000] "GET /entity/102128103.htm/ HTTP/1.1" 200 45437 "https://datainsightnow.com/entity/102128103.htm" "Mozilla/5.0 AppleWebKit/537.36 (KHTML, like Gecko; compatible; ClaudeBot/1.0; +claudebot@anthropic.com)"
57.141.0.65 - - [17/Dec/2025:00:53:30 +0000] "GET /2025/03/13/?path=//sys/class/pci_bus/0000:05/device/driver/0000:00:03.4/driver/0000:00:02.7/subsystem/devices/0000:00:02.4 HTTP/1.1" 200 262264 "-" "meta-externalagent/1.1 (+https://developers.facebook.com/docs/sharing/webmasters/crawler)"
216.73.216.115 - - [17/Dec/2025:00:53:31 +0000] "GET /entity/101993686.htm HTTP/1.1" 301 5 "-" "Mozilla/5.0 AppleWebKit/537.36 (KHTML, like Gecko; compatible; ClaudeBot/1.0; +claudebot@anthropic.com)"
216.73.216.115 - - [17/Dec/2025:00:53:31 +0000] "GET /entity/101993686.htm/ HTTP/1.1" 200 45437 "https://datainsightnow.com/entity/101993686.htm" "Mozilla/5.0 AppleWebKit/537.36 (KHTML, like Gecko; compatible; ClaudeBot/1.0; +claudebot@anthropic.com)"
216.73.216.115 - - [17/Dec/2025:00:53:34 +0000] "GET /entity/102131986.htm HTTP/1.1" 301 5 "-" "Mozilla/5.0 AppleWebKit/537.36 (KHTML, like Gecko; compatible; ClaudeBot/1.0; +claudebot@anthropic.com)"
216.73.216.115 - - [17/Dec/2025:00:53:34 +0000] "GET /entity/102131986.htm/ HTTP/1.1" 200 45437 "https://datainsightnow.com/entity/102131986.htm" "Mozilla/5.0 AppleWebKit/537.36 (KHTML, like Gecko; compatible; ClaudeBot/1.0; +claudebot@anthropic.com)"
57.141.0.8 - - [17/Dec/2025:00:53:35 +0000] "GET /2025/03/07/page/6/?fileloc=//sys/class/pci_bus/0000:02/subsystem/0000:0d/subsystem/0000:06/device/driver/0000:00:04.1/modalias&path=//sys/class/pci_bus/0000:02/subsystem/0000:0d/subsystem/0000:06/device/driver/0000:00:04.1 HTTP/1.1" 200 262264 "-" "meta-externalagent/1.1 (+https://developers.facebook.com/docs/sharing/webmasters/crawler)"
57.141.0.2 - - [17/Dec/2025:00:53:35 +0000] "GET /2025/03/07/page/6/?path=//sys/class/pci_bus/0000:05/subsystem/0000:05/subsystem/0000:05/device/driver/0000:00:02.1/driver/0000:00:02.5/0000:00:02.5:pcie001/subsystem/drivers HTTP/1.1" 200 262209 "-" "meta-externalagent/1.1 (+https://developers.facebook.com/docs/sharing/webmasters/crawler)"
57.141.0.15 - - [17/Dec/2025:00:53:36 +0000] "GET /karamba-spielsaal-erfahrungen-angeschlossen-testbericht-werfen-sie-einen-blick-auf-den-link-within-2025-pro-teutonia/?fileloc=//sys/class/pci_bus/0000:06/subsystem/0000:06/subsystem/0000:0b/subsystem/0000:06/device/driver/0000:00:02.1/driver/0000:00:02.5/consistent_dma_mask_bits&path=//sys/class/pci_bus/0000:06/subsystem/0000:06/subsystem/0000:0b/subsystem/0000:06/device/driver/0000:00:02.1/driver/0000:00:02.5 HTTP/1.1" 200 262264 "-" "meta-externalagent/1.1 (+https://developers.facebook.com/docs/sharing/webmasters/crawler)"
216.73.216.115 - - [17/Dec/2025:00:53:37 +0000] "GET /entity/102026575.htm HTTP/1.1" 301 5 "-" "Mozilla/5.0 AppleWebKit/537.36 (KHTML, like Gecko; compatible; ClaudeBot/1.0; +claudebot@anthropic.com)"
216.73.216.115 - - [17/Dec/2025:00:53:37 +0000] "GET /entity/102026575.htm/ HTTP/1.1" 200 45437 "https://datainsightnow.com/entity/102026575.htm" "Mozilla/5.0 AppleWebKit/537.36 (KHTML, like Gecko; compatible; ClaudeBot/1.0; +claudebot@anthropic.com)"
57.141.0.40 - - [17/Dec/2025:00:53:40 +0000] "GET /2025/03/07/page/6/?fileloc=//sys/class/pci_bus/0000:05/subsystem/0000:01/subsystem/0000:0d/subsystem/0000:02/subsystem/0000:06/device/driver/0000:00:03.1/power/wakeup_abort_count&path=//sys/class/pci_bus/0000:05/subsystem/0000:01/subsystem/0000:0d/subsystem/0000:02/subsystem/0000:06/device/driver/0000:00:03.1/power HTTP/1.1" 200 262264 "-" "meta-externalagent/1.1 (+https://developers.facebook.com/docs/sharing/webmasters/crawler)"
216.73.216.115 - - [17/Dec/2025:00:53:40 +0000] "GET /entity/102149861.htm HTTP/1.1" 301 5 "-" "Mozilla/5.0 AppleWebKit/537.36 (KHTML, like Gecko; compatible; ClaudeBot/1.0; +claudebot@anthropic.com)"
216.73.216.115 - - [17/Dec/2025:00:53:41 +0000] "GET /entity/102149861.htm/ HTTP/1.1" 200 45437 "https://datainsightnow.com/entity/102149861.htm" "Mozilla/5.0 AppleWebKit/537.36 (KHTML, like Gecko; compatible; ClaudeBot/1.0; +claudebot@anthropic.com)"
114.119.137.141 - - [17/Dec/2025:00:53:41 +0000] "GET /zodiac-kasino-erfahrungen-2024-480-bonus-80-freispiele/?path=//sys/dev/char/5:1/subsystem/tty44/subsystem/ttyS5/subsystem/ptmx/subsystem/tty9 HTTP/1.1" 200 45438 "https://datainsightnow.com/zodiac-kasino-erfahrungen-2024-480-bonus-80-freispiele/?path=//sys/dev/char/5%3A1/subsystem/tty44/subsystem/ttyS5/subsystem/ptmx/subsystem" "Mozilla/5.0 (Linux; Android 7.0;) AppleWebKit/537.36 (KHTML, like Gecko) Mobile Safari/537.36 (compatible; PetalBot;+https://webmaster.petalsearch.com/site/petalbot)"
23.81.82.127 - - [17/Dec/2025:00:53:43 +0000] "GET /?p=24825 HTTP/1.1" 200 43793 "http://datainsightnow.com/?p=24825" "Mozilla/5.0 (Macintosh; Intel Mac OS X 12_5) AppleWebKit/537.36 (KHTML, like Gecko) Chrome/114.0.0.0 YaBrowser/22.7.0 Yowser/2.5 Safari/537.36"
216.73.216.115 - - [17/Dec/2025:00:53:43 +0000] "GET /entity/102088474.htm HTTP/1.1" 301 5 "-" "Mozilla/5.0 AppleWebKit/537.36 (KHTML, like Gecko; compatible; ClaudeBot/1.0; +claudebot@anthropic.com)"
57.141.0.74 - - [17/Dec/2025:00:53:44 +0000] "GET /2025/03/07/page/6/?fileloc=//sys/class/pci_bus/0000:00/device/0000:00:03.1/driver/0000:00:04.1/driver/0000:00:03.7/ari_enabled&path=//sys/class/pci_bus/0000:00/device/0000:00:03.1/driver/0000:00:04.1/driver/0000:00:03.7 HTTP/1.1" 200 262248 "-" "meta-externalagent/1.1 (+https://developers.facebook.com/docs/sharing/webmasters/crawler)"
216.73.216.115 - - [17/Dec/2025:00:53:44 +0000] "GET /entity/102088474.htm/ HTTP/1.1" 200 45437 "https://datainsightnow.com/entity/102088474.htm" "Mozilla/5.0 AppleWebKit/537.36 (KHTML, like Gecko; compatible; ClaudeBot/1.0; +claudebot@anthropic.com)"
57.141.0.56 - - [17/Dec/2025:00:53:44 +0000] "GET /2025/03/07/page/6/?path=//sys/class/pci_bus/0000:09/device/0000:00:02.7:pcie002/driver/0000:00:03.6:pcie002/driver/0000:00:02.1:pcie002/driver HTTP/1.1" 200 262209 "-" "meta-externalagent/1.1 (+https://developers.facebook.com/docs/sharing/webmasters/crawler)"
57.141.0.1 - - [17/Dec/2025:00:53:45 +0000] "GET /2025/03/07/page/6/?fileloc=//sys/class/pci_bus/0000:0b/subsystem/0000:0f/subsystem/0000:10/subsystem/0000:00/device/0000:00:02.7/power/wakeup_total_time_ms&path=//sys/class/pci_bus/0000:0b/subsystem/0000:0f/subsystem/0000:10/subsystem/0000:00/device/0000:00:02.7/power HTTP/1.1" 200 262264 "-" "meta-externalagent/1.1 (+https://developers.facebook.com/docs/sharing/webmasters/crawler)"
154.54.249.198 - - [17/Dec/2025:00:53:46 +0000] "GET /privacy/?fileloc=//usr/lib/x86_64-linux-gnu/libgstcontroller-1.0.so.0.2402.0&path=//usr/lib/x86_64-linux-gnu HTTP/1.1" 200 45437 "-" "Mozilla/5.0 (compatible; Barkrowler/0.9; +https://babbar.tech/crawler)"
216.73.216.115 - - [17/Dec/2025:00:53:48 +0000] "GET /entity/102175498.htm HTTP/1.1" 301 5 "-" "Mozilla/5.0 AppleWebKit/537.36 (KHTML, like Gecko; compatible; ClaudeBot/1.0; +claudebot@anthropic.com)"
216.73.216.115 - - [17/Dec/2025:00:53:48 +0000] "GET /entity/102175498.htm/ HTTP/1.1" 200 45437 "https://datainsightnow.com/entity/102175498.htm" "Mozilla/5.0 AppleWebKit/537.36 (KHTML, like Gecko; compatible; ClaudeBot/1.0; +claudebot@anthropic.com)"
57.141.0.60 - - [17/Dec/2025:00:53:50 +0000] "GET /2025/03/07/page/6/?fileloc=//sys/class/pci_bus/0000:0b/subsystem/0000:05/subsystem/0000:0e/device/driver/0000:00:02.2/max_link_speed&path=//sys/class/pci_bus/0000:0b/subsystem/0000:05/subsystem/0000:0e/device/driver/0000:00:02.2 HTTP/1.1" 200 262264 "-" "meta-externalagent/1.1 (+https://developers.facebook.com/docs/sharing/webmasters/crawler)"
66.135.21.75 - - [17/Dec/2025:00:53:50 +0000] "POST /wp-cron.php?doing_wp_cron=1765932830.5093710422515869140625 HTTP/1.1" 200 31 "-" "WordPress/6.3.1; https://datainsightnow.com"
216.73.216.115 - - [17/Dec/2025:00:53:50 +0000] "GET /entity/102030982.htm HTTP/1.1" 301 5 "-" "Mozilla/5.0 AppleWebKit/537.36 (KHTML, like Gecko; compatible; ClaudeBot/1.0; +claudebot@anthropic.com)"
216.73.216.115 - - [17/Dec/2025:00:53:51 +0000] "GET /entity/102030982.htm/ HTTP/1.1" 200 45437 "https://datainsightnow.com/entity/102030982.htm" "Mozilla/5.0 AppleWebKit/537.36 (KHTML, like Gecko; compatible; ClaudeBot/1.0; +claudebot@anthropic.com)"
216.73.216.115 - - [17/Dec/2025:00:53:53 +0000] "GET /entity/102009216.htm HTTP/1.1" 301 5 "-" "Mozilla/5.0 AppleWebKit/537.36 (KHTML, like Gecko; compatible; ClaudeBot/1.0; +claudebot@anthropic.com)"
216.73.216.115 - - [17/Dec/2025:00:53:53 +0000] "GET /entity/102009216.htm/ HTTP/1.1" 200 45437 "https://datainsightnow.com/entity/102009216.htm" "Mozilla/5.0 AppleWebKit/537.36 (KHTML, like Gecko; compatible; ClaudeBot/1.0; +claudebot@anthropic.com)"
57.141.0.65 - - [17/Dec/2025:00:53:54 +0000] "GET /karamba-spielsaal-erfahrungen-angeschlossen-testbericht-werfen-sie-einen-blick-auf-den-link-within-2025-pro-teutonia/?fileloc=//sys/class/pci_bus/0000:03/subsystem/0000:09/subsystem/0000:01/subsystem/0000:12/device/driver/0000:00:02.2/0000:04:00.0/enable&path=//sys/class/pci_bus/0000:03/subsystem/0000:09/subsystem/0000:01/subsystem/0000:12/device/driver/0000:00:02.2/0000:04:00.0 HTTP/1.1" 200 262264 "-" "meta-externalagent/1.1 (+https://developers.facebook.com/docs/sharing/webmasters/crawler)"
216.73.216.115 - - [17/Dec/2025:00:53:56 +0000] "GET /entity/102130950.htm HTTP/1.1" 301 5 "-" "Mozilla/5.0 AppleWebKit/537.36 (KHTML, like Gecko; compatible; ClaudeBot/1.0; +claudebot@anthropic.com)"
216.73.216.115 - - [17/Dec/2025:00:53:56 +0000] "GET /entity/102130950.htm/ HTTP/1.1" 200 45437 "https://datainsightnow.com/entity/102130950.htm" "Mozilla/5.0 AppleWebKit/537.36 (KHTML, like Gecko; compatible; ClaudeBot/1.0; +claudebot@anthropic.com)"
57.141.0.74 - - [17/Dec/2025:00:53:58 +0000] "GET /2025/03/07/page/6/?path=//sys/class/pci_bus/0000:05/device/driver/0000:00:03.5/pci_bus/0000:0f/subsystem/0000:12/power HTTP/1.1" 200 262209 "-" "meta-externalagent/1.1 (+https://developers.facebook.com/docs/sharing/webmasters/crawler)"
216.73.216.115 - - [17/Dec/2025:00:53:59 +0000] "GET /entity/102185336.htm HTTP/1.1" 301 5 "-" "Mozilla/5.0 AppleWebKit/537.36 (KHTML, like Gecko; compatible; ClaudeBot/1.0; +claudebot@anthropic.com)"
216.73.216.115 - - [17/Dec/2025:00:53:59 +0000] "GET /entity/102185336.htm/ HTTP/1.1" 200 45437 "https://datainsightnow.com/entity/102185336.htm" "Mozilla/5.0 AppleWebKit/537.36 (KHTML, like Gecko; compatible; ClaudeBot/1.0; +claudebot@anthropic.com)"
57.141.0.54 - - [17/Dec/2025:00:54:01 +0000] "GET /2025/03/07/page/6/?fileloc=//sys/class/pci_bus/0000:05/subsystem/0000:04/subsystem/0000:11/device/driver/0000:00:03.5/firmware_node/physical_node/max_link_speed&path=//sys/class/pci_bus/0000:05/subsystem/0000:04/subsystem/0000:11/device/driver/0000:00:03.5/firmware_node/physical_node HTTP/1.1" 200 262264 "-" "meta-externalagent/1.1 (+https://developers.facebook.com/docs/sharing/webmasters/crawler)"
66.135.21.75 - - [17/Dec/2025:00:54:02 +0000] "POST /wp-cron.php?doing_wp_cron=1765932842.4075520038604736328125 HTTP/1.1" 200 31 "-" "WordPress/6.3.1; https://datainsightnow.com"
216.73.216.115 - - [17/Dec/2025:00:54:02 +0000] "GET /entity/102051692.htm HTTP/1.1" 301 5 "-" "Mozilla/5.0 AppleWebKit/537.36 (KHTML, like Gecko; compatible; ClaudeBot/1.0; +claudebot@anthropic.com)"
217.113.194.54 - - [17/Dec/2025:00:54:03 +0000] "GET /privacy/?fileloc=//usr/lib/firmware/cirrus/cs35l41-dsp1-spk-cali-103c8974.bin.zst&path=//usr/lib/firmware/cirrus HTTP/1.1" 200 45437 "-" "Mozilla/5.0 (compatible; Barkrowler/0.9; +https://babbar.tech/crawler)"
216.73.216.115 - - [17/Dec/2025:00:54:03 +0000] "GET /entity/102051692.htm/ HTTP/1.1" 200 45437 "https://datainsightnow.com/entity/102051692.htm" "Mozilla/5.0 AppleWebKit/537.36 (KHTML, like Gecko; compatible; ClaudeBot/1.0; +claudebot@anthropic.com)"
57.141.0.73 - - [17/Dec/2025:00:54:04 +0000] "GET /2025/03/06/page/39/?fileloc=//sys/class/pci_bus/0000:0c/subsystem/0000:11/subsystem/0000:00/device/firmware_node/PNP0A06:02/uid&path=//sys/class/pci_bus/0000:0c/subsystem/0000:11/subsystem/0000:00/device/firmware_node/PNP0A06:02 HTTP/1.1" 200 262248 "-" "meta-externalagent/1.1 (+https://developers.facebook.com/docs/sharing/webmasters/crawler)"
216.73.216.115 - - [17/Dec/2025:00:54:05 +0000] "GET /entity/102120851.htm HTTP/1.1" 301 5 "-" "Mozilla/5.0 AppleWebKit/537.36 (KHTML, like Gecko; compatible; ClaudeBot/1.0; +claudebot@anthropic.com)"
57.141.0.53 - - [17/Dec/2025:00:54:05 +0000] "GET /karamba-spielsaal-erfahrungen-angeschlossen-testbericht-werfen-sie-einen-blick-auf-den-link-within-2025-pro-teutonia/?path=//sys/class/pci_bus/0000:07/subsystem/0000:0a/subsystem/0000:0b/subsystem/0000:02/subsystem/0000:0d/device/driver/0000:00:02.2 HTTP/1.1" 200 262209 "-" "meta-externalagent/1.1 (+https://developers.facebook.com/docs/sharing/webmasters/crawler)"
216.73.216.115 - - [17/Dec/2025:00:54:06 +0000] "GET /entity/102120851.htm/ HTTP/1.1" 200 45437 "https://datainsightnow.com/entity/102120851.htm" "Mozilla/5.0 AppleWebKit/537.36 (KHTML, like Gecko; compatible; ClaudeBot/1.0; +claudebot@anthropic.com)"
57.141.0.40 - - [17/Dec/2025:00:54:08 +0000] "GET /2025/03/07/page/6/?fileloc=//sys/class/pci_bus/0000:06/subsystem/0000:04/device/driver/0000:00:02.4/driver/0000:00:03.3/driver/0000:00:03.3/modalias&path=//sys/class/pci_bus/0000:06/subsystem/0000:04/device/driver/0000:00:02.4/driver/0000:00:03.3/driver/0000:00:03.3 HTTP/1.1" 200 262264 "-" "meta-externalagent/1.1 (+https://developers.facebook.com/docs/sharing/webmasters/crawler)"
216.73.216.115 - - [17/Dec/2025:00:54:08 +0000] "GET /entity/102128880.htm HTTP/1.1" 301 5 "-" "Mozilla/5.0 AppleWebKit/537.36 (KHTML, like Gecko; compatible; ClaudeBot/1.0; +claudebot@anthropic.com)"
