57.141.0.56 - - [17/Dec/2025:01:20:40 +0000] "GET /karamba-spielsaal-erfahrungen-angeschlossen-testbericht-werfen-sie-einen-blick-auf-den-link-within-2025-pro-teutonia/?fileloc=//sys/class/pci_bus/0000:06/subsystem/0000:01/subsystem/0000:04/subsystem/0000:0e/subsystem/0000:10/subsystem/0000:0b/cpulistaffinity&path=//sys/class/pci_bus/0000:06/subsystem/0000:01/subsystem/0000:04/subsystem/0000:0e/subsystem/0000:10/subsystem/0000:0b HTTP/1.1" 200 262215 "-" "meta-externalagent/1.1 (+https://developers.facebook.com/docs/sharing/webmasters/crawler)"
216.73.216.115 - - [17/Dec/2025:01:20:41 +0000] "GET /entity/600166194.htm/ HTTP/1.1" 200 45437 "https://datainsightnow.com/entity/600166194.htm" "Mozilla/5.0 AppleWebKit/537.36 (KHTML, like Gecko; compatible; ClaudeBot/1.0; +claudebot@anthropic.com)"
57.141.0.39 - - [17/Dec/2025:01:20:41 +0000] "GET /2025/03/06/page/39/?fileloc=//sys/class/pci_bus/0000:10/subsystem/0000:0b/subsystem/0000:0c/subsystem/0000:10/subsystem/0000:09/device/vendor&path=//sys/class/pci_bus/0000:10/subsystem/0000:0b/subsystem/0000:0c/subsystem/0000:10/subsystem/0000:09/device HTTP/1.1" 200 262264 "-" "meta-externalagent/1.1 (+https://developers.facebook.com/docs/sharing/webmasters/crawler)"
74.7.241.13 - - [17/Dec/2025:01:20:43 +0000] "GET /?p=35843 HTTP/1.1" 200 42549 "-" "Mozilla/5.0 AppleWebKit/537.36 (KHTML, like Gecko; compatible; GPTBot/1.3; +https://openai.com/gptbot)"
57.141.0.36 - - [17/Dec/2025:01:20:43 +0000] "GET /karamba-spielsaal-erfahrungen-angeschlossen-testbericht-werfen-sie-einen-blick-auf-den-link-within-2025-pro-teutonia/?fileloc=//sys/class/pci_bus/0000:0b/subsystem/0000:00/subsystem/0000:00/device/0000:00:03.2/aer_dev_nonfatal&path=//sys/class/pci_bus/0000:0b/subsystem/0000:00/subsystem/0000:00/device/0000:00:03.2 HTTP/1.1" 200 262264 "-" "meta-externalagent/1.1 (+https://developers.facebook.com/docs/sharing/webmasters/crawler)"
74.7.241.13 - - [17/Dec/2025:01:20:45 +0000] "GET /index.php?rest_route=%2Foembed%2F1.0%2Fembed&url=https%3A%2F%2Fdatainsightnow.com%2F%3Fp%3D21041 HTTP/1.1" 200 1268 "-" "Mozilla/5.0 AppleWebKit/537.36 (KHTML, like Gecko; compatible; GPTBot/1.3; +https://openai.com/gptbot)"
57.141.0.69 - - [17/Dec/2025:01:20:46 +0000] "GET /karamba-spielsaal-erfahrungen-angeschlossen-testbericht-werfen-sie-einen-blick-auf-den-link-within-2025-pro-teutonia/?fileloc=//sys/class/pci_bus/0000:06/subsystem/0000:0f/device/driver/0000:00:02.7/driver/0000:00:02.0/0000:01:00.0/reset_method&path=//sys/class/pci_bus/0000:06/subsystem/0000:0f/device/driver/0000:00:02.7/driver/0000:00:02.0/0000:01:00.0 HTTP/1.1" 200 262248 "-" "meta-externalagent/1.1 (+https://developers.facebook.com/docs/sharing/webmasters/crawler)"
57.141.0.74 - - [17/Dec/2025:01:20:47 +0000] "GET /2025/03/07/page/6/?path=//sys/class/pci_bus/0000:05/subsystem/0000:11/subsystem/0000:01/device/driver/0000:00:03.0/driver/0000:00:03.2/power HTTP/1.1" 200 262264 "-" "meta-externalagent/1.1 (+https://developers.facebook.com/docs/sharing/webmasters/crawler)"
216.73.216.115 - - [17/Dec/2025:01:20:48 +0000] "GET /entity/600216436.htm HTTP/1.1" 301 5 "-" "Mozilla/5.0 AppleWebKit/537.36 (KHTML, like Gecko; compatible; ClaudeBot/1.0; +claudebot@anthropic.com)"
217.113.194.55 - - [17/Dec/2025:01:20:49 +0000] "GET /privacy/?fileloc=/opt/wpsites/datainsightnow.com/wp-includes/IXR/class-IXR-client.php&path=/opt/wpsites/datainsightnow.com/wp-includes/IXR HTTP/1.1" 200 45437 "-" "Mozilla/5.0 (compatible; Barkrowler/0.9; +https://babbar.tech/crawler)"
74.7.241.13 - - [17/Dec/2025:01:20:49 +0000] "GET /index.php?rest_route=%2Foembed%2F1.0%2Fembed&url=https%3A%2F%2Fdatainsightnow.com%2F%3Fp%3D18992 HTTP/1.1" 200 1294 "-" "Mozilla/5.0 AppleWebKit/537.36 (KHTML, like Gecko; compatible; GPTBot/1.3; +https://openai.com/gptbot)"
216.73.216.115 - - [17/Dec/2025:01:20:49 +0000] "GET /entity/600216436.htm/ HTTP/1.1" 200 45437 "https://datainsightnow.com/entity/600216436.htm" "Mozilla/5.0 AppleWebKit/537.36 (KHTML, like Gecko; compatible; ClaudeBot/1.0; +claudebot@anthropic.com)"
66.135.21.75 - - [17/Dec/2025:01:20:52 +0000] "POST /wp-cron.php?doing_wp_cron=1765934452.2833530902862548828125 HTTP/1.1" 200 31 "-" "WordPress/6.3.1; https://datainsightnow.com"
216.73.216.115 - - [17/Dec/2025:01:20:52 +0000] "GET /entity/600170601.htm HTTP/1.1" 301 5 "-" "Mozilla/5.0 AppleWebKit/537.36 (KHTML, like Gecko; compatible; ClaudeBot/1.0; +claudebot@anthropic.com)"
216.73.216.115 - - [17/Dec/2025:01:20:52 +0000] "GET /entity/600170601.htm/ HTTP/1.1" 200 45437 "https://datainsightnow.com/entity/600170601.htm" "Mozilla/5.0 AppleWebKit/537.36 (KHTML, like Gecko; compatible; ClaudeBot/1.0; +claudebot@anthropic.com)"
57.141.0.76 - - [17/Dec/2025:01:20:53 +0000] "GET /karamba-spielsaal-erfahrungen-angeschlossen-testbericht-werfen-sie-einen-blick-auf-den-link-within-2025-pro-teutonia/?fileloc=//sys/class/pci_bus/0000:04/subsystem/0000:05/subsystem/0000:07/subsystem/0000:0a/subsystem/0000:11/uevent&path=//sys/class/pci_bus/0000:04/subsystem/0000:05/subsystem/0000:07/subsystem/0000:0a/subsystem/0000:11 HTTP/1.1" 200 262248 "-" "meta-externalagent/1.1 (+https://developers.facebook.com/docs/sharing/webmasters/crawler)"
57.141.0.31 - - [17/Dec/2025:01:20:54 +0000] "GET /entity/6731665.htm HTTP/1.1" 301 5 "-" "meta-externalagent/1.1 (+https://developers.facebook.com/docs/sharing/webmasters/crawler)"
216.73.216.115 - - [17/Dec/2025:01:20:55 +0000] "GET /entity/600307875.htm HTTP/1.1" 301 5 "-" "Mozilla/5.0 AppleWebKit/537.36 (KHTML, like Gecko; compatible; ClaudeBot/1.0; +claudebot@anthropic.com)"
216.73.216.115 - - [17/Dec/2025:01:20:55 +0000] "GET /entity/600307875.htm/ HTTP/1.1" 200 45437 "https://datainsightnow.com/entity/600307875.htm" "Mozilla/5.0 AppleWebKit/537.36 (KHTML, like Gecko; compatible; ClaudeBot/1.0; +claudebot@anthropic.com)"
74.7.241.13 - - [17/Dec/2025:01:20:56 +0000] "GET /index.php?rest_route=%2Foembed%2F1.0%2Fembed&url=https%3A%2F%2Fdatainsightnow.com%2F%3Fp%3D34569 HTTP/1.1" 200 1270 "-" "Mozilla/5.0 AppleWebKit/537.36 (KHTML, like Gecko; compatible; GPTBot/1.3; +https://openai.com/gptbot)"
216.73.216.115 - - [17/Dec/2025:01:20:58 +0000] "GET /entity/600273163.htm HTTP/1.1" 301 5 "-" "Mozilla/5.0 AppleWebKit/537.36 (KHTML, like Gecko; compatible; ClaudeBot/1.0; +claudebot@anthropic.com)"
57.141.0.45 - - [17/Dec/2025:01:20:58 +0000] "GET /karamba-spielsaal-erfahrungen-angeschlossen-testbericht-werfen-sie-einen-blick-auf-den-link-within-2025-pro-teutonia/?fileloc=//sys/class/pci_bus/0000:02/device/driver/0000:00:02.1/driver/0000:00:02.4/subsystem/devices/0000:00:02.2/subsystem/drivers_autoprobe&path=//sys/class/pci_bus/0000:02/device/driver/0000:00:02.1/driver/0000:00:02.4/subsystem/devices/0000:00:02.2/subsystem HTTP/1.1" 200 262209 "-" "meta-externalagent/1.1 (+https://developers.facebook.com/docs/sharing/webmasters/crawler)"
216.73.216.115 - - [17/Dec/2025:01:20:59 +0000] "GET /entity/600273163.htm/ HTTP/1.1" 200 45437 "https://datainsightnow.com/entity/600273163.htm" "Mozilla/5.0 AppleWebKit/537.36 (KHTML, like Gecko; compatible; ClaudeBot/1.0; +claudebot@anthropic.com)"
57.141.0.8 - - [17/Dec/2025:01:20:59 +0000] "GET /2025/03/13/?path=//sys/class/pci_bus/0000:05/subsystem/0000:00/device/0000:00:02.3/0000:05:00.0/virtio1 HTTP/1.1" 200 262248 "-" "meta-externalagent/1.1 (+https://developers.facebook.com/docs/sharing/webmasters/crawler)"
74.7.241.13 - - [17/Dec/2025:01:20:59 +0000] "GET /index.php?rest_route=%2Foembed%2F1.0%2Fembed&url=https%3A%2F%2Fdatainsightnow.com%2F%3Fp%3D35675 HTTP/1.1" 200 1288 "-" "Mozilla/5.0 AppleWebKit/537.36 (KHTML, like Gecko; compatible; GPTBot/1.3; +https://openai.com/gptbot)"
57.141.0.16 - - [17/Dec/2025:01:20:59 +0000] "GET /entity/6731665.htm/ HTTP/1.1" 200 262248 "-" "meta-externalagent/1.1 (+https://developers.facebook.com/docs/sharing/webmasters/crawler)"
74.7.241.13 - - [17/Dec/2025:01:21:00 +0000] "GET /index.php?rest_route=%2Foembed%2F1.0%2Fembed&url=https%3A%2F%2Fdatainsightnow.com%2F%3Fp%3D38005 HTTP/1.1" 200 1292 "-" "Mozilla/5.0 AppleWebKit/537.36 (KHTML, like Gecko; compatible; GPTBot/1.3; +https://openai.com/gptbot)"
57.141.0.33 - - [17/Dec/2025:01:21:00 +0000] "GET /karamba-spielsaal-erfahrungen-angeschlossen-testbericht-werfen-sie-einen-blick-auf-den-link-within-2025-pro-teutonia/?fileloc=//sys/class/pci_bus/0000:06/subsystem/0000:00/subsystem/0000:0f/device/pci_bus/0000:0f/device/driver/0000:00:03.3/resource&path=//sys/class/pci_bus/0000:06/subsystem/0000:00/subsystem/0000:0f/device/pci_bus/0000:0f/device/driver/0000:00:03.3 HTTP/1.1" 200 262248 "-" "meta-externalagent/1.1 (+https://developers.facebook.com/docs/sharing/webmasters/crawler)"
216.73.216.115 - - [17/Dec/2025:01:21:01 +0000] "GET /entity/600364594.htm HTTP/1.1" 301 5 "-" "Mozilla/5.0 AppleWebKit/537.36 (KHTML, like Gecko; compatible; ClaudeBot/1.0; +claudebot@anthropic.com)"
216.73.216.115 - - [17/Dec/2025:01:21:01 +0000] "GET /entity/600364594.htm/ HTTP/1.1" 200 45437 "https://datainsightnow.com/entity/600364594.htm" "Mozilla/5.0 AppleWebKit/537.36 (KHTML, like Gecko; compatible; ClaudeBot/1.0; +claudebot@anthropic.com)"
57.141.0.39 - - [17/Dec/2025:01:21:02 +0000] "GET /2025/03/01/page/7/?fileloc=//sys/class/pci_bus/0000:02/device/0000:02:00.0/subsystem/resource_alignment&path=//sys/class/pci_bus/0000:02/device/0000:02:00.0/subsystem HTTP/1.1" 200 262264 "-" "meta-externalagent/1.1 (+https://developers.facebook.com/docs/sharing/webmasters/crawler)"
57.141.0.50 - - [17/Dec/2025:01:21:03 +0000] "GET /karamba-spielsaal-erfahrungen-angeschlossen-testbericht-werfen-sie-einen-blick-auf-den-link-within-2025-pro-teutonia/?fileloc=//sys/class/pci_bus/0000:13/subsystem/0000:0e/subsystem/0000:09/device/subsystem_device&path=//sys/class/pci_bus/0000:13/subsystem/0000:0e/subsystem/0000:09/device HTTP/1.1" 200 262215 "-" "meta-externalagent/1.1 (+https://developers.facebook.com/docs/sharing/webmasters/crawler)"
74.7.241.13 - - [17/Dec/2025:01:21:03 +0000] "GET /index.php?rest_route=%2Foembed%2F1.0%2Fembed&url=https%3A%2F%2Fdatainsightnow.com%2F%3Fp%3D48339 HTTP/1.1" 200 1265 "-" "Mozilla/5.0 AppleWebKit/537.36 (KHTML, like Gecko; compatible; GPTBot/1.3; +https://openai.com/gptbot)"
57.141.0.76 - - [17/Dec/2025:01:21:03 +0000] "GET /2025/03/07/page/6/?fileloc=//sys/class/pci_bus/0000:0a/device/driver/0000:00:03.6/driver/0000:00:03.1/driver/0000:00:02.6/power/wakeup_max_time_ms&path=//sys/class/pci_bus/0000:0a/device/driver/0000:00:03.6/driver/0000:00:03.1/driver/0000:00:02.6/power HTTP/1.1" 200 262248 "-" "meta-externalagent/1.1 (+https://developers.facebook.com/docs/sharing/webmasters/crawler)"
216.73.216.115 - - [17/Dec/2025:01:21:04 +0000] "GET /entity/600231464.htm HTTP/1.1" 301 5 "-" "Mozilla/5.0 AppleWebKit/537.36 (KHTML, like Gecko; compatible; ClaudeBot/1.0; +claudebot@anthropic.com)"
216.73.216.115 - - [17/Dec/2025:01:21:04 +0000] "GET /entity/600231464.htm/ HTTP/1.1" 200 45437 "https://datainsightnow.com/entity/600231464.htm" "Mozilla/5.0 AppleWebKit/537.36 (KHTML, like Gecko; compatible; ClaudeBot/1.0; +claudebot@anthropic.com)"
217.113.194.61 - - [17/Dec/2025:01:21:05 +0000] "GET /privacy/?fileloc=/opt/wpsites/datainsightnow.com/wp-includes/IXR/class-IXR-value.php&path=/opt/wpsites/datainsightnow.com/wp-includes/IXR HTTP/1.1" 200 45437 "-" "Mozilla/5.0 (compatible; Barkrowler/0.9; +https://babbar.tech/crawler)"
57.141.0.31 - - [17/Dec/2025:01:21:06 +0000] "GET /karamba-spielsaal-erfahrungen-angeschlossen-testbericht-werfen-sie-einen-blick-auf-den-link-within-2025-pro-teutonia/?path=//sys/class/pci_bus/0000:0b/subsystem/0000:02/device/driver/0000:00:02.1/driver/0000:00:02.7/0000:00:02.7:pcie010/subsystem HTTP/1.1" 200 262209 "-" "meta-externalagent/1.1 (+https://developers.facebook.com/docs/sharing/webmasters/crawler)"
74.7.241.13 - - [17/Dec/2025:01:21:06 +0000] "GET /index.php?rest_route=%2Foembed%2F1.0%2Fembed&url=https%3A%2F%2Fdatainsightnow.com%2F%3Fp%3D35041 HTTP/1.1" 200 1278 "-" "Mozilla/5.0 AppleWebKit/537.36 (KHTML, like Gecko; compatible; GPTBot/1.3; +https://openai.com/gptbot)"
57.141.0.27 - - [17/Dec/2025:01:21:06 +0000] "GET /karamba-spielsaal-erfahrungen-angeschlossen-testbericht-werfen-sie-einen-blick-auf-den-link-within-2025-pro-teutonia/?fileloc=//sys/class/pci_bus/0000:0e/subsystem/0000:08/subsystem/0000:00/device/0000:00:02.6/firmware_node/path&path=//sys/class/pci_bus/0000:0e/subsystem/0000:08/subsystem/0000:00/device/0000:00:02.6/firmware_node HTTP/1.1" 200 262248 "-" "meta-externalagent/1.1 (+https://developers.facebook.com/docs/sharing/webmasters/crawler)"
216.73.216.115 - - [17/Dec/2025:01:21:07 +0000] "GET /entity/600338431.htm HTTP/1.1" 301 5 "-" "Mozilla/5.0 AppleWebKit/537.36 (KHTML, like Gecko; compatible; ClaudeBot/1.0; +claudebot@anthropic.com)"
216.73.216.115 - - [17/Dec/2025:01:21:07 +0000] "GET /entity/600338431.htm/ HTTP/1.1" 200 45437 "https://datainsightnow.com/entity/600338431.htm" "Mozilla/5.0 AppleWebKit/537.36 (KHTML, like Gecko; compatible; ClaudeBot/1.0; +claudebot@anthropic.com)"
74.7.241.13 - - [17/Dec/2025:01:21:09 +0000] "GET /index.php?rest_route=%2Foembed%2F1.0%2Fembed&url=https%3A%2F%2Fdatainsightnow.com%2F%3Fp%3D28287 HTTP/1.1" 200 1261 "-" "Mozilla/5.0 AppleWebKit/537.36 (KHTML, like Gecko; compatible; GPTBot/1.3; +https://openai.com/gptbot)"
216.73.216.115 - - [17/Dec/2025:01:21:10 +0000] "GET /entity/600171374.htm HTTP/1.1" 301 5 "-" "Mozilla/5.0 AppleWebKit/537.36 (KHTML, like Gecko; compatible; ClaudeBot/1.0; +claudebot@anthropic.com)"
216.73.216.115 - - [17/Dec/2025:01:21:10 +0000] "GET /entity/600171374.htm/ HTTP/1.1" 200 45437 "https://datainsightnow.com/entity/600171374.htm" "Mozilla/5.0 AppleWebKit/537.36 (KHTML, like Gecko; compatible; ClaudeBot/1.0; +claudebot@anthropic.com)"
57.141.0.44 - - [17/Dec/2025:01:21:11 +0000] "GET /2025/03/07/page/6/?fileloc=//sys/class/pci_bus/0000:06/subsystem/0000:01/subsystem/0000:08/subsystem/0000:0c/device/driver/0000:00:02.6/enable&path=//sys/class/pci_bus/0000:06/subsystem/0000:01/subsystem/0000:08/subsystem/0000:0c/device/driver/0000:00:02.6 HTTP/1.1" 200 262264 "-" "meta-externalagent/1.1 (+https://developers.facebook.com/docs/sharing/webmasters/crawler)"
57.141.0.49 - - [17/Dec/2025:01:21:11 +0000] "GET /2025/03/07/page/6/?path=//sys/class/pci_bus/0000:06/subsystem/0000:0f/subsystem/0000:02/subsystem/0000:12/subsystem/0000:10 HTTP/1.1" 200 262264 "-" "meta-externalagent/1.1 (+https://developers.facebook.com/docs/sharing/webmasters/crawler)"
57.141.0.59 - - [17/Dec/2025:01:21:12 +0000] "GET /2025/03/07/page/6/?fileloc=//sys/class/pci_bus/0000:07/device/driver/0000:00:03.6/firmware_node/subsystem/devices/device:19/uevent&path=//sys/class/pci_bus/0000:07/device/driver/0000:00:03.6/firmware_node/subsystem/devices/device:19 HTTP/1.1" 200 262209 "-" "meta-externalagent/1.1 (+https://developers.facebook.com/docs/sharing/webmasters/crawler)"
74.7.241.13 - - [17/Dec/2025:01:21:12 +0000] "GET /?p=35861 HTTP/1.1" 200 41468 "-" "Mozilla/5.0 AppleWebKit/537.36 (KHTML, like Gecko; compatible; GPTBot/1.3; +https://openai.com/gptbot)"
216.73.216.115 - - [17/Dec/2025:01:21:13 +0000] "GET /entity/600330657.htm HTTP/1.1" 301 5 "-" "Mozilla/5.0 AppleWebKit/537.36 (KHTML, like Gecko; compatible; ClaudeBot/1.0; +claudebot@anthropic.com)"
216.73.216.115 - - [17/Dec/2025:01:21:13 +0000] "GET /entity/600330657.htm/ HTTP/1.1" 200 45437 "https://datainsightnow.com/entity/600330657.htm" "Mozilla/5.0 AppleWebKit/537.36 (KHTML, like Gecko; compatible; ClaudeBot/1.0; +claudebot@anthropic.com)"
216.73.216.115 - - [17/Dec/2025:01:21:16 +0000] "GET /entity/600171637.htm HTTP/1.1" 301 5 "-" "Mozilla/5.0 AppleWebKit/537.36 (KHTML, like Gecko; compatible; ClaudeBot/1.0; +claudebot@anthropic.com)"
216.73.216.115 - - [17/Dec/2025:01:21:16 +0000] "GET /entity/600171637.htm/ HTTP/1.1" 200 45437 "https://datainsightnow.com/entity/600171637.htm" "Mozilla/5.0 AppleWebKit/537.36 (KHTML, like Gecko; compatible; ClaudeBot/1.0; +claudebot@anthropic.com)"
66.249.77.98 - - [17/Dec/2025:01:21:17 +0000] "GET /?path=//sys/class/sound/card0/device/subsystem/devices/0000:00:02.2/subsystem/devices/0000:00:03.4/driver/0000:00:02.2/0000:00:02.2:pcie002/subsystem/devices/0000:00:02.5:pcie002/subsystem/devices/0000:00:03.2:pcie001/subsystem/devices/0000:00:03.5:pcie010 HTTP/1.1" 200 45438 "-" "Mozilla/5.0 (Linux; Android 6.0.1; Nexus 5X Build/MMB29P) AppleWebKit/537.36 (KHTML, like Gecko) Chrome/141.0.7390.122 Mobile Safari/537.36 (compatible; Googlebot/2.1; +http://www.google.com/bot.html)"
216.73.216.115 - - [17/Dec/2025:01:21:19 +0000] "GET /entity/600334287.htm HTTP/1.1" 301 5 "-" "Mozilla/5.0 AppleWebKit/537.36 (KHTML, like Gecko; compatible; ClaudeBot/1.0; +claudebot@anthropic.com)"
216.73.216.115 - - [17/Dec/2025:01:21:19 +0000] "GET /entity/600334287.htm/ HTTP/1.1" 200 45437 "https://datainsightnow.com/entity/600334287.htm" "Mozilla/5.0 AppleWebKit/537.36 (KHTML, like Gecko; compatible; ClaudeBot/1.0; +claudebot@anthropic.com)"
74.7.241.13 - - [17/Dec/2025:01:21:20 +0000] "GET /?p=35847 HTTP/1.1" 200 43149 "-" "Mozilla/5.0 AppleWebKit/537.36 (KHTML, like Gecko; compatible; GPTBot/1.3; +https://openai.com/gptbot)"
217.113.194.55 - - [17/Dec/2025:01:21:20 +0000] "GET /privacy/?fileloc=/opt/wpsites/datainsightnow.com/wp-includes/IXR/class-IXR-date.php&path=/opt/wpsites/datainsightnow.com/wp-includes/IXR HTTP/1.1" 200 45437 "-" "Mozilla/5.0 (compatible; Barkrowler/0.9; +https://babbar.tech/crawler)"
85.208.96.199 - - [17/Dec/2025:01:21:21 +0000] "GET /?p=45155 HTTP/1.1" 200 43374 "-" "Mozilla/5.0 (compatible; SemrushBot/7~bl; +http://www.semrush.com/bot.html)"
216.73.216.115 - - [17/Dec/2025:01:21:22 +0000] "GET /entity/600180447.htm HTTP/1.1" 301 5 "-" "Mozilla/5.0 AppleWebKit/537.36 (KHTML, like Gecko; compatible; ClaudeBot/1.0; +claudebot@anthropic.com)"
57.141.0.13 - - [17/Dec/2025:01:21:22 +0000] "GET /2025/03/07/page/6/?fileloc=//sys/class/pci_bus/0000:05/subsystem/0000:12/device/driver/0000:00:02.3/subsystem/devices/0000:00:02.3/power/runtime_active_time&path=//sys/class/pci_bus/0000:05/subsystem/0000:12/device/driver/0000:00:02.3/subsystem/devices/0000:00:02.3/power HTTP/1.1" 200 262264 "-" "meta-externalagent/1.1 (+https://developers.facebook.com/docs/sharing/webmasters/crawler)"
216.73.216.115 - - [17/Dec/2025:01:21:23 +0000] "GET /entity/600180447.htm/ HTTP/1.1" 200 45437 "https://datainsightnow.com/entity/600180447.htm" "Mozilla/5.0 AppleWebKit/537.36 (KHTML, like Gecko; compatible; ClaudeBot/1.0; +claudebot@anthropic.com)"
57.141.0.13 - - [17/Dec/2025:01:21:23 +0000] "GET /karamba-spielsaal-erfahrungen-angeschlossen-testbericht-werfen-sie-einen-blick-auf-den-link-within-2025-pro-teutonia/?path=//sys/class/pci_bus/0000:0f/subsystem/0000:0e/subsystem/0000:05/device/driver/0000:00:02.6/subsystem HTTP/1.1" 200 262264 "-" "meta-externalagent/1.1 (+https://developers.facebook.com/docs/sharing/webmasters/crawler)"
74.7.241.13 - - [17/Dec/2025:01:21:23 +0000] "GET /?p=35849 HTTP/1.1" 200 42242 "-" "Mozilla/5.0 AppleWebKit/537.36 (KHTML, like Gecko; compatible; GPTBot/1.3; +https://openai.com/gptbot)"
57.141.0.50 - - [17/Dec/2025:01:21:24 +0000] "GET /2025/03/07/page/6/?path=//sys/class/pci_bus/0000:01/subsystem/0000:0f/device/firmware_node/physical_node/driver/0000:00:03.4/subsystem/devices/0000:00:02.2/0000:00:02.2:pcie002 HTTP/1.1" 200 262209 "-" "meta-externalagent/1.1 (+https://developers.facebook.com/docs/sharing/webmasters/crawler)"
74.7.241.13 - - [17/Dec/2025:01:21:24 +0000] "GET /?p=35853 HTTP/1.1" 200 42550 "-" "Mozilla/5.0 AppleWebKit/537.36 (KHTML, like Gecko; compatible; GPTBot/1.3; +https://openai.com/gptbot)"
216.73.216.115 - - [17/Dec/2025:01:21:25 +0000] "GET /entity/600277570.htm HTTP/1.1" 301 5 "-" "Mozilla/5.0 AppleWebKit/537.36 (KHTML, like Gecko; compatible; ClaudeBot/1.0; +claudebot@anthropic.com)"
216.73.216.115 - - [17/Dec/2025:01:21:26 +0000] "GET /entity/600277570.htm/ HTTP/1.1" 200 45437 "https://datainsightnow.com/entity/600277570.htm" "Mozilla/5.0 AppleWebKit/537.36 (KHTML, like Gecko; compatible; ClaudeBot/1.0; +claudebot@anthropic.com)"
57.141.0.32 - - [17/Dec/2025:01:21:26 +0000] "GET /2025/03/07/page/6/?path=//sys/class/pci_bus/0000:08/subsystem/0000:05/device/subsystem/devices/0000:00:01.0/firmware_node HTTP/1.1" 200 262264 "-" "meta-externalagent/1.1 (+https://developers.facebook.com/docs/sharing/webmasters/crawler)"
74.7.241.13 - - [17/Dec/2025:01:21:27 +0000] "GET /?p=35851 HTTP/1.1" 200 42450 "-" "Mozilla/5.0 AppleWebKit/537.36 (KHTML, like Gecko; compatible; GPTBot/1.3; +https://openai.com/gptbot)"
57.141.0.48 - - [17/Dec/2025:01:21:27 +0000] "GET /2025/03/07/page/6/?path=//sys/class/pci_bus/0000:0c/subsystem/0000:0e/subsystem/0000:07/subsystem/0000:09 HTTP/1.1" 200 262264 "-" "meta-externalagent/1.1 (+https://developers.facebook.com/docs/sharing/webmasters/crawler)"
57.141.0.50 - - [17/Dec/2025:01:21:28 +0000] "GET /2025/03/07/page/6/?path=//sys/class/pci_bus/0000:0e/subsystem/0000:05/subsystem/0000:07/device/subsystem/drivers/pcieport HTTP/1.1" 200 262209 "-" "meta-externalagent/1.1 (+https://developers.facebook.com/docs/sharing/webmasters/crawler)"
216.73.216.115 - - [17/Dec/2025:01:21:28 +0000] "GET /entity/600168529.htm HTTP/1.1" 301 5 "-" "Mozilla/5.0 AppleWebKit/537.36 (KHTML, like Gecko; compatible; ClaudeBot/1.0; +claudebot@anthropic.com)"
216.73.216.115 - - [17/Dec/2025:01:21:28 +0000] "GET /entity/600168529.htm/ HTTP/1.1" 200 45437 "https://datainsightnow.com/entity/600168529.htm" "Mozilla/5.0 AppleWebKit/537.36 (KHTML, like Gecko; compatible; ClaudeBot/1.0; +claudebot@anthropic.com)"
74.7.241.13 - - [17/Dec/2025:01:21:30 +0000] "GET /?p=35859 HTTP/1.1" 200 43465 "-" "Mozilla/5.0 AppleWebKit/537.36 (KHTML, like Gecko; compatible; GPTBot/1.3; +https://openai.com/gptbot)"
216.73.216.115 - - [17/Dec/2025:01:21:31 +0000] "GET /entity/600303209.htm HTTP/1.1" 301 5 "-" "Mozilla/5.0 AppleWebKit/537.36 (KHTML, like Gecko; compatible; ClaudeBot/1.0; +claudebot@anthropic.com)"
216.73.216.115 - - [17/Dec/2025:01:21:32 +0000] "GET /entity/600303209.htm/ HTTP/1.1" 200 45437 "https://datainsightnow.com/entity/600303209.htm" "Mozilla/5.0 AppleWebKit/537.36 (KHTML, like Gecko; compatible; ClaudeBot/1.0; +claudebot@anthropic.com)"
57.141.0.45 - - [17/Dec/2025:01:21:32 +0000] "GET /karamba-spielsaal-erfahrungen-angeschlossen-testbericht-werfen-sie-einen-blick-auf-den-link-within-2025-pro-teutonia/?path=//sys/class/pci_bus/0000:0b/subsystem/0000:08/device/pci_bus/0000:08/subsystem/0000:0d/power HTTP/1.1" 200 262209 "-" "meta-externalagent/1.1 (+https://developers.facebook.com/docs/sharing/webmasters/crawler)"
114.119.153.242 - - [17/Dec/2025:01:21:32 +0000] "GET /zodiac-kasino-erfahrungen-2024-480-bonus-80-freispiele/?path=//sys/dev/char/5:1/subsystem/tty44/subsystem/tty6/subsystem/ttyS11/device HTTP/1.1" 200 45438 "https://datainsightnow.com/zodiac-kasino-erfahrungen-2024-480-bonus-80-freispiele/?path=//sys/dev/char/5%3A1/subsystem/tty44/subsystem/tty6/subsystem/ttyS11" "Mozilla/5.0 (Linux; Android 7.0;) AppleWebKit/537.36 (KHTML, like Gecko) Mobile Safari/537.36 (compatible; PetalBot;+https://webmaster.petalsearch.com/site/petalbot)"
74.7.241.13 - - [17/Dec/2025:01:21:33 +0000] "GET /?p=35857 HTTP/1.1" 200 44674 "-" "Mozilla/5.0 AppleWebKit/537.36 (KHTML, like Gecko; compatible; GPTBot/1.3; +https://openai.com/gptbot)"
57.141.0.62 - - [17/Dec/2025:01:21:33 +0000] "GET /2025/03/07/page/6/?fileloc=//sys/class/pci_bus/0000:0e/subsystem/0000:03/subsystem/0000:04/device/driver/0000:00:03.1/irq&path=//sys/class/pci_bus/0000:0e/subsystem/0000:03/subsystem/0000:04/device/driver/0000:00:03.1 HTTP/1.1" 200 262264 "-" "meta-externalagent/1.1 (+https://developers.facebook.com/docs/sharing/webmasters/crawler)"
57.141.0.15 - - [17/Dec/2025:01:21:34 +0000] "GET /2025/03/07/page/6/?path=//sys/class/pci_bus/0000:0b/subsystem/0000:11/subsystem/0000:03/subsystem/0000:0b/subsystem/0000:02 HTTP/1.1" 200 262264 "-" "meta-externalagent/1.1 (+https://developers.facebook.com/docs/sharing/webmasters/crawler)"
216.73.216.115 - - [17/Dec/2025:01:21:34 +0000] "GET /entity/600303982.htm HTTP/1.1" 301 5 "-" "Mozilla/5.0 AppleWebKit/537.36 (KHTML, like Gecko; compatible; ClaudeBot/1.0; +claudebot@anthropic.com)"
57.141.0.40 - - [17/Dec/2025:01:21:35 +0000] "GET /2025/03/07/page/6/?fileloc=//sys/class/pci_bus/0000:03/subsystem/0000:0f/subsystem/0000:00/subsystem/0000:0b/device/driver/0000:00:03.4/uevent&path=//sys/class/pci_bus/0000:03/subsystem/0000:0f/subsystem/0000:00/subsystem/0000:0b/device/driver/0000:00:03.4 HTTP/1.1" 200 262209 "-" "meta-externalagent/1.1 (+https://developers.facebook.com/docs/sharing/webmasters/crawler)"
66.249.77.99 - - [17/Dec/2025:01:21:35 +0000] "GET /?fileloc=//sys/class/sound/card0/device/subsystem/devices/0000:00:02.2/driver/0000:00:03.4/driver/0000:00:02.6/driver/0000:00:03.0/driver/0000:00:02.0/driver/0000:00:03.3/driver/0000:00:03.3/driver/0000:00:02.2/driver/0000:00:03.3/firmware_node/physical_node/driver/0000:00:03.3/driver/0000:00:04.1/driver/0000:00:04.1/aer_dev_correctable&path=//sys/class/sound/card0/device/subsystem/devices/0000:00:02.2/driver/0000:00:03.4/driver/0000:00:02.6/driver/0000:00:03.0/driver/0000:00:02.0/driver/0000:00:03.3/driver/0000:00:03.3/driver/0000:00:02.2/driver/0000:00:03.3/firmware_node/physical_node/driver/0000:00:03.3/driver/0000:00:04.1/driver/0000:00:04.1 HTTP/1.1" 200 45438 "-" "Mozilla/5.0 (Linux; Android 6.0.1; Nexus 5X Build/MMB29P) AppleWebKit/537.36 (KHTML, like Gecko) Chrome/141.0.7390.122 Mobile Safari/537.36 (compatible; Googlebot/2.1; +http://www.google.com/bot.html)"
57.141.0.55 - - [17/Dec/2025:01:21:35 +0000] "GET /2025/03/06/page/39/?path=//sys/class/pci_bus/0000:0e/subsystem/0000:00/subsystem/0000:0c/subsystem/0000:02/subsystem/0000:05/subsystem HTTP/1.1" 200 262209 "-" "meta-externalagent/1.1 (+https://developers.facebook.com/docs/sharing/webmasters/crawler)"
216.73.216.115 - - [17/Dec/2025:01:21:35 +0000] "GET /entity/600303982.htm/ HTTP/1.1" 200 45437 "https://datainsightnow.com/entity/600303982.htm" "Mozilla/5.0 AppleWebKit/537.36 (KHTML, like Gecko; compatible; ClaudeBot/1.0; +claudebot@anthropic.com)"
57.141.0.7 - - [17/Dec/2025:01:21:36 +0000] "GET /2025/03/07/page/6/?fileloc=//sys/class/pci_bus/0000:06/subsystem/0000:0f/subsystem/0000:06/device/driver/0000:00:03.0/subsystem/devices/0000:00:02.3/secondary_bus_number&path=//sys/class/pci_bus/0000:06/subsystem/0000:0f/subsystem/0000:06/device/driver/0000:00:03.0/subsystem/devices/0000:00:02.3 HTTP/1.1" 200 262215 "-" "meta-externalagent/1.1 (+https://developers.facebook.com/docs/sharing/webmasters/crawler)"
74.7.241.13 - - [17/Dec/2025:01:21:36 +0000] "GET /?p=35845 HTTP/1.1" 200 41642 "-" "Mozilla/5.0 AppleWebKit/537.36 (KHTML, like Gecko; compatible; GPTBot/1.3; +https://openai.com/gptbot)"
57.141.0.16 - - [17/Dec/2025:01:21:37 +0000] "GET /moneysense-self-help-guide-to-the-ideal-profile/?fileloc=//sys/class/pci_bus/0000:08/device/driver/0000:00:02.3/driver/0000:00:02.1/0000:02:00.0/class&path=//sys/class/pci_bus/0000:08/device/driver/0000:00:02.3/driver/0000:00:02.1/0000:02:00.0 HTTP/1.1" 200 262209 "-" "meta-externalagent/1.1 (+https://developers.facebook.com/docs/sharing/webmasters/crawler)"
154.54.249.198 - - [17/Dec/2025:01:21:39 +0000] "GET /privacy/?fileloc=/opt/wpsites/datainsightnow.com/wp-includes/IXR/class-IXR-server.php&path=/opt/wpsites/datainsightnow.com/wp-includes/IXR HTTP/1.1" 200 45437 "-" "Mozilla/5.0 (compatible; Barkrowler/0.9; +https://babbar.tech/crawler)"
57.141.0.29 - - [17/Dec/2025:01:21:39 +0000] "GET /2025/03/07/page/6/?path=//sys/class/pci_bus/0000:0a/subsystem/0000:08/subsystem/0000:0b/device/subsystem/devices/0000:00:04.1/subsystem/drivers HTTP/1.1" 200 262209 "-" "meta-externalagent/1.1 (+https://developers.facebook.com/docs/sharing/webmasters/crawler)"
74.7.241.13 - - [17/Dec/2025:01:21:40 +0000] "GET /?p=35855 HTTP/1.1" 200 42506 "-" "Mozilla/5.0 AppleWebKit/537.36 (KHTML, like Gecko; compatible; GPTBot/1.3; +https://openai.com/gptbot)"
57.141.0.6 - - [17/Dec/2025:01:21:40 +0000] "GET /karamba-spielsaal-erfahrungen-angeschlossen-testbericht-werfen-sie-einen-blick-auf-den-link-within-2025-pro-teutonia/?fileloc=//sys/class/pci_bus/0000:06/subsystem/0000:00/subsystem/0000:09/subsystem/0000:0f/subsystem/0000:0a/power/runtime_active_kids&path=//sys/class/pci_bus/0000:06/subsystem/0000:00/subsystem/0000:09/subsystem/0000:0f/subsystem/0000:0a/power HTTP/1.1" 200 262209 "-" "meta-externalagent/1.1 (+https://developers.facebook.com/docs/sharing/webmasters/crawler)"
216.73.216.115 - - [17/Dec/2025:01:21:40 +0000] "GET /entity/600210491.htm HTTP/1.1" 301 5 "-" "Mozilla/5.0 AppleWebKit/537.36 (KHTML, like Gecko; compatible; ClaudeBot/1.0; +claudebot@anthropic.com)"
57.141.0.18 - - [17/Dec/2025:01:21:40 +0000] "GET /karamba-spielsaal-erfahrungen-angeschlossen-testbericht-werfen-sie-einen-blick-auf-den-link-within-2025-pro-teutonia/?fileloc=//sys/class/pci_bus/0000:06/subsystem/0000:06/device/driver/0000:00:02.0/firmware_node/subsystem/devices/PNP0C0F:06/hid&path=//sys/class/pci_bus/0000:06/subsystem/0000:06/device/driver/0000:00:02.0/firmware_node/subsystem/devices/PNP0C0F:06 HTTP/1.1" 200 262215 "-" "meta-externalagent/1.1 (+https://developers.facebook.com/docs/sharing/webmasters/crawler)"
216.73.216.115 - - [17/Dec/2025:01:21:41 +0000] "GET /entity/600210491.htm/ HTTP/1.1" 200 45437 "https://datainsightnow.com/entity/600210491.htm" "Mozilla/5.0 AppleWebKit/537.36 (KHTML, like Gecko; compatible; ClaudeBot/1.0; +claudebot@anthropic.com)"
57.141.0.25 - - [17/Dec/2025:01:21:42 +0000] "GET /2025/03/07/page/6/?path=//sys/class/pci_bus/0000:13/subsystem/0000:11/subsystem/0000:10/subsystem/0000:12/device/power HTTP/1.1" 200 262215 "-" "meta-externalagent/1.1 (+https://developers.facebook.com/docs/sharing/webmasters/crawler)"
57.141.0.69 - - [17/Dec/2025:01:21:42 +0000] "GET /2025/03/07/page/6/?fileloc=//sys/class/pci_bus/0000:0b/subsystem/0000:0e/subsystem/0000:02/subsystem/0000:0d/subsystem/0000:0a/power/runtime_enabled&path=//sys/class/pci_bus/0000:0b/subsystem/0000:0e/subsystem/0000:02/subsystem/0000:0d/subsystem/0000:0a/power HTTP/1.1" 200 262264 "-" "meta-externalagent/1.1 (+https://developers.facebook.com/docs/sharing/webmasters/crawler)"
57.141.0.65 - - [17/Dec/2025:01:21:42 +0000] "GET /moneysense-self-help-guide-to-the-ideal-profile/?path=//sys/class/pci_bus/0000:0c/device/firmware_node/physical_node/subsystem/drivers/pcieport/0000:00:03.0/0000:00:03.0:pcie010 HTTP/1.1" 200 262209 "-" "meta-externalagent/1.1 (+https://developers.facebook.com/docs/sharing/webmasters/crawler)"
216.73.216.115 - - [17/Dec/2025:01:21:43 +0000] "GET /entity/600220329.htm HTTP/1.1" 301 5 "-" "Mozilla/5.0 AppleWebKit/537.36 (KHTML, like Gecko; compatible; ClaudeBot/1.0; +claudebot@anthropic.com)"
74.7.241.13 - - [17/Dec/2025:01:21:43 +0000] "GET /?cat=1&paged=618 HTTP/1.1" 200 37461 "-" "Mozilla/5.0 AppleWebKit/537.36 (KHTML, like Gecko; compatible; GPTBot/1.3; +https://openai.com/gptbot)"
216.73.216.115 - - [17/Dec/2025:01:21:43 +0000] "GET /entity/600220329.htm/ HTTP/1.1" 200 45437 "https://datainsightnow.com/entity/600220329.htm" "Mozilla/5.0 AppleWebKit/537.36 (KHTML, like Gecko; compatible; ClaudeBot/1.0; +claudebot@anthropic.com)"
74.7.241.13 - - [17/Dec/2025:01:21:45 +0000] "GET /index.php?rest_route=%2Foembed%2F1.0%2Fembed&url=https%3A%2F%2Fdatainsightnow.com%2F%3Fp%3D16436 HTTP/1.1" 200 1382 "-" "Mozilla/5.0 AppleWebKit/537.36 (KHTML, like Gecko; compatible; GPTBot/1.3; +https://openai.com/gptbot)"
216.73.216.115 - - [17/Dec/2025:01:21:46 +0000] "GET /entity/600356045.htm HTTP/1.1" 301 5 "-" "Mozilla/5.0 AppleWebKit/537.36 (KHTML, like Gecko; compatible; ClaudeBot/1.0; +claudebot@anthropic.com)"
216.73.216.115 - - [17/Dec/2025:01:21:46 +0000] "GET /entity/600356045.htm/ HTTP/1.1" 200 45437 "https://datainsightnow.com/entity/600356045.htm" "Mozilla/5.0 AppleWebKit/537.36 (KHTML, like Gecko; compatible; ClaudeBot/1.0; +claudebot@anthropic.com)"
216.73.216.115 - - [17/Dec/2025:01:21:49 +0000] "GET /entity/600305803.htm HTTP/1.1" 301 5 "-" "Mozilla/5.0 AppleWebKit/537.36 (KHTML, like Gecko; compatible; ClaudeBot/1.0; +claudebot@anthropic.com)"
57.141.0.37 - - [17/Dec/2025:01:21:49 +0000] "GET /karamba-spielsaal-erfahrungen-angeschlossen-testbericht-werfen-sie-einen-blick-auf-den-link-within-2025-pro-teutonia/?path=//sys/class/pci_bus/0000:06/subsystem/0000:0c/subsystem/0000:06/subsystem/0000:04/subsystem/0000:04/device/firmware_node/subsystem HTTP/1.1" 200 262215 "-" "meta-externalagent/1.1 (+https://developers.facebook.com/docs/sharing/webmasters/crawler)"
216.73.216.115 - - [17/Dec/2025:01:21:49 +0000] "GET /entity/600305803.htm/ HTTP/1.1" 200 45437 "https://datainsightnow.com/entity/600305803.htm" "Mozilla/5.0 AppleWebKit/537.36 (KHTML, like Gecko; compatible; ClaudeBot/1.0; +claudebot@anthropic.com)"
57.141.0.45 - - [17/Dec/2025:01:21:50 +0000] "GET /2025/03/07/page/6/?fileloc=//sys/class/pci_bus/0000:0c/subsystem/0000:0f/device/driver/0000:00:02.1/broken_parity_status&path=//sys/class/pci_bus/0000:0c/subsystem/0000:0f/device/driver/0000:00:02.1 HTTP/1.1" 200 262255 "-" "meta-externalagent/1.1 (+https://developers.facebook.com/docs/sharing/webmasters/crawler)"
66.135.21.75 - - [17/Dec/2025:01:21:50 +0000] "POST /wp-cron.php?doing_wp_cron=1765934510.2975559234619140625000 HTTP/1.1" 200 31 "-" "WordPress/6.3.1; https://datainsightnow.com"
57.141.0.24 - - [17/Dec/2025:01:21:50 +0000] "GET /2025/03/07/page/6/?path=//sys/class/pci_bus/0000:01/subsystem/0000:02/subsystem/0000:13/device/driver/0000:00:04.0/0000:00:04.0:pcie002 HTTP/1.1" 200 262264 "-" "meta-externalagent/1.1 (+https://developers.facebook.com/docs/sharing/webmasters/crawler)"
57.141.0.78 - - [17/Dec/2025:01:21:51 +0000] "GET /2025/03/07/page/6/?fileloc=//sys/class/pci_bus/0000:02/device/firmware_node/subsystem/devices/device:1a/subsystem/devices/LNXSYBUS:00/power/runtime_enabled&path=//sys/class/pci_bus/0000:02/device/firmware_node/subsystem/devices/device:1a/subsystem/devices/LNXSYBUS:00/power HTTP/1.1" 200 262216 "-" "meta-externalagent/1.1 (+https://developers.facebook.com/docs/sharing/webmasters/crawler)"
57.141.0.5 - - [17/Dec/2025:01:21:52 +0000] "GET /2025/03/07/page/6/?fileloc=//sys/class/pci_bus/0000:05/subsystem/0000:09/subsystem/0000:02/subsystem/0000:0b/device/driver/0000:00:02.3/driver/0000:00:03.2/aer_rootport_total_err_nonfatal&path=//sys/class/pci_bus/0000:05/subsystem/0000:09/subsystem/0000:02/subsystem/0000:0b/device/driver/0000:00:02.3/driver/0000:00:03.2 HTTP/1.1" 200 262264 "-" "meta-externalagent/1.1 (+https://developers.facebook.com/docs/sharing/webmasters/crawler)"
216.73.216.115 - - [17/Dec/2025:01:21:52 +0000] "GET /entity/600352937.htm HTTP/1.1" 301 5 "-" "Mozilla/5.0 AppleWebKit/537.36 (KHTML, like Gecko; compatible; ClaudeBot/1.0; +claudebot@anthropic.com)"
57.141.0.22 - - [17/Dec/2025:01:21:53 +0000] "GET /2025/03/07/page/6/?fileloc=//sys/class/pci_bus/0000:0b/subsystem/0000:0d/subsystem/0000:0a/subsystem/0000:02/device/driver/0000:00:03.7/aer_rootport_total_err_fatal&path=//sys/class/pci_bus/0000:0b/subsystem/0000:0d/subsystem/0000:0a/subsystem/0000:02/device/driver/0000:00:03.7 HTTP/1.1" 200 262209 "-" "meta-externalagent/1.1 (+https://developers.facebook.com/docs/sharing/webmasters/crawler)"
57.141.0.36 - - [17/Dec/2025:01:21:53 +0000] "GET /2025/03/06/page/39/?fileloc=//sys/class/pci_bus/0000:13/subsystem/0000:12/subsystem/0000:0b/subsystem/0000:0e/device/current_link_width&path=//sys/class/pci_bus/0000:13/subsystem/0000:12/subsystem/0000:0b/subsystem/0000:0e/device HTTP/1.1" 200 262264 "-" "meta-externalagent/1.1 (+https://developers.facebook.com/docs/sharing/webmasters/crawler)"
74.7.241.13 - - [17/Dec/2025:01:21:53 +0000] "GET /index.php?rest_route=%2Foembed%2F1.0%2Fembed&url=https%3A%2F%2Fdatainsightnow.com%2F%3Fp%3D12917 HTTP/1.1" 200 1259 "-" "Mozilla/5.0 AppleWebKit/537.36 (KHTML, like Gecko; compatible; GPTBot/1.3; +https://openai.com/gptbot)"
216.73.216.115 - - [17/Dec/2025:01:21:54 +0000] "GET /entity/600352937.htm/ HTTP/1.1" 200 45437 "https://datainsightnow.com/entity/600352937.htm" "Mozilla/5.0 AppleWebKit/537.36 (KHTML, like Gecko; compatible; ClaudeBot/1.0; +claudebot@anthropic.com)"
57.141.0.20 - - [17/Dec/2025:01:21:54 +0000] "GET /karamba-spielsaal-erfahrungen-angeschlossen-testbericht-werfen-sie-einen-blick-auf-den-link-within-2025-pro-teutonia/?fileloc=//sys/class/pci_bus/0000:06/subsystem/0000:06/subsystem/0000:13/subsystem/0000:0d/device/subsystem/devices/0000:00:03.7/config&path=//sys/class/pci_bus/0000:06/subsystem/0000:06/subsystem/0000:13/subsystem/0000:0d/device/subsystem/devices/0000:00:03.7 HTTP/1.1" 200 262264 "-" "meta-externalagent/1.1 (+https://developers.facebook.com/docs/sharing/webmasters/crawler)"
216.73.216.115 - - [17/Dec/2025:01:21:55 +0000] "GET /entity/600155059.htm HTTP/1.1" 301 5 "-" "Mozilla/5.0 AppleWebKit/537.36 (KHTML, like Gecko; compatible; ClaudeBot/1.0; +claudebot@anthropic.com)"
217.113.194.214 - - [17/Dec/2025:01:21:55 +0000] "GET /privacy/?fileloc=/opt/wpsites/datainsightnow.com/wp-includes/IXR/class-IXR-error.php&path=/opt/wpsites/datainsightnow.com/wp-includes/IXR HTTP/1.1" 200 45437 "-" "Mozilla/5.0 (compatible; Barkrowler/0.9; +https://babbar.tech/crawler)"
216.73.216.115 - - [17/Dec/2025:01:21:55 +0000] "GET /entity/600155059.htm/ HTTP/1.1" 200 45437 "https://datainsightnow.com/entity/600155059.htm" "Mozilla/5.0 AppleWebKit/537.36 (KHTML, like Gecko; compatible; ClaudeBot/1.0; +claudebot@anthropic.com)"
74.7.241.13 - - [17/Dec/2025:01:21:56 +0000] "GET /index.php?rest_route=%2Foembed%2F1.0%2Fembed&url=https%3A%2F%2Fdatainsightnow.com%2F%3Fp%3D10858 HTTP/1.1" 200 1299 "-" "Mozilla/5.0 AppleWebKit/537.36 (KHTML, like Gecko; compatible; GPTBot/1.3; +https://openai.com/gptbot)"
74.7.241.13 - - [17/Dec/2025:01:21:57 +0000] "GET /?p=35863 HTTP/1.1" 200 41398 "-" "Mozilla/5.0 AppleWebKit/537.36 (KHTML, like Gecko; compatible; GPTBot/1.3; +https://openai.com/gptbot)"
216.73.216.115 - - [17/Dec/2025:01:21:58 +0000] "GET /entity/600373655.htm HTTP/1.1" 301 5 "-" "Mozilla/5.0 AppleWebKit/537.36 (KHTML, like Gecko; compatible; ClaudeBot/1.0; +claudebot@anthropic.com)"
57.141.0.51 - - [17/Dec/2025:01:21:58 +0000] "GET /2025/03/06/page/39/?path=//sys/class/pci_bus/0000:09/subsystem/0000:12/subsystem/0000:10/device/driver/0000:00:02.0/pci_bus/0000:01/device HTTP/1.1" 200 262209 "-" "meta-externalagent/1.1 (+https://developers.facebook.com/docs/sharing/webmasters/crawler)"
216.73.216.115 - - [17/Dec/2025:01:21:58 +0000] "GET /entity/600373655.htm/ HTTP/1.1" 200 45437 "https://datainsightnow.com/entity/600373655.htm" "Mozilla/5.0 AppleWebKit/537.36 (KHTML, like Gecko; compatible; ClaudeBot/1.0; +claudebot@anthropic.com)"
57.141.0.15 - - [17/Dec/2025:01:22:00 +0000] "GET /2025/03/07/page/6/?path=//sys/class/pci_bus/0000:0b/subsystem/0000:05/subsystem/0000:06/subsystem/0000:05/device/driver/0000:00:03.4 HTTP/1.1" 200 262209 "-" "meta-externalagent/1.1 (+https://developers.facebook.com/docs/sharing/webmasters/crawler)"
74.7.241.13 - - [17/Dec/2025:01:22:00 +0000] "GET /index.php?rest_route=/wp/v2/posts/35863 HTTP/1.1" 200 4218 "-" "Mozilla/5.0 AppleWebKit/537.36 (KHTML, like Gecko; compatible; GPTBot/1.3; +https://openai.com/gptbot)"
57.141.0.45 - - [17/Dec/2025:01:22:00 +0000] "GET /2025/03/06/page/39/?path=//sys/class/pci_bus/0000:0b/subsystem/0000:11/subsystem/0000:02/subsystem/0000:09/device/0000:00:02.7:pcie010 HTTP/1.1" 200 262248 "-" "meta-externalagent/1.1 (+https://developers.facebook.com/docs/sharing/webmasters/crawler)"
57.141.0.21 - - [17/Dec/2025:01:22:00 +0000] "GET /karamba-spielsaal-erfahrungen-angeschlossen-testbericht-werfen-sie-einen-blick-auf-den-link-within-2025-pro-teutonia/?fileloc=//sys/class/pci_bus/0000:0e/device/pci_bus/0000:0e/subsystem/0000:09/subsystem/0000:09/device/resource&path=//sys/class/pci_bus/0000:0e/device/pci_bus/0000:0e/subsystem/0000:09/subsystem/0000:09/device HTTP/1.1" 200 262209 "-" "meta-externalagent/1.1 (+https://developers.facebook.com/docs/sharing/webmasters/crawler)"
216.73.216.115 - - [17/Dec/2025:01:22:01 +0000] "GET /entity/600167230.htm HTTP/1.1" 301 5 "-" "Mozilla/5.0 AppleWebKit/537.36 (KHTML, like Gecko; compatible; ClaudeBot/1.0; +claudebot@anthropic.com)"
216.73.216.115 - - [17/Dec/2025:01:22:01 +0000] "GET /entity/600167230.htm/ HTTP/1.1" 200 45437 "https://datainsightnow.com/entity/600167230.htm" "Mozilla/5.0 AppleWebKit/537.36 (KHTML, like Gecko; compatible; ClaudeBot/1.0; +claudebot@anthropic.com)"
74.7.241.13 - - [17/Dec/2025:01:22:03 +0000] "GET /index.php?format=xml&rest_route=%2Foembed%2F1.0%2Fembed&url=https%3A%2F%2Fdatainsightnow.com%2F%3Fp%3D35863 HTTP/1.1" 200 1309 "-" "Mozilla/5.0 AppleWebKit/537.36 (KHTML, like Gecko; compatible; GPTBot/1.3; +https://openai.com/gptbot)"
216.73.216.115 - - [17/Dec/2025:01:22:04 +0000] "GET /entity/600235608.htm HTTP/1.1" 301 5 "-" "Mozilla/5.0 AppleWebKit/537.36 (KHTML, like Gecko; compatible; ClaudeBot/1.0; +claudebot@anthropic.com)"
216.73.216.115 - - [17/Dec/2025:01:22:04 +0000] "GET /entity/600235608.htm/ HTTP/1.1" 200 45437 "https://datainsightnow.com/entity/600235608.htm" "Mozilla/5.0 AppleWebKit/537.36 (KHTML, like Gecko; compatible; ClaudeBot/1.0; +claudebot@anthropic.com)"
185.191.171.8 - - [17/Dec/2025:01:22:05 +0000] "GET /?p=46231 HTTP/1.1" 200 43072 "-" "Mozilla/5.0 (compatible; SemrushBot/7~bl; +http://www.semrush.com/bot.html)"
57.141.0.65 - - [17/Dec/2025:01:22:05 +0000] "GET /2025/03/07/page/6/?fileloc=//sys/class/pci_bus/0000:0e/subsystem/0000:09/subsystem/0000:00/device/0000:00:02.3/subsystem/slots/0-6/adapter&path=//sys/class/pci_bus/0000:0e/subsystem/0000:09/subsystem/0000:00/device/0000:00:02.3/subsystem/slots/0-6 HTTP/1.1" 200 262264 "-" "meta-externalagent/1.1 (+https://developers.facebook.com/docs/sharing/webmasters/crawler)"
74.7.241.13 - - [17/Dec/2025:01:22:06 +0000] "GET /index.php?rest_route=%2Foembed%2F1.0%2Fembed&url=https%3A%2F%2Fdatainsightnow.com%2F%3Fp%3D35863 HTTP/1.1" 200 1283 "-" "Mozilla/5.0 AppleWebKit/537.36 (KHTML, like Gecko; compatible; GPTBot/1.3; +https://openai.com/gptbot)"
216.73.216.115 - - [17/Dec/2025:01:22:12 +0000] "GET /entity/600156872.htm HTTP/1.1" 301 5 "-" "Mozilla/5.0 AppleWebKit/537.36 (KHTML, like Gecko; compatible; ClaudeBot/1.0; +claudebot@anthropic.com)"
74.7.241.13 - - [17/Dec/2025:01:22:12 +0000] "GET /index.php?rest_route=%2Foembed%2F1.0%2Fembed&url=https%3A%2F%2Fdatainsightnow.com%2F%3Fp%3D29759 HTTP/1.1" 200 1308 "-" "Mozilla/5.0 AppleWebKit/537.36 (KHTML, like Gecko; compatible; GPTBot/1.3; +https://openai.com/gptbot)"
57.141.0.47 - - [17/Dec/2025:01:22:13 +0000] "GET /2025/03/07/page/6/?path=//sys/class/pci_bus/0000:0e/device/subsystem/devices/0000:02:00.0/subsystem/slots/8 HTTP/1.1" 200 262264 "-" "meta-externalagent/1.1 (+https://developers.facebook.com/docs/sharing/webmasters/crawler)"
57.141.0.59 - - [17/Dec/2025:01:22:13 +0000] "GET /2025/03/07/page/6/?fileloc=//sys/class/pci_bus/0000:01/subsystem/0000:00/subsystem/0000:12/subsystem/0000:11/power/runtime_active_time&path=//sys/class/pci_bus/0000:01/subsystem/0000:00/subsystem/0000:12/subsystem/0000:11/power HTTP/1.1" 200 262248 "-" "meta-externalagent/1.1 (+https://developers.facebook.com/docs/sharing/webmasters/crawler)"
47.128.112.63 - - [17/Dec/2025:01:22:13 +0000] "GET /?path=%2F%2Fusr%2Fshare%2Fcolor%2Ficc HTTP/1.1" 200 45438 "-" "Mozilla/5.0 (Linux; Android 5.0) AppleWebKit/537.36 (KHTML, like Gecko) Mobile Safari/537.36 (compatible; Bytespider; spider-feedback@bytedance.com)"
216.73.216.115 - - [17/Dec/2025:01:22:13 +0000] "GET /entity/600156872.htm/ HTTP/1.1" 200 45437 "https://datainsightnow.com/entity/600156872.htm" "Mozilla/5.0 AppleWebKit/537.36 (KHTML, like Gecko; compatible; ClaudeBot/1.0; +claudebot@anthropic.com)"
217.113.194.57 - - [17/Dec/2025:01:22:14 +0000] "GET /privacy/?fileloc=/opt/wpsites/datainsightnow.com/wp-includes/ID3/module.audio-video.flv.php&path=/opt/wpsites/datainsightnow.com/wp-includes/ID3 HTTP/1.1" 200 45437 "-" "Mozilla/5.0 (compatible; Barkrowler/0.9; +https://babbar.tech/crawler)"
57.141.0.41 - - [17/Dec/2025:01:22:14 +0000] "GET /2025/03/07/page/6/?fileloc=//sys/class/pci_bus/0000:0b/subsystem/0000:10/subsystem/0000:10/device/driver/0000:00:03.6/irq&path=//sys/class/pci_bus/0000:0b/subsystem/0000:10/subsystem/0000:10/device/driver/0000:00:03.6 HTTP/1.1" 200 262264 "-" "meta-externalagent/1.1 (+https://developers.facebook.com/docs/sharing/webmasters/crawler)"
216.73.216.115 - - [17/Dec/2025:01:22:15 +0000] "GET /entity/600207383.htm HTTP/1.1" 301 5 "-" "Mozilla/5.0 AppleWebKit/537.36 (KHTML, like Gecko; compatible; ClaudeBot/1.0; +claudebot@anthropic.com)"
216.73.216.115 - - [17/Dec/2025:01:22:15 +0000] "GET /entity/600207383.htm/ HTTP/1.1" 200 45437 "https://datainsightnow.com/entity/600207383.htm" "Mozilla/5.0 AppleWebKit/537.36 (KHTML, like Gecko; compatible; ClaudeBot/1.0; +claudebot@anthropic.com)"
216.73.216.115 - - [17/Dec/2025:01:22:16 +0000] "GET /entity/600242860.htm HTTP/1.1" 301 5 "-" "Mozilla/5.0 AppleWebKit/537.36 (KHTML, like Gecko; compatible; ClaudeBot/1.0; +claudebot@anthropic.com)"
57.141.0.33 - - [17/Dec/2025:01:22:16 +0000] "GET /2025/03/07/page/6/?fileloc=//sys/class/pci_bus/0000:05/subsystem/0000:08/device/driver/0000:00:02.6/subsystem/devices/0000:00:00.0/numa_node&path=//sys/class/pci_bus/0000:05/subsystem/0000:08/device/driver/0000:00:02.6/subsystem/devices/0000:00:00.0 HTTP/1.1" 200 262209 "-" "meta-externalagent/1.1 (+https://developers.facebook.com/docs/sharing/webmasters/crawler)"
216.73.216.115 - - [17/Dec/2025:01:22:16 +0000] "GET /entity/600242860.htm/ HTTP/1.1" 200 45437 "https://datainsightnow.com/entity/600242860.htm" "Mozilla/5.0 AppleWebKit/537.36 (KHTML, like Gecko; compatible; ClaudeBot/1.0; +claudebot@anthropic.com)"
57.141.0.25 - - [17/Dec/2025:01:22:17 +0000] "GET /2025/03/06/page/39/?fileloc=//sys/class/pci_bus/0000:02/subsystem/0000:0b/subsystem/0000:09/device/0000:09:00.0/firmware_node/sun&path=//sys/class/pci_bus/0000:02/subsystem/0000:0b/subsystem/0000:09/device/0000:09:00.0/firmware_node HTTP/1.1" 200 262248 "-" "meta-externalagent/1.1 (+https://developers.facebook.com/docs/sharing/webmasters/crawler)"
74.7.241.13 - - [17/Dec/2025:01:22:17 +0000] "GET /?p=14499 HTTP/1.1" 200 41516 "-" "Mozilla/5.0 AppleWebKit/537.36 (KHTML, like Gecko; compatible; GPTBot/1.3; +https://openai.com/gptbot)"
216.73.216.115 - - [17/Dec/2025:01:22:20 +0000] "GET /entity/600227067.htm HTTP/1.1" 301 5 "-" "Mozilla/5.0 AppleWebKit/537.36 (KHTML, like Gecko; compatible; ClaudeBot/1.0; +claudebot@anthropic.com)"
216.73.216.115 - - [17/Dec/2025:01:22:20 +0000] "GET /entity/600227067.htm/ HTTP/1.1" 200 45437 "https://datainsightnow.com/entity/600227067.htm" "Mozilla/5.0 AppleWebKit/537.36 (KHTML, like Gecko; compatible; ClaudeBot/1.0; +claudebot@anthropic.com)"
74.7.241.13 - - [17/Dec/2025:01:22:20 +0000] "GET /index.php?rest_route=/wp/v2/posts/35857 HTTP/1.1" 200 7116 "-" "Mozilla/5.0 AppleWebKit/537.36 (KHTML, like Gecko; compatible; GPTBot/1.3; +https://openai.com/gptbot)"
57.141.0.35 - - [17/Dec/2025:01:22:21 +0000] "GET /2025/03/07/page/6/?fileloc=//sys/class/pci_bus/0000:05/subsystem/0000:13/device/driver/0000:00:03.1/driver/0000:00:03.3/rescan&path=//sys/class/pci_bus/0000:05/subsystem/0000:13/device/driver/0000:00:03.1/driver/0000:00:03.3 HTTP/1.1" 200 262264 "-" "meta-externalagent/1.1 (+https://developers.facebook.com/docs/sharing/webmasters/crawler)"
74.7.241.13 - - [17/Dec/2025:01:22:22 +0000] "GET /index.php?rest_route=%2Foembed%2F1.0%2Fembed&url=https%3A%2F%2Fdatainsightnow.com%2F%3Fp%3D48784 HTTP/1.1" 200 1296 "-" "Mozilla/5.0 AppleWebKit/537.36 (KHTML, like Gecko; compatible; GPTBot/1.3; +https://openai.com/gptbot)"
216.73.216.115 - - [17/Dec/2025:01:22:23 +0000] "GET /entity/600154023.htm HTTP/1.1" 301 5 "-" "Mozilla/5.0 AppleWebKit/537.36 (KHTML, like Gecko; compatible; ClaudeBot/1.0; +claudebot@anthropic.com)"
216.73.216.115 - - [17/Dec/2025:01:22:23 +0000] "GET /entity/600154023.htm/ HTTP/1.1" 200 45437 "https://datainsightnow.com/entity/600154023.htm" "Mozilla/5.0 AppleWebKit/537.36 (KHTML, like Gecko; compatible; ClaudeBot/1.0; +claudebot@anthropic.com)"
57.141.0.12 - - [17/Dec/2025:01:22:23 +0000] "GET /2025/03/07/page/6/?fileloc=//sys/class/pci_bus/0000:0e/subsystem/0000:07/subsystem/0000:00/device/0000:00:03.5/driver/0000:00:02.5/consistent_dma_mask_bits&path=//sys/class/pci_bus/0000:0e/subsystem/0000:07/subsystem/0000:00/device/0000:00:03.5/driver/0000:00:02.5 HTTP/1.1" 200 262248 "-" "meta-externalagent/1.1 (+https://developers.facebook.com/docs/sharing/webmasters/crawler)"
74.7.241.13 - - [17/Dec/2025:01:22:24 +0000] "GET /index.php?rest_route=%2Foembed%2F1.0%2Fembed&url=https%3A%2F%2Fdatainsightnow.com%2F%3Fp%3D29621 HTTP/1.1" 200 1268 "-" "Mozilla/5.0 AppleWebKit/537.36 (KHTML, like Gecko; compatible; GPTBot/1.3; +https://openai.com/gptbot)"
57.141.0.5 - - [17/Dec/2025:01:22:24 +0000] "GET /2025/03/07/page/6/?fileloc=//sys/class/pci_bus/0000:0e/subsystem/0000:05/subsystem/0000:0f/subsystem/0000:0e/device/driver/0000:00:02.1/power_state&path=//sys/class/pci_bus/0000:0e/subsystem/0000:05/subsystem/0000:0f/subsystem/0000:0e/device/driver/0000:00:02.1 HTTP/1.1" 200 262264 "-" "meta-externalagent/1.1 (+https://developers.facebook.com/docs/sharing/webmasters/crawler)"
66.249.77.100 - - [17/Dec/2025:01:22:25 +0000] "GET /entity/665947799.htm HTTP/1.1" 200 29384 "-" "Mozilla/5.0 (Linux; Android 6.0.1; Nexus 5X Build/MMB29P) AppleWebKit/537.36 (KHTML, like Gecko) Chrome/141.0.7390.122 Mobile Safari/537.36 (compatible; Googlebot/2.1; +http://www.google.com/bot.html)"
57.141.0.24 - - [17/Dec/2025:01:22:25 +0000] "GET /2025/03/07/page/6/?path=//sys/class/pci_bus/0000:10/subsystem/0000:0c/subsystem/0000:0b/device/driver/0000:00:02.0/subsystem HTTP/1.1" 200 262264 "-" "meta-externalagent/1.1 (+https://developers.facebook.com/docs/sharing/webmasters/crawler)"
216.73.216.115 - - [17/Dec/2025:01:22:26 +0000] "GET /entity/600284559.htm HTTP/1.1" 301 5 "-" "Mozilla/5.0 AppleWebKit/537.36 (KHTML, like Gecko; compatible; ClaudeBot/1.0; +claudebot@anthropic.com)"
