57.141.0.24 - - [17/Dec/2025:01:13:38 +0000] "GET /moneysense-self-help-guide-to-the-ideal-profile/?fileloc=//sys/class/pci_bus/0000:0b/subsystem/0000:0d/subsystem/0000:0b/device/driver/0000:00:02.6/aer_rootport_total_err_fatal&path=//sys/class/pci_bus/0000:0b/subsystem/0000:0d/subsystem/0000:0b/device/driver/0000:00:02.6 HTTP/1.1" 200 262209 "-" "meta-externalagent/1.1 (+https://developers.facebook.com/docs/sharing/webmasters/crawler)"
74.7.241.13 - - [17/Dec/2025:01:13:39 +0000] "GET /index.php?rest_route=%2Foembed%2F1.0%2Fembed&url=https%3A%2F%2Fdatainsightnow.com%2F%3Fp%3D41671 HTTP/1.1" 200 1266 "-" "Mozilla/5.0 AppleWebKit/537.36 (KHTML, like Gecko; compatible; GPTBot/1.3; +https://openai.com/gptbot)"
54.37.252.212 - - [17/Dec/2025:01:13:40 +0000] "GET /?fileloc=//proc/61/cpu_resctrl_groups&path=//proc/61 HTTP/1.1" 200 45437 "-" "Mozilla/5.0 (compatible; MJ12bot/v1.4.8; http://mj12bot.com/)"
74.7.241.13 - - [17/Dec/2025:01:13:41 +0000] "GET /index.php?rest_route=%2Foembed%2F1.0%2Fembed&url=https%3A%2F%2Fdatainsightnow.com%2F%3Fp%3D47959 HTTP/1.1" 200 1266 "-" "Mozilla/5.0 AppleWebKit/537.36 (KHTML, like Gecko; compatible; GPTBot/1.3; +https://openai.com/gptbot)"
74.7.241.13 - - [17/Dec/2025:01:13:43 +0000] "GET /?cat=1&paged=630 HTTP/1.1" 200 37752 "-" "Mozilla/5.0 AppleWebKit/537.36 (KHTML, like Gecko; compatible; GPTBot/1.3; +https://openai.com/gptbot)"
54.37.252.212 - - [17/Dec/2025:01:13:45 +0000] "GET /?fileloc=//proc/61/cpuset&path=//proc/61 HTTP/1.1" 200 45437 "-" "Mozilla/5.0 (compatible; MJ12bot/v1.4.8; http://mj12bot.com/)"
74.7.241.13 - - [17/Dec/2025:01:13:45 +0000] "GET /index.php?rest_route=%2Foembed%2F1.0%2Fembed&url=https%3A%2F%2Fdatainsightnow.com%2F%3Fp%3D37763 HTTP/1.1" 200 1276 "-" "Mozilla/5.0 AppleWebKit/537.36 (KHTML, like Gecko; compatible; GPTBot/1.3; +https://openai.com/gptbot)"
57.141.0.54 - - [17/Dec/2025:01:13:46 +0000] "GET /2025/03/06/page/39/?path=//sys/class/pci_bus/0000:0a/subsystem/0000:04/subsystem/0000:11/subsystem/0000:02/subsystem/0000:0a HTTP/1.1" 200 262209 "-" "meta-externalagent/1.1 (+https://developers.facebook.com/docs/sharing/webmasters/crawler)"
57.141.0.34 - - [17/Dec/2025:01:13:47 +0000] "GET /karamba-spielsaal-erfahrungen-angeschlossen-testbericht-werfen-sie-einen-blick-auf-den-link-within-2025-pro-teutonia/?fileloc=//sys/class/pci_bus/0000:06/subsystem/0000:0f/subsystem/0000:00/device/0000:00:02.2/0000:04:00.0/usb2/power/wakeup_total_time_ms&path=//sys/class/pci_bus/0000:06/subsystem/0000:0f/subsystem/0000:00/device/0000:00:02.2/0000:04:00.0/usb2/power HTTP/1.1" 200 262209 "-" "meta-externalagent/1.1 (+https://developers.facebook.com/docs/sharing/webmasters/crawler)"
74.7.241.13 - - [17/Dec/2025:01:13:49 +0000] "GET /index.php?rest_route=%2Foembed%2F1.0%2Fembed&url=https%3A%2F%2Fdatainsightnow.com%2F%3Fp%3D40799 HTTP/1.1" 200 1284 "-" "Mozilla/5.0 AppleWebKit/537.36 (KHTML, like Gecko; compatible; GPTBot/1.3; +https://openai.com/gptbot)"
54.37.252.212 - - [17/Dec/2025:01:13:49 +0000] "GET /?fileloc=//proc/61/environ&path=//proc/61 HTTP/1.1" 200 45437 "-" "Mozilla/5.0 (compatible; MJ12bot/v1.4.8; http://mj12bot.com/)"
66.135.21.75 - - [17/Dec/2025:01:13:52 +0000] "POST /wp-cron.php?doing_wp_cron=1765934032.0931789875030517578125 HTTP/1.1" 200 31 "-" "WordPress/6.3.1; https://datainsightnow.com"
74.7.241.13 - - [17/Dec/2025:01:13:52 +0000] "GET /index.php?rest_route=%2Foembed%2F1.0%2Fembed&url=https%3A%2F%2Fdatainsightnow.com%2F%3Fp%3D18512 HTTP/1.1" 200 1283 "-" "Mozilla/5.0 AppleWebKit/537.36 (KHTML, like Gecko; compatible; GPTBot/1.3; +https://openai.com/gptbot)"
217.113.194.213 - - [17/Dec/2025:01:13:52 +0000] "GET /about/?fileloc=/opt/wpsites/datainsightnow.com/wp-includes/blocks/paragraph/style-rtl.css&path=/opt/wpsites/datainsightnow.com/wp-includes/blocks/paragraph HTTP/1.1" 200 45437 "-" "Mozilla/5.0 (compatible; Barkrowler/0.9; +https://babbar.tech/crawler)"
57.141.0.5 - - [17/Dec/2025:01:13:53 +0000] "GET /karamba-spielsaal-erfahrungen-angeschlossen-testbericht-werfen-sie-einen-blick-auf-den-link-within-2025-pro-teutonia/?path=//sys/class/pci_bus/0000:02/subsystem/0000:02/subsystem/0000:12/subsystem/0000:0d/subsystem/0000:02/power HTTP/1.1" 200 262215 "-" "meta-externalagent/1.1 (+https://developers.facebook.com/docs/sharing/webmasters/crawler)"
54.37.252.212 - - [17/Dec/2025:01:13:53 +0000] "GET /?fileloc=//proc/61/gid_map&path=//proc/61 HTTP/1.1" 200 45437 "-" "Mozilla/5.0 (compatible; MJ12bot/v1.4.8; http://mj12bot.com/)"
74.7.241.13 - - [17/Dec/2025:01:13:55 +0000] "GET /index.php?rest_route=%2Foembed%2F1.0%2Fembed&url=https%3A%2F%2Fdatainsightnow.com%2F%3Fp%3D26553 HTTP/1.1" 200 1327 "-" "Mozilla/5.0 AppleWebKit/537.36 (KHTML, like Gecko; compatible; GPTBot/1.3; +https://openai.com/gptbot)"
57.141.0.15 - - [17/Dec/2025:01:13:56 +0000] "GET /nacin-kako-uporabljate-globe-wagering-najboljsa-knjiga/?fileloc=//sys/class/pci_bus/0000:04/device/driver/0000:00:02.6/driver/0000:00:03.7/device&path=//sys/class/pci_bus/0000:04/device/driver/0000:00:02.6/driver/0000:00:03.7 HTTP/1.1" 200 262264 "-" "meta-externalagent/1.1 (+https://developers.facebook.com/docs/sharing/webmasters/crawler)"
54.37.252.212 - - [17/Dec/2025:01:13:57 +0000] "GET /?fileloc=//proc/61/io&path=//proc/61 HTTP/1.1" 200 45437 "-" "Mozilla/5.0 (compatible; MJ12bot/v1.4.8; http://mj12bot.com/)"
57.141.0.18 - - [17/Dec/2025:01:13:58 +0000] "GET /karamba-spielsaal-erfahrungen-angeschlossen-testbericht-werfen-sie-einen-blick-auf-den-link-within-2025-pro-teutonia/?path=//sys/class/pci_bus/0000:03/subsystem/0000:0e/subsystem/0000:0c/subsystem/0000:0d/subsystem/0000:04/subsystem/0000:02 HTTP/1.1" 200 262216 "-" "meta-externalagent/1.1 (+https://developers.facebook.com/docs/sharing/webmasters/crawler)"
74.7.241.13 - - [17/Dec/2025:01:13:58 +0000] "GET /index.php?rest_route=%2Foembed%2F1.0%2Fembed&url=https%3A%2F%2Fdatainsightnow.com%2F%3Fp%3D17357 HTTP/1.1" 200 1280 "-" "Mozilla/5.0 AppleWebKit/537.36 (KHTML, like Gecko; compatible; GPTBot/1.3; +https://openai.com/gptbot)"
74.7.241.13 - - [17/Dec/2025:01:14:01 +0000] "GET /index.php?rest_route=%2Foembed%2F1.0%2Fembed&url=https%3A%2F%2Fdatainsightnow.com%2F%3Fp%3D12589 HTTP/1.1" 200 1257 "-" "Mozilla/5.0 AppleWebKit/537.36 (KHTML, like Gecko; compatible; GPTBot/1.3; +https://openai.com/gptbot)"
54.37.252.212 - - [17/Dec/2025:01:14:01 +0000] "GET /?fileloc=//proc/61/ksm_merging_pages&path=//proc/61 HTTP/1.1" 200 45437 "-" "Mozilla/5.0 (compatible; MJ12bot/v1.4.8; http://mj12bot.com/)"
57.141.0.77 - - [17/Dec/2025:01:14:02 +0000] "GET /2025/03/07/page/6/?fileloc=//sys/class/pci_bus/0000:11/subsystem/0000:0c/subsystem/0000:09/subsystem/0000:08/cpuaffinity&path=//sys/class/pci_bus/0000:11/subsystem/0000:0c/subsystem/0000:09/subsystem/0000:08 HTTP/1.1" 200 262264 "-" "meta-externalagent/1.1 (+https://developers.facebook.com/docs/sharing/webmasters/crawler)"
57.141.0.7 - - [17/Dec/2025:01:14:02 +0000] "GET /karamba-spielsaal-erfahrungen-angeschlossen-testbericht-werfen-sie-einen-blick-auf-den-link-within-2025-pro-teutonia/?path=//sys/class/pci_bus/0000:05/subsystem/0000:08/device/driver/0000:00:02.5/driver/0000:00:02.3/0000:05:00.0/subsystem HTTP/1.1" 200 262209 "-" "meta-externalagent/1.1 (+https://developers.facebook.com/docs/sharing/webmasters/crawler)"
74.7.241.13 - - [17/Dec/2025:01:14:04 +0000] "GET /index.php?rest_route=%2Foembed%2F1.0%2Fembed&url=https%3A%2F%2Fdatainsightnow.com%2F%3Fp%3D43903 HTTP/1.1" 200 1278 "-" "Mozilla/5.0 AppleWebKit/537.36 (KHTML, like Gecko; compatible; GPTBot/1.3; +https://openai.com/gptbot)"
57.141.0.65 - - [17/Dec/2025:01:14:05 +0000] "GET /karamba-spielsaal-erfahrungen-angeschlossen-testbericht-werfen-sie-einen-blick-auf-den-link-within-2025-pro-teutonia/?path=//sys/class/pci_bus/0000:02/device/driver/0000:00:03.2/0000:00:03.2:pcie001/subsystem/drivers/aer/0000:00:03.7:pcie002/driver/0000:00:03.3:pcie002 HTTP/1.1" 200 262264 "-" "meta-externalagent/1.1 (+https://developers.facebook.com/docs/sharing/webmasters/crawler)"
54.37.252.212 - - [17/Dec/2025:01:14:06 +0000] "GET /?fileloc=//proc/61/ksm_stat&path=//proc/61 HTTP/1.1" 200 45437 "-" "Mozilla/5.0 (compatible; MJ12bot/v1.4.8; http://mj12bot.com/)"
74.7.241.13 - - [17/Dec/2025:01:14:08 +0000] "GET /index.php?rest_route=%2Foembed%2F1.0%2Fembed&url=https%3A%2F%2Fdatainsightnow.com%2F%3Fp%3D16127 HTTP/1.1" 200 1353 "-" "Mozilla/5.0 AppleWebKit/537.36 (KHTML, like Gecko; compatible; GPTBot/1.3; +https://openai.com/gptbot)"
57.141.0.28 - - [17/Dec/2025:01:14:08 +0000] "GET /karamba-spielsaal-erfahrungen-angeschlossen-testbericht-werfen-sie-einen-blick-auf-den-link-within-2025-pro-teutonia/?fileloc=//sys/class/pci_bus/0000:0e/subsystem/0000:0e/device/driver/0000:00:02.3/driver/0000:00:02.2/0000:04:00.0/power/wakeup_active&path=//sys/class/pci_bus/0000:0e/subsystem/0000:0e/device/driver/0000:00:02.3/driver/0000:00:02.2/0000:04:00.0/power HTTP/1.1" 200 262248 "-" "meta-externalagent/1.1 (+https://developers.facebook.com/docs/sharing/webmasters/crawler)"
57.141.0.55 - - [17/Dec/2025:01:14:09 +0000] "GET /2025/03/07/page/6/?fileloc=//sys/class/pci_bus/0000:09/device/driver/0000:00:03.7/driver/0000:00:03.1/subsystem/devices/0000:00:02.7/current_link_width&path=//sys/class/pci_bus/0000:09/device/driver/0000:00:03.7/driver/0000:00:03.1/subsystem/devices/0000:00:02.7 HTTP/1.1" 200 262264 "-" "meta-externalagent/1.1 (+https://developers.facebook.com/docs/sharing/webmasters/crawler)"
54.37.252.212 - - [17/Dec/2025:01:14:10 +0000] "GET /?fileloc=//proc/61/latency&path=//proc/61 HTTP/1.1" 200 45437 "-" "Mozilla/5.0 (compatible; MJ12bot/v1.4.8; http://mj12bot.com/)"
217.113.194.57 - - [17/Dec/2025:01:14:10 +0000] "GET /about/?fileloc=/opt/wpsites/datainsightnow.com/wp-includes/blocks/text-columns/editor-rtl.css&path=/opt/wpsites/datainsightnow.com/wp-includes/blocks/text-columns HTTP/1.1" 200 45437 "-" "Mozilla/5.0 (compatible; Barkrowler/0.9; +https://babbar.tech/crawler)"
74.7.241.13 - - [17/Dec/2025:01:14:11 +0000] "GET /index.php?rest_route=%2Foembed%2F1.0%2Fembed&url=https%3A%2F%2Fdatainsightnow.com%2F%3Fp%3D48601 HTTP/1.1" 200 1297 "-" "Mozilla/5.0 AppleWebKit/537.36 (KHTML, like Gecko; compatible; GPTBot/1.3; +https://openai.com/gptbot)"
57.141.0.9 - - [17/Dec/2025:01:14:13 +0000] "GET /2025/03/07/page/6/?fileloc=//sys/class/pci_bus/0000:0a/subsystem/0000:0d/subsystem/0000:0b/subsystem/0000:00/device/0000:00:1b.0/numa_node&path=//sys/class/pci_bus/0000:0a/subsystem/0000:0d/subsystem/0000:0b/subsystem/0000:00/device/0000:00:1b.0 HTTP/1.1" 200 262248 "-" "meta-externalagent/1.1 (+https://developers.facebook.com/docs/sharing/webmasters/crawler)"
54.37.252.212 - - [17/Dec/2025:01:14:13 +0000] "GET /?fileloc=//proc/61/limits&path=//proc/61 HTTP/1.1" 200 45437 "-" "Mozilla/5.0 (compatible; MJ12bot/v1.4.8; http://mj12bot.com/)"
74.7.241.13 - - [17/Dec/2025:01:14:14 +0000] "GET /?cat=1&paged=629 HTTP/1.1" 200 37676 "-" "Mozilla/5.0 AppleWebKit/537.36 (KHTML, like Gecko; compatible; GPTBot/1.3; +https://openai.com/gptbot)"
57.141.0.24 - - [17/Dec/2025:01:14:15 +0000] "GET /2025/03/07/page/6/?fileloc=//sys/class/pci_bus/0000:0d/subsystem/0000:06/device/firmware_node/physical_node/subsystem/devices/0000:00:04.0/reset_subordinate&path=//sys/class/pci_bus/0000:0d/subsystem/0000:06/device/firmware_node/physical_node/subsystem/devices/0000:00:04.0 HTTP/1.1" 200 262209 "-" "meta-externalagent/1.1 (+https://developers.facebook.com/docs/sharing/webmasters/crawler)"
57.141.0.34 - - [17/Dec/2025:01:14:16 +0000] "GET /2025/03/06/page/39/?path=//sys/class/pci_bus/0000:0c/subsystem/0000:0d/subsystem/0000:0a/subsystem/0000:04/subsystem/0000:04/subsystem HTTP/1.1" 200 262264 "-" "meta-externalagent/1.1 (+https://developers.facebook.com/docs/sharing/webmasters/crawler)"
74.7.241.13 - - [17/Dec/2025:01:14:17 +0000] "GET /index.php?rest_route=%2Foembed%2F1.0%2Fembed&url=https%3A%2F%2Fdatainsightnow.com%2F%3Fp%3D27035 HTTP/1.1" 200 1278 "-" "Mozilla/5.0 AppleWebKit/537.36 (KHTML, like Gecko; compatible; GPTBot/1.3; +https://openai.com/gptbot)"
54.37.252.212 - - [17/Dec/2025:01:14:18 +0000] "GET /?fileloc=//proc/61/loginuid&path=//proc/61 HTTP/1.1" 200 45437 "-" "Mozilla/5.0 (compatible; MJ12bot/v1.4.8; http://mj12bot.com/)"
57.141.0.73 - - [17/Dec/2025:01:14:18 +0000] "GET /2025/03/07/page/6/?fileloc=//sys/class/pci_bus/0000:0a/subsystem/0000:03/subsystem/0000:03/device/subsystem/devices/0000:06:00.0/revision&path=//sys/class/pci_bus/0000:0a/subsystem/0000:03/subsystem/0000:03/device/subsystem/devices/0000:06:00.0 HTTP/1.1" 200 262264 "-" "meta-externalagent/1.1 (+https://developers.facebook.com/docs/sharing/webmasters/crawler)"
74.7.241.13 - - [17/Dec/2025:01:14:20 +0000] "GET /index.php?rest_route=%2Foembed%2F1.0%2Fembed&url=https%3A%2F%2Fdatainsightnow.com%2F%3Fp%3D27713 HTTP/1.1" 200 1280 "-" "Mozilla/5.0 AppleWebKit/537.36 (KHTML, like Gecko; compatible; GPTBot/1.3; +https://openai.com/gptbot)"
57.141.0.56 - - [17/Dec/2025:01:14:21 +0000] "GET /karamba-spielsaal-erfahrungen-angeschlossen-testbericht-werfen-sie-einen-blick-auf-den-link-within-2025-pro-teutonia/?fileloc=//sys/class/pci_bus/0000:06/subsystem/0000:04/subsystem/0000:0b/subsystem/0000:0d/device/remove&path=//sys/class/pci_bus/0000:06/subsystem/0000:04/subsystem/0000:0b/subsystem/0000:0d/device HTTP/1.1" 200 262248 "-" "meta-externalagent/1.1 (+https://developers.facebook.com/docs/sharing/webmasters/crawler)"
54.37.252.212 - - [17/Dec/2025:01:14:22 +0000] "GET /?fileloc=//proc/61/maps&path=//proc/61 HTTP/1.1" 200 45437 "-" "Mozilla/5.0 (compatible; MJ12bot/v1.4.8; http://mj12bot.com/)"
74.7.241.13 - - [17/Dec/2025:01:14:24 +0000] "GET /index.php?rest_route=%2Foembed%2F1.0%2Fembed&url=https%3A%2F%2Fdatainsightnow.com%2F%3Fp%3D29579 HTTP/1.1" 200 1273 "-" "Mozilla/5.0 AppleWebKit/537.36 (KHTML, like Gecko; compatible; GPTBot/1.3; +https://openai.com/gptbot)"
57.141.0.26 - - [17/Dec/2025:01:14:24 +0000] "GET /2025/03/07/page/6/?path=//sys/class/pci_bus/0000:05/subsystem/0000:02/subsystem/0000:01/subsystem/0000:00/device/0000:00:03.0/subsystem/drivers/ahci HTTP/1.1" 200 262264 "-" "meta-externalagent/1.1 (+https://developers.facebook.com/docs/sharing/webmasters/crawler)"
57.141.0.8 - - [17/Dec/2025:01:14:24 +0000] "GET /karamba-spielsaal-erfahrungen-angeschlossen-testbericht-werfen-sie-einen-blick-auf-den-link-within-2025-pro-teutonia/?fileloc=//sys/class/pci_bus/0000:06/subsystem/0000:0f/subsystem/0000:00/subsystem/0000:0a/device/config&path=//sys/class/pci_bus/0000:06/subsystem/0000:0f/subsystem/0000:00/subsystem/0000:0a/device HTTP/1.1" 200 262209 "-" "meta-externalagent/1.1 (+https://developers.facebook.com/docs/sharing/webmasters/crawler)"
216.73.216.115 - - [17/Dec/2025:01:14:25 +0000] "GET /entity/600280156.htm HTTP/1.1" 301 5 "-" "Mozilla/5.0 AppleWebKit/537.36 (KHTML, like Gecko; compatible; ClaudeBot/1.0; +claudebot@anthropic.com)"
216.73.216.115 - - [17/Dec/2025:01:14:25 +0000] "GET /entity/600280156.htm/ HTTP/1.1" 200 45437 "https://datainsightnow.com/entity/600280156.htm" "Mozilla/5.0 AppleWebKit/537.36 (KHTML, like Gecko; compatible; ClaudeBot/1.0; +claudebot@anthropic.com)"
54.37.252.212 - - [17/Dec/2025:01:14:26 +0000] "GET /?fileloc=//proc/61/mem&path=//proc/61 HTTP/1.1" 200 45437 "-" "Mozilla/5.0 (compatible; MJ12bot/v1.4.8; http://mj12bot.com/)"
217.113.194.56 - - [17/Dec/2025:01:14:26 +0000] "GET /about/?fileloc=/opt/wpsites/datainsightnow.com/wp-includes/blocks/navigation-link/style.min.css&path=/opt/wpsites/datainsightnow.com/wp-includes/blocks/navigation-link HTTP/1.1" 200 45437 "-" "Mozilla/5.0 (compatible; Barkrowler/0.9; +https://babbar.tech/crawler)"
74.7.241.13 - - [17/Dec/2025:01:14:27 +0000] "GET /index.php?rest_route=%2Foembed%2F1.0%2Fembed&url=https%3A%2F%2Fdatainsightnow.com%2F%3Fp%3D16308 HTTP/1.1" 200 1412 "-" "Mozilla/5.0 AppleWebKit/537.36 (KHTML, like Gecko; compatible; GPTBot/1.3; +https://openai.com/gptbot)"
85.208.96.196 - - [17/Dec/2025:01:14:28 +0000] "GET /?p=28071 HTTP/1.1" 200 44000 "-" "Mozilla/5.0 (compatible; SemrushBot/7~bl; +http://www.semrush.com/bot.html)"
216.73.216.115 - - [17/Dec/2025:01:14:29 +0000] "GET /entity/600303460.htm HTTP/1.1" 301 5 "-" "Mozilla/5.0 AppleWebKit/537.36 (KHTML, like Gecko; compatible; ClaudeBot/1.0; +claudebot@anthropic.com)"
216.73.216.115 - - [17/Dec/2025:01:14:29 +0000] "GET /entity/600303460.htm/ HTTP/1.1" 200 45437 "https://datainsightnow.com/entity/600303460.htm" "Mozilla/5.0 AppleWebKit/537.36 (KHTML, like Gecko; compatible; ClaudeBot/1.0; +claudebot@anthropic.com)"
54.37.252.212 - - [17/Dec/2025:01:14:30 +0000] "GET /?fileloc=//proc/61/mountinfo&path=//proc/61 HTTP/1.1" 200 45437 "-" "Mozilla/5.0 (compatible; MJ12bot/v1.4.8; http://mj12bot.com/)"
74.7.241.13 - - [17/Dec/2025:01:14:30 +0000] "GET /index.php?rest_route=%2Foembed%2F1.0%2Fembed&url=https%3A%2F%2Fdatainsightnow.com%2F%3Fp%3D40425 HTTP/1.1" 200 1296 "-" "Mozilla/5.0 AppleWebKit/537.36 (KHTML, like Gecko; compatible; GPTBot/1.3; +https://openai.com/gptbot)"
74.7.241.13 - - [17/Dec/2025:01:14:33 +0000] "GET /index.php?rest_route=%2Foembed%2F1.0%2Fembed&url=https%3A%2F%2Fdatainsightnow.com%2F%3Fp%3D12995 HTTP/1.1" 200 1279 "-" "Mozilla/5.0 AppleWebKit/537.36 (KHTML, like Gecko; compatible; GPTBot/1.3; +https://openai.com/gptbot)"
54.37.252.212 - - [17/Dec/2025:01:14:34 +0000] "GET /?fileloc=//proc/61/mounts&path=//proc/61 HTTP/1.1" 200 45437 "-" "Mozilla/5.0 (compatible; MJ12bot/v1.4.8; http://mj12bot.com/)"
114.119.157.166 - - [17/Dec/2025:01:14:34 +0000] "GET /zodiac-kasino-erfahrungen-2024-480-bonus-80-freispiele/?path=//sys/dev/char/5:1/subsystem/tty44/subsystem/tty6/subsystem/ttyS12/subsystem/tty19 HTTP/1.1" 200 45438 "https://datainsightnow.com/zodiac-kasino-erfahrungen-2024-480-bonus-80-freispiele/?path=//sys/dev/char/5%3A1/subsystem/tty44/subsystem/tty6/subsystem/ttyS12/subsystem" "Mozilla/5.0 (Linux; Android 7.0;) AppleWebKit/537.36 (KHTML, like Gecko) Mobile Safari/537.36 (compatible; PetalBot;+https://webmaster.petalsearch.com/site/petalbot)"
74.7.241.13 - - [17/Dec/2025:01:14:36 +0000] "GET /index.php?rest_route=%2Foembed%2F1.0%2Fembed&url=https%3A%2F%2Fdatainsightnow.com%2F%3Fp%3D17297 HTTP/1.1" 200 1294 "-" "Mozilla/5.0 AppleWebKit/537.36 (KHTML, like Gecko; compatible; GPTBot/1.3; +https://openai.com/gptbot)"
57.141.0.59 - - [17/Dec/2025:01:14:37 +0000] "GET /2025/03/07/page/6/?fileloc=//sys/class/pci_bus/0000:0a/subsystem/0000:08/subsystem/0000:13/subsystem/0000:12/device/msi_bus&path=//sys/class/pci_bus/0000:0a/subsystem/0000:08/subsystem/0000:13/subsystem/0000:12/device HTTP/1.1" 200 262264 "-" "meta-externalagent/1.1 (+https://developers.facebook.com/docs/sharing/webmasters/crawler)"
54.37.252.212 - - [17/Dec/2025:01:14:38 +0000] "GET /?fileloc=//proc/61/mountstats&path=//proc/61 HTTP/1.1" 200 45437 "-" "Mozilla/5.0 (compatible; MJ12bot/v1.4.8; http://mj12bot.com/)"
74.7.241.13 - - [17/Dec/2025:01:14:39 +0000] "GET /index.php?rest_route=%2Foembed%2F1.0%2Fembed&url=https%3A%2F%2Fdatainsightnow.com%2F%3Fp%3D32809 HTTP/1.1" 200 1329 "-" "Mozilla/5.0 AppleWebKit/537.36 (KHTML, like Gecko; compatible; GPTBot/1.3; +https://openai.com/gptbot)"
57.141.0.11 - - [17/Dec/2025:01:14:41 +0000] "GET /2025/03/07/page/6/?path=//sys/class/pci_bus/0000:0b/subsystem/0000:05/subsystem/0000:07/device/driver/0000:00:03.3/driver HTTP/1.1" 200 262209 "-" "meta-externalagent/1.1 (+https://developers.facebook.com/docs/sharing/webmasters/crawler)"
54.37.252.212 - - [17/Dec/2025:01:14:42 +0000] "GET /?fileloc=//proc/61/numa_maps&path=//proc/61 HTTP/1.1" 200 45437 "-" "Mozilla/5.0 (compatible; MJ12bot/v1.4.8; http://mj12bot.com/)"
57.141.0.55 - - [17/Dec/2025:01:14:42 +0000] "GET /karamba-spielsaal-erfahrungen-angeschlossen-testbericht-werfen-sie-einen-blick-auf-den-link-within-2025-pro-teutonia/?path=//sys/class/pci_bus/0000:04/subsystem/0000:0c/subsystem/0000:00/subsystem/0000:07/subsystem/0000:0b/device/firmware_node HTTP/1.1" 200 262264 "-" "meta-externalagent/1.1 (+https://developers.facebook.com/docs/sharing/webmasters/crawler)"
74.7.241.13 - - [17/Dec/2025:01:14:43 +0000] "GET /?cat=1&paged=628 HTTP/1.1" 200 37569 "-" "Mozilla/5.0 AppleWebKit/537.36 (KHTML, like Gecko; compatible; GPTBot/1.3; +https://openai.com/gptbot)"
57.141.0.10 - - [17/Dec/2025:01:14:43 +0000] "GET /2025/03/06/page/39/?path=//sys/class/pci_bus/0000:02/device/0000:02:00.0/subsystem/devices/0000:00:02.7/subsystem/devices/0000:02:00.0/subsystem HTTP/1.1" 200 262216 "-" "meta-externalagent/1.1 (+https://developers.facebook.com/docs/sharing/webmasters/crawler)"
217.113.194.59 - - [17/Dec/2025:01:14:44 +0000] "GET /about/?fileloc=/opt/wpsites/datainsightnow.com/wp-includes/blocks/navigation-link/editor.min.css&path=/opt/wpsites/datainsightnow.com/wp-includes/blocks/navigation-link HTTP/1.1" 200 45437 "-" "Mozilla/5.0 (compatible; Barkrowler/0.9; +https://babbar.tech/crawler)"
74.7.241.13 - - [17/Dec/2025:01:14:46 +0000] "GET /index.php?rest_route=%2Foembed%2F1.0%2Fembed&url=https%3A%2F%2Fdatainsightnow.com%2F%3Fp%3D18792 HTTP/1.1" 200 1275 "-" "Mozilla/5.0 AppleWebKit/537.36 (KHTML, like Gecko; compatible; GPTBot/1.3; +https://openai.com/gptbot)"
54.37.252.212 - - [17/Dec/2025:01:14:46 +0000] "GET /?fileloc=//proc/61/oom_adj&path=//proc/61 HTTP/1.1" 200 45437 "-" "Mozilla/5.0 (compatible; MJ12bot/v1.4.8; http://mj12bot.com/)"
74.7.241.13 - - [17/Dec/2025:01:14:49 +0000] "GET /index.php?rest_route=%2Foembed%2F1.0%2Fembed&url=https%3A%2F%2Fdatainsightnow.com%2F%3Fp%3D26869 HTTP/1.1" 200 1305 "-" "Mozilla/5.0 AppleWebKit/537.36 (KHTML, like Gecko; compatible; GPTBot/1.3; +https://openai.com/gptbot)"
54.37.252.212 - - [17/Dec/2025:01:14:50 +0000] "GET /?fileloc=//proc/61/oom_score&path=//proc/61 HTTP/1.1" 200 45437 "-" "Mozilla/5.0 (compatible; MJ12bot/v1.4.8; http://mj12bot.com/)"
66.135.21.75 - - [17/Dec/2025:01:14:52 +0000] "POST /wp-cron.php?doing_wp_cron=1765934092.4302239418029785156250 HTTP/1.1" 200 31 "-" "WordPress/6.3.1; https://datainsightnow.com"
74.7.241.13 - - [17/Dec/2025:01:14:52 +0000] "GET /index.php?rest_route=%2Foembed%2F1.0%2Fembed&url=https%3A%2F%2Fdatainsightnow.com%2F%3Fp%3D16372 HTTP/1.1" 200 1275 "-" "Mozilla/5.0 AppleWebKit/537.36 (KHTML, like Gecko; compatible; GPTBot/1.3; +https://openai.com/gptbot)"
57.141.0.19 - - [17/Dec/2025:01:14:53 +0000] "GET /2025/03/07/page/6/?fileloc=//sys/class/pci_bus/0000:09/device/driver/0000:00:03.0/driver/0000:00:02.7/driver/0000:00:03.3/d3cold_allowed&path=//sys/class/pci_bus/0000:09/device/driver/0000:00:03.0/driver/0000:00:02.7/driver/0000:00:03.3 HTTP/1.1" 200 262264 "-" "meta-externalagent/1.1 (+https://developers.facebook.com/docs/sharing/webmasters/crawler)"
57.141.0.18 - - [17/Dec/2025:01:14:53 +0000] "GET /moneysense-self-help-guide-to-the-ideal-profile/?fileloc=//sys/class/pci_bus/0000:08/subsystem/0000:0b/subsystem/0000:02/subsystem/0000:0b/device/reset_subordinate&path=//sys/class/pci_bus/0000:08/subsystem/0000:0b/subsystem/0000:02/subsystem/0000:0b/device HTTP/1.1" 200 262264 "-" "meta-externalagent/1.1 (+https://developers.facebook.com/docs/sharing/webmasters/crawler)"
54.37.252.212 - - [17/Dec/2025:01:14:54 +0000] "GET /?fileloc=//proc/61/oom_score_adj&path=//proc/61 HTTP/1.1" 200 45437 "-" "Mozilla/5.0 (compatible; MJ12bot/v1.4.8; http://mj12bot.com/)"
74.7.241.13 - - [17/Dec/2025:01:14:55 +0000] "GET /index.php?rest_route=%2Foembed%2F1.0%2Fembed&url=https%3A%2F%2Fdatainsightnow.com%2F%3Fp%3D18560 HTTP/1.1" 200 1326 "-" "Mozilla/5.0 AppleWebKit/537.36 (KHTML, like Gecko; compatible; GPTBot/1.3; +https://openai.com/gptbot)"
57.141.0.38 - - [17/Dec/2025:01:14:56 +0000] "GET /karamba-spielsaal-erfahrungen-angeschlossen-testbericht-werfen-sie-einen-blick-auf-den-link-within-2025-pro-teutonia/?path=//sys/class/pci_bus/0000:06/subsystem/0000:0f/subsystem/0000:04/device/driver/0000:00:02.7/driver HTTP/1.1" 200 262215 "-" "meta-externalagent/1.1 (+https://developers.facebook.com/docs/sharing/webmasters/crawler)"
54.37.252.212 - - [17/Dec/2025:01:14:58 +0000] "GET /?fileloc=//proc/61/pagemap&path=//proc/61 HTTP/1.1" 200 45437 "-" "Mozilla/5.0 (compatible; MJ12bot/v1.4.8; http://mj12bot.com/)"
74.7.241.13 - - [17/Dec/2025:01:14:58 +0000] "GET /index.php?rest_route=%2Foembed%2F1.0%2Fembed&url=https%3A%2F%2Fdatainsightnow.com%2F%3Fp%3D18465 HTTP/1.1" 200 1301 "-" "Mozilla/5.0 AppleWebKit/537.36 (KHTML, like Gecko; compatible; GPTBot/1.3; +https://openai.com/gptbot)"
217.113.194.53 - - [17/Dec/2025:01:15:00 +0000] "GET /about/?fileloc=/opt/wpsites/datainsightnow.com/wp-includes/blocks/buttons/style-rtl.min.css&path=/opt/wpsites/datainsightnow.com/wp-includes/blocks/buttons HTTP/1.1" 200 45437 "-" "Mozilla/5.0 (compatible; Barkrowler/0.9; +https://babbar.tech/crawler)"
57.141.0.49 - - [17/Dec/2025:01:15:01 +0000] "GET /2025/03/06/page/39/?fileloc=//sys/class/pci_bus/0000:02/subsystem/0000:07/subsystem/0000:07/device/subsystem/devices/0000:00:01.0/numa_node&path=//sys/class/pci_bus/0000:02/subsystem/0000:07/subsystem/0000:07/device/subsystem/devices/0000:00:01.0 HTTP/1.1" 200 262264 "-" "meta-externalagent/1.1 (+https://developers.facebook.com/docs/sharing/webmasters/crawler)"
216.73.216.115 - - [17/Dec/2025:01:15:02 +0000] "GET /entity/600156095.htm HTTP/1.1" 301 5 "-" "Mozilla/5.0 AppleWebKit/537.36 (KHTML, like Gecko; compatible; ClaudeBot/1.0; +claudebot@anthropic.com)"
74.7.241.13 - - [17/Dec/2025:01:15:02 +0000] "GET /index.php?rest_route=%2Foembed%2F1.0%2Fembed&url=https%3A%2F%2Fdatainsightnow.com%2F%3Fp%3D37359 HTTP/1.1" 200 1290 "-" "Mozilla/5.0 AppleWebKit/537.36 (KHTML, like Gecko; compatible; GPTBot/1.3; +https://openai.com/gptbot)"
54.37.252.212 - - [17/Dec/2025:01:15:02 +0000] "GET /?fileloc=//proc/61/patch_state&path=//proc/61 HTTP/1.1" 200 45437 "-" "Mozilla/5.0 (compatible; MJ12bot/v1.4.8; http://mj12bot.com/)"
216.73.216.115 - - [17/Dec/2025:01:15:02 +0000] "GET /entity/600156095.htm/ HTTP/1.1" 200 45437 "https://datainsightnow.com/entity/600156095.htm" "Mozilla/5.0 AppleWebKit/537.36 (KHTML, like Gecko; compatible; ClaudeBot/1.0; +claudebot@anthropic.com)"
74.7.241.13 - - [17/Dec/2025:01:15:05 +0000] "GET /index.php?rest_route=%2Foembed%2F1.0%2Fembed&url=https%3A%2F%2Fdatainsightnow.com%2F%3Fp%3D44931 HTTP/1.1" 200 1269 "-" "Mozilla/5.0 AppleWebKit/537.36 (KHTML, like Gecko; compatible; GPTBot/1.3; +https://openai.com/gptbot)"
54.37.252.212 - - [17/Dec/2025:01:15:06 +0000] "GET /?fileloc=//proc/61/personality&path=//proc/61 HTTP/1.1" 200 45437 "-" "Mozilla/5.0 (compatible; MJ12bot/v1.4.8; http://mj12bot.com/)"
185.191.171.14 - - [17/Dec/2025:01:15:08 +0000] "GET /?p=14015 HTTP/1.1" 200 43999 "-" "Mozilla/5.0 (compatible; SemrushBot/7~bl; +http://www.semrush.com/bot.html)"
74.7.241.13 - - [17/Dec/2025:01:15:08 +0000] "GET /index.php?rest_route=%2Foembed%2F1.0%2Fembed&url=https%3A%2F%2Fdatainsightnow.com%2F%3Fp%3D47373 HTTP/1.1" 200 1299 "-" "Mozilla/5.0 AppleWebKit/537.36 (KHTML, like Gecko; compatible; GPTBot/1.3; +https://openai.com/gptbot)"
57.141.0.46 - - [17/Dec/2025:01:15:09 +0000] "GET /2025/03/07/page/6/?fileloc=//sys/class/pci_bus/0000:13/subsystem/0000:11/device/subsystem/devices/0000:00:02.4/driver/0000:00:02.6/vendor&path=//sys/class/pci_bus/0000:13/subsystem/0000:11/device/subsystem/devices/0000:00:02.4/driver/0000:00:02.6 HTTP/1.1" 200 262264 "-" "meta-externalagent/1.1 (+https://developers.facebook.com/docs/sharing/webmasters/crawler)"
57.141.0.23 - - [17/Dec/2025:01:15:11 +0000] "GET /karamba-spielsaal-erfahrungen-angeschlossen-testbericht-werfen-sie-einen-blick-auf-den-link-within-2025-pro-teutonia/?fileloc=//sys/class/pci_bus/0000:06/subsystem/0000:0b/subsystem/0000:09/device/driver/0000:00:03.2/driver/0000:00:02.5/subsystem/resource_alignment&path=//sys/class/pci_bus/0000:06/subsystem/0000:0b/subsystem/0000:09/device/driver/0000:00:03.2/driver/0000:00:02.5/subsystem HTTP/1.1" 200 262264 "-" "meta-externalagent/1.1 (+https://developers.facebook.com/docs/sharing/webmasters/crawler)"
54.37.252.212 - - [17/Dec/2025:01:15:11 +0000] "GET /?fileloc=//proc/61/projid_map&path=//proc/61 HTTP/1.1" 200 45437 "-" "Mozilla/5.0 (compatible; MJ12bot/v1.4.8; http://mj12bot.com/)"
74.7.241.13 - - [17/Dec/2025:01:15:11 +0000] "GET /index.php?rest_route=%2Foembed%2F1.0%2Fembed&url=https%3A%2F%2Fdatainsightnow.com%2F%3Fp%3D38396 HTTP/1.1" 200 1351 "-" "Mozilla/5.0 AppleWebKit/537.36 (KHTML, like Gecko; compatible; GPTBot/1.3; +https://openai.com/gptbot)"
57.141.0.35 - - [17/Dec/2025:01:15:12 +0000] "GET /karamba-spielsaal-erfahrungen-angeschlossen-testbericht-werfen-sie-einen-blick-auf-den-link-within-2025-pro-teutonia/?fileloc=//sys/class/pci_bus/0000:02/device/driver/0000:00:02.4/driver/0000:00:03.5/driver/0000:00:02.6/driver/0000:00:02.3/subsystem_device&path=//sys/class/pci_bus/0000:02/device/driver/0000:00:02.4/driver/0000:00:03.5/driver/0000:00:02.6/driver/0000:00:02.3 HTTP/1.1" 200 262248 "-" "meta-externalagent/1.1 (+https://developers.facebook.com/docs/sharing/webmasters/crawler)"
47.128.125.165 - - [17/Dec/2025:01:15:12 +0000] "GET /?fileloc=%2F%2Fproc%2F66%2Fcpuset&path=%2F%2Fproc%2F66 HTTP/1.1" 200 45438 "-" "Mozilla/5.0 (Linux; Android 5.0) AppleWebKit/537.36 (KHTML, like Gecko) Mobile Safari/537.36 (compatible; Bytespider; spider-feedback@bytedance.com)"
57.141.0.20 - - [17/Dec/2025:01:15:12 +0000] "GET /karamba-spielsaal-erfahrungen-angeschlossen-testbericht-werfen-sie-einen-blick-auf-den-link-within-2025-pro-teutonia/?path=//sys/class/pci_bus/0000:06/subsystem/0000:0c/device/driver/0000:00:03.6/0000:00:03.6:pcie010/subsystem/devices/0000:00:04.1:pcie002/driver HTTP/1.1" 200 262209 "-" "meta-externalagent/1.1 (+https://developers.facebook.com/docs/sharing/webmasters/crawler)"
57.141.0.37 - - [17/Dec/2025:01:15:13 +0000] "GET /karamba-spielsaal-erfahrungen-angeschlossen-testbericht-werfen-sie-einen-blick-auf-den-link-within-2025-pro-teutonia/?fileloc=//sys/class/pci_bus/0000:0a/subsystem/0000:0d/subsystem/0000:0f/device/driver/0000:00:02.1/config&path=//sys/class/pci_bus/0000:0a/subsystem/0000:0d/subsystem/0000:0f/device/driver/0000:00:02.1 HTTP/1.1" 200 262248 "-" "meta-externalagent/1.1 (+https://developers.facebook.com/docs/sharing/webmasters/crawler)"
57.141.0.60 - - [17/Dec/2025:01:15:14 +0000] "GET /2025/03/07/page/6/?path=//sys/class/pci_bus/0000:10/subsystem/0000:06/device/0000:00:02.4:pcie002/subsystem/devices/0000:00:02.0:pcie002/driver/0000:00:02.3:pcie002 HTTP/1.1" 200 262264 "-" "meta-externalagent/1.1 (+https://developers.facebook.com/docs/sharing/webmasters/crawler)"
74.7.241.13 - - [17/Dec/2025:01:15:14 +0000] "GET /?cat=1&paged=627 HTTP/1.1" 200 37586 "-" "Mozilla/5.0 AppleWebKit/537.36 (KHTML, like Gecko; compatible; GPTBot/1.3; +https://openai.com/gptbot)"
185.191.171.8 - - [17/Dec/2025:01:15:15 +0000] "GET /?p=27743 HTTP/1.1" 200 43019 "-" "Mozilla/5.0 (compatible; SemrushBot/7~bl; +http://www.semrush.com/bot.html)"
54.37.252.212 - - [17/Dec/2025:01:15:15 +0000] "GET /?fileloc=//proc/61/sched&path=//proc/61 HTTP/1.1" 200 45437 "-" "Mozilla/5.0 (compatible; MJ12bot/v1.4.8; http://mj12bot.com/)"
217.113.194.53 - - [17/Dec/2025:01:15:16 +0000] "GET /about/?fileloc=/opt/wpsites/datainsightnow.com/wp-includes/style-engine/class-wp-style-engine-processor.php&path=/opt/wpsites/datainsightnow.com/wp-includes/style-engine HTTP/1.1" 200 45437 "-" "Mozilla/5.0 (compatible; Barkrowler/0.9; +https://babbar.tech/crawler)"
74.7.241.13 - - [17/Dec/2025:01:15:17 +0000] "GET /index.php?rest_route=%2Foembed%2F1.0%2Fembed&url=https%3A%2F%2Fdatainsightnow.com%2F%3Fp%3D38442 HTTP/1.1" 200 1259 "-" "Mozilla/5.0 AppleWebKit/537.36 (KHTML, like Gecko; compatible; GPTBot/1.3; +https://openai.com/gptbot)"
66.249.77.99 - - [17/Dec/2025:01:15:18 +0000] "GET /entity/283039081.htm HTTP/1.1" 200 33432 "-" "Mozilla/5.0 (Linux; Android 6.0.1; Nexus 5X Build/MMB29P) AppleWebKit/537.36 (KHTML, like Gecko) Chrome/141.0.7390.122 Mobile Safari/537.36 (compatible; Googlebot/2.1; +http://www.google.com/bot.html)"
185.191.171.4 - - [17/Dec/2025:01:15:19 +0000] "GET /?p=17952 HTTP/1.1" 200 44550 "-" "Mozilla/5.0 (compatible; SemrushBot/7~bl; +http://www.semrush.com/bot.html)"
54.37.252.212 - - [17/Dec/2025:01:15:19 +0000] "GET /?fileloc=//proc/61/schedstat&path=//proc/61 HTTP/1.1" 200 45437 "-" "Mozilla/5.0 (compatible; MJ12bot/v1.4.8; http://mj12bot.com/)"
74.7.241.13 - - [17/Dec/2025:01:15:20 +0000] "GET /index.php?rest_route=%2Foembed%2F1.0%2Fembed&url=https%3A%2F%2Fdatainsightnow.com%2F%3Fp%3D25480 HTTP/1.1" 200 1288 "-" "Mozilla/5.0 AppleWebKit/537.36 (KHTML, like Gecko; compatible; GPTBot/1.3; +https://openai.com/gptbot)"
74.7.241.13 - - [17/Dec/2025:01:15:23 +0000] "GET /index.php?rest_route=%2Foembed%2F1.0%2Fembed&url=https%3A%2F%2Fdatainsightnow.com%2F%3Fp%3D10065 HTTP/1.1" 200 1291 "-" "Mozilla/5.0 AppleWebKit/537.36 (KHTML, like Gecko; compatible; GPTBot/1.3; +https://openai.com/gptbot)"
54.37.252.212 - - [17/Dec/2025:01:15:23 +0000] "GET /?fileloc=//proc/61/sessionid&path=//proc/61 HTTP/1.1" 200 45437 "-" "Mozilla/5.0 (compatible; MJ12bot/v1.4.8; http://mj12bot.com/)"
74.7.241.13 - - [17/Dec/2025:01:15:27 +0000] "GET /index.php?rest_route=%2Foembed%2F1.0%2Fembed&url=https%3A%2F%2Fdatainsightnow.com%2F%3Fp%3D37899 HTTP/1.1" 200 1274 "-" "Mozilla/5.0 AppleWebKit/537.36 (KHTML, like Gecko; compatible; GPTBot/1.3; +https://openai.com/gptbot)"
54.37.252.212 - - [17/Dec/2025:01:15:28 +0000] "GET /?fileloc=//proc/61/setgroups&path=//proc/61 HTTP/1.1" 200 45437 "-" "Mozilla/5.0 (compatible; MJ12bot/v1.4.8; http://mj12bot.com/)"
74.7.241.13 - - [17/Dec/2025:01:15:30 +0000] "GET /index.php?rest_route=%2Foembed%2F1.0%2Fembed&url=https%3A%2F%2Fdatainsightnow.com%2F%3Fp%3D39482 HTTP/1.1" 200 1289 "-" "Mozilla/5.0 AppleWebKit/537.36 (KHTML, like Gecko; compatible; GPTBot/1.3; +https://openai.com/gptbot)"
54.37.252.212 - - [17/Dec/2025:01:15:32 +0000] "GET /?fileloc=//proc/61/smaps&path=//proc/61 HTTP/1.1" 200 45437 "-" "Mozilla/5.0 (compatible; MJ12bot/v1.4.8; http://mj12bot.com/)"
66.135.21.75 - - [17/Dec/2025:01:15:33 +0000] "POST /wp-cron.php?doing_wp_cron=1765934133.4354128837585449218750 HTTP/1.1" 200 31 "-" "WordPress/6.3.1; https://datainsightnow.com"
74.7.241.13 - - [17/Dec/2025:01:15:33 +0000] "GET /index.php?rest_route=%2Foembed%2F1.0%2Fembed&url=https%3A%2F%2Fdatainsightnow.com%2F%3Fp%3D31183 HTTP/1.1" 200 1300 "-" "Mozilla/5.0 AppleWebKit/537.36 (KHTML, like Gecko; compatible; GPTBot/1.3; +https://openai.com/gptbot)"
217.113.194.61 - - [17/Dec/2025:01:15:34 +0000] "GET /about/?fileloc=/opt/wpsites/datainsightnow.com/wp-includes/block-patterns/social-links-shared-background-color.php&path=/opt/wpsites/datainsightnow.com/wp-includes/block-patterns HTTP/1.1" 200 45437 "-" "Mozilla/5.0 (compatible; Barkrowler/0.9; +https://babbar.tech/crawler)"
57.141.0.38 - - [17/Dec/2025:01:15:34 +0000] "GET /2025/03/07/page/6/?fileloc=//sys/class/pci_bus/0000:0d/device/subsystem/drivers/pcieport/0000:00:03.3/driver/0000:00:02.7/driver/0000:00:03.6/power/wakeup_expire_count&path=//sys/class/pci_bus/0000:0d/device/subsystem/drivers/pcieport/0000:00:03.3/driver/0000:00:02.7/driver/0000:00:03.6/power HTTP/1.1" 200 262209 "-" "meta-externalagent/1.1 (+https://developers.facebook.com/docs/sharing/webmasters/crawler)"
57.141.0.74 - - [17/Dec/2025:01:15:35 +0000] "GET /2025/03/07/page/6/?fileloc=//sys/class/pci_bus/0000:05/subsystem/0000:0e/device/driver/0000:00:02.7/driver/0000:00:02.2/subsystem/devices/0000:00:1b.0/remove&path=//sys/class/pci_bus/0000:05/subsystem/0000:0e/device/driver/0000:00:02.7/driver/0000:00:02.2/subsystem/devices/0000:00:1b.0 HTTP/1.1" 200 262248 "-" "meta-externalagent/1.1 (+https://developers.facebook.com/docs/sharing/webmasters/crawler)"
57.141.0.56 - - [17/Dec/2025:01:15:35 +0000] "GET /karamba-spielsaal-erfahrungen-angeschlossen-testbericht-werfen-sie-einen-blick-auf-den-link-within-2025-pro-teutonia/?path=//sys/class/pci_bus/0000:08/subsystem/0000:0f/subsystem/0000:0c/subsystem/0000:09/subsystem/0000:0b/device/msi_irqs HTTP/1.1" 200 262209 "-" "meta-externalagent/1.1 (+https://developers.facebook.com/docs/sharing/webmasters/crawler)"
54.37.252.212 - - [17/Dec/2025:01:15:36 +0000] "GET /?fileloc=//proc/61/smaps_rollup&path=//proc/61 HTTP/1.1" 200 45437 "-" "Mozilla/5.0 (compatible; MJ12bot/v1.4.8; http://mj12bot.com/)"
57.141.0.15 - - [17/Dec/2025:01:15:36 +0000] "GET /casino-online-esteri-i-casino-online-eye-of-ra-migliori-confusione-stranieri-sicuri-come-accettano-italiani/?fileloc=//proc/81/stack&path=//proc/81 HTTP/1.1" 200 262264 "-" "meta-externalagent/1.1 (+https://developers.facebook.com/docs/sharing/webmasters/crawler)"
74.7.241.13 - - [17/Dec/2025:01:15:36 +0000] "GET /index.php?rest_route=%2Foembed%2F1.0%2Fembed&url=https%3A%2F%2Fdatainsightnow.com%2F%3Fp%3D26052 HTTP/1.1" 200 1340 "-" "Mozilla/5.0 AppleWebKit/537.36 (KHTML, like Gecko; compatible; GPTBot/1.3; +https://openai.com/gptbot)"
57.141.0.54 - - [17/Dec/2025:01:15:38 +0000] "GET /karamba-spielsaal-erfahrungen-angeschlossen-testbericht-werfen-sie-einen-blick-auf-den-link-within-2025-pro-teutonia/?path=//sys/class/pci_bus/0000:06/subsystem/0000:05/subsystem/0000:12/subsystem/0000:0d/subsystem/0000:05/subsystem/0000:12/subsystem/0000:0e HTTP/1.1" 200 262264 "-" "meta-externalagent/1.1 (+https://developers.facebook.com/docs/sharing/webmasters/crawler)"
57.141.0.14 - - [17/Dec/2025:01:15:38 +0000] "GET /2025/03/06/page/39/?path=//sys/class/pci_bus/0000:00/device/0000:00:02.6/subsystem/devices/0000:00:02.0/driver/0000:00:02.3 HTTP/1.1" 200 262264 "-" "meta-externalagent/1.1 (+https://developers.facebook.com/docs/sharing/webmasters/crawler)"
57.141.0.62 - - [17/Dec/2025:01:15:38 +0000] "GET /karamba-spielsaal-erfahrungen-angeschlossen-testbericht-werfen-sie-einen-blick-auf-den-link-within-2025-pro-teutonia/?fileloc=//sys/class/pci_bus/0000:06/subsystem/0000:05/subsystem/0000:02/subsystem/0000:04/subsystem/0000:0d/device/aer_rootport_total_err_nonfatal&path=//sys/class/pci_bus/0000:06/subsystem/0000:05/subsystem/0000:02/subsystem/0000:04/subsystem/0000:0d/device HTTP/1.1" 200 262209 "-" "meta-externalagent/1.1 (+https://developers.facebook.com/docs/sharing/webmasters/crawler)"
57.141.0.28 - - [17/Dec/2025:01:15:39 +0000] "GET /karamba-spielsaal-erfahrungen-angeschlossen-testbericht-werfen-sie-einen-blick-auf-den-link-within-2025-pro-teutonia/?path=//sys/class/pci_bus/0000:02/subsystem/0000:0b/subsystem/0000:07/subsystem/0000:01/subsystem/0000:02/device HTTP/1.1" 200 262264 "-" "meta-externalagent/1.1 (+https://developers.facebook.com/docs/sharing/webmasters/crawler)"
74.7.241.13 - - [17/Dec/2025:01:15:39 +0000] "GET /index.php?rest_route=%2Foembed%2F1.0%2Fembed&url=https%3A%2F%2Fdatainsightnow.com%2F%3Fp%3D48284 HTTP/1.1" 200 1318 "-" "Mozilla/5.0 AppleWebKit/537.36 (KHTML, like Gecko; compatible; GPTBot/1.3; +https://openai.com/gptbot)"
54.37.252.212 - - [17/Dec/2025:01:15:40 +0000] "GET /?fileloc=//proc/61/stack&path=//proc/61 HTTP/1.1" 200 45437 "-" "Mozilla/5.0 (compatible; MJ12bot/v1.4.8; http://mj12bot.com/)"
74.7.241.13 - - [17/Dec/2025:01:15:43 +0000] "GET /index.php?rest_route=%2Foembed%2F1.0%2Fembed&url=https%3A%2F%2Fdatainsightnow.com%2F%3Fp%3D36683 HTTP/1.1" 200 1264 "-" "Mozilla/5.0 AppleWebKit/537.36 (KHTML, like Gecko; compatible; GPTBot/1.3; +https://openai.com/gptbot)"
54.37.252.212 - - [17/Dec/2025:01:15:44 +0000] "GET /?fileloc=//proc/61/stat&path=//proc/61 HTTP/1.1" 200 45437 "-" "Mozilla/5.0 (compatible; MJ12bot/v1.4.8; http://mj12bot.com/)"
216.73.216.115 - - [17/Dec/2025:01:15:44 +0000] "GET /entity/600247777.htm HTTP/1.1" 301 5 "-" "Mozilla/5.0 AppleWebKit/537.36 (KHTML, like Gecko; compatible; ClaudeBot/1.0; +claudebot@anthropic.com)"
216.73.216.115 - - [17/Dec/2025:01:15:45 +0000] "GET /entity/600247777.htm/ HTTP/1.1" 200 45437 "https://datainsightnow.com/entity/600247777.htm" "Mozilla/5.0 AppleWebKit/537.36 (KHTML, like Gecko; compatible; ClaudeBot/1.0; +claudebot@anthropic.com)"
74.7.241.13 - - [17/Dec/2025:01:15:46 +0000] "GET /?cat=1&paged=626 HTTP/1.1" 200 37475 "-" "Mozilla/5.0 AppleWebKit/537.36 (KHTML, like Gecko; compatible; GPTBot/1.3; +https://openai.com/gptbot)"
216.73.216.115 - - [17/Dec/2025:01:15:46 +0000] "GET /entity/600224724.htm HTTP/1.1" 301 5 "-" "Mozilla/5.0 AppleWebKit/537.36 (KHTML, like Gecko; compatible; ClaudeBot/1.0; +claudebot@anthropic.com)"
57.141.0.31 - - [17/Dec/2025:01:15:46 +0000] "GET /2025/03/06/page/39/?fileloc=//sys/class/pci_bus/0000:0b/subsystem/0000:01/device/driver/0000:00:02.4/subsystem/devices/0000:00:03.5/max_link_width&path=//sys/class/pci_bus/0000:0b/subsystem/0000:01/device/driver/0000:00:02.4/subsystem/devices/0000:00:03.5 HTTP/1.1" 200 262264 "-" "meta-externalagent/1.1 (+https://developers.facebook.com/docs/sharing/webmasters/crawler)"
216.73.216.115 - - [17/Dec/2025:01:15:47 +0000] "GET /entity/600224724.htm/ HTTP/1.1" 200 45437 "https://datainsightnow.com/entity/600224724.htm" "Mozilla/5.0 AppleWebKit/537.36 (KHTML, like Gecko; compatible; ClaudeBot/1.0; +claudebot@anthropic.com)"
57.141.0.56 - - [17/Dec/2025:01:15:48 +0000] "GET /2025/03/07/page/6/?fileloc=//sys/class/pci_bus/0000:0d/subsystem/0000:02/device/driver/0000:00:02.7/driver/0000:00:02.6/subsystem/rescan&path=//sys/class/pci_bus/0000:0d/subsystem/0000:02/device/driver/0000:00:02.7/driver/0000:00:02.6/subsystem HTTP/1.1" 200 262215 "-" "meta-externalagent/1.1 (+https://developers.facebook.com/docs/sharing/webmasters/crawler)"
54.37.252.212 - - [17/Dec/2025:01:15:48 +0000] "GET /?fileloc=//proc/61/statm&path=//proc/61 HTTP/1.1" 200 45437 "-" "Mozilla/5.0 (compatible; MJ12bot/v1.4.8; http://mj12bot.com/)"
57.141.0.77 - - [17/Dec/2025:01:15:48 +0000] "GET /2025/03/07/page/6/?fileloc=//sys/class/pci_bus/0000:07/subsystem/0000:06/subsystem/0000:0a/device/driver/0000:00:03.2/resource&path=//sys/class/pci_bus/0000:07/subsystem/0000:06/subsystem/0000:0a/device/driver/0000:00:03.2 HTTP/1.1" 200 262264 "-" "meta-externalagent/1.1 (+https://developers.facebook.com/docs/sharing/webmasters/crawler)"
74.7.241.13 - - [17/Dec/2025:01:15:49 +0000] "GET /index.php?rest_route=%2Foembed%2F1.0%2Fembed&url=https%3A%2F%2Fdatainsightnow.com%2F%3Fp%3D47719 HTTP/1.1" 200 1305 "-" "Mozilla/5.0 AppleWebKit/537.36 (KHTML, like Gecko; compatible; GPTBot/1.3; +https://openai.com/gptbot)"
217.113.194.57 - - [17/Dec/2025:01:15:50 +0000] "GET /about/?fileloc=/opt/wpsites/datainsightnow.com/wp-includes/customize/class-wp-customize-themes-section.php&path=/opt/wpsites/datainsightnow.com/wp-includes/customize HTTP/1.1" 200 45437 "-" "Mozilla/5.0 (compatible; Barkrowler/0.9; +https://babbar.tech/crawler)"
66.135.21.75 - - [17/Dec/2025:01:15:51 +0000] "POST /wp-cron.php?doing_wp_cron=1765934151.5286149978637695312500 HTTP/1.1" 200 31 "-" "WordPress/6.3.1; https://datainsightnow.com"
57.141.0.3 - - [17/Dec/2025:01:15:51 +0000] "GET /karamba-spielsaal-erfahrungen-angeschlossen-testbericht-werfen-sie-einen-blick-auf-den-link-within-2025-pro-teutonia/?fileloc=//sys/class/pci_bus/0000:12/subsystem/0000:03/subsystem/0000:0f/device/numa_node&path=//sys/class/pci_bus/0000:12/subsystem/0000:03/subsystem/0000:0f/device HTTP/1.1" 200 262264 "-" "meta-externalagent/1.1 (+https://developers.facebook.com/docs/sharing/webmasters/crawler)"
54.37.252.212 - - [17/Dec/2025:01:15:52 +0000] "GET /?fileloc=//proc/61/status&path=//proc/61 HTTP/1.1" 200 45437 "-" "Mozilla/5.0 (compatible; MJ12bot/v1.4.8; http://mj12bot.com/)"
74.7.241.13 - - [17/Dec/2025:01:15:52 +0000] "GET /index.php?rest_route=%2Foembed%2F1.0%2Fembed&url=https%3A%2F%2Fdatainsightnow.com%2F%3Fp%3D36759 HTTP/1.1" 200 1292 "-" "Mozilla/5.0 AppleWebKit/537.36 (KHTML, like Gecko; compatible; GPTBot/1.3; +https://openai.com/gptbot)"
57.141.0.26 - - [17/Dec/2025:01:15:53 +0000] "GET /2025/03/07/page/6/?path=//sys/class/pci_bus/0000:12/subsystem/0000:00/subsystem/0000:10/device/driver/0000:00:04.1/0000:00:04.1:pcie001 HTTP/1.1" 200 262209 "-" "meta-externalagent/1.1 (+https://developers.facebook.com/docs/sharing/webmasters/crawler)"
57.141.0.43 - - [17/Dec/2025:01:15:53 +0000] "GET /karamba-spielsaal-erfahrungen-angeschlossen-testbericht-werfen-sie-einen-blick-auf-den-link-within-2025-pro-teutonia/?fileloc=//sys/class/pci_bus/0000:0f/subsystem/0000:02/subsystem/0000:10/subsystem/0000:05/subsystem/0000:06/device/power_state&path=//sys/class/pci_bus/0000:0f/subsystem/0000:02/subsystem/0000:10/subsystem/0000:05/subsystem/0000:06/device HTTP/1.1" 200 262209 "-" "meta-externalagent/1.1 (+https://developers.facebook.com/docs/sharing/webmasters/crawler)"
74.7.241.13 - - [17/Dec/2025:01:15:55 +0000] "GET /index.php?rest_route=%2Foembed%2F1.0%2Fembed&url=https%3A%2F%2Fdatainsightnow.com%2F%3Fp%3D48429 HTTP/1.1" 200 1272 "-" "Mozilla/5.0 AppleWebKit/537.36 (KHTML, like Gecko; compatible; GPTBot/1.3; +https://openai.com/gptbot)"
57.141.0.27 - - [17/Dec/2025:01:15:56 +0000] "GET /karamba-spielsaal-erfahrungen-angeschlossen-testbericht-werfen-sie-einen-blick-auf-den-link-within-2025-pro-teutonia/?path=//sys/class/pci_bus/0000:06/subsystem/0000:0b/subsystem/0000:12/device/firmware_node/subsystem/devices/device:1a HTTP/1.1" 200 262264 "-" "meta-externalagent/1.1 (+https://developers.facebook.com/docs/sharing/webmasters/crawler)"
54.37.252.212 - - [17/Dec/2025:01:15:56 +0000] "GET /?fileloc=//proc/61/syscall&path=//proc/61 HTTP/1.1" 200 45437 "-" "Mozilla/5.0 (compatible; MJ12bot/v1.4.8; http://mj12bot.com/)"
114.119.153.242 - - [17/Dec/2025:01:15:58 +0000] "GET /zodiac-kasino-erfahrungen-2024-480-bonus-80-freispiele/?path=//sys/dev/char/5:1/subsystem/tty44/subsystem/tty6/subsystem/ttyS12/subsystem/tty13 HTTP/1.1" 200 45438 "https://datainsightnow.com/zodiac-kasino-erfahrungen-2024-480-bonus-80-freispiele/?path=//sys/dev/char/5%3A1/subsystem/tty44/subsystem/tty6/subsystem/ttyS12/subsystem" "Mozilla/5.0 (Linux; Android 7.0;) AppleWebKit/537.36 (KHTML, like Gecko) Mobile Safari/537.36 (compatible; PetalBot;+https://webmaster.petalsearch.com/site/petalbot)"
74.7.241.13 - - [17/Dec/2025:01:15:58 +0000] "GET /index.php?rest_route=%2Foembed%2F1.0%2Fembed&url=https%3A%2F%2Fdatainsightnow.com%2F%3Fp%3D20539 HTTP/1.1" 200 1266 "-" "Mozilla/5.0 AppleWebKit/537.36 (KHTML, like Gecko; compatible; GPTBot/1.3; +https://openai.com/gptbot)"
57.141.0.38 - - [17/Dec/2025:01:16:00 +0000] "GET /2025/03/07/page/6/?path=//sys/class/pci_bus/0000:06/device/driver/0000:00:02.3/driver/0000:00:03.7/driver/0000:00:04.0/pci_bus/0000:12/subsystem HTTP/1.1" 200 262209 "-" "meta-externalagent/1.1 (+https://developers.facebook.com/docs/sharing/webmasters/crawler)"
54.37.252.212 - - [17/Dec/2025:01:16:00 +0000] "GET /?fileloc=//proc/61/timens_offsets&path=//proc/61 HTTP/1.1" 200 45437 "-" "Mozilla/5.0 (compatible; MJ12bot/v1.4.8; http://mj12bot.com/)"
74.7.241.13 - - [17/Dec/2025:01:16:02 +0000] "GET /index.php?rest_route=%2Foembed%2F1.0%2Fembed&url=https%3A%2F%2Fdatainsightnow.com%2F%3Fp%3D29525 HTTP/1.1" 200 1295 "-" "Mozilla/5.0 AppleWebKit/537.36 (KHTML, like Gecko; compatible; GPTBot/1.3; +https://openai.com/gptbot)"
57.141.0.12 - - [17/Dec/2025:01:16:04 +0000] "GET /2025/03/06/page/39/?path=//sys/class/pci_bus/0000:05/subsystem/0000:13/subsystem/0000:05/device/driver/0000:00:03.6/driver/0000:00:03.0/0000:00:03.0:pcie010 HTTP/1.1" 200 262209 "-" "meta-externalagent/1.1 (+https://developers.facebook.com/docs/sharing/webmasters/crawler)"
74.7.241.13 - - [17/Dec/2025:01:16:05 +0000] "GET /index.php?rest_route=%2Foembed%2F1.0%2Fembed&url=https%3A%2F%2Fdatainsightnow.com%2F%3Fp%3D12487 HTTP/1.1" 200 1276 "-" "Mozilla/5.0 AppleWebKit/537.36 (KHTML, like Gecko; compatible; GPTBot/1.3; +https://openai.com/gptbot)"
54.37.252.212 - - [17/Dec/2025:01:16:05 +0000] "GET /?fileloc=//proc/61/timers&path=//proc/61 HTTP/1.1" 200 45437 "-" "Mozilla/5.0 (compatible; MJ12bot/v1.4.8; http://mj12bot.com/)"
57.141.0.37 - - [17/Dec/2025:01:16:05 +0000] "GET /nacin-kako-uporabljate-globe-wagering-najboljsa-knjiga/?fileloc=//proc/self/root/lib/firmware/cirrus/cs35l41-dsp1-spk-cali-103c8a31.wmfw.zst&path=//proc/self/root/lib/firmware/cirrus HTTP/1.1" 200 262248 "-" "meta-externalagent/1.1 (+https://developers.facebook.com/docs/sharing/webmasters/crawler)"
217.113.194.56 - - [17/Dec/2025:01:16:06 +0000] "GET /about/?fileloc=/opt/wpsites/datainsightnow.com/wp-includes/customize/class-wp-customize-themes-panel.php&path=/opt/wpsites/datainsightnow.com/wp-includes/customize HTTP/1.1" 200 45437 "-" "Mozilla/5.0 (compatible; Barkrowler/0.9; +https://babbar.tech/crawler)"
57.141.0.47 - - [17/Dec/2025:01:16:06 +0000] "GET /2025/03/07/page/6/?path=//sys/class/pci_bus/0000:02/subsystem/0000:02/device/pci_bus/0000:02/subsystem/0000:01/subsystem HTTP/1.1" 200 262248 "-" "meta-externalagent/1.1 (+https://developers.facebook.com/docs/sharing/webmasters/crawler)"
74.7.241.13 - - [17/Dec/2025:01:16:08 +0000] "GET /index.php?rest_route=%2Foembed%2F1.0%2Fembed&url=https%3A%2F%2Fdatainsightnow.com%2F%3Fp%3D39544 HTTP/1.1" 200 1302 "-" "Mozilla/5.0 AppleWebKit/537.36 (KHTML, like Gecko; compatible; GPTBot/1.3; +https://openai.com/gptbot)"
54.37.252.212 - - [17/Dec/2025:01:16:09 +0000] "GET /?fileloc=//proc/61/timerslack_ns&path=//proc/61 HTTP/1.1" 200 45437 "-" "Mozilla/5.0 (compatible; MJ12bot/v1.4.8; http://mj12bot.com/)"
57.141.0.62 - - [17/Dec/2025:01:16:10 +0000] "GET /karamba-spielsaal-erfahrungen-angeschlossen-testbericht-werfen-sie-einen-blick-auf-den-link-within-2025-pro-teutonia/?fileloc=//sys/class/pci_bus/0000:09/subsystem/0000:0d/subsystem/0000:0c/subsystem/0000:13/power/runtime_usage&path=//sys/class/pci_bus/0000:09/subsystem/0000:0d/subsystem/0000:0c/subsystem/0000:13/power HTTP/1.1" 200 262209 "-" "meta-externalagent/1.1 (+https://developers.facebook.com/docs/sharing/webmasters/crawler)"
74.7.241.13 - - [17/Dec/2025:01:16:11 +0000] "GET /index.php?rest_route=%2Foembed%2F1.0%2Fembed&url=https%3A%2F%2Fdatainsightnow.com%2F%3Fp%3D12297 HTTP/1.1" 200 1290 "-" "Mozilla/5.0 AppleWebKit/537.36 (KHTML, like Gecko; compatible; GPTBot/1.3; +https://openai.com/gptbot)"
