216.73.216.115 - - [17/Dec/2025:01:22:26 +0000] "GET /entity/600284559.htm/ HTTP/1.1" 200 45437 "https://datainsightnow.com/entity/600284559.htm" "Mozilla/5.0 AppleWebKit/537.36 (KHTML, like Gecko; compatible; ClaudeBot/1.0; +claudebot@anthropic.com)"
57.141.0.49 - - [17/Dec/2025:01:22:27 +0000] "GET /2025/03/07/page/6/?fileloc=//sys/class/pci_bus/0000:01/device/driver/0000:00:03.0/pci_bus/0000:0a/device/driver/0000:00:02.4/power/runtime_status&path=//sys/class/pci_bus/0000:01/device/driver/0000:00:03.0/pci_bus/0000:0a/device/driver/0000:00:02.4/power HTTP/1.1" 200 262209 "-" "meta-externalagent/1.1 (+https://developers.facebook.com/docs/sharing/webmasters/crawler)"
74.7.241.13 - - [17/Dec/2025:01:22:27 +0000] "GET /?cat=1&paged=617 HTTP/1.1" 200 37481 "-" "Mozilla/5.0 AppleWebKit/537.36 (KHTML, like Gecko; compatible; GPTBot/1.3; +https://openai.com/gptbot)"
216.73.216.115 - - [17/Dec/2025:01:22:29 +0000] "GET /entity/600172159.htm HTTP/1.1" 301 5 "-" "Mozilla/5.0 AppleWebKit/537.36 (KHTML, like Gecko; compatible; ClaudeBot/1.0; +claudebot@anthropic.com)"
216.73.216.115 - - [17/Dec/2025:01:22:29 +0000] "GET /entity/600172159.htm/ HTTP/1.1" 200 45437 "https://datainsightnow.com/entity/600172159.htm" "Mozilla/5.0 AppleWebKit/537.36 (KHTML, like Gecko; compatible; ClaudeBot/1.0; +claudebot@anthropic.com)"
74.7.241.13 - - [17/Dec/2025:01:22:30 +0000] "GET /index.php?rest_route=%2Foembed%2F1.0%2Fembed&url=https%3A%2F%2Fdatainsightnow.com%2F%3Fp%3D28741 HTTP/1.1" 200 1293 "-" "Mozilla/5.0 AppleWebKit/537.36 (KHTML, like Gecko; compatible; GPTBot/1.3; +https://openai.com/gptbot)"
154.54.249.198 - - [17/Dec/2025:01:22:30 +0000] "GET /privacy/?fileloc=/opt/wpsites/datainsightnow.com/wp-includes/ID3/module.audio-video.quicktime.php&path=/opt/wpsites/datainsightnow.com/wp-includes/ID3 HTTP/1.1" 200 45437 "-" "Mozilla/5.0 (compatible; Barkrowler/0.9; +https://babbar.tech/crawler)"
216.73.216.115 - - [17/Dec/2025:01:22:32 +0000] "GET /entity/600200121.htm HTTP/1.1" 301 5 "-" "Mozilla/5.0 AppleWebKit/537.36 (KHTML, like Gecko; compatible; ClaudeBot/1.0; +claudebot@anthropic.com)"
216.73.216.115 - - [17/Dec/2025:01:22:32 +0000] "GET /entity/600200121.htm/ HTTP/1.1" 200 45437 "https://datainsightnow.com/entity/600200121.htm" "Mozilla/5.0 AppleWebKit/537.36 (KHTML, like Gecko; compatible; ClaudeBot/1.0; +claudebot@anthropic.com)"
57.141.0.56 - - [17/Dec/2025:01:22:32 +0000] "GET /2025/03/07/page/6/?fileloc=//sys/class/pci_bus/0000:06/subsystem/0000:0c/subsystem/0000:11/device/0000:00:03.7:pcie001/driver/0000:00:02.6:pcie001/subsystem/drivers_autoprobe&path=//sys/class/pci_bus/0000:06/subsystem/0000:0c/subsystem/0000:11/device/0000:00:03.7:pcie001/driver/0000:00:02.6:pcie001/subsystem HTTP/1.1" 200 262248 "-" "meta-externalagent/1.1 (+https://developers.facebook.com/docs/sharing/webmasters/crawler)"
74.7.241.13 - - [17/Dec/2025:01:22:33 +0000] "GET /index.php?rest_route=%2Foembed%2F1.0%2Fembed&url=https%3A%2F%2Fdatainsightnow.com%2F%3Fp%3D23739 HTTP/1.1" 200 1267 "-" "Mozilla/5.0 AppleWebKit/537.36 (KHTML, like Gecko; compatible; GPTBot/1.3; +https://openai.com/gptbot)"
57.141.0.32 - - [17/Dec/2025:01:22:34 +0000] "GET /karamba-spielsaal-erfahrungen-angeschlossen-testbericht-werfen-sie-einen-blick-auf-den-link-within-2025-pro-teutonia/?fileloc=//sys/class/pci_bus/0000:01/subsystem/0000:0d/subsystem/0000:06/subsystem/0000:0b/device/current_link_width&path=//sys/class/pci_bus/0000:01/subsystem/0000:0d/subsystem/0000:06/subsystem/0000:0b/device HTTP/1.1" 200 262248 "-" "meta-externalagent/1.1 (+https://developers.facebook.com/docs/sharing/webmasters/crawler)"
216.73.216.115 - - [17/Dec/2025:01:22:35 +0000] "GET /entity/600174482.htm HTTP/1.1" 301 5 "-" "Mozilla/5.0 AppleWebKit/537.36 (KHTML, like Gecko; compatible; ClaudeBot/1.0; +claudebot@anthropic.com)"
216.73.216.115 - - [17/Dec/2025:01:22:35 +0000] "GET /entity/600174482.htm/ HTTP/1.1" 200 45437 "https://datainsightnow.com/entity/600174482.htm" "Mozilla/5.0 AppleWebKit/537.36 (KHTML, like Gecko; compatible; ClaudeBot/1.0; +claudebot@anthropic.com)"
57.141.0.52 - - [17/Dec/2025:01:22:35 +0000] "GET /2025/03/07/page/6/?path=//sys/class/pci_bus/0000:06/subsystem/0000:0f/subsystem/0000:09/device/subsystem/devices/0000:00:04.0/driver/0000:00:02.2/0000:04:00.0 HTTP/1.1" 200 262264 "-" "meta-externalagent/1.1 (+https://developers.facebook.com/docs/sharing/webmasters/crawler)"
74.7.241.13 - - [17/Dec/2025:01:22:36 +0000] "GET /index.php?rest_route=%2Foembed%2F1.0%2Fembed&url=https%3A%2F%2Fdatainsightnow.com%2F%3Fp%3D47367 HTTP/1.1" 200 1357 "-" "Mozilla/5.0 AppleWebKit/537.36 (KHTML, like Gecko; compatible; GPTBot/1.3; +https://openai.com/gptbot)"
216.73.216.115 - - [17/Dec/2025:01:22:38 +0000] "GET /entity/600333514.htm HTTP/1.1" 301 5 "-" "Mozilla/5.0 AppleWebKit/537.36 (KHTML, like Gecko; compatible; ClaudeBot/1.0; +claudebot@anthropic.com)"
216.73.216.115 - - [17/Dec/2025:01:22:38 +0000] "GET /entity/600333514.htm/ HTTP/1.1" 200 45437 "https://datainsightnow.com/entity/600333514.htm" "Mozilla/5.0 AppleWebKit/537.36 (KHTML, like Gecko; compatible; ClaudeBot/1.0; +claudebot@anthropic.com)"
57.141.0.33 - - [17/Dec/2025:01:22:39 +0000] "GET /karamba-spielsaal-erfahrungen-angeschlossen-testbericht-werfen-sie-einen-blick-auf-den-link-within-2025-pro-teutonia/?path=//sys/class/pci_bus/0000:0f/subsystem/0000:0d/subsystem/0000:08/subsystem/0000:02/subsystem/0000:06/subsystem/0000:04 HTTP/1.1" 200 262255 "-" "meta-externalagent/1.1 (+https://developers.facebook.com/docs/sharing/webmasters/crawler)"
74.7.241.13 - - [17/Dec/2025:01:22:39 +0000] "GET /index.php?rest_route=%2Foembed%2F1.0%2Fembed&url=https%3A%2F%2Fdatainsightnow.com%2F%3Fp%3D31029 HTTP/1.1" 200 1300 "-" "Mozilla/5.0 AppleWebKit/537.36 (KHTML, like Gecko; compatible; GPTBot/1.3; +https://openai.com/gptbot)"
216.73.216.115 - - [17/Dec/2025:01:22:41 +0000] "GET /entity/600171123.htm HTTP/1.1" 301 5 "-" "Mozilla/5.0 AppleWebKit/537.36 (KHTML, like Gecko; compatible; ClaudeBot/1.0; +claudebot@anthropic.com)"
57.141.0.26 - - [17/Dec/2025:01:22:41 +0000] "GET /2025/03/07/page/6/?fileloc=//sys/class/pci_bus/0000:11/subsystem/0000:0b/subsystem/0000:03/subsystem/0000:02/subsystem/0000:0a/power/runtime_status&path=//sys/class/pci_bus/0000:11/subsystem/0000:0b/subsystem/0000:03/subsystem/0000:02/subsystem/0000:0a/power HTTP/1.1" 200 262216 "-" "meta-externalagent/1.1 (+https://developers.facebook.com/docs/sharing/webmasters/crawler)"
216.73.216.115 - - [17/Dec/2025:01:22:41 +0000] "GET /entity/600171123.htm/ HTTP/1.1" 200 45437 "https://datainsightnow.com/entity/600171123.htm" "Mozilla/5.0 AppleWebKit/537.36 (KHTML, like Gecko; compatible; ClaudeBot/1.0; +claudebot@anthropic.com)"
74.7.241.13 - - [17/Dec/2025:01:22:43 +0000] "GET /index.php?rest_route=%2Foembed%2F1.0%2Fembed&url=https%3A%2F%2Fdatainsightnow.com%2F%3Fp%3D14697 HTTP/1.1" 200 1304 "-" "Mozilla/5.0 AppleWebKit/537.36 (KHTML, like Gecko; compatible; GPTBot/1.3; +https://openai.com/gptbot)"
216.73.216.115 - - [17/Dec/2025:01:22:44 +0000] "GET /entity/600264614.htm HTTP/1.1" 301 5 "-" "Mozilla/5.0 AppleWebKit/537.36 (KHTML, like Gecko; compatible; ClaudeBot/1.0; +claudebot@anthropic.com)"
216.73.216.115 - - [17/Dec/2025:01:22:44 +0000] "GET /entity/600264614.htm/ HTTP/1.1" 200 45437 "https://datainsightnow.com/entity/600264614.htm" "Mozilla/5.0 AppleWebKit/537.36 (KHTML, like Gecko; compatible; ClaudeBot/1.0; +claudebot@anthropic.com)"
57.141.0.73 - - [17/Dec/2025:01:22:45 +0000] "GET /karamba-spielsaal-erfahrungen-angeschlossen-testbericht-werfen-sie-einen-blick-auf-den-link-within-2025-pro-teutonia/?fileloc=//sys/class/pci_bus/0000:04/device/pci_bus/0000:04/device/0000:04:00.0/subsystem/drivers/pcieport/0000:00:03.0/aer_dev_nonfatal&path=//sys/class/pci_bus/0000:04/device/pci_bus/0000:04/device/0000:04:00.0/subsystem/drivers/pcieport/0000:00:03.0 HTTP/1.1" 200 262248 "-" "meta-externalagent/1.1 (+https://developers.facebook.com/docs/sharing/webmasters/crawler)"
74.7.241.13 - - [17/Dec/2025:01:22:46 +0000] "GET /index.php?rest_route=%2Foembed%2F1.0%2Fembed&url=https%3A%2F%2Fdatainsightnow.com%2F%3Fp%3D40683 HTTP/1.1" 200 1285 "-" "Mozilla/5.0 AppleWebKit/537.36 (KHTML, like Gecko; compatible; GPTBot/1.3; +https://openai.com/gptbot)"
57.141.0.24 - - [17/Dec/2025:01:22:47 +0000] "GET /karamba-spielsaal-erfahrungen-angeschlossen-testbericht-werfen-sie-einen-blick-auf-den-link-within-2025-pro-teutonia/?path=//sys/class/pci_bus/0000:06/subsystem/0000:05/subsystem/0000:00/subsystem/0000:0b/subsystem/0000:0d/subsystem/0000:0c HTTP/1.1" 200 262209 "-" "meta-externalagent/1.1 (+https://developers.facebook.com/docs/sharing/webmasters/crawler)"
216.73.216.115 - - [17/Dec/2025:01:22:47 +0000] "GET /entity/600328848.htm HTTP/1.1" 301 5 "-" "Mozilla/5.0 AppleWebKit/537.36 (KHTML, like Gecko; compatible; ClaudeBot/1.0; +claudebot@anthropic.com)"
57.141.0.76 - - [17/Dec/2025:01:22:47 +0000] "GET /moneysense-self-help-guide-to-the-ideal-profile/?fileloc=//sys/class/pci_bus/0000:0f/subsystem/0000:0b/subsystem/0000:04/device/driver/0000:00:02.2/0000:04:00.0/driver/0000:04:00.0/uevent&path=//sys/class/pci_bus/0000:0f/subsystem/0000:0b/subsystem/0000:04/device/driver/0000:00:02.2/0000:04:00.0/driver/0000:04:00.0 HTTP/1.1" 200 262264 "-" "meta-externalagent/1.1 (+https://developers.facebook.com/docs/sharing/webmasters/crawler)"
216.73.216.115 - - [17/Dec/2025:01:22:47 +0000] "GET /entity/600328848.htm/ HTTP/1.1" 200 45437 "https://datainsightnow.com/entity/600328848.htm" "Mozilla/5.0 AppleWebKit/537.36 (KHTML, like Gecko; compatible; ClaudeBot/1.0; +claudebot@anthropic.com)"
217.113.194.56 - - [17/Dec/2025:01:22:48 +0000] "GET /privacy/?fileloc=/opt/wpsites/datainsightnow.com/wp-includes/ID3/module.audio-video.riff.php&path=/opt/wpsites/datainsightnow.com/wp-includes/ID3 HTTP/1.1" 200 45437 "-" "Mozilla/5.0 (compatible; Barkrowler/0.9; +https://babbar.tech/crawler)"
74.7.241.13 - - [17/Dec/2025:01:22:49 +0000] "GET /index.php?rest_route=%2Foembed%2F1.0%2Fembed&url=https%3A%2F%2Fdatainsightnow.com%2F%3Fp%3D14645 HTTP/1.1" 200 1289 "-" "Mozilla/5.0 AppleWebKit/537.36 (KHTML, like Gecko; compatible; GPTBot/1.3; +https://openai.com/gptbot)"
57.141.0.78 - - [17/Dec/2025:01:22:49 +0000] "GET /karamba-spielsaal-erfahrungen-angeschlossen-testbericht-werfen-sie-einen-blick-auf-den-link-within-2025-pro-teutonia/?fileloc=//sys/class/pci_bus/0000:06/subsystem/0000:04/subsystem/0000:06/subsystem/0000:12/subsystem/0000:04/device/driver/0000:00:04.0/aer_rootport_total_err_fatal&path=//sys/class/pci_bus/0000:06/subsystem/0000:04/subsystem/0000:06/subsystem/0000:12/subsystem/0000:04/device/driver/0000:00:04.0 HTTP/1.1" 200 262209 "-" "meta-externalagent/1.1 (+https://developers.facebook.com/docs/sharing/webmasters/crawler)"
57.141.0.62 - - [17/Dec/2025:01:22:49 +0000] "GET /2025/03/07/page/6/?path=//sys/class/pci_bus/0000:0f/subsystem/0000:02/device/driver/0000:00:04.0/pci_bus/0000:12/subsystem/0000:12/subsystem/0000:0a HTTP/1.1" 200 262248 "-" "meta-externalagent/1.1 (+https://developers.facebook.com/docs/sharing/webmasters/crawler)"
66.135.21.75 - - [17/Dec/2025:01:22:50 +0000] "POST /wp-cron.php?doing_wp_cron=1765934570.0562729835510253906250 HTTP/1.1" 200 31 "-" "WordPress/6.3.1; https://datainsightnow.com"
216.73.216.115 - - [17/Dec/2025:01:22:50 +0000] "GET /entity/600154286.htm HTTP/1.1" 301 5 "-" "Mozilla/5.0 AppleWebKit/537.36 (KHTML, like Gecko; compatible; ClaudeBot/1.0; +claudebot@anthropic.com)"
216.73.216.115 - - [17/Dec/2025:01:22:50 +0000] "GET /entity/600154286.htm/ HTTP/1.1" 200 45437 "https://datainsightnow.com/entity/600154286.htm" "Mozilla/5.0 AppleWebKit/537.36 (KHTML, like Gecko; compatible; ClaudeBot/1.0; +claudebot@anthropic.com)"
57.141.0.32 - - [17/Dec/2025:01:22:51 +0000] "GET /2025/03/07/page/6/?fileloc=//sys/class/pci_bus/0000:0d/subsystem/0000:02/subsystem/0000:0e/device/driver/0000:00:04.0/local_cpulist&path=//sys/class/pci_bus/0000:0d/subsystem/0000:02/subsystem/0000:0e/device/driver/0000:00:04.0 HTTP/1.1" 200 262248 "-" "meta-externalagent/1.1 (+https://developers.facebook.com/docs/sharing/webmasters/crawler)"
57.141.0.78 - - [17/Dec/2025:01:22:51 +0000] "GET /2025/03/07/page/6/?fileloc=//sys/class/pci_bus/0000:05/subsystem/0000:08/subsystem/0000:01/subsystem/0000:0c/subsystem/0000:00/device/0000:00:02.6/class&path=//sys/class/pci_bus/0000:05/subsystem/0000:08/subsystem/0000:01/subsystem/0000:0c/subsystem/0000:00/device/0000:00:02.6 HTTP/1.1" 200 262264 "-" "meta-externalagent/1.1 (+https://developers.facebook.com/docs/sharing/webmasters/crawler)"
216.73.216.115 - - [17/Dec/2025:01:22:53 +0000] "GET /entity/600321855.htm HTTP/1.1" 301 5 "-" "Mozilla/5.0 AppleWebKit/537.36 (KHTML, like Gecko; compatible; ClaudeBot/1.0; +claudebot@anthropic.com)"
216.73.216.115 - - [17/Dec/2025:01:22:53 +0000] "GET /entity/600321855.htm/ HTTP/1.1" 200 45437 "https://datainsightnow.com/entity/600321855.htm" "Mozilla/5.0 AppleWebKit/537.36 (KHTML, like Gecko; compatible; ClaudeBot/1.0; +claudebot@anthropic.com)"
216.73.216.115 - - [17/Dec/2025:01:22:56 +0000] "GET /entity/600372619.htm HTTP/1.1" 301 5 "-" "Mozilla/5.0 AppleWebKit/537.36 (KHTML, like Gecko; compatible; ClaudeBot/1.0; +claudebot@anthropic.com)"
74.7.241.13 - - [17/Dec/2025:01:22:56 +0000] "GET /?p=14497 HTTP/1.1" 200 43288 "-" "Mozilla/5.0 AppleWebKit/537.36 (KHTML, like Gecko; compatible; GPTBot/1.3; +https://openai.com/gptbot)"
216.73.216.115 - - [17/Dec/2025:01:22:56 +0000] "GET /entity/600372619.htm/ HTTP/1.1" 200 45437 "https://datainsightnow.com/entity/600372619.htm" "Mozilla/5.0 AppleWebKit/537.36 (KHTML, like Gecko; compatible; ClaudeBot/1.0; +claudebot@anthropic.com)"
57.141.0.4 - - [17/Dec/2025:01:22:58 +0000] "GET /2025/03/06/page/39/?path=//sys/class/pci_bus/0000:05/subsystem/0000:13/subsystem/0000:0a/subsystem/0000:0d/subsystem/0000:0c HTTP/1.1" 200 262216 "-" "meta-externalagent/1.1 (+https://developers.facebook.com/docs/sharing/webmasters/crawler)"
216.73.216.115 - - [17/Dec/2025:01:22:59 +0000] "GET /entity/600232237.htm HTTP/1.1" 301 5 "-" "Mozilla/5.0 AppleWebKit/537.36 (KHTML, like Gecko; compatible; ClaudeBot/1.0; +claudebot@anthropic.com)"
216.73.216.115 - - [17/Dec/2025:01:22:59 +0000] "GET /entity/600232237.htm/ HTTP/1.1" 200 45437 "https://datainsightnow.com/entity/600232237.htm" "Mozilla/5.0 AppleWebKit/537.36 (KHTML, like Gecko; compatible; ClaudeBot/1.0; +claudebot@anthropic.com)"
74.7.241.13 - - [17/Dec/2025:01:22:59 +0000] "GET /?cat=1&paged=616 HTTP/1.1" 200 37341 "-" "Mozilla/5.0 AppleWebKit/537.36 (KHTML, like Gecko; compatible; GPTBot/1.3; +https://openai.com/gptbot)"
57.141.0.20 - - [17/Dec/2025:01:23:00 +0000] "GET /karamba-spielsaal-erfahrungen-angeschlossen-testbericht-werfen-sie-einen-blick-auf-den-link-within-2025-pro-teutonia/?path=//sys/class/pci_bus/0000:06/subsystem/0000:0b/subsystem/0000:0a/subsystem/0000:01/subsystem/0000:09/subsystem/0000:06/subsystem/0000:05 HTTP/1.1" 200 262209 "-" "meta-externalagent/1.1 (+https://developers.facebook.com/docs/sharing/webmasters/crawler)"
114.119.159.33 - - [17/Dec/2025:01:23:00 +0000] "GET /zodiac-kasino-erfahrungen-2024-480-bonus-80-freispiele/?path=//sys/dev/char/5:1/subsystem/tty44/subsystem/tty6/subsystem/tty8 HTTP/1.1" 200 45438 "https://datainsightnow.com/zodiac-kasino-erfahrungen-2024-480-bonus-80-freispiele/?path=//sys/dev/char/5%3A1/subsystem/tty44/subsystem/tty6/subsystem" "Mozilla/5.0 (Linux; Android 7.0;) AppleWebKit/537.36 (KHTML, like Gecko) Mobile Safari/537.36 (compatible; PetalBot;+https://webmaster.petalsearch.com/site/petalbot)"
216.73.216.115 - - [17/Dec/2025:01:23:02 +0000] "GET /entity/600328071.htm HTTP/1.1" 301 5 "-" "Mozilla/5.0 AppleWebKit/537.36 (KHTML, like Gecko; compatible; ClaudeBot/1.0; +claudebot@anthropic.com)"
74.7.241.13 - - [17/Dec/2025:01:23:02 +0000] "GET /index.php?rest_route=%2Foembed%2F1.0%2Fembed&url=https%3A%2F%2Fdatainsightnow.com%2F%3Fp%3D36573 HTTP/1.1" 200 1299 "-" "Mozilla/5.0 AppleWebKit/537.36 (KHTML, like Gecko; compatible; GPTBot/1.3; +https://openai.com/gptbot)"
216.73.216.115 - - [17/Dec/2025:01:23:02 +0000] "GET /entity/600328071.htm/ HTTP/1.1" 200 45437 "https://datainsightnow.com/entity/600328071.htm" "Mozilla/5.0 AppleWebKit/537.36 (KHTML, like Gecko; compatible; ClaudeBot/1.0; +claudebot@anthropic.com)"
57.141.0.45 - - [17/Dec/2025:01:23:03 +0000] "GET /moneysense-self-help-guide-to-the-ideal-profile/?path=//sys/class/pci_bus/0000:00/subsystem/0000:01/subsystem/0000:0b/subsystem/0000:0c/subsystem/0000:03 HTTP/1.1" 200 262216 "-" "meta-externalagent/1.1 (+https://developers.facebook.com/docs/sharing/webmasters/crawler)"
74.7.241.13 - - [17/Dec/2025:01:23:03 +0000] "GET /index.php?rest_route=%2Foembed%2F1.0%2Fembed&url=https%3A%2F%2Fdatainsightnow.com%2F%3Fp%3D46337 HTTP/1.1" 200 1368 "-" "Mozilla/5.0 AppleWebKit/537.36 (KHTML, like Gecko; compatible; GPTBot/1.3; +https://openai.com/gptbot)"
57.141.0.43 - - [17/Dec/2025:01:23:04 +0000] "GET /2025/03/07/page/6/?fileloc=//sys/class/pci_bus/0000:05/subsystem/0000:09/subsystem/0000:0b/subsystem/0000:06/device/driver/0000:00:03.4/config&path=//sys/class/pci_bus/0000:05/subsystem/0000:09/subsystem/0000:0b/subsystem/0000:06/device/driver/0000:00:03.4 HTTP/1.1" 200 262209 "-" "meta-externalagent/1.1 (+https://developers.facebook.com/docs/sharing/webmasters/crawler)"
217.113.194.55 - - [17/Dec/2025:01:23:04 +0000] "GET /privacy/?fileloc=/opt/wpsites/datainsightnow.com/wp-includes/ID3/module.tag.id3v1.php&path=/opt/wpsites/datainsightnow.com/wp-includes/ID3 HTTP/1.1" 200 45437 "-" "Mozilla/5.0 (compatible; Barkrowler/0.9; +https://babbar.tech/crawler)"
57.141.0.27 - - [17/Dec/2025:01:23:05 +0000] "GET /2025/03/07/page/6/?fileloc=//sys/class/pci_bus/0000:05/subsystem/0000:01/subsystem/0000:12/device/driver/0000:00:02.5/driver/0000:00:02.2/subsystem/rescan&path=//sys/class/pci_bus/0000:05/subsystem/0000:01/subsystem/0000:12/device/driver/0000:00:02.5/driver/0000:00:02.2/subsystem HTTP/1.1" 200 262264 "-" "meta-externalagent/1.1 (+https://developers.facebook.com/docs/sharing/webmasters/crawler)"
57.141.0.15 - - [17/Dec/2025:01:23:05 +0000] "GET /2025/03/07/page/6/?path=//sys/class/pci_bus/0000:0d/subsystem/0000:04/device/driver/0000:00:02.1/0000:02:00.0/firmware_node/subsystem HTTP/1.1" 200 262264 "-" "meta-externalagent/1.1 (+https://developers.facebook.com/docs/sharing/webmasters/crawler)"
216.73.216.115 - - [17/Dec/2025:01:23:05 +0000] "GET /entity/600292847.htm HTTP/1.1" 301 5 "-" "Mozilla/5.0 AppleWebKit/537.36 (KHTML, like Gecko; compatible; ClaudeBot/1.0; +claudebot@anthropic.com)"
216.73.216.115 - - [17/Dec/2025:01:23:06 +0000] "GET /entity/600292847.htm/ HTTP/1.1" 200 45437 "https://datainsightnow.com/entity/600292847.htm" "Mozilla/5.0 AppleWebKit/537.36 (KHTML, like Gecko; compatible; ClaudeBot/1.0; +claudebot@anthropic.com)"
74.7.241.13 - - [17/Dec/2025:01:23:06 +0000] "GET /index.php?rest_route=%2Foembed%2F1.0%2Fembed&url=https%3A%2F%2Fdatainsightnow.com%2F%3Fp%3D17818 HTTP/1.1" 200 1284 "-" "Mozilla/5.0 AppleWebKit/537.36 (KHTML, like Gecko; compatible; GPTBot/1.3; +https://openai.com/gptbot)"
57.141.0.20 - - [17/Dec/2025:01:23:06 +0000] "GET /2025/03/07/page/6/?fileloc=//sys/class/pci_bus/0000:05/subsystem/0000:08/subsystem/0000:07/device/driver/0000:00:02.1/dma_mask_bits&path=//sys/class/pci_bus/0000:05/subsystem/0000:08/subsystem/0000:07/device/driver/0000:00:02.1 HTTP/1.1" 200 262264 "-" "meta-externalagent/1.1 (+https://developers.facebook.com/docs/sharing/webmasters/crawler)"
216.73.216.115 - - [17/Dec/2025:01:23:08 +0000] "GET /entity/600288703.htm HTTP/1.1" 301 5 "-" "Mozilla/5.0 AppleWebKit/537.36 (KHTML, like Gecko; compatible; ClaudeBot/1.0; +claudebot@anthropic.com)"
216.73.216.115 - - [17/Dec/2025:01:23:09 +0000] "GET /entity/600288703.htm/ HTTP/1.1" 200 45437 "https://datainsightnow.com/entity/600288703.htm" "Mozilla/5.0 AppleWebKit/537.36 (KHTML, like Gecko; compatible; ClaudeBot/1.0; +claudebot@anthropic.com)"
74.7.241.13 - - [17/Dec/2025:01:23:09 +0000] "GET /index.php?rest_route=%2Foembed%2F1.0%2Fembed&url=https%3A%2F%2Fdatainsightnow.com%2F%3Fp%3D11348 HTTP/1.1" 200 1283 "-" "Mozilla/5.0 AppleWebKit/537.36 (KHTML, like Gecko; compatible; GPTBot/1.3; +https://openai.com/gptbot)"
57.141.0.19 - - [17/Dec/2025:01:23:10 +0000] "GET /2025/03/07/page/6/?path=//sys/class/pci_bus/0000:08/device/driver/0000:00:02.5/firmware_node/subsystem/devices/device:16/subsystem/devices/device:22 HTTP/1.1" 200 262209 "-" "meta-externalagent/1.1 (+https://developers.facebook.com/docs/sharing/webmasters/crawler)"
216.73.216.115 - - [17/Dec/2025:01:23:11 +0000] "GET /entity/600246490.htm HTTP/1.1" 301 5 "-" "Mozilla/5.0 AppleWebKit/537.36 (KHTML, like Gecko; compatible; ClaudeBot/1.0; +claudebot@anthropic.com)"
216.73.216.115 - - [17/Dec/2025:01:23:12 +0000] "GET /entity/600246490.htm/ HTTP/1.1" 200 45437 "https://datainsightnow.com/entity/600246490.htm" "Mozilla/5.0 AppleWebKit/537.36 (KHTML, like Gecko; compatible; ClaudeBot/1.0; +claudebot@anthropic.com)"
74.7.241.13 - - [17/Dec/2025:01:23:12 +0000] "GET /index.php?rest_route=%2Foembed%2F1.0%2Fembed&url=https%3A%2F%2Fdatainsightnow.com%2F%3Fp%3D33075 HTTP/1.1" 200 1277 "-" "Mozilla/5.0 AppleWebKit/537.36 (KHTML, like Gecko; compatible; GPTBot/1.3; +https://openai.com/gptbot)"
57.141.0.51 - - [17/Dec/2025:01:23:13 +0000] "GET /2025/03/07/page/6/?fileloc=//sys/class/pci_bus/0000:07/subsystem/0000:00/device/0000:00:02.7/0000:09:00.0/local_cpulist&path=//sys/class/pci_bus/0000:07/subsystem/0000:00/device/0000:00:02.7/0000:09:00.0 HTTP/1.1" 200 262264 "-" "meta-externalagent/1.1 (+https://developers.facebook.com/docs/sharing/webmasters/crawler)"
57.141.0.24 - - [17/Dec/2025:01:23:14 +0000] "GET /2025/03/07/page/6/?path=//sys/class/pci_bus/0000:05/subsystem/0000:02/device/driver/0000:00:02.0/driver/0000:00:03.5/0000:00:03.5:pcie010/subsystem/devices HTTP/1.1" 200 262216 "-" "meta-externalagent/1.1 (+https://developers.facebook.com/docs/sharing/webmasters/crawler)"
216.73.216.115 - - [17/Dec/2025:01:23:14 +0000] "GET /entity/600288444.htm HTTP/1.1" 301 5 "-" "Mozilla/5.0 AppleWebKit/537.36 (KHTML, like Gecko; compatible; ClaudeBot/1.0; +claudebot@anthropic.com)"
216.73.216.115 - - [17/Dec/2025:01:23:15 +0000] "GET /entity/600288444.htm/ HTTP/1.1" 200 45437 "https://datainsightnow.com/entity/600288444.htm" "Mozilla/5.0 AppleWebKit/537.36 (KHTML, like Gecko; compatible; ClaudeBot/1.0; +claudebot@anthropic.com)"
74.7.241.13 - - [17/Dec/2025:01:23:15 +0000] "GET /index.php?rest_route=%2Foembed%2F1.0%2Fembed&url=https%3A%2F%2Fdatainsightnow.com%2F%3Fp%3D36403 HTTP/1.1" 200 1234 "-" "Mozilla/5.0 AppleWebKit/537.36 (KHTML, like Gecko; compatible; GPTBot/1.3; +https://openai.com/gptbot)"
157.55.39.203 - - [17/Dec/2025:01:23:17 +0000] "GET /267237234?entity=0266205690 HTTP/1.1" 200 33413 "-" "Mozilla/5.0 AppleWebKit/537.36 (KHTML, like Gecko; compatible; bingbot/2.0; +http://www.bing.com/bingbot.htm) Chrome/116.0.1938.76 Safari/537.36"
216.73.216.115 - - [17/Dec/2025:01:23:17 +0000] "GET /entity/600244669.htm HTTP/1.1" 301 5 "-" "Mozilla/5.0 AppleWebKit/537.36 (KHTML, like Gecko; compatible; ClaudeBot/1.0; +claudebot@anthropic.com)"
216.73.216.115 - - [17/Dec/2025:01:23:18 +0000] "GET /entity/600244669.htm/ HTTP/1.1" 200 45437 "https://datainsightnow.com/entity/600244669.htm" "Mozilla/5.0 AppleWebKit/537.36 (KHTML, like Gecko; compatible; ClaudeBot/1.0; +claudebot@anthropic.com)"
74.7.241.13 - - [17/Dec/2025:01:23:19 +0000] "GET /index.php?rest_route=%2Foembed%2F1.0%2Fembed&url=https%3A%2F%2Fdatainsightnow.com%2F%3Fp%3D27363 HTTP/1.1" 200 1282 "-" "Mozilla/5.0 AppleWebKit/537.36 (KHTML, like Gecko; compatible; GPTBot/1.3; +https://openai.com/gptbot)"
216.73.216.115 - - [17/Dec/2025:01:23:20 +0000] "GET /entity/600302695.htm HTTP/1.1" 301 5 "-" "Mozilla/5.0 AppleWebKit/537.36 (KHTML, like Gecko; compatible; ClaudeBot/1.0; +claudebot@anthropic.com)"
57.141.0.69 - - [17/Dec/2025:01:23:21 +0000] "GET /2025/03/06/page/39/?fileloc=//sys/class/pci_bus/0000:0c/subsystem/0000:0e/device/driver/0000:00:03.2/driver/0000:00:03.1/reset_subordinate&path=//sys/class/pci_bus/0000:0c/subsystem/0000:0e/device/driver/0000:00:03.2/driver/0000:00:03.1 HTTP/1.1" 200 262215 "-" "meta-externalagent/1.1 (+https://developers.facebook.com/docs/sharing/webmasters/crawler)"
216.73.216.115 - - [17/Dec/2025:01:23:21 +0000] "GET /entity/600302695.htm/ HTTP/1.1" 200 45437 "https://datainsightnow.com/entity/600302695.htm" "Mozilla/5.0 AppleWebKit/537.36 (KHTML, like Gecko; compatible; ClaudeBot/1.0; +claudebot@anthropic.com)"
57.141.0.30 - - [17/Dec/2025:01:23:21 +0000] "GET /karamba-spielsaal-erfahrungen-angeschlossen-testbericht-werfen-sie-einen-blick-auf-den-link-within-2025-pro-teutonia/?path=//sys/class/pci_bus/0000:04/subsystem/0000:05/subsystem/0000:03/subsystem/0000:0d/device/driver/0000:00:02.7/firmware_node/physical_node HTTP/1.1" 200 262217 "-" "meta-externalagent/1.1 (+https://developers.facebook.com/docs/sharing/webmasters/crawler)"
74.7.241.13 - - [17/Dec/2025:01:23:22 +0000] "GET /index.php?rest_route=%2Foembed%2F1.0%2Fembed&url=https%3A%2F%2Fdatainsightnow.com%2F%3Fp%3D34779 HTTP/1.1" 200 1290 "-" "Mozilla/5.0 AppleWebKit/537.36 (KHTML, like Gecko; compatible; GPTBot/1.3; +https://openai.com/gptbot)"
217.113.194.54 - - [17/Dec/2025:01:23:22 +0000] "GET /privacy/?fileloc=/opt/wpsites/datainsightnow.com/wp-includes/assets/script-loader-react-refresh-entry.min.php&path=/opt/wpsites/datainsightnow.com/wp-includes/assets HTTP/1.1" 200 45437 "-" "Mozilla/5.0 (compatible; Barkrowler/0.9; +https://babbar.tech/crawler)"
216.73.216.115 - - [17/Dec/2025:01:23:23 +0000] "GET /entity/600290775.htm HTTP/1.1" 301 5 "-" "Mozilla/5.0 AppleWebKit/537.36 (KHTML, like Gecko; compatible; ClaudeBot/1.0; +claudebot@anthropic.com)"
216.73.216.115 - - [17/Dec/2025:01:23:24 +0000] "GET /entity/600290775.htm/ HTTP/1.1" 200 45437 "https://datainsightnow.com/entity/600290775.htm" "Mozilla/5.0 AppleWebKit/537.36 (KHTML, like Gecko; compatible; ClaudeBot/1.0; +claudebot@anthropic.com)"
74.7.241.13 - - [17/Dec/2025:01:23:25 +0000] "GET /index.php?rest_route=%2Foembed%2F1.0%2Fembed&url=https%3A%2F%2Fdatainsightnow.com%2F%3Fp%3D37607 HTTP/1.1" 200 1311 "-" "Mozilla/5.0 AppleWebKit/537.36 (KHTML, like Gecko; compatible; GPTBot/1.3; +https://openai.com/gptbot)"
57.141.0.34 - - [17/Dec/2025:01:23:26 +0000] "GET /karamba-spielsaal-erfahrungen-angeschlossen-testbericht-werfen-sie-einen-blick-auf-den-link-within-2025-pro-teutonia/?fileloc=//sys/class/pci_bus/0000:05/device/driver/0000:00:02.4/driver/0000:00:02.4/driver/0000:00:02.0/local_cpus&path=//sys/class/pci_bus/0000:05/device/driver/0000:00:02.4/driver/0000:00:02.4/driver/0000:00:02.0 HTTP/1.1" 200 262264 "-" "meta-externalagent/1.1 (+https://developers.facebook.com/docs/sharing/webmasters/crawler)"
216.73.216.115 - - [17/Dec/2025:01:23:26 +0000] "GET /entity/600153501.htm HTTP/1.1" 301 5 "-" "Mozilla/5.0 AppleWebKit/537.36 (KHTML, like Gecko; compatible; ClaudeBot/1.0; +claudebot@anthropic.com)"
216.73.216.115 - - [17/Dec/2025:01:23:27 +0000] "GET /entity/600153501.htm/ HTTP/1.1" 200 45437 "https://datainsightnow.com/entity/600153501.htm" "Mozilla/5.0 AppleWebKit/537.36 (KHTML, like Gecko; compatible; ClaudeBot/1.0; +claudebot@anthropic.com)"
74.7.241.13 - - [17/Dec/2025:01:23:28 +0000] "GET /index.php?rest_route=%2Foembed%2F1.0%2Fembed&url=https%3A%2F%2Fdatainsightnow.com%2F%3Fp%3D15160 HTTP/1.1" 200 1291 "-" "Mozilla/5.0 AppleWebKit/537.36 (KHTML, like Gecko; compatible; GPTBot/1.3; +https://openai.com/gptbot)"
57.141.0.3 - - [17/Dec/2025:01:23:28 +0000] "GET /2025/03/07/page/6/?fileloc=//sys/class/pci_bus/0000:06/subsystem/0000:05/device/driver/0000:00:02.6/msi_irqs/30&path=//sys/class/pci_bus/0000:06/subsystem/0000:05/device/driver/0000:00:02.6/msi_irqs HTTP/1.1" 200 262209 "-" "meta-externalagent/1.1 (+https://developers.facebook.com/docs/sharing/webmasters/crawler)"
216.73.216.115 - - [17/Dec/2025:01:23:29 +0000] "GET /entity/600228615.htm HTTP/1.1" 301 5 "-" "Mozilla/5.0 AppleWebKit/537.36 (KHTML, like Gecko; compatible; ClaudeBot/1.0; +claudebot@anthropic.com)"
216.73.216.115 - - [17/Dec/2025:01:23:30 +0000] "GET /entity/600228615.htm/ HTTP/1.1" 200 45437 "https://datainsightnow.com/entity/600228615.htm" "Mozilla/5.0 AppleWebKit/537.36 (KHTML, like Gecko; compatible; ClaudeBot/1.0; +claudebot@anthropic.com)"
57.141.0.1 - - [17/Dec/2025:01:23:31 +0000] "GET /2025/03/07/page/6/?path=//sys/class/pci_bus/0000:0b/subsystem/0000:13/subsystem/0000:02/device/driver/0000:00:03.3/subsystem/devices/0000:00:02.2/pci_bus HTTP/1.1" 200 262264 "-" "meta-externalagent/1.1 (+https://developers.facebook.com/docs/sharing/webmasters/crawler)"
74.7.241.13 - - [17/Dec/2025:01:23:31 +0000] "GET /?p=14495 HTTP/1.1" 200 43814 "-" "Mozilla/5.0 AppleWebKit/537.36 (KHTML, like Gecko; compatible; GPTBot/1.3; +https://openai.com/gptbot)"
216.73.216.115 - - [17/Dec/2025:01:23:32 +0000] "GET /entity/600313306.htm HTTP/1.1" 301 5 "-" "Mozilla/5.0 AppleWebKit/537.36 (KHTML, like Gecko; compatible; ClaudeBot/1.0; +claudebot@anthropic.com)"
57.141.0.65 - - [17/Dec/2025:01:23:33 +0000] "GET /karamba-spielsaal-erfahrungen-angeschlossen-testbericht-werfen-sie-einen-blick-auf-den-link-within-2025-pro-teutonia/?path=//sys/class/pci_bus/0000:08/subsystem/0000:0f/device/pci_bus/0000:0f/subsystem/0000:0b/device/0000:00:03.1:pcie001/driver/0000:00:03.4:pcie001 HTTP/1.1" 200 262264 "-" "meta-externalagent/1.1 (+https://developers.facebook.com/docs/sharing/webmasters/crawler)"
57.141.0.47 - - [17/Dec/2025:01:23:33 +0000] "GET /karamba-spielsaal-erfahrungen-angeschlossen-testbericht-werfen-sie-einen-blick-auf-den-link-within-2025-pro-teutonia/?path=//sys/class/pci_bus/0000:06/subsystem/0000:0b/subsystem/0000:0a/subsystem/0000:01/subsystem/0000:11/device/firmware_node/physical_node HTTP/1.1" 200 262217 "-" "meta-externalagent/1.1 (+https://developers.facebook.com/docs/sharing/webmasters/crawler)"
216.73.216.115 - - [17/Dec/2025:01:23:33 +0000] "GET /entity/600313306.htm/ HTTP/1.1" 200 45437 "https://datainsightnow.com/entity/600313306.htm" "Mozilla/5.0 AppleWebKit/537.36 (KHTML, like Gecko; compatible; ClaudeBot/1.0; +claudebot@anthropic.com)"
74.7.241.13 - - [17/Dec/2025:01:23:34 +0000] "GET /?cat=1&paged=615 HTTP/1.1" 200 37885 "-" "Mozilla/5.0 AppleWebKit/537.36 (KHTML, like Gecko; compatible; GPTBot/1.3; +https://openai.com/gptbot)"
57.141.0.38 - - [17/Dec/2025:01:23:35 +0000] "GET /2025/03/13/?fileloc=//sys/class/pci_bus/0000:0d/subsystem/0000:09/device/driver/0000:00:04.0/0000:00:04.0:pcie001/driver/0000:00:03.5:pcie001/uevent&path=//sys/class/pci_bus/0000:0d/subsystem/0000:09/device/driver/0000:00:04.0/0000:00:04.0:pcie001/driver/0000:00:03.5:pcie001 HTTP/1.1" 200 262248 "-" "meta-externalagent/1.1 (+https://developers.facebook.com/docs/sharing/webmasters/crawler)"
216.73.216.115 - - [17/Dec/2025:01:23:35 +0000] "GET /entity/600204787.htm HTTP/1.1" 301 5 "-" "Mozilla/5.0 AppleWebKit/537.36 (KHTML, like Gecko; compatible; ClaudeBot/1.0; +claudebot@anthropic.com)"
216.73.216.115 - - [17/Dec/2025:01:23:36 +0000] "GET /entity/600204787.htm/ HTTP/1.1" 200 45437 "https://datainsightnow.com/entity/600204787.htm" "Mozilla/5.0 AppleWebKit/537.36 (KHTML, like Gecko; compatible; ClaudeBot/1.0; +claudebot@anthropic.com)"
74.7.241.13 - - [17/Dec/2025:01:23:38 +0000] "GET /index.php?rest_route=%2Foembed%2F1.0%2Fembed&url=https%3A%2F%2Fdatainsightnow.com%2F%3Fp%3D39967 HTTP/1.1" 200 1297 "-" "Mozilla/5.0 AppleWebKit/537.36 (KHTML, like Gecko; compatible; GPTBot/1.3; +https://openai.com/gptbot)"
216.73.216.115 - - [17/Dec/2025:01:23:38 +0000] "GET /entity/600219293.htm HTTP/1.1" 301 5 "-" "Mozilla/5.0 AppleWebKit/537.36 (KHTML, like Gecko; compatible; ClaudeBot/1.0; +claudebot@anthropic.com)"
217.113.194.56 - - [17/Dec/2025:01:23:38 +0000] "GET /privacy/?fileloc=/opt/wpsites/datainsightnow.com/wp-includes/assets/script-loader-react-refresh-entry.php&path=/opt/wpsites/datainsightnow.com/wp-includes/assets HTTP/1.1" 200 45437 "-" "Mozilla/5.0 (compatible; Barkrowler/0.9; +https://babbar.tech/crawler)"
216.73.216.115 - - [17/Dec/2025:01:23:39 +0000] "GET /entity/600219293.htm/ HTTP/1.1" 200 45437 "https://datainsightnow.com/entity/600219293.htm" "Mozilla/5.0 AppleWebKit/537.36 (KHTML, like Gecko; compatible; ClaudeBot/1.0; +claudebot@anthropic.com)"
74.7.241.13 - - [17/Dec/2025:01:23:41 +0000] "GET /index.php?rest_route=%2Foembed%2F1.0%2Fembed&url=https%3A%2F%2Fdatainsightnow.com%2F%3Fp%3D20771 HTTP/1.1" 200 1281 "-" "Mozilla/5.0 AppleWebKit/537.36 (KHTML, like Gecko; compatible; GPTBot/1.3; +https://openai.com/gptbot)"
216.73.216.115 - - [17/Dec/2025:01:23:41 +0000] "GET /entity/600162835.htm HTTP/1.1" 301 5 "-" "Mozilla/5.0 AppleWebKit/537.36 (KHTML, like Gecko; compatible; ClaudeBot/1.0; +claudebot@anthropic.com)"
216.73.216.115 - - [17/Dec/2025:01:23:42 +0000] "GET /entity/600162835.htm/ HTTP/1.1" 200 45437 "https://datainsightnow.com/entity/600162835.htm" "Mozilla/5.0 AppleWebKit/537.36 (KHTML, like Gecko; compatible; ClaudeBot/1.0; +claudebot@anthropic.com)"
57.141.0.17 - - [17/Dec/2025:01:23:42 +0000] "GET /2025/03/07/page/6/?fileloc=//sys/class/pci_bus/0000:05/subsystem/0000:00/device/0000:00:02.7/subsystem/devices/0000:00:04.0/current_link_width&path=//sys/class/pci_bus/0000:05/subsystem/0000:00/device/0000:00:02.7/subsystem/devices/0000:00:04.0 HTTP/1.1" 200 262264 "-" "meta-externalagent/1.1 (+https://developers.facebook.com/docs/sharing/webmasters/crawler)"
57.141.0.68 - - [17/Dec/2025:01:23:43 +0000] "GET /karamba-spielsaal-erfahrungen-angeschlossen-testbericht-werfen-sie-einen-blick-auf-den-link-within-2025-pro-teutonia/?fileloc=//sys/class/pci_bus/0000:0e/subsystem/0000:05/device/driver/0000:00:03.1/driver/0000:00:02.0/0000:01:00.0/reset&path=//sys/class/pci_bus/0000:0e/subsystem/0000:05/device/driver/0000:00:03.1/driver/0000:00:02.0/0000:01:00.0 HTTP/1.1" 200 262209 "-" "meta-externalagent/1.1 (+https://developers.facebook.com/docs/sharing/webmasters/crawler)"
74.7.241.13 - - [17/Dec/2025:01:23:44 +0000] "GET /index.php?rest_route=%2Foembed%2F1.0%2Fembed&url=https%3A%2F%2Fdatainsightnow.com%2F%3Fp%3D46721 HTTP/1.1" 200 1398 "-" "Mozilla/5.0 AppleWebKit/537.36 (KHTML, like Gecko; compatible; GPTBot/1.3; +https://openai.com/gptbot)"
216.73.216.115 - - [17/Dec/2025:01:23:44 +0000] "GET /entity/600294921.htm HTTP/1.1" 301 5 "-" "Mozilla/5.0 AppleWebKit/537.36 (KHTML, like Gecko; compatible; ClaudeBot/1.0; +claudebot@anthropic.com)"
57.141.0.52 - - [17/Dec/2025:01:23:45 +0000] "GET /karamba-spielsaal-erfahrungen-angeschlossen-testbericht-werfen-sie-einen-blick-auf-den-link-within-2025-pro-teutonia/?fileloc=//sys/class/pci_bus/0000:08/subsystem/0000:0c/subsystem/0000:01/subsystem/0000:13/device/current_link_width&path=//sys/class/pci_bus/0000:08/subsystem/0000:0c/subsystem/0000:01/subsystem/0000:13/device HTTP/1.1" 200 262209 "-" "meta-externalagent/1.1 (+https://developers.facebook.com/docs/sharing/webmasters/crawler)"
216.73.216.115 - - [17/Dec/2025:01:23:45 +0000] "GET /entity/600294921.htm/ HTTP/1.1" 200 45437 "https://datainsightnow.com/entity/600294921.htm" "Mozilla/5.0 AppleWebKit/537.36 (KHTML, like Gecko; compatible; ClaudeBot/1.0; +claudebot@anthropic.com)"
74.7.241.13 - - [17/Dec/2025:01:23:47 +0000] "GET /index.php?rest_route=%2Foembed%2F1.0%2Fembed&url=https%3A%2F%2Fdatainsightnow.com%2F%3Fp%3D16014 HTTP/1.1" 200 1342 "-" "Mozilla/5.0 AppleWebKit/537.36 (KHTML, like Gecko; compatible; GPTBot/1.3; +https://openai.com/gptbot)"
216.73.216.115 - - [17/Dec/2025:01:23:47 +0000] "GET /entity/600248562.htm HTTP/1.1" 301 5 "-" "Mozilla/5.0 AppleWebKit/537.36 (KHTML, like Gecko; compatible; ClaudeBot/1.0; +claudebot@anthropic.com)"
216.73.216.115 - - [17/Dec/2025:01:23:48 +0000] "GET /entity/600248562.htm/ HTTP/1.1" 200 45437 "https://datainsightnow.com/entity/600248562.htm" "Mozilla/5.0 AppleWebKit/537.36 (KHTML, like Gecko; compatible; ClaudeBot/1.0; +claudebot@anthropic.com)"
57.141.0.36 - - [17/Dec/2025:01:23:48 +0000] "GET /karamba-spielsaal-erfahrungen-angeschlossen-testbericht-werfen-sie-einen-blick-auf-den-link-within-2025-pro-teutonia/?fileloc=//sys/class/pci_bus/0000:06/subsystem/0000:04/subsystem/0000:07/subsystem/0000:0e/subsystem/0000:0f/device/driver/0000:00:02.2/remove&path=//sys/class/pci_bus/0000:06/subsystem/0000:04/subsystem/0000:07/subsystem/0000:0e/subsystem/0000:0f/device/driver/0000:00:02.2 HTTP/1.1" 200 262264 "-" "meta-externalagent/1.1 (+https://developers.facebook.com/docs/sharing/webmasters/crawler)"
66.135.21.75 - - [17/Dec/2025:01:23:50 +0000] "POST /wp-cron.php?doing_wp_cron=1765934630.4562389850616455078125 HTTP/1.1" 200 31 "-" "WordPress/6.3.1; https://datainsightnow.com"
74.7.241.13 - - [17/Dec/2025:01:23:50 +0000] "GET /index.php?rest_route=%2Foembed%2F1.0%2Fembed&url=https%3A%2F%2Fdatainsightnow.com%2F%3Fp%3D43245 HTTP/1.1" 200 1293 "-" "Mozilla/5.0 AppleWebKit/537.36 (KHTML, like Gecko; compatible; GPTBot/1.3; +https://openai.com/gptbot)"
216.73.216.115 - - [17/Dec/2025:01:23:51 +0000] "GET /entity/600257111.htm HTTP/1.1" 301 5 "-" "Mozilla/5.0 AppleWebKit/537.36 (KHTML, like Gecko; compatible; ClaudeBot/1.0; +claudebot@anthropic.com)"
216.73.216.115 - - [17/Dec/2025:01:23:51 +0000] "GET /entity/600257111.htm/ HTTP/1.1" 200 45437 "https://datainsightnow.com/entity/600257111.htm" "Mozilla/5.0 AppleWebKit/537.36 (KHTML, like Gecko; compatible; ClaudeBot/1.0; +claudebot@anthropic.com)"
74.7.241.13 - - [17/Dec/2025:01:23:53 +0000] "GET /index.php?rest_route=%2Foembed%2F1.0%2Fembed&url=https%3A%2F%2Fdatainsightnow.com%2F%3Fp%3D14910 HTTP/1.1" 200 1296 "-" "Mozilla/5.0 AppleWebKit/537.36 (KHTML, like Gecko; compatible; GPTBot/1.3; +https://openai.com/gptbot)"
57.141.0.17 - - [17/Dec/2025:01:23:53 +0000] "GET /2025/03/07/page/6/?fileloc=//sys/class/pci_bus/0000:0a/subsystem/0000:0b/subsystem/0000:05/device/driver/0000:00:03.4/max_link_width&path=//sys/class/pci_bus/0000:0a/subsystem/0000:0b/subsystem/0000:05/device/driver/0000:00:03.4 HTTP/1.1" 200 262264 "-" "meta-externalagent/1.1 (+https://developers.facebook.com/docs/sharing/webmasters/crawler)"
216.73.216.115 - - [17/Dec/2025:01:23:54 +0000] "GET /entity/600333251.htm HTTP/1.1" 301 5 "-" "Mozilla/5.0 AppleWebKit/537.36 (KHTML, like Gecko; compatible; ClaudeBot/1.0; +claudebot@anthropic.com)"
217.113.194.59 - - [17/Dec/2025:01:23:55 +0000] "GET /privacy/?fileloc=/opt/wpsites/datainsightnow.com/wp-includes/js/customize-preview-nav-menus.min.js&path=/opt/wpsites/datainsightnow.com/wp-includes/js HTTP/1.1" 200 45437 "-" "Mozilla/5.0 (compatible; Barkrowler/0.9; +https://babbar.tech/crawler)"
216.73.216.115 - - [17/Dec/2025:01:23:55 +0000] "GET /entity/600333251.htm/ HTTP/1.1" 200 45437 "https://datainsightnow.com/entity/600333251.htm" "Mozilla/5.0 AppleWebKit/537.36 (KHTML, like Gecko; compatible; ClaudeBot/1.0; +claudebot@anthropic.com)"
57.141.0.69 - - [17/Dec/2025:01:23:55 +0000] "GET /2025/03/07/page/6/?fileloc=//sys/class/pci_bus/0000:05/subsystem/0000:05/subsystem/0000:0f/subsystem/0000:01/subsystem/0000:08/subsystem/0000:0e/rescan&path=//sys/class/pci_bus/0000:05/subsystem/0000:05/subsystem/0000:0f/subsystem/0000:01/subsystem/0000:08/subsystem/0000:0e HTTP/1.1" 200 262215 "-" "meta-externalagent/1.1 (+https://developers.facebook.com/docs/sharing/webmasters/crawler)"
57.141.0.28 - - [17/Dec/2025:01:23:55 +0000] "GET /karamba-spielsaal-erfahrungen-angeschlossen-testbericht-werfen-sie-einen-blick-auf-den-link-within-2025-pro-teutonia/?fileloc=//sys/class/pci_bus/0000:11/subsystem/0000:0d/subsystem/0000:0c/subsystem/0000:05/device/0000:05:00.0/local_cpulist&path=//sys/class/pci_bus/0000:11/subsystem/0000:0d/subsystem/0000:0c/subsystem/0000:05/device/0000:05:00.0 HTTP/1.1" 200 262264 "-" "meta-externalagent/1.1 (+https://developers.facebook.com/docs/sharing/webmasters/crawler)"
74.7.241.13 - - [17/Dec/2025:01:23:56 +0000] "GET /index.php?rest_route=%2Foembed%2F1.0%2Fembed&url=https%3A%2F%2Fdatainsightnow.com%2F%3Fp%3D30471 HTTP/1.1" 200 1341 "-" "Mozilla/5.0 AppleWebKit/537.36 (KHTML, like Gecko; compatible; GPTBot/1.3; +https://openai.com/gptbot)"
216.73.216.115 - - [17/Dec/2025:01:23:57 +0000] "GET /entity/600175781.htm HTTP/1.1" 301 5 "-" "Mozilla/5.0 AppleWebKit/537.36 (KHTML, like Gecko; compatible; ClaudeBot/1.0; +claudebot@anthropic.com)"
216.73.216.115 - - [17/Dec/2025:01:23:57 +0000] "GET /entity/600175781.htm/ HTTP/1.1" 200 45437 "https://datainsightnow.com/entity/600175781.htm" "Mozilla/5.0 AppleWebKit/537.36 (KHTML, like Gecko; compatible; ClaudeBot/1.0; +claudebot@anthropic.com)"
74.7.241.13 - - [17/Dec/2025:01:23:59 +0000] "GET /index.php?rest_route=%2Foembed%2F1.0%2Fembed&url=https%3A%2F%2Fdatainsightnow.com%2F%3Fp%3D30167 HTTP/1.1" 200 1265 "-" "Mozilla/5.0 AppleWebKit/537.36 (KHTML, like Gecko; compatible; GPTBot/1.3; +https://openai.com/gptbot)"
216.73.216.115 - - [17/Dec/2025:01:24:00 +0000] "GET /entity/600145476.htm HTTP/1.1" 301 5 "-" "Mozilla/5.0 AppleWebKit/537.36 (KHTML, like Gecko; compatible; ClaudeBot/1.0; +claudebot@anthropic.com)"
57.141.0.2 - - [17/Dec/2025:01:24:00 +0000] "GET /2025/03/07/page/6/?fileloc=//sys/class/pci_bus/0000:08/subsystem/0000:04/subsystem/0000:0e/subsystem/0000:10/cpuaffinity&path=//sys/class/pci_bus/0000:08/subsystem/0000:04/subsystem/0000:0e/subsystem/0000:10 HTTP/1.1" 200 262264 "-" "meta-externalagent/1.1 (+https://developers.facebook.com/docs/sharing/webmasters/crawler)"
216.73.216.115 - - [17/Dec/2025:01:24:00 +0000] "GET /entity/600145476.htm/ HTTP/1.1" 200 45437 "https://datainsightnow.com/entity/600145476.htm" "Mozilla/5.0 AppleWebKit/537.36 (KHTML, like Gecko; compatible; ClaudeBot/1.0; +claudebot@anthropic.com)"
74.7.241.13 - - [17/Dec/2025:01:24:02 +0000] "GET /?p=14493 HTTP/1.1" 200 42152 "-" "Mozilla/5.0 AppleWebKit/537.36 (KHTML, like Gecko; compatible; GPTBot/1.3; +https://openai.com/gptbot)"
216.73.216.115 - - [17/Dec/2025:01:24:03 +0000] "GET /entity/600307090.htm HTTP/1.1" 301 5 "-" "Mozilla/5.0 AppleWebKit/537.36 (KHTML, like Gecko; compatible; ClaudeBot/1.0; +claudebot@anthropic.com)"
216.73.216.115 - - [17/Dec/2025:01:24:03 +0000] "GET /entity/600307090.htm/ HTTP/1.1" 200 45437 "https://datainsightnow.com/entity/600307090.htm" "Mozilla/5.0 AppleWebKit/537.36 (KHTML, like Gecko; compatible; ClaudeBot/1.0; +claudebot@anthropic.com)"
57.141.0.10 - - [17/Dec/2025:01:24:05 +0000] "GET /karamba-spielsaal-erfahrungen-angeschlossen-testbericht-werfen-sie-einen-blick-auf-den-link-within-2025-pro-teutonia/?fileloc=//sys/class/pci_bus/0000:0e/device/driver/0000:00:02.1/driver/0000:00:02.3/subsystem/drivers/pcieport/0000:00:03.3/device&path=//sys/class/pci_bus/0000:0e/device/driver/0000:00:02.1/driver/0000:00:02.3/subsystem/drivers/pcieport/0000:00:03.3 HTTP/1.1" 200 262215 "-" "meta-externalagent/1.1 (+https://developers.facebook.com/docs/sharing/webmasters/crawler)"
216.73.216.115 - - [17/Dec/2025:01:24:06 +0000] "GET /entity/600173195.htm HTTP/1.1" 301 5 "-" "Mozilla/5.0 AppleWebKit/537.36 (KHTML, like Gecko; compatible; ClaudeBot/1.0; +claudebot@anthropic.com)"
216.73.216.115 - - [17/Dec/2025:01:24:06 +0000] "GET /entity/600173195.htm/ HTTP/1.1" 200 45437 "https://datainsightnow.com/entity/600173195.htm" "Mozilla/5.0 AppleWebKit/537.36 (KHTML, like Gecko; compatible; ClaudeBot/1.0; +claudebot@anthropic.com)"
57.141.0.42 - - [17/Dec/2025:01:24:07 +0000] "GET /2025/03/07/page/6/?path=//sys/class/pci_bus/0000:0b/subsystem/0000:05/subsystem/0000:0b/subsystem/0000:13/device/power HTTP/1.1" 200 262209 "-" "meta-externalagent/1.1 (+https://developers.facebook.com/docs/sharing/webmasters/crawler)"
216.73.216.115 - - [17/Dec/2025:01:24:09 +0000] "GET /entity/600305532.htm HTTP/1.1" 301 5 "-" "Mozilla/5.0 AppleWebKit/537.36 (KHTML, like Gecko; compatible; ClaudeBot/1.0; +claudebot@anthropic.com)"
216.73.216.115 - - [17/Dec/2025:01:24:09 +0000] "GET /entity/600305532.htm/ HTTP/1.1" 200 45437 "https://datainsightnow.com/entity/600305532.htm" "Mozilla/5.0 AppleWebKit/537.36 (KHTML, like Gecko; compatible; ClaudeBot/1.0; +claudebot@anthropic.com)"
66.249.77.98 - - [17/Dec/2025:01:24:10 +0000] "GET /entity/683569376.htm HTTP/1.1" 200 29920 "-" "Mozilla/5.0 (Linux; Android 6.0.1; Nexus 5X Build/MMB29P) AppleWebKit/537.36 (KHTML, like Gecko) Chrome/141.0.7390.122 Mobile Safari/537.36 (compatible; Googlebot/2.1; +http://www.google.com/bot.html)"
57.141.0.12 - - [17/Dec/2025:01:24:10 +0000] "GET /2025/03/05/page/6/?fileloc=//sys/class/pci_bus/0000:02/device/driver/0000:00:02.0/subsystem/devices/0000:00:02.0/0000:00:02.0:pcie002/uevent&path=//sys/class/pci_bus/0000:02/device/driver/0000:00:02.0/subsystem/devices/0000:00:02.0/0000:00:02.0:pcie002 HTTP/1.1" 200 262217 "-" "meta-externalagent/1.1 (+https://developers.facebook.com/docs/sharing/webmasters/crawler)"
57.141.0.14 - - [17/Dec/2025:01:24:11 +0000] "GET /karamba-spielsaal-erfahrungen-angeschlossen-testbericht-werfen-sie-einen-blick-auf-den-link-within-2025-pro-teutonia/?fileloc=//sys/class/pci_bus/0000:03/subsystem/0000:11/subsystem/0000:04/device/driver/0000:00:03.1/aer_dev_fatal&path=//sys/class/pci_bus/0000:03/subsystem/0000:11/subsystem/0000:04/device/driver/0000:00:03.1 HTTP/1.1" 200 262264 "-" "meta-externalagent/1.1 (+https://developers.facebook.com/docs/sharing/webmasters/crawler)"
216.73.216.115 - - [17/Dec/2025:01:24:12 +0000] "GET /entity/600233795.htm HTTP/1.1" 301 5 "-" "Mozilla/5.0 AppleWebKit/537.36 (KHTML, like Gecko; compatible; ClaudeBot/1.0; +claudebot@anthropic.com)"
216.73.216.115 - - [17/Dec/2025:01:24:12 +0000] "GET /entity/600233795.htm/ HTTP/1.1" 200 45437 "https://datainsightnow.com/entity/600233795.htm" "Mozilla/5.0 AppleWebKit/537.36 (KHTML, like Gecko; compatible; ClaudeBot/1.0; +claudebot@anthropic.com)"
217.113.194.53 - - [17/Dec/2025:01:24:13 +0000] "GET /privacy/?fileloc=/opt/wpsites/datainsightnow.com/wp-includes/js/swfupload/license.txt&path=/opt/wpsites/datainsightnow.com/wp-includes/js/swfupload HTTP/1.1" 200 45437 "-" "Mozilla/5.0 (compatible; Barkrowler/0.9; +https://babbar.tech/crawler)"
57.141.0.24 - - [17/Dec/2025:01:24:13 +0000] "GET /karamba-spielsaal-erfahrungen-angeschlossen-testbericht-werfen-sie-einen-blick-auf-den-link-within-2025-pro-teutonia/?path=//sys/class/pci_bus/0000:07/subsystem/0000:01/device/0000:01:00.0 HTTP/1.1" 200 262248 "-" "meta-externalagent/1.1 (+https://developers.facebook.com/docs/sharing/webmasters/crawler)"
216.73.216.115 - - [17/Dec/2025:01:24:15 +0000] "GET /entity/600160239.htm HTTP/1.1" 301 5 "-" "Mozilla/5.0 AppleWebKit/537.36 (KHTML, like Gecko; compatible; ClaudeBot/1.0; +claudebot@anthropic.com)"
216.73.216.115 - - [17/Dec/2025:01:24:15 +0000] "GET /entity/600160239.htm/ HTTP/1.1" 200 45437 "https://datainsightnow.com/entity/600160239.htm" "Mozilla/5.0 AppleWebKit/537.36 (KHTML, like Gecko; compatible; ClaudeBot/1.0; +claudebot@anthropic.com)"
74.7.241.13 - - [17/Dec/2025:01:24:16 +0000] "GET /?cat=1&paged=614 HTTP/1.1" 200 37518 "-" "Mozilla/5.0 AppleWebKit/537.36 (KHTML, like Gecko; compatible; GPTBot/1.3; +https://openai.com/gptbot)"
57.141.0.23 - - [17/Dec/2025:01:24:16 +0000] "GET /2025/03/07/page/6/?fileloc=//sys/class/pci_bus/0000:0a/subsystem/0000:0d/subsystem/0000:0d/subsystem/0000:02/subsystem/0000:11/power/autosuspend_delay_ms&path=//sys/class/pci_bus/0000:0a/subsystem/0000:0d/subsystem/0000:0d/subsystem/0000:02/subsystem/0000:11/power HTTP/1.1" 200 262209 "-" "meta-externalagent/1.1 (+https://developers.facebook.com/docs/sharing/webmasters/crawler)"
74.7.241.13 - - [17/Dec/2025:01:24:16 +0000] "GET /index.php?rest_route=%2Foembed%2F1.0%2Fembed&url=https%3A%2F%2Fdatainsightnow.com%2F%3Fp%3D41165 HTTP/1.1" 200 1276 "-" "Mozilla/5.0 AppleWebKit/537.36 (KHTML, like Gecko; compatible; GPTBot/1.3; +https://openai.com/gptbot)"
57.141.0.49 - - [17/Dec/2025:01:24:17 +0000] "GET /2025/03/07/page/6/?path=//sys/class/pci_bus/0000:0f/subsystem/0000:11/device/driver/0000:00:04.0/driver/0000:00:04.1/driver/0000:00:04.1/0000:00:04.1:pcie002 HTTP/1.1" 200 262264 "-" "meta-externalagent/1.1 (+https://developers.facebook.com/docs/sharing/webmasters/crawler)"
216.73.216.115 - - [17/Dec/2025:01:24:18 +0000] "GET /entity/600324441.htm HTTP/1.1" 301 5 "-" "Mozilla/5.0 AppleWebKit/537.36 (KHTML, like Gecko; compatible; ClaudeBot/1.0; +claudebot@anthropic.com)"
216.73.216.115 - - [17/Dec/2025:01:24:18 +0000] "GET /entity/600324441.htm/ HTTP/1.1" 200 45437 "https://datainsightnow.com/entity/600324441.htm" "Mozilla/5.0 AppleWebKit/537.36 (KHTML, like Gecko; compatible; ClaudeBot/1.0; +claudebot@anthropic.com)"
74.7.241.13 - - [17/Dec/2025:01:24:19 +0000] "GET /index.php?rest_route=%2Foembed%2F1.0%2Fembed&url=https%3A%2F%2Fdatainsightnow.com%2F%3Fp%3D44913 HTTP/1.1" 200 1292 "-" "Mozilla/5.0 AppleWebKit/537.36 (KHTML, like Gecko; compatible; GPTBot/1.3; +https://openai.com/gptbot)"
57.141.0.62 - - [17/Dec/2025:01:24:19 +0000] "GET /2025/03/07/page/6/?fileloc=//sys/class/pci_bus/0000:05/subsystem/0000:12/device/driver/0000:00:02.1/0000:02:00.0/subsystem/drivers/pcieport/0000:00:03.1/driver_override&path=//sys/class/pci_bus/0000:05/subsystem/0000:12/device/driver/0000:00:02.1/0000:02:00.0/subsystem/drivers/pcieport/0000:00:03.1 HTTP/1.1" 200 262264 "-" "meta-externalagent/1.1 (+https://developers.facebook.com/docs/sharing/webmasters/crawler)"
216.73.216.115 - - [17/Dec/2025:01:24:21 +0000] "GET /entity/600149879.htm HTTP/1.1" 301 5 "-" "Mozilla/5.0 AppleWebKit/537.36 (KHTML, like Gecko; compatible; ClaudeBot/1.0; +claudebot@anthropic.com)"
216.73.216.115 - - [17/Dec/2025:01:24:21 +0000] "GET /entity/600149879.htm/ HTTP/1.1" 200 45437 "https://datainsightnow.com/entity/600149879.htm" "Mozilla/5.0 AppleWebKit/537.36 (KHTML, like Gecko; compatible; ClaudeBot/1.0; +claudebot@anthropic.com)"
