154.54.249.198 - - [17/Dec/2025:00:58:51 +0000] "GET /register/?fileloc=//lib/firmware/cirrus/cs35l41-dsp1-spk-cali-104314e3.wmfw.zst&path=//lib/firmware/cirrus HTTP/1.1" 200 45437 "-" "Mozilla/5.0 (compatible; Barkrowler/0.9; +https://babbar.tech/crawler)"
216.73.216.115 - - [17/Dec/2025:00:58:52 +0000] "GET /entity/102011559.htm HTTP/1.1" 301 5 "-" "Mozilla/5.0 AppleWebKit/537.36 (KHTML, like Gecko; compatible; ClaudeBot/1.0; +claudebot@anthropic.com)"
216.73.216.115 - - [17/Dec/2025:00:58:52 +0000] "GET /entity/102011559.htm/ HTTP/1.1" 200 45437 "https://datainsightnow.com/entity/102011559.htm" "Mozilla/5.0 AppleWebKit/537.36 (KHTML, like Gecko; compatible; ClaudeBot/1.0; +claudebot@anthropic.com)"
57.141.0.26 - - [17/Dec/2025:00:58:52 +0000] "GET /2025/03/07/page/6/?fileloc=//sys/class/pci_bus/0000:06/device/driver/0000:00:03.7/firmware_node/subsystem/devices/device:27/physical_node/usb1/version&path=//sys/class/pci_bus/0000:06/device/driver/0000:00:03.7/firmware_node/subsystem/devices/device:27/physical_node/usb1 HTTP/1.1" 200 262264 "-" "meta-externalagent/1.1 (+https://developers.facebook.com/docs/sharing/webmasters/crawler)"
216.73.216.115 - - [17/Dec/2025:00:58:54 +0000] "GET /entity/102142609.htm HTTP/1.1" 301 5 "-" "Mozilla/5.0 AppleWebKit/537.36 (KHTML, like Gecko; compatible; ClaudeBot/1.0; +claudebot@anthropic.com)"
216.73.216.115 - - [17/Dec/2025:00:58:55 +0000] "GET /entity/102142609.htm/ HTTP/1.1" 200 45437 "https://datainsightnow.com/entity/102142609.htm" "Mozilla/5.0 AppleWebKit/537.36 (KHTML, like Gecko; compatible; ClaudeBot/1.0; +claudebot@anthropic.com)"
57.141.0.65 - - [17/Dec/2025:00:58:55 +0000] "GET /2025/03/07/page/6/?path=//sys/class/pci_bus/0000:06/subsystem/0000:0d/subsystem/0000:01/subsystem/0000:03/subsystem/0000:02/subsystem HTTP/1.1" 200 262264 "-" "meta-externalagent/1.1 (+https://developers.facebook.com/docs/sharing/webmasters/crawler)"
216.73.216.115 - - [17/Dec/2025:00:58:57 +0000] "GET /entity/102067493.htm HTTP/1.1" 301 5 "-" "Mozilla/5.0 AppleWebKit/537.36 (KHTML, like Gecko; compatible; ClaudeBot/1.0; +claudebot@anthropic.com)"
57.141.0.35 - - [17/Dec/2025:00:58:58 +0000] "GET /karamba-spielsaal-erfahrungen-angeschlossen-testbericht-werfen-sie-einen-blick-auf-den-link-within-2025-pro-teutonia/?fileloc=//sys/class/pci_bus/0000:13/subsystem/0000:02/device/firmware_node/device:05/device:18/power/runtime_active_time&path=//sys/class/pci_bus/0000:13/subsystem/0000:02/device/firmware_node/device:05/device:18/power HTTP/1.1" 200 262209 "-" "meta-externalagent/1.1 (+https://developers.facebook.com/docs/sharing/webmasters/crawler)"
216.73.216.115 - - [17/Dec/2025:00:58:58 +0000] "GET /entity/102067493.htm/ HTTP/1.1" 200 45437 "https://datainsightnow.com/entity/102067493.htm" "Mozilla/5.0 AppleWebKit/537.36 (KHTML, like Gecko; compatible; ClaudeBot/1.0; +claudebot@anthropic.com)"
216.73.216.115 - - [17/Dec/2025:00:59:00 +0000] "GET /entity/102179120.htm HTTP/1.1" 301 5 "-" "Mozilla/5.0 AppleWebKit/537.36 (KHTML, like Gecko; compatible; ClaudeBot/1.0; +claudebot@anthropic.com)"
57.141.0.37 - - [17/Dec/2025:00:59:00 +0000] "GET /2025/03/07/page/6/?fileloc=//sys/class/pci_bus/0000:05/subsystem/0000:0c/device/driver/0000:00:02.1/driver/0000:00:02.5/driver/0000:00:02.0/modalias&path=//sys/class/pci_bus/0000:05/subsystem/0000:0c/device/driver/0000:00:02.1/driver/0000:00:02.5/driver/0000:00:02.0 HTTP/1.1" 200 262209 "-" "meta-externalagent/1.1 (+https://developers.facebook.com/docs/sharing/webmasters/crawler)"
216.73.216.115 - - [17/Dec/2025:00:59:01 +0000] "GET /entity/102179120.htm/ HTTP/1.1" 200 45437 "https://datainsightnow.com/entity/102179120.htm" "Mozilla/5.0 AppleWebKit/537.36 (KHTML, like Gecko; compatible; ClaudeBot/1.0; +claudebot@anthropic.com)"
66.249.77.99 - - [17/Dec/2025:00:59:01 +0000] "GET /entity/143841085.htm HTTP/1.1" 200 30604 "-" "Mozilla/5.0 (Linux; Android 6.0.1; Nexus 5X Build/MMB29P) AppleWebKit/537.36 (KHTML, like Gecko) Chrome/141.0.7390.122 Mobile Safari/537.36 (compatible; Googlebot/2.1; +http://www.google.com/bot.html)"
216.73.216.115 - - [17/Dec/2025:00:59:03 +0000] "GET /entity/102122664.htm HTTP/1.1" 301 5 "-" "Mozilla/5.0 AppleWebKit/537.36 (KHTML, like Gecko; compatible; ClaudeBot/1.0; +claudebot@anthropic.com)"
57.141.0.58 - - [17/Dec/2025:00:59:04 +0000] "GET /2025/03/07/page/6/?path=//sys/class/pci_bus/0000:05/subsystem/0000:0c/device/0000:00:03.2:pcie002/subsystem/devices/0000:00:02.0:pcie002/driver/0000:00:03.1:pcie002 HTTP/1.1" 200 262209 "-" "meta-externalagent/1.1 (+https://developers.facebook.com/docs/sharing/webmasters/crawler)"
57.141.0.13 - - [17/Dec/2025:00:59:05 +0000] "GET /karamba-spielsaal-erfahrungen-angeschlossen-testbericht-werfen-sie-einen-blick-auf-den-link-within-2025-pro-teutonia/?path=//sys/class/pci_bus/0000:06/subsystem/0000:07/device/driver/0000:00:02.5/firmware_node/physical_node/driver/0000:00:02.1/driver/0000:00:02.7/msi_irqs HTTP/1.1" 200 262215 "-" "meta-externalagent/1.1 (+https://developers.facebook.com/docs/sharing/webmasters/crawler)"
216.73.216.115 - - [17/Dec/2025:00:59:05 +0000] "GET /entity/102122664.htm/ HTTP/1.1" 200 45437 "https://datainsightnow.com/entity/102122664.htm" "Mozilla/5.0 AppleWebKit/537.36 (KHTML, like Gecko; compatible; ClaudeBot/1.0; +claudebot@anthropic.com)"
57.141.0.13 - - [17/Dec/2025:00:59:05 +0000] "GET /karamba-spielsaal-erfahrungen-angeschlossen-testbericht-werfen-sie-einen-blick-auf-den-link-within-2025-pro-teutonia/?path=//sys/class/pci_bus/0000:0b/subsystem/0000:01/subsystem/0000:07/subsystem/0000:0d/subsystem/0000:06/device/0000:00:02.4:pcie010 HTTP/1.1" 200 262264 "-" "meta-externalagent/1.1 (+https://developers.facebook.com/docs/sharing/webmasters/crawler)"
57.141.0.15 - - [17/Dec/2025:00:59:05 +0000] "GET /2025/03/06/page/39/?path=//sys/class/pci_bus/0000:13/subsystem/0000:0c/subsystem/0000:05/subsystem/0000:0e/power HTTP/1.1" 200 262264 "-" "meta-externalagent/1.1 (+https://developers.facebook.com/docs/sharing/webmasters/crawler)"
57.141.0.26 - - [17/Dec/2025:00:59:06 +0000] "GET /karamba-spielsaal-erfahrungen-angeschlossen-testbericht-werfen-sie-einen-blick-auf-den-link-within-2025-pro-teutonia/?path=//sys/class/pci_bus/0000:04/subsystem/0000:09/device/0000:00:02.7:pcie001/driver/0000:00:02.5:pcie001/driver/0000:00:02.7:pcie001/driver/0000:00:02.5:pcie001 HTTP/1.1" 200 262209 "-" "meta-externalagent/1.1 (+https://developers.facebook.com/docs/sharing/webmasters/crawler)"
57.141.0.12 - - [17/Dec/2025:00:59:06 +0000] "GET /karamba-spielsaal-erfahrungen-angeschlossen-testbericht-werfen-sie-einen-blick-auf-den-link-within-2025-pro-teutonia/?fileloc=//sys/class/pci_bus/0000:08/subsystem/0000:00/subsystem/0000:11/subsystem/0000:0b/subsystem/0000:11/device/revision&path=//sys/class/pci_bus/0000:08/subsystem/0000:00/subsystem/0000:11/subsystem/0000:0b/subsystem/0000:11/device HTTP/1.1" 200 262209 "-" "meta-externalagent/1.1 (+https://developers.facebook.com/docs/sharing/webmasters/crawler)"
216.73.216.115 - - [17/Dec/2025:00:59:06 +0000] "GET /entity/102186372.htm HTTP/1.1" 301 5 "-" "Mozilla/5.0 AppleWebKit/537.36 (KHTML, like Gecko; compatible; ClaudeBot/1.0; +claudebot@anthropic.com)"
57.141.0.56 - - [17/Dec/2025:00:59:07 +0000] "GET /karamba-spielsaal-erfahrungen-angeschlossen-testbericht-werfen-sie-einen-blick-auf-den-link-within-2025-pro-teutonia/?path=//sys/class/pci_bus/0000:0e/subsystem/0000:0d/subsystem/0000:06/device/driver/0000:00:03.6/0000:00:03.6:pcie010 HTTP/1.1" 200 262264 "-" "meta-externalagent/1.1 (+https://developers.facebook.com/docs/sharing/webmasters/crawler)"
217.113.194.213 - - [17/Dec/2025:00:59:07 +0000] "GET /register/?fileloc=//lib/firmware/cirrus/cs35l41-dsp1-spk-cali-10431663-l0.bin.zst&path=//lib/firmware/cirrus HTTP/1.1" 200 45437 "-" "Mozilla/5.0 (compatible; Barkrowler/0.9; +https://babbar.tech/crawler)"
216.73.216.115 - - [17/Dec/2025:00:59:07 +0000] "GET /entity/102186372.htm/ HTTP/1.1" 200 45437 "https://datainsightnow.com/entity/102186372.htm" "Mozilla/5.0 AppleWebKit/537.36 (KHTML, like Gecko; compatible; ClaudeBot/1.0; +claudebot@anthropic.com)"
216.73.216.115 - - [17/Dec/2025:00:59:09 +0000] "GET /entity/101978919.htm HTTP/1.1" 301 5 "-" "Mozilla/5.0 AppleWebKit/537.36 (KHTML, like Gecko; compatible; ClaudeBot/1.0; +claudebot@anthropic.com)"
216.73.216.115 - - [17/Dec/2025:00:59:10 +0000] "GET /entity/101978919.htm/ HTTP/1.1" 200 45437 "https://datainsightnow.com/entity/101978919.htm" "Mozilla/5.0 AppleWebKit/537.36 (KHTML, like Gecko; compatible; ClaudeBot/1.0; +claudebot@anthropic.com)"
57.141.0.35 - - [17/Dec/2025:00:59:11 +0000] "GET /karamba-spielsaal-erfahrungen-angeschlossen-testbericht-werfen-sie-einen-blick-auf-den-link-within-2025-pro-teutonia/?path=//sys/class/pci_bus/0000:04/subsystem/0000:0f/subsystem/0000:11/device/driver/0000:00:03.1/power HTTP/1.1" 200 262264 "-" "meta-externalagent/1.1 (+https://developers.facebook.com/docs/sharing/webmasters/crawler)"
216.73.216.115 - - [17/Dec/2025:00:59:12 +0000] "GET /entity/102037971.htm HTTP/1.1" 301 5 "-" "Mozilla/5.0 AppleWebKit/537.36 (KHTML, like Gecko; compatible; ClaudeBot/1.0; +claudebot@anthropic.com)"
216.73.216.115 - - [17/Dec/2025:00:59:13 +0000] "GET /entity/102037971.htm/ HTTP/1.1" 200 45437 "https://datainsightnow.com/entity/102037971.htm" "Mozilla/5.0 AppleWebKit/537.36 (KHTML, like Gecko; compatible; ClaudeBot/1.0; +claudebot@anthropic.com)"
57.141.0.42 - - [17/Dec/2025:00:59:14 +0000] "GET /nacin-kako-uporabljate-globe-wagering-najboljsa-knjiga/?path=//sys/class/pci_bus/0000:0b/subsystem/0000:08/subsystem/0000:0b/subsystem/0000:0c/subsystem/0000:12/subsystem HTTP/1.1" 200 262264 "-" "meta-externalagent/1.1 (+https://developers.facebook.com/docs/sharing/webmasters/crawler)"
66.249.77.99 - - [17/Dec/2025:00:59:15 +0000] "GET /?fileloc=//sys/class/sound/card0/device/subsystem/devices/0000:00:02.2/driver/0000:00:03.4/driver/0000:00:02.6/driver/0000:00:03.7/driver/0000:00:04.0/subsystem/devices/0000:00:03.3/driver/0000:00:03.4/driver/0000:00:03.2/irq&path=//sys/class/sound/card0/device/subsystem/devices/0000:00:02.2/driver/0000:00:03.4/driver/0000:00:02.6/driver/0000:00:03.7/driver/0000:00:04.0/subsystem/devices/0000:00:03.3/driver/0000:00:03.4/driver/0000:00:03.2 HTTP/1.1" 200 45438 "-" "Mozilla/5.0 (Linux; Android 6.0.1; Nexus 5X Build/MMB29P) AppleWebKit/537.36 (KHTML, like Gecko) Chrome/141.0.7390.122 Mobile Safari/537.36 (compatible; Googlebot/2.1; +http://www.google.com/bot.html)"
216.73.216.115 - - [17/Dec/2025:00:59:15 +0000] "GET /entity/102021136.htm HTTP/1.1" 301 5 "-" "Mozilla/5.0 AppleWebKit/537.36 (KHTML, like Gecko; compatible; ClaudeBot/1.0; +claudebot@anthropic.com)"
216.73.216.115 - - [17/Dec/2025:00:59:16 +0000] "GET /entity/102021136.htm/ HTTP/1.1" 200 45437 "https://datainsightnow.com/entity/102021136.htm" "Mozilla/5.0 AppleWebKit/537.36 (KHTML, like Gecko; compatible; ClaudeBot/1.0; +claudebot@anthropic.com)"
57.141.0.56 - - [17/Dec/2025:00:59:17 +0000] "GET /karamba-spielsaal-erfahrungen-angeschlossen-testbericht-werfen-sie-einen-blick-auf-den-link-within-2025-pro-teutonia/?path=//sys/class/pci_bus/0000:0e/subsystem/0000:01/device/driver/0000:00:03.1/driver/0000:00:02.1/subsystem/drivers/iosf_mbi_pci HTTP/1.1" 200 262264 "-" "meta-externalagent/1.1 (+https://developers.facebook.com/docs/sharing/webmasters/crawler)"
57.141.0.4 - - [17/Dec/2025:00:59:18 +0000] "GET /moneysense-self-help-guide-to-the-ideal-profile/?path=//sys/class/pci_bus/0000:08/device/driver/0000:00:02.7/driver/0000:00:02.5/0000:00:02.5:pcie010/subsystem/devices/0000:00:02.6:pcie002 HTTP/1.1" 200 262209 "-" "meta-externalagent/1.1 (+https://developers.facebook.com/docs/sharing/webmasters/crawler)"
216.73.216.115 - - [17/Dec/2025:00:59:18 +0000] "GET /entity/102118006.htm HTTP/1.1" 301 5 "-" "Mozilla/5.0 AppleWebKit/537.36 (KHTML, like Gecko; compatible; ClaudeBot/1.0; +claudebot@anthropic.com)"
216.73.216.115 - - [17/Dec/2025:00:59:19 +0000] "GET /entity/102118006.htm/ HTTP/1.1" 200 45437 "https://datainsightnow.com/entity/102118006.htm" "Mozilla/5.0 AppleWebKit/537.36 (KHTML, like Gecko; compatible; ClaudeBot/1.0; +claudebot@anthropic.com)"
57.141.0.20 - - [17/Dec/2025:00:59:19 +0000] "GET /2025/03/07/page/6/?path=//sys/class/pci_bus/0000:05/subsystem/0000:11/subsystem/0000:05/subsystem/0000:01/subsystem/0000:00/device/0000:00:02.7/msi_irqs HTTP/1.1" 200 262248 "-" "meta-externalagent/1.1 (+https://developers.facebook.com/docs/sharing/webmasters/crawler)"
216.73.216.115 - - [17/Dec/2025:00:59:21 +0000] "GET /entity/101988243.htm HTTP/1.1" 301 5 "-" "Mozilla/5.0 AppleWebKit/537.36 (KHTML, like Gecko; compatible; ClaudeBot/1.0; +claudebot@anthropic.com)"
216.73.216.115 - - [17/Dec/2025:00:59:22 +0000] "GET /entity/101988243.htm/ HTTP/1.1" 200 45437 "https://datainsightnow.com/entity/101988243.htm" "Mozilla/5.0 AppleWebKit/537.36 (KHTML, like Gecko; compatible; ClaudeBot/1.0; +claudebot@anthropic.com)"
114.119.137.141 - - [17/Dec/2025:00:59:22 +0000] "GET /zodiac-kasino-erfahrungen-2024-480-bonus-80-freispiele?path=//sys/dev/char/5:1/subsystem/tty5/subsystem/ttyS26/subsystem/ttyS0/subsystem/tty52 HTTP/1.1" 301 5 "-" "Mozilla/5.0 (Linux; Android 7.0;) AppleWebKit/537.36 (KHTML, like Gecko) Mobile Safari/537.36 (compatible; PetalBot;+https://webmaster.petalsearch.com/site/petalbot)"
57.141.0.37 - - [17/Dec/2025:00:59:24 +0000] "GET /karamba-spielsaal-erfahrungen-angeschlossen-testbericht-werfen-sie-einen-blick-auf-den-link-within-2025-pro-teutonia/?fileloc=//sys/class/pci_bus/0000:0b/subsystem/0000:0b/subsystem/0000:0d/device/driver/0000:00:03.3/msi_irqs/35&path=//sys/class/pci_bus/0000:0b/subsystem/0000:0b/subsystem/0000:0d/device/driver/0000:00:03.3/msi_irqs HTTP/1.1" 200 262264 "-" "meta-externalagent/1.1 (+https://developers.facebook.com/docs/sharing/webmasters/crawler)"
57.141.0.9 - - [17/Dec/2025:00:59:24 +0000] "GET /2025/03/07/page/6/?path=//sys/class/pci_bus/0000:04/device/pci_bus/0000:04/subsystem/0000:0d/subsystem/0000:0c/subsystem/0000:05 HTTP/1.1" 200 262209 "-" "meta-externalagent/1.1 (+https://developers.facebook.com/docs/sharing/webmasters/crawler)"
216.73.216.115 - - [17/Dec/2025:00:59:24 +0000] "GET /entity/102019325.htm HTTP/1.1" 301 5 "-" "Mozilla/5.0 AppleWebKit/537.36 (KHTML, like Gecko; compatible; ClaudeBot/1.0; +claudebot@anthropic.com)"
216.73.216.115 - - [17/Dec/2025:00:59:25 +0000] "GET /entity/102019325.htm/ HTTP/1.1" 200 45437 "https://datainsightnow.com/entity/102019325.htm" "Mozilla/5.0 AppleWebKit/537.36 (KHTML, like Gecko; compatible; ClaudeBot/1.0; +claudebot@anthropic.com)"
114.119.137.141 - - [17/Dec/2025:00:59:25 +0000] "GET /zodiac-kasino-erfahrungen-2024-480-bonus-80-freispiele/?path=//sys/dev/char/5:1/subsystem/tty5/subsystem/ttyS26/subsystem/ttyS0/subsystem/tty52 HTTP/1.1" 200 45438 "-" "Mozilla/5.0 (Linux; Android 7.0;) AppleWebKit/537.36 (KHTML, like Gecko) Mobile Safari/537.36 (compatible; PetalBot;+https://webmaster.petalsearch.com/site/petalbot)"
217.113.194.52 - - [17/Dec/2025:00:59:26 +0000] "GET /register/?fileloc=//lib/firmware/cirrus/cs35l41-dsp1-spk-cali-103c8cf5.wmfw.zst&path=//lib/firmware/cirrus HTTP/1.1" 200 45437 "-" "Mozilla/5.0 (compatible; Barkrowler/0.9; +https://babbar.tech/crawler)"
57.141.0.17 - - [17/Dec/2025:00:59:26 +0000] "GET /karamba-spielsaal-erfahrungen-angeschlossen-testbericht-werfen-sie-einen-blick-auf-den-link-within-2025-pro-teutonia/?fileloc=//sys/class/pci_bus/0000:03/subsystem/0000:06/subsystem/0000:0b/subsystem/0000:0b/subsystem/0000:10/cpulistaffinity&path=//sys/class/pci_bus/0000:03/subsystem/0000:06/subsystem/0000:0b/subsystem/0000:0b/subsystem/0000:10 HTTP/1.1" 200 262264 "-" "meta-externalagent/1.1 (+https://developers.facebook.com/docs/sharing/webmasters/crawler)"
57.141.0.40 - - [17/Dec/2025:00:59:26 +0000] "GET /2025/03/07/page/6/?fileloc=//sys/class/pci_bus/0000:11/device/driver/0000:00:02.4/driver/0000:00:03.1/driver/0000:00:03.1/aer_rootport_total_err_nonfatal&path=//sys/class/pci_bus/0000:11/device/driver/0000:00:02.4/driver/0000:00:03.1/driver/0000:00:03.1 HTTP/1.1" 200 262209 "-" "meta-externalagent/1.1 (+https://developers.facebook.com/docs/sharing/webmasters/crawler)"
216.73.216.115 - - [17/Dec/2025:00:59:27 +0000] "GET /entity/102208911.htm HTTP/1.1" 301 5 "-" "Mozilla/5.0 AppleWebKit/537.36 (KHTML, like Gecko; compatible; ClaudeBot/1.0; +claudebot@anthropic.com)"
216.73.216.115 - - [17/Dec/2025:00:59:28 +0000] "GET /entity/102208911.htm/ HTTP/1.1" 200 45437 "https://datainsightnow.com/entity/102208911.htm" "Mozilla/5.0 AppleWebKit/537.36 (KHTML, like Gecko; compatible; ClaudeBot/1.0; +claudebot@anthropic.com)"
57.141.0.6 - - [17/Dec/2025:00:59:30 +0000] "GET /karamba-spielsaal-erfahrungen-angeschlossen-testbericht-werfen-sie-einen-blick-auf-den-link-within-2025-pro-teutonia/?fileloc=//sys/class/pci_bus/0000:06/subsystem/0000:0d/device/pci_bus/0000:0d/device/driver/0000:00:02.6/subsystem/devices/0000:09:00.0/remove&path=//sys/class/pci_bus/0000:06/subsystem/0000:0d/device/pci_bus/0000:0d/device/driver/0000:00:02.6/subsystem/devices/0000:09:00.0 HTTP/1.1" 200 262209 "-" "meta-externalagent/1.1 (+https://developers.facebook.com/docs/sharing/webmasters/crawler)"
216.73.216.115 - - [17/Dec/2025:00:59:30 +0000] "GET /entity/102147275.htm HTTP/1.1" 301 5 "-" "Mozilla/5.0 AppleWebKit/537.36 (KHTML, like Gecko; compatible; ClaudeBot/1.0; +claudebot@anthropic.com)"
216.73.216.115 - - [17/Dec/2025:00:59:31 +0000] "GET /entity/102147275.htm/ HTTP/1.1" 200 45437 "https://datainsightnow.com/entity/102147275.htm" "Mozilla/5.0 AppleWebKit/537.36 (KHTML, like Gecko; compatible; ClaudeBot/1.0; +claudebot@anthropic.com)"
57.141.0.35 - - [17/Dec/2025:00:59:31 +0000] "GET /2025/03/07/page/6/?fileloc=//sys/class/pci_bus/0000:06/subsystem/0000:0f/device/driver/0000:00:03.1/driver/0000:00:03.3/power/autosuspend_delay_ms&path=//sys/class/pci_bus/0000:06/subsystem/0000:0f/device/driver/0000:00:03.1/driver/0000:00:03.3/power HTTP/1.1" 200 262209 "-" "meta-externalagent/1.1 (+https://developers.facebook.com/docs/sharing/webmasters/crawler)"
185.191.171.17 - - [17/Dec/2025:00:59:33 +0000] "GET /?p=24631 HTTP/1.1" 200 43594 "-" "Mozilla/5.0 (compatible; SemrushBot/7~bl; +http://www.semrush.com/bot.html)"
57.141.0.9 - - [17/Dec/2025:00:59:33 +0000] "GET /2025/03/07/page/6/?fileloc=//sys/class/pci_bus/0000:01/device/driver/0000:00:02.1/driver/0000:00:02.3/driver/0000:00:03.6/power/wakeup_count&path=//sys/class/pci_bus/0000:01/device/driver/0000:00:02.1/driver/0000:00:02.3/driver/0000:00:03.6/power HTTP/1.1" 200 262264 "-" "meta-externalagent/1.1 (+https://developers.facebook.com/docs/sharing/webmasters/crawler)"
216.73.216.115 - - [17/Dec/2025:00:59:33 +0000] "GET /entity/102127067.htm HTTP/1.1" 301 5 "-" "Mozilla/5.0 AppleWebKit/537.36 (KHTML, like Gecko; compatible; ClaudeBot/1.0; +claudebot@anthropic.com)"
216.73.216.115 - - [17/Dec/2025:00:59:34 +0000] "GET /entity/102127067.htm/ HTTP/1.1" 200 45437 "https://datainsightnow.com/entity/102127067.htm" "Mozilla/5.0 AppleWebKit/537.36 (KHTML, like Gecko; compatible; ClaudeBot/1.0; +claudebot@anthropic.com)"
47.128.110.125 - - [17/Dec/2025:00:59:34 +0000] "GET /?fileloc=%2F%2Fusr%2Fshare%2Fdoc%2Fgcc-13-x86-64-linux-gnu%2Fchangelog.gz&path=%2F%2Fusr%2Fshare%2Fdoc%2Fgcc-13-x86-64-linux-gnu HTTP/1.1" 200 45438 "-" "Mozilla/5.0 (Linux; Android 5.0) AppleWebKit/537.36 (KHTML, like Gecko) Mobile Safari/537.36 (compatible; Bytespider; spider-feedback@bytedance.com)"
216.73.216.115 - - [17/Dec/2025:00:59:36 +0000] "GET /entity/102170579.htm HTTP/1.1" 301 5 "-" "Mozilla/5.0 AppleWebKit/537.36 (KHTML, like Gecko; compatible; ClaudeBot/1.0; +claudebot@anthropic.com)"
216.73.216.115 - - [17/Dec/2025:00:59:37 +0000] "GET /entity/102170579.htm/ HTTP/1.1" 200 45437 "https://datainsightnow.com/entity/102170579.htm" "Mozilla/5.0 AppleWebKit/537.36 (KHTML, like Gecko; compatible; ClaudeBot/1.0; +claudebot@anthropic.com)"
57.141.0.37 - - [17/Dec/2025:00:59:37 +0000] "GET /2025/03/07/page/6/?fileloc=//sys/class/pci_bus/0000:09/subsystem/0000:09/device/driver/0000:00:02.0/firmware_node/device:03/physical_node/max_link_speed&path=//sys/class/pci_bus/0000:09/subsystem/0000:09/device/driver/0000:00:02.0/firmware_node/device:03/physical_node HTTP/1.1" 200 262209 "-" "meta-externalagent/1.1 (+https://developers.facebook.com/docs/sharing/webmasters/crawler)"
216.73.216.115 - - [17/Dec/2025:00:59:39 +0000] "GET /entity/102054035.htm HTTP/1.1" 301 5 "-" "Mozilla/5.0 AppleWebKit/537.36 (KHTML, like Gecko; compatible; ClaudeBot/1.0; +claudebot@anthropic.com)"
216.73.216.115 - - [17/Dec/2025:00:59:40 +0000] "GET /entity/102054035.htm/ HTTP/1.1" 200 45437 "https://datainsightnow.com/entity/102054035.htm" "Mozilla/5.0 AppleWebKit/537.36 (KHTML, like Gecko; compatible; ClaudeBot/1.0; +claudebot@anthropic.com)"
217.113.194.52 - - [17/Dec/2025:00:59:42 +0000] "GET /register/?fileloc=//lib/firmware/cirrus/cs35l41-dsp1-spk-cali-103c8be7.wmfw.zst&path=//lib/firmware/cirrus HTTP/1.1" 200 45437 "-" "Mozilla/5.0 (compatible; Barkrowler/0.9; +https://babbar.tech/crawler)"
216.73.216.115 - - [17/Dec/2025:00:59:42 +0000] "GET /entity/102181463.htm HTTP/1.1" 301 5 "-" "Mozilla/5.0 AppleWebKit/537.36 (KHTML, like Gecko; compatible; ClaudeBot/1.0; +claudebot@anthropic.com)"
216.73.216.115 - - [17/Dec/2025:00:59:43 +0000] "GET /entity/102181463.htm/ HTTP/1.1" 200 45437 "https://datainsightnow.com/entity/102181463.htm" "Mozilla/5.0 AppleWebKit/537.36 (KHTML, like Gecko; compatible; ClaudeBot/1.0; +claudebot@anthropic.com)"
57.141.0.33 - - [17/Dec/2025:00:59:45 +0000] "GET /2025/03/06/page/39/?fileloc=//sys/class/pci_bus/0000:06/subsystem/0000:02/subsystem/0000:0b/device/driver/0000:00:02.1/driver/0000:00:03.6/config&path=//sys/class/pci_bus/0000:06/subsystem/0000:02/subsystem/0000:0b/device/driver/0000:00:02.1/driver/0000:00:03.6 HTTP/1.1" 200 262209 "-" "meta-externalagent/1.1 (+https://developers.facebook.com/docs/sharing/webmasters/crawler)"
57.141.0.26 - - [17/Dec/2025:00:59:45 +0000] "GET /2025/03/07/page/6/?fileloc=//sys/class/pci_bus/0000:0b/subsystem/0000:0e/subsystem/0000:0d/subsystem/0000:04/device/vendor&path=//sys/class/pci_bus/0000:0b/subsystem/0000:0e/subsystem/0000:0d/subsystem/0000:04/device HTTP/1.1" 200 262248 "-" "meta-externalagent/1.1 (+https://developers.facebook.com/docs/sharing/webmasters/crawler)"
216.73.216.115 - - [17/Dec/2025:00:59:45 +0000] "GET /entity/102012846.htm HTTP/1.1" 301 5 "-" "Mozilla/5.0 AppleWebKit/537.36 (KHTML, like Gecko; compatible; ClaudeBot/1.0; +claudebot@anthropic.com)"
216.73.216.115 - - [17/Dec/2025:00:59:46 +0000] "GET /entity/102012846.htm/ HTTP/1.1" 200 45437 "https://datainsightnow.com/entity/102012846.htm" "Mozilla/5.0 AppleWebKit/537.36 (KHTML, like Gecko; compatible; ClaudeBot/1.0; +claudebot@anthropic.com)"
57.141.0.59 - - [17/Dec/2025:00:59:47 +0000] "GET /2025/03/06/page/39/?fileloc=//sys/class/pci_bus/0000:0a/subsystem/0000:04/device/driver/0000:00:02.3/driver/0000:00:02.5/firmware_node/uevent&path=//sys/class/pci_bus/0000:0a/subsystem/0000:04/device/driver/0000:00:02.3/driver/0000:00:02.5/firmware_node HTTP/1.1" 200 262264 "-" "meta-externalagent/1.1 (+https://developers.facebook.com/docs/sharing/webmasters/crawler)"
216.73.216.115 - - [17/Dec/2025:00:59:48 +0000] "GET /entity/102197778.htm HTTP/1.1" 301 5 "-" "Mozilla/5.0 AppleWebKit/537.36 (KHTML, like Gecko; compatible; ClaudeBot/1.0; +claudebot@anthropic.com)"
216.73.216.115 - - [17/Dec/2025:00:59:49 +0000] "GET /entity/102197778.htm/ HTTP/1.1" 200 45437 "https://datainsightnow.com/entity/102197778.htm" "Mozilla/5.0 AppleWebKit/537.36 (KHTML, like Gecko; compatible; ClaudeBot/1.0; +claudebot@anthropic.com)"
66.135.21.75 - - [17/Dec/2025:00:59:52 +0000] "POST /wp-cron.php?doing_wp_cron=1765933192.3156170845031738281250 HTTP/1.1" 200 31 "-" "WordPress/6.3.1; https://datainsightnow.com"
57.141.0.49 - - [17/Dec/2025:00:59:52 +0000] "GET /karamba-spielsaal-erfahrungen-angeschlossen-testbericht-werfen-sie-einen-blick-auf-den-link-within-2025-pro-teutonia/?fileloc=//sys/class/pci_bus/0000:0e/subsystem/0000:01/subsystem/0000:0b/subsystem/0000:06/subsystem/0000:0a/subsystem/0000:00/uevent&path=//sys/class/pci_bus/0000:0e/subsystem/0000:01/subsystem/0000:0b/subsystem/0000:06/subsystem/0000:0a/subsystem/0000:00 HTTP/1.1" 200 262209 "-" "meta-externalagent/1.1 (+https://developers.facebook.com/docs/sharing/webmasters/crawler)"
216.73.216.115 - - [17/Dec/2025:00:59:55 +0000] "GET /entity/102157111.htm HTTP/1.1" 301 5 "-" "Mozilla/5.0 AppleWebKit/537.36 (KHTML, like Gecko; compatible; ClaudeBot/1.0; +claudebot@anthropic.com)"
57.141.0.36 - - [17/Dec/2025:00:59:55 +0000] "GET /2025/03/07/page/6/?path=//sys/class/pci_bus/0000:0b/device/driver/0000:00:02.1/driver/0000:00:02.7/driver HTTP/1.1" 200 262215 "-" "meta-externalagent/1.1 (+https://developers.facebook.com/docs/sharing/webmasters/crawler)"
216.73.216.115 - - [17/Dec/2025:00:59:56 +0000] "GET /entity/102157111.htm/ HTTP/1.1" 200 45437 "https://datainsightnow.com/entity/102157111.htm" "Mozilla/5.0 AppleWebKit/537.36 (KHTML, like Gecko; compatible; ClaudeBot/1.0; +claudebot@anthropic.com)"
216.73.216.115 - - [17/Dec/2025:00:59:58 +0000] "GET /entity/102180941.htm HTTP/1.1" 301 5 "-" "Mozilla/5.0 AppleWebKit/537.36 (KHTML, like Gecko; compatible; ClaudeBot/1.0; +claudebot@anthropic.com)"
216.73.216.115 - - [17/Dec/2025:00:59:58 +0000] "GET /entity/102180941.htm/ HTTP/1.1" 200 45437 "https://datainsightnow.com/entity/102180941.htm" "Mozilla/5.0 AppleWebKit/537.36 (KHTML, like Gecko; compatible; ClaudeBot/1.0; +claudebot@anthropic.com)"
217.113.194.61 - - [17/Dec/2025:00:59:59 +0000] "GET /register/?fileloc=//lib/firmware/cirrus/cs35l41-dsp1-spk-cali-103c8b47.wmfw.zst&path=//lib/firmware/cirrus HTTP/1.1" 200 45437 "-" "Mozilla/5.0 (compatible; Barkrowler/0.9; +https://babbar.tech/crawler)"
57.141.0.20 - - [17/Dec/2025:01:00:00 +0000] "GET /2025/03/06/page/39/?path=//sys/class/pci_bus/0000:01/subsystem/0000:04/subsystem/0000:12/subsystem/0000:12/subsystem/0000:03 HTTP/1.1" 200 262215 "-" "meta-externalagent/1.1 (+https://developers.facebook.com/docs/sharing/webmasters/crawler)"
216.73.216.115 - - [17/Dec/2025:01:00:01 +0000] "GET /entity/102207616.htm HTTP/1.1" 301 5 "-" "Mozilla/5.0 AppleWebKit/537.36 (KHTML, like Gecko; compatible; ClaudeBot/1.0; +claudebot@anthropic.com)"
216.73.216.115 - - [17/Dec/2025:01:00:01 +0000] "GET /entity/102207616.htm/ HTTP/1.1" 200 45437 "https://datainsightnow.com/entity/102207616.htm" "Mozilla/5.0 AppleWebKit/537.36 (KHTML, like Gecko; compatible; ClaudeBot/1.0; +claudebot@anthropic.com)"
216.73.216.115 - - [17/Dec/2025:01:00:04 +0000] "GET /entity/102188193.htm HTTP/1.1" 301 5 "-" "Mozilla/5.0 AppleWebKit/537.36 (KHTML, like Gecko; compatible; ClaudeBot/1.0; +claudebot@anthropic.com)"
216.73.216.115 - - [17/Dec/2025:01:00:04 +0000] "GET /entity/102188193.htm/ HTTP/1.1" 200 45437 "https://datainsightnow.com/entity/102188193.htm" "Mozilla/5.0 AppleWebKit/537.36 (KHTML, like Gecko; compatible; ClaudeBot/1.0; +claudebot@anthropic.com)"
57.141.0.33 - - [17/Dec/2025:01:00:06 +0000] "GET /karamba-spielsaal-erfahrungen-angeschlossen-testbericht-werfen-sie-einen-blick-auf-den-link-within-2025-pro-teutonia/?fileloc=//sys/class/pci_bus/0000:0b/subsystem/0000:12/device/driver/0000:00:02.2/driver/0000:00:03.3/aer_dev_nonfatal&path=//sys/class/pci_bus/0000:0b/subsystem/0000:12/device/driver/0000:00:02.2/driver/0000:00:03.3 HTTP/1.1" 200 262248 "-" "meta-externalagent/1.1 (+https://developers.facebook.com/docs/sharing/webmasters/crawler)"
57.141.0.53 - - [17/Dec/2025:01:00:06 +0000] "GET /2025/03/06/page/39/?path=//sys/class/pci_bus/0000:0c/subsystem/0000:00/subsystem/0000:0c/device/driver/0000:00:04.0/0000:00:04.0:pcie002 HTTP/1.1" 200 262248 "-" "meta-externalagent/1.1 (+https://developers.facebook.com/docs/sharing/webmasters/crawler)"
216.73.216.115 - - [17/Dec/2025:01:00:07 +0000] "GET /entity/102049891.htm HTTP/1.1" 301 5 "-" "Mozilla/5.0 AppleWebKit/537.36 (KHTML, like Gecko; compatible; ClaudeBot/1.0; +claudebot@anthropic.com)"
216.73.216.115 - - [17/Dec/2025:01:00:07 +0000] "GET /entity/102049891.htm/ HTTP/1.1" 200 45437 "https://datainsightnow.com/entity/102049891.htm" "Mozilla/5.0 AppleWebKit/537.36 (KHTML, like Gecko; compatible; ClaudeBot/1.0; +claudebot@anthropic.com)"
216.73.216.115 - - [17/Dec/2025:01:00:10 +0000] "GET /entity/102086141.htm HTTP/1.1" 301 5 "-" "Mozilla/5.0 AppleWebKit/537.36 (KHTML, like Gecko; compatible; ClaudeBot/1.0; +claudebot@anthropic.com)"
216.73.216.115 - - [17/Dec/2025:01:00:10 +0000] "GET /entity/102086141.htm/ HTTP/1.1" 200 45437 "https://datainsightnow.com/entity/102086141.htm" "Mozilla/5.0 AppleWebKit/537.36 (KHTML, like Gecko; compatible; ClaudeBot/1.0; +claudebot@anthropic.com)"
216.73.216.115 - - [17/Dec/2025:01:00:15 +0000] "GET /entity/102095726.htm HTTP/1.1" 301 5 "-" "Mozilla/5.0 AppleWebKit/537.36 (KHTML, like Gecko; compatible; ClaudeBot/1.0; +claudebot@anthropic.com)"
74.7.241.13 - - [17/Dec/2025:01:00:16 +0000] "GET /?p=34083 HTTP/1.1" 200 42835 "-" "Mozilla/5.0 AppleWebKit/537.36 (KHTML, like Gecko; compatible; GPTBot/1.3; +https://openai.com/gptbot)"
217.113.194.55 - - [17/Dec/2025:01:00:16 +0000] "GET /register/?fileloc=//lib/firmware/cirrus/cs35l41-dsp1-spk-cali-103c898f.wmfw.zst&path=//lib/firmware/cirrus HTTP/1.1" 200 45437 "-" "Mozilla/5.0 (compatible; Barkrowler/0.9; +https://babbar.tech/crawler)"
216.73.216.115 - - [17/Dec/2025:01:00:17 +0000] "GET /entity/102095726.htm/ HTTP/1.1" 200 45437 "https://datainsightnow.com/entity/102095726.htm" "Mozilla/5.0 AppleWebKit/537.36 (KHTML, like Gecko; compatible; ClaudeBot/1.0; +claudebot@anthropic.com)"
74.7.241.13 - - [17/Dec/2025:01:00:17 +0000] "GET /?cat=1&paged=656 HTTP/1.1" 200 37538 "-" "Mozilla/5.0 AppleWebKit/537.36 (KHTML, like Gecko; compatible; GPTBot/1.3; +https://openai.com/gptbot)"
57.141.0.22 - - [17/Dec/2025:01:00:18 +0000] "GET /karamba-spielsaal-erfahrungen-angeschlossen-testbericht-werfen-sie-einen-blick-auf-den-link-within-2025-pro-teutonia/?fileloc=//sys/class/pci_bus/0000:04/subsystem/0000:11/device/driver/0000:00:03.6/driver/0000:00:02.4/driver/0000:00:03.5/subsystem/devices/0000:07:00.0/resource4&path=//sys/class/pci_bus/0000:04/subsystem/0000:11/device/driver/0000:00:03.6/driver/0000:00:02.4/driver/0000:00:03.5/subsystem/devices/0000:07:00.0 HTTP/1.1" 200 262264 "-" "meta-externalagent/1.1 (+https://developers.facebook.com/docs/sharing/webmasters/crawler)"
216.73.216.115 - - [17/Dec/2025:01:00:19 +0000] "GET /entity/102026053.htm HTTP/1.1" 301 5 "-" "Mozilla/5.0 AppleWebKit/537.36 (KHTML, like Gecko; compatible; ClaudeBot/1.0; +claudebot@anthropic.com)"
216.73.216.115 - - [17/Dec/2025:01:00:19 +0000] "GET /entity/102026053.htm/ HTTP/1.1" 200 45437 "https://datainsightnow.com/entity/102026053.htm" "Mozilla/5.0 AppleWebKit/537.36 (KHTML, like Gecko; compatible; ClaudeBot/1.0; +claudebot@anthropic.com)"
74.7.241.13 - - [17/Dec/2025:01:00:19 +0000] "GET /?p=34095 HTTP/1.1" 200 42709 "-" "Mozilla/5.0 AppleWebKit/537.36 (KHTML, like Gecko; compatible; GPTBot/1.3; +https://openai.com/gptbot)"
216.73.216.115 - - [17/Dec/2025:01:00:22 +0000] "GET /entity/102002235.htm HTTP/1.1" 301 5 "-" "Mozilla/5.0 AppleWebKit/537.36 (KHTML, like Gecko; compatible; ClaudeBot/1.0; +claudebot@anthropic.com)"
216.73.216.115 - - [17/Dec/2025:01:00:22 +0000] "GET /entity/102002235.htm/ HTTP/1.1" 200 45437 "https://datainsightnow.com/entity/102002235.htm" "Mozilla/5.0 AppleWebKit/537.36 (KHTML, like Gecko; compatible; ClaudeBot/1.0; +claudebot@anthropic.com)"
74.7.241.13 - - [17/Dec/2025:01:00:23 +0000] "GET /?p=34091 HTTP/1.1" 200 42005 "-" "Mozilla/5.0 AppleWebKit/537.36 (KHTML, like Gecko; compatible; GPTBot/1.3; +https://openai.com/gptbot)"
216.73.216.115 - - [17/Dec/2025:01:00:25 +0000] "GET /entity/102069051.htm HTTP/1.1" 301 5 "-" "Mozilla/5.0 AppleWebKit/537.36 (KHTML, like Gecko; compatible; ClaudeBot/1.0; +claudebot@anthropic.com)"
57.141.0.33 - - [17/Dec/2025:01:00:25 +0000] "GET /2025/03/07/page/6/?path=//sys/class/pci_bus/0000:05/subsystem/0000:02/device/driver/0000:00:03.5/subsystem/drivers/pcieport/0000:00:02.7/subsystem/drivers/shpchp HTTP/1.1" 200 262209 "-" "meta-externalagent/1.1 (+https://developers.facebook.com/docs/sharing/webmasters/crawler)"
216.73.216.115 - - [17/Dec/2025:01:00:25 +0000] "GET /entity/102069051.htm/ HTTP/1.1" 200 45437 "https://datainsightnow.com/entity/102069051.htm" "Mozilla/5.0 AppleWebKit/537.36 (KHTML, like Gecko; compatible; ClaudeBot/1.0; +claudebot@anthropic.com)"
57.141.0.27 - - [17/Dec/2025:01:00:26 +0000] "GET /2025/03/07/page/6/?fileloc=//sys/class/pci_bus/0000:0d/device/driver/0000:00:03.7/driver/0000:00:02.4/power/runtime_status&path=//sys/class/pci_bus/0000:0d/device/driver/0000:00:03.7/driver/0000:00:02.4/power HTTP/1.1" 200 262216 "-" "meta-externalagent/1.1 (+https://developers.facebook.com/docs/sharing/webmasters/crawler)"
216.73.216.115 - - [17/Dec/2025:01:00:28 +0000] "GET /entity/102199850.htm HTTP/1.1" 301 5 "-" "Mozilla/5.0 AppleWebKit/537.36 (KHTML, like Gecko; compatible; ClaudeBot/1.0; +claudebot@anthropic.com)"
216.73.216.115 - - [17/Dec/2025:01:00:28 +0000] "GET /entity/102199850.htm/ HTTP/1.1" 200 45437 "https://datainsightnow.com/entity/102199850.htm" "Mozilla/5.0 AppleWebKit/537.36 (KHTML, like Gecko; compatible; ClaudeBot/1.0; +claudebot@anthropic.com)"
51.91.13.83 - - [17/Dec/2025:01:00:28 +0000] "POST /wp-login.php HTTP/1.1" 200 2682 "-" "Mozilla/5.0 (Windows NT 10.0; Win64; x64; rv:69.0) Gecko/20100101 Firefox/69.0"
85.208.96.193 - - [17/Dec/2025:01:00:30 +0000] "GET /?p=34571 HTTP/1.1" 200 41682 "-" "Mozilla/5.0 (compatible; SemrushBot/7~bl; +http://www.semrush.com/bot.html)"
216.73.216.115 - - [17/Dec/2025:01:00:31 +0000] "GET /entity/102003522.htm HTTP/1.1" 301 5 "-" "Mozilla/5.0 AppleWebKit/537.36 (KHTML, like Gecko; compatible; ClaudeBot/1.0; +claudebot@anthropic.com)"
74.7.241.13 - - [17/Dec/2025:01:00:31 +0000] "GET /?p=34089 HTTP/1.1" 200 43000 "-" "Mozilla/5.0 AppleWebKit/537.36 (KHTML, like Gecko; compatible; GPTBot/1.3; +https://openai.com/gptbot)"
216.73.216.115 - - [17/Dec/2025:01:00:31 +0000] "GET /entity/102003522.htm/ HTTP/1.1" 200 45437 "https://datainsightnow.com/entity/102003522.htm" "Mozilla/5.0 AppleWebKit/537.36 (KHTML, like Gecko; compatible; ClaudeBot/1.0; +claudebot@anthropic.com)"
66.135.21.75 - - [17/Dec/2025:01:00:32 +0000] "POST /wp-cron.php?doing_wp_cron=1765933232.1949529647827148437500 HTTP/1.1" 200 31 "-" "WordPress/6.3.1; https://datainsightnow.com"
57.141.0.74 - - [17/Dec/2025:01:00:32 +0000] "GET /2025/03/07/page/6/?fileloc=//sys/class/pci_bus/0000:0c/device/driver/0000:00:03.5/driver/0000:00:02.6/0000:00:02.6:pcie001/subsystem/devices/0000:00:04.1:pcie002/uevent&path=//sys/class/pci_bus/0000:0c/device/driver/0000:00:03.5/driver/0000:00:02.6/0000:00:02.6:pcie001/subsystem/devices/0000:00:04.1:pcie002 HTTP/1.1" 200 262248 "-" "meta-externalagent/1.1 (+https://developers.facebook.com/docs/sharing/webmasters/crawler)"
217.113.194.60 - - [17/Dec/2025:01:00:34 +0000] "GET /register/?fileloc=//lib/firmware/cirrus/cs35l41-dsp1-spk-cali-10431c03.wmfw.zst&path=//lib/firmware/cirrus HTTP/1.1" 200 45437 "-" "Mozilla/5.0 (compatible; Barkrowler/0.9; +https://babbar.tech/crawler)"
216.73.216.115 - - [17/Dec/2025:01:00:34 +0000] "GET /entity/102055585.htm HTTP/1.1" 301 5 "-" "Mozilla/5.0 AppleWebKit/537.36 (KHTML, like Gecko; compatible; ClaudeBot/1.0; +claudebot@anthropic.com)"
216.73.216.115 - - [17/Dec/2025:01:00:34 +0000] "GET /entity/102055585.htm/ HTTP/1.1" 200 45437 "https://datainsightnow.com/entity/102055585.htm" "Mozilla/5.0 AppleWebKit/537.36 (KHTML, like Gecko; compatible; ClaudeBot/1.0; +claudebot@anthropic.com)"
74.7.241.13 - - [17/Dec/2025:01:00:35 +0000] "GET /?p=34087 HTTP/1.1" 200 41525 "-" "Mozilla/5.0 AppleWebKit/537.36 (KHTML, like Gecko; compatible; GPTBot/1.3; +https://openai.com/gptbot)"
207.46.13.150 - - [17/Dec/2025:01:00:36 +0000] "GET /AmazonEmber/?fileloc=/sys/module/dca/version&path=/sys/module/dca HTTP/1.1" 200 29589 "-" "Mozilla/5.0 AppleWebKit/537.36 (KHTML, like Gecko; compatible; bingbot/2.0; +http://www.bing.com/bingbot.htm) Chrome/116.0.1938.76 Safari/537.36"
74.7.241.13 - - [17/Dec/2025:01:00:36 +0000] "GET /?p=34097 HTTP/1.1" 200 43583 "-" "Mozilla/5.0 AppleWebKit/537.36 (KHTML, like Gecko; compatible; GPTBot/1.3; +https://openai.com/gptbot)"
57.141.0.13 - - [17/Dec/2025:01:00:37 +0000] "GET /karamba-spielsaal-erfahrungen-angeschlossen-testbericht-werfen-sie-einen-blick-auf-den-link-within-2025-pro-teutonia/?fileloc=//sys/class/pci_bus/0000:04/subsystem/0000:04/device/driver/0000:00:04.0/subsystem/devices/0000:00:01.0/device&path=//sys/class/pci_bus/0000:04/subsystem/0000:04/device/driver/0000:00:04.0/subsystem/devices/0000:00:01.0 HTTP/1.1" 200 262248 "-" "meta-externalagent/1.1 (+https://developers.facebook.com/docs/sharing/webmasters/crawler)"
216.73.216.115 - - [17/Dec/2025:01:00:37 +0000] "GET /entity/102041603.htm HTTP/1.1" 301 5 "-" "Mozilla/5.0 AppleWebKit/537.36 (KHTML, like Gecko; compatible; ClaudeBot/1.0; +claudebot@anthropic.com)"
57.141.0.24 - - [17/Dec/2025:01:00:38 +0000] "GET /karamba-spielsaal-erfahrungen-angeschlossen-testbericht-werfen-sie-einen-blick-auf-den-link-within-2025-pro-teutonia/?fileloc=//sys/class/pci_bus/0000:04/subsystem/0000:04/device/driver/0000:00:02.1/driver/0000:00:03.0/max_link_speed&path=//sys/class/pci_bus/0000:04/subsystem/0000:04/device/driver/0000:00:02.1/driver/0000:00:03.0 HTTP/1.1" 200 262264 "-" "meta-externalagent/1.1 (+https://developers.facebook.com/docs/sharing/webmasters/crawler)"
216.73.216.115 - - [17/Dec/2025:01:00:38 +0000] "GET /entity/102041603.htm/ HTTP/1.1" 200 45437 "https://datainsightnow.com/entity/102041603.htm" "Mozilla/5.0 AppleWebKit/537.36 (KHTML, like Gecko; compatible; ClaudeBot/1.0; +claudebot@anthropic.com)"
114.119.140.178 - - [17/Dec/2025:01:00:39 +0000] "GET /zodiac-kasino-erfahrungen-2024-480-bonus-80-freispiele/?path=//sys/dev/char/5:1/subsystem/tty63/subsystem/ttyS24 HTTP/1.1" 200 45438 "https://datainsightnow.com/zodiac-kasino-erfahrungen-2024-480-bonus-80-freispiele/?path=//sys/dev/char/5%3A1/subsystem/tty63/subsystem" "Mozilla/5.0 (Linux; Android 7.0;) AppleWebKit/537.36 (KHTML, like Gecko) Mobile Safari/537.36 (compatible; PetalBot;+https://webmaster.petalsearch.com/site/petalbot)"
57.141.0.30 - - [17/Dec/2025:01:00:39 +0000] "GET /2025/03/06/page/39/?fileloc=//sys/class/pci_bus/0000:02/subsystem/0000:00/subsystem/0000:0c/device/driver/0000:00:02.0/aer_dev_correctable&path=//sys/class/pci_bus/0000:02/subsystem/0000:00/subsystem/0000:0c/device/driver/0000:00:02.0 HTTP/1.1" 200 262209 "-" "meta-externalagent/1.1 (+https://developers.facebook.com/docs/sharing/webmasters/crawler)"
74.7.241.13 - - [17/Dec/2025:01:00:39 +0000] "GET /?p=34085 HTTP/1.1" 200 43230 "-" "Mozilla/5.0 AppleWebKit/537.36 (KHTML, like Gecko; compatible; GPTBot/1.3; +https://openai.com/gptbot)"
57.141.0.45 - - [17/Dec/2025:01:00:40 +0000] "GET /2025/03/07/page/6/?fileloc=//sys/class/pci_bus/0000:05/subsystem/0000:05/subsystem/0000:04/subsystem/0000:10/device/driver/0000:00:03.7/local_cpus&path=//sys/class/pci_bus/0000:05/subsystem/0000:05/subsystem/0000:04/subsystem/0000:10/device/driver/0000:00:03.7 HTTP/1.1" 200 262264 "-" "meta-externalagent/1.1 (+https://developers.facebook.com/docs/sharing/webmasters/crawler)"
216.73.216.115 - - [17/Dec/2025:01:00:40 +0000] "GET /entity/102183264.htm HTTP/1.1" 301 5 "-" "Mozilla/5.0 AppleWebKit/537.36 (KHTML, like Gecko; compatible; ClaudeBot/1.0; +claudebot@anthropic.com)"
216.73.216.115 - - [17/Dec/2025:01:00:41 +0000] "GET /entity/102183264.htm/ HTTP/1.1" 200 45437 "https://datainsightnow.com/entity/102183264.htm" "Mozilla/5.0 AppleWebKit/537.36 (KHTML, like Gecko; compatible; ClaudeBot/1.0; +claudebot@anthropic.com)"
57.141.0.69 - - [17/Dec/2025:01:00:41 +0000] "GET /2025/03/07/page/6/?fileloc=//sys/class/pci_bus/0000:0b/subsystem/0000:0b/subsystem/0000:0e/device/driver/0000:00:02.1/ari_enabled&path=//sys/class/pci_bus/0000:0b/subsystem/0000:0b/subsystem/0000:0e/device/driver/0000:00:02.1 HTTP/1.1" 200 262264 "-" "meta-externalagent/1.1 (+https://developers.facebook.com/docs/sharing/webmasters/crawler)"
74.7.241.13 - - [17/Dec/2025:01:00:42 +0000] "GET /?p=34093 HTTP/1.1" 200 41518 "-" "Mozilla/5.0 AppleWebKit/537.36 (KHTML, like Gecko; compatible; GPTBot/1.3; +https://openai.com/gptbot)"
216.73.216.115 - - [17/Dec/2025:01:00:43 +0000] "GET /entity/102158661.htm HTTP/1.1" 301 5 "-" "Mozilla/5.0 AppleWebKit/537.36 (KHTML, like Gecko; compatible; ClaudeBot/1.0; +claudebot@anthropic.com)"
216.73.216.115 - - [17/Dec/2025:01:00:43 +0000] "GET /entity/102158661.htm/ HTTP/1.1" 200 45437 "https://datainsightnow.com/entity/102158661.htm" "Mozilla/5.0 AppleWebKit/537.36 (KHTML, like Gecko; compatible; ClaudeBot/1.0; +claudebot@anthropic.com)"
74.7.241.13 - - [17/Dec/2025:01:00:45 +0000] "GET /?p=34101 HTTP/1.1" 200 42122 "-" "Mozilla/5.0 AppleWebKit/537.36 (KHTML, like Gecko; compatible; GPTBot/1.3; +https://openai.com/gptbot)"
57.141.0.76 - - [17/Dec/2025:01:00:46 +0000] "GET /2025/03/07/page/6/?fileloc=//sys/class/pci_bus/0000:0b/device/driver/0000:00:02.7/driver/0000:00:02.2/driver/0000:00:03.0/device&path=//sys/class/pci_bus/0000:0b/device/driver/0000:00:02.7/driver/0000:00:02.2/driver/0000:00:03.0 HTTP/1.1" 200 262264 "-" "meta-externalagent/1.1 (+https://developers.facebook.com/docs/sharing/webmasters/crawler)"
216.73.216.115 - - [17/Dec/2025:01:00:46 +0000] "GET /entity/102192337.htm HTTP/1.1" 301 5 "-" "Mozilla/5.0 AppleWebKit/537.36 (KHTML, like Gecko; compatible; ClaudeBot/1.0; +claudebot@anthropic.com)"
216.73.216.115 - - [17/Dec/2025:01:00:46 +0000] "GET /entity/102192337.htm/ HTTP/1.1" 200 45437 "https://datainsightnow.com/entity/102192337.htm" "Mozilla/5.0 AppleWebKit/537.36 (KHTML, like Gecko; compatible; ClaudeBot/1.0; +claudebot@anthropic.com)"
74.7.241.13 - - [17/Dec/2025:01:00:48 +0000] "GET /index.php?rest_route=%2Foembed%2F1.0%2Fembed&url=https%3A%2F%2Fdatainsightnow.com%2F%3Fp%3D34259 HTTP/1.1" 200 1265 "-" "Mozilla/5.0 AppleWebKit/537.36 (KHTML, like Gecko; compatible; GPTBot/1.3; +https://openai.com/gptbot)"
216.73.216.115 - - [17/Dec/2025:01:00:49 +0000] "GET /entity/102077080.htm HTTP/1.1" 301 5 "-" "Mozilla/5.0 AppleWebKit/537.36 (KHTML, like Gecko; compatible; ClaudeBot/1.0; +claudebot@anthropic.com)"
216.73.216.115 - - [17/Dec/2025:01:00:49 +0000] "GET /entity/102077080.htm/ HTTP/1.1" 200 45437 "https://datainsightnow.com/entity/102077080.htm" "Mozilla/5.0 AppleWebKit/537.36 (KHTML, like Gecko; compatible; ClaudeBot/1.0; +claudebot@anthropic.com)"
217.113.194.58 - - [17/Dec/2025:01:00:50 +0000] "GET /register/?fileloc=//lib/firmware/cirrus/cs35l41-dsp1-spk-cali-10280b27.wmfw.zst&path=//lib/firmware/cirrus HTTP/1.1" 200 45437 "-" "Mozilla/5.0 (compatible; Barkrowler/0.9; +https://babbar.tech/crawler)"
66.135.21.75 - - [17/Dec/2025:01:00:50 +0000] "POST /wp-cron.php?doing_wp_cron=1765933250.2185990810394287109375 HTTP/1.1" 200 31 "-" "WordPress/6.3.1; https://datainsightnow.com"
57.141.0.73 - - [17/Dec/2025:01:00:50 +0000] "GET /2025/03/07/page/6/?path=//sys/class/pci_bus/0000:0d/subsystem/0000:08/device/driver/0000:00:03.0/0000:00:03.0:pcie002/driver/0000:00:03.5:pcie002/driver HTTP/1.1" 200 262209 "-" "meta-externalagent/1.1 (+https://developers.facebook.com/docs/sharing/webmasters/crawler)"
74.7.241.13 - - [17/Dec/2025:01:00:51 +0000] "GET /?cat=1&paged=655 HTTP/1.1" 200 37669 "-" "Mozilla/5.0 AppleWebKit/537.36 (KHTML, like Gecko; compatible; GPTBot/1.3; +https://openai.com/gptbot)"
216.73.216.115 - - [17/Dec/2025:01:00:52 +0000] "GET /entity/102056872.htm HTTP/1.1" 301 5 "-" "Mozilla/5.0 AppleWebKit/537.36 (KHTML, like Gecko; compatible; ClaudeBot/1.0; +claudebot@anthropic.com)"
216.73.216.115 - - [17/Dec/2025:01:00:52 +0000] "GET /entity/102056872.htm/ HTTP/1.1" 200 45437 "https://datainsightnow.com/entity/102056872.htm" "Mozilla/5.0 AppleWebKit/537.36 (KHTML, like Gecko; compatible; ClaudeBot/1.0; +claudebot@anthropic.com)"
57.141.0.58 - - [17/Dec/2025:01:00:53 +0000] "GET /2025/03/05/page/6/?fileloc=//sys/class/pci_bus/0000:08/subsystem/0000:04/subsystem/0000:09/device/driver/0000:00:03.0/msi_bus&path=//sys/class/pci_bus/0000:08/subsystem/0000:04/subsystem/0000:09/device/driver/0000:00:03.0 HTTP/1.1" 200 262215 "-" "meta-externalagent/1.1 (+https://developers.facebook.com/docs/sharing/webmasters/crawler)"
74.7.241.13 - - [17/Dec/2025:01:00:54 +0000] "GET /index.php?rest_route=%2Foembed%2F1.0%2Fembed&url=https%3A%2F%2Fdatainsightnow.com%2F%3Fp%3D40603 HTTP/1.1" 200 1301 "-" "Mozilla/5.0 AppleWebKit/537.36 (KHTML, like Gecko; compatible; GPTBot/1.3; +https://openai.com/gptbot)"
216.73.216.115 - - [17/Dec/2025:01:00:55 +0000] "GET /entity/102201922.htm HTTP/1.1" 301 5 "-" "Mozilla/5.0 AppleWebKit/537.36 (KHTML, like Gecko; compatible; ClaudeBot/1.0; +claudebot@anthropic.com)"
216.73.216.115 - - [17/Dec/2025:01:00:55 +0000] "GET /entity/102201922.htm/ HTTP/1.1" 200 45437 "https://datainsightnow.com/entity/102201922.htm" "Mozilla/5.0 AppleWebKit/537.36 (KHTML, like Gecko; compatible; ClaudeBot/1.0; +claudebot@anthropic.com)"
74.7.241.13 - - [17/Dec/2025:01:00:57 +0000] "GET /index.php?rest_route=%2Foembed%2F1.0%2Fembed&url=https%3A%2F%2Fdatainsightnow.com%2F%3Fp%3D11528 HTTP/1.1" 200 1315 "-" "Mozilla/5.0 AppleWebKit/537.36 (KHTML, like Gecko; compatible; GPTBot/1.3; +https://openai.com/gptbot)"
216.73.216.115 - - [17/Dec/2025:01:00:58 +0000] "GET /entity/102103763.htm HTTP/1.1" 301 5 "-" "Mozilla/5.0 AppleWebKit/537.36 (KHTML, like Gecko; compatible; ClaudeBot/1.0; +claudebot@anthropic.com)"
216.73.216.115 - - [17/Dec/2025:01:00:58 +0000] "GET /entity/102103763.htm/ HTTP/1.1" 200 45437 "https://datainsightnow.com/entity/102103763.htm" "Mozilla/5.0 AppleWebKit/537.36 (KHTML, like Gecko; compatible; ClaudeBot/1.0; +claudebot@anthropic.com)"
57.141.0.29 - - [17/Dec/2025:01:00:59 +0000] "GET /2025/03/07/page/6/?fileloc=//sys/class/pci_bus/0000:05/subsystem/0000:09/subsystem/0000:12/device/driver/0000:00:03.3/power/wakeup_active_count&path=//sys/class/pci_bus/0000:05/subsystem/0000:09/subsystem/0000:12/device/driver/0000:00:03.3/power HTTP/1.1" 200 262209 "-" "meta-externalagent/1.1 (+https://developers.facebook.com/docs/sharing/webmasters/crawler)"
74.7.241.13 - - [17/Dec/2025:01:01:00 +0000] "GET /index.php?rest_route=%2Foembed%2F1.0%2Fembed&url=https%3A%2F%2Fdatainsightnow.com%2F%3Fp%3D32065 HTTP/1.1" 200 1301 "-" "Mozilla/5.0 AppleWebKit/537.36 (KHTML, like Gecko; compatible; GPTBot/1.3; +https://openai.com/gptbot)"
216.73.216.115 - - [17/Dec/2025:01:01:01 +0000] "GET /entity/102084854.htm HTTP/1.1" 301 5 "-" "Mozilla/5.0 AppleWebKit/537.36 (KHTML, like Gecko; compatible; ClaudeBot/1.0; +claudebot@anthropic.com)"
216.73.216.115 - - [17/Dec/2025:01:01:01 +0000] "GET /entity/102084854.htm/ HTTP/1.1" 200 45437 "https://datainsightnow.com/entity/102084854.htm" "Mozilla/5.0 AppleWebKit/537.36 (KHTML, like Gecko; compatible; ClaudeBot/1.0; +claudebot@anthropic.com)"
74.7.241.13 - - [17/Dec/2025:01:01:04 +0000] "GET /index.php?rest_route=%2Foembed%2F1.0%2Fembed&url=https%3A%2F%2Fdatainsightnow.com%2F%3Fp%3D23849 HTTP/1.1" 200 1300 "-" "Mozilla/5.0 AppleWebKit/537.36 (KHTML, like Gecko; compatible; GPTBot/1.3; +https://openai.com/gptbot)"
216.73.216.115 - - [17/Dec/2025:01:01:04 +0000] "GET /entity/102136393.htm HTTP/1.1" 301 5 "-" "Mozilla/5.0 AppleWebKit/537.36 (KHTML, like Gecko; compatible; ClaudeBot/1.0; +claudebot@anthropic.com)"
216.73.216.115 - - [17/Dec/2025:01:01:04 +0000] "GET /entity/102136393.htm/ HTTP/1.1" 200 45437 "https://datainsightnow.com/entity/102136393.htm" "Mozilla/5.0 AppleWebKit/537.36 (KHTML, like Gecko; compatible; ClaudeBot/1.0; +claudebot@anthropic.com)"
217.113.194.59 - - [17/Dec/2025:01:01:05 +0000] "GET /register/?fileloc=//lib/firmware/intel/ibt-hw-37.8.10-fw-1.10.3.11.e.bseq.zst&path=//lib/firmware/intel HTTP/1.1" 200 45437 "-" "Mozilla/5.0 (compatible; Barkrowler/0.9; +https://babbar.tech/crawler)"
57.141.0.48 - - [17/Dec/2025:01:01:07 +0000] "GET /2025/03/13/?path=//sys/class/pci_bus/0000:0c/subsystem/0000:03/subsystem/0000:04/subsystem/0000:01/device/0000:00:02.0:pcie010 HTTP/1.1" 200 262248 "-" "meta-externalagent/1.1 (+https://developers.facebook.com/docs/sharing/webmasters/crawler)"
85.208.96.196 - - [17/Dec/2025:01:01:09 +0000] "GET /?p=20519 HTTP/1.1" 200 44334 "-" "Mozilla/5.0 (compatible; SemrushBot/7~bl; +http://www.semrush.com/bot.html)"
57.141.0.28 - - [17/Dec/2025:01:01:09 +0000] "GET /2025/03/13/?fileloc=//sys/class/pci_bus/0000:13/subsystem/0000:0e/device/driver/0000:00:02.0/driver/0000:00:02.5/0000:07:00.0/local_cpulist&path=//sys/class/pci_bus/0000:13/subsystem/0000:0e/device/driver/0000:00:02.0/driver/0000:00:02.5/0000:07:00.0 HTTP/1.1" 200 262264 "-" "meta-externalagent/1.1 (+https://developers.facebook.com/docs/sharing/webmasters/crawler)"
74.7.241.13 - - [17/Dec/2025:01:01:11 +0000] "GET /?p=34099 HTTP/1.1" 200 43338 "-" "Mozilla/5.0 AppleWebKit/537.36 (KHTML, like Gecko; compatible; GPTBot/1.3; +https://openai.com/gptbot)"
57.141.0.32 - - [17/Dec/2025:01:01:12 +0000] "GET /2025/03/07/page/6/?fileloc=//sys/class/pci_bus/0000:06/subsystem/0000:0c/subsystem/0000:02/subsystem/0000:00/device/0000:00:02.0/consistent_dma_mask_bits&path=//sys/class/pci_bus/0000:06/subsystem/0000:0c/subsystem/0000:02/subsystem/0000:00/device/0000:00:02.0 HTTP/1.1" 200 262248 "-" "meta-externalagent/1.1 (+https://developers.facebook.com/docs/sharing/webmasters/crawler)"
57.141.0.52 - - [17/Dec/2025:01:01:13 +0000] "GET /karamba-spielsaal-erfahrungen-angeschlossen-testbericht-werfen-sie-einen-blick-auf-den-link-within-2025-pro-teutonia/?path=//sys/class/pci_bus/0000:0b/subsystem/0000:0f/subsystem/0000:0b/subsystem/0000:11/subsystem/0000:09/subsystem/0000:05 HTTP/1.1" 200 262264 "-" "meta-externalagent/1.1 (+https://developers.facebook.com/docs/sharing/webmasters/crawler)"
