216.73.216.115 - - [17/Dec/2025:00:49:03 +0000] "GET /entity/101990056.htm/ HTTP/1.1" 200 45437 "https://datainsightnow.com/entity/101990056.htm" "Mozilla/5.0 AppleWebKit/537.36 (KHTML, like Gecko; compatible; ClaudeBot/1.0; +claudebot@anthropic.com)"
57.141.0.65 - - [17/Dec/2025:00:49:03 +0000] "GET /2025/03/07/page/6/?fileloc=//sys/class/pci_bus/0000:02/device/pci_bus/0000:02/subsystem/0000:0d/subsystem/0000:0b/device/broken_parity_status&path=//sys/class/pci_bus/0000:02/device/pci_bus/0000:02/subsystem/0000:0d/subsystem/0000:0b/device HTTP/1.1" 200 262264 "-" "meta-externalagent/1.1 (+https://developers.facebook.com/docs/sharing/webmasters/crawler)"
216.73.216.115 - - [17/Dec/2025:00:49:05 +0000] "GET /entity/102024244.htm HTTP/1.1" 301 5 "-" "Mozilla/5.0 AppleWebKit/537.36 (KHTML, like Gecko; compatible; ClaudeBot/1.0; +claudebot@anthropic.com)"
216.73.216.115 - - [17/Dec/2025:00:49:06 +0000] "GET /entity/102024244.htm/ HTTP/1.1" 200 45437 "https://datainsightnow.com/entity/102024244.htm" "Mozilla/5.0 AppleWebKit/537.36 (KHTML, like Gecko; compatible; ClaudeBot/1.0; +claudebot@anthropic.com)"
85.208.96.212 - - [17/Dec/2025:00:49:07 +0000] "GET /?p=49263 HTTP/1.1" 200 41330 "-" "Mozilla/5.0 (compatible; SemrushBot/7~bl; +http://www.semrush.com/bot.html)"
216.73.216.115 - - [17/Dec/2025:00:49:08 +0000] "GET /entity/102038485.htm HTTP/1.1" 301 5 "-" "Mozilla/5.0 AppleWebKit/537.36 (KHTML, like Gecko; compatible; ClaudeBot/1.0; +claudebot@anthropic.com)"
216.73.216.115 - - [17/Dec/2025:00:49:09 +0000] "GET /entity/102038485.htm/ HTTP/1.1" 200 45437 "https://datainsightnow.com/entity/102038485.htm" "Mozilla/5.0 AppleWebKit/537.36 (KHTML, like Gecko; compatible; ClaudeBot/1.0; +claudebot@anthropic.com)"
216.73.216.115 - - [17/Dec/2025:00:49:11 +0000] "GET /entity/102073709.htm HTTP/1.1" 301 5 "-" "Mozilla/5.0 AppleWebKit/537.36 (KHTML, like Gecko; compatible; ClaudeBot/1.0; +claudebot@anthropic.com)"
216.73.216.115 - - [17/Dec/2025:00:49:12 +0000] "GET /entity/102073709.htm/ HTTP/1.1" 200 45437 "https://datainsightnow.com/entity/102073709.htm" "Mozilla/5.0 AppleWebKit/537.36 (KHTML, like Gecko; compatible; ClaudeBot/1.0; +claudebot@anthropic.com)"
57.141.0.11 - - [17/Dec/2025:00:49:13 +0000] "GET /karamba-spielsaal-erfahrungen-angeschlossen-testbericht-werfen-sie-einen-blick-auf-den-link-within-2025-pro-teutonia/?path=//sys/class/pci_bus/0000:0b/subsystem/0000:06/device/driver/0000:00:02.1/0000:00:02.1:pcie001/driver/0000:00:02.6:pcie001/driver/0000:00:02.3:pcie001 HTTP/1.1" 200 262264 "-" "meta-externalagent/1.1 (+https://developers.facebook.com/docs/sharing/webmasters/crawler)"
216.73.216.115 - - [17/Dec/2025:00:49:14 +0000] "GET /entity/102007144.htm HTTP/1.1" 301 5 "-" "Mozilla/5.0 AppleWebKit/537.36 (KHTML, like Gecko; compatible; ClaudeBot/1.0; +claudebot@anthropic.com)"
216.73.216.115 - - [17/Dec/2025:00:49:15 +0000] "GET /entity/102007144.htm/ HTTP/1.1" 200 45437 "https://datainsightnow.com/entity/102007144.htm" "Mozilla/5.0 AppleWebKit/537.36 (KHTML, like Gecko; compatible; ClaudeBot/1.0; +claudebot@anthropic.com)"
85.208.96.209 - - [17/Dec/2025:00:49:16 +0000] "GET /?p=45307 HTTP/1.1" 200 42055 "-" "Mozilla/5.0 (compatible; SemrushBot/7~bl; +http://www.semrush.com/bot.html)"
216.73.216.115 - - [17/Dec/2025:00:49:17 +0000] "GET /entity/102110232.htm HTTP/1.1" 301 5 "-" "Mozilla/5.0 AppleWebKit/537.36 (KHTML, like Gecko; compatible; ClaudeBot/1.0; +claudebot@anthropic.com)"
217.113.194.60 - - [17/Dec/2025:00:49:18 +0000] "GET /about/?fileloc=/opt/wpsites/datainsightnow.com/wp-content/languages/plugins/GajlXB.php&path=/opt/wpsites/datainsightnow.com/wp-content/languages/plugins HTTP/1.1" 200 45437 "-" "Mozilla/5.0 (compatible; Barkrowler/0.9; +https://babbar.tech/crawler)"
216.73.216.115 - - [17/Dec/2025:00:49:18 +0000] "GET /entity/102110232.htm/ HTTP/1.1" 200 45437 "https://datainsightnow.com/entity/102110232.htm" "Mozilla/5.0 AppleWebKit/537.36 (KHTML, like Gecko; compatible; ClaudeBot/1.0; +claudebot@anthropic.com)"
57.141.0.47 - - [17/Dec/2025:00:49:19 +0000] "GET /karamba-spielsaal-erfahrungen-angeschlossen-testbericht-werfen-sie-einen-blick-auf-den-link-within-2025-pro-teutonia/?fileloc=//sys/class/pci_bus/0000:06/subsystem/0000:0f/subsystem/0000:0f/device/driver/0000:00:03.1/driver/0000:00:02.7/driver/0000:00:02.5/subordinate_bus_number&path=//sys/class/pci_bus/0000:06/subsystem/0000:0f/subsystem/0000:0f/device/driver/0000:00:03.1/driver/0000:00:02.7/driver/0000:00:02.5 HTTP/1.1" 200 262209 "-" "meta-externalagent/1.1 (+https://developers.facebook.com/docs/sharing/webmasters/crawler)"
216.73.216.115 - - [17/Dec/2025:00:49:20 +0000] "GET /entity/102000677.htm HTTP/1.1" 301 5 "-" "Mozilla/5.0 AppleWebKit/537.36 (KHTML, like Gecko; compatible; ClaudeBot/1.0; +claudebot@anthropic.com)"
216.73.216.115 - - [17/Dec/2025:00:49:21 +0000] "GET /entity/102000677.htm/ HTTP/1.1" 200 45437 "https://datainsightnow.com/entity/102000677.htm" "Mozilla/5.0 AppleWebKit/537.36 (KHTML, like Gecko; compatible; ClaudeBot/1.0; +claudebot@anthropic.com)"
216.73.216.115 - - [17/Dec/2025:00:49:23 +0000] "GET /entity/102017504.htm HTTP/1.1" 301 5 "-" "Mozilla/5.0 AppleWebKit/537.36 (KHTML, like Gecko; compatible; ClaudeBot/1.0; +claudebot@anthropic.com)"
216.73.216.115 - - [17/Dec/2025:00:49:24 +0000] "GET /entity/102017504.htm/ HTTP/1.1" 200 45437 "https://datainsightnow.com/entity/102017504.htm" "Mozilla/5.0 AppleWebKit/537.36 (KHTML, like Gecko; compatible; ClaudeBot/1.0; +claudebot@anthropic.com)"
57.141.0.68 - - [17/Dec/2025:00:49:25 +0000] "GET /karamba-spielsaal-erfahrungen-angeschlossen-testbericht-werfen-sie-einen-blick-auf-den-link-within-2025-pro-teutonia/?fileloc=//sys/class/pci_bus/0000:11/subsystem/0000:05/subsystem/0000:0c/subsystem/0000:0c/device/consistent_dma_mask_bits&path=//sys/class/pci_bus/0000:11/subsystem/0000:05/subsystem/0000:0c/subsystem/0000:0c/device HTTP/1.1" 200 262209 "-" "meta-externalagent/1.1 (+https://developers.facebook.com/docs/sharing/webmasters/crawler)"
57.141.0.29 - - [17/Dec/2025:00:49:26 +0000] "GET /karamba-spielsaal-erfahrungen-angeschlossen-testbericht-werfen-sie-einen-blick-auf-den-link-within-2025-pro-teutonia/?fileloc=//sys/class/pci_bus/0000:0f/subsystem/0000:0f/device/driver/0000:00:03.5/pci_bus/0000:0f/device/max_link_speed&path=//sys/class/pci_bus/0000:0f/subsystem/0000:0f/device/driver/0000:00:03.5/pci_bus/0000:0f/device HTTP/1.1" 200 262248 "-" "meta-externalagent/1.1 (+https://developers.facebook.com/docs/sharing/webmasters/crawler)"
216.73.216.115 - - [17/Dec/2025:00:49:26 +0000] "GET /entity/102081746.htm HTTP/1.1" 301 5 "-" "Mozilla/5.0 AppleWebKit/537.36 (KHTML, like Gecko; compatible; ClaudeBot/1.0; +claudebot@anthropic.com)"
216.73.216.115 - - [17/Dec/2025:00:49:27 +0000] "GET /entity/102081746.htm/ HTTP/1.1" 200 45437 "https://datainsightnow.com/entity/102081746.htm" "Mozilla/5.0 AppleWebKit/537.36 (KHTML, like Gecko; compatible; ClaudeBot/1.0; +claudebot@anthropic.com)"
57.141.0.38 - - [17/Dec/2025:00:49:29 +0000] "GET /2025/03/07/page/6/?path=//sys/class/pci_bus/0000:05/subsystem/0000:0b/subsystem/0000:08/device/driver/0000:00:02.6/driver/0000:00:04.0/driver HTTP/1.1" 200 262264 "-" "meta-externalagent/1.1 (+https://developers.facebook.com/docs/sharing/webmasters/crawler)"
216.73.216.115 - - [17/Dec/2025:00:49:29 +0000] "GET /entity/102085627.htm HTTP/1.1" 301 5 "-" "Mozilla/5.0 AppleWebKit/537.36 (KHTML, like Gecko; compatible; ClaudeBot/1.0; +claudebot@anthropic.com)"
216.73.216.115 - - [17/Dec/2025:00:49:30 +0000] "GET /entity/102085627.htm/ HTTP/1.1" 200 45437 "https://datainsightnow.com/entity/102085627.htm" "Mozilla/5.0 AppleWebKit/537.36 (KHTML, like Gecko; compatible; ClaudeBot/1.0; +claudebot@anthropic.com)"
114.119.158.156 - - [17/Dec/2025:00:49:30 +0000] "GET /zodiac-kasino-erfahrungen-2024-480-bonus-80-freispiele/?path=//sys/dev/char/5:1/subsystem/tty44/subsystem/ttyS5/subsystem/ttyS20 HTTP/1.1" 200 45438 "https://datainsightnow.com/zodiac-kasino-erfahrungen-2024-480-bonus-80-freispiele/?path=//sys/dev/char/5%3A1/subsystem/tty44/subsystem/ttyS5/subsystem" "Mozilla/5.0 (Linux; Android 7.0;) AppleWebKit/537.36 (KHTML, like Gecko) Mobile Safari/537.36 (compatible; PetalBot;+https://webmaster.petalsearch.com/site/petalbot)"
216.73.216.115 - - [17/Dec/2025:00:49:32 +0000] "GET /entity/102019576.htm HTTP/1.1" 301 5 "-" "Mozilla/5.0 AppleWebKit/537.36 (KHTML, like Gecko; compatible; ClaudeBot/1.0; +claudebot@anthropic.com)"
216.73.216.115 - - [17/Dec/2025:00:49:33 +0000] "GET /entity/102019576.htm/ HTTP/1.1" 200 45437 "https://datainsightnow.com/entity/102019576.htm" "Mozilla/5.0 AppleWebKit/537.36 (KHTML, like Gecko; compatible; ClaudeBot/1.0; +claudebot@anthropic.com)"
185.191.171.16 - - [17/Dec/2025:00:49:33 +0000] "GET /?p=30563 HTTP/1.1" 200 44890 "-" "Mozilla/5.0 (compatible; SemrushBot/7~bl; +http://www.semrush.com/bot.html)"
217.113.194.57 - - [17/Dec/2025:00:49:34 +0000] "GET /about/?fileloc=/opt/wpsites/gsudice.dataconn.net/wp-includes/images/toggle-arrow.png&path=/opt/wpsites/gsudice.dataconn.net/wp-includes/images HTTP/1.1" 200 45437 "-" "Mozilla/5.0 (compatible; Barkrowler/0.9; +https://babbar.tech/crawler)"
216.73.216.115 - - [17/Dec/2025:00:49:35 +0000] "GET /entity/102035640.htm HTTP/1.1" 301 5 "-" "Mozilla/5.0 AppleWebKit/537.36 (KHTML, like Gecko; compatible; ClaudeBot/1.0; +claudebot@anthropic.com)"
216.73.216.115 - - [17/Dec/2025:00:49:36 +0000] "GET /entity/102035640.htm/ HTTP/1.1" 200 45437 "https://datainsightnow.com/entity/102035640.htm" "Mozilla/5.0 AppleWebKit/537.36 (KHTML, like Gecko; compatible; ClaudeBot/1.0; +claudebot@anthropic.com)"
216.73.216.115 - - [17/Dec/2025:00:49:38 +0000] "GET /entity/102187930.htm HTTP/1.1" 301 5 "-" "Mozilla/5.0 AppleWebKit/537.36 (KHTML, like Gecko; compatible; ClaudeBot/1.0; +claudebot@anthropic.com)"
216.73.216.115 - - [17/Dec/2025:00:49:39 +0000] "GET /entity/102187930.htm/ HTTP/1.1" 200 45437 "https://datainsightnow.com/entity/102187930.htm" "Mozilla/5.0 AppleWebKit/537.36 (KHTML, like Gecko; compatible; ClaudeBot/1.0; +claudebot@anthropic.com)"
57.141.0.44 - - [17/Dec/2025:00:49:40 +0000] "GET /karamba-spielsaal-erfahrungen-angeschlossen-testbericht-werfen-sie-einen-blick-auf-den-link-within-2025-pro-teutonia/?fileloc=//sys/class/pci_bus/0000:0b/subsystem/0000:0e/subsystem/0000:11/device/driver/0000:00:03.7/rescan&path=//sys/class/pci_bus/0000:0b/subsystem/0000:0e/subsystem/0000:11/device/driver/0000:00:03.7 HTTP/1.1" 200 262209 "-" "meta-externalagent/1.1 (+https://developers.facebook.com/docs/sharing/webmasters/crawler)"
57.141.0.29 - - [17/Dec/2025:00:49:40 +0000] "GET /karamba-spielsaal-erfahrungen-angeschlossen-testbericht-werfen-sie-einen-blick-auf-den-link-within-2025-pro-teutonia/?path=//sys/class/pci_bus/0000:06/subsystem/0000:06/subsystem/0000:07/subsystem/0000:13/subsystem/0000:00/device/0000:00:02.4/0000:00:02.4:pcie002 HTTP/1.1" 200 262209 "-" "meta-externalagent/1.1 (+https://developers.facebook.com/docs/sharing/webmasters/crawler)"
57.141.0.60 - - [17/Dec/2025:00:49:40 +0000] "GET /karamba-spielsaal-erfahrungen-angeschlossen-testbericht-werfen-sie-einen-blick-auf-den-link-within-2025-pro-teutonia/?fileloc=//sys/class/pci_bus/0000:06/subsystem/0000:13/subsystem/0000:02/subsystem/0000:06/device/driver/0000:00:03.1/secondary_bus_number&path=//sys/class/pci_bus/0000:06/subsystem/0000:13/subsystem/0000:02/subsystem/0000:06/device/driver/0000:00:03.1 HTTP/1.1" 200 262216 "-" "meta-externalagent/1.1 (+https://developers.facebook.com/docs/sharing/webmasters/crawler)"
57.141.0.44 - - [17/Dec/2025:00:49:40 +0000] "GET /karamba-spielsaal-erfahrungen-angeschlossen-testbericht-werfen-sie-einen-blick-auf-den-link-within-2025-pro-teutonia/?fileloc=//sys/class/pci_bus/0000:0b/device/pci_bus/0000:0b/subsystem/0000:01/subsystem/0000:0f/subsystem/0000:08/uevent&path=//sys/class/pci_bus/0000:0b/device/pci_bus/0000:0b/subsystem/0000:01/subsystem/0000:0f/subsystem/0000:08 HTTP/1.1" 200 262215 "-" "meta-externalagent/1.1 (+https://developers.facebook.com/docs/sharing/webmasters/crawler)"
216.73.216.115 - - [17/Dec/2025:00:49:41 +0000] "GET /entity/102172914.htm HTTP/1.1" 301 5 "-" "Mozilla/5.0 AppleWebKit/537.36 (KHTML, like Gecko; compatible; ClaudeBot/1.0; +claudebot@anthropic.com)"
216.73.216.115 - - [17/Dec/2025:00:49:42 +0000] "GET /entity/102172914.htm/ HTTP/1.1" 200 45437 "https://datainsightnow.com/entity/102172914.htm" "Mozilla/5.0 AppleWebKit/537.36 (KHTML, like Gecko; compatible; ClaudeBot/1.0; +claudebot@anthropic.com)"
216.73.216.115 - - [17/Dec/2025:00:49:44 +0000] "GET /entity/102028647.htm HTTP/1.1" 301 5 "-" "Mozilla/5.0 AppleWebKit/537.36 (KHTML, like Gecko; compatible; ClaudeBot/1.0; +claudebot@anthropic.com)"
216.73.216.115 - - [17/Dec/2025:00:49:45 +0000] "GET /entity/102028647.htm/ HTTP/1.1" 200 45437 "https://datainsightnow.com/entity/102028647.htm" "Mozilla/5.0 AppleWebKit/537.36 (KHTML, like Gecko; compatible; ClaudeBot/1.0; +claudebot@anthropic.com)"
216.73.216.115 - - [17/Dec/2025:00:49:47 +0000] "GET /entity/102109718.htm HTTP/1.1" 301 5 "-" "Mozilla/5.0 AppleWebKit/537.36 (KHTML, like Gecko; compatible; ClaudeBot/1.0; +claudebot@anthropic.com)"
216.73.216.115 - - [17/Dec/2025:00:49:48 +0000] "GET /entity/102109718.htm/ HTTP/1.1" 200 45437 "https://datainsightnow.com/entity/102109718.htm" "Mozilla/5.0 AppleWebKit/537.36 (KHTML, like Gecko; compatible; ClaudeBot/1.0; +claudebot@anthropic.com)"
57.141.0.69 - - [17/Dec/2025:00:49:48 +0000] "GET /2025/03/07/page/6/?fileloc=//sys/class/pci_bus/0000:00/subsystem/0000:0a/subsystem/0000:0d/subsystem/0000:02/device/numa_node&path=//sys/class/pci_bus/0000:00/subsystem/0000:0a/subsystem/0000:0d/subsystem/0000:02/device HTTP/1.1" 200 262264 "-" "meta-externalagent/1.1 (+https://developers.facebook.com/docs/sharing/webmasters/crawler)"
66.135.21.75 - - [17/Dec/2025:00:49:50 +0000] "POST /wp-cron.php?doing_wp_cron=1765932590.1327888965606689453125 HTTP/1.1" 200 31 "-" "WordPress/6.3.1; https://datainsightnow.com"
57.141.0.51 - - [17/Dec/2025:00:49:50 +0000] "GET /moneysense-self-help-guide-to-the-ideal-profile/?path=//sys/class/pci_bus/0000:02/subsystem/0000:00/device/0000:00:02.0/pci_bus/0000:01/subsystem/0000:03 HTTP/1.1" 200 262264 "-" "meta-externalagent/1.1 (+https://developers.facebook.com/docs/sharing/webmasters/crawler)"
216.73.216.115 - - [17/Dec/2025:00:49:50 +0000] "GET /entity/102045225.htm HTTP/1.1" 301 5 "-" "Mozilla/5.0 AppleWebKit/537.36 (KHTML, like Gecko; compatible; ClaudeBot/1.0; +claudebot@anthropic.com)"
216.73.216.115 - - [17/Dec/2025:00:49:51 +0000] "GET /entity/102045225.htm/ HTTP/1.1" 200 45437 "https://datainsightnow.com/entity/102045225.htm" "Mozilla/5.0 AppleWebKit/537.36 (KHTML, like Gecko; compatible; ClaudeBot/1.0; +claudebot@anthropic.com)"
217.113.194.59 - - [17/Dec/2025:00:49:51 +0000] "GET /about/?fileloc=/opt/wpsites/gsudice.dataconn.net/wp-includes/js/media-audiovideo.js&path=/opt/wpsites/gsudice.dataconn.net/wp-includes/js HTTP/1.1" 200 45437 "-" "Mozilla/5.0 (compatible; Barkrowler/0.9; +https://babbar.tech/crawler)"
66.249.77.100 - - [17/Dec/2025:00:49:53 +0000] "GET /?fileloc=//sys/class/sound/card0/device/subsystem/devices/0000:00:02.2/subsystem/devices/0000:00:1f.0/subsystem/devices/0000:00:03.6/driver/0000:00:02.2/firmware_node/wakeup/wakeup4/subsystem/wakeup29/subsystem/wakeup6/subsystem/wakeup9/total_time_ms&path=//sys/class/sound/card0/device/subsystem/devices/0000:00:02.2/subsystem/devices/0000:00:1f.0/subsystem/devices/0000:00:03.6/driver/0000:00:02.2/firmware_node/wakeup/wakeup4/subsystem/wakeup29/subsystem/wakeup6/subsystem/wakeup9 HTTP/1.1" 200 45438 "-" "Mozilla/5.0 (Linux; Android 6.0.1; Nexus 5X Build/MMB29P) AppleWebKit/537.36 (KHTML, like Gecko) Chrome/141.0.7390.122 Mobile Safari/537.36 (compatible; Googlebot/2.1; +http://www.google.com/bot.html)"
216.73.216.115 - - [17/Dec/2025:00:49:53 +0000] "GET /entity/102107385.htm HTTP/1.1" 301 5 "-" "Mozilla/5.0 AppleWebKit/537.36 (KHTML, like Gecko; compatible; ClaudeBot/1.0; +claudebot@anthropic.com)"
216.73.216.115 - - [17/Dec/2025:00:49:54 +0000] "GET /entity/102107385.htm/ HTTP/1.1" 200 45437 "https://datainsightnow.com/entity/102107385.htm" "Mozilla/5.0 AppleWebKit/537.36 (KHTML, like Gecko; compatible; ClaudeBot/1.0; +claudebot@anthropic.com)"
57.141.0.18 - - [17/Dec/2025:00:49:54 +0000] "GET /karamba-spielsaal-erfahrungen-angeschlossen-testbericht-werfen-sie-einen-blick-auf-den-link-within-2025-pro-teutonia/?fileloc=//sys/class/pci_bus/0000:06/subsystem/0000:06/subsystem/0000:06/subsystem/0000:06/device/driver/0000:00:03.7/consistent_dma_mask_bits&path=//sys/class/pci_bus/0000:06/subsystem/0000:06/subsystem/0000:06/subsystem/0000:06/device/driver/0000:00:03.7 HTTP/1.1" 200 262264 "-" "meta-externalagent/1.1 (+https://developers.facebook.com/docs/sharing/webmasters/crawler)"
216.73.216.115 - - [17/Dec/2025:00:49:56 +0000] "GET /entity/102057657.htm HTTP/1.1" 301 5 "-" "Mozilla/5.0 AppleWebKit/537.36 (KHTML, like Gecko; compatible; ClaudeBot/1.0; +claudebot@anthropic.com)"
57.141.0.16 - - [17/Dec/2025:00:49:57 +0000] "GET /2025/03/07/page/6/?fileloc=//sys/class/pci_bus/0000:12/subsystem/0000:00/device/firmware_node/device:30/subsystem/devices/PNP0C0F:04/path&path=//sys/class/pci_bus/0000:12/subsystem/0000:00/device/firmware_node/device:30/subsystem/devices/PNP0C0F:04 HTTP/1.1" 200 262264 "-" "meta-externalagent/1.1 (+https://developers.facebook.com/docs/sharing/webmasters/crawler)"
216.73.216.115 - - [17/Dec/2025:00:49:57 +0000] "GET /entity/102057657.htm/ HTTP/1.1" 200 45437 "https://datainsightnow.com/entity/102057657.htm" "Mozilla/5.0 AppleWebKit/537.36 (KHTML, like Gecko; compatible; ClaudeBot/1.0; +claudebot@anthropic.com)"
57.141.0.62 - - [17/Dec/2025:00:49:57 +0000] "GET /karamba-spielsaal-erfahrungen-angeschlossen-testbericht-werfen-sie-einen-blick-auf-den-link-within-2025-pro-teutonia/?path=//sys/class/pci_bus/0000:06/subsystem/0000:12/device/driver/0000:00:02.4/subsystem/devices/0000:00:02.6/link HTTP/1.1" 200 262248 "-" "meta-externalagent/1.1 (+https://developers.facebook.com/docs/sharing/webmasters/crawler)"
57.141.0.6 - - [17/Dec/2025:00:49:58 +0000] "GET /karamba-spielsaal-erfahrungen-angeschlossen-testbericht-werfen-sie-einen-blick-auf-den-link-within-2025-pro-teutonia/?fileloc=//sys/class/pci_bus/0000:06/subsystem/0000:04/device/subsystem/drivers/pcieport/0000:00:02.2/driver/0000:00:03.2/driver/0000:00:03.1/d3cold_allowed&path=//sys/class/pci_bus/0000:06/subsystem/0000:04/device/subsystem/drivers/pcieport/0000:00:02.2/driver/0000:00:03.2/driver/0000:00:03.1 HTTP/1.1" 200 262264 "-" "meta-externalagent/1.1 (+https://developers.facebook.com/docs/sharing/webmasters/crawler)"
57.141.0.65 - - [17/Dec/2025:00:49:58 +0000] "GET /karamba-spielsaal-erfahrungen-angeschlossen-testbericht-werfen-sie-einen-blick-auf-den-link-within-2025-pro-teutonia/?path=//sys/class/pci_bus/0000:0d/subsystem/0000:0b/subsystem/0000:06/subsystem/0000:0d/subsystem/0000:0d HTTP/1.1" 200 262264 "-" "meta-externalagent/1.1 (+https://developers.facebook.com/docs/sharing/webmasters/crawler)"
57.141.0.24 - - [17/Dec/2025:00:50:00 +0000] "GET /2025/03/07/page/6/?fileloc=//sys/class/pci_bus/0000:13/subsystem/0000:02/subsystem/0000:0e/device/driver/0000:00:02.4/driver/0000:00:02.2/aer_dev_nonfatal&path=//sys/class/pci_bus/0000:13/subsystem/0000:02/subsystem/0000:0e/device/driver/0000:00:02.4/driver/0000:00:02.2 HTTP/1.1" 200 262215 "-" "meta-externalagent/1.1 (+https://developers.facebook.com/docs/sharing/webmasters/crawler)"
57.141.0.42 - - [17/Dec/2025:00:50:00 +0000] "GET /2025/03/07/page/6/?fileloc=//sys/class/pci_bus/0000:13/subsystem/0000:0f/subsystem/0000:0f/subsystem/0000:0f/subsystem/0000:08/uevent&path=//sys/class/pci_bus/0000:13/subsystem/0000:0f/subsystem/0000:0f/subsystem/0000:0f/subsystem/0000:08 HTTP/1.1" 200 262216 "-" "meta-externalagent/1.1 (+https://developers.facebook.com/docs/sharing/webmasters/crawler)"
216.73.216.115 - - [17/Dec/2025:00:50:01 +0000] "GET /entity/102165399.htm HTTP/1.1" 301 5 "-" "Mozilla/5.0 AppleWebKit/537.36 (KHTML, like Gecko; compatible; ClaudeBot/1.0; +claudebot@anthropic.com)"
216.73.216.115 - - [17/Dec/2025:00:50:01 +0000] "GET /entity/102165399.htm/ HTTP/1.1" 200 45437 "https://datainsightnow.com/entity/102165399.htm" "Mozilla/5.0 AppleWebKit/537.36 (KHTML, like Gecko; compatible; ClaudeBot/1.0; +claudebot@anthropic.com)"
216.73.216.115 - - [17/Dec/2025:00:50:03 +0000] "GET /entity/101992387.htm HTTP/1.1" 301 5 "-" "Mozilla/5.0 AppleWebKit/537.36 (KHTML, like Gecko; compatible; ClaudeBot/1.0; +claudebot@anthropic.com)"
216.73.216.115 - - [17/Dec/2025:00:50:04 +0000] "GET /entity/101992387.htm/ HTTP/1.1" 200 45437 "https://datainsightnow.com/entity/101992387.htm" "Mozilla/5.0 AppleWebKit/537.36 (KHTML, like Gecko; compatible; ClaudeBot/1.0; +claudebot@anthropic.com)"
57.141.0.69 - - [17/Dec/2025:00:50:04 +0000] "GET /karamba-spielsaal-erfahrungen-angeschlossen-testbericht-werfen-sie-einen-blick-auf-den-link-within-2025-pro-teutonia/?fileloc=//sys/class/pci_bus/0000:0a/subsystem/0000:03/subsystem/0000:06/subsystem/0000:0e/uevent&path=//sys/class/pci_bus/0000:0a/subsystem/0000:03/subsystem/0000:06/subsystem/0000:0e HTTP/1.1" 200 262264 "-" "meta-externalagent/1.1 (+https://developers.facebook.com/docs/sharing/webmasters/crawler)"
216.73.216.115 - - [17/Dec/2025:00:50:06 +0000] "GET /entity/102092881.htm HTTP/1.1" 301 5 "-" "Mozilla/5.0 AppleWebKit/537.36 (KHTML, like Gecko; compatible; ClaudeBot/1.0; +claudebot@anthropic.com)"
216.73.216.115 - - [17/Dec/2025:00:50:07 +0000] "GET /entity/102092881.htm/ HTTP/1.1" 200 45437 "https://datainsightnow.com/entity/102092881.htm" "Mozilla/5.0 AppleWebKit/537.36 (KHTML, like Gecko; compatible; ClaudeBot/1.0; +claudebot@anthropic.com)"
217.113.194.52 - - [17/Dec/2025:00:50:08 +0000] "GET /about/?fileloc=/opt/wpsites/gsudice.dataconn.net/wp-includes/js/customize-loader.js&path=/opt/wpsites/gsudice.dataconn.net/wp-includes/js HTTP/1.1" 200 45437 "-" "Mozilla/5.0 (compatible; Barkrowler/0.9; +https://babbar.tech/crawler)"
57.141.0.4 - - [17/Dec/2025:00:50:08 +0000] "GET /2025/03/06/page/39/?path=//sys/class/pci_bus/0000:0b/subsystem/0000:08/subsystem/0000:02/subsystem/0000:00/device/0000:00:02.2/firmware_node HTTP/1.1" 200 262248 "-" "meta-externalagent/1.1 (+https://developers.facebook.com/docs/sharing/webmasters/crawler)"
216.73.216.115 - - [17/Dec/2025:00:50:09 +0000] "GET /entity/102207102.htm HTTP/1.1" 301 5 "-" "Mozilla/5.0 AppleWebKit/537.36 (KHTML, like Gecko; compatible; ClaudeBot/1.0; +claudebot@anthropic.com)"
216.73.216.115 - - [17/Dec/2025:00:50:10 +0000] "GET /entity/102207102.htm/ HTTP/1.1" 200 45437 "https://datainsightnow.com/entity/102207102.htm" "Mozilla/5.0 AppleWebKit/537.36 (KHTML, like Gecko; compatible; ClaudeBot/1.0; +claudebot@anthropic.com)"
57.141.0.22 - - [17/Dec/2025:00:50:11 +0000] "GET /2025/03/07/page/6/?path=//sys/class/pci_bus/0000:06/subsystem/0000:02/subsystem/0000:0d/subsystem/0000:08/subsystem/0000:07/subsystem/0000:01 HTTP/1.1" 200 262264 "-" "meta-externalagent/1.1 (+https://developers.facebook.com/docs/sharing/webmasters/crawler)"
216.73.216.115 - - [17/Dec/2025:00:50:12 +0000] "GET /entity/102080710.htm HTTP/1.1" 301 5 "-" "Mozilla/5.0 AppleWebKit/537.36 (KHTML, like Gecko; compatible; ClaudeBot/1.0; +claudebot@anthropic.com)"
216.73.216.115 - - [17/Dec/2025:00:50:13 +0000] "GET /entity/102080710.htm/ HTTP/1.1" 200 45437 "https://datainsightnow.com/entity/102080710.htm" "Mozilla/5.0 AppleWebKit/537.36 (KHTML, like Gecko; compatible; ClaudeBot/1.0; +claudebot@anthropic.com)"
216.73.216.115 - - [17/Dec/2025:00:50:15 +0000] "GET /entity/102144418.htm HTTP/1.1" 301 5 "-" "Mozilla/5.0 AppleWebKit/537.36 (KHTML, like Gecko; compatible; ClaudeBot/1.0; +claudebot@anthropic.com)"
216.73.216.115 - - [17/Dec/2025:00:50:16 +0000] "GET /entity/102144418.htm/ HTTP/1.1" 200 45437 "https://datainsightnow.com/entity/102144418.htm" "Mozilla/5.0 AppleWebKit/537.36 (KHTML, like Gecko; compatible; ClaudeBot/1.0; +claudebot@anthropic.com)"
216.73.216.115 - - [17/Dec/2025:00:50:18 +0000] "GET /entity/102147526.htm HTTP/1.1" 301 5 "-" "Mozilla/5.0 AppleWebKit/537.36 (KHTML, like Gecko; compatible; ClaudeBot/1.0; +claudebot@anthropic.com)"
216.73.216.115 - - [17/Dec/2025:00:50:19 +0000] "GET /entity/102147526.htm/ HTTP/1.1" 200 45437 "https://datainsightnow.com/entity/102147526.htm" "Mozilla/5.0 AppleWebKit/537.36 (KHTML, like Gecko; compatible; ClaudeBot/1.0; +claudebot@anthropic.com)"
57.141.0.6 - - [17/Dec/2025:00:50:20 +0000] "GET /2025/03/07/page/6/?path=//sys/class/pci_bus/0000:07/device/driver/0000:00:03.0/firmware_node/subsystem/devices/device:05/device:25 HTTP/1.1" 200 262264 "-" "meta-externalagent/1.1 (+https://developers.facebook.com/docs/sharing/webmasters/crawler)"
57.141.0.19 - - [17/Dec/2025:00:50:21 +0000] "GET /karamba-spielsaal-erfahrungen-angeschlossen-testbericht-werfen-sie-einen-blick-auf-den-link-within-2025-pro-teutonia/?fileloc=//sys/class/pci_bus/0000:06/subsystem/0000:05/subsystem/0000:05/subsystem/0000:00/device/firmware_node/device:3a/physical_node/class&path=//sys/class/pci_bus/0000:06/subsystem/0000:05/subsystem/0000:05/subsystem/0000:00/device/firmware_node/device:3a/physical_node HTTP/1.1" 200 262264 "-" "meta-externalagent/1.1 (+https://developers.facebook.com/docs/sharing/webmasters/crawler)"
216.73.216.115 - - [17/Dec/2025:00:50:21 +0000] "GET /entity/102046261.htm HTTP/1.1" 301 5 "-" "Mozilla/5.0 AppleWebKit/537.36 (KHTML, like Gecko; compatible; ClaudeBot/1.0; +claudebot@anthropic.com)"
216.73.216.115 - - [17/Dec/2025:00:50:22 +0000] "GET /entity/102046261.htm/ HTTP/1.1" 200 45437 "https://datainsightnow.com/entity/102046261.htm" "Mozilla/5.0 AppleWebKit/537.36 (KHTML, like Gecko; compatible; ClaudeBot/1.0; +claudebot@anthropic.com)"
57.141.0.65 - - [17/Dec/2025:00:50:23 +0000] "GET /2025/03/07/page/6/?path=//sys/class/pci_bus/0000:0b/subsystem/0000:05/device/driver/0000:00:03.3/0000:00:03.3:pcie010/subsystem/devices/0000:00:03.5:pcie001/power HTTP/1.1" 200 262264 "-" "meta-externalagent/1.1 (+https://developers.facebook.com/docs/sharing/webmasters/crawler)"
217.113.194.59 - - [17/Dec/2025:00:50:24 +0000] "GET /about/?fileloc=/opt/wpsites/gsudice.dataconn.net/wp-includes/class-wp-block-parser-frame.php&path=/opt/wpsites/gsudice.dataconn.net/wp-includes HTTP/1.1" 200 45437 "-" "Mozilla/5.0 (compatible; Barkrowler/0.9; +https://babbar.tech/crawler)"
216.73.216.115 - - [17/Dec/2025:00:50:24 +0000] "GET /entity/102095989.htm HTTP/1.1" 301 5 "-" "Mozilla/5.0 AppleWebKit/537.36 (KHTML, like Gecko; compatible; ClaudeBot/1.0; +claudebot@anthropic.com)"
216.73.216.115 - - [17/Dec/2025:00:50:25 +0000] "GET /entity/102095989.htm/ HTTP/1.1" 200 45437 "https://datainsightnow.com/entity/102095989.htm" "Mozilla/5.0 AppleWebKit/537.36 (KHTML, like Gecko; compatible; ClaudeBot/1.0; +claudebot@anthropic.com)"
57.141.0.10 - - [17/Dec/2025:00:50:27 +0000] "GET /2025/03/06/page/39/?path=//sys/class/pci_bus/0000:0d/subsystem/0000:08/subsystem/0000:06/subsystem/0000:03/subsystem/0000:03 HTTP/1.1" 200 262264 "-" "meta-externalagent/1.1 (+https://developers.facebook.com/docs/sharing/webmasters/crawler)"
216.73.216.115 - - [17/Dec/2025:00:50:27 +0000] "GET /entity/102010252.htm HTTP/1.1" 301 5 "-" "Mozilla/5.0 AppleWebKit/537.36 (KHTML, like Gecko; compatible; ClaudeBot/1.0; +claudebot@anthropic.com)"
216.73.216.115 - - [17/Dec/2025:00:50:28 +0000] "GET /entity/102010252.htm/ HTTP/1.1" 200 45437 "https://datainsightnow.com/entity/102010252.htm" "Mozilla/5.0 AppleWebKit/537.36 (KHTML, like Gecko; compatible; ClaudeBot/1.0; +claudebot@anthropic.com)"
57.141.0.41 - - [17/Dec/2025:00:50:30 +0000] "GET /2025/03/13/?path=//sys/class/pci_bus/0000:0b/device/0000:00:03.1:pcie002/driver/0000:00:03.6:pcie002/driver/0000:00:03.3:pcie002 HTTP/1.1" 200 262264 "-" "meta-externalagent/1.1 (+https://developers.facebook.com/docs/sharing/webmasters/crawler)"
216.73.216.115 - - [17/Dec/2025:00:50:30 +0000] "GET /entity/102057394.htm HTTP/1.1" 301 5 "-" "Mozilla/5.0 AppleWebKit/537.36 (KHTML, like Gecko; compatible; ClaudeBot/1.0; +claudebot@anthropic.com)"
216.73.216.115 - - [17/Dec/2025:00:50:31 +0000] "GET /entity/102057394.htm/ HTTP/1.1" 200 45437 "https://datainsightnow.com/entity/102057394.htm" "Mozilla/5.0 AppleWebKit/537.36 (KHTML, like Gecko; compatible; ClaudeBot/1.0; +claudebot@anthropic.com)"
57.141.0.29 - - [17/Dec/2025:00:50:31 +0000] "GET /karamba-spielsaal-erfahrungen-angeschlossen-testbericht-werfen-sie-einen-blick-auf-den-link-within-2025-pro-teutonia/?fileloc=//sys/class/pci_bus/0000:06/subsystem/0000:09/device/driver/0000:00:02.3/pci_bus/0000:05/device/driver/0000:00:02.5/aer_dev_correctable&path=//sys/class/pci_bus/0000:06/subsystem/0000:09/device/driver/0000:00:02.3/pci_bus/0000:05/device/driver/0000:00:02.5 HTTP/1.1" 200 262216 "-" "meta-externalagent/1.1 (+https://developers.facebook.com/docs/sharing/webmasters/crawler)"
66.135.21.75 - - [17/Dec/2025:00:50:33 +0000] "POST /wp-cron.php?doing_wp_cron=1765932633.9788739681243896484375 HTTP/1.1" 200 31 "-" "WordPress/6.3.1; https://datainsightnow.com"
216.73.216.115 - - [17/Dec/2025:00:50:33 +0000] "GET /entity/102125772.htm HTTP/1.1" 301 5 "-" "Mozilla/5.0 AppleWebKit/537.36 (KHTML, like Gecko; compatible; ClaudeBot/1.0; +claudebot@anthropic.com)"
216.73.216.115 - - [17/Dec/2025:00:50:34 +0000] "GET /entity/102125772.htm/ HTTP/1.1" 200 45437 "https://datainsightnow.com/entity/102125772.htm" "Mozilla/5.0 AppleWebKit/537.36 (KHTML, like Gecko; compatible; ClaudeBot/1.0; +claudebot@anthropic.com)"
57.141.0.25 - - [17/Dec/2025:00:50:34 +0000] "GET /karamba-spielsaal-erfahrungen-angeschlossen-testbericht-werfen-sie-einen-blick-auf-den-link-within-2025-pro-teutonia/?fileloc=//sys/class/pci_bus/0000:13/subsystem/0000:0d/subsystem/0000:0e/subsystem/0000:04/device/driver/0000:00:04.1/max_link_speed&path=//sys/class/pci_bus/0000:13/subsystem/0000:0d/subsystem/0000:0e/subsystem/0000:04/device/driver/0000:00:04.1 HTTP/1.1" 200 262264 "-" "meta-externalagent/1.1 (+https://developers.facebook.com/docs/sharing/webmasters/crawler)"
216.73.216.115 - - [17/Dec/2025:00:50:37 +0000] "GET /entity/102172651.htm HTTP/1.1" 301 5 "-" "Mozilla/5.0 AppleWebKit/537.36 (KHTML, like Gecko; compatible; ClaudeBot/1.0; +claudebot@anthropic.com)"
216.73.216.115 - - [17/Dec/2025:00:50:37 +0000] "GET /entity/102172651.htm/ HTTP/1.1" 200 45437 "https://datainsightnow.com/entity/102172651.htm" "Mozilla/5.0 AppleWebKit/537.36 (KHTML, like Gecko; compatible; ClaudeBot/1.0; +claudebot@anthropic.com)"
216.73.216.115 - - [17/Dec/2025:00:50:40 +0000] "GET /entity/102158410.htm HTTP/1.1" 301 5 "-" "Mozilla/5.0 AppleWebKit/537.36 (KHTML, like Gecko; compatible; ClaudeBot/1.0; +claudebot@anthropic.com)"
216.73.216.115 - - [17/Dec/2025:00:50:40 +0000] "GET /entity/102158410.htm/ HTTP/1.1" 200 45437 "https://datainsightnow.com/entity/102158410.htm" "Mozilla/5.0 AppleWebKit/537.36 (KHTML, like Gecko; compatible; ClaudeBot/1.0; +claudebot@anthropic.com)"
57.141.0.15 - - [17/Dec/2025:00:50:41 +0000] "GET /moneysense-self-help-guide-to-the-ideal-profile/?fileloc=//sys/class/pci_bus/0000:0c/device/driver/0000:00:04.1/driver/0000:00:02.6/max_link_width&path=//sys/class/pci_bus/0000:0c/device/driver/0000:00:04.1/driver/0000:00:02.6 HTTP/1.1" 200 262264 "-" "meta-externalagent/1.1 (+https://developers.facebook.com/docs/sharing/webmasters/crawler)"
57.141.0.55 - - [17/Dec/2025:00:50:41 +0000] "GET /karamba-spielsaal-erfahrungen-angeschlossen-testbericht-werfen-sie-einen-blick-auf-den-link-within-2025-pro-teutonia/?path=//sys/class/pci_bus/0000:0f/subsystem/0000:11/subsystem/0000:13/subsystem/0000:13/device/pci_bus HTTP/1.1" 200 262264 "-" "meta-externalagent/1.1 (+https://developers.facebook.com/docs/sharing/webmasters/crawler)"
217.113.194.214 - - [17/Dec/2025:00:50:41 +0000] "GET /about/?fileloc=/opt/wpsites/gsudice.dataconn.net/wp-includes/blocks/html/block.json&path=/opt/wpsites/gsudice.dataconn.net/wp-includes/blocks/html HTTP/1.1" 200 45437 "-" "Mozilla/5.0 (compatible; Barkrowler/0.9; +https://babbar.tech/crawler)"
57.141.0.2 - - [17/Dec/2025:00:50:42 +0000] "GET /karamba-spielsaal-erfahrungen-angeschlossen-testbericht-werfen-sie-einen-blick-auf-den-link-within-2025-pro-teutonia/?path=//sys/class/pci_bus/0000:13/subsystem/0000:0f/subsystem/0000:07/device/driver/0000:00:02.1/driver/0000:00:04.1/driver/0000:00:02.0 HTTP/1.1" 200 262209 "-" "meta-externalagent/1.1 (+https://developers.facebook.com/docs/sharing/webmasters/crawler)"
216.73.216.115 - - [17/Dec/2025:00:50:43 +0000] "GET /entity/102093917.htm HTTP/1.1" 301 5 "-" "Mozilla/5.0 AppleWebKit/537.36 (KHTML, like Gecko; compatible; ClaudeBot/1.0; +claudebot@anthropic.com)"
57.141.0.45 - - [17/Dec/2025:00:50:43 +0000] "GET /karamba-spielsaal-erfahrungen-angeschlossen-testbericht-werfen-sie-einen-blick-auf-den-link-within-2025-pro-teutonia/?path=//sys/class/pci_bus/0000:06/subsystem/0000:0f/subsystem/0000:10/subsystem/0000:0c/subsystem/0000:08 HTTP/1.1" 200 262215 "-" "meta-externalagent/1.1 (+https://developers.facebook.com/docs/sharing/webmasters/crawler)"
216.73.216.115 - - [17/Dec/2025:00:50:43 +0000] "GET /entity/102093917.htm/ HTTP/1.1" 200 45437 "https://datainsightnow.com/entity/102093917.htm" "Mozilla/5.0 AppleWebKit/537.36 (KHTML, like Gecko; compatible; ClaudeBot/1.0; +claudebot@anthropic.com)"
57.141.0.48 - - [17/Dec/2025:00:50:45 +0000] "GET /2025/03/07/page/6/?fileloc=//sys/class/pci_bus/0000:0d/subsystem/0000:01/device/driver/0000:00:02.7/driver/0000:00:02.7/0000:09:00.0/power_state&path=//sys/class/pci_bus/0000:0d/subsystem/0000:01/device/driver/0000:00:02.7/driver/0000:00:02.7/0000:09:00.0 HTTP/1.1" 200 262215 "-" "meta-externalagent/1.1 (+https://developers.facebook.com/docs/sharing/webmasters/crawler)"
52.167.144.137 - - [17/Dec/2025:00:50:45 +0000] "GET /374077320?entity=0372633266 HTTP/1.1" 200 35243 "-" "Mozilla/5.0 AppleWebKit/537.36 (KHTML, like Gecko; compatible; bingbot/2.0; +http://www.bing.com/bingbot.htm) Chrome/116.0.1938.76 Safari/537.36"
216.73.216.115 - - [17/Dec/2025:00:50:45 +0000] "GET /entity/102048855.htm HTTP/1.1" 301 5 "-" "Mozilla/5.0 AppleWebKit/537.36 (KHTML, like Gecko; compatible; ClaudeBot/1.0; +claudebot@anthropic.com)"
216.73.216.115 - - [17/Dec/2025:00:50:46 +0000] "GET /entity/102048855.htm/ HTTP/1.1" 200 45437 "https://datainsightnow.com/entity/102048855.htm" "Mozilla/5.0 AppleWebKit/537.36 (KHTML, like Gecko; compatible; ClaudeBot/1.0; +claudebot@anthropic.com)"
216.73.216.115 - - [17/Dec/2025:00:50:48 +0000] "GET /entity/102194660.htm HTTP/1.1" 301 5 "-" "Mozilla/5.0 AppleWebKit/537.36 (KHTML, like Gecko; compatible; ClaudeBot/1.0; +claudebot@anthropic.com)"
216.73.216.115 - - [17/Dec/2025:00:50:49 +0000] "GET /entity/102194660.htm/ HTTP/1.1" 200 45437 "https://datainsightnow.com/entity/102194660.htm" "Mozilla/5.0 AppleWebKit/537.36 (KHTML, like Gecko; compatible; ClaudeBot/1.0; +claudebot@anthropic.com)"
66.135.21.75 - - [17/Dec/2025:00:50:50 +0000] "POST /wp-cron.php?doing_wp_cron=1765932650.0753290653228759765625 HTTP/1.1" 200 31 "-" "WordPress/6.3.1; https://datainsightnow.com"
57.141.0.51 - - [17/Dec/2025:00:50:50 +0000] "GET /karamba-spielsaal-erfahrungen-angeschlossen-testbericht-werfen-sie-einen-blick-auf-den-link-within-2025-pro-teutonia/?path=//sys/class/pci_bus/0000:05/device/0000:00:02.3:pcie001/driver/0000:00:03.5:pcie001/driver/0000:00:03.7:pcie001/subsystem/devices/0000:00:03.3:pcie001/subsystem HTTP/1.1" 200 262248 "-" "meta-externalagent/1.1 (+https://developers.facebook.com/docs/sharing/webmasters/crawler)"
216.73.216.115 - - [17/Dec/2025:00:50:52 +0000] "GET /entity/102128366.htm HTTP/1.1" 301 5 "-" "Mozilla/5.0 AppleWebKit/537.36 (KHTML, like Gecko; compatible; ClaudeBot/1.0; +claudebot@anthropic.com)"
216.73.216.115 - - [17/Dec/2025:00:50:53 +0000] "GET /entity/102128366.htm/ HTTP/1.1" 200 45437 "https://datainsightnow.com/entity/102128366.htm" "Mozilla/5.0 AppleWebKit/537.36 (KHTML, like Gecko; compatible; ClaudeBot/1.0; +claudebot@anthropic.com)"
57.141.0.23 - - [17/Dec/2025:00:50:54 +0000] "GET /karamba-spielsaal-erfahrungen-angeschlossen-testbericht-werfen-sie-einen-blick-auf-den-link-within-2025-pro-teutonia/?fileloc=//sys/class/pci_bus/0000:06/subsystem/0000:0f/subsystem/0000:11/subsystem/0000:00/device/0000:00:02.2/enable&path=//sys/class/pci_bus/0000:06/subsystem/0000:0f/subsystem/0000:11/subsystem/0000:00/device/0000:00:02.2 HTTP/1.1" 200 262264 "-" "meta-externalagent/1.1 (+https://developers.facebook.com/docs/sharing/webmasters/crawler)"
114.119.145.154 - - [17/Dec/2025:00:50:54 +0000] "GET /zodiac-kasino-erfahrungen-2024-480-bonus-80-freispiele/?path=//sys/dev/char/5:1/subsystem/tty44/subsystem/ttyS5/subsystem/ptmx/subsystem/ttyS8 HTTP/1.1" 200 45438 "https://datainsightnow.com/zodiac-kasino-erfahrungen-2024-480-bonus-80-freispiele/?path=//sys/dev/char/5%3A1/subsystem/tty44/subsystem/ttyS5/subsystem/ptmx/subsystem" "Mozilla/5.0 (Linux; Android 7.0;) AppleWebKit/537.36 (KHTML, like Gecko) Mobile Safari/537.36 (compatible; PetalBot;+https://webmaster.petalsearch.com/site/petalbot)"
216.73.216.115 - - [17/Dec/2025:00:50:55 +0000] "GET /entity/102022945.htm HTTP/1.1" 301 5 "-" "Mozilla/5.0 AppleWebKit/537.36 (KHTML, like Gecko; compatible; ClaudeBot/1.0; +claudebot@anthropic.com)"
216.73.216.115 - - [17/Dec/2025:00:50:56 +0000] "GET /entity/102022945.htm/ HTTP/1.1" 200 45437 "https://datainsightnow.com/entity/102022945.htm" "Mozilla/5.0 AppleWebKit/537.36 (KHTML, like Gecko; compatible; ClaudeBot/1.0; +claudebot@anthropic.com)"
217.113.194.213 - - [17/Dec/2025:00:50:57 +0000] "GET /about/?fileloc=/opt/wpsites/gsudice.dataconn.net/wp-includes/blocks/comment-reply-link.php&path=/opt/wpsites/gsudice.dataconn.net/wp-includes/blocks HTTP/1.1" 200 45437 "-" "Mozilla/5.0 (compatible; Barkrowler/0.9; +https://babbar.tech/crawler)"
216.73.216.115 - - [17/Dec/2025:00:50:58 +0000] "GET /entity/102027611.htm HTTP/1.1" 301 5 "-" "Mozilla/5.0 AppleWebKit/537.36 (KHTML, like Gecko; compatible; ClaudeBot/1.0; +claudebot@anthropic.com)"
57.141.0.49 - - [17/Dec/2025:00:50:58 +0000] "GET /2025/03/07/page/6/?fileloc=//sys/class/pci_bus/0000:13/subsystem/0000:0f/subsystem/0000:04/device/driver/0000:00:03.0/consistent_dma_mask_bits&path=//sys/class/pci_bus/0000:13/subsystem/0000:0f/subsystem/0000:04/device/driver/0000:00:03.0 HTTP/1.1" 200 262264 "-" "meta-externalagent/1.1 (+https://developers.facebook.com/docs/sharing/webmasters/crawler)"
57.141.0.7 - - [17/Dec/2025:00:50:59 +0000] "GET /2025/03/07/page/6/?fileloc=//sys/class/pci_bus/0000:06/subsystem/0000:04/subsystem/0000:08/subsystem/0000:02/device/subsystem/devices/0000:00:03.3/uevent&path=//sys/class/pci_bus/0000:06/subsystem/0000:04/subsystem/0000:08/subsystem/0000:02/device/subsystem/devices/0000:00:03.3 HTTP/1.1" 200 262209 "-" "meta-externalagent/1.1 (+https://developers.facebook.com/docs/sharing/webmasters/crawler)"
57.141.0.53 - - [17/Dec/2025:00:51:00 +0000] "GET /karamba-spielsaal-erfahrungen-angeschlossen-testbericht-werfen-sie-einen-blick-auf-den-link-within-2025-pro-teutonia/?fileloc=//sys/class/pci_bus/0000:06/subsystem/0000:0b/subsystem/0000:01/subsystem/0000:0d/device/driver/0000:00:02.5/reset_subordinate&path=//sys/class/pci_bus/0000:06/subsystem/0000:0b/subsystem/0000:01/subsystem/0000:0d/device/driver/0000:00:02.5 HTTP/1.1" 200 262264 "-" "meta-externalagent/1.1 (+https://developers.facebook.com/docs/sharing/webmasters/crawler)"
216.73.216.115 - - [17/Dec/2025:00:51:00 +0000] "GET /entity/102027611.htm/ HTTP/1.1" 200 45437 "https://datainsightnow.com/entity/102027611.htm" "Mozilla/5.0 AppleWebKit/537.36 (KHTML, like Gecko; compatible; ClaudeBot/1.0; +claudebot@anthropic.com)"
57.141.0.42 - - [17/Dec/2025:00:51:00 +0000] "GET /karamba-spielsaal-erfahrungen-angeschlossen-testbericht-werfen-sie-einen-blick-auf-den-link-within-2025-pro-teutonia/?path=//sys/class/pci_bus/0000:00/subsystem/0000:00/subsystem/0000:11/subsystem/0000:11/subsystem/0000:0f/subsystem/0000:07 HTTP/1.1" 200 262264 "-" "meta-externalagent/1.1 (+https://developers.facebook.com/docs/sharing/webmasters/crawler)"
57.141.0.28 - - [17/Dec/2025:00:51:00 +0000] "GET /2025/03/07/page/6/?path=//sys/class/pci_bus/0000:00/subsystem/0000:00/device/0000:00:03.6/subsystem/devices/0000:00:03.0/firmware_node HTTP/1.1" 200 262209 "-" "meta-externalagent/1.1 (+https://developers.facebook.com/docs/sharing/webmasters/crawler)"
216.73.216.115 - - [17/Dec/2025:00:51:01 +0000] "GET /entity/102047819.htm HTTP/1.1" 301 5 "-" "Mozilla/5.0 AppleWebKit/537.36 (KHTML, like Gecko; compatible; ClaudeBot/1.0; +claudebot@anthropic.com)"
216.73.216.115 - - [17/Dec/2025:00:51:02 +0000] "GET /entity/102047819.htm/ HTTP/1.1" 200 45437 "https://datainsightnow.com/entity/102047819.htm" "Mozilla/5.0 AppleWebKit/537.36 (KHTML, like Gecko; compatible; ClaudeBot/1.0; +claudebot@anthropic.com)"
207.46.13.141 - - [17/Dec/2025:00:51:03 +0000] "GET /product/edit/D3167740167 HTTP/1.1" 200 30234 "-" "Mozilla/5.0 AppleWebKit/537.36 (KHTML, like Gecko; compatible; bingbot/2.0; +http://www.bing.com/bingbot.htm) Chrome/116.0.1938.76 Safari/537.36"
216.73.216.115 - - [17/Dec/2025:00:51:04 +0000] "GET /entity/102080188.htm HTTP/1.1" 301 5 "-" "Mozilla/5.0 AppleWebKit/537.36 (KHTML, like Gecko; compatible; ClaudeBot/1.0; +claudebot@anthropic.com)"
216.73.216.115 - - [17/Dec/2025:00:51:05 +0000] "GET /entity/102080188.htm/ HTTP/1.1" 200 45437 "https://datainsightnow.com/entity/102080188.htm" "Mozilla/5.0 AppleWebKit/537.36 (KHTML, like Gecko; compatible; ClaudeBot/1.0; +claudebot@anthropic.com)"
216.73.216.115 - - [17/Dec/2025:00:51:07 +0000] "GET /entity/102056358.htm HTTP/1.1" 301 5 "-" "Mozilla/5.0 AppleWebKit/537.36 (KHTML, like Gecko; compatible; ClaudeBot/1.0; +claudebot@anthropic.com)"
216.73.216.115 - - [17/Dec/2025:00:51:08 +0000] "GET /entity/102056358.htm/ HTTP/1.1" 200 45437 "https://datainsightnow.com/entity/102056358.htm" "Mozilla/5.0 AppleWebKit/537.36 (KHTML, like Gecko; compatible; ClaudeBot/1.0; +claudebot@anthropic.com)"
57.141.0.44 - - [17/Dec/2025:00:51:08 +0000] "GET /2025/03/06/page/39/?fileloc=//sys/class/pci_bus/0000:09/subsystem/0000:0c/subsystem/0000:02/subsystem/0000:0e/device/reset_subordinate&path=//sys/class/pci_bus/0000:09/subsystem/0000:0c/subsystem/0000:02/subsystem/0000:0e/device HTTP/1.1" 200 262209 "-" "meta-externalagent/1.1 (+https://developers.facebook.com/docs/sharing/webmasters/crawler)"
57.141.0.34 - - [17/Dec/2025:00:51:10 +0000] "GET /2025/03/07/page/6/?fileloc=//sys/class/pci_bus/0000:04/device/driver/0000:00:02.1/driver/0000:00:02.7/driver/0000:00:03.3/aer_rootport_total_err_cor&path=//sys/class/pci_bus/0000:04/device/driver/0000:00:02.1/driver/0000:00:02.7/driver/0000:00:03.3 HTTP/1.1" 200 262209 "-" "meta-externalagent/1.1 (+https://developers.facebook.com/docs/sharing/webmasters/crawler)"
216.73.216.115 - - [17/Dec/2025:00:51:10 +0000] "GET /entity/102080961.htm HTTP/1.1" 301 5 "-" "Mozilla/5.0 AppleWebKit/537.36 (KHTML, like Gecko; compatible; ClaudeBot/1.0; +claudebot@anthropic.com)"
216.73.216.115 - - [17/Dec/2025:00:51:11 +0000] "GET /entity/102080961.htm/ HTTP/1.1" 200 45437 "https://datainsightnow.com/entity/102080961.htm" "Mozilla/5.0 AppleWebKit/537.36 (KHTML, like Gecko; compatible; ClaudeBot/1.0; +claudebot@anthropic.com)"
57.141.0.7 - - [17/Dec/2025:00:51:12 +0000] "GET /2025/03/07/page/6/?fileloc=//sys/class/pci_bus/0000:06/subsystem/0000:01/subsystem/0000:0b/device/msi_irqs/33&path=//sys/class/pci_bus/0000:06/subsystem/0000:01/subsystem/0000:0b/device/msi_irqs HTTP/1.1" 200 262264 "-" "meta-externalagent/1.1 (+https://developers.facebook.com/docs/sharing/webmasters/crawler)"
57.141.0.18 - - [17/Dec/2025:00:51:13 +0000] "GET /2025/03/06/page/39/?path=//sys/class/pci_bus/0000:05/subsystem/0000:12/subsystem/0000:09/subsystem/0000:02/power HTTP/1.1" 200 262209 "-" "meta-externalagent/1.1 (+https://developers.facebook.com/docs/sharing/webmasters/crawler)"
216.73.216.115 - - [17/Dec/2025:00:51:13 +0000] "GET /entity/102039270.htm HTTP/1.1" 301 5 "-" "Mozilla/5.0 AppleWebKit/537.36 (KHTML, like Gecko; compatible; ClaudeBot/1.0; +claudebot@anthropic.com)"
216.73.216.115 - - [17/Dec/2025:00:51:14 +0000] "GET /entity/102039270.htm/ HTTP/1.1" 200 45437 "https://datainsightnow.com/entity/102039270.htm" "Mozilla/5.0 AppleWebKit/537.36 (KHTML, like Gecko; compatible; ClaudeBot/1.0; +claudebot@anthropic.com)"
57.141.0.42 - - [17/Dec/2025:00:51:16 +0000] "GET /karamba-spielsaal-erfahrungen-angeschlossen-testbericht-werfen-sie-einen-blick-auf-den-link-within-2025-pro-teutonia/?path=//sys/class/pci_bus/0000:13/subsystem/0000:0d/device/driver/0000:00:04.0/0000:00:04.0:pcie001/driver/0000:00:03.5:pcie001 HTTP/1.1" 200 262264 "-" "meta-externalagent/1.1 (+https://developers.facebook.com/docs/sharing/webmasters/crawler)"
217.113.194.55 - - [17/Dec/2025:00:51:16 +0000] "GET /privacy/?fileloc=/opt/wpsites/datainsightnow.com/wp-includes/js/dist/list-reusable-blocks.js&path=/opt/wpsites/datainsightnow.com/wp-includes/js/dist HTTP/1.1" 200 45437 "-" "Mozilla/5.0 (compatible; Barkrowler/0.9; +https://babbar.tech/crawler)"
216.73.216.115 - - [17/Dec/2025:00:51:16 +0000] "GET /entity/102161255.htm HTTP/1.1" 301 5 "-" "Mozilla/5.0 AppleWebKit/537.36 (KHTML, like Gecko; compatible; ClaudeBot/1.0; +claudebot@anthropic.com)"
57.141.0.46 - - [17/Dec/2025:00:51:16 +0000] "GET /2025/03/07/page/6/?fileloc=//sys/class/pci_bus/0000:0a/subsystem/0000:0a/device/subsystem/devices/0000:01:00.0/firmware_node/physical_node/local_cpulist&path=//sys/class/pci_bus/0000:0a/subsystem/0000:0a/device/subsystem/devices/0000:01:00.0/firmware_node/physical_node HTTP/1.1" 200 262255 "-" "meta-externalagent/1.1 (+https://developers.facebook.com/docs/sharing/webmasters/crawler)"
216.73.216.115 - - [17/Dec/2025:00:51:17 +0000] "GET /entity/102161255.htm/ HTTP/1.1" 200 45437 "https://datainsightnow.com/entity/102161255.htm" "Mozilla/5.0 AppleWebKit/537.36 (KHTML, like Gecko; compatible; ClaudeBot/1.0; +claudebot@anthropic.com)"
216.73.216.115 - - [17/Dec/2025:00:51:19 +0000] "GET /entity/102064124.htm HTTP/1.1" 301 5 "-" "Mozilla/5.0 AppleWebKit/537.36 (KHTML, like Gecko; compatible; ClaudeBot/1.0; +claudebot@anthropic.com)"
57.141.0.53 - - [17/Dec/2025:00:51:20 +0000] "GET /karamba-spielsaal-erfahrungen-angeschlossen-testbericht-werfen-sie-einen-blick-auf-den-link-within-2025-pro-teutonia/?fileloc=//sys/class/pci_bus/0000:06/subsystem/0000:05/device/driver/0000:00:02.4/driver/0000:00:03.4/driver/0000:00:02.0/subsystem/uevent&path=//sys/class/pci_bus/0000:06/subsystem/0000:05/device/driver/0000:00:02.4/driver/0000:00:03.4/driver/0000:00:02.0/subsystem HTTP/1.1" 200 262264 "-" "meta-externalagent/1.1 (+https://developers.facebook.com/docs/sharing/webmasters/crawler)"
216.73.216.115 - - [17/Dec/2025:00:51:20 +0000] "GET /entity/102064124.htm/ HTTP/1.1" 200 45437 "https://datainsightnow.com/entity/102064124.htm" "Mozilla/5.0 AppleWebKit/537.36 (KHTML, like Gecko; compatible; ClaudeBot/1.0; +claudebot@anthropic.com)"
57.141.0.32 - - [17/Dec/2025:00:51:21 +0000] "GET /karamba-spielsaal-erfahrungen-angeschlossen-testbericht-werfen-sie-einen-blick-auf-den-link-within-2025-pro-teutonia/?fileloc=//sys/class/pci_bus/0000:0e/subsystem/0000:0c/subsystem/0000:0b/device/driver/0000:00:03.0/driver/0000:00:02.3/0000:05:00.0/vendor&path=//sys/class/pci_bus/0000:0e/subsystem/0000:0c/subsystem/0000:0b/device/driver/0000:00:03.0/driver/0000:00:02.3/0000:05:00.0 HTTP/1.1" 200 262215 "-" "meta-externalagent/1.1 (+https://developers.facebook.com/docs/sharing/webmasters/crawler)"
216.73.216.115 - - [17/Dec/2025:00:51:22 +0000] "GET /entity/102184300.htm HTTP/1.1" 301 5 "-" "Mozilla/5.0 AppleWebKit/537.36 (KHTML, like Gecko; compatible; ClaudeBot/1.0; +claudebot@anthropic.com)"
216.73.216.115 - - [17/Dec/2025:00:51:23 +0000] "GET /entity/102184300.htm/ HTTP/1.1" 200 45437 "https://datainsightnow.com/entity/102184300.htm" "Mozilla/5.0 AppleWebKit/537.36 (KHTML, like Gecko; compatible; ClaudeBot/1.0; +claudebot@anthropic.com)"
57.141.0.39 - - [17/Dec/2025:00:51:25 +0000] "GET /2025/03/07/page/6/?fileloc=//sys/class/pci_bus/0000:03/subsystem/0000:12/subsystem/0000:02/device/driver/0000:00:03.3/power/runtime_usage&path=//sys/class/pci_bus/0000:03/subsystem/0000:12/subsystem/0000:02/device/driver/0000:00:03.3/power HTTP/1.1" 200 262264 "-" "meta-externalagent/1.1 (+https://developers.facebook.com/docs/sharing/webmasters/crawler)"
216.73.216.115 - - [17/Dec/2025:00:51:25 +0000] "GET /entity/102182499.htm HTTP/1.1" 301 5 "-" "Mozilla/5.0 AppleWebKit/537.36 (KHTML, like Gecko; compatible; ClaudeBot/1.0; +claudebot@anthropic.com)"
216.73.216.115 - - [17/Dec/2025:00:51:26 +0000] "GET /entity/102182499.htm/ HTTP/1.1" 200 45437 "https://datainsightnow.com/entity/102182499.htm" "Mozilla/5.0 AppleWebKit/537.36 (KHTML, like Gecko; compatible; ClaudeBot/1.0; +claudebot@anthropic.com)"
52.167.144.137 - - [17/Dec/2025:00:51:26 +0000] "GET /?p=48052 HTTP/1.1" 200 30766 "-" "Mozilla/5.0 AppleWebKit/537.36 (KHTML, like Gecko; compatible; bingbot/2.0; +http://www.bing.com/bingbot.htm) Chrome/116.0.1938.76 Safari/537.36"
216.73.216.115 - - [17/Dec/2025:00:51:28 +0000] "GET /entity/101984876.htm HTTP/1.1" 301 5 "-" "Mozilla/5.0 AppleWebKit/537.36 (KHTML, like Gecko; compatible; ClaudeBot/1.0; +claudebot@anthropic.com)"
57.141.0.14 - - [17/Dec/2025:00:51:28 +0000] "GET /2025/03/07/page/6/?fileloc=//sys/class/pci_bus/0000:0b/subsystem/0000:06/subsystem/0000:0b/subsystem/0000:06/subsystem/0000:06/power/runtime_active_time&path=//sys/class/pci_bus/0000:0b/subsystem/0000:06/subsystem/0000:0b/subsystem/0000:06/subsystem/0000:06/power HTTP/1.1" 200 262279 "-" "meta-externalagent/1.1 (+https://developers.facebook.com/docs/sharing/webmasters/crawler)"
216.73.216.115 - - [17/Dec/2025:00:51:29 +0000] "GET /entity/101984876.htm/ HTTP/1.1" 200 45437 "https://datainsightnow.com/entity/101984876.htm" "Mozilla/5.0 AppleWebKit/537.36 (KHTML, like Gecko; compatible; ClaudeBot/1.0; +claudebot@anthropic.com)"
