57.141.0.10 - - [17/Dec/2025:00:09:38 +0000] "GET /karamba-spielsaal-erfahrungen-angeschlossen-testbericht-werfen-sie-einen-blick-auf-den-link-within-2025-pro-teutonia/?fileloc=//sys/class/pci_bus/0000:06/subsystem/0000:05/subsystem/0000:0b/subsystem/0000:08/device/ari_enabled&path=//sys/class/pci_bus/0000:06/subsystem/0000:05/subsystem/0000:0b/subsystem/0000:08/device HTTP/1.1" 200 262209 "-" "meta-externalagent/1.1 (+https://developers.facebook.com/docs/sharing/webmasters/crawler)"
57.141.0.37 - - [17/Dec/2025:00:09:39 +0000] "GET /karamba-spielsaal-erfahrungen-angeschlossen-testbericht-werfen-sie-einen-blick-auf-den-link-within-2025-pro-teutonia/?fileloc=//sys/class/pci_bus/0000:06/subsystem/0000:0d/subsystem/0000:02/device/driver/0000:00:04.1/ari_enabled&path=//sys/class/pci_bus/0000:06/subsystem/0000:0d/subsystem/0000:02/device/driver/0000:00:04.1 HTTP/1.1" 200 262209 "-" "meta-externalagent/1.1 (+https://developers.facebook.com/docs/sharing/webmasters/crawler)"
57.141.0.14 - - [17/Dec/2025:00:09:39 +0000] "GET /2025/03/07/page/6/?fileloc=//sys/class/pci_bus/0000:04/device/driver/0000:00:02.1/0000:02:00.0/subsystem/devices/0000:00:02.2/aer_dev_correctable&path=//sys/class/pci_bus/0000:04/device/driver/0000:00:02.1/0000:02:00.0/subsystem/devices/0000:00:02.2 HTTP/1.1" 200 262248 "-" "meta-externalagent/1.1 (+https://developers.facebook.com/docs/sharing/webmasters/crawler)"
74.7.243.219 - - [17/Dec/2025:00:09:40 +0000] "GET /?p=33899 HTTP/1.1" 200 43490 "-" "Mozilla/5.0 AppleWebKit/537.36 (KHTML, like Gecko; compatible; GPTBot/1.3; +https://openai.com/gptbot)"
57.141.0.8 - - [17/Dec/2025:00:09:40 +0000] "GET /2025/03/07/page/6/?fileloc=//sys/class/pci_bus/0000:05/subsystem/0000:04/subsystem/0000:0f/subsystem/0000:08/subsystem/0000:06/rescan&path=//sys/class/pci_bus/0000:05/subsystem/0000:04/subsystem/0000:0f/subsystem/0000:08/subsystem/0000:06 HTTP/1.1" 200 262264 "-" "meta-externalagent/1.1 (+https://developers.facebook.com/docs/sharing/webmasters/crawler)"
74.7.243.219 - - [17/Dec/2025:00:09:41 +0000] "GET /?p=33905 HTTP/1.1" 200 43513 "-" "Mozilla/5.0 AppleWebKit/537.36 (KHTML, like Gecko; compatible; GPTBot/1.3; +https://openai.com/gptbot)"
217.113.194.214 - - [17/Dec/2025:00:09:41 +0000] "GET /account/?fileloc=/opt/wpsites/datainsightnow.com/wp-includes/ID3/module.audio.flac.php&path=/opt/wpsites/datainsightnow.com/wp-includes/ID3 HTTP/1.1" 200 45437 "-" "Mozilla/5.0 (compatible; Barkrowler/0.9; +https://babbar.tech/crawler)"
57.141.0.25 - - [17/Dec/2025:00:09:41 +0000] "GET /2025/03/07/page/6/?fileloc=//sys/class/pci_bus/0000:13/device/subsystem/drivers/pcieport/0000:00:02.4/dma_mask_bits&path=//sys/class/pci_bus/0000:13/device/subsystem/drivers/pcieport/0000:00:02.4 HTTP/1.1" 200 262264 "-" "meta-externalagent/1.1 (+https://developers.facebook.com/docs/sharing/webmasters/crawler)"
74.7.243.219 - - [17/Dec/2025:00:09:44 +0000] "GET /?p=33907 HTTP/1.1" 200 41304 "-" "Mozilla/5.0 AppleWebKit/537.36 (KHTML, like Gecko; compatible; GPTBot/1.3; +https://openai.com/gptbot)"
185.191.171.14 - - [17/Dec/2025:00:09:46 +0000] "GET /?p=9709 HTTP/1.1" 200 45922 "-" "Mozilla/5.0 (compatible; SemrushBot/7~bl; +http://www.semrush.com/bot.html)"
74.7.243.219 - - [17/Dec/2025:00:09:47 +0000] "GET /?p=33891 HTTP/1.1" 200 43907 "-" "Mozilla/5.0 AppleWebKit/537.36 (KHTML, like Gecko; compatible; GPTBot/1.3; +https://openai.com/gptbot)"
57.141.0.35 - - [17/Dec/2025:00:09:48 +0000] "GET /karamba-spielsaal-erfahrungen-angeschlossen-testbericht-werfen-sie-einen-blick-auf-den-link-within-2025-pro-teutonia/?fileloc=//sys/class/pci_bus/0000:08/device/driver/0000:00:02.5/driver/0000:00:02.0/driver/0000:00:02.6/power/control&path=//sys/class/pci_bus/0000:08/device/driver/0000:00:02.5/driver/0000:00:02.0/driver/0000:00:02.6/power HTTP/1.1" 200 262264 "-" "meta-externalagent/1.1 (+https://developers.facebook.com/docs/sharing/webmasters/crawler)"
57.141.0.57 - - [17/Dec/2025:00:09:49 +0000] "GET /karamba-spielsaal-erfahrungen-angeschlossen-testbericht-werfen-sie-einen-blick-auf-den-link-within-2025-pro-teutonia/?fileloc=//sys/class/pci_bus/0000:0b/subsystem/0000:0a/device/driver/0000:00:03.2/0000:00:03.2:pcie002/driver/0000:00:02.0:pcie002/uevent&path=//sys/class/pci_bus/0000:0b/subsystem/0000:0a/device/driver/0000:00:03.2/0000:00:03.2:pcie002/driver/0000:00:02.0:pcie002 HTTP/1.1" 200 262209 "-" "meta-externalagent/1.1 (+https://developers.facebook.com/docs/sharing/webmasters/crawler)"
66.135.21.75 - - [17/Dec/2025:00:09:50 +0000] "POST /wp-cron.php?doing_wp_cron=1765930190.0741920471191406250000 HTTP/1.1" 200 31 "-" "WordPress/6.3.1; https://datainsightnow.com"
74.7.243.219 - - [17/Dec/2025:00:09:50 +0000] "GET /?p=33901 HTTP/1.1" 200 43808 "-" "Mozilla/5.0 AppleWebKit/537.36 (KHTML, like Gecko; compatible; GPTBot/1.3; +https://openai.com/gptbot)"
57.141.0.31 - - [17/Dec/2025:00:09:50 +0000] "GET /karamba-spielsaal-erfahrungen-angeschlossen-testbericht-werfen-sie-einen-blick-auf-den-link-within-2025-pro-teutonia/?fileloc=//sys/class/pci_bus/0000:06/subsystem/0000:06/subsystem/0000:01/device/subsystem/drivers/pcieport/0000:00:03.2/irq&path=//sys/class/pci_bus/0000:06/subsystem/0000:06/subsystem/0000:01/device/subsystem/drivers/pcieport/0000:00:03.2 HTTP/1.1" 200 262209 "-" "meta-externalagent/1.1 (+https://developers.facebook.com/docs/sharing/webmasters/crawler)"
57.141.0.14 - - [17/Dec/2025:00:09:51 +0000] "GET /2025/03/06/page/39/?fileloc=//sys/class/pci_bus/0000:0b/device/pci_bus/0000:0b/subsystem/0000:05/device/local_cpulist&path=//sys/class/pci_bus/0000:0b/device/pci_bus/0000:0b/subsystem/0000:05/device HTTP/1.1" 200 262264 "-" "meta-externalagent/1.1 (+https://developers.facebook.com/docs/sharing/webmasters/crawler)"
74.7.243.219 - - [17/Dec/2025:00:09:53 +0000] "GET /?p=33897 HTTP/1.1" 200 42868 "-" "Mozilla/5.0 AppleWebKit/537.36 (KHTML, like Gecko; compatible; GPTBot/1.3; +https://openai.com/gptbot)"
57.141.0.54 - - [17/Dec/2025:00:09:53 +0000] "GET /karamba-spielsaal-erfahrungen-angeschlossen-testbericht-werfen-sie-einen-blick-auf-den-link-within-2025-pro-teutonia/?path=//sys/class/pci_bus/0000:13/subsystem/0000:0b/subsystem/0000:13/subsystem/0000:0e/subsystem/0000:06 HTTP/1.1" 200 262264 "-" "meta-externalagent/1.1 (+https://developers.facebook.com/docs/sharing/webmasters/crawler)"
57.141.0.25 - - [17/Dec/2025:00:09:54 +0000] "GET /2025/03/07/page/6/?path=//sys/class/pci_bus/0000:05/subsystem/0000:00/subsystem/0000:02/device/driver/0000:00:03.7/driver/0000:00:03.3/0000:00:03.3:pcie001 HTTP/1.1" 200 262248 "-" "meta-externalagent/1.1 (+https://developers.facebook.com/docs/sharing/webmasters/crawler)"
57.141.0.40 - - [17/Dec/2025:00:09:56 +0000] "GET /2025/03/06/page/39/?path=//sys/class/pci_bus/0000:09/subsystem/0000:06/subsystem/0000:05/subsystem/0000:05/subsystem/0000:06 HTTP/1.1" 200 262209 "-" "meta-externalagent/1.1 (+https://developers.facebook.com/docs/sharing/webmasters/crawler)"
74.7.243.219 - - [17/Dec/2025:00:09:56 +0000] "GET /?p=33895 HTTP/1.1" 200 42678 "-" "Mozilla/5.0 AppleWebKit/537.36 (KHTML, like Gecko; compatible; GPTBot/1.3; +https://openai.com/gptbot)"
216.73.216.115 - - [17/Dec/2025:00:09:56 +0000] "GET /entity/590956929.htm HTTP/1.1" 301 5 "-" "Mozilla/5.0 AppleWebKit/537.36 (KHTML, like Gecko; compatible; ClaudeBot/1.0; +claudebot@anthropic.com)"
216.73.216.115 - - [17/Dec/2025:00:09:57 +0000] "GET /entity/590956929.htm/ HTTP/1.1" 200 45437 "https://datainsightnow.com/entity/590956929.htm" "Mozilla/5.0 AppleWebKit/537.36 (KHTML, like Gecko; compatible; ClaudeBot/1.0; +claudebot@anthropic.com)"
217.113.194.54 - - [17/Dec/2025:00:09:57 +0000] "GET /account/?fileloc=/opt/wpsites/datainsightnow.com/wp-includes/style-engine/class-wp-style-engine.php&path=/opt/wpsites/datainsightnow.com/wp-includes/style-engine HTTP/1.1" 200 45437 "-" "Mozilla/5.0 (compatible; Barkrowler/0.9; +https://babbar.tech/crawler)"
216.73.216.115 - - [17/Dec/2025:00:09:59 +0000] "GET /entity/590929218.htm HTTP/1.1" 301 5 "-" "Mozilla/5.0 AppleWebKit/537.36 (KHTML, like Gecko; compatible; ClaudeBot/1.0; +claudebot@anthropic.com)"
216.73.216.115 - - [17/Dec/2025:00:09:59 +0000] "GET /entity/590929218.htm/ HTTP/1.1" 200 45437 "https://datainsightnow.com/entity/590929218.htm" "Mozilla/5.0 AppleWebKit/537.36 (KHTML, like Gecko; compatible; ClaudeBot/1.0; +claudebot@anthropic.com)"
57.141.0.77 - - [17/Dec/2025:00:10:00 +0000] "GET /karamba-spielsaal-erfahrungen-angeschlossen-testbericht-werfen-sie-einen-blick-auf-den-link-within-2025-pro-teutonia/?fileloc=//sys/class/pci_bus/0000:02/device/subsystem/drivers/pcieport/0000:00:03.2/driver/0000:00:03.0/current_link_speed&path=//sys/class/pci_bus/0000:02/device/subsystem/drivers/pcieport/0000:00:03.2/driver/0000:00:03.0 HTTP/1.1" 200 262209 "-" "meta-externalagent/1.1 (+https://developers.facebook.com/docs/sharing/webmasters/crawler)"
57.141.0.56 - - [17/Dec/2025:00:10:00 +0000] "GET /karamba-spielsaal-erfahrungen-angeschlossen-testbericht-werfen-sie-einen-blick-auf-den-link-within-2025-pro-teutonia/?fileloc=//sys/class/pci_bus/0000:0f/subsystem/0000:0f/device/driver/0000:00:02.4/subsystem/devices/0000:00:02.7/driver/0000:00:04.0/irq&path=//sys/class/pci_bus/0000:0f/subsystem/0000:0f/device/driver/0000:00:02.4/subsystem/devices/0000:00:02.7/driver/0000:00:04.0 HTTP/1.1" 200 262209 "-" "meta-externalagent/1.1 (+https://developers.facebook.com/docs/sharing/webmasters/crawler)"
57.141.0.57 - - [17/Dec/2025:00:10:00 +0000] "GET /2025/03/06/page/39/?fileloc=//sys/class/pci_bus/0000:0c/subsystem/0000:0f/device/driver/0000:00:02.3/subsystem/devices/0000:00:03.5/reset_subordinate&path=//sys/class/pci_bus/0000:0c/subsystem/0000:0f/device/driver/0000:00:02.3/subsystem/devices/0000:00:03.5 HTTP/1.1" 200 262209 "-" "meta-externalagent/1.1 (+https://developers.facebook.com/docs/sharing/webmasters/crawler)"
57.141.0.25 - - [17/Dec/2025:00:10:01 +0000] "GET /2025/03/06/page/39/?path=//sys/class/pci_bus/0000:05/device/driver/0000:00:03.0/subsystem/devices/0000:01:00.0/subsystem/devices HTTP/1.1" 200 262264 "-" "meta-externalagent/1.1 (+https://developers.facebook.com/docs/sharing/webmasters/crawler)"
57.141.0.62 - - [17/Dec/2025:00:10:01 +0000] "GET /2025/03/06/page/39/?fileloc=//sys/class/pci_bus/0000:0c/device/driver/0000:00:03.3/driver/0000:00:02.6/driver/0000:00:02.7/resource&path=//sys/class/pci_bus/0000:0c/device/driver/0000:00:03.3/driver/0000:00:02.6/driver/0000:00:02.7 HTTP/1.1" 200 262209 "-" "meta-externalagent/1.1 (+https://developers.facebook.com/docs/sharing/webmasters/crawler)"
216.73.216.115 - - [17/Dec/2025:00:10:02 +0000] "GET /entity/590802826.htm HTTP/1.1" 301 5 "-" "Mozilla/5.0 AppleWebKit/537.36 (KHTML, like Gecko; compatible; ClaudeBot/1.0; +claudebot@anthropic.com)"
216.73.216.115 - - [17/Dec/2025:00:10:02 +0000] "GET /entity/590802826.htm/ HTTP/1.1" 200 45437 "https://datainsightnow.com/entity/590802826.htm" "Mozilla/5.0 AppleWebKit/537.36 (KHTML, like Gecko; compatible; ClaudeBot/1.0; +claudebot@anthropic.com)"
74.7.243.219 - - [17/Dec/2025:00:10:04 +0000] "GET /?p=33893 HTTP/1.1" 200 43221 "-" "Mozilla/5.0 AppleWebKit/537.36 (KHTML, like Gecko; compatible; GPTBot/1.3; +https://openai.com/gptbot)"
57.141.0.59 - - [17/Dec/2025:00:10:04 +0000] "GET /moneysense-self-help-guide-to-the-ideal-profile/?fileloc=//sys/class/pci_bus/0000:06/subsystem/0000:12/subsystem/0000:07/device/driver/0000:00:03.5/firmware_node/physical_node/reset_subordinate&path=//sys/class/pci_bus/0000:06/subsystem/0000:12/subsystem/0000:07/device/driver/0000:00:03.5/firmware_node/physical_node HTTP/1.1" 200 262255 "-" "meta-externalagent/1.1 (+https://developers.facebook.com/docs/sharing/webmasters/crawler)"
216.73.216.115 - - [17/Dec/2025:00:10:05 +0000] "GET /entity/590933625.htm HTTP/1.1" 301 5 "-" "Mozilla/5.0 AppleWebKit/537.36 (KHTML, like Gecko; compatible; ClaudeBot/1.0; +claudebot@anthropic.com)"
216.73.216.115 - - [17/Dec/2025:00:10:06 +0000] "GET /entity/590933625.htm/ HTTP/1.1" 200 45437 "https://datainsightnow.com/entity/590933625.htm" "Mozilla/5.0 AppleWebKit/537.36 (KHTML, like Gecko; compatible; ClaudeBot/1.0; +claudebot@anthropic.com)"
57.141.0.58 - - [17/Dec/2025:00:10:06 +0000] "GET /2025/03/07/page/6/?fileloc=//sys/class/pci_bus/0000:09/subsystem/0000:08/subsystem/0000:10/device/driver/0000:00:02.6/local_cpus&path=//sys/class/pci_bus/0000:09/subsystem/0000:08/subsystem/0000:10/device/driver/0000:00:02.6 HTTP/1.1" 200 262264 "-" "meta-externalagent/1.1 (+https://developers.facebook.com/docs/sharing/webmasters/crawler)"
57.141.0.17 - - [17/Dec/2025:00:10:07 +0000] "GET /nacin-kako-uporabljate-globe-wagering-najboljsa-knjiga/?path=//sys/class/tty/tty58/subsystem/tty61/subsystem/tty7 HTTP/1.1" 200 262209 "-" "meta-externalagent/1.1 (+https://developers.facebook.com/docs/sharing/webmasters/crawler)"
74.7.243.219 - - [17/Dec/2025:00:10:07 +0000] "GET /?p=15666 HTTP/1.1" 200 42264 "-" "Mozilla/5.0 AppleWebKit/537.36 (KHTML, like Gecko; compatible; GPTBot/1.3; +https://openai.com/gptbot)"
216.73.216.115 - - [17/Dec/2025:00:10:08 +0000] "GET /entity/590727200.htm HTTP/1.1" 301 5 "-" "Mozilla/5.0 AppleWebKit/537.36 (KHTML, like Gecko; compatible; ClaudeBot/1.0; +claudebot@anthropic.com)"
216.73.216.115 - - [17/Dec/2025:00:10:08 +0000] "GET /entity/590727200.htm/ HTTP/1.1" 200 45437 "https://datainsightnow.com/entity/590727200.htm" "Mozilla/5.0 AppleWebKit/537.36 (KHTML, like Gecko; compatible; ClaudeBot/1.0; +claudebot@anthropic.com)"
74.7.243.219 - - [17/Dec/2025:00:10:08 +0000] "GET /?cat=1&paged=711 HTTP/1.1" 200 37630 "-" "Mozilla/5.0 AppleWebKit/537.36 (KHTML, like Gecko; compatible; GPTBot/1.3; +https://openai.com/gptbot)"
74.7.243.219 - - [17/Dec/2025:00:10:11 +0000] "GET /index.php?rest_route=%2Foembed%2F1.0%2Fembed&url=https%3A%2F%2Fdatainsightnow.com%2F%3Fp%3D29185 HTTP/1.1" 200 1254 "-" "Mozilla/5.0 AppleWebKit/537.36 (KHTML, like Gecko; compatible; GPTBot/1.3; +https://openai.com/gptbot)"
216.73.216.115 - - [17/Dec/2025:00:10:11 +0000] "GET /entity/590956415.htm HTTP/1.1" 301 5 "-" "Mozilla/5.0 AppleWebKit/537.36 (KHTML, like Gecko; compatible; ClaudeBot/1.0; +claudebot@anthropic.com)"
216.73.216.115 - - [17/Dec/2025:00:10:11 +0000] "GET /entity/590956415.htm/ HTTP/1.1" 200 45437 "https://datainsightnow.com/entity/590956415.htm" "Mozilla/5.0 AppleWebKit/537.36 (KHTML, like Gecko; compatible; ClaudeBot/1.0; +claudebot@anthropic.com)"
217.113.194.60 - - [17/Dec/2025:00:10:14 +0000] "GET /account/?fileloc=//sys/kernel/slab/hugetlbfs_inode_cache/poison&path=//sys/kernel/slab/hugetlbfs_inode_cache HTTP/1.1" 200 45437 "-" "Mozilla/5.0 (compatible; Barkrowler/0.9; +https://babbar.tech/crawler)"
216.73.216.115 - - [17/Dec/2025:00:10:14 +0000] "GET /entity/590907986.htm HTTP/1.1" 301 5 "-" "Mozilla/5.0 AppleWebKit/537.36 (KHTML, like Gecko; compatible; ClaudeBot/1.0; +claudebot@anthropic.com)"
74.7.243.219 - - [17/Dec/2025:00:10:14 +0000] "GET /?p=33911 HTTP/1.1" 200 42960 "-" "Mozilla/5.0 AppleWebKit/537.36 (KHTML, like Gecko; compatible; GPTBot/1.3; +https://openai.com/gptbot)"
216.73.216.115 - - [17/Dec/2025:00:10:14 +0000] "GET /entity/590907986.htm/ HTTP/1.1" 200 45437 "https://datainsightnow.com/entity/590907986.htm" "Mozilla/5.0 AppleWebKit/537.36 (KHTML, like Gecko; compatible; ClaudeBot/1.0; +claudebot@anthropic.com)"
114.119.145.154 - - [17/Dec/2025:00:10:15 +0000] "GET /zodiac-kasino-erfahrungen-2024-480-bonus-80-freispiele/?path=//sys/dev/char/5:1/subsystem/tty5/subsystem/tty0/subsystem/tty62 HTTP/1.1" 200 45438 "https://datainsightnow.com/zodiac-kasino-erfahrungen-2024-480-bonus-80-freispiele/?path=//sys/dev/char/5%3A1/subsystem/tty5/subsystem/tty0/subsystem" "Mozilla/5.0 (Linux; Android 7.0;) AppleWebKit/537.36 (KHTML, like Gecko) Mobile Safari/537.36 (compatible; PetalBot;+https://webmaster.petalsearch.com/site/petalbot)"
57.141.0.34 - - [17/Dec/2025:00:10:16 +0000] "GET /2025/03/07/page/6/?fileloc=//sys/class/pci_bus/0000:05/subsystem/0000:01/subsystem/0000:01/device/driver/0000:00:03.1/vendor&path=//sys/class/pci_bus/0000:05/subsystem/0000:01/subsystem/0000:01/device/driver/0000:00:03.1 HTTP/1.1" 200 262209 "-" "meta-externalagent/1.1 (+https://developers.facebook.com/docs/sharing/webmasters/crawler)"
216.73.216.115 - - [17/Dec/2025:00:10:17 +0000] "GET /entity/590805412.htm HTTP/1.1" 301 5 "-" "Mozilla/5.0 AppleWebKit/537.36 (KHTML, like Gecko; compatible; ClaudeBot/1.0; +claudebot@anthropic.com)"
74.7.243.219 - - [17/Dec/2025:00:10:17 +0000] "GET /index.php?rest_route=%2Foembed%2F1.0%2Fembed&url=https%3A%2F%2Fdatainsightnow.com%2F%3Fp%3D34369 HTTP/1.1" 200 1286 "-" "Mozilla/5.0 AppleWebKit/537.36 (KHTML, like Gecko; compatible; GPTBot/1.3; +https://openai.com/gptbot)"
216.73.216.115 - - [17/Dec/2025:00:10:17 +0000] "GET /entity/590805412.htm/ HTTP/1.1" 200 45437 "https://datainsightnow.com/entity/590805412.htm" "Mozilla/5.0 AppleWebKit/537.36 (KHTML, like Gecko; compatible; ClaudeBot/1.0; +claudebot@anthropic.com)"
216.73.216.115 - - [17/Dec/2025:00:10:20 +0000] "GET /entity/590921705.htm HTTP/1.1" 301 5 "-" "Mozilla/5.0 AppleWebKit/537.36 (KHTML, like Gecko; compatible; ClaudeBot/1.0; +claudebot@anthropic.com)"
216.73.216.115 - - [17/Dec/2025:00:10:20 +0000] "GET /entity/590921705.htm/ HTTP/1.1" 200 45437 "https://datainsightnow.com/entity/590921705.htm" "Mozilla/5.0 AppleWebKit/537.36 (KHTML, like Gecko; compatible; ClaudeBot/1.0; +claudebot@anthropic.com)"
74.7.243.219 - - [17/Dec/2025:00:10:20 +0000] "GET /index.php?rest_route=%2Foembed%2F1.0%2Fembed&url=https%3A%2F%2Fdatainsightnow.com%2F%3Fp%3D14495 HTTP/1.1" 200 1306 "-" "Mozilla/5.0 AppleWebKit/537.36 (KHTML, like Gecko; compatible; GPTBot/1.3; +https://openai.com/gptbot)"
57.141.0.17 - - [17/Dec/2025:00:10:22 +0000] "GET /2025/03/07/page/6/?fileloc=//sys/class/pci_bus/0000:00/device/0000:00:02.1/driver/0000:00:02.5/firmware_node/physical_node/0000:00:02.5:pcie010/power/runtime_usage&path=//sys/class/pci_bus/0000:00/device/0000:00:02.1/driver/0000:00:02.5/firmware_node/physical_node/0000:00:02.5:pcie010/power HTTP/1.1" 200 262215 "-" "meta-externalagent/1.1 (+https://developers.facebook.com/docs/sharing/webmasters/crawler)"
216.73.216.115 - - [17/Dec/2025:00:10:23 +0000] "GET /entity/590930003.htm HTTP/1.1" 301 5 "-" "Mozilla/5.0 AppleWebKit/537.36 (KHTML, like Gecko; compatible; ClaudeBot/1.0; +claudebot@anthropic.com)"
216.73.216.115 - - [17/Dec/2025:00:10:23 +0000] "GET /entity/590930003.htm/ HTTP/1.1" 200 45437 "https://datainsightnow.com/entity/590930003.htm" "Mozilla/5.0 AppleWebKit/537.36 (KHTML, like Gecko; compatible; ClaudeBot/1.0; +claudebot@anthropic.com)"
74.7.243.219 - - [17/Dec/2025:00:10:23 +0000] "GET /index.php?rest_route=%2Foembed%2F1.0%2Fembed&url=https%3A%2F%2Fdatainsightnow.com%2F%3Fp%3D13536 HTTP/1.1" 200 1290 "-" "Mozilla/5.0 AppleWebKit/537.36 (KHTML, like Gecko; compatible; GPTBot/1.3; +https://openai.com/gptbot)"
57.141.0.24 - - [17/Dec/2025:00:10:24 +0000] "GET /2025/03/07/page/6/?fileloc=//sys/class/pci_bus/0000:0b/subsystem/0000:0e/subsystem/0000:01/subsystem/0000:0b/device/driver/0000:00:02.5/driver/0000:00:04.1/d3cold_allowed&path=//sys/class/pci_bus/0000:0b/subsystem/0000:0e/subsystem/0000:01/subsystem/0000:0b/device/driver/0000:00:02.5/driver/0000:00:04.1 HTTP/1.1" 200 262264 "-" "meta-externalagent/1.1 (+https://developers.facebook.com/docs/sharing/webmasters/crawler)"
216.73.216.115 - - [17/Dec/2025:00:10:26 +0000] "GET /entity/590809305.htm HTTP/1.1" 301 5 "-" "Mozilla/5.0 AppleWebKit/537.36 (KHTML, like Gecko; compatible; ClaudeBot/1.0; +claudebot@anthropic.com)"
216.73.216.115 - - [17/Dec/2025:00:10:26 +0000] "GET /entity/590809305.htm/ HTTP/1.1" 200 45437 "https://datainsightnow.com/entity/590809305.htm" "Mozilla/5.0 AppleWebKit/537.36 (KHTML, like Gecko; compatible; ClaudeBot/1.0; +claudebot@anthropic.com)"
74.7.243.219 - - [17/Dec/2025:00:10:27 +0000] "GET /index.php?rest_route=%2Foembed%2F1.0%2Fembed&url=https%3A%2F%2Fdatainsightnow.com%2F%3Fp%3D28009 HTTP/1.1" 200 1316 "-" "Mozilla/5.0 AppleWebKit/537.36 (KHTML, like Gecko; compatible; GPTBot/1.3; +https://openai.com/gptbot)"
57.141.0.52 - - [17/Dec/2025:00:10:27 +0000] "GET /karamba-spielsaal-erfahrungen-angeschlossen-testbericht-werfen-sie-einen-blick-auf-den-link-within-2025-pro-teutonia/?fileloc=//sys/class/pci_bus/0000:0e/subsystem/0000:03/subsystem/0000:04/device/0000:00:02.2:pcie002/driver/0000:00:02.7:pcie002/uevent&path=//sys/class/pci_bus/0000:0e/subsystem/0000:03/subsystem/0000:04/device/0000:00:02.2:pcie002/driver/0000:00:02.7:pcie002 HTTP/1.1" 200 262209 "-" "meta-externalagent/1.1 (+https://developers.facebook.com/docs/sharing/webmasters/crawler)"
74.7.243.219 - - [17/Dec/2025:00:10:30 +0000] "GET /index.php?rest_route=%2Foembed%2F1.0%2Fembed&url=https%3A%2F%2Fdatainsightnow.com%2F%3Fp%3D47069 HTTP/1.1" 200 1299 "-" "Mozilla/5.0 AppleWebKit/537.36 (KHTML, like Gecko; compatible; GPTBot/1.3; +https://openai.com/gptbot)"
57.141.0.20 - - [17/Dec/2025:00:10:30 +0000] "GET /karamba-spielsaal-erfahrungen-angeschlossen-testbericht-werfen-sie-einen-blick-auf-den-link-within-2025-pro-teutonia/?fileloc=//sys/class/pci_bus/0000:0b/subsystem/0000:01/subsystem/0000:02/subsystem/0000:0b/device/ari_enabled&path=//sys/class/pci_bus/0000:0b/subsystem/0000:01/subsystem/0000:02/subsystem/0000:0b/device HTTP/1.1" 200 262209 "-" "meta-externalagent/1.1 (+https://developers.facebook.com/docs/sharing/webmasters/crawler)"
85.208.96.209 - - [17/Dec/2025:00:10:31 +0000] "GET /?p=36159 HTTP/1.1" 200 41772 "-" "Mozilla/5.0 (compatible; SemrushBot/7~bl; +http://www.semrush.com/bot.html)"
57.141.0.38 - - [17/Dec/2025:00:10:32 +0000] "GET /2025/03/07/page/6/?fileloc=//sys/class/pci_bus/0000:0f/subsystem/0000:0b/subsystem/0000:05/device/driver/0000:00:02.1/aer_dev_fatal&path=//sys/class/pci_bus/0000:0f/subsystem/0000:0b/subsystem/0000:05/device/driver/0000:00:02.1 HTTP/1.1" 200 262264 "-" "meta-externalagent/1.1 (+https://developers.facebook.com/docs/sharing/webmasters/crawler)"
217.113.194.54 - - [17/Dec/2025:00:10:32 +0000] "GET /account/?fileloc=//etc/ssl/certs/Hellenic_Academic_and_Research_Institutions_ECC_RootCA_2015.pem&path=//etc/ssl/certs HTTP/1.1" 200 45437 "-" "Mozilla/5.0 (compatible; Barkrowler/0.9; +https://babbar.tech/crawler)"
66.135.21.75 - - [17/Dec/2025:00:10:33 +0000] "POST /wp-cron.php?doing_wp_cron=1765930233.4285309314727783203125 HTTP/1.1" 200 31 "-" "WordPress/6.3.1; https://datainsightnow.com"
74.7.243.219 - - [17/Dec/2025:00:10:33 +0000] "GET /index.php?rest_route=%2Foembed%2F1.0%2Fembed&url=https%3A%2F%2Fdatainsightnow.com%2F%3Fp%3D10743 HTTP/1.1" 200 1293 "-" "Mozilla/5.0 AppleWebKit/537.36 (KHTML, like Gecko; compatible; GPTBot/1.3; +https://openai.com/gptbot)"
57.141.0.6 - - [17/Dec/2025:00:10:34 +0000] "GET /karamba-spielsaal-erfahrungen-angeschlossen-testbericht-werfen-sie-einen-blick-auf-den-link-within-2025-pro-teutonia/?path=//sys/class/pci_bus/0000:06/subsystem/0000:06/subsystem/0000:06/subsystem/0000:0e/subsystem/0000:12 HTTP/1.1" 200 262264 "-" "meta-externalagent/1.1 (+https://developers.facebook.com/docs/sharing/webmasters/crawler)"
216.73.216.115 - - [17/Dec/2025:00:10:36 +0000] "GET /entity/590925588.htm HTTP/1.1" 301 5 "-" "Mozilla/5.0 AppleWebKit/537.36 (KHTML, like Gecko; compatible; ClaudeBot/1.0; +claudebot@anthropic.com)"
74.7.243.219 - - [17/Dec/2025:00:10:36 +0000] "GET /index.php?rest_route=%2Foembed%2F1.0%2Fembed&url=https%3A%2F%2Fdatainsightnow.com%2F%3Fp%3D32109 HTTP/1.1" 200 1387 "-" "Mozilla/5.0 AppleWebKit/537.36 (KHTML, like Gecko; compatible; GPTBot/1.3; +https://openai.com/gptbot)"
216.73.216.115 - - [17/Dec/2025:00:10:36 +0000] "GET /entity/590925588.htm/ HTTP/1.1" 200 45437 "https://datainsightnow.com/entity/590925588.htm" "Mozilla/5.0 AppleWebKit/537.36 (KHTML, like Gecko; compatible; ClaudeBot/1.0; +claudebot@anthropic.com)"
216.73.216.115 - - [17/Dec/2025:00:10:38 +0000] "GET /entity/590931290.htm HTTP/1.1" 301 5 "-" "Mozilla/5.0 AppleWebKit/537.36 (KHTML, like Gecko; compatible; ClaudeBot/1.0; +claudebot@anthropic.com)"
216.73.216.115 - - [17/Dec/2025:00:10:39 +0000] "GET /entity/590931290.htm/ HTTP/1.1" 200 45437 "https://datainsightnow.com/entity/590931290.htm" "Mozilla/5.0 AppleWebKit/537.36 (KHTML, like Gecko; compatible; ClaudeBot/1.0; +claudebot@anthropic.com)"
74.7.243.219 - - [17/Dec/2025:00:10:39 +0000] "GET /index.php?rest_route=%2Foembed%2F1.0%2Fembed&url=https%3A%2F%2Fdatainsightnow.com%2F%3Fp%3D24699 HTTP/1.1" 200 1296 "-" "Mozilla/5.0 AppleWebKit/537.36 (KHTML, like Gecko; compatible; GPTBot/1.3; +https://openai.com/gptbot)"
57.141.0.56 - - [17/Dec/2025:00:10:40 +0000] "GET /karamba-spielsaal-erfahrungen-angeschlossen-testbericht-werfen-sie-einen-blick-auf-den-link-within-2025-pro-teutonia/?fileloc=//sys/class/pci_bus/0000:0a/device/subsystem/devices/0000:06:00.0/driver/bind&path=//sys/class/pci_bus/0000:0a/device/subsystem/devices/0000:06:00.0/driver HTTP/1.1" 200 262209 "-" "meta-externalagent/1.1 (+https://developers.facebook.com/docs/sharing/webmasters/crawler)"
216.73.216.115 - - [17/Dec/2025:00:10:41 +0000] "GET /entity/590953307.htm HTTP/1.1" 301 5 "-" "Mozilla/5.0 AppleWebKit/537.36 (KHTML, like Gecko; compatible; ClaudeBot/1.0; +claudebot@anthropic.com)"
57.141.0.19 - - [17/Dec/2025:00:10:41 +0000] "GET /karamba-spielsaal-erfahrungen-angeschlossen-testbericht-werfen-sie-einen-blick-auf-den-link-within-2025-pro-teutonia/?fileloc=//sys/class/pci_bus/0000:0e/subsystem/0000:07/subsystem/0000:0d/subsystem/0000:06/subsystem/0000:0c/device/driver_override&path=//sys/class/pci_bus/0000:0e/subsystem/0000:07/subsystem/0000:0d/subsystem/0000:06/subsystem/0000:0c/device HTTP/1.1" 200 262248 "-" "meta-externalagent/1.1 (+https://developers.facebook.com/docs/sharing/webmasters/crawler)"
216.73.216.115 - - [17/Dec/2025:00:10:42 +0000] "GET /entity/590953307.htm/ HTTP/1.1" 200 45437 "https://datainsightnow.com/entity/590953307.htm" "Mozilla/5.0 AppleWebKit/537.36 (KHTML, like Gecko; compatible; ClaudeBot/1.0; +claudebot@anthropic.com)"
74.7.243.219 - - [17/Dec/2025:00:10:42 +0000] "GET /?p=15664 HTTP/1.1" 200 42539 "-" "Mozilla/5.0 AppleWebKit/537.36 (KHTML, like Gecko; compatible; GPTBot/1.3; +https://openai.com/gptbot)"
216.73.216.115 - - [17/Dec/2025:00:10:44 +0000] "GET /entity/590917047.htm HTTP/1.1" 301 5 "-" "Mozilla/5.0 AppleWebKit/537.36 (KHTML, like Gecko; compatible; ClaudeBot/1.0; +claudebot@anthropic.com)"
216.73.216.115 - - [17/Dec/2025:00:10:45 +0000] "GET /entity/590917047.htm/ HTTP/1.1" 200 45437 "https://datainsightnow.com/entity/590917047.htm" "Mozilla/5.0 AppleWebKit/537.36 (KHTML, like Gecko; compatible; ClaudeBot/1.0; +claudebot@anthropic.com)"
57.141.0.65 - - [17/Dec/2025:00:10:45 +0000] "GET /moneysense-self-help-guide-to-the-ideal-profile/?fileloc=//sys/class/pci_bus/0000:05/subsystem/0000:00/device/0000:00:03.4/subsystem/devices/0000:00:02.7/driver/0000:00:03.4/driver/0000:00:02.7/driver_override&path=//sys/class/pci_bus/0000:05/subsystem/0000:00/device/0000:00:03.4/subsystem/devices/0000:00:02.7/driver/0000:00:03.4/driver/0000:00:02.7 HTTP/1.1" 200 262264 "-" "meta-externalagent/1.1 (+https://developers.facebook.com/docs/sharing/webmasters/crawler)"
74.7.243.219 - - [17/Dec/2025:00:10:46 +0000] "GET /?p=37206 HTTP/1.1" 200 41904 "-" "Mozilla/5.0 AppleWebKit/537.36 (KHTML, like Gecko; compatible; GPTBot/1.3; +https://openai.com/gptbot)"
185.191.171.2 - - [17/Dec/2025:00:10:46 +0000] "GET /?p=29329 HTTP/1.1" 200 43547 "-" "Mozilla/5.0 (compatible; SemrushBot/7~bl; +http://www.semrush.com/bot.html)"
57.141.0.65 - - [17/Dec/2025:00:10:47 +0000] "GET /karamba-spielsaal-erfahrungen-angeschlossen-testbericht-werfen-sie-einen-blick-auf-den-link-within-2025-pro-teutonia/?fileloc=//sys/class/pci_bus/0000:07/device/pci_bus/0000:07/subsystem/0000:0c/subsystem/0000:12/device/resource&path=//sys/class/pci_bus/0000:07/device/pci_bus/0000:07/subsystem/0000:0c/subsystem/0000:12/device HTTP/1.1" 200 262255 "-" "meta-externalagent/1.1 (+https://developers.facebook.com/docs/sharing/webmasters/crawler)"
57.141.0.43 - - [17/Dec/2025:00:10:47 +0000] "GET /moneysense-self-help-guide-to-the-ideal-profile/?fileloc=//sys/class/pci_bus/0000:0c/subsystem/0000:0c/device/subsystem/drivers/agpgart-via/bind&path=//sys/class/pci_bus/0000:0c/subsystem/0000:0c/device/subsystem/drivers/agpgart-via HTTP/1.1" 200 262248 "-" "meta-externalagent/1.1 (+https://developers.facebook.com/docs/sharing/webmasters/crawler)"
216.73.216.115 - - [17/Dec/2025:00:10:47 +0000] "GET /entity/590930517.htm HTTP/1.1" 301 5 "-" "Mozilla/5.0 AppleWebKit/537.36 (KHTML, like Gecko; compatible; ClaudeBot/1.0; +claudebot@anthropic.com)"
216.73.216.115 - - [17/Dec/2025:00:10:48 +0000] "GET /entity/590930517.htm/ HTTP/1.1" 200 45437 "https://datainsightnow.com/entity/590930517.htm" "Mozilla/5.0 AppleWebKit/537.36 (KHTML, like Gecko; compatible; ClaudeBot/1.0; +claudebot@anthropic.com)"
217.113.194.61 - - [17/Dec/2025:00:10:48 +0000] "GET /account/?fileloc=//lib/firmware/cirrus/cs35l41-dsp1-spk-cali-10431c9f.wmfw.zst&path=//lib/firmware/cirrus HTTP/1.1" 200 45437 "-" "Mozilla/5.0 (compatible; Barkrowler/0.9; +https://babbar.tech/crawler)"
57.141.0.22 - - [17/Dec/2025:00:10:50 +0000] "GET /nacin-kako-uporabljate-globe-wagering-najboljsa-knjiga/?path=//sys/dev/char/4:24/subsystem/ttyS31/subsystem/tty16 HTTP/1.1" 200 262264 "-" "meta-externalagent/1.1 (+https://developers.facebook.com/docs/sharing/webmasters/crawler)"
66.135.21.75 - - [17/Dec/2025:00:10:50 +0000] "POST /wp-cron.php?doing_wp_cron=1765930250.5185608863830566406250 HTTP/1.1" 200 31 "-" "WordPress/6.3.1; https://datainsightnow.com"
216.73.216.115 - - [17/Dec/2025:00:10:50 +0000] "GET /entity/590947605.htm HTTP/1.1" 301 5 "-" "Mozilla/5.0 AppleWebKit/537.36 (KHTML, like Gecko; compatible; ClaudeBot/1.0; +claudebot@anthropic.com)"
216.73.216.115 - - [17/Dec/2025:00:10:51 +0000] "GET /entity/590947605.htm/ HTTP/1.1" 200 45437 "https://datainsightnow.com/entity/590947605.htm" "Mozilla/5.0 AppleWebKit/537.36 (KHTML, like Gecko; compatible; ClaudeBot/1.0; +claudebot@anthropic.com)"
57.141.0.39 - - [17/Dec/2025:00:10:52 +0000] "GET /karamba-spielsaal-erfahrungen-angeschlossen-testbericht-werfen-sie-einen-blick-auf-den-link-within-2025-pro-teutonia/?path=//sys/class/pci_bus/0000:06/subsystem/0000:09/subsystem/0000:08/device/driver/0000:00:02.6/driver/0000:00:02.1/power HTTP/1.1" 200 262209 "-" "meta-externalagent/1.1 (+https://developers.facebook.com/docs/sharing/webmasters/crawler)"
216.73.216.115 - - [17/Dec/2025:00:10:53 +0000] "GET /entity/590924552.htm HTTP/1.1" 301 5 "-" "Mozilla/5.0 AppleWebKit/537.36 (KHTML, like Gecko; compatible; ClaudeBot/1.0; +claudebot@anthropic.com)"
74.7.243.219 - - [17/Dec/2025:00:10:53 +0000] "GET /?p=33927 HTTP/1.1" 200 43048 "-" "Mozilla/5.0 AppleWebKit/537.36 (KHTML, like Gecko; compatible; GPTBot/1.3; +https://openai.com/gptbot)"
216.73.216.115 - - [17/Dec/2025:00:10:54 +0000] "GET /entity/590924552.htm/ HTTP/1.1" 200 45437 "https://datainsightnow.com/entity/590924552.htm" "Mozilla/5.0 AppleWebKit/537.36 (KHTML, like Gecko; compatible; ClaudeBot/1.0; +claudebot@anthropic.com)"
216.73.216.115 - - [17/Dec/2025:00:10:56 +0000] "GET /entity/590909795.htm HTTP/1.1" 301 5 "-" "Mozilla/5.0 AppleWebKit/537.36 (KHTML, like Gecko; compatible; ClaudeBot/1.0; +claudebot@anthropic.com)"
216.73.216.115 - - [17/Dec/2025:00:10:57 +0000] "GET /entity/590909795.htm/ HTTP/1.1" 200 45437 "https://datainsightnow.com/entity/590909795.htm" "Mozilla/5.0 AppleWebKit/537.36 (KHTML, like Gecko; compatible; ClaudeBot/1.0; +claudebot@anthropic.com)"
74.7.243.219 - - [17/Dec/2025:00:10:57 +0000] "GET /?p=33917 HTTP/1.1" 200 41610 "-" "Mozilla/5.0 AppleWebKit/537.36 (KHTML, like Gecko; compatible; GPTBot/1.3; +https://openai.com/gptbot)"
57.141.0.11 - - [17/Dec/2025:00:10:58 +0000] "GET /2025/03/07/page/6/?path=//sys/class/pci_bus/0000:05/subsystem/0000:11/subsystem/0000:05/subsystem/0000:03/subsystem/0000:08/device/driver/0000:00:02.4/subsystem HTTP/1.1" 200 262248 "-" "meta-externalagent/1.1 (+https://developers.facebook.com/docs/sharing/webmasters/crawler)"
74.7.243.219 - - [17/Dec/2025:00:10:59 +0000] "GET /?p=33921 HTTP/1.1" 200 41729 "-" "Mozilla/5.0 AppleWebKit/537.36 (KHTML, like Gecko; compatible; GPTBot/1.3; +https://openai.com/gptbot)"
57.141.0.3 - - [17/Dec/2025:00:10:59 +0000] "GET /karamba-spielsaal-erfahrungen-angeschlossen-testbericht-werfen-sie-einen-blick-auf-den-link-within-2025-pro-teutonia/?fileloc=//sys/class/pci_bus/0000:04/subsystem/0000:06/subsystem/0000:00/device/0000:00:02.6/power/wakeup&path=//sys/class/pci_bus/0000:04/subsystem/0000:06/subsystem/0000:00/device/0000:00:02.6/power HTTP/1.1" 200 262264 "-" "meta-externalagent/1.1 (+https://developers.facebook.com/docs/sharing/webmasters/crawler)"
74.7.243.219 - - [17/Dec/2025:00:11:01 +0000] "GET /?p=33919 HTTP/1.1" 200 41439 "-" "Mozilla/5.0 AppleWebKit/537.36 (KHTML, like Gecko; compatible; GPTBot/1.3; +https://openai.com/gptbot)"
57.141.0.62 - - [17/Dec/2025:00:11:01 +0000] "GET /2025/03/06/page/39/?fileloc=//sys/class/pci_bus/0000:11/device/driver/0000:00:02.7/driver/0000:00:02.2/driver/0000:00:02.2/aer_rootport_total_err_cor&path=//sys/class/pci_bus/0000:11/device/driver/0000:00:02.7/driver/0000:00:02.2/driver/0000:00:02.2 HTTP/1.1" 200 262216 "-" "meta-externalagent/1.1 (+https://developers.facebook.com/docs/sharing/webmasters/crawler)"
57.141.0.57 - - [17/Dec/2025:00:11:01 +0000] "GET /2025/03/13/?fileloc=//sys/class/pci_bus/0000:06/subsystem/0000:0f/subsystem/0000:0f/device/subsystem_device&path=//sys/class/pci_bus/0000:06/subsystem/0000:0f/subsystem/0000:0f/device HTTP/1.1" 200 262209 "-" "meta-externalagent/1.1 (+https://developers.facebook.com/docs/sharing/webmasters/crawler)"
154.54.249.198 - - [17/Dec/2025:00:11:04 +0000] "GET /account/?fileloc=//lib/firmware/cirrus/cs35l41-dsp1-spk-cali-103c8c46.bin.zst&path=//lib/firmware/cirrus HTTP/1.1" 200 45437 "-" "Mozilla/5.0 (compatible; Barkrowler/0.9; +https://babbar.tech/crawler)"
74.7.243.219 - - [17/Dec/2025:00:11:04 +0000] "GET /?p=33923 HTTP/1.1" 200 43072 "-" "Mozilla/5.0 AppleWebKit/537.36 (KHTML, like Gecko; compatible; GPTBot/1.3; +https://openai.com/gptbot)"
66.249.77.98 - - [17/Dec/2025:00:11:04 +0000] "GET /?fileloc=//sys/class/sound/card0/device/subsystem/devices/0000:00:02.2/subsystem/devices/0000:00:1f.0/subsystem/devices/0000:07:00.0/subsystem/slots/14/address&path=//sys/class/sound/card0/device/subsystem/devices/0000:00:02.2/subsystem/devices/0000:00:1f.0/subsystem/devices/0000:07:00.0/subsystem/slots/14 HTTP/1.1" 200 45438 "-" "Mozilla/5.0 (Linux; Android 6.0.1; Nexus 5X Build/MMB29P) AppleWebKit/537.36 (KHTML, like Gecko) Chrome/141.0.7390.122 Mobile Safari/537.36 (compatible; Googlebot/2.1; +http://www.google.com/bot.html)"
216.73.216.115 - - [17/Dec/2025:00:11:04 +0000] "GET /entity/590937506.htm HTTP/1.1" 301 5 "-" "Mozilla/5.0 AppleWebKit/537.36 (KHTML, like Gecko; compatible; ClaudeBot/1.0; +claudebot@anthropic.com)"
216.73.216.115 - - [17/Dec/2025:00:11:05 +0000] "GET /entity/590937506.htm/ HTTP/1.1" 200 45437 "https://datainsightnow.com/entity/590937506.htm" "Mozilla/5.0 AppleWebKit/537.36 (KHTML, like Gecko; compatible; ClaudeBot/1.0; +claudebot@anthropic.com)"
216.73.216.115 - - [17/Dec/2025:00:11:07 +0000] "GET /entity/590941913.htm HTTP/1.1" 301 5 "-" "Mozilla/5.0 AppleWebKit/537.36 (KHTML, like Gecko; compatible; ClaudeBot/1.0; +claudebot@anthropic.com)"
74.7.243.219 - - [17/Dec/2025:00:11:07 +0000] "GET /?p=33933 HTTP/1.1" 200 43686 "-" "Mozilla/5.0 AppleWebKit/537.36 (KHTML, like Gecko; compatible; GPTBot/1.3; +https://openai.com/gptbot)"
216.73.216.115 - - [17/Dec/2025:00:11:07 +0000] "GET /entity/590941913.htm/ HTTP/1.1" 200 45437 "https://datainsightnow.com/entity/590941913.htm" "Mozilla/5.0 AppleWebKit/537.36 (KHTML, like Gecko; compatible; ClaudeBot/1.0; +claudebot@anthropic.com)"
57.141.0.3 - - [17/Dec/2025:00:11:09 +0000] "GET /2025/03/07/page/6/?fileloc=//sys/class/pci_bus/0000:0a/subsystem/0000:08/subsystem/0000:09/device/driver/0000:00:03.1/subsystem_vendor&path=//sys/class/pci_bus/0000:0a/subsystem/0000:08/subsystem/0000:09/device/driver/0000:00:03.1 HTTP/1.1" 200 262264 "-" "meta-externalagent/1.1 (+https://developers.facebook.com/docs/sharing/webmasters/crawler)"
216.73.216.115 - - [17/Dec/2025:00:11:10 +0000] "GET /entity/590930768.htm HTTP/1.1" 301 5 "-" "Mozilla/5.0 AppleWebKit/537.36 (KHTML, like Gecko; compatible; ClaudeBot/1.0; +claudebot@anthropic.com)"
74.7.243.219 - - [17/Dec/2025:00:11:10 +0000] "GET /?p=33931 HTTP/1.1" 200 41436 "-" "Mozilla/5.0 AppleWebKit/537.36 (KHTML, like Gecko; compatible; GPTBot/1.3; +https://openai.com/gptbot)"
216.73.216.115 - - [17/Dec/2025:00:11:11 +0000] "GET /entity/590930768.htm/ HTTP/1.1" 200 45437 "https://datainsightnow.com/entity/590930768.htm" "Mozilla/5.0 AppleWebKit/537.36 (KHTML, like Gecko; compatible; ClaudeBot/1.0; +claudebot@anthropic.com)"
216.73.216.115 - - [17/Dec/2025:00:11:13 +0000] "GET /entity/590872762.htm HTTP/1.1" 301 5 "-" "Mozilla/5.0 AppleWebKit/537.36 (KHTML, like Gecko; compatible; ClaudeBot/1.0; +claudebot@anthropic.com)"
74.7.243.219 - - [17/Dec/2025:00:11:13 +0000] "GET /?p=33913 HTTP/1.1" 200 44557 "-" "Mozilla/5.0 AppleWebKit/537.36 (KHTML, like Gecko; compatible; GPTBot/1.3; +https://openai.com/gptbot)"
216.73.216.115 - - [17/Dec/2025:00:11:14 +0000] "GET /entity/590872762.htm/ HTTP/1.1" 200 45437 "https://datainsightnow.com/entity/590872762.htm" "Mozilla/5.0 AppleWebKit/537.36 (KHTML, like Gecko; compatible; ClaudeBot/1.0; +claudebot@anthropic.com)"
57.141.0.54 - - [17/Dec/2025:00:11:15 +0000] "GET /karamba-spielsaal-erfahrungen-angeschlossen-testbericht-werfen-sie-einen-blick-auf-den-link-within-2025-pro-teutonia/?fileloc=//sys/class/pci_bus/0000:06/subsystem/0000:0e/subsystem/0000:04/subsystem/0000:07/subsystem/0000:11/power/runtime_status&path=//sys/class/pci_bus/0000:06/subsystem/0000:0e/subsystem/0000:04/subsystem/0000:07/subsystem/0000:11/power HTTP/1.1" 200 262264 "-" "meta-externalagent/1.1 (+https://developers.facebook.com/docs/sharing/webmasters/crawler)"
216.73.216.115 - - [17/Dec/2025:00:11:16 +0000] "GET /entity/590828987.htm HTTP/1.1" 301 5 "-" "Mozilla/5.0 AppleWebKit/537.36 (KHTML, like Gecko; compatible; ClaudeBot/1.0; +claudebot@anthropic.com)"
216.73.216.115 - - [17/Dec/2025:00:11:17 +0000] "GET /entity/590828987.htm/ HTTP/1.1" 200 45437 "https://datainsightnow.com/entity/590828987.htm" "Mozilla/5.0 AppleWebKit/537.36 (KHTML, like Gecko; compatible; ClaudeBot/1.0; +claudebot@anthropic.com)"
74.7.243.219 - - [17/Dec/2025:00:11:17 +0000] "GET /?cat=1&paged=710 HTTP/1.1" 200 37496 "-" "Mozilla/5.0 AppleWebKit/537.36 (KHTML, like Gecko; compatible; GPTBot/1.3; +https://openai.com/gptbot)"
57.141.0.10 - - [17/Dec/2025:00:11:17 +0000] "GET /2025/03/06/page/39/?fileloc=//sys/class/pci_bus/0000:06/subsystem/0000:01/subsystem/0000:02/subsystem/0000:0d/subsystem/0000:01/cpuaffinity&path=//sys/class/pci_bus/0000:06/subsystem/0000:01/subsystem/0000:02/subsystem/0000:0d/subsystem/0000:01 HTTP/1.1" 200 262264 "-" "meta-externalagent/1.1 (+https://developers.facebook.com/docs/sharing/webmasters/crawler)"
216.73.216.115 - - [17/Dec/2025:00:11:19 +0000] "GET /entity/590802575.htm HTTP/1.1" 301 5 "-" "Mozilla/5.0 AppleWebKit/537.36 (KHTML, like Gecko; compatible; ClaudeBot/1.0; +claudebot@anthropic.com)"
216.73.216.115 - - [17/Dec/2025:00:11:19 +0000] "GET /entity/590802575.htm/ HTTP/1.1" 200 45437 "https://datainsightnow.com/entity/590802575.htm" "Mozilla/5.0 AppleWebKit/537.36 (KHTML, like Gecko; compatible; ClaudeBot/1.0; +claudebot@anthropic.com)"
74.7.243.219 - - [17/Dec/2025:00:11:20 +0000] "GET /?p=15662 HTTP/1.1" 200 42362 "-" "Mozilla/5.0 AppleWebKit/537.36 (KHTML, like Gecko; compatible; GPTBot/1.3; +https://openai.com/gptbot)"
217.113.194.214 - - [17/Dec/2025:00:11:21 +0000] "GET /account/?fileloc=//lib/firmware/cirrus/cs35l41-dsp1-spk-cali-103c8c67.wmfw.zst&path=//lib/firmware/cirrus HTTP/1.1" 200 45437 "-" "Mozilla/5.0 (compatible; Barkrowler/0.9; +https://babbar.tech/crawler)"
216.73.216.115 - - [17/Dec/2025:00:11:22 +0000] "GET /entity/590792215.htm HTTP/1.1" 301 5 "-" "Mozilla/5.0 AppleWebKit/537.36 (KHTML, like Gecko; compatible; ClaudeBot/1.0; +claudebot@anthropic.com)"
216.73.216.115 - - [17/Dec/2025:00:11:22 +0000] "GET /entity/590792215.htm/ HTTP/1.1" 200 45437 "https://datainsightnow.com/entity/590792215.htm" "Mozilla/5.0 AppleWebKit/537.36 (KHTML, like Gecko; compatible; ClaudeBot/1.0; +claudebot@anthropic.com)"
74.7.243.219 - - [17/Dec/2025:00:11:23 +0000] "GET /index.php?rest_route=%2Foembed%2F1.0%2Fembed&url=https%3A%2F%2Fdatainsightnow.com%2F%3Fp%3D44093 HTTP/1.1" 200 1300 "-" "Mozilla/5.0 AppleWebKit/537.36 (KHTML, like Gecko; compatible; GPTBot/1.3; +https://openai.com/gptbot)"
57.141.0.11 - - [17/Dec/2025:00:11:24 +0000] "GET /karamba-spielsaal-erfahrungen-angeschlossen-testbericht-werfen-sie-einen-blick-auf-den-link-within-2025-pro-teutonia/?fileloc=//sys/class/pci_bus/0000:06/subsystem/0000:08/device/driver/0000:00:02.0/driver/0000:00:04.0/max_link_width&path=//sys/class/pci_bus/0000:06/subsystem/0000:08/device/driver/0000:00:02.0/driver/0000:00:04.0 HTTP/1.1" 200 262248 "-" "meta-externalagent/1.1 (+https://developers.facebook.com/docs/sharing/webmasters/crawler)"
216.73.216.115 - - [17/Dec/2025:00:11:25 +0000] "GET /entity/590925859.htm HTTP/1.1" 301 5 "-" "Mozilla/5.0 AppleWebKit/537.36 (KHTML, like Gecko; compatible; ClaudeBot/1.0; +claudebot@anthropic.com)"
216.73.216.115 - - [17/Dec/2025:00:11:26 +0000] "GET /entity/590925859.htm/ HTTP/1.1" 200 45437 "https://datainsightnow.com/entity/590925859.htm" "Mozilla/5.0 AppleWebKit/537.36 (KHTML, like Gecko; compatible; ClaudeBot/1.0; +claudebot@anthropic.com)"
57.141.0.45 - - [17/Dec/2025:00:11:26 +0000] "GET /2025/03/07/page/6/?path=//sys/class/pci_bus/0000:04/subsystem/0000:06/subsystem/0000:02/device/subsystem/slots/24 HTTP/1.1" 200 262248 "-" "meta-externalagent/1.1 (+https://developers.facebook.com/docs/sharing/webmasters/crawler)"
74.7.243.219 - - [17/Dec/2025:00:11:26 +0000] "GET /index.php?rest_route=%2Foembed%2F1.0%2Fembed&url=https%3A%2F%2Fdatainsightnow.com%2F%3Fp%3D31641 HTTP/1.1" 200 1331 "-" "Mozilla/5.0 AppleWebKit/537.36 (KHTML, like Gecko; compatible; GPTBot/1.3; +https://openai.com/gptbot)"
216.73.216.115 - - [17/Dec/2025:00:11:28 +0000] "GET /entity/590773820.htm HTTP/1.1" 301 5 "-" "Mozilla/5.0 AppleWebKit/537.36 (KHTML, like Gecko; compatible; ClaudeBot/1.0; +claudebot@anthropic.com)"
216.73.216.115 - - [17/Dec/2025:00:11:28 +0000] "GET /entity/590773820.htm/ HTTP/1.1" 200 45437 "https://datainsightnow.com/entity/590773820.htm" "Mozilla/5.0 AppleWebKit/537.36 (KHTML, like Gecko; compatible; ClaudeBot/1.0; +claudebot@anthropic.com)"
216.73.216.115 - - [17/Dec/2025:00:11:31 +0000] "GET /entity/590807755.htm HTTP/1.1" 301 5 "-" "Mozilla/5.0 AppleWebKit/537.36 (KHTML, like Gecko; compatible; ClaudeBot/1.0; +claudebot@anthropic.com)"
216.73.216.115 - - [17/Dec/2025:00:11:32 +0000] "GET /entity/590807755.htm/ HTTP/1.1" 200 45437 "https://datainsightnow.com/entity/590807755.htm" "Mozilla/5.0 AppleWebKit/537.36 (KHTML, like Gecko; compatible; ClaudeBot/1.0; +claudebot@anthropic.com)"
57.141.0.73 - - [17/Dec/2025:00:11:32 +0000] "GET /karamba-spielsaal-erfahrungen-angeschlossen-testbericht-werfen-sie-einen-blick-auf-den-link-within-2025-pro-teutonia/?fileloc=//sys/class/pci_bus/0000:06/subsystem/0000:0d/subsystem/0000:0b/subsystem/0000:12/device/driver/0000:00:02.7/driver/0000:00:03.4/consistent_dma_mask_bits&path=//sys/class/pci_bus/0000:06/subsystem/0000:0d/subsystem/0000:0b/subsystem/0000:12/device/driver/0000:00:02.7/driver/0000:00:03.4 HTTP/1.1" 200 262248 "-" "meta-externalagent/1.1 (+https://developers.facebook.com/docs/sharing/webmasters/crawler)"
57.141.0.1 - - [17/Dec/2025:00:11:34 +0000] "GET /2025/03/07/page/6/?fileloc=//sys/class/pci_bus/0000:09/subsystem/0000:0a/device/driver/0000:00:02.4/subsystem/devices/0000:01:00.0/resource&path=//sys/class/pci_bus/0000:09/subsystem/0000:0a/device/driver/0000:00:02.4/subsystem/devices/0000:01:00.0 HTTP/1.1" 200 262264 "-" "meta-externalagent/1.1 (+https://developers.facebook.com/docs/sharing/webmasters/crawler)"
74.7.243.219 - - [17/Dec/2025:00:11:34 +0000] "GET /index.php?rest_route=%2Foembed%2F1.0%2Fembed&url=https%3A%2F%2Fdatainsightnow.com%2F%3Fp%3D49235 HTTP/1.1" 200 1270 "-" "Mozilla/5.0 AppleWebKit/537.36 (KHTML, like Gecko; compatible; GPTBot/1.3; +https://openai.com/gptbot)"
216.73.216.115 - - [17/Dec/2025:00:11:34 +0000] "GET /entity/590906687.htm HTTP/1.1" 301 5 "-" "Mozilla/5.0 AppleWebKit/537.36 (KHTML, like Gecko; compatible; ClaudeBot/1.0; +claudebot@anthropic.com)"
216.73.216.115 - - [17/Dec/2025:00:11:35 +0000] "GET /entity/590906687.htm/ HTTP/1.1" 200 45437 "https://datainsightnow.com/entity/590906687.htm" "Mozilla/5.0 AppleWebKit/537.36 (KHTML, like Gecko; compatible; ClaudeBot/1.0; +claudebot@anthropic.com)"
57.141.0.57 - - [17/Dec/2025:00:11:35 +0000] "GET /2025/03/13/?fileloc=//sys/class/pci_bus/0000:09/subsystem/0000:0c/subsystem/0000:0c/uevent&path=//sys/class/pci_bus/0000:09/subsystem/0000:0c/subsystem/0000:0c HTTP/1.1" 200 262209 "-" "meta-externalagent/1.1 (+https://developers.facebook.com/docs/sharing/webmasters/crawler)"
57.141.0.74 - - [17/Dec/2025:00:11:37 +0000] "GET /2025/03/07/page/6/?path=//sys/class/pci_bus/0000:05/subsystem/0000:13/device/driver/0000:00:03.1/0000:00:03.1:pcie001/driver/0000:00:03.1:pcie001/subsystem HTTP/1.1" 200 262264 "-" "meta-externalagent/1.1 (+https://developers.facebook.com/docs/sharing/webmasters/crawler)"
74.7.243.219 - - [17/Dec/2025:00:11:37 +0000] "GET /index.php?rest_route=%2Foembed%2F1.0%2Fembed&url=https%3A%2F%2Fdatainsightnow.com%2F%3Fp%3D13435 HTTP/1.1" 200 1562 "-" "Mozilla/5.0 AppleWebKit/537.36 (KHTML, like Gecko; compatible; GPTBot/1.3; +https://openai.com/gptbot)"
216.73.216.115 - - [17/Dec/2025:00:11:37 +0000] "GET /entity/590934912.htm HTTP/1.1" 301 5 "-" "Mozilla/5.0 AppleWebKit/537.36 (KHTML, like Gecko; compatible; ClaudeBot/1.0; +claudebot@anthropic.com)"
216.73.216.115 - - [17/Dec/2025:00:11:37 +0000] "GET /entity/590934912.htm/ HTTP/1.1" 200 45437 "https://datainsightnow.com/entity/590934912.htm" "Mozilla/5.0 AppleWebKit/537.36 (KHTML, like Gecko; compatible; ClaudeBot/1.0; +claudebot@anthropic.com)"
217.113.194.55 - - [17/Dec/2025:00:11:38 +0000] "GET /account/?fileloc=//lib/firmware/cirrus/cs35l41-dsp1-spk-cali-103c8b45.bin.zst&path=//lib/firmware/cirrus HTTP/1.1" 200 45437 "-" "Mozilla/5.0 (compatible; Barkrowler/0.9; +https://babbar.tech/crawler)"
74.7.243.219 - - [17/Dec/2025:00:11:38 +0000] "GET /index.php?rest_route=%2Foembed%2F1.0%2Fembed&url=https%3A%2F%2Fdatainsightnow.com%2F%3Fp%3D29947 HTTP/1.1" 200 1300 "-" "Mozilla/5.0 AppleWebKit/537.36 (KHTML, like Gecko; compatible; GPTBot/1.3; +https://openai.com/gptbot)"
57.141.0.2 - - [17/Dec/2025:00:11:39 +0000] "GET /2025/03/06/page/39/?path=//sys/class/pci_bus/0000:0d/subsystem/0000:00/subsystem/0000:07/subsystem/0000:0f HTTP/1.1" 200 262264 "-" "meta-externalagent/1.1 (+https://developers.facebook.com/docs/sharing/webmasters/crawler)"
216.73.216.115 - - [17/Dec/2025:00:11:40 +0000] "GET /entity/590943722.htm HTTP/1.1" 301 5 "-" "Mozilla/5.0 AppleWebKit/537.36 (KHTML, like Gecko; compatible; ClaudeBot/1.0; +claudebot@anthropic.com)"
74.7.243.219 - - [17/Dec/2025:00:11:41 +0000] "GET /?p=33935 HTTP/1.1" 200 42918 "-" "Mozilla/5.0 AppleWebKit/537.36 (KHTML, like Gecko; compatible; GPTBot/1.3; +https://openai.com/gptbot)"
216.73.216.115 - - [17/Dec/2025:00:11:41 +0000] "GET /entity/590943722.htm/ HTTP/1.1" 200 45437 "https://datainsightnow.com/entity/590943722.htm" "Mozilla/5.0 AppleWebKit/537.36 (KHTML, like Gecko; compatible; ClaudeBot/1.0; +claudebot@anthropic.com)"
114.119.140.178 - - [17/Dec/2025:00:11:42 +0000] "GET /zodiac-kasino-erfahrungen-2024-480-bonus-80-freispiele/?path=//sys/dev/char/5:1/subsystem/tty5/subsystem/tty0/subsystem/tty58 HTTP/1.1" 200 45438 "https://datainsightnow.com/zodiac-kasino-erfahrungen-2024-480-bonus-80-freispiele/?path=//sys/dev/char/5%3A1/subsystem/tty5/subsystem/tty0/subsystem" "Mozilla/5.0 (Linux; Android 7.0;) AppleWebKit/537.36 (KHTML, like Gecko) Mobile Safari/537.36 (compatible; PetalBot;+https://webmaster.petalsearch.com/site/petalbot)"
216.73.216.115 - - [17/Dec/2025:00:11:43 +0000] "GET /entity/590904615.htm HTTP/1.1" 301 5 "-" "Mozilla/5.0 AppleWebKit/537.36 (KHTML, like Gecko; compatible; ClaudeBot/1.0; +claudebot@anthropic.com)"
74.7.243.219 - - [17/Dec/2025:00:11:44 +0000] "GET /index.php?rest_route=%2Foembed%2F1.0%2Fembed&url=https%3A%2F%2Fdatainsightnow.com%2F%3Fp%3D44599 HTTP/1.1" 200 1794 "-" "Mozilla/5.0 AppleWebKit/537.36 (KHTML, like Gecko; compatible; GPTBot/1.3; +https://openai.com/gptbot)"
57.141.0.56 - - [17/Dec/2025:00:11:44 +0000] "GET /2025/03/06/page/39/?fileloc=//sys/class/pci_bus/0000:0c/device/driver/0000:00:02.2/driver/0000:00:02.4/driver/0000:00:03.5/remove&path=//sys/class/pci_bus/0000:0c/device/driver/0000:00:02.2/driver/0000:00:02.4/driver/0000:00:03.5 HTTP/1.1" 200 262248 "-" "meta-externalagent/1.1 (+https://developers.facebook.com/docs/sharing/webmasters/crawler)"
216.73.216.115 - - [17/Dec/2025:00:11:44 +0000] "GET /entity/590904615.htm/ HTTP/1.1" 200 45437 "https://datainsightnow.com/entity/590904615.htm" "Mozilla/5.0 AppleWebKit/537.36 (KHTML, like Gecko; compatible; ClaudeBot/1.0; +claudebot@anthropic.com)"
216.73.216.115 - - [17/Dec/2025:00:11:46 +0000] "GET /entity/590806970.htm HTTP/1.1" 301 5 "-" "Mozilla/5.0 AppleWebKit/537.36 (KHTML, like Gecko; compatible; ClaudeBot/1.0; +claudebot@anthropic.com)"
216.73.216.115 - - [17/Dec/2025:00:11:47 +0000] "GET /entity/590806970.htm/ HTTP/1.1" 200 45437 "https://datainsightnow.com/entity/590806970.htm" "Mozilla/5.0 AppleWebKit/537.36 (KHTML, like Gecko; compatible; ClaudeBot/1.0; +claudebot@anthropic.com)"
74.7.243.219 - - [17/Dec/2025:00:11:47 +0000] "GET /index.php?rest_route=%2Foembed%2F1.0%2Fembed&url=https%3A%2F%2Fdatainsightnow.com%2F%3Fp%3D10077 HTTP/1.1" 200 1293 "-" "Mozilla/5.0 AppleWebKit/537.36 (KHTML, like Gecko; compatible; GPTBot/1.3; +https://openai.com/gptbot)"
