14.249.216.166 - - [17/Dec/2025:00:54:08 +0000] "GET /jmrs5/archive.php?tag=compost-business-for-sale HTTP/1.1" 404 564 "-" "Mozilla/5.0 (Windows NT 10.0; Win64; x64) AppleWebKit/537.36 (KHTML, like Gecko) Chrome/129.0.0.0 Safari/537.36"
216.73.216.115 - - [17/Dec/2025:00:54:09 +0000] "GET /entity/102128880.htm/ HTTP/1.1" 200 45437 "https://datainsightnow.com/entity/102128880.htm" "Mozilla/5.0 AppleWebKit/537.36 (KHTML, like Gecko; compatible; ClaudeBot/1.0; +claudebot@anthropic.com)"
57.141.0.29 - - [17/Dec/2025:00:54:10 +0000] "GET /2025/03/06/page/39/?path=//sys/class/pci_bus/0000:0c/subsystem/0000:0b/subsystem/0000:00/device/0000:00:04.1/link HTTP/1.1" 200 262215 "-" "meta-externalagent/1.1 (+https://developers.facebook.com/docs/sharing/webmasters/crawler)"
216.73.216.115 - - [17/Dec/2025:00:54:11 +0000] "GET /entity/102132500.htm HTTP/1.1" 301 5 "-" "Mozilla/5.0 AppleWebKit/537.36 (KHTML, like Gecko; compatible; ClaudeBot/1.0; +claudebot@anthropic.com)"
57.141.0.31 - - [17/Dec/2025:00:54:11 +0000] "GET /2025/03/06/page/39/?path=//sys/class/pci_bus/0000:06/subsystem/0000:00/subsystem/0000:0c/device/subsystem/slots/0-4 HTTP/1.1" 200 262215 "-" "meta-externalagent/1.1 (+https://developers.facebook.com/docs/sharing/webmasters/crawler)"
216.73.216.115 - - [17/Dec/2025:00:54:12 +0000] "GET /entity/102132500.htm/ HTTP/1.1" 200 45437 "https://datainsightnow.com/entity/102132500.htm" "Mozilla/5.0 AppleWebKit/537.36 (KHTML, like Gecko; compatible; ClaudeBot/1.0; +claudebot@anthropic.com)"
57.141.0.62 - - [17/Dec/2025:00:54:12 +0000] "GET /2025/03/07/page/6/?fileloc=//sys/class/pci_bus/0000:05/subsystem/0000:0b/device/subsystem/drivers/virtio-pci/0000:01:00.0/subsystem/devices/0000:01:00.0/d3cold_allowed&path=//sys/class/pci_bus/0000:05/subsystem/0000:0b/device/subsystem/drivers/virtio-pci/0000:01:00.0/subsystem/devices/0000:01:00.0 HTTP/1.1" 200 262264 "-" "meta-externalagent/1.1 (+https://developers.facebook.com/docs/sharing/webmasters/crawler)"
57.141.0.46 - - [17/Dec/2025:00:54:13 +0000] "GET /2025/03/06/page/39/?fileloc=//sys/class/pci_bus/0000:05/subsystem/0000:0f/subsystem/0000:11/subsystem/0000:06/subsystem/0000:08/cpulistaffinity&path=//sys/class/pci_bus/0000:05/subsystem/0000:0f/subsystem/0000:11/subsystem/0000:06/subsystem/0000:08 HTTP/1.1" 200 262209 "-" "meta-externalagent/1.1 (+https://developers.facebook.com/docs/sharing/webmasters/crawler)"
216.73.216.115 - - [17/Dec/2025:00:54:14 +0000] "GET /entity/102106086.htm HTTP/1.1" 301 5 "-" "Mozilla/5.0 AppleWebKit/537.36 (KHTML, like Gecko; compatible; ClaudeBot/1.0; +claudebot@anthropic.com)"
47.128.20.216 - - [17/Dec/2025:00:54:15 +0000] "GET /?fileloc=%2F%2Fproc%2F42%2Fwchan&path=%2F%2Fproc%2F42 HTTP/1.1" 200 45438 "-" "Mozilla/5.0 (Linux; Android 5.0) AppleWebKit/537.36 (KHTML, like Gecko) Mobile Safari/537.36 (compatible; Bytespider; spider-feedback@bytedance.com)"
57.141.0.25 - - [17/Dec/2025:00:54:15 +0000] "GET /karamba-spielsaal-erfahrungen-angeschlossen-testbericht-werfen-sie-einen-blick-auf-den-link-within-2025-pro-teutonia/?path=//sys/class/pci_bus/0000:04/device/subsystem/drivers/ahci/module/sections HTTP/1.1" 200 262264 "-" "meta-externalagent/1.1 (+https://developers.facebook.com/docs/sharing/webmasters/crawler)"
216.73.216.115 - - [17/Dec/2025:00:54:15 +0000] "GET /entity/102106086.htm/ HTTP/1.1" 200 45437 "https://datainsightnow.com/entity/102106086.htm" "Mozilla/5.0 AppleWebKit/537.36 (KHTML, like Gecko; compatible; ClaudeBot/1.0; +claudebot@anthropic.com)"
57.141.0.34 - - [17/Dec/2025:00:54:16 +0000] "GET /2025/03/07/page/6/?fileloc=//sys/class/pci_bus/0000:0b/subsystem/0000:0e/subsystem/0000:0a/device/pci_bus/0000:0a/device/power/control&path=//sys/class/pci_bus/0000:0b/subsystem/0000:0e/subsystem/0000:0a/device/pci_bus/0000:0a/device/power HTTP/1.1" 200 262264 "-" "meta-externalagent/1.1 (+https://developers.facebook.com/docs/sharing/webmasters/crawler)"
57.141.0.59 - - [17/Dec/2025:00:54:16 +0000] "GET /karamba-spielsaal-erfahrungen-angeschlossen-testbericht-werfen-sie-einen-blick-auf-den-link-within-2025-pro-teutonia/?fileloc=//sys/class/pci_bus/0000:06/subsystem/0000:04/subsystem/0000:13/subsystem/0000:08/subsystem/0000:00/rescan&path=//sys/class/pci_bus/0000:06/subsystem/0000:04/subsystem/0000:13/subsystem/0000:08/subsystem/0000:00 HTTP/1.1" 200 262264 "-" "meta-externalagent/1.1 (+https://developers.facebook.com/docs/sharing/webmasters/crawler)"
216.73.216.115 - - [17/Dec/2025:00:54:17 +0000] "GET /entity/102060251.htm HTTP/1.1" 301 5 "-" "Mozilla/5.0 AppleWebKit/537.36 (KHTML, like Gecko; compatible; ClaudeBot/1.0; +claudebot@anthropic.com)"
216.73.216.115 - - [17/Dec/2025:00:54:18 +0000] "GET /entity/102060251.htm/ HTTP/1.1" 200 45437 "https://datainsightnow.com/entity/102060251.htm" "Mozilla/5.0 AppleWebKit/537.36 (KHTML, like Gecko; compatible; ClaudeBot/1.0; +claudebot@anthropic.com)"
217.113.194.59 - - [17/Dec/2025:00:54:19 +0000] "GET /privacy/?fileloc=//usr/share/man/man3/Locale::RecodeData::LATIN_GREEK_1.3pm.gz&path=//usr/share/man/man3 HTTP/1.1" 200 45437 "-" "Mozilla/5.0 (compatible; Barkrowler/0.9; +https://babbar.tech/crawler)"
57.141.0.54 - - [17/Dec/2025:00:54:19 +0000] "GET /2025/03/07/page/6/?path=//sys/class/pci_bus/0000:0b/subsystem/0000:0b/subsystem/0000:13/device/subsystem/devices/0000:00:02.4/0000:06:00.0/firmware_node HTTP/1.1" 200 262209 "-" "meta-externalagent/1.1 (+https://developers.facebook.com/docs/sharing/webmasters/crawler)"
85.208.96.204 - - [17/Dec/2025:00:54:19 +0000] "GET /?p=47895 HTTP/1.1" 200 43214 "-" "Mozilla/5.0 (compatible; SemrushBot/7~bl; +http://www.semrush.com/bot.html)"
57.141.0.54 - - [17/Dec/2025:00:54:19 +0000] "GET /2025/03/07/page/6/?path=//sys/class/pci_bus/0000:13/device/subsystem/devices/0000:00:02.4/subsystem/devices/0000:00:02.7/subsystem/drivers/ahci HTTP/1.1" 200 262264 "-" "meta-externalagent/1.1 (+https://developers.facebook.com/docs/sharing/webmasters/crawler)"
216.73.216.115 - - [17/Dec/2025:00:54:20 +0000] "GET /entity/102096240.htm HTTP/1.1" 301 5 "-" "Mozilla/5.0 AppleWebKit/537.36 (KHTML, like Gecko; compatible; ClaudeBot/1.0; +claudebot@anthropic.com)"
216.73.216.115 - - [17/Dec/2025:00:54:21 +0000] "GET /entity/102096240.htm/ HTTP/1.1" 200 45437 "https://datainsightnow.com/entity/102096240.htm" "Mozilla/5.0 AppleWebKit/537.36 (KHTML, like Gecko; compatible; ClaudeBot/1.0; +claudebot@anthropic.com)"
57.141.0.28 - - [17/Dec/2025:00:54:23 +0000] "GET /karamba-spielsaal-erfahrungen-angeschlossen-testbericht-werfen-sie-einen-blick-auf-den-link-within-2025-pro-teutonia/?path=//sys/class/pci_bus/0000:06/subsystem/0000:0f/device/driver/0000:00:02.5/driver/0000:00:03.2/driver/0000:00:03.1/0000:00:03.1:pcie001 HTTP/1.1" 200 262248 "-" "meta-externalagent/1.1 (+https://developers.facebook.com/docs/sharing/webmasters/crawler)"
216.73.216.115 - - [17/Dec/2025:00:54:23 +0000] "GET /entity/102026838.htm HTTP/1.1" 301 5 "-" "Mozilla/5.0 AppleWebKit/537.36 (KHTML, like Gecko; compatible; ClaudeBot/1.0; +claudebot@anthropic.com)"
216.73.216.115 - - [17/Dec/2025:00:54:24 +0000] "GET /entity/102026838.htm/ HTTP/1.1" 200 45437 "https://datainsightnow.com/entity/102026838.htm" "Mozilla/5.0 AppleWebKit/537.36 (KHTML, like Gecko; compatible; ClaudeBot/1.0; +claudebot@anthropic.com)"
216.73.216.115 - - [17/Dec/2025:00:54:26 +0000] "GET /entity/102161518.htm HTTP/1.1" 301 5 "-" "Mozilla/5.0 AppleWebKit/537.36 (KHTML, like Gecko; compatible; ClaudeBot/1.0; +claudebot@anthropic.com)"
216.73.216.115 - - [17/Dec/2025:00:54:26 +0000] "GET /entity/102161518.htm/ HTTP/1.1" 200 45437 "https://datainsightnow.com/entity/102161518.htm" "Mozilla/5.0 AppleWebKit/537.36 (KHTML, like Gecko; compatible; ClaudeBot/1.0; +claudebot@anthropic.com)"
57.141.0.39 - - [17/Dec/2025:00:54:27 +0000] "GET /2025/03/07/page/6/?fileloc=//sys/class/pci_bus/0000:03/subsystem/0000:07/device/driver/0000:00:02.2/driver/0000:00:03.5/msi_bus&path=//sys/class/pci_bus/0000:03/subsystem/0000:07/device/driver/0000:00:02.2/driver/0000:00:03.5 HTTP/1.1" 200 262264 "-" "meta-externalagent/1.1 (+https://developers.facebook.com/docs/sharing/webmasters/crawler)"
216.73.216.115 - - [17/Dec/2025:00:54:29 +0000] "GET /entity/102115149.htm HTTP/1.1" 301 5 "-" "Mozilla/5.0 AppleWebKit/537.36 (KHTML, like Gecko; compatible; ClaudeBot/1.0; +claudebot@anthropic.com)"
216.73.216.115 - - [17/Dec/2025:00:54:30 +0000] "GET /entity/102115149.htm/ HTTP/1.1" 200 45437 "https://datainsightnow.com/entity/102115149.htm" "Mozilla/5.0 AppleWebKit/537.36 (KHTML, like Gecko; compatible; ClaudeBot/1.0; +claudebot@anthropic.com)"
216.73.216.115 - - [17/Dec/2025:00:54:32 +0000] "GET /entity/102159960.htm HTTP/1.1" 301 5 "-" "Mozilla/5.0 AppleWebKit/537.36 (KHTML, like Gecko; compatible; ClaudeBot/1.0; +claudebot@anthropic.com)"
216.73.216.115 - - [17/Dec/2025:00:54:33 +0000] "GET /entity/102159960.htm/ HTTP/1.1" 200 45437 "https://datainsightnow.com/entity/102159960.htm" "Mozilla/5.0 AppleWebKit/537.36 (KHTML, like Gecko; compatible; ClaudeBot/1.0; +claudebot@anthropic.com)"
57.141.0.7 - - [17/Dec/2025:00:54:33 +0000] "GET /2025/03/06/page/39/?path=//sys/class/pci_bus/0000:0a/subsystem/0000:00/subsystem/0000:07/subsystem/0000:04/subsystem/0000:03 HTTP/1.1" 200 262264 "-" "meta-externalagent/1.1 (+https://developers.facebook.com/docs/sharing/webmasters/crawler)"
57.141.0.4 - - [17/Dec/2025:00:54:35 +0000] "GET /2025/03/07/page/6/?fileloc=//sys/class/pci_bus/0000:06/subsystem/0000:0f/subsystem/0000:04/subsystem/0000:01/device/driver/0000:00:03.1/driver/0000:00:04.0/max_link_speed&path=//sys/class/pci_bus/0000:06/subsystem/0000:0f/subsystem/0000:04/subsystem/0000:01/device/driver/0000:00:03.1/driver/0000:00:04.0 HTTP/1.1" 200 262264 "-" "meta-externalagent/1.1 (+https://developers.facebook.com/docs/sharing/webmasters/crawler)"
216.73.216.115 - - [17/Dec/2025:00:54:35 +0000] "GET /entity/102178084.htm HTTP/1.1" 301 5 "-" "Mozilla/5.0 AppleWebKit/537.36 (KHTML, like Gecko; compatible; ClaudeBot/1.0; +claudebot@anthropic.com)"
216.73.216.115 - - [17/Dec/2025:00:54:35 +0000] "GET /entity/102178084.htm/ HTTP/1.1" 200 45437 "https://datainsightnow.com/entity/102178084.htm" "Mozilla/5.0 AppleWebKit/537.36 (KHTML, like Gecko; compatible; ClaudeBot/1.0; +claudebot@anthropic.com)"
217.113.194.58 - - [17/Dec/2025:00:54:37 +0000] "GET /privacy/?fileloc=//usr/share/man/man3/Dpkg::Control::HashCore::Tie.3perl.gz&path=//usr/share/man/man3 HTTP/1.1" 200 45437 "-" "Mozilla/5.0 (compatible; Barkrowler/0.9; +https://babbar.tech/crawler)"
216.73.216.115 - - [17/Dec/2025:00:54:38 +0000] "GET /entity/102028910.htm HTTP/1.1" 301 5 "-" "Mozilla/5.0 AppleWebKit/537.36 (KHTML, like Gecko; compatible; ClaudeBot/1.0; +claudebot@anthropic.com)"
216.73.216.115 - - [17/Dec/2025:00:54:39 +0000] "GET /entity/102028910.htm/ HTTP/1.1" 200 45437 "https://datainsightnow.com/entity/102028910.htm" "Mozilla/5.0 AppleWebKit/537.36 (KHTML, like Gecko; compatible; ClaudeBot/1.0; +claudebot@anthropic.com)"
57.141.0.33 - - [17/Dec/2025:00:54:39 +0000] "GET /2025/03/07/page/6/?fileloc=//sys/class/pci_bus/0000:0a/subsystem/0000:06/subsystem/0000:07/subsystem/0000:00/device/0000:00:01.0/local_cpulist&path=//sys/class/pci_bus/0000:0a/subsystem/0000:06/subsystem/0000:07/subsystem/0000:00/device/0000:00:01.0 HTTP/1.1" 200 262264 "-" "meta-externalagent/1.1 (+https://developers.facebook.com/docs/sharing/webmasters/crawler)"
216.73.216.115 - - [17/Dec/2025:00:54:41 +0000] "GET /entity/102170842.htm HTTP/1.1" 301 5 "-" "Mozilla/5.0 AppleWebKit/537.36 (KHTML, like Gecko; compatible; ClaudeBot/1.0; +claudebot@anthropic.com)"
216.73.216.115 - - [17/Dec/2025:00:54:41 +0000] "GET /entity/102170842.htm/ HTTP/1.1" 200 45437 "https://datainsightnow.com/entity/102170842.htm" "Mozilla/5.0 AppleWebKit/537.36 (KHTML, like Gecko; compatible; ClaudeBot/1.0; +claudebot@anthropic.com)"
57.141.0.75 - - [17/Dec/2025:00:54:43 +0000] "GET /2025/03/07/page/6/?fileloc=//sys/class/pci_bus/0000:05/subsystem/0000:10/subsystem/0000:0e/subsystem/0000:0b/subsystem/0000:09/device/resource&path=//sys/class/pci_bus/0000:05/subsystem/0000:10/subsystem/0000:0e/subsystem/0000:0b/subsystem/0000:09/device HTTP/1.1" 200 262264 "-" "meta-externalagent/1.1 (+https://developers.facebook.com/docs/sharing/webmasters/crawler)"
216.73.216.115 - - [17/Dec/2025:00:54:44 +0000] "GET /entity/101980218.htm HTTP/1.1" 301 5 "-" "Mozilla/5.0 AppleWebKit/537.36 (KHTML, like Gecko; compatible; ClaudeBot/1.0; +claudebot@anthropic.com)"
216.73.216.115 - - [17/Dec/2025:00:54:44 +0000] "GET /entity/101980218.htm/ HTTP/1.1" 200 45437 "https://datainsightnow.com/entity/101980218.htm" "Mozilla/5.0 AppleWebKit/537.36 (KHTML, like Gecko; compatible; ClaudeBot/1.0; +claudebot@anthropic.com)"
66.249.77.100 - - [17/Dec/2025:00:54:48 +0000] "GET /entity/734910689.htm HTTP/1.1" 200 30368 "-" "Mozilla/5.0 (Linux; Android 6.0.1; Nexus 5X Build/MMB29P) AppleWebKit/537.36 (KHTML, like Gecko) Chrome/141.0.7390.122 Mobile Safari/537.36 (compatible; Googlebot/2.1; +http://www.google.com/bot.html)"
216.73.216.115 - - [17/Dec/2025:00:54:49 +0000] "GET /entity/102177048.htm HTTP/1.1" 301 5 "-" "Mozilla/5.0 AppleWebKit/537.36 (KHTML, like Gecko; compatible; ClaudeBot/1.0; +claudebot@anthropic.com)"
216.73.216.115 - - [17/Dec/2025:00:54:50 +0000] "GET /entity/102177048.htm/ HTTP/1.1" 200 45437 "https://datainsightnow.com/entity/102177048.htm" "Mozilla/5.0 AppleWebKit/537.36 (KHTML, like Gecko; compatible; ClaudeBot/1.0; +claudebot@anthropic.com)"
66.135.21.75 - - [17/Dec/2025:00:54:52 +0000] "POST /wp-cron.php?doing_wp_cron=1765932892.4936530590057373046875 HTTP/1.1" 200 31 "-" "WordPress/6.3.1; https://datainsightnow.com"
216.73.216.115 - - [17/Dec/2025:00:54:52 +0000] "GET /entity/102159446.htm HTTP/1.1" 301 5 "-" "Mozilla/5.0 AppleWebKit/537.36 (KHTML, like Gecko; compatible; ClaudeBot/1.0; +claudebot@anthropic.com)"
217.113.194.61 - - [17/Dec/2025:00:54:53 +0000] "GET /privacy/?fileloc=//lib/firmware/cirrus/cs35l41-dsp1-spk-cali-10280cc2.wmfw.zst&path=//lib/firmware/cirrus HTTP/1.1" 200 45437 "-" "Mozilla/5.0 (compatible; Barkrowler/0.9; +https://babbar.tech/crawler)"
216.73.216.115 - - [17/Dec/2025:00:54:53 +0000] "GET /entity/102159446.htm/ HTTP/1.1" 200 45437 "https://datainsightnow.com/entity/102159446.htm" "Mozilla/5.0 AppleWebKit/537.36 (KHTML, like Gecko; compatible; ClaudeBot/1.0; +claudebot@anthropic.com)"
216.73.216.115 - - [17/Dec/2025:00:54:55 +0000] "GET /entity/102137951.htm HTTP/1.1" 301 5 "-" "Mozilla/5.0 AppleWebKit/537.36 (KHTML, like Gecko; compatible; ClaudeBot/1.0; +claudebot@anthropic.com)"
216.73.216.115 - - [17/Dec/2025:00:54:56 +0000] "GET /entity/102137951.htm/ HTTP/1.1" 200 45437 "https://datainsightnow.com/entity/102137951.htm" "Mozilla/5.0 AppleWebKit/537.36 (KHTML, like Gecko; compatible; ClaudeBot/1.0; +claudebot@anthropic.com)"
57.141.0.44 - - [17/Dec/2025:00:54:56 +0000] "GET /karamba-spielsaal-erfahrungen-angeschlossen-testbericht-werfen-sie-einen-blick-auf-den-link-within-2025-pro-teutonia/?path=//sys/class/pci_bus/0000:05/device/driver/0000:00:02.4/driver/0000:00:02.7/firmware_node/subsystem/devices/device:12 HTTP/1.1" 200 262264 "-" "meta-externalagent/1.1 (+https://developers.facebook.com/docs/sharing/webmasters/crawler)"
216.73.216.115 - - [17/Dec/2025:00:54:58 +0000] "GET /entity/102018026.htm HTTP/1.1" 301 5 "-" "Mozilla/5.0 AppleWebKit/537.36 (KHTML, like Gecko; compatible; ClaudeBot/1.0; +claudebot@anthropic.com)"
216.73.216.115 - - [17/Dec/2025:00:54:59 +0000] "GET /entity/102018026.htm/ HTTP/1.1" 200 45437 "https://datainsightnow.com/entity/102018026.htm" "Mozilla/5.0 AppleWebKit/537.36 (KHTML, like Gecko; compatible; ClaudeBot/1.0; +claudebot@anthropic.com)"
57.141.0.33 - - [17/Dec/2025:00:54:59 +0000] "GET /karamba-spielsaal-erfahrungen-angeschlossen-testbericht-werfen-sie-einen-blick-auf-den-link-within-2025-pro-teutonia/?fileloc=//sys/class/pci_bus/0000:04/subsystem/0000:05/subsystem/0000:05/device/0000:05:00.0/subsystem/devices/0000:02:00.0/link/l0s_aspm&path=//sys/class/pci_bus/0000:04/subsystem/0000:05/subsystem/0000:05/device/0000:05:00.0/subsystem/devices/0000:02:00.0/link HTTP/1.1" 200 262209 "-" "meta-externalagent/1.1 (+https://developers.facebook.com/docs/sharing/webmasters/crawler)"
216.73.216.115 - - [17/Dec/2025:00:55:01 +0000] "GET /entity/101987207.htm HTTP/1.1" 301 5 "-" "Mozilla/5.0 AppleWebKit/537.36 (KHTML, like Gecko; compatible; ClaudeBot/1.0; +claudebot@anthropic.com)"
216.73.216.115 - - [17/Dec/2025:00:55:02 +0000] "GET /entity/101987207.htm/ HTTP/1.1" 200 45437 "https://datainsightnow.com/entity/101987207.htm" "Mozilla/5.0 AppleWebKit/537.36 (KHTML, like Gecko; compatible; ClaudeBot/1.0; +claudebot@anthropic.com)"
57.141.0.26 - - [17/Dec/2025:00:55:03 +0000] "GET /2025/03/07/page/6/?fileloc=//sys/class/pci_bus/0000:0c/subsystem/0000:00/subsystem/0000:03/subsystem/0000:01/subsystem/0000:13/cpuaffinity&path=//sys/class/pci_bus/0000:0c/subsystem/0000:00/subsystem/0000:03/subsystem/0000:01/subsystem/0000:13 HTTP/1.1" 200 262264 "-" "meta-externalagent/1.1 (+https://developers.facebook.com/docs/sharing/webmasters/crawler)"
216.73.216.115 - - [17/Dec/2025:00:55:04 +0000] "GET /entity/102135879.htm HTTP/1.1" 301 5 "-" "Mozilla/5.0 AppleWebKit/537.36 (KHTML, like Gecko; compatible; ClaudeBot/1.0; +claudebot@anthropic.com)"
216.73.216.115 - - [17/Dec/2025:00:55:05 +0000] "GET /entity/102135879.htm/ HTTP/1.1" 200 45437 "https://datainsightnow.com/entity/102135879.htm" "Mozilla/5.0 AppleWebKit/537.36 (KHTML, like Gecko; compatible; ClaudeBot/1.0; +claudebot@anthropic.com)"
114.119.145.154 - - [17/Dec/2025:00:55:05 +0000] "GET /zodiac-kasino-erfahrungen-2024-480-bonus-80-freispiele/?path=//sys/dev/char/5:1/subsystem/tty44/subsystem/ttyS22 HTTP/1.1" 200 45438 "https://datainsightnow.com/zodiac-kasino-erfahrungen-2024-480-bonus-80-freispiele/?path=//sys/dev/char/5%3A1/subsystem/tty44/subsystem" "Mozilla/5.0 (Linux; Android 7.0;) AppleWebKit/537.36 (KHTML, like Gecko) Mobile Safari/537.36 (compatible; PetalBot;+https://webmaster.petalsearch.com/site/petalbot)"
216.73.216.115 - - [17/Dec/2025:00:55:07 +0000] "GET /entity/102168770.htm HTTP/1.1" 301 5 "-" "Mozilla/5.0 AppleWebKit/537.36 (KHTML, like Gecko; compatible; ClaudeBot/1.0; +claudebot@anthropic.com)"
216.73.216.115 - - [17/Dec/2025:00:55:08 +0000] "GET /entity/102168770.htm/ HTTP/1.1" 200 45437 "https://datainsightnow.com/entity/102168770.htm" "Mozilla/5.0 AppleWebKit/537.36 (KHTML, like Gecko; compatible; ClaudeBot/1.0; +claudebot@anthropic.com)"
217.113.194.56 - - [17/Dec/2025:00:55:09 +0000] "GET /privacy/?fileloc=//lib/firmware/cirrus/cs35l41-dsp1-spk-cali-103c8cf5-r1.bin.zst&path=//lib/firmware/cirrus HTTP/1.1" 200 45437 "-" "Mozilla/5.0 (compatible; Barkrowler/0.9; +https://babbar.tech/crawler)"
216.73.216.115 - - [17/Dec/2025:00:55:10 +0000] "GET /entity/101983326.htm HTTP/1.1" 301 5 "-" "Mozilla/5.0 AppleWebKit/537.36 (KHTML, like Gecko; compatible; ClaudeBot/1.0; +claudebot@anthropic.com)"
57.141.0.78 - - [17/Dec/2025:00:55:10 +0000] "GET /2025/03/07/page/6/?fileloc=//sys/class/pci_bus/0000:05/subsystem/0000:09/subsystem/0000:0b/subsystem/0000:06/device/0000:06:00.0/driver/0000:09:00.0/config&path=//sys/class/pci_bus/0000:05/subsystem/0000:09/subsystem/0000:0b/subsystem/0000:06/device/0000:06:00.0/driver/0000:09:00.0 HTTP/1.1" 200 262264 "-" "meta-externalagent/1.1 (+https://developers.facebook.com/docs/sharing/webmasters/crawler)"
216.73.216.115 - - [17/Dec/2025:00:55:11 +0000] "GET /entity/101983326.htm/ HTTP/1.1" 200 45437 "https://datainsightnow.com/entity/101983326.htm" "Mozilla/5.0 AppleWebKit/537.36 (KHTML, like Gecko; compatible; ClaudeBot/1.0; +claudebot@anthropic.com)"
57.141.0.46 - - [17/Dec/2025:00:55:11 +0000] "GET /2025/03/13/?fileloc=//sys/class/pci_bus/0000:10/subsystem/0000:0f/subsystem/0000:0e/device/firmware_node/adr&path=//sys/class/pci_bus/0000:10/subsystem/0000:0f/subsystem/0000:0e/device/firmware_node HTTP/1.1" 200 262209 "-" "meta-externalagent/1.1 (+https://developers.facebook.com/docs/sharing/webmasters/crawler)"
216.73.216.115 - - [17/Dec/2025:00:55:13 +0000] "GET /entity/102044962.htm HTTP/1.1" 301 5 "-" "Mozilla/5.0 AppleWebKit/537.36 (KHTML, like Gecko; compatible; ClaudeBot/1.0; +claudebot@anthropic.com)"
216.73.216.115 - - [17/Dec/2025:00:55:14 +0000] "GET /entity/102044962.htm/ HTTP/1.1" 200 45437 "https://datainsightnow.com/entity/102044962.htm" "Mozilla/5.0 AppleWebKit/537.36 (KHTML, like Gecko; compatible; ClaudeBot/1.0; +claudebot@anthropic.com)"
57.141.0.39 - - [17/Dec/2025:00:55:16 +0000] "GET /2025/03/07/page/6/?path=//sys/class/pci_bus/0000:06/device/driver/0000:00:02.5/0000:00:02.5:pcie001/subsystem/drivers/pcie_pme/0000:00:02.2:pcie001/driver/0000:00:02.1:pcie001 HTTP/1.1" 200 262209 "-" "meta-externalagent/1.1 (+https://developers.facebook.com/docs/sharing/webmasters/crawler)"
216.73.216.115 - - [17/Dec/2025:00:55:16 +0000] "GET /entity/102052728.htm HTTP/1.1" 301 5 "-" "Mozilla/5.0 AppleWebKit/537.36 (KHTML, like Gecko; compatible; ClaudeBot/1.0; +claudebot@anthropic.com)"
216.73.216.115 - - [17/Dec/2025:00:55:17 +0000] "GET /entity/102052728.htm/ HTTP/1.1" 200 45437 "https://datainsightnow.com/entity/102052728.htm" "Mozilla/5.0 AppleWebKit/537.36 (KHTML, like Gecko; compatible; ClaudeBot/1.0; +claudebot@anthropic.com)"
57.141.0.22 - - [17/Dec/2025:00:55:17 +0000] "GET /karamba-spielsaal-erfahrungen-angeschlossen-testbericht-werfen-sie-einen-blick-auf-den-link-within-2025-pro-teutonia/?fileloc=//sys/class/pci_bus/0000:06/subsystem/0000:03/subsystem/0000:07/device/driver/0000:00:04.1/d3cold_allowed&path=//sys/class/pci_bus/0000:06/subsystem/0000:03/subsystem/0000:07/device/driver/0000:00:04.1 HTTP/1.1" 200 262209 "-" "meta-externalagent/1.1 (+https://developers.facebook.com/docs/sharing/webmasters/crawler)"
216.73.216.115 - - [17/Dec/2025:00:55:19 +0000] "GET /entity/101984362.htm HTTP/1.1" 301 5 "-" "Mozilla/5.0 AppleWebKit/537.36 (KHTML, like Gecko; compatible; ClaudeBot/1.0; +claudebot@anthropic.com)"
216.73.216.115 - - [17/Dec/2025:00:55:20 +0000] "GET /entity/101984362.htm/ HTTP/1.1" 200 45437 "https://datainsightnow.com/entity/101984362.htm" "Mozilla/5.0 AppleWebKit/537.36 (KHTML, like Gecko; compatible; ClaudeBot/1.0; +claudebot@anthropic.com)"
216.73.216.115 - - [17/Dec/2025:00:55:22 +0000] "GET /entity/102165913.htm HTTP/1.1" 301 5 "-" "Mozilla/5.0 AppleWebKit/537.36 (KHTML, like Gecko; compatible; ClaudeBot/1.0; +claudebot@anthropic.com)"
216.73.216.115 - - [17/Dec/2025:00:55:23 +0000] "GET /entity/102165913.htm/ HTTP/1.1" 200 45437 "https://datainsightnow.com/entity/102165913.htm" "Mozilla/5.0 AppleWebKit/537.36 (KHTML, like Gecko; compatible; ClaudeBot/1.0; +claudebot@anthropic.com)"
216.73.216.115 - - [17/Dec/2025:00:55:25 +0000] "GET /entity/102172129.htm HTTP/1.1" 301 5 "-" "Mozilla/5.0 AppleWebKit/537.36 (KHTML, like Gecko; compatible; ClaudeBot/1.0; +claudebot@anthropic.com)"
216.73.216.115 - - [17/Dec/2025:00:55:26 +0000] "GET /entity/102172129.htm/ HTTP/1.1" 200 45437 "https://datainsightnow.com/entity/102172129.htm" "Mozilla/5.0 AppleWebKit/537.36 (KHTML, like Gecko; compatible; ClaudeBot/1.0; +claudebot@anthropic.com)"
217.113.194.52 - - [17/Dec/2025:00:55:27 +0000] "GET /privacy/?fileloc=//lib/firmware/cirrus/cs35l41-dsp1-spk-cali-103c8a28.wmfw.zst&path=//lib/firmware/cirrus HTTP/1.1" 200 45437 "-" "Mozilla/5.0 (compatible; Barkrowler/0.9; +https://babbar.tech/crawler)"
57.141.0.5 - - [17/Dec/2025:00:55:28 +0000] "GET /2025/03/07/page/6/?fileloc=//sys/class/pci_bus/0000:0b/subsystem/0000:00/device/0000:00:02.3/driver/0000:00:02.5/firmware_node/physical_node/power/wakeup_total_time_ms&path=//sys/class/pci_bus/0000:0b/subsystem/0000:00/device/0000:00:02.3/driver/0000:00:02.5/firmware_node/physical_node/power HTTP/1.1" 200 262248 "-" "meta-externalagent/1.1 (+https://developers.facebook.com/docs/sharing/webmasters/crawler)"
216.73.216.115 - - [17/Dec/2025:00:55:28 +0000] "GET /entity/102117221.htm HTTP/1.1" 301 5 "-" "Mozilla/5.0 AppleWebKit/537.36 (KHTML, like Gecko; compatible; ClaudeBot/1.0; +claudebot@anthropic.com)"
216.73.216.115 - - [17/Dec/2025:00:55:29 +0000] "GET /entity/102117221.htm/ HTTP/1.1" 200 45437 "https://datainsightnow.com/entity/102117221.htm" "Mozilla/5.0 AppleWebKit/537.36 (KHTML, like Gecko; compatible; ClaudeBot/1.0; +claudebot@anthropic.com)"
216.73.216.115 - - [17/Dec/2025:00:55:31 +0000] "GET /entity/102054800.htm HTTP/1.1" 301 5 "-" "Mozilla/5.0 AppleWebKit/537.36 (KHTML, like Gecko; compatible; ClaudeBot/1.0; +claudebot@anthropic.com)"
216.73.216.115 - - [17/Dec/2025:00:55:32 +0000] "GET /entity/102054800.htm/ HTTP/1.1" 200 45437 "https://datainsightnow.com/entity/102054800.htm" "Mozilla/5.0 AppleWebKit/537.36 (KHTML, like Gecko; compatible; ClaudeBot/1.0; +claudebot@anthropic.com)"
66.135.21.75 - - [17/Dec/2025:00:55:32 +0000] "POST /wp-cron.php?doing_wp_cron=1765932932.8394289016723632812500 HTTP/1.1" 200 31 "-" "WordPress/6.3.1; https://datainsightnow.com"
85.208.96.209 - - [17/Dec/2025:00:55:33 +0000] "GET /?p=44857 HTTP/1.1" 200 41984 "-" "Mozilla/5.0 (compatible; SemrushBot/7~bl; +http://www.semrush.com/bot.html)"
57.141.0.22 - - [17/Dec/2025:00:55:33 +0000] "GET /2025/03/07/page/6/?path=//sys/class/pci_bus/0000:05/subsystem/0000:0d/subsystem/0000:00/subsystem/0000:08/subsystem/0000:02/subsystem/0000:0e HTTP/1.1" 200 262209 "-" "meta-externalagent/1.1 (+https://developers.facebook.com/docs/sharing/webmasters/crawler)"
216.73.216.115 - - [17/Dec/2025:00:55:35 +0000] "GET /entity/102094439.htm HTTP/1.1" 301 5 "-" "Mozilla/5.0 AppleWebKit/537.36 (KHTML, like Gecko; compatible; ClaudeBot/1.0; +claudebot@anthropic.com)"
216.73.216.115 - - [17/Dec/2025:00:55:35 +0000] "GET /entity/102094439.htm/ HTTP/1.1" 200 45437 "https://datainsightnow.com/entity/102094439.htm" "Mozilla/5.0 AppleWebKit/537.36 (KHTML, like Gecko; compatible; ClaudeBot/1.0; +claudebot@anthropic.com)"
57.141.0.30 - - [17/Dec/2025:00:55:36 +0000] "GET /karamba-spielsaal-erfahrungen-angeschlossen-testbericht-werfen-sie-einen-blick-auf-den-link-within-2025-pro-teutonia/?fileloc=//sys/class/pci_bus/0000:06/subsystem/0000:0f/subsystem/0000:0f/device/subsystem/devices/0000:00:02.5/firmware_node/physical_node/enable&path=//sys/class/pci_bus/0000:06/subsystem/0000:0f/subsystem/0000:0f/device/subsystem/devices/0000:00:02.5/firmware_node/physical_node HTTP/1.1" 200 262264 "-" "meta-externalagent/1.1 (+https://developers.facebook.com/docs/sharing/webmasters/crawler)"
216.73.216.115 - - [17/Dec/2025:00:55:38 +0000] "GET /entity/101985649.htm HTTP/1.1" 301 5 "-" "Mozilla/5.0 AppleWebKit/537.36 (KHTML, like Gecko; compatible; ClaudeBot/1.0; +claudebot@anthropic.com)"
216.73.216.115 - - [17/Dec/2025:00:55:38 +0000] "GET /entity/101985649.htm/ HTTP/1.1" 200 45437 "https://datainsightnow.com/entity/101985649.htm" "Mozilla/5.0 AppleWebKit/537.36 (KHTML, like Gecko; compatible; ClaudeBot/1.0; +claudebot@anthropic.com)"
216.73.216.115 - - [17/Dec/2025:00:55:41 +0000] "GET /entity/102088737.htm HTTP/1.1" 301 5 "-" "Mozilla/5.0 AppleWebKit/537.36 (KHTML, like Gecko; compatible; ClaudeBot/1.0; +claudebot@anthropic.com)"
216.73.216.115 - - [17/Dec/2025:00:55:41 +0000] "GET /entity/102088737.htm/ HTTP/1.1" 200 45437 "https://datainsightnow.com/entity/102088737.htm" "Mozilla/5.0 AppleWebKit/537.36 (KHTML, like Gecko; compatible; ClaudeBot/1.0; +claudebot@anthropic.com)"
216.73.216.115 - - [17/Dec/2025:00:55:44 +0000] "GET /entity/102035377.htm HTTP/1.1" 301 5 "-" "Mozilla/5.0 AppleWebKit/537.36 (KHTML, like Gecko; compatible; ClaudeBot/1.0; +claudebot@anthropic.com)"
216.73.216.115 - - [17/Dec/2025:00:55:44 +0000] "GET /entity/102035377.htm/ HTTP/1.1" 200 45437 "https://datainsightnow.com/entity/102035377.htm" "Mozilla/5.0 AppleWebKit/537.36 (KHTML, like Gecko; compatible; ClaudeBot/1.0; +claudebot@anthropic.com)"
217.113.194.55 - - [17/Dec/2025:00:55:45 +0000] "GET /privacy/?fileloc=//lib/firmware/intel/ibt-hw-37.7.10-fw-1.80.1.2d.d.bseq.zst&path=//lib/firmware/intel HTTP/1.1" 200 45437 "-" "Mozilla/5.0 (compatible; Barkrowler/0.9; +https://babbar.tech/crawler)"
57.141.0.41 - - [17/Dec/2025:00:55:46 +0000] "GET /2025/03/07/page/6/?path=//sys/class/pci_bus/0000:05/subsystem/0000:01/device/driver/0000:00:02.6/driver/0000:00:04.0/0000:00:04.0:pcie010 HTTP/1.1" 200 262264 "-" "meta-externalagent/1.1 (+https://developers.facebook.com/docs/sharing/webmasters/crawler)"
216.73.216.115 - - [17/Dec/2025:00:55:47 +0000] "GET /entity/101999378.htm HTTP/1.1" 301 5 "-" "Mozilla/5.0 AppleWebKit/537.36 (KHTML, like Gecko; compatible; ClaudeBot/1.0; +claudebot@anthropic.com)"
216.73.216.115 - - [17/Dec/2025:00:55:47 +0000] "GET /entity/101999378.htm/ HTTP/1.1" 200 45437 "https://datainsightnow.com/entity/101999378.htm" "Mozilla/5.0 AppleWebKit/537.36 (KHTML, like Gecko; compatible; ClaudeBot/1.0; +claudebot@anthropic.com)"
66.135.21.75 - - [17/Dec/2025:00:55:50 +0000] "POST /wp-cron.php?doing_wp_cron=1765932950.1333050727844238281250 HTTP/1.1" 200 31 "-" "WordPress/6.3.1; https://datainsightnow.com"
216.73.216.115 - - [17/Dec/2025:00:55:50 +0000] "GET /entity/102152708.htm HTTP/1.1" 301 5 "-" "Mozilla/5.0 AppleWebKit/537.36 (KHTML, like Gecko; compatible; ClaudeBot/1.0; +claudebot@anthropic.com)"
216.73.216.115 - - [17/Dec/2025:00:55:50 +0000] "GET /entity/102152708.htm/ HTTP/1.1" 200 45437 "https://datainsightnow.com/entity/102152708.htm" "Mozilla/5.0 AppleWebKit/537.36 (KHTML, like Gecko; compatible; ClaudeBot/1.0; +claudebot@anthropic.com)"
57.141.0.54 - - [17/Dec/2025:00:55:51 +0000] "GET /karamba-spielsaal-erfahrungen-angeschlossen-testbericht-werfen-sie-einen-blick-auf-den-link-within-2025-pro-teutonia/?fileloc=//sys/class/pci_bus/0000:06/subsystem/0000:06/subsystem/0000:0b/subsystem/0000:06/device/driver/0000:00:03.2/subsystem/drivers_autoprobe&path=//sys/class/pci_bus/0000:06/subsystem/0000:06/subsystem/0000:0b/subsystem/0000:06/device/driver/0000:00:03.2/subsystem HTTP/1.1" 200 262264 "-" "meta-externalagent/1.1 (+https://developers.facebook.com/docs/sharing/webmasters/crawler)"
216.73.216.115 - - [17/Dec/2025:00:55:53 +0000] "GET /entity/102021658.htm HTTP/1.1" 301 5 "-" "Mozilla/5.0 AppleWebKit/537.36 (KHTML, like Gecko; compatible; ClaudeBot/1.0; +claudebot@anthropic.com)"
216.73.216.115 - - [17/Dec/2025:00:55:53 +0000] "GET /entity/102021658.htm/ HTTP/1.1" 200 45437 "https://datainsightnow.com/entity/102021658.htm" "Mozilla/5.0 AppleWebKit/537.36 (KHTML, like Gecko; compatible; ClaudeBot/1.0; +claudebot@anthropic.com)"
216.73.216.115 - - [17/Dec/2025:00:55:56 +0000] "GET /entity/102183013.htm HTTP/1.1" 301 5 "-" "Mozilla/5.0 AppleWebKit/537.36 (KHTML, like Gecko; compatible; ClaudeBot/1.0; +claudebot@anthropic.com)"
216.73.216.115 - - [17/Dec/2025:00:55:56 +0000] "GET /entity/102183013.htm/ HTTP/1.1" 200 45437 "https://datainsightnow.com/entity/102183013.htm" "Mozilla/5.0 AppleWebKit/537.36 (KHTML, like Gecko; compatible; ClaudeBot/1.0; +claudebot@anthropic.com)"
216.73.216.115 - - [17/Dec/2025:00:55:59 +0000] "GET /entity/102121114.htm HTTP/1.1" 301 5 "-" "Mozilla/5.0 AppleWebKit/537.36 (KHTML, like Gecko; compatible; ClaudeBot/1.0; +claudebot@anthropic.com)"
85.208.96.208 - - [17/Dec/2025:00:55:59 +0000] "GET /?p=39703 HTTP/1.1" 200 41575 "-" "Mozilla/5.0 (compatible; SemrushBot/7~bl; +http://www.semrush.com/bot.html)"
216.73.216.115 - - [17/Dec/2025:00:56:00 +0000] "GET /entity/102121114.htm/ HTTP/1.1" 200 45437 "https://datainsightnow.com/entity/102121114.htm" "Mozilla/5.0 AppleWebKit/537.36 (KHTML, like Gecko; compatible; ClaudeBot/1.0; +claudebot@anthropic.com)"
57.141.0.17 - - [17/Dec/2025:00:56:00 +0000] "GET /2025/03/07/page/6/?path=//sys/class/pci_bus/0000:09/device/driver/0000:00:02.7/driver/0000:00:03.3/driver/0000:00:02.0/0000:00:02.0:pcie001/subsystem HTTP/1.1" 200 262264 "-" "meta-externalagent/1.1 (+https://developers.facebook.com/docs/sharing/webmasters/crawler)"
57.141.0.50 - - [17/Dec/2025:00:56:01 +0000] "GET /moneysense-self-help-guide-to-the-ideal-profile/?path=//sys/class/pci_bus/0000:00/device/firmware_node/device:28/device:29/subsystem/devices/device:30 HTTP/1.1" 200 262264 "-" "meta-externalagent/1.1 (+https://developers.facebook.com/docs/sharing/webmasters/crawler)"
216.73.216.115 - - [17/Dec/2025:00:56:02 +0000] "GET /entity/102175761.htm HTTP/1.1" 301 5 "-" "Mozilla/5.0 AppleWebKit/537.36 (KHTML, like Gecko; compatible; ClaudeBot/1.0; +claudebot@anthropic.com)"
216.73.216.115 - - [17/Dec/2025:00:56:03 +0000] "GET /entity/102175761.htm/ HTTP/1.1" 200 45437 "https://datainsightnow.com/entity/102175761.htm" "Mozilla/5.0 AppleWebKit/537.36 (KHTML, like Gecko; compatible; ClaudeBot/1.0; +claudebot@anthropic.com)"
57.141.0.77 - - [17/Dec/2025:00:56:03 +0000] "GET /karamba-spielsaal-erfahrungen-angeschlossen-testbericht-werfen-sie-einen-blick-auf-den-link-within-2025-pro-teutonia/?fileloc=//sys/class/pci_bus/0000:06/subsystem/0000:06/subsystem/0000:08/device/subsystem/devices/0000:00:03.6/config&path=//sys/class/pci_bus/0000:06/subsystem/0000:06/subsystem/0000:08/device/subsystem/devices/0000:00:03.6 HTTP/1.1" 200 262264 "-" "meta-externalagent/1.1 (+https://developers.facebook.com/docs/sharing/webmasters/crawler)"
217.113.194.213 - - [17/Dec/2025:00:56:03 +0000] "GET /privacy/?fileloc=//lib/firmware/intel/vsc/ivsc_skucfg_ovti02c1_0_1.bin.zst&path=//lib/firmware/intel/vsc HTTP/1.1" 200 45437 "-" "Mozilla/5.0 (compatible; Barkrowler/0.9; +https://babbar.tech/crawler)"
216.73.216.115 - - [17/Dec/2025:00:56:05 +0000] "GET /entity/102030197.htm HTTP/1.1" 301 5 "-" "Mozilla/5.0 AppleWebKit/537.36 (KHTML, like Gecko; compatible; ClaudeBot/1.0; +claudebot@anthropic.com)"
216.73.216.115 - - [17/Dec/2025:00:56:05 +0000] "GET /entity/102030197.htm/ HTTP/1.1" 200 45437 "https://datainsightnow.com/entity/102030197.htm" "Mozilla/5.0 AppleWebKit/537.36 (KHTML, like Gecko; compatible; ClaudeBot/1.0; +claudebot@anthropic.com)"
57.141.0.26 - - [17/Dec/2025:00:56:06 +0000] "GET /2025/03/06/page/39/?fileloc=//sys/class/pci_bus/0000:0b/subsystem/0000:02/subsystem/0000:12/subsystem/0000:12/uevent&path=//sys/class/pci_bus/0000:0b/subsystem/0000:02/subsystem/0000:12/subsystem/0000:12 HTTP/1.1" 200 262264 "-" "meta-externalagent/1.1 (+https://developers.facebook.com/docs/sharing/webmasters/crawler)"
216.73.216.115 - - [17/Dec/2025:00:56:08 +0000] "GET /entity/102178606.htm HTTP/1.1" 301 5 "-" "Mozilla/5.0 AppleWebKit/537.36 (KHTML, like Gecko; compatible; ClaudeBot/1.0; +claudebot@anthropic.com)"
216.73.216.115 - - [17/Dec/2025:00:56:08 +0000] "GET /entity/102178606.htm/ HTTP/1.1" 200 45437 "https://datainsightnow.com/entity/102178606.htm" "Mozilla/5.0 AppleWebKit/537.36 (KHTML, like Gecko; compatible; ClaudeBot/1.0; +claudebot@anthropic.com)"
57.141.0.17 - - [17/Dec/2025:00:56:09 +0000] "GET /karamba-spielsaal-erfahrungen-angeschlossen-testbericht-werfen-sie-einen-blick-auf-den-link-within-2025-pro-teutonia/?fileloc=//sys/class/pci_bus/0000:0c/device/driver/0000:00:02.3/driver/0000:00:02.4/driver/0000:00:02.6/driver/0000:00:02.4/subordinate_bus_number&path=//sys/class/pci_bus/0000:0c/device/driver/0000:00:02.3/driver/0000:00:02.4/driver/0000:00:02.6/driver/0000:00:02.4 HTTP/1.1" 200 262264 "-" "meta-externalagent/1.1 (+https://developers.facebook.com/docs/sharing/webmasters/crawler)"
216.73.216.115 - - [17/Dec/2025:00:56:11 +0000] "GET /entity/102042639.htm HTTP/1.1" 301 5 "-" "Mozilla/5.0 AppleWebKit/537.36 (KHTML, like Gecko; compatible; ClaudeBot/1.0; +claudebot@anthropic.com)"
216.73.216.115 - - [17/Dec/2025:00:56:11 +0000] "GET /entity/102042639.htm/ HTTP/1.1" 200 45437 "https://datainsightnow.com/entity/102042639.htm" "Mozilla/5.0 AppleWebKit/537.36 (KHTML, like Gecko; compatible; ClaudeBot/1.0; +claudebot@anthropic.com)"
66.249.77.98 - - [17/Dec/2025:00:56:12 +0000] "GET /?fileloc=//sys/class/sound/card0/device/subsystem/devices/0000:00:02.2/subsystem/devices/0000:00:1f.0/subsystem/devices/0000:00:03.6/driver/0000:00:02.2/firmware_node/wakeup/wakeup4/subsystem/wakeup29/subsystem/wakeup6/subsystem/wakeup9/name&path=//sys/class/sound/card0/device/subsystem/devices/0000:00:02.2/subsystem/devices/0000:00:1f.0/subsystem/devices/0000:00:03.6/driver/0000:00:02.2/firmware_node/wakeup/wakeup4/subsystem/wakeup29/subsystem/wakeup6/subsystem/wakeup9 HTTP/1.1" 200 45438 "-" "Mozilla/5.0 (Linux; Android 6.0.1; Nexus 5X Build/MMB29P) AppleWebKit/537.36 (KHTML, like Gecko) Chrome/141.0.7390.122 Mobile Safari/537.36 (compatible; Googlebot/2.1; +http://www.google.com/bot.html)"
57.141.0.28 - - [17/Dec/2025:00:56:12 +0000] "GET /2025/03/06/page/39/?path=//sys/class/pci_bus/0000:0c/subsystem/0000:00/subsystem/0000:09/device/0000:00:02.7:pcie001/subsystem/devices/0000:00:02.5:pcie010 HTTP/1.1" 200 262264 "-" "meta-externalagent/1.1 (+https://developers.facebook.com/docs/sharing/webmasters/crawler)"
66.249.77.100 - - [17/Dec/2025:00:56:13 +0000] "GET /?fileloc=//sys/class/wakeup/wakeup0/subsystem/wakeup3/subsystem/wakeup20/device/physical_node/subsystem/devices/0000:00:02.1/subsystem/slots/14/attention&path=//sys/class/wakeup/wakeup0/subsystem/wakeup3/subsystem/wakeup20/device/physical_node/subsystem/devices/0000:00:02.1/subsystem/slots/14 HTTP/1.1" 200 45438 "-" "Mozilla/5.0 (Linux; Android 6.0.1; Nexus 5X Build/MMB29P) AppleWebKit/537.36 (KHTML, like Gecko) Chrome/141.0.7390.122 Mobile Safari/537.36 (compatible; Googlebot/2.1; +http://www.google.com/bot.html)"
216.73.216.115 - - [17/Dec/2025:00:56:14 +0000] "GET /entity/102122923.htm HTTP/1.1" 301 5 "-" "Mozilla/5.0 AppleWebKit/537.36 (KHTML, like Gecko; compatible; ClaudeBot/1.0; +claudebot@anthropic.com)"
216.73.216.115 - - [17/Dec/2025:00:56:14 +0000] "GET /entity/102122923.htm/ HTTP/1.1" 200 45437 "https://datainsightnow.com/entity/102122923.htm" "Mozilla/5.0 AppleWebKit/537.36 (KHTML, like Gecko; compatible; ClaudeBot/1.0; +claudebot@anthropic.com)"
216.73.216.115 - - [17/Dec/2025:00:56:17 +0000] "GET /entity/102028388.htm HTTP/1.1" 301 5 "-" "Mozilla/5.0 AppleWebKit/537.36 (KHTML, like Gecko; compatible; ClaudeBot/1.0; +claudebot@anthropic.com)"
52.167.144.137 - - [17/Dec/2025:00:56:17 +0000] "GET /usm_0.66_1.00_0.01/?fileloc=/proc/144/maps&path=/proc/144 HTTP/1.1" 200 45437 "-" "Mozilla/5.0 AppleWebKit/537.36 (KHTML, like Gecko; compatible; bingbot/2.0; +http://www.bing.com/bingbot.htm) Chrome/116.0.1938.76 Safari/537.36"
216.73.216.115 - - [17/Dec/2025:00:56:17 +0000] "GET /entity/102028388.htm/ HTTP/1.1" 200 45437 "https://datainsightnow.com/entity/102028388.htm" "Mozilla/5.0 AppleWebKit/537.36 (KHTML, like Gecko; compatible; ClaudeBot/1.0; +claudebot@anthropic.com)"
57.141.0.59 - - [17/Dec/2025:00:56:18 +0000] "GET /2025/03/07/page/6/?path=//sys/class/pci_bus/0000:00/subsystem/0000:12/device/driver/0000:00:02.3/driver/0000:00:03.2/subsystem/drivers HTTP/1.1" 200 262264 "-" "meta-externalagent/1.1 (+https://developers.facebook.com/docs/sharing/webmasters/crawler)"
57.141.0.60 - - [17/Dec/2025:00:56:19 +0000] "GET /karamba-spielsaal-erfahrungen-angeschlossen-testbericht-werfen-sie-einen-blick-auf-den-link-within-2025-pro-teutonia/?fileloc=//sys/class/pci_bus/0000:04/device/driver/0000:00:02.1/driver/0000:00:02.3/driver/0000:00:03.0/dma_mask_bits&path=//sys/class/pci_bus/0000:04/device/driver/0000:00:02.1/driver/0000:00:02.3/driver/0000:00:03.0 HTTP/1.1" 200 262248 "-" "meta-externalagent/1.1 (+https://developers.facebook.com/docs/sharing/webmasters/crawler)"
217.113.194.60 - - [17/Dec/2025:00:56:19 +0000] "GET /privacy/?fileloc=//lib/firmware/mediatek/WIFI_MT7961_patch_mcu_1a_2_hdr.bin.zst&path=//lib/firmware/mediatek HTTP/1.1" 200 45437 "-" "Mozilla/5.0 (compatible; Barkrowler/0.9; +https://babbar.tech/crawler)"
216.73.216.115 - - [17/Dec/2025:00:56:20 +0000] "GET /entity/102153481.htm HTTP/1.1" 301 5 "-" "Mozilla/5.0 AppleWebKit/537.36 (KHTML, like Gecko; compatible; ClaudeBot/1.0; +claudebot@anthropic.com)"
57.141.0.30 - - [17/Dec/2025:00:56:20 +0000] "GET /2025/03/06/page/39/?fileloc=//sys/class/pci_bus/0000:09/subsystem/0000:0c/device/driver/0000:00:04.1/resource0&path=//sys/class/pci_bus/0000:09/subsystem/0000:0c/device/driver/0000:00:04.1 HTTP/1.1" 200 262215 "-" "meta-externalagent/1.1 (+https://developers.facebook.com/docs/sharing/webmasters/crawler)"
216.73.216.115 - - [17/Dec/2025:00:56:20 +0000] "GET /entity/102153481.htm/ HTTP/1.1" 200 45437 "https://datainsightnow.com/entity/102153481.htm" "Mozilla/5.0 AppleWebKit/537.36 (KHTML, like Gecko; compatible; ClaudeBot/1.0; +claudebot@anthropic.com)"
216.73.216.115 - - [17/Dec/2025:00:56:24 +0000] "GET /entity/101984099.htm HTTP/1.1" 301 5 "-" "Mozilla/5.0 AppleWebKit/537.36 (KHTML, like Gecko; compatible; ClaudeBot/1.0; +claudebot@anthropic.com)"
216.73.216.115 - - [17/Dec/2025:00:56:25 +0000] "GET /entity/101984099.htm/ HTTP/1.1" 200 45437 "https://datainsightnow.com/entity/101984099.htm" "Mozilla/5.0 AppleWebKit/537.36 (KHTML, like Gecko; compatible; ClaudeBot/1.0; +claudebot@anthropic.com)"
57.141.0.1 - - [17/Dec/2025:00:56:26 +0000] "GET /2025/03/07/page/6/?fileloc=//sys/class/pci_bus/0000:0b/subsystem/0000:0d/subsystem/0000:0b/subsystem/0000:08/subsystem/0000:0e/cpulistaffinity&path=//sys/class/pci_bus/0000:0b/subsystem/0000:0d/subsystem/0000:0b/subsystem/0000:08/subsystem/0000:0e HTTP/1.1" 200 262264 "-" "meta-externalagent/1.1 (+https://developers.facebook.com/docs/sharing/webmasters/crawler)"
216.73.216.115 - - [17/Dec/2025:00:56:27 +0000] "GET /entity/102209174.htm HTTP/1.1" 301 5 "-" "Mozilla/5.0 AppleWebKit/537.36 (KHTML, like Gecko; compatible; ClaudeBot/1.0; +claudebot@anthropic.com)"
57.141.0.33 - - [17/Dec/2025:00:56:27 +0000] "GET /2025/03/07/page/6/?path=//sys/class/pci_bus/0000:06/subsystem/0000:0b/subsystem/0000:0d/device/driver/0000:00:03.2/driver/0000:00:03.1/0000:00:03.1:pcie010 HTTP/1.1" 200 262264 "-" "meta-externalagent/1.1 (+https://developers.facebook.com/docs/sharing/webmasters/crawler)"
216.73.216.115 - - [17/Dec/2025:00:56:28 +0000] "GET /entity/102209174.htm/ HTTP/1.1" 200 45437 "https://datainsightnow.com/entity/102209174.htm" "Mozilla/5.0 AppleWebKit/537.36 (KHTML, like Gecko; compatible; ClaudeBot/1.0; +claudebot@anthropic.com)"
57.141.0.13 - - [17/Dec/2025:00:56:28 +0000] "GET /2025/03/07/page/6/?fileloc=//sys/class/pci_bus/0000:0b/subsystem/0000:0f/subsystem/0000:00/subsystem/0000:00/subsystem/0000:0c/uevent&path=//sys/class/pci_bus/0000:0b/subsystem/0000:0f/subsystem/0000:00/subsystem/0000:00/subsystem/0000:0c HTTP/1.1" 200 262248 "-" "meta-externalagent/1.1 (+https://developers.facebook.com/docs/sharing/webmasters/crawler)"
66.249.77.98 - - [17/Dec/2025:00:56:29 +0000] "GET /entity/94129671.htm HTTP/1.1" 200 30880 "-" "Mozilla/5.0 (Linux; Android 6.0.1; Nexus 5X Build/MMB29P) AppleWebKit/537.36 (KHTML, like Gecko) Chrome/141.0.7390.122 Mobile Safari/537.36 (compatible; Googlebot/2.1; +http://www.google.com/bot.html)"
114.119.140.178 - - [17/Dec/2025:00:56:30 +0000] "GET /zodiac-kasino-erfahrungen-2024-480-bonus-80-freispiele/?path=//sys/dev/char/5:1/subsystem/tty44/subsystem/ttyS21 HTTP/1.1" 200 45438 "https://datainsightnow.com/zodiac-kasino-erfahrungen-2024-480-bonus-80-freispiele/?path=//sys/dev/char/5%3A1/subsystem/tty44/subsystem" "Mozilla/5.0 (Linux; Android 7.0;) AppleWebKit/537.36 (KHTML, like Gecko) Mobile Safari/537.36 (compatible; PetalBot;+https://webmaster.petalsearch.com/site/petalbot)"
216.73.216.115 - - [17/Dec/2025:00:56:30 +0000] "GET /entity/102141573.htm HTTP/1.1" 301 5 "-" "Mozilla/5.0 AppleWebKit/537.36 (KHTML, like Gecko; compatible; ClaudeBot/1.0; +claudebot@anthropic.com)"
57.141.0.13 - - [17/Dec/2025:00:56:31 +0000] "GET /2025/03/07/page/6/?fileloc=//sys/class/pci_bus/0000:0b/subsystem/0000:06/subsystem/0000:10/subsystem/0000:04/subsystem/0000:06/power/control&path=//sys/class/pci_bus/0000:0b/subsystem/0000:06/subsystem/0000:10/subsystem/0000:04/subsystem/0000:06/power HTTP/1.1" 200 262264 "-" "meta-externalagent/1.1 (+https://developers.facebook.com/docs/sharing/webmasters/crawler)"
216.73.216.115 - - [17/Dec/2025:00:56:32 +0000] "GET /entity/102141573.htm/ HTTP/1.1" 200 45437 "https://datainsightnow.com/entity/102141573.htm" "Mozilla/5.0 AppleWebKit/537.36 (KHTML, like Gecko; compatible; ClaudeBot/1.0; +claudebot@anthropic.com)"
57.141.0.47 - - [17/Dec/2025:00:56:32 +0000] "GET /2025/03/06/page/39/?path=//sys/class/pci_bus/0000:0c/device/driver/0000:00:02.1/driver/0000:00:03.7/0000:00:03.7:pcie002/subsystem/devices/0000:00:03.6:pcie010 HTTP/1.1" 200 262209 "-" "meta-externalagent/1.1 (+https://developers.facebook.com/docs/sharing/webmasters/crawler)"
64.188.120.223 - - [17/Dec/2025:00:56:32 +0000] "GET /?p=10659 HTTP/1.1" 200 43566 "-" "Mozilla/5.0 (X11; Linux x86_64) AppleWebKit/537.36 (KHTML, like Gecko) Chrome/106.0.0.0 Safari/537.36"
57.141.0.65 - - [17/Dec/2025:00:56:33 +0000] "GET /moneysense-self-help-guide-to-the-ideal-profile/?fileloc=//sys/class/pci_bus/0000:08/subsystem/0000:0e/subsystem/0000:00/subsystem/0000:01/device/0000:01:00.0/reset&path=//sys/class/pci_bus/0000:08/subsystem/0000:0e/subsystem/0000:00/subsystem/0000:01/device/0000:01:00.0 HTTP/1.1" 200 262248 "-" "meta-externalagent/1.1 (+https://developers.facebook.com/docs/sharing/webmasters/crawler)"
57.141.0.43 - - [17/Dec/2025:00:56:33 +0000] "GET /karamba-spielsaal-erfahrungen-angeschlossen-testbericht-werfen-sie-einen-blick-auf-den-link-within-2025-pro-teutonia/?path=//sys/class/pci_bus/0000:06/subsystem/0000:06/subsystem/0000:06/device/driver/0000:00:03.6/0000:00:03.6:pcie001/driver/0000:00:02.5:pcie001/power HTTP/1.1" 200 262264 "-" "meta-externalagent/1.1 (+https://developers.facebook.com/docs/sharing/webmasters/crawler)"
216.73.216.115 - - [17/Dec/2025:00:56:33 +0000] "GET /entity/102143382.htm HTTP/1.1" 301 5 "-" "Mozilla/5.0 AppleWebKit/537.36 (KHTML, like Gecko; compatible; ClaudeBot/1.0; +claudebot@anthropic.com)"
57.141.0.48 - - [17/Dec/2025:00:56:34 +0000] "GET /karamba-spielsaal-erfahrungen-angeschlossen-testbericht-werfen-sie-einen-blick-auf-den-link-within-2025-pro-teutonia/?path=//sys/class/pci_bus/0000:04/subsystem/0000:12/subsystem/0000:05/subsystem/0000:0b/subsystem/0000:0c HTTP/1.1" 200 262264 "-" "meta-externalagent/1.1 (+https://developers.facebook.com/docs/sharing/webmasters/crawler)"
216.73.216.115 - - [17/Dec/2025:00:56:34 +0000] "GET /entity/102143382.htm/ HTTP/1.1" 200 45437 "https://datainsightnow.com/entity/102143382.htm" "Mozilla/5.0 AppleWebKit/537.36 (KHTML, like Gecko; compatible; ClaudeBot/1.0; +claudebot@anthropic.com)"
57.141.0.12 - - [17/Dec/2025:00:56:34 +0000] "GET /2025/03/07/page/6/?path=//sys/class/pci_bus/0000:05/subsystem/0000:11/subsystem/0000:0b/subsystem/0000:13/subsystem/0000:0f/device/subsystem/slots HTTP/1.1" 200 262248 "-" "meta-externalagent/1.1 (+https://developers.facebook.com/docs/sharing/webmasters/crawler)"
216.73.216.115 - - [17/Dec/2025:00:56:36 +0000] "GET /entity/102044189.htm HTTP/1.1" 301 5 "-" "Mozilla/5.0 AppleWebKit/537.36 (KHTML, like Gecko; compatible; ClaudeBot/1.0; +claudebot@anthropic.com)"
216.73.216.115 - - [17/Dec/2025:00:56:37 +0000] "GET /entity/102044189.htm/ HTTP/1.1" 200 45437 "https://datainsightnow.com/entity/102044189.htm" "Mozilla/5.0 AppleWebKit/537.36 (KHTML, like Gecko; compatible; ClaudeBot/1.0; +claudebot@anthropic.com)"
217.113.194.213 - - [17/Dec/2025:00:56:37 +0000] "GET /privacy/?fileloc=//lib/x86_64-linux-gnu/ldscripts/elf_i386.xr&path=//lib/x86_64-linux-gnu/ldscripts HTTP/1.1" 200 45437 "-" "Mozilla/5.0 (compatible; Barkrowler/0.9; +https://babbar.tech/crawler)"
216.73.216.115 - - [17/Dec/2025:00:56:40 +0000] "GET /entity/102052999.htm HTTP/1.1" 301 5 "-" "Mozilla/5.0 AppleWebKit/537.36 (KHTML, like Gecko; compatible; ClaudeBot/1.0; +claudebot@anthropic.com)"
57.141.0.5 - - [17/Dec/2025:00:56:40 +0000] "GET /karamba-spielsaal-erfahrungen-angeschlossen-testbericht-werfen-sie-einen-blick-auf-den-link-within-2025-pro-teutonia/?fileloc=//sys/class/pci_bus/0000:04/device/driver/0000:00:03.0/driver/0000:00:02.4/driver/0000:00:02.3/driver/0000:00:02.2/driver/0000:00:02.0/broken_parity_status&path=//sys/class/pci_bus/0000:04/device/driver/0000:00:03.0/driver/0000:00:02.4/driver/0000:00:02.3/driver/0000:00:02.2/driver/0000:00:02.0 HTTP/1.1" 200 262264 "-" "meta-externalagent/1.1 (+https://developers.facebook.com/docs/sharing/webmasters/crawler)"
216.73.216.115 - - [17/Dec/2025:00:56:40 +0000] "GET /entity/102052999.htm/ HTTP/1.1" 200 45437 "https://datainsightnow.com/entity/102052999.htm" "Mozilla/5.0 AppleWebKit/537.36 (KHTML, like Gecko; compatible; ClaudeBot/1.0; +claudebot@anthropic.com)"
57.141.0.24 - - [17/Dec/2025:00:56:41 +0000] "GET /karamba-spielsaal-erfahrungen-angeschlossen-testbericht-werfen-sie-einen-blick-auf-den-link-within-2025-pro-teutonia/?path=//sys/class/pci_bus/0000:0a/subsystem/0000:0b/subsystem/0000:00/subsystem/0000:12/subsystem/0000:09/device/subsystem HTTP/1.1" 200 262209 "-" "meta-externalagent/1.1 (+https://developers.facebook.com/docs/sharing/webmasters/crawler)"
216.73.216.115 - - [17/Dec/2025:00:56:42 +0000] "GET /entity/102155039.htm HTTP/1.1" 301 5 "-" "Mozilla/5.0 AppleWebKit/537.36 (KHTML, like Gecko; compatible; ClaudeBot/1.0; +claudebot@anthropic.com)"
57.141.0.8 - - [17/Dec/2025:00:56:42 +0000] "GET /2025/02/21/page/15/ HTTP/1.1" 200 262209 "-" "meta-externalagent/1.1 (+https://developers.facebook.com/docs/sharing/webmasters/crawler)"
216.73.216.115 - - [17/Dec/2025:00:56:43 +0000] "GET /entity/102155039.htm/ HTTP/1.1" 200 45437 "https://datainsightnow.com/entity/102155039.htm" "Mozilla/5.0 AppleWebKit/537.36 (KHTML, like Gecko; compatible; ClaudeBot/1.0; +claudebot@anthropic.com)"
216.73.216.115 - - [17/Dec/2025:00:56:45 +0000] "GET /entity/102130699.htm HTTP/1.1" 301 5 "-" "Mozilla/5.0 AppleWebKit/537.36 (KHTML, like Gecko; compatible; ClaudeBot/1.0; +claudebot@anthropic.com)"
216.73.216.115 - - [17/Dec/2025:00:56:45 +0000] "GET /entity/102130699.htm/ HTTP/1.1" 200 45437 "https://datainsightnow.com/entity/102130699.htm" "Mozilla/5.0 AppleWebKit/537.36 (KHTML, like Gecko; compatible; ClaudeBot/1.0; +claudebot@anthropic.com)"
