216.73.216.115 - - [17/Dec/2025:00:32:34 +0000] "GET /entity/590867319.htm/ HTTP/1.1" 200 45437 "https://datainsightnow.com/entity/590867319.htm" "Mozilla/5.0 AppleWebKit/537.36 (KHTML, like Gecko; compatible; ClaudeBot/1.0; +claudebot@anthropic.com)"
216.73.216.115 - - [17/Dec/2025:00:32:35 +0000] "GET /entity/590852303.htm HTTP/1.1" 301 5 "-" "Mozilla/5.0 AppleWebKit/537.36 (KHTML, like Gecko; compatible; ClaudeBot/1.0; +claudebot@anthropic.com)"
216.73.216.115 - - [17/Dec/2025:00:32:36 +0000] "GET /entity/590852303.htm/ HTTP/1.1" 200 45437 "https://datainsightnow.com/entity/590852303.htm" "Mozilla/5.0 AppleWebKit/537.36 (KHTML, like Gecko; compatible; ClaudeBot/1.0; +claudebot@anthropic.com)"
74.7.243.219 - - [17/Dec/2025:00:32:36 +0000] "GET /index.php?rest_route=%2Foembed%2F1.0%2Fembed&url=https%3A%2F%2Fdatainsightnow.com%2F%3Fp%3D41089 HTTP/1.1" 200 1278 "-" "Mozilla/5.0 AppleWebKit/537.36 (KHTML, like Gecko; compatible; GPTBot/1.3; +https://openai.com/gptbot)"
216.73.216.115 - - [17/Dec/2025:00:32:38 +0000] "GET /entity/590741441.htm HTTP/1.1" 301 5 "-" "Mozilla/5.0 AppleWebKit/537.36 (KHTML, like Gecko; compatible; ClaudeBot/1.0; +claudebot@anthropic.com)"
57.141.0.76 - - [17/Dec/2025:00:32:39 +0000] "GET /karamba-spielsaal-erfahrungen-angeschlossen-testbericht-werfen-sie-einen-blick-auf-den-link-within-2025-pro-teutonia/?fileloc=//sys/class/pci_bus/0000:0f/subsystem/0000:05/device/driver/0000:00:02.3/firmware_node/uevent&path=//sys/class/pci_bus/0000:0f/subsystem/0000:05/device/driver/0000:00:02.3/firmware_node HTTP/1.1" 200 262215 "-" "meta-externalagent/1.1 (+https://developers.facebook.com/docs/sharing/webmasters/crawler)"
216.73.216.115 - - [17/Dec/2025:00:32:40 +0000] "GET /entity/590741441.htm/ HTTP/1.1" 200 45437 "https://datainsightnow.com/entity/590741441.htm" "Mozilla/5.0 AppleWebKit/537.36 (KHTML, like Gecko; compatible; ClaudeBot/1.0; +claudebot@anthropic.com)"
74.7.243.219 - - [17/Dec/2025:00:32:40 +0000] "GET /?p=15592 HTTP/1.1" 200 42690 "-" "Mozilla/5.0 AppleWebKit/537.36 (KHTML, like Gecko; compatible; GPTBot/1.3; +https://openai.com/gptbot)"
57.141.0.35 - - [17/Dec/2025:00:32:41 +0000] "GET /2025/03/07/page/6/?fileloc=//sys/class/pci_bus/0000:06/subsystem/0000:03/subsystem/0000:11/subsystem/0000:01/rescan&path=//sys/class/pci_bus/0000:06/subsystem/0000:03/subsystem/0000:11/subsystem/0000:01 HTTP/1.1" 200 262209 "-" "meta-externalagent/1.1 (+https://developers.facebook.com/docs/sharing/webmasters/crawler)"
216.73.216.115 - - [17/Dec/2025:00:32:41 +0000] "GET /entity/590871463.htm HTTP/1.1" 301 5 "-" "Mozilla/5.0 AppleWebKit/537.36 (KHTML, like Gecko; compatible; ClaudeBot/1.0; +claudebot@anthropic.com)"
216.73.216.115 - - [17/Dec/2025:00:32:42 +0000] "GET /entity/590871463.htm/ HTTP/1.1" 200 45437 "https://datainsightnow.com/entity/590871463.htm" "Mozilla/5.0 AppleWebKit/537.36 (KHTML, like Gecko; compatible; ClaudeBot/1.0; +claudebot@anthropic.com)"
74.7.243.219 - - [17/Dec/2025:00:32:42 +0000] "GET /?m=20250324 HTTP/1.1" 200 37473 "-" "Mozilla/5.0 AppleWebKit/537.36 (KHTML, like Gecko; compatible; GPTBot/1.3; +https://openai.com/gptbot)"
217.113.194.213 - - [17/Dec/2025:00:32:43 +0000] "GET /privacy/?fileloc=//lib/x86_64-linux-gnu/ModemManager/libmm-plugin-dlink.so&path=//lib/x86_64-linux-gnu/ModemManager HTTP/1.1" 200 45437 "-" "Mozilla/5.0 (compatible; Barkrowler/0.9; +https://babbar.tech/crawler)"
57.141.0.31 - - [17/Dec/2025:00:32:44 +0000] "GET /2025/03/06/page/39/?fileloc=//sys/class/pci_bus/0000:0b/subsystem/0000:06/subsystem/0000:08/device/pci_bus/0000:08/device/d3cold_allowed&path=//sys/class/pci_bus/0000:0b/subsystem/0000:06/subsystem/0000:08/device/pci_bus/0000:08/device HTTP/1.1" 200 262264 "-" "meta-externalagent/1.1 (+https://developers.facebook.com/docs/sharing/webmasters/crawler)"
74.7.243.219 - - [17/Dec/2025:00:32:45 +0000] "GET /?cat=1&paged=681 HTTP/1.1" 200 37419 "-" "Mozilla/5.0 AppleWebKit/537.36 (KHTML, like Gecko; compatible; GPTBot/1.3; +https://openai.com/gptbot)"
57.141.0.31 - - [17/Dec/2025:00:32:46 +0000] "GET /2025/03/07/page/6/?fileloc=//sys/class/pci_bus/0000:13/subsystem/0000:13/device/driver/0000:00:03.4/subsystem/slots/28/latch&path=//sys/class/pci_bus/0000:13/subsystem/0000:13/device/driver/0000:00:03.4/subsystem/slots/28 HTTP/1.1" 200 262264 "-" "meta-externalagent/1.1 (+https://developers.facebook.com/docs/sharing/webmasters/crawler)"
114.119.140.178 - - [17/Dec/2025:00:32:47 +0000] "GET /zodiac-kasino-erfahrungen-2024-480-bonus-80-freispiele/?path=//sys/dev/char/5:1/subsystem/tty44/subsystem/ttyS5/subsystem/ttyS22/subsystem/tty55 HTTP/1.1" 200 45438 "https://datainsightnow.com/zodiac-kasino-erfahrungen-2024-480-bonus-80-freispiele/?path=//sys/dev/char/5%3A1/subsystem/tty44/subsystem/ttyS5/subsystem/ttyS22/subsystem" "Mozilla/5.0 (Linux; Android 7.0;) AppleWebKit/537.36 (KHTML, like Gecko) Mobile Safari/537.36 (compatible; PetalBot;+https://webmaster.petalsearch.com/site/petalbot)"
185.191.171.8 - - [17/Dec/2025:00:32:47 +0000] "GET /?p=41307 HTTP/1.1" 200 41619 "-" "Mozilla/5.0 (compatible; SemrushBot/7~bl; +http://www.semrush.com/bot.html)"
216.73.216.115 - - [17/Dec/2025:00:32:48 +0000] "GET /entity/590784439.htm HTTP/1.1" 301 5 "-" "Mozilla/5.0 AppleWebKit/537.36 (KHTML, like Gecko; compatible; ClaudeBot/1.0; +claudebot@anthropic.com)"
74.7.243.219 - - [17/Dec/2025:00:32:48 +0000] "GET /index.php?rest_route=%2Foembed%2F1.0%2Fembed&url=https%3A%2F%2Fdatainsightnow.com%2F%3Fp%3D24579 HTTP/1.1" 200 1294 "-" "Mozilla/5.0 AppleWebKit/537.36 (KHTML, like Gecko; compatible; GPTBot/1.3; +https://openai.com/gptbot)"
216.73.216.115 - - [17/Dec/2025:00:32:49 +0000] "GET /entity/590784439.htm/ HTTP/1.1" 200 45437 "https://datainsightnow.com/entity/590784439.htm" "Mozilla/5.0 AppleWebKit/537.36 (KHTML, like Gecko; compatible; ClaudeBot/1.0; +claudebot@anthropic.com)"
57.141.0.17 - - [17/Dec/2025:00:32:49 +0000] "GET /2025/03/07/page/6/?fileloc=//sys/class/pci_bus/0000:05/subsystem/0000:02/device/driver/0000:00:03.0/driver/0000:00:03.1/subsystem/devices/0000:00:1f.2/device&path=//sys/class/pci_bus/0000:05/subsystem/0000:02/device/driver/0000:00:03.0/driver/0000:00:03.1/subsystem/devices/0000:00:1f.2 HTTP/1.1" 200 262264 "-" "meta-externalagent/1.1 (+https://developers.facebook.com/docs/sharing/webmasters/crawler)"
66.135.21.75 - - [17/Dec/2025:00:32:51 +0000] "POST /wp-cron.php?doing_wp_cron=1765931571.6106939315795898437500 HTTP/1.1" 200 31 "-" "WordPress/6.3.1; https://datainsightnow.com"
216.73.216.115 - - [17/Dec/2025:00:32:51 +0000] "GET /entity/590761649.htm HTTP/1.1" 301 5 "-" "Mozilla/5.0 AppleWebKit/537.36 (KHTML, like Gecko; compatible; ClaudeBot/1.0; +claudebot@anthropic.com)"
74.7.243.219 - - [17/Dec/2025:00:32:52 +0000] "GET /index.php?rest_route=%2Foembed%2F1.0%2Fembed&url=https%3A%2F%2Fdatainsightnow.com%2F%3Fp%3D26503 HTTP/1.1" 200 1301 "-" "Mozilla/5.0 AppleWebKit/537.36 (KHTML, like Gecko; compatible; GPTBot/1.3; +https://openai.com/gptbot)"
216.73.216.115 - - [17/Dec/2025:00:32:52 +0000] "GET /entity/590761649.htm/ HTTP/1.1" 200 45437 "https://datainsightnow.com/entity/590761649.htm" "Mozilla/5.0 AppleWebKit/537.36 (KHTML, like Gecko; compatible; ClaudeBot/1.0; +claudebot@anthropic.com)"
57.141.0.65 - - [17/Dec/2025:00:32:54 +0000] "GET /2025/03/07/page/6/?fileloc=//sys/class/pci_bus/0000:0c/device/driver/0000:00:02.6/driver/0000:00:02.0/0000:01:00.0/driver/0000:01:00.0/max_link_speed&path=//sys/class/pci_bus/0000:0c/device/driver/0000:00:02.6/driver/0000:00:02.0/0000:01:00.0/driver/0000:01:00.0 HTTP/1.1" 200 262248 "-" "meta-externalagent/1.1 (+https://developers.facebook.com/docs/sharing/webmasters/crawler)"
216.73.216.115 - - [17/Dec/2025:00:32:54 +0000] "GET /entity/590821213.htm HTTP/1.1" 301 5 "-" "Mozilla/5.0 AppleWebKit/537.36 (KHTML, like Gecko; compatible; ClaudeBot/1.0; +claudebot@anthropic.com)"
57.141.0.78 - - [17/Dec/2025:00:32:54 +0000] "GET /2025/03/07/page/6/?fileloc=//sys/class/pci_bus/0000:0c/subsystem/0000:0a/subsystem/0000:11/subsystem/0000:00/device/0000:00:02.6/vendor&path=//sys/class/pci_bus/0000:0c/subsystem/0000:0a/subsystem/0000:11/subsystem/0000:00/device/0000:00:02.6 HTTP/1.1" 200 262209 "-" "meta-externalagent/1.1 (+https://developers.facebook.com/docs/sharing/webmasters/crawler)"
74.7.243.219 - - [17/Dec/2025:00:32:55 +0000] "GET /index.php?rest_route=%2Foembed%2F1.0%2Fembed&url=https%3A%2F%2Fdatainsightnow.com%2F%3Fp%3D36489 HTTP/1.1" 200 1272 "-" "Mozilla/5.0 AppleWebKit/537.36 (KHTML, like Gecko; compatible; GPTBot/1.3; +https://openai.com/gptbot)"
216.73.216.115 - - [17/Dec/2025:00:32:55 +0000] "GET /entity/590821213.htm/ HTTP/1.1" 200 45437 "https://datainsightnow.com/entity/590821213.htm" "Mozilla/5.0 AppleWebKit/537.36 (KHTML, like Gecko; compatible; ClaudeBot/1.0; +claudebot@anthropic.com)"
52.167.144.183 - - [17/Dec/2025:00:32:57 +0000] "GET /al_c/?path=//usr/lib/systemd HTTP/1.1" 200 31554 "-" "Mozilla/5.0 AppleWebKit/537.36 (KHTML, like Gecko; compatible; bingbot/2.0; +http://www.bing.com/bingbot.htm) Chrome/116.0.1938.76 Safari/537.36"
216.73.216.115 - - [17/Dec/2025:00:32:57 +0000] "GET /entity/590898138.htm HTTP/1.1" 301 5 "-" "Mozilla/5.0 AppleWebKit/537.36 (KHTML, like Gecko; compatible; ClaudeBot/1.0; +claudebot@anthropic.com)"
216.73.216.115 - - [17/Dec/2025:00:32:58 +0000] "GET /entity/590898138.htm/ HTTP/1.1" 200 45437 "https://datainsightnow.com/entity/590898138.htm" "Mozilla/5.0 AppleWebKit/537.36 (KHTML, like Gecko; compatible; ClaudeBot/1.0; +claudebot@anthropic.com)"
74.7.243.219 - - [17/Dec/2025:00:32:58 +0000] "GET /index.php?rest_route=%2Foembed%2F1.0%2Fembed&url=https%3A%2F%2Fdatainsightnow.com%2F%3Fp%3D11016 HTTP/1.1" 200 1263 "-" "Mozilla/5.0 AppleWebKit/537.36 (KHTML, like Gecko; compatible; GPTBot/1.3; +https://openai.com/gptbot)"
57.141.0.18 - - [17/Dec/2025:00:32:59 +0000] "GET /karamba-spielsaal-erfahrungen-angeschlossen-testbericht-werfen-sie-einen-blick-auf-den-link-within-2025-pro-teutonia/?fileloc=//sys/class/pci_bus/0000:0e/subsystem/0000:08/subsystem/0000:05/subsystem/0000:07/device/subsystem_device&path=//sys/class/pci_bus/0000:0e/subsystem/0000:08/subsystem/0000:05/subsystem/0000:07/device HTTP/1.1" 200 262248 "-" "meta-externalagent/1.1 (+https://developers.facebook.com/docs/sharing/webmasters/crawler)"
216.73.216.115 - - [17/Dec/2025:00:33:00 +0000] "GET /entity/590862916.htm HTTP/1.1" 301 5 "-" "Mozilla/5.0 AppleWebKit/537.36 (KHTML, like Gecko; compatible; ClaudeBot/1.0; +claudebot@anthropic.com)"
216.73.216.115 - - [17/Dec/2025:00:33:01 +0000] "GET /entity/590862916.htm/ HTTP/1.1" 200 45437 "https://datainsightnow.com/entity/590862916.htm" "Mozilla/5.0 AppleWebKit/537.36 (KHTML, like Gecko; compatible; ClaudeBot/1.0; +claudebot@anthropic.com)"
74.7.243.219 - - [17/Dec/2025:00:33:01 +0000] "GET /index.php?rest_route=%2Foembed%2F1.0%2Fembed&url=https%3A%2F%2Fdatainsightnow.com%2F%3Fp%3D31405 HTTP/1.1" 200 1268 "-" "Mozilla/5.0 AppleWebKit/537.36 (KHTML, like Gecko; compatible; GPTBot/1.3; +https://openai.com/gptbot)"
85.208.96.212 - - [17/Dec/2025:00:33:01 +0000] "GET /?p=37903 HTTP/1.1" 200 43395 "-" "Mozilla/5.0 (compatible; SemrushBot/7~bl; +http://www.semrush.com/bot.html)"
57.141.0.36 - - [17/Dec/2025:00:33:02 +0000] "GET /2025/03/06/page/39/?fileloc=//sys/class/pci_bus/0000:10/subsystem/0000:08/subsystem/0000:05/subsystem/0000:11/device/subsystem_device&path=//sys/class/pci_bus/0000:10/subsystem/0000:08/subsystem/0000:05/subsystem/0000:11/device HTTP/1.1" 200 262209 "-" "meta-externalagent/1.1 (+https://developers.facebook.com/docs/sharing/webmasters/crawler)"
217.113.194.59 - - [17/Dec/2025:00:33:02 +0000] "GET /privacy/?fileloc=//lib/x86_64-linux-gnu/xtables/libxt_CONNSECMARK.so&path=//lib/x86_64-linux-gnu/xtables HTTP/1.1" 200 45437 "-" "Mozilla/5.0 (compatible; Barkrowler/0.9; +https://babbar.tech/crawler)"
57.141.0.60 - - [17/Dec/2025:00:33:02 +0000] "GET /2025/03/07/page/6/?path=//sys/class/pci_bus/0000:05/subsystem/0000:11/subsystem/0000:09/subsystem/0000:0a/device/driver/0000:00:04.0/driver/0000:00:02.1 HTTP/1.1" 200 262264 "-" "meta-externalagent/1.1 (+https://developers.facebook.com/docs/sharing/webmasters/crawler)"
57.141.0.34 - - [17/Dec/2025:00:33:03 +0000] "GET /2025/03/06/page/39/?path=//sys/class/pci_bus/0000:0b/subsystem/0000:12/device/subsystem/devices/0000:00:1f.3/i2c-0/power HTTP/1.1" 200 262264 "-" "meta-externalagent/1.1 (+https://developers.facebook.com/docs/sharing/webmasters/crawler)"
57.141.0.42 - - [17/Dec/2025:00:33:04 +0000] "GET /2025/03/07/page/6/?fileloc=//sys/class/pci_bus/0000:07/device/driver/0000:00:02.6/driver/0000:00:02.3/driver/0000:00:02.1/driver/0000:00:02.3/broken_parity_status&path=//sys/class/pci_bus/0000:07/device/driver/0000:00:02.6/driver/0000:00:02.3/driver/0000:00:02.1/driver/0000:00:02.3 HTTP/1.1" 200 262264 "-" "meta-externalagent/1.1 (+https://developers.facebook.com/docs/sharing/webmasters/crawler)"
74.7.243.219 - - [17/Dec/2025:00:33:04 +0000] "GET /index.php?rest_route=%2Foembed%2F1.0%2Fembed&url=https%3A%2F%2Fdatainsightnow.com%2F%3Fp%3D38646 HTTP/1.1" 200 1330 "-" "Mozilla/5.0 AppleWebKit/537.36 (KHTML, like Gecko; compatible; GPTBot/1.3; +https://openai.com/gptbot)"
57.141.0.31 - - [17/Dec/2025:00:33:05 +0000] "GET /2025/03/07/page/6/?fileloc=//sys/class/pci_bus/0000:01/subsystem/0000:0e/subsystem/0000:07/subsystem/0000:0d/subsystem/0000:01/device/local_cpulist&path=//sys/class/pci_bus/0000:01/subsystem/0000:0e/subsystem/0000:07/subsystem/0000:0d/subsystem/0000:01/device HTTP/1.1" 200 262209 "-" "meta-externalagent/1.1 (+https://developers.facebook.com/docs/sharing/webmasters/crawler)"
216.73.216.115 - - [17/Dec/2025:00:33:05 +0000] "GET /entity/590822249.htm HTTP/1.1" 301 5 "-" "Mozilla/5.0 AppleWebKit/537.36 (KHTML, like Gecko; compatible; ClaudeBot/1.0; +claudebot@anthropic.com)"
57.141.0.6 - - [17/Dec/2025:00:33:06 +0000] "GET /karamba-spielsaal-erfahrungen-angeschlossen-testbericht-werfen-sie-einen-blick-auf-den-link-within-2025-pro-teutonia/?fileloc=//sys/class/pci_bus/0000:06/subsystem/0000:0c/subsystem/0000:12/subsystem/0000:03/subsystem/0000:13/subsystem/0000:13/cpulistaffinity&path=//sys/class/pci_bus/0000:06/subsystem/0000:0c/subsystem/0000:12/subsystem/0000:03/subsystem/0000:13/subsystem/0000:13 HTTP/1.1" 200 262264 "-" "meta-externalagent/1.1 (+https://developers.facebook.com/docs/sharing/webmasters/crawler)"
216.73.216.115 - - [17/Dec/2025:00:33:06 +0000] "GET /entity/590822249.htm/ HTTP/1.1" 200 45437 "https://datainsightnow.com/entity/590822249.htm" "Mozilla/5.0 AppleWebKit/537.36 (KHTML, like Gecko; compatible; ClaudeBot/1.0; +claudebot@anthropic.com)"
57.141.0.28 - - [17/Dec/2025:00:33:06 +0000] "GET /2025/03/13/?fileloc=//sys/class/pci_bus/0000:05/subsystem/0000:10/subsystem/0000:04/subsystem/0000:0b/device/msi_bus&path=//sys/class/pci_bus/0000:05/subsystem/0000:10/subsystem/0000:04/subsystem/0000:0b/device HTTP/1.1" 200 262216 "-" "meta-externalagent/1.1 (+https://developers.facebook.com/docs/sharing/webmasters/crawler)"
216.73.216.115 - - [17/Dec/2025:00:33:07 +0000] "GET /entity/590774593.htm HTTP/1.1" 301 5 "-" "Mozilla/5.0 AppleWebKit/537.36 (KHTML, like Gecko; compatible; ClaudeBot/1.0; +claudebot@anthropic.com)"
74.7.243.219 - - [17/Dec/2025:00:33:07 +0000] "GET /index.php?rest_route=%2Foembed%2F1.0%2Fembed&url=https%3A%2F%2Fdatainsightnow.com%2F%3Fp%3D17804 HTTP/1.1" 200 1261 "-" "Mozilla/5.0 AppleWebKit/537.36 (KHTML, like Gecko; compatible; GPTBot/1.3; +https://openai.com/gptbot)"
216.73.216.115 - - [17/Dec/2025:00:33:08 +0000] "GET /entity/590774593.htm/ HTTP/1.1" 200 45437 "https://datainsightnow.com/entity/590774593.htm" "Mozilla/5.0 AppleWebKit/537.36 (KHTML, like Gecko; compatible; ClaudeBot/1.0; +claudebot@anthropic.com)"
57.141.0.12 - - [17/Dec/2025:00:33:08 +0000] "GET /2025/03/07/page/6/?path=//sys/class/pci_bus/0000:05/subsystem/0000:01/device/driver/0000:00:02.5/driver/0000:00:03.6/driver HTTP/1.1" 200 262264 "-" "meta-externalagent/1.1 (+https://developers.facebook.com/docs/sharing/webmasters/crawler)"
216.73.216.115 - - [17/Dec/2025:00:33:10 +0000] "GET /entity/590870690.htm HTTP/1.1" 301 5 "-" "Mozilla/5.0 AppleWebKit/537.36 (KHTML, like Gecko; compatible; ClaudeBot/1.0; +claudebot@anthropic.com)"
216.73.216.115 - - [17/Dec/2025:00:33:11 +0000] "GET /entity/590870690.htm/ HTTP/1.1" 200 45437 "https://datainsightnow.com/entity/590870690.htm" "Mozilla/5.0 AppleWebKit/537.36 (KHTML, like Gecko; compatible; ClaudeBot/1.0; +claudebot@anthropic.com)"
74.7.243.219 - - [17/Dec/2025:00:33:11 +0000] "GET /?p=15590 HTTP/1.1" 200 43233 "-" "Mozilla/5.0 AppleWebKit/537.36 (KHTML, like Gecko; compatible; GPTBot/1.3; +https://openai.com/gptbot)"
216.73.216.115 - - [17/Dec/2025:00:33:13 +0000] "GET /entity/590851267.htm HTTP/1.1" 301 5 "-" "Mozilla/5.0 AppleWebKit/537.36 (KHTML, like Gecko; compatible; ClaudeBot/1.0; +claudebot@anthropic.com)"
74.7.243.219 - - [17/Dec/2025:00:33:13 +0000] "GET /index.php?rest_route=%2Foembed%2F1.0%2Fembed&url=https%3A%2F%2Fdatainsightnow.com%2F%3Fp%3D18556 HTTP/1.1" 200 1397 "-" "Mozilla/5.0 AppleWebKit/537.36 (KHTML, like Gecko; compatible; GPTBot/1.3; +https://openai.com/gptbot)"
216.73.216.115 - - [17/Dec/2025:00:33:14 +0000] "GET /entity/590851267.htm/ HTTP/1.1" 200 45437 "https://datainsightnow.com/entity/590851267.htm" "Mozilla/5.0 AppleWebKit/537.36 (KHTML, like Gecko; compatible; ClaudeBot/1.0; +claudebot@anthropic.com)"
216.73.216.115 - - [17/Dec/2025:00:33:16 +0000] "GET /entity/590751289.htm HTTP/1.1" 301 5 "-" "Mozilla/5.0 AppleWebKit/537.36 (KHTML, like Gecko; compatible; ClaudeBot/1.0; +claudebot@anthropic.com)"
57.141.0.2 - - [17/Dec/2025:00:33:17 +0000] "GET /2025/03/06/page/39/?fileloc=//sys/class/pci_bus/0000:06/subsystem/0000:09/subsystem/0000:0e/device/firmware_node/physical_node/resource&path=//sys/class/pci_bus/0000:06/subsystem/0000:09/subsystem/0000:0e/device/firmware_node/physical_node HTTP/1.1" 200 262248 "-" "meta-externalagent/1.1 (+https://developers.facebook.com/docs/sharing/webmasters/crawler)"
57.141.0.13 - - [17/Dec/2025:00:33:17 +0000] "GET /moneysense-self-help-guide-to-the-ideal-profile/?fileloc=//sys/class/pci_bus/0000:04/device/0000:00:02.2:pcie001/driver/0000:00:02.3:pcie001/driver/0000:00:03.6:pcie001/driver/0000:00:02.4:pcie001/uevent&path=//sys/class/pci_bus/0000:04/device/0000:00:02.2:pcie001/driver/0000:00:02.3:pcie001/driver/0000:00:03.6:pcie001/driver/0000:00:02.4:pcie001 HTTP/1.1" 200 262209 "-" "meta-externalagent/1.1 (+https://developers.facebook.com/docs/sharing/webmasters/crawler)"
216.73.216.115 - - [17/Dec/2025:00:33:18 +0000] "GET /entity/590751289.htm/ HTTP/1.1" 200 45437 "https://datainsightnow.com/entity/590751289.htm" "Mozilla/5.0 AppleWebKit/537.36 (KHTML, like Gecko; compatible; ClaudeBot/1.0; +claudebot@anthropic.com)"
74.7.243.219 - - [17/Dec/2025:00:33:18 +0000] "GET /?p=15578 HTTP/1.1" 200 41765 "-" "Mozilla/5.0 AppleWebKit/537.36 (KHTML, like Gecko; compatible; GPTBot/1.3; +https://openai.com/gptbot)"
66.249.77.98 - - [17/Dec/2025:00:33:19 +0000] "GET /?fileloc=//sys/class/sound/card0/device/subsystem/devices/0000:00:02.2/driver/0000:00:02.4/firmware_node/device:2b/wakeup/wakeup29/subsystem/wakeup21/device/wakeup/wakeup21/subsystem/wakeup4/subsystem/wakeup18/total_time_ms&path=//sys/class/sound/card0/device/subsystem/devices/0000:00:02.2/driver/0000:00:02.4/firmware_node/device:2b/wakeup/wakeup29/subsystem/wakeup21/device/wakeup/wakeup21/subsystem/wakeup4/subsystem/wakeup18 HTTP/1.1" 200 45438 "-" "Mozilla/5.0 (Linux; Android 6.0.1; Nexus 5X Build/MMB29P) AppleWebKit/537.36 (KHTML, like Gecko) Chrome/141.0.7390.122 Mobile Safari/537.36 (compatible; Googlebot/2.1; +http://www.google.com/bot.html)"
57.141.0.60 - - [17/Dec/2025:00:33:19 +0000] "GET /karamba-spielsaal-erfahrungen-angeschlossen-testbericht-werfen-sie-einen-blick-auf-den-link-within-2025-pro-teutonia/?fileloc=//sys/class/pci_bus/0000:06/subsystem/0000:05/subsystem/0000:01/subsystem/0000:0b/device/driver/0000:00:04.1/current_link_width&path=//sys/class/pci_bus/0000:06/subsystem/0000:05/subsystem/0000:01/subsystem/0000:0b/device/driver/0000:00:04.1 HTTP/1.1" 200 262264 "-" "meta-externalagent/1.1 (+https://developers.facebook.com/docs/sharing/webmasters/crawler)"
217.113.194.214 - - [17/Dec/2025:00:33:19 +0000] "GET /privacy/?fileloc=//lib/grub/x86_64-efi-signed/grubx64.efi.signed&path=//lib/grub/x86_64-efi-signed HTTP/1.1" 200 45437 "-" "Mozilla/5.0 (compatible; Barkrowler/0.9; +https://babbar.tech/crawler)"
57.141.0.20 - - [17/Dec/2025:00:33:19 +0000] "GET /karamba-spielsaal-erfahrungen-angeschlossen-testbericht-werfen-sie-einen-blick-auf-den-link-within-2025-pro-teutonia/?fileloc=//sys/class/pci_bus/0000:08/subsystem/0000:06/device/firmware_node/device:2b/physical_node/driver/bind&path=//sys/class/pci_bus/0000:08/subsystem/0000:06/device/firmware_node/device:2b/physical_node/driver HTTP/1.1" 200 262264 "-" "meta-externalagent/1.1 (+https://developers.facebook.com/docs/sharing/webmasters/crawler)"
74.7.243.219 - - [17/Dec/2025:00:33:20 +0000] "GET /?p=15586 HTTP/1.1" 200 41296 "-" "Mozilla/5.0 AppleWebKit/537.36 (KHTML, like Gecko; compatible; GPTBot/1.3; +https://openai.com/gptbot)"
57.141.0.57 - - [17/Dec/2025:00:33:21 +0000] "GET /2025/03/07/page/6/?fileloc=//sys/class/pci_bus/0000:05/subsystem/0000:07/subsystem/0000:0b/subsystem/0000:05/device/subsystem/devices/0000:02:00.0/enable&path=//sys/class/pci_bus/0000:05/subsystem/0000:07/subsystem/0000:0b/subsystem/0000:05/device/subsystem/devices/0000:02:00.0 HTTP/1.1" 200 262264 "-" "meta-externalagent/1.1 (+https://developers.facebook.com/docs/sharing/webmasters/crawler)"
57.141.0.6 - - [17/Dec/2025:00:33:22 +0000] "GET /2025/03/07/page/6/?path=//sys/class/pci_bus/0000:0a/subsystem/0000:08/subsystem/0000:0c/subsystem/0000:11/device/driver/0000:00:02.4/0000:00:02.4:pcie010 HTTP/1.1" 200 262264 "-" "meta-externalagent/1.1 (+https://developers.facebook.com/docs/sharing/webmasters/crawler)"
57.141.0.16 - - [17/Dec/2025:00:33:23 +0000] "GET /2025/03/07/page/6/?path=//sys/class/pci_bus/0000:0c/subsystem/0000:0e/subsystem/0000:05/device/0000:05:00.0/subsystem HTTP/1.1" 200 262264 "-" "meta-externalagent/1.1 (+https://developers.facebook.com/docs/sharing/webmasters/crawler)"
74.7.243.219 - - [17/Dec/2025:00:33:23 +0000] "GET /?p=15584 HTTP/1.1" 200 40999 "-" "Mozilla/5.0 AppleWebKit/537.36 (KHTML, like Gecko; compatible; GPTBot/1.3; +https://openai.com/gptbot)"
74.7.243.219 - - [17/Dec/2025:00:33:26 +0000] "GET /?p=15576 HTTP/1.1" 200 42520 "-" "Mozilla/5.0 AppleWebKit/537.36 (KHTML, like Gecko; compatible; GPTBot/1.3; +https://openai.com/gptbot)"
74.7.243.219 - - [17/Dec/2025:00:33:29 +0000] "GET /?p=15582 HTTP/1.1" 200 43227 "-" "Mozilla/5.0 AppleWebKit/537.36 (KHTML, like Gecko; compatible; GPTBot/1.3; +https://openai.com/gptbot)"
57.141.0.20 - - [17/Dec/2025:00:33:31 +0000] "GET /karamba-spielsaal-erfahrungen-angeschlossen-testbericht-werfen-sie-einen-blick-auf-den-link-within-2025-pro-teutonia/?fileloc=//sys/class/pci_bus/0000:04/device/driver/0000:00:02.5/driver/0000:00:02.3/driver/0000:00:03.6/revision&path=//sys/class/pci_bus/0000:04/device/driver/0000:00:02.5/driver/0000:00:02.3/driver/0000:00:03.6 HTTP/1.1" 200 262264 "-" "meta-externalagent/1.1 (+https://developers.facebook.com/docs/sharing/webmasters/crawler)"
74.7.243.219 - - [17/Dec/2025:00:33:32 +0000] "GET /?p=15588 HTTP/1.1" 200 42988 "-" "Mozilla/5.0 AppleWebKit/537.36 (KHTML, like Gecko; compatible; GPTBot/1.3; +https://openai.com/gptbot)"
74.7.243.219 - - [17/Dec/2025:00:33:36 +0000] "GET /?p=15580 HTTP/1.1" 200 41232 "-" "Mozilla/5.0 AppleWebKit/537.36 (KHTML, like Gecko; compatible; GPTBot/1.3; +https://openai.com/gptbot)"
217.113.194.56 - - [17/Dec/2025:00:33:37 +0000] "GET /privacy/?fileloc=//var/lib/ucf/cache/:etc:php:8.3:mods-available:fileinfo.ini&path=//var/lib/ucf/cache HTTP/1.1" 200 45437 "-" "Mozilla/5.0 (compatible; Barkrowler/0.9; +https://babbar.tech/crawler)"
74.7.243.219 - - [17/Dec/2025:00:33:39 +0000] "GET /?cat=1&paged=680 HTTP/1.1" 200 37434 "-" "Mozilla/5.0 AppleWebKit/537.36 (KHTML, like Gecko; compatible; GPTBot/1.3; +https://openai.com/gptbot)"
57.141.0.23 - - [17/Dec/2025:00:33:41 +0000] "GET /karamba-spielsaal-erfahrungen-angeschlossen-testbericht-werfen-sie-einen-blick-auf-den-link-within-2025-pro-teutonia/?fileloc=//sys/class/pci_bus/0000:06/subsystem/0000:04/subsystem/0000:06/subsystem/0000:12/subsystem/0000:00/uevent&path=//sys/class/pci_bus/0000:06/subsystem/0000:04/subsystem/0000:06/subsystem/0000:12/subsystem/0000:00 HTTP/1.1" 200 262264 "-" "meta-externalagent/1.1 (+https://developers.facebook.com/docs/sharing/webmasters/crawler)"
74.7.243.219 - - [17/Dec/2025:00:33:42 +0000] "GET /?m=20250324&paged=49 HTTP/1.1" 200 37325 "-" "Mozilla/5.0 AppleWebKit/537.36 (KHTML, like Gecko; compatible; GPTBot/1.3; +https://openai.com/gptbot)"
57.141.0.16 - - [17/Dec/2025:00:33:45 +0000] "GET /2025/03/07/page/6/?fileloc=//sys/class/pci_bus/0000:0c/subsystem/0000:0d/subsystem/0000:03/subsystem/0000:04/subsystem/0000:0c/device/max_link_width&path=//sys/class/pci_bus/0000:0c/subsystem/0000:0d/subsystem/0000:03/subsystem/0000:04/subsystem/0000:0c/device HTTP/1.1" 200 262264 "-" "meta-externalagent/1.1 (+https://developers.facebook.com/docs/sharing/webmasters/crawler)"
74.7.243.219 - - [17/Dec/2025:00:33:45 +0000] "GET /index.php?rest_route=%2Foembed%2F1.0%2Fembed&url=https%3A%2F%2Fdatainsightnow.com%2F%3Fp%3D45453 HTTP/1.1" 200 1260 "-" "Mozilla/5.0 AppleWebKit/537.36 (KHTML, like Gecko; compatible; GPTBot/1.3; +https://openai.com/gptbot)"
57.141.0.29 - - [17/Dec/2025:00:33:45 +0000] "GET /karamba-spielsaal-erfahrungen-angeschlossen-testbericht-werfen-sie-einen-blick-auf-den-link-within-2025-pro-teutonia/?fileloc=//sys/class/pci_bus/0000:06/subsystem/0000:0d/subsystem/0000:13/subsystem/0000:00/subsystem/0000:00/device/0000:00:1f.2/resource4&path=//sys/class/pci_bus/0000:06/subsystem/0000:0d/subsystem/0000:13/subsystem/0000:00/subsystem/0000:00/device/0000:00:1f.2 HTTP/1.1" 200 262248 "-" "meta-externalagent/1.1 (+https://developers.facebook.com/docs/sharing/webmasters/crawler)"
57.141.0.57 - - [17/Dec/2025:00:33:47 +0000] "GET /2025/03/13/?fileloc=//sys/class/pci_bus/0000:0d/subsystem/0000:10/subsystem/0000:09/device/driver/0000:00:02.5/aer_dev_correctable&path=//sys/class/pci_bus/0000:0d/subsystem/0000:10/subsystem/0000:09/device/driver/0000:00:02.5 HTTP/1.1" 200 262264 "-" "meta-externalagent/1.1 (+https://developers.facebook.com/docs/sharing/webmasters/crawler)"
74.7.243.219 - - [17/Dec/2025:00:33:48 +0000] "GET /index.php?rest_route=%2Foembed%2F1.0%2Fembed&url=https%3A%2F%2Fdatainsightnow.com%2F%3Fp%3D37115 HTTP/1.1" 200 1276 "-" "Mozilla/5.0 AppleWebKit/537.36 (KHTML, like Gecko; compatible; GPTBot/1.3; +https://openai.com/gptbot)"
57.141.0.7 - - [17/Dec/2025:00:33:49 +0000] "GET /2025/03/13/?path=//sys/class/pci_bus/0000:12/subsystem/0000:05/device/driver/0000:00:02.5/subsystem/drivers/bnxt_en HTTP/1.1" 200 262216 "-" "meta-externalagent/1.1 (+https://developers.facebook.com/docs/sharing/webmasters/crawler)"
66.135.21.75 - - [17/Dec/2025:00:33:51 +0000] "POST /wp-cron.php?doing_wp_cron=1765931631.1747300624847412109375 HTTP/1.1" 200 31 "-" "WordPress/6.3.1; https://datainsightnow.com"
74.7.243.219 - - [17/Dec/2025:00:33:51 +0000] "GET /index.php?rest_route=%2Foembed%2F1.0%2Fembed&url=https%3A%2F%2Fdatainsightnow.com%2F%3Fp%3D18253 HTTP/1.1" 200 1317 "-" "Mozilla/5.0 AppleWebKit/537.36 (KHTML, like Gecko; compatible; GPTBot/1.3; +https://openai.com/gptbot)"
57.141.0.58 - - [17/Dec/2025:00:33:51 +0000] "GET /2025/03/13/?path=//sys/class/pci_bus/0000:12/subsystem/0000:0c/subsystem/0000:0c/subsystem/0000:12 HTTP/1.1" 200 262264 "-" "meta-externalagent/1.1 (+https://developers.facebook.com/docs/sharing/webmasters/crawler)"
217.113.194.59 - - [17/Dec/2025:00:33:53 +0000] "GET /register/?fileloc=//lib/firmware/rtlwifi/rtl8723aufw_B_NoBT.bin.zst&path=//lib/firmware/rtlwifi HTTP/1.1" 200 45437 "-" "Mozilla/5.0 (compatible; Barkrowler/0.9; +https://babbar.tech/crawler)"
74.7.243.219 - - [17/Dec/2025:00:33:54 +0000] "GET /index.php?rest_route=%2Foembed%2F1.0%2Fembed&url=https%3A%2F%2Fdatainsightnow.com%2F%3Fp%3D48790 HTTP/1.1" 200 1269 "-" "Mozilla/5.0 AppleWebKit/537.36 (KHTML, like Gecko; compatible; GPTBot/1.3; +https://openai.com/gptbot)"
57.141.0.25 - - [17/Dec/2025:00:33:54 +0000] "GET /2025/03/07/page/6/?fileloc=//sys/class/pci_bus/0000:0f/device/driver/0000:00:03.7/driver/0000:00:03.0/driver/0000:00:02.0/numa_node&path=//sys/class/pci_bus/0000:0f/device/driver/0000:00:03.7/driver/0000:00:03.0/driver/0000:00:02.0 HTTP/1.1" 200 262264 "-" "meta-externalagent/1.1 (+https://developers.facebook.com/docs/sharing/webmasters/crawler)"
74.7.243.219 - - [17/Dec/2025:00:33:57 +0000] "GET /index.php?rest_route=%2Foembed%2F1.0%2Fembed&url=https%3A%2F%2Fdatainsightnow.com%2F%3Fp%3D35317 HTTP/1.1" 200 1251 "-" "Mozilla/5.0 AppleWebKit/537.36 (KHTML, like Gecko; compatible; GPTBot/1.3; +https://openai.com/gptbot)"
57.141.0.47 - - [17/Dec/2025:00:33:58 +0000] "GET /2025/03/07/page/6/?fileloc=//sys/class/pci_bus/0000:12/subsystem/0000:00/device/firmware_node/device:30/subsystem/devices/device:05/device:0d/path&path=//sys/class/pci_bus/0000:12/subsystem/0000:00/device/firmware_node/device:30/subsystem/devices/device:05/device:0d HTTP/1.1" 200 262216 "-" "meta-externalagent/1.1 (+https://developers.facebook.com/docs/sharing/webmasters/crawler)"
74.7.243.219 - - [17/Dec/2025:00:34:05 +0000] "GET /?p=15574 HTTP/1.1" 200 42806 "-" "Mozilla/5.0 AppleWebKit/537.36 (KHTML, like Gecko; compatible; GPTBot/1.3; +https://openai.com/gptbot)"
216.73.216.115 - - [17/Dec/2025:00:34:06 +0000] "GET /entity/590851781.htm HTTP/1.1" 301 5 "-" "Mozilla/5.0 AppleWebKit/537.36 (KHTML, like Gecko; compatible; ClaudeBot/1.0; +claudebot@anthropic.com)"
216.73.216.115 - - [17/Dec/2025:00:34:07 +0000] "GET /entity/590851781.htm/ HTTP/1.1" 200 45437 "https://datainsightnow.com/entity/590851781.htm" "Mozilla/5.0 AppleWebKit/537.36 (KHTML, like Gecko; compatible; ClaudeBot/1.0; +claudebot@anthropic.com)"
216.73.216.115 - - [17/Dec/2025:00:34:08 +0000] "GET /entity/590875870.htm HTTP/1.1" 301 5 "-" "Mozilla/5.0 AppleWebKit/537.36 (KHTML, like Gecko; compatible; ClaudeBot/1.0; +claudebot@anthropic.com)"
74.7.243.219 - - [17/Dec/2025:00:34:09 +0000] "GET /index.php?rest_route=%2Foembed%2F1.0%2Fembed&url=https%3A%2F%2Fdatainsightnow.com%2F%3Fp%3D12819 HTTP/1.1" 200 1379 "-" "Mozilla/5.0 AppleWebKit/537.36 (KHTML, like Gecko; compatible; GPTBot/1.3; +https://openai.com/gptbot)"
216.73.216.115 - - [17/Dec/2025:00:34:09 +0000] "GET /entity/590875870.htm/ HTTP/1.1" 200 45437 "https://datainsightnow.com/entity/590875870.htm" "Mozilla/5.0 AppleWebKit/537.36 (KHTML, like Gecko; compatible; ClaudeBot/1.0; +claudebot@anthropic.com)"
217.113.194.54 - - [17/Dec/2025:00:34:09 +0000] "GET /register/?fileloc=//lib/firmware/mellanox/mlxsw_spectrum3-30.2008.3326.mfa2.zst&path=//lib/firmware/mellanox HTTP/1.1" 200 45437 "-" "Mozilla/5.0 (compatible; Barkrowler/0.9; +https://babbar.tech/crawler)"
57.141.0.37 - - [17/Dec/2025:00:34:10 +0000] "GET /2025/03/07/page/6/?fileloc=//sys/class/pci_bus/0000:01/subsystem/0000:00/device/0000:00:03.4/driver/0000:00:02.7/firmware_node/physical_node/local_cpulist&path=//sys/class/pci_bus/0000:01/subsystem/0000:00/device/0000:00:03.4/driver/0000:00:02.7/firmware_node/physical_node HTTP/1.1" 200 262264 "-" "meta-externalagent/1.1 (+https://developers.facebook.com/docs/sharing/webmasters/crawler)"
74.7.243.219 - - [17/Dec/2025:00:34:11 +0000] "GET /index.php?rest_route=%2Foembed%2F1.0%2Fembed&url=https%3A%2F%2Fdatainsightnow.com%2F%3Fp%3D23365 HTTP/1.1" 200 1271 "-" "Mozilla/5.0 AppleWebKit/537.36 (KHTML, like Gecko; compatible; GPTBot/1.3; +https://openai.com/gptbot)"
216.73.216.115 - - [17/Dec/2025:00:34:11 +0000] "GET /entity/590866797.htm HTTP/1.1" 301 5 "-" "Mozilla/5.0 AppleWebKit/537.36 (KHTML, like Gecko; compatible; ClaudeBot/1.0; +claudebot@anthropic.com)"
114.119.158.156 - - [17/Dec/2025:00:34:12 +0000] "GET /zodiac-kasino-erfahrungen-2024-480-bonus-80-freispiele/?path=//sys/dev/char/5:1/subsystem/tty44/subsystem/ttyS5/subsystem/ttyS22/subsystem/tty53 HTTP/1.1" 200 45438 "https://datainsightnow.com/zodiac-kasino-erfahrungen-2024-480-bonus-80-freispiele/?path=//sys/dev/char/5%3A1/subsystem/tty44/subsystem/ttyS5/subsystem/ttyS22/subsystem" "Mozilla/5.0 (Linux; Android 7.0;) AppleWebKit/537.36 (KHTML, like Gecko) Mobile Safari/537.36 (compatible; PetalBot;+https://webmaster.petalsearch.com/site/petalbot)"
216.73.216.115 - - [17/Dec/2025:00:34:12 +0000] "GET /entity/590866797.htm/ HTTP/1.1" 200 45437 "https://datainsightnow.com/entity/590866797.htm" "Mozilla/5.0 AppleWebKit/537.36 (KHTML, like Gecko; compatible; ClaudeBot/1.0; +claudebot@anthropic.com)"
74.7.243.219 - - [17/Dec/2025:00:34:12 +0000] "GET /index.php?rest_route=%2Foembed%2F1.0%2Fembed&url=https%3A%2F%2Fdatainsightnow.com%2F%3Fp%3D29069 HTTP/1.1" 200 1285 "-" "Mozilla/5.0 AppleWebKit/537.36 (KHTML, like Gecko; compatible; GPTBot/1.3; +https://openai.com/gptbot)"
216.73.216.115 - - [17/Dec/2025:00:34:14 +0000] "GET /entity/590747918.htm HTTP/1.1" 301 5 "-" "Mozilla/5.0 AppleWebKit/537.36 (KHTML, like Gecko; compatible; ClaudeBot/1.0; +claudebot@anthropic.com)"
216.73.216.115 - - [17/Dec/2025:00:34:15 +0000] "GET /entity/590747918.htm/ HTTP/1.1" 200 45437 "https://datainsightnow.com/entity/590747918.htm" "Mozilla/5.0 AppleWebKit/537.36 (KHTML, like Gecko; compatible; ClaudeBot/1.0; +claudebot@anthropic.com)"
74.7.243.219 - - [17/Dec/2025:00:34:15 +0000] "GET /?cat=1&paged=679 HTTP/1.1" 200 37475 "-" "Mozilla/5.0 AppleWebKit/537.36 (KHTML, like Gecko; compatible; GPTBot/1.3; +https://openai.com/gptbot)"
216.73.216.115 - - [17/Dec/2025:00:34:17 +0000] "GET /entity/590787025.htm HTTP/1.1" 301 5 "-" "Mozilla/5.0 AppleWebKit/537.36 (KHTML, like Gecko; compatible; ClaudeBot/1.0; +claudebot@anthropic.com)"
216.73.216.115 - - [17/Dec/2025:00:34:18 +0000] "GET /entity/590787025.htm/ HTTP/1.1" 200 45437 "https://datainsightnow.com/entity/590787025.htm" "Mozilla/5.0 AppleWebKit/537.36 (KHTML, like Gecko; compatible; ClaudeBot/1.0; +claudebot@anthropic.com)"
74.7.243.219 - - [17/Dec/2025:00:34:19 +0000] "GET /?p=14573 HTTP/1.1" 200 41365 "-" "Mozilla/5.0 AppleWebKit/537.36 (KHTML, like Gecko; compatible; GPTBot/1.3; +https://openai.com/gptbot)"
74.7.243.219 - - [17/Dec/2025:00:34:22 +0000] "GET /?p=14567 HTTP/1.1" 200 44119 "-" "Mozilla/5.0 AppleWebKit/537.36 (KHTML, like Gecko; compatible; GPTBot/1.3; +https://openai.com/gptbot)"
57.141.0.43 - - [17/Dec/2025:00:34:22 +0000] "GET /karamba-spielsaal-erfahrungen-angeschlossen-testbericht-werfen-sie-einen-blick-auf-den-link-within-2025-pro-teutonia/?fileloc=//sys/class/pci_bus/0000:06/subsystem/0000:11/subsystem/0000:06/device/subsystem/drivers/pcieport/0000:00:02.0/0000:01:00.0/msi_bus&path=//sys/class/pci_bus/0000:06/subsystem/0000:11/subsystem/0000:06/device/subsystem/drivers/pcieport/0000:00:02.0/0000:01:00.0 HTTP/1.1" 200 262209 "-" "meta-externalagent/1.1 (+https://developers.facebook.com/docs/sharing/webmasters/crawler)"
57.141.0.15 - - [17/Dec/2025:00:34:24 +0000] "GET /2025/03/07/page/6/?fileloc=//sys/class/pci_bus/0000:09/subsystem/0000:04/subsystem/0000:0d/subsystem/0000:04/cpulistaffinity&path=//sys/class/pci_bus/0000:09/subsystem/0000:04/subsystem/0000:0d/subsystem/0000:04 HTTP/1.1" 200 262209 "-" "meta-externalagent/1.1 (+https://developers.facebook.com/docs/sharing/webmasters/crawler)"
74.7.243.219 - - [17/Dec/2025:00:34:25 +0000] "GET /?p=14569 HTTP/1.1" 200 42956 "-" "Mozilla/5.0 AppleWebKit/537.36 (KHTML, like Gecko; compatible; GPTBot/1.3; +https://openai.com/gptbot)"
217.113.194.59 - - [17/Dec/2025:00:34:27 +0000] "GET /register/?fileloc=//sys/kernel/slab/kmalloc-rnd-03-64/partial&path=//sys/kernel/slab/kmalloc-rnd-03-64 HTTP/1.1" 200 45437 "-" "Mozilla/5.0 (compatible; Barkrowler/0.9; +https://babbar.tech/crawler)"
74.7.243.219 - - [17/Dec/2025:00:34:28 +0000] "GET /?p=14571 HTTP/1.1" 200 41433 "-" "Mozilla/5.0 AppleWebKit/537.36 (KHTML, like Gecko; compatible; GPTBot/1.3; +https://openai.com/gptbot)"
57.141.0.39 - - [17/Dec/2025:00:34:29 +0000] "GET /karamba-spielsaal-erfahrungen-angeschlossen-testbericht-werfen-sie-einen-blick-auf-den-link-within-2025-pro-teutonia/?fileloc=//sys/class/pci_bus/0000:06/subsystem/0000:0f/device/driver/0000:00:03.0/driver/0000:00:03.1/revision&path=//sys/class/pci_bus/0000:06/subsystem/0000:0f/device/driver/0000:00:03.0/driver/0000:00:03.1 HTTP/1.1" 200 262215 "-" "meta-externalagent/1.1 (+https://developers.facebook.com/docs/sharing/webmasters/crawler)"
57.141.0.35 - - [17/Dec/2025:00:34:30 +0000] "GET /2025/03/06/page/39/?fileloc=//sys/class/pci_bus/0000:13/subsystem/0000:0d/subsystem/0000:0e/device/driver/0000:00:03.6/subsystem/devices/0000:00:02.0/power_state&path=//sys/class/pci_bus/0000:13/subsystem/0000:0d/subsystem/0000:0e/device/driver/0000:00:03.6/subsystem/devices/0000:00:02.0 HTTP/1.1" 200 262264 "-" "meta-externalagent/1.1 (+https://developers.facebook.com/docs/sharing/webmasters/crawler)"
57.141.0.16 - - [17/Dec/2025:00:34:31 +0000] "GET /2025/03/07/page/6/?fileloc=//sys/class/pci_bus/0000:11/device/driver/0000:00:02.3/driver/0000:00:03.1/subsystem/drivers/pcieport/0000:00:04.1/d3cold_allowed&path=//sys/class/pci_bus/0000:11/device/driver/0000:00:02.3/driver/0000:00:03.1/subsystem/drivers/pcieport/0000:00:04.1 HTTP/1.1" 200 262264 "-" "meta-externalagent/1.1 (+https://developers.facebook.com/docs/sharing/webmasters/crawler)"
74.7.243.219 - - [17/Dec/2025:00:34:31 +0000] "GET /?p=14575 HTTP/1.1" 200 41158 "-" "Mozilla/5.0 AppleWebKit/537.36 (KHTML, like Gecko; compatible; GPTBot/1.3; +https://openai.com/gptbot)"
57.141.0.17 - - [17/Dec/2025:00:34:32 +0000] "GET /2025/03/07/page/6/?fileloc=//sys/class/pci_bus/0000:05/subsystem/0000:09/subsystem/0000:0b/subsystem/0000:0c/device/driver/0000:00:02.1/revision&path=//sys/class/pci_bus/0000:05/subsystem/0000:09/subsystem/0000:0b/subsystem/0000:0c/device/driver/0000:00:02.1 HTTP/1.1" 200 262215 "-" "meta-externalagent/1.1 (+https://developers.facebook.com/docs/sharing/webmasters/crawler)"
74.7.243.219 - - [17/Dec/2025:00:34:34 +0000] "GET /?p=14565 HTTP/1.1" 200 44029 "-" "Mozilla/5.0 AppleWebKit/537.36 (KHTML, like Gecko; compatible; GPTBot/1.3; +https://openai.com/gptbot)"
57.141.0.16 - - [17/Dec/2025:00:34:38 +0000] "GET /karamba-spielsaal-erfahrungen-angeschlossen-testbericht-werfen-sie-einen-blick-auf-den-link-within-2025-pro-teutonia/?fileloc=//sys/class/pci_bus/0000:0f/subsystem/0000:06/device/pci_bus/0000:06/device/driver/0000:00:02.1/power_state&path=//sys/class/pci_bus/0000:0f/subsystem/0000:06/device/pci_bus/0000:06/device/driver/0000:00:02.1 HTTP/1.1" 200 262248 "-" "meta-externalagent/1.1 (+https://developers.facebook.com/docs/sharing/webmasters/crawler)"
74.7.243.219 - - [17/Dec/2025:00:34:38 +0000] "GET /?p=14557 HTTP/1.1" 200 43457 "-" "Mozilla/5.0 AppleWebKit/537.36 (KHTML, like Gecko; compatible; GPTBot/1.3; +https://openai.com/gptbot)"
216.73.216.115 - - [17/Dec/2025:00:34:38 +0000] "GET /entity/590758278.htm HTTP/1.1" 301 5 "-" "Mozilla/5.0 AppleWebKit/537.36 (KHTML, like Gecko; compatible; ClaudeBot/1.0; +claudebot@anthropic.com)"
216.73.216.115 - - [17/Dec/2025:00:34:39 +0000] "GET /entity/590758278.htm/ HTTP/1.1" 200 45437 "https://datainsightnow.com/entity/590758278.htm" "Mozilla/5.0 AppleWebKit/537.36 (KHTML, like Gecko; compatible; ClaudeBot/1.0; +claudebot@anthropic.com)"
74.7.243.219 - - [17/Dec/2025:00:34:41 +0000] "GET /?p=14561 HTTP/1.1" 200 43004 "-" "Mozilla/5.0 AppleWebKit/537.36 (KHTML, like Gecko; compatible; GPTBot/1.3; +https://openai.com/gptbot)"
216.73.216.115 - - [17/Dec/2025:00:34:41 +0000] "GET /entity/590752062.htm HTTP/1.1" 301 5 "-" "Mozilla/5.0 AppleWebKit/537.36 (KHTML, like Gecko; compatible; ClaudeBot/1.0; +claudebot@anthropic.com)"
216.73.216.115 - - [17/Dec/2025:00:34:41 +0000] "GET /entity/590752062.htm/ HTTP/1.1" 200 45437 "https://datainsightnow.com/entity/590752062.htm" "Mozilla/5.0 AppleWebKit/537.36 (KHTML, like Gecko; compatible; ClaudeBot/1.0; +claudebot@anthropic.com)"
217.113.194.61 - - [17/Dec/2025:00:34:43 +0000] "GET /register/?fileloc=//sys/kernel/slab/kmalloc-rnd-03-64/aliases&path=//sys/kernel/slab/kmalloc-rnd-03-64 HTTP/1.1" 200 45437 "-" "Mozilla/5.0 (compatible; Barkrowler/0.9; +https://babbar.tech/crawler)"
57.141.0.62 - - [17/Dec/2025:00:34:44 +0000] "GET /karamba-spielsaal-erfahrungen-angeschlossen-testbericht-werfen-sie-einen-blick-auf-den-link-within-2025-pro-teutonia/?path=//sys/class/pci_bus/0000:04/subsystem/0000:11/subsystem/0000:07/subsystem/0000:06/subsystem/0000:0d/subsystem/0000:0d HTTP/1.1" 200 262209 "-" "meta-externalagent/1.1 (+https://developers.facebook.com/docs/sharing/webmasters/crawler)"
216.73.216.115 - - [17/Dec/2025:00:34:44 +0000] "GET /entity/590818105.htm HTTP/1.1" 301 5 "-" "Mozilla/5.0 AppleWebKit/537.36 (KHTML, like Gecko; compatible; ClaudeBot/1.0; +claudebot@anthropic.com)"
57.141.0.9 - - [17/Dec/2025:00:34:44 +0000] "GET /2025/03/07/page/6/?fileloc=//sys/class/pci_bus/0000:0a/device/driver/0000:00:02.4/driver/0000:00:03.1/driver/0000:00:04.1/consistent_dma_mask_bits&path=//sys/class/pci_bus/0000:0a/device/driver/0000:00:02.4/driver/0000:00:03.1/driver/0000:00:04.1 HTTP/1.1" 200 262209 "-" "meta-externalagent/1.1 (+https://developers.facebook.com/docs/sharing/webmasters/crawler)"
74.7.243.219 - - [17/Dec/2025:00:34:44 +0000] "GET /?p=14559 HTTP/1.1" 200 43854 "-" "Mozilla/5.0 AppleWebKit/537.36 (KHTML, like Gecko; compatible; GPTBot/1.3; +https://openai.com/gptbot)"
216.73.216.115 - - [17/Dec/2025:00:34:45 +0000] "GET /entity/590818105.htm/ HTTP/1.1" 200 45437 "https://datainsightnow.com/entity/590818105.htm" "Mozilla/5.0 AppleWebKit/537.36 (KHTML, like Gecko; compatible; ClaudeBot/1.0; +claudebot@anthropic.com)"
57.141.0.51 - - [17/Dec/2025:00:34:45 +0000] "GET /moneysense-self-help-guide-to-the-ideal-profile/?fileloc=//sys/class/pci_bus/0000:0c/subsystem/0000:12/device/driver/0000:00:02.7/broken_parity_status&path=//sys/class/pci_bus/0000:0c/subsystem/0000:12/device/driver/0000:00:02.7 HTTP/1.1" 200 262215 "-" "meta-externalagent/1.1 (+https://developers.facebook.com/docs/sharing/webmasters/crawler)"
57.141.0.5 - - [17/Dec/2025:00:34:46 +0000] "GET /karamba-spielsaal-erfahrungen-angeschlossen-testbericht-werfen-sie-einen-blick-auf-den-link-within-2025-pro-teutonia/?fileloc=//sys/class/pci_bus/0000:06/subsystem/0000:13/subsystem/0000:07/subsystem/0000:0f/subsystem/0000:04/device/local_cpus&path=//sys/class/pci_bus/0000:06/subsystem/0000:13/subsystem/0000:07/subsystem/0000:0f/subsystem/0000:04/device HTTP/1.1" 200 262209 "-" "meta-externalagent/1.1 (+https://developers.facebook.com/docs/sharing/webmasters/crawler)"
57.141.0.20 - - [17/Dec/2025:00:34:47 +0000] "GET /karamba-spielsaal-erfahrungen-angeschlossen-testbericht-werfen-sie-einen-blick-auf-den-link-within-2025-pro-teutonia/?path=//sys/class/pci_bus/0000:02/device/driver/0000:00:02.1/driver/0000:00:02.2/subsystem/devices/0000:00:02.0/driver/0000:00:02.6 HTTP/1.1" 200 262264 "-" "meta-externalagent/1.1 (+https://developers.facebook.com/docs/sharing/webmasters/crawler)"
216.73.216.115 - - [17/Dec/2025:00:34:47 +0000] "GET /entity/590850482.htm HTTP/1.1" 301 5 "-" "Mozilla/5.0 AppleWebKit/537.36 (KHTML, like Gecko; compatible; ClaudeBot/1.0; +claudebot@anthropic.com)"
74.7.243.219 - - [17/Dec/2025:00:34:47 +0000] "GET /?p=15572 HTTP/1.1" 200 40513 "-" "Mozilla/5.0 AppleWebKit/537.36 (KHTML, like Gecko; compatible; GPTBot/1.3; +https://openai.com/gptbot)"
216.73.216.115 - - [17/Dec/2025:00:34:48 +0000] "GET /entity/590850482.htm/ HTTP/1.1" 200 45437 "https://datainsightnow.com/entity/590850482.htm" "Mozilla/5.0 AppleWebKit/537.36 (KHTML, like Gecko; compatible; ClaudeBot/1.0; +claudebot@anthropic.com)"
57.141.0.5 - - [17/Dec/2025:00:34:48 +0000] "GET /2025/03/06/page/39/?fileloc=//sys/class/pci_bus/0000:06/device/driver/0000:00:02.1/driver/0000:00:03.5/aer_dev_nonfatal&path=//sys/class/pci_bus/0000:06/device/driver/0000:00:02.1/driver/0000:00:03.5 HTTP/1.1" 200 262248 "-" "meta-externalagent/1.1 (+https://developers.facebook.com/docs/sharing/webmasters/crawler)"
66.135.21.75 - - [17/Dec/2025:00:34:50 +0000] "POST /wp-cron.php?doing_wp_cron=1765931690.4415550231933593750000 HTTP/1.1" 200 31 "-" "WordPress/6.3.1; https://datainsightnow.com"
216.73.216.115 - - [17/Dec/2025:00:34:50 +0000] "GET /entity/590878456.htm HTTP/1.1" 301 5 "-" "Mozilla/5.0 AppleWebKit/537.36 (KHTML, like Gecko; compatible; ClaudeBot/1.0; +claudebot@anthropic.com)"
74.7.243.219 - - [17/Dec/2025:00:34:51 +0000] "GET /?p=34591 HTTP/1.1" 200 43084 "-" "Mozilla/5.0 AppleWebKit/537.36 (KHTML, like Gecko; compatible; GPTBot/1.3; +https://openai.com/gptbot)"
216.73.216.115 - - [17/Dec/2025:00:34:51 +0000] "GET /entity/590878456.htm/ HTTP/1.1" 200 45437 "https://datainsightnow.com/entity/590878456.htm" "Mozilla/5.0 AppleWebKit/537.36 (KHTML, like Gecko; compatible; ClaudeBot/1.0; +claudebot@anthropic.com)"
74.7.243.219 - - [17/Dec/2025:00:34:54 +0000] "GET /?p=14555 HTTP/1.1" 200 42397 "-" "Mozilla/5.0 AppleWebKit/537.36 (KHTML, like Gecko; compatible; GPTBot/1.3; +https://openai.com/gptbot)"
74.7.243.219 - - [17/Dec/2025:00:34:57 +0000] "GET /?cat=1&paged=678 HTTP/1.1" 200 37534 "-" "Mozilla/5.0 AppleWebKit/537.36 (KHTML, like Gecko; compatible; GPTBot/1.3; +https://openai.com/gptbot)"
216.73.216.115 - - [17/Dec/2025:00:34:57 +0000] "GET /entity/590880526.htm HTTP/1.1" 301 5 "-" "Mozilla/5.0 AppleWebKit/537.36 (KHTML, like Gecko; compatible; ClaudeBot/1.0; +claudebot@anthropic.com)"
57.141.0.23 - - [17/Dec/2025:00:34:57 +0000] "GET /karamba-spielsaal-erfahrungen-angeschlossen-testbericht-werfen-sie-einen-blick-auf-den-link-within-2025-pro-teutonia/?fileloc=//sys/class/pci_bus/0000:06/subsystem/0000:04/device/driver/0000:00:03.3/driver/0000:00:03.1/subsystem_vendor&path=//sys/class/pci_bus/0000:06/subsystem/0000:04/device/driver/0000:00:03.3/driver/0000:00:03.1 HTTP/1.1" 200 262264 "-" "meta-externalagent/1.1 (+https://developers.facebook.com/docs/sharing/webmasters/crawler)"
57.141.0.40 - - [17/Dec/2025:00:34:57 +0000] "GET /karamba-spielsaal-erfahrungen-angeschlossen-testbericht-werfen-sie-einen-blick-auf-den-link-within-2025-pro-teutonia/?fileloc=//sys/class/pci_bus/0000:06/subsystem/0000:13/subsystem/0000:00/subsystem/0000:0f/device/driver/0000:00:03.4/driver/0000:00:02.1/aer_dev_nonfatal&path=//sys/class/pci_bus/0000:06/subsystem/0000:13/subsystem/0000:00/subsystem/0000:0f/device/driver/0000:00:03.4/driver/0000:00:02.1 HTTP/1.1" 200 262264 "-" "meta-externalagent/1.1 (+https://developers.facebook.com/docs/sharing/webmasters/crawler)"
216.73.216.115 - - [17/Dec/2025:00:34:58 +0000] "GET /entity/590880526.htm/ HTTP/1.1" 200 45437 "https://datainsightnow.com/entity/590880526.htm" "Mozilla/5.0 AppleWebKit/537.36 (KHTML, like Gecko; compatible; ClaudeBot/1.0; +claudebot@anthropic.com)"
217.113.194.213 - - [17/Dec/2025:00:34:59 +0000] "GET /register/?fileloc=//sys/kernel/slab/kmalloc-rnd-02-192/object_size&path=//sys/kernel/slab/kmalloc-rnd-02-192 HTTP/1.1" 200 45437 "-" "Mozilla/5.0 (compatible; Barkrowler/0.9; +https://babbar.tech/crawler)"
216.73.216.115 - - [17/Dec/2025:00:35:00 +0000] "GET /entity/590801790.htm HTTP/1.1" 301 5 "-" "Mozilla/5.0 AppleWebKit/537.36 (KHTML, like Gecko; compatible; ClaudeBot/1.0; +claudebot@anthropic.com)"
74.7.243.219 - - [17/Dec/2025:00:35:00 +0000] "GET /?m=20250324&paged=48 HTTP/1.1" 200 37141 "-" "Mozilla/5.0 AppleWebKit/537.36 (KHTML, like Gecko; compatible; GPTBot/1.3; +https://openai.com/gptbot)"
216.73.216.115 - - [17/Dec/2025:00:35:00 +0000] "GET /entity/590801790.htm/ HTTP/1.1" 200 45437 "https://datainsightnow.com/entity/590801790.htm" "Mozilla/5.0 AppleWebKit/537.36 (KHTML, like Gecko; compatible; ClaudeBot/1.0; +claudebot@anthropic.com)"
57.141.0.19 - - [17/Dec/2025:00:35:02 +0000] "GET /2025/03/07/page/6/?path=//sys/class/pci_bus/0000:05/subsystem/0000:0a/subsystem/0000:0b/subsystem/0000:02/subsystem/0000:00 HTTP/1.1" 200 262209 "-" "meta-externalagent/1.1 (+https://developers.facebook.com/docs/sharing/webmasters/crawler)"
216.73.216.115 - - [17/Dec/2025:00:35:03 +0000] "GET /entity/590832358.htm HTTP/1.1" 301 5 "-" "Mozilla/5.0 AppleWebKit/537.36 (KHTML, like Gecko; compatible; ClaudeBot/1.0; +claudebot@anthropic.com)"
74.7.243.219 - - [17/Dec/2025:00:35:04 +0000] "GET /?p=14577 HTTP/1.1" 200 43345 "-" "Mozilla/5.0 AppleWebKit/537.36 (KHTML, like Gecko; compatible; GPTBot/1.3; +https://openai.com/gptbot)"
216.73.216.115 - - [17/Dec/2025:00:35:04 +0000] "GET /entity/590832358.htm/ HTTP/1.1" 200 45437 "https://datainsightnow.com/entity/590832358.htm" "Mozilla/5.0 AppleWebKit/537.36 (KHTML, like Gecko; compatible; ClaudeBot/1.0; +claudebot@anthropic.com)"
57.141.0.62 - - [17/Dec/2025:00:35:04 +0000] "GET /karamba-spielsaal-erfahrungen-angeschlossen-testbericht-werfen-sie-einen-blick-auf-den-link-within-2025-pro-teutonia/?fileloc=//sys/class/pci_bus/0000:0b/subsystem/0000:0e/subsystem/0000:01/subsystem/0000:12/device/driver/0000:00:03.0/aer_rootport_total_err_cor&path=//sys/class/pci_bus/0000:0b/subsystem/0000:0e/subsystem/0000:01/subsystem/0000:12/device/driver/0000:00:03.0 HTTP/1.1" 200 262264 "-" "meta-externalagent/1.1 (+https://developers.facebook.com/docs/sharing/webmasters/crawler)"
57.141.0.42 - - [17/Dec/2025:00:35:05 +0000] "GET /2025/03/06/page/39/?path=//sys/class/pci_bus/0000:10/device/driver/0000:00:02.0/0000:00:02.0:pcie001/driver/0000:00:02.7:pcie001/power HTTP/1.1" 200 262264 "-" "meta-externalagent/1.1 (+https://developers.facebook.com/docs/sharing/webmasters/crawler)"
57.141.0.46 - - [17/Dec/2025:00:35:06 +0000] "GET /2025/03/07/page/6/?path=//sys/class/pci_bus/0000:05/subsystem/0000:07/device/0000:00:02.5:pcie001/driver/0000:00:02.1:pcie001/driver/0000:00:02.7:pcie001/power HTTP/1.1" 200 262215 "-" "meta-externalagent/1.1 (+https://developers.facebook.com/docs/sharing/webmasters/crawler)"
