74.7.241.13 - - [17/Dec/2025:01:26:30 +0000] "GET /index.php?rest_route=%2Foembed%2F1.0%2Fembed&url=https%3A%2F%2Fdatainsightnow.com%2F%3Fp%3D43785 HTTP/1.1" 200 1282 "-" "Mozilla/5.0 AppleWebKit/537.36 (KHTML, like Gecko; compatible; GPTBot/1.3; +https://openai.com/gptbot)"
216.73.216.115 - - [17/Dec/2025:01:26:31 +0000] "GET /entity/600369774.htm HTTP/1.1" 301 5 "-" "Mozilla/5.0 AppleWebKit/537.36 (KHTML, like Gecko; compatible; ClaudeBot/1.0; +claudebot@anthropic.com)"
216.73.216.115 - - [17/Dec/2025:01:26:31 +0000] "GET /entity/600369774.htm/ HTTP/1.1" 200 45437 "https://datainsightnow.com/entity/600369774.htm" "Mozilla/5.0 AppleWebKit/537.36 (KHTML, like Gecko; compatible; ClaudeBot/1.0; +claudebot@anthropic.com)"
57.141.0.56 - - [17/Dec/2025:01:26:33 +0000] "GET /karamba-spielsaal-erfahrungen-angeschlossen-testbericht-werfen-sie-einen-blick-auf-den-link-within-2025-pro-teutonia/?path=//sys/class/pci_bus/0000:06/subsystem/0000:05/subsystem/0000:0e/subsystem/0000:07/device/0000:00:02.5:pcie002/driver HTTP/1.1" 200 262209 "-" "meta-externalagent/1.1 (+https://developers.facebook.com/docs/sharing/webmasters/crawler)"
57.141.0.15 - - [17/Dec/2025:01:26:33 +0000] "GET /karamba-spielsaal-erfahrungen-angeschlossen-testbericht-werfen-sie-einen-blick-auf-den-link-within-2025-pro-teutonia/?path=//sys/class/pci_bus/0000:0e/subsystem/0000:05/subsystem/0000:0b/subsystem/0000:04/subsystem/0000:08/device/0000:00:02.6:pcie002 HTTP/1.1" 200 262209 "-" "meta-externalagent/1.1 (+https://developers.facebook.com/docs/sharing/webmasters/crawler)"
74.7.241.13 - - [17/Dec/2025:01:26:33 +0000] "GET /?cat=1&paged=610 HTTP/1.1" 200 37974 "-" "Mozilla/5.0 AppleWebKit/537.36 (KHTML, like Gecko; compatible; GPTBot/1.3; +https://openai.com/gptbot)"
216.73.216.115 - - [17/Dec/2025:01:26:34 +0000] "GET /entity/600283264.htm HTTP/1.1" 301 5 "-" "Mozilla/5.0 AppleWebKit/537.36 (KHTML, like Gecko; compatible; ClaudeBot/1.0; +claudebot@anthropic.com)"
216.73.216.115 - - [17/Dec/2025:01:26:34 +0000] "GET /entity/600283264.htm/ HTTP/1.1" 200 45437 "https://datainsightnow.com/entity/600283264.htm" "Mozilla/5.0 AppleWebKit/537.36 (KHTML, like Gecko; compatible; ClaudeBot/1.0; +claudebot@anthropic.com)"
74.7.241.13 - - [17/Dec/2025:01:26:36 +0000] "GET /index.php?rest_route=%2Foembed%2F1.0%2Fembed&url=https%3A%2F%2Fdatainsightnow.com%2F%3Fp%3D38244 HTTP/1.1" 200 1281 "-" "Mozilla/5.0 AppleWebKit/537.36 (KHTML, like Gecko; compatible; GPTBot/1.3; +https://openai.com/gptbot)"
216.73.216.115 - - [17/Dec/2025:01:26:37 +0000] "GET /entity/600374691.htm HTTP/1.1" 301 5 "-" "Mozilla/5.0 AppleWebKit/537.36 (KHTML, like Gecko; compatible; ClaudeBot/1.0; +claudebot@anthropic.com)"
216.73.216.115 - - [17/Dec/2025:01:26:37 +0000] "GET /entity/600374691.htm/ HTTP/1.1" 200 45437 "https://datainsightnow.com/entity/600374691.htm" "Mozilla/5.0 AppleWebKit/537.36 (KHTML, like Gecko; compatible; ClaudeBot/1.0; +claudebot@anthropic.com)"
57.141.0.15 - - [17/Dec/2025:01:26:38 +0000] "GET /moneysense-self-help-guide-to-the-ideal-profile/?fileloc=//sys/class/pci_bus/0000:02/subsystem/0000:0c/subsystem/0000:02/subsystem/0000:07/device/resource0&path=//sys/class/pci_bus/0000:02/subsystem/0000:0c/subsystem/0000:02/subsystem/0000:07/device HTTP/1.1" 200 262248 "-" "meta-externalagent/1.1 (+https://developers.facebook.com/docs/sharing/webmasters/crawler)"
74.7.241.13 - - [17/Dec/2025:01:26:39 +0000] "GET /index.php?rest_route=%2Foembed%2F1.0%2Fembed&url=https%3A%2F%2Fdatainsightnow.com%2F%3Fp%3D47937 HTTP/1.1" 200 1297 "-" "Mozilla/5.0 AppleWebKit/537.36 (KHTML, like Gecko; compatible; GPTBot/1.3; +https://openai.com/gptbot)"
216.73.216.115 - - [17/Dec/2025:01:26:40 +0000] "GET /entity/600310712.htm HTTP/1.1" 301 5 "-" "Mozilla/5.0 AppleWebKit/537.36 (KHTML, like Gecko; compatible; ClaudeBot/1.0; +claudebot@anthropic.com)"
57.141.0.26 - - [17/Dec/2025:01:26:41 +0000] "GET /2025/03/07/page/6/?fileloc=//sys/class/pci_bus/0000:11/device/driver/0000:00:03.0/driver/0000:00:03.4/subsystem/devices/0000:09:00.0/numa_node&path=//sys/class/pci_bus/0000:11/device/driver/0000:00:03.0/driver/0000:00:03.4/subsystem/devices/0000:09:00.0 HTTP/1.1" 200 262209 "-" "meta-externalagent/1.1 (+https://developers.facebook.com/docs/sharing/webmasters/crawler)"
216.73.216.115 - - [17/Dec/2025:01:26:41 +0000] "GET /entity/600310712.htm/ HTTP/1.1" 200 45437 "https://datainsightnow.com/entity/600310712.htm" "Mozilla/5.0 AppleWebKit/537.36 (KHTML, like Gecko; compatible; ClaudeBot/1.0; +claudebot@anthropic.com)"
57.141.0.69 - - [17/Dec/2025:01:26:41 +0000] "GET /2025/03/07/page/6/?path=//sys/class/pci_bus/0000:11/device/driver/0000:00:02.6/driver/0000:00:03.2/driver/0000:00:04.1 HTTP/1.1" 200 262209 "-" "meta-externalagent/1.1 (+https://developers.facebook.com/docs/sharing/webmasters/crawler)"
74.7.241.13 - - [17/Dec/2025:01:26:42 +0000] "GET /index.php?rest_route=%2Foembed%2F1.0%2Fembed&url=https%3A%2F%2Fdatainsightnow.com%2F%3Fp%3D34395 HTTP/1.1" 200 1268 "-" "Mozilla/5.0 AppleWebKit/537.36 (KHTML, like Gecko; compatible; GPTBot/1.3; +https://openai.com/gptbot)"
216.73.216.115 - - [17/Dec/2025:01:26:43 +0000] "GET /entity/600339469.htm HTTP/1.1" 301 5 "-" "Mozilla/5.0 AppleWebKit/537.36 (KHTML, like Gecko; compatible; ClaudeBot/1.0; +claudebot@anthropic.com)"
66.249.77.98 - - [17/Dec/2025:01:26:43 +0000] "GET /?path=//sys/class/sound/card0/device/subsystem/devices/0000:00:02.2/driver/0000:00:02.2/driver/0000:00:03.1/driver/0000:00:03.2/subsystem/devices/0000:00:02.7/firmware_node/wakeup HTTP/1.1" 200 45438 "-" "Mozilla/5.0 (Linux; Android 6.0.1; Nexus 5X Build/MMB29P) AppleWebKit/537.36 (KHTML, like Gecko) Chrome/141.0.7390.122 Mobile Safari/537.36 (compatible; Googlebot/2.1; +http://www.google.com/bot.html)"
216.73.216.115 - - [17/Dec/2025:01:26:44 +0000] "GET /entity/600339469.htm/ HTTP/1.1" 200 45437 "https://datainsightnow.com/entity/600339469.htm" "Mozilla/5.0 AppleWebKit/537.36 (KHTML, like Gecko; compatible; ClaudeBot/1.0; +claudebot@anthropic.com)"
217.113.194.52 - - [17/Dec/2025:01:26:44 +0000] "GET /privacy/?fileloc=/opt/wpsites/datainsightnow.com/wp-includes/blocks/text-columns/editor.min.css&path=/opt/wpsites/datainsightnow.com/wp-includes/blocks/text-columns HTTP/1.1" 200 45437 "-" "Mozilla/5.0 (compatible; Barkrowler/0.9; +https://babbar.tech/crawler)"
74.7.241.13 - - [17/Dec/2025:01:26:45 +0000] "GET /index.php?rest_route=%2Foembed%2F1.0%2Fembed&url=https%3A%2F%2Fdatainsightnow.com%2F%3Fp%3D25870 HTTP/1.1" 200 1250 "-" "Mozilla/5.0 AppleWebKit/537.36 (KHTML, like Gecko; compatible; GPTBot/1.3; +https://openai.com/gptbot)"
216.73.216.115 - - [17/Dec/2025:01:26:46 +0000] "GET /entity/600341278.htm HTTP/1.1" 301 5 "-" "Mozilla/5.0 AppleWebKit/537.36 (KHTML, like Gecko; compatible; ClaudeBot/1.0; +claudebot@anthropic.com)"
216.73.216.115 - - [17/Dec/2025:01:26:46 +0000] "GET /entity/600341278.htm/ HTTP/1.1" 200 45437 "https://datainsightnow.com/entity/600341278.htm" "Mozilla/5.0 AppleWebKit/537.36 (KHTML, like Gecko; compatible; ClaudeBot/1.0; +claudebot@anthropic.com)"
57.141.0.28 - - [17/Dec/2025:01:26:47 +0000] "GET /2025/03/07/page/6/?path=//sys/class/pci_bus/0000:05/subsystem/0000:11/subsystem/0000:03/subsystem/0000:12/subsystem/0000:0b/device/subsystem HTTP/1.1" 200 262264 "-" "meta-externalagent/1.1 (+https://developers.facebook.com/docs/sharing/webmasters/crawler)"
74.7.241.13 - - [17/Dec/2025:01:26:48 +0000] "GET /index.php?rest_route=%2Foembed%2F1.0%2Fembed&url=https%3A%2F%2Fdatainsightnow.com%2F%3Fp%3D31173 HTTP/1.1" 200 1289 "-" "Mozilla/5.0 AppleWebKit/537.36 (KHTML, like Gecko; compatible; GPTBot/1.3; +https://openai.com/gptbot)"
216.73.216.115 - - [17/Dec/2025:01:26:49 +0000] "GET /entity/600286894.htm HTTP/1.1" 301 5 "-" "Mozilla/5.0 AppleWebKit/537.36 (KHTML, like Gecko; compatible; ClaudeBot/1.0; +claudebot@anthropic.com)"
216.73.216.115 - - [17/Dec/2025:01:26:49 +0000] "GET /entity/600286894.htm/ HTTP/1.1" 200 45437 "https://datainsightnow.com/entity/600286894.htm" "Mozilla/5.0 AppleWebKit/537.36 (KHTML, like Gecko; compatible; ClaudeBot/1.0; +claudebot@anthropic.com)"
66.135.21.75 - - [17/Dec/2025:01:26:52 +0000] "POST /wp-cron.php?doing_wp_cron=1765934812.0951700210571289062500 HTTP/1.1" 200 31 "-" "WordPress/6.3.1; https://datainsightnow.com"
74.7.241.13 - - [17/Dec/2025:01:26:52 +0000] "GET /index.php?rest_route=%2Foembed%2F1.0%2Fembed&url=https%3A%2F%2Fdatainsightnow.com%2F%3Fp%3D26214 HTTP/1.1" 200 1305 "-" "Mozilla/5.0 AppleWebKit/537.36 (KHTML, like Gecko; compatible; GPTBot/1.3; +https://openai.com/gptbot)"
216.73.216.115 - - [17/Dec/2025:01:26:52 +0000] "GET /entity/600268758.htm HTTP/1.1" 301 5 "-" "Mozilla/5.0 AppleWebKit/537.36 (KHTML, like Gecko; compatible; ClaudeBot/1.0; +claudebot@anthropic.com)"
216.73.216.115 - - [17/Dec/2025:01:26:52 +0000] "GET /entity/600268758.htm/ HTTP/1.1" 200 45437 "https://datainsightnow.com/entity/600268758.htm" "Mozilla/5.0 AppleWebKit/537.36 (KHTML, like Gecko; compatible; ClaudeBot/1.0; +claudebot@anthropic.com)"
74.7.241.13 - - [17/Dec/2025:01:26:55 +0000] "GET /index.php?rest_route=%2Foembed%2F1.0%2Fembed&url=https%3A%2F%2Fdatainsightnow.com%2F%3Fp%3D40845 HTTP/1.1" 200 1243 "-" "Mozilla/5.0 AppleWebKit/537.36 (KHTML, like Gecko; compatible; GPTBot/1.3; +https://openai.com/gptbot)"
216.73.216.115 - - [17/Dec/2025:01:26:55 +0000] "GET /entity/600360189.htm HTTP/1.1" 301 5 "-" "Mozilla/5.0 AppleWebKit/537.36 (KHTML, like Gecko; compatible; ClaudeBot/1.0; +claudebot@anthropic.com)"
216.73.216.115 - - [17/Dec/2025:01:26:55 +0000] "GET /entity/600360189.htm/ HTTP/1.1" 200 45437 "https://datainsightnow.com/entity/600360189.htm" "Mozilla/5.0 AppleWebKit/537.36 (KHTML, like Gecko; compatible; ClaudeBot/1.0; +claudebot@anthropic.com)"
57.141.0.22 - - [17/Dec/2025:01:26:57 +0000] "GET /2025/03/07/page/6/?fileloc=//sys/class/pci_bus/0000:02/subsystem/0000:02/subsystem/0000:09/device/driver/0000:00:02.0/driver_override&path=//sys/class/pci_bus/0000:02/subsystem/0000:02/subsystem/0000:09/device/driver/0000:00:02.0 HTTP/1.1" 200 262248 "-" "meta-externalagent/1.1 (+https://developers.facebook.com/docs/sharing/webmasters/crawler)"
74.7.241.13 - - [17/Dec/2025:01:26:58 +0000] "GET /index.php?rest_route=%2Foembed%2F1.0%2Fembed&url=https%3A%2F%2Fdatainsightnow.com%2F%3Fp%3D47189 HTTP/1.1" 200 1302 "-" "Mozilla/5.0 AppleWebKit/537.36 (KHTML, like Gecko; compatible; GPTBot/1.3; +https://openai.com/gptbot)"
57.141.0.29 - - [17/Dec/2025:01:26:59 +0000] "GET /2025/03/07/page/6/?fileloc=//sys/class/pci_bus/0000:10/subsystem/0000:0a/device/subsystem/drivers/virtio-pci/0000:06:00.0/power_state&path=//sys/class/pci_bus/0000:10/subsystem/0000:0a/device/subsystem/drivers/virtio-pci/0000:06:00.0 HTTP/1.1" 200 262264 "-" "meta-externalagent/1.1 (+https://developers.facebook.com/docs/sharing/webmasters/crawler)"
57.141.0.74 - - [17/Dec/2025:01:27:00 +0000] "GET /karamba-spielsaal-erfahrungen-angeschlossen-testbericht-werfen-sie-einen-blick-auf-den-link-within-2025-pro-teutonia/?fileloc=//sys/class/pci_bus/0000:0a/subsystem/0000:11/subsystem/0000:01/device/driver/0000:00:02.7/power/runtime_suspended_time&path=//sys/class/pci_bus/0000:0a/subsystem/0000:11/subsystem/0000:01/device/driver/0000:00:02.7/power HTTP/1.1" 200 262209 "-" "meta-externalagent/1.1 (+https://developers.facebook.com/docs/sharing/webmasters/crawler)"
217.113.194.61 - - [17/Dec/2025:01:27:01 +0000] "GET /privacy/?fileloc=/opt/wpsites/datainsightnow.com/wp-includes/blocks/text-columns/style-rtl.css&path=/opt/wpsites/datainsightnow.com/wp-includes/blocks/text-columns HTTP/1.1" 200 45437 "-" "Mozilla/5.0 (compatible; Barkrowler/0.9; +https://babbar.tech/crawler)"
57.141.0.58 - - [17/Dec/2025:01:27:01 +0000] "GET /moneysense-self-help-guide-to-the-ideal-profile/?fileloc=//sys/class/pci_bus/0000:05/subsystem/0000:0b/subsystem/0000:00/subsystem/0000:06/device/subsystem/uevent&path=//sys/class/pci_bus/0000:05/subsystem/0000:0b/subsystem/0000:00/subsystem/0000:06/device/subsystem HTTP/1.1" 200 262217 "-" "meta-externalagent/1.1 (+https://developers.facebook.com/docs/sharing/webmasters/crawler)"
57.141.0.10 - - [17/Dec/2025:01:27:01 +0000] "GET /karamba-spielsaal-erfahrungen-angeschlossen-testbericht-werfen-sie-einen-blick-auf-den-link-within-2025-pro-teutonia/?fileloc=//sys/class/pci_bus/0000:02/subsystem/0000:0e/subsystem/0000:0e/subsystem/0000:01/device/power/wakeup&path=//sys/class/pci_bus/0000:02/subsystem/0000:0e/subsystem/0000:0e/subsystem/0000:01/device/power HTTP/1.1" 200 262215 "-" "meta-externalagent/1.1 (+https://developers.facebook.com/docs/sharing/webmasters/crawler)"
74.7.241.13 - - [17/Dec/2025:01:27:01 +0000] "GET /?cat=1&paged=609 HTTP/1.1" 200 37537 "-" "Mozilla/5.0 AppleWebKit/537.36 (KHTML, like Gecko; compatible; GPTBot/1.3; +https://openai.com/gptbot)"
57.141.0.53 - - [17/Dec/2025:01:27:03 +0000] "GET /karamba-spielsaal-erfahrungen-angeschlossen-testbericht-werfen-sie-einen-blick-auf-den-link-within-2025-pro-teutonia/?fileloc=//sys/class/pci_bus/0000:06/subsystem/0000:13/subsystem/0000:09/subsystem/0000:03/device/d3cold_allowed&path=//sys/class/pci_bus/0000:06/subsystem/0000:13/subsystem/0000:09/subsystem/0000:03/device HTTP/1.1" 200 262209 "-" "meta-externalagent/1.1 (+https://developers.facebook.com/docs/sharing/webmasters/crawler)"
216.73.216.115 - - [17/Dec/2025:01:27:04 +0000] "GET /entity/600218257.htm HTTP/1.1" 301 5 "-" "Mozilla/5.0 AppleWebKit/537.36 (KHTML, like Gecko; compatible; ClaudeBot/1.0; +claudebot@anthropic.com)"
216.73.216.115 - - [17/Dec/2025:01:27:04 +0000] "GET /entity/600218257.htm/ HTTP/1.1" 200 45437 "https://datainsightnow.com/entity/600218257.htm" "Mozilla/5.0 AppleWebKit/537.36 (KHTML, like Gecko; compatible; ClaudeBot/1.0; +claudebot@anthropic.com)"
57.141.0.30 - - [17/Dec/2025:01:27:06 +0000] "GET /karamba-spielsaal-erfahrungen-angeschlossen-testbericht-werfen-sie-einen-blick-auf-den-link-within-2025-pro-teutonia/?path=//sys/class/pci_bus/0000:06/subsystem/0000:00/subsystem/0000:07/device/0000:00:02.5:pcie001/driver/0000:00:02.1:pcie001/driver/0000:00:03.3:pcie001 HTTP/1.1" 200 262248 "-" "meta-externalagent/1.1 (+https://developers.facebook.com/docs/sharing/webmasters/crawler)"
85.208.96.199 - - [17/Dec/2025:01:27:06 +0000] "GET /?p=26130 HTTP/1.1" 200 42473 "-" "Mozilla/5.0 (compatible; SemrushBot/7~bl; +http://www.semrush.com/bot.html)"
114.119.140.178 - - [17/Dec/2025:01:27:07 +0000] "GET /zodiac-kasino-erfahrungen-2024-480-bonus-80-freispiele/?path=//sys/dev/char/5:1/subsystem/tty44/subsystem/tty6/subsystem/tty51/subsystem/tty49 HTTP/1.1" 200 45438 "https://datainsightnow.com/zodiac-kasino-erfahrungen-2024-480-bonus-80-freispiele/?path=//sys/dev/char/5%3A1/subsystem/tty44/subsystem/tty6/subsystem/tty51/subsystem" "Mozilla/5.0 (Linux; Android 7.0;) AppleWebKit/537.36 (KHTML, like Gecko) Mobile Safari/537.36 (compatible; PetalBot;+https://webmaster.petalsearch.com/site/petalbot)"
216.73.216.115 - - [17/Dec/2025:01:27:07 +0000] "GET /entity/600299838.htm HTTP/1.1" 301 5 "-" "Mozilla/5.0 AppleWebKit/537.36 (KHTML, like Gecko; compatible; ClaudeBot/1.0; +claudebot@anthropic.com)"
216.73.216.115 - - [17/Dec/2025:01:27:08 +0000] "GET /entity/600299838.htm/ HTTP/1.1" 200 45437 "https://datainsightnow.com/entity/600299838.htm" "Mozilla/5.0 AppleWebKit/537.36 (KHTML, like Gecko; compatible; ClaudeBot/1.0; +claudebot@anthropic.com)"
57.141.0.59 - - [17/Dec/2025:01:27:09 +0000] "GET /2025/03/07/page/6/?fileloc=//sys/class/pci_bus/0000:10/subsystem/0000:03/subsystem/0000:0a/device/driver/0000:00:03.7/aer_rootport_total_err_nonfatal&path=//sys/class/pci_bus/0000:10/subsystem/0000:03/subsystem/0000:0a/device/driver/0000:00:03.7 HTTP/1.1" 200 262264 "-" "meta-externalagent/1.1 (+https://developers.facebook.com/docs/sharing/webmasters/crawler)"
74.7.241.13 - - [17/Dec/2025:01:27:10 +0000] "GET /index.php?rest_route=%2Foembed%2F1.0%2Fembed&url=https%3A%2F%2Fdatainsightnow.com%2F%3Fp%3D37675 HTTP/1.1" 200 1258 "-" "Mozilla/5.0 AppleWebKit/537.36 (KHTML, like Gecko; compatible; GPTBot/1.3; +https://openai.com/gptbot)"
216.73.216.115 - - [17/Dec/2025:01:27:10 +0000] "GET /entity/600194168.htm HTTP/1.1" 301 5 "-" "Mozilla/5.0 AppleWebKit/537.36 (KHTML, like Gecko; compatible; ClaudeBot/1.0; +claudebot@anthropic.com)"
216.73.216.115 - - [17/Dec/2025:01:27:12 +0000] "GET /entity/600194168.htm/ HTTP/1.1" 200 45437 "https://datainsightnow.com/entity/600194168.htm" "Mozilla/5.0 AppleWebKit/537.36 (KHTML, like Gecko; compatible; ClaudeBot/1.0; +claudebot@anthropic.com)"
57.141.0.39 - - [17/Dec/2025:01:27:12 +0000] "GET /2025/03/07/page/6/?fileloc=//sys/class/pci_bus/0000:0b/subsystem/0000:11/subsystem/0000:0b/subsystem/0000:03/device/firmware_node/uevent&path=//sys/class/pci_bus/0000:0b/subsystem/0000:11/subsystem/0000:0b/subsystem/0000:03/device/firmware_node HTTP/1.1" 200 262248 "-" "meta-externalagent/1.1 (+https://developers.facebook.com/docs/sharing/webmasters/crawler)"
57.141.0.60 - - [17/Dec/2025:01:27:12 +0000] "GET /2025/03/07/page/6/?fileloc=//sys/class/pci_bus/0000:06/subsystem/0000:05/subsystem/0000:03/subsystem/0000:08/rescan&path=//sys/class/pci_bus/0000:06/subsystem/0000:05/subsystem/0000:03/subsystem/0000:08 HTTP/1.1" 200 262264 "-" "meta-externalagent/1.1 (+https://developers.facebook.com/docs/sharing/webmasters/crawler)"
57.141.0.16 - - [17/Dec/2025:01:27:12 +0000] "GET /karamba-spielsaal-erfahrungen-angeschlossen-testbericht-werfen-sie-einen-blick-auf-den-link-within-2025-pro-teutonia/?fileloc=//sys/class/pci_bus/0000:06/subsystem/0000:09/subsystem/0000:06/subsystem/0000:08/device/driver/0000:00:02.3/0000:05:00.0/vendor&path=//sys/class/pci_bus/0000:06/subsystem/0000:09/subsystem/0000:06/subsystem/0000:08/device/driver/0000:00:02.3/0000:05:00.0 HTTP/1.1" 200 262209 "-" "meta-externalagent/1.1 (+https://developers.facebook.com/docs/sharing/webmasters/crawler)"
74.7.241.13 - - [17/Dec/2025:01:27:13 +0000] "GET /index.php?rest_route=%2Foembed%2F1.0%2Fembed&url=https%3A%2F%2Fdatainsightnow.com%2F%3Fp%3D20077 HTTP/1.1" 200 1290 "-" "Mozilla/5.0 AppleWebKit/537.36 (KHTML, like Gecko; compatible; GPTBot/1.3; +https://openai.com/gptbot)"
216.73.216.115 - - [17/Dec/2025:01:27:13 +0000] "GET /entity/600170338.htm HTTP/1.1" 301 5 "-" "Mozilla/5.0 AppleWebKit/537.36 (KHTML, like Gecko; compatible; ClaudeBot/1.0; +claudebot@anthropic.com)"
216.73.216.115 - - [17/Dec/2025:01:27:14 +0000] "GET /entity/600170338.htm/ HTTP/1.1" 200 45437 "https://datainsightnow.com/entity/600170338.htm" "Mozilla/5.0 AppleWebKit/537.36 (KHTML, like Gecko; compatible; ClaudeBot/1.0; +claudebot@anthropic.com)"
74.7.241.13 - - [17/Dec/2025:01:27:14 +0000] "GET /index.php?rest_route=%2Foembed%2F1.0%2Fembed&url=https%3A%2F%2Fdatainsightnow.com%2F%3Fp%3D24876 HTTP/1.1" 200 1286 "-" "Mozilla/5.0 AppleWebKit/537.36 (KHTML, like Gecko; compatible; GPTBot/1.3; +https://openai.com/gptbot)"
57.141.0.18 - - [17/Dec/2025:01:27:15 +0000] "GET /2025/03/07/page/6/?path=//sys/class/pci_bus/0000:07/subsystem/0000:01/subsystem/0000:11/subsystem/0000:0f/subsystem/0000:0a/device/subsystem HTTP/1.1" 200 262264 "-" "meta-externalagent/1.1 (+https://developers.facebook.com/docs/sharing/webmasters/crawler)"
216.73.216.115 - - [17/Dec/2025:01:27:16 +0000] "GET /entity/600182248.htm HTTP/1.1" 301 5 "-" "Mozilla/5.0 AppleWebKit/537.36 (KHTML, like Gecko; compatible; ClaudeBot/1.0; +claudebot@anthropic.com)"
74.7.241.13 - - [17/Dec/2025:01:27:16 +0000] "GET /index.php?rest_route=%2Foembed%2F1.0%2Fembed&url=https%3A%2F%2Fdatainsightnow.com%2F%3Fp%3D21463 HTTP/1.1" 200 1292 "-" "Mozilla/5.0 AppleWebKit/537.36 (KHTML, like Gecko; compatible; GPTBot/1.3; +https://openai.com/gptbot)"
66.249.77.98 - - [17/Dec/2025:01:27:16 +0000] "GET /entity/472758653.htm HTTP/1.1" 200 30466 "-" "Mozilla/5.0 (Linux; Android 6.0.1; Nexus 5X Build/MMB29P) AppleWebKit/537.36 (KHTML, like Gecko) Chrome/141.0.7390.122 Mobile Safari/537.36 (compatible; Googlebot/2.1; +http://www.google.com/bot.html)"
216.73.216.115 - - [17/Dec/2025:01:27:17 +0000] "GET /entity/600182248.htm/ HTTP/1.1" 200 45437 "https://datainsightnow.com/entity/600182248.htm" "Mozilla/5.0 AppleWebKit/537.36 (KHTML, like Gecko; compatible; ClaudeBot/1.0; +claudebot@anthropic.com)"
57.141.0.29 - - [17/Dec/2025:01:27:17 +0000] "GET /karamba-spielsaal-erfahrungen-angeschlossen-testbericht-werfen-sie-einen-blick-auf-den-link-within-2025-pro-teutonia/?fileloc=//sys/class/pci_bus/0000:06/subsystem/0000:0c/subsystem/0000:11/subsystem/0000:05/subsystem/0000:07/device/d3cold_allowed&path=//sys/class/pci_bus/0000:06/subsystem/0000:0c/subsystem/0000:11/subsystem/0000:05/subsystem/0000:07/device HTTP/1.1" 200 262209 "-" "meta-externalagent/1.1 (+https://developers.facebook.com/docs/sharing/webmasters/crawler)"
57.141.0.50 - - [17/Dec/2025:01:27:19 +0000] "GET /karamba-spielsaal-erfahrungen-angeschlossen-testbericht-werfen-sie-einen-blick-auf-den-link-within-2025-pro-teutonia/?fileloc=//sys/class/pci_bus/0000:07/subsystem/0000:05/subsystem/0000:0d/subsystem/0000:10/cpuaffinity&path=//sys/class/pci_bus/0000:07/subsystem/0000:05/subsystem/0000:0d/subsystem/0000:10 HTTP/1.1" 200 262264 "-" "meta-externalagent/1.1 (+https://developers.facebook.com/docs/sharing/webmasters/crawler)"
217.113.194.61 - - [17/Dec/2025:01:27:19 +0000] "GET /privacy/?fileloc=/opt/wpsites/datainsightnow.com/wp-includes/blocks/template-part/editor-rtl.css&path=/opt/wpsites/datainsightnow.com/wp-includes/blocks/template-part HTTP/1.1" 200 45437 "-" "Mozilla/5.0 (compatible; Barkrowler/0.9; +https://babbar.tech/crawler)"
216.73.216.115 - - [17/Dec/2025:01:27:19 +0000] "GET /entity/600298280.htm HTTP/1.1" 301 5 "-" "Mozilla/5.0 AppleWebKit/537.36 (KHTML, like Gecko; compatible; ClaudeBot/1.0; +claudebot@anthropic.com)"
74.7.241.13 - - [17/Dec/2025:01:27:19 +0000] "GET /index.php?rest_route=%2Foembed%2F1.0%2Fembed&url=https%3A%2F%2Fdatainsightnow.com%2F%3Fp%3D48349 HTTP/1.1" 200 1288 "-" "Mozilla/5.0 AppleWebKit/537.36 (KHTML, like Gecko; compatible; GPTBot/1.3; +https://openai.com/gptbot)"
216.73.216.115 - - [17/Dec/2025:01:27:20 +0000] "GET /entity/600298280.htm/ HTTP/1.1" 200 45437 "https://datainsightnow.com/entity/600298280.htm" "Mozilla/5.0 AppleWebKit/537.36 (KHTML, like Gecko; compatible; ClaudeBot/1.0; +claudebot@anthropic.com)"
74.7.241.13 - - [17/Dec/2025:01:27:22 +0000] "GET /index.php?rest_route=%2Foembed%2F1.0%2Fembed&url=https%3A%2F%2Fdatainsightnow.com%2F%3Fp%3D22475 HTTP/1.1" 200 1345 "-" "Mozilla/5.0 AppleWebKit/537.36 (KHTML, like Gecko; compatible; GPTBot/1.3; +https://openai.com/gptbot)"
57.141.0.24 - - [17/Dec/2025:01:27:24 +0000] "GET /2025/03/07/page/6/?path=//sys/class/pci_bus/0000:05/subsystem/0000:0b/subsystem/0000:0b/subsystem/0000:02/subsystem/0000:02/power HTTP/1.1" 200 262264 "-" "meta-externalagent/1.1 (+https://developers.facebook.com/docs/sharing/webmasters/crawler)"
216.73.216.115 - - [17/Dec/2025:01:27:25 +0000] "GET /entity/600279642.htm HTTP/1.1" 301 5 "-" "Mozilla/5.0 AppleWebKit/537.36 (KHTML, like Gecko; compatible; ClaudeBot/1.0; +claudebot@anthropic.com)"
216.73.216.115 - - [17/Dec/2025:01:27:25 +0000] "GET /entity/600279642.htm/ HTTP/1.1" 200 45437 "https://datainsightnow.com/entity/600279642.htm" "Mozilla/5.0 AppleWebKit/537.36 (KHTML, like Gecko; compatible; ClaudeBot/1.0; +claudebot@anthropic.com)"
74.7.241.13 - - [17/Dec/2025:01:27:25 +0000] "GET /index.php?rest_route=%2Foembed%2F1.0%2Fembed&url=https%3A%2F%2Fdatainsightnow.com%2F%3Fp%3D31145 HTTP/1.1" 200 1299 "-" "Mozilla/5.0 AppleWebKit/537.36 (KHTML, like Gecko; compatible; GPTBot/1.3; +https://openai.com/gptbot)"
57.141.0.55 - - [17/Dec/2025:01:27:26 +0000] "GET /2025/03/07/page/6/?path=//sys/class/pci_bus/0000:05/subsystem/0000:0b/subsystem/0000:01/device/driver/0000:00:03.4/driver/0000:00:02.7/subsystem/slots HTTP/1.1" 200 262264 "-" "meta-externalagent/1.1 (+https://developers.facebook.com/docs/sharing/webmasters/crawler)"
216.73.216.115 - - [17/Dec/2025:01:27:27 +0000] "GET /entity/600197535.htm HTTP/1.1" 301 5 "-" "Mozilla/5.0 AppleWebKit/537.36 (KHTML, like Gecko; compatible; ClaudeBot/1.0; +claudebot@anthropic.com)"
216.73.216.115 - - [17/Dec/2025:01:27:27 +0000] "GET /entity/600197535.htm/ HTTP/1.1" 200 45437 "https://datainsightnow.com/entity/600197535.htm" "Mozilla/5.0 AppleWebKit/537.36 (KHTML, like Gecko; compatible; ClaudeBot/1.0; +claudebot@anthropic.com)"
74.7.241.13 - - [17/Dec/2025:01:27:29 +0000] "GET /index.php?rest_route=%2Foembed%2F1.0%2Fembed&url=https%3A%2F%2Fdatainsightnow.com%2F%3Fp%3D31963 HTTP/1.1" 200 1307 "-" "Mozilla/5.0 AppleWebKit/537.36 (KHTML, like Gecko; compatible; GPTBot/1.3; +https://openai.com/gptbot)"
66.249.77.99 - - [17/Dec/2025:01:27:29 +0000] "GET /?fileloc=//sys/class/sound/card0/device/subsystem/devices/0000:00:02.2/subsystem/devices/0000:00:03.4/driver/0000:00:02.7/driver/0000:00:03.0/subsystem/devices/0000:00:03.1/driver/0000:00:02.6/consistent_dma_mask_bits&path=//sys/class/sound/card0/device/subsystem/devices/0000:00:02.2/subsystem/devices/0000:00:03.4/driver/0000:00:02.7/driver/0000:00:03.0/subsystem/devices/0000:00:03.1/driver/0000:00:02.6 HTTP/1.1" 200 45438 "-" "Mozilla/5.0 (Linux; Android 6.0.1; Nexus 5X Build/MMB29P) AppleWebKit/537.36 (KHTML, like Gecko) Chrome/141.0.7390.122 Mobile Safari/537.36 (compatible; Googlebot/2.1; +http://www.google.com/bot.html)"
216.73.216.115 - - [17/Dec/2025:01:27:30 +0000] "GET /entity/600253481.htm HTTP/1.1" 301 5 "-" "Mozilla/5.0 AppleWebKit/537.36 (KHTML, like Gecko; compatible; ClaudeBot/1.0; +claudebot@anthropic.com)"
47.128.37.0 - - [17/Dec/2025:01:27:31 +0000] "GET /?fileloc=%2F%2Fproc%2F30%2Fio&path=%2F%2Fproc%2F30 HTTP/1.1" 200 45438 "-" "Mozilla/5.0 (Linux; Android 5.0) AppleWebKit/537.36 (KHTML, like Gecko) Mobile Safari/537.36 (compatible; Bytespider; spider-feedback@bytedance.com)"
216.73.216.115 - - [17/Dec/2025:01:27:31 +0000] "GET /entity/600253481.htm/ HTTP/1.1" 200 45437 "https://datainsightnow.com/entity/600253481.htm" "Mozilla/5.0 AppleWebKit/537.36 (KHTML, like Gecko; compatible; ClaudeBot/1.0; +claudebot@anthropic.com)"
57.141.0.5 - - [17/Dec/2025:01:27:31 +0000] "GET /2025/03/07/page/6/?fileloc=//sys/class/pci_bus/0000:01/subsystem/0000:12/subsystem/0000:0a/subsystem/0000:00/device/0000:00:02.7/subsystem_device&path=//sys/class/pci_bus/0000:01/subsystem/0000:12/subsystem/0000:0a/subsystem/0000:00/device/0000:00:02.7 HTTP/1.1" 200 262248 "-" "meta-externalagent/1.1 (+https://developers.facebook.com/docs/sharing/webmasters/crawler)"
74.7.241.13 - - [17/Dec/2025:01:27:32 +0000] "GET /index.php?rest_route=%2Foembed%2F1.0%2Fembed&url=https%3A%2F%2Fdatainsightnow.com%2F%3Fp%3D28961 HTTP/1.1" 200 1293 "-" "Mozilla/5.0 AppleWebKit/537.36 (KHTML, like Gecko; compatible; GPTBot/1.3; +https://openai.com/gptbot)"
57.141.0.20 - - [17/Dec/2025:01:27:32 +0000] "GET /2025/03/07/page/6/?path=//sys/class/pci_bus/0000:05/subsystem/0000:13/subsystem/0000:0a/device/subsystem/slots/20 HTTP/1.1" 200 262264 "-" "meta-externalagent/1.1 (+https://developers.facebook.com/docs/sharing/webmasters/crawler)"
216.73.216.115 - - [17/Dec/2025:01:27:33 +0000] "GET /entity/600150393.htm HTTP/1.1" 301 5 "-" "Mozilla/5.0 AppleWebKit/537.36 (KHTML, like Gecko; compatible; ClaudeBot/1.0; +claudebot@anthropic.com)"
216.73.216.115 - - [17/Dec/2025:01:27:33 +0000] "GET /entity/600150393.htm/ HTTP/1.1" 200 45437 "https://datainsightnow.com/entity/600150393.htm" "Mozilla/5.0 AppleWebKit/537.36 (KHTML, like Gecko; compatible; ClaudeBot/1.0; +claudebot@anthropic.com)"
74.7.241.13 - - [17/Dec/2025:01:27:35 +0000] "GET /index.php?rest_route=%2Foembed%2F1.0%2Fembed&url=https%3A%2F%2Fdatainsightnow.com%2F%3Fp%3D22477 HTTP/1.1" 200 1301 "-" "Mozilla/5.0 AppleWebKit/537.36 (KHTML, like Gecko; compatible; GPTBot/1.3; +https://openai.com/gptbot)"
217.113.194.214 - - [17/Dec/2025:01:27:35 +0000] "GET /privacy/?fileloc=/opt/wpsites/datainsightnow.com/wp-includes/blocks/media-text/editor-rtl.css&path=/opt/wpsites/datainsightnow.com/wp-includes/blocks/media-text HTTP/1.1" 200 45437 "-" "Mozilla/5.0 (compatible; Barkrowler/0.9; +https://babbar.tech/crawler)"
57.141.0.68 - - [17/Dec/2025:01:27:35 +0000] "GET /2025/03/06/page/39/?fileloc=//sys/class/pci_bus/0000:0c/device/driver/0000:00:04.1/driver/0000:00:02.6/driver/0000:00:02.1/config&path=//sys/class/pci_bus/0000:0c/device/driver/0000:00:04.1/driver/0000:00:02.6/driver/0000:00:02.1 HTTP/1.1" 200 262215 "-" "meta-externalagent/1.1 (+https://developers.facebook.com/docs/sharing/webmasters/crawler)"
57.141.0.2 - - [17/Dec/2025:01:27:36 +0000] "GET /2025/03/07/page/6/?fileloc=//sys/class/pci_bus/0000:05/subsystem/0000:05/subsystem/0000:05/subsystem/0000:03/subsystem/0000:0d/device/enable&path=//sys/class/pci_bus/0000:05/subsystem/0000:05/subsystem/0000:05/subsystem/0000:03/subsystem/0000:0d/device HTTP/1.1" 200 262216 "-" "meta-externalagent/1.1 (+https://developers.facebook.com/docs/sharing/webmasters/crawler)"
216.73.216.115 - - [17/Dec/2025:01:27:36 +0000] "GET /entity/600226282.htm HTTP/1.1" 301 5 "-" "Mozilla/5.0 AppleWebKit/537.36 (KHTML, like Gecko; compatible; ClaudeBot/1.0; +claudebot@anthropic.com)"
216.73.216.115 - - [17/Dec/2025:01:27:36 +0000] "GET /entity/600226282.htm/ HTTP/1.1" 200 45437 "https://datainsightnow.com/entity/600226282.htm" "Mozilla/5.0 AppleWebKit/537.36 (KHTML, like Gecko; compatible; ClaudeBot/1.0; +claudebot@anthropic.com)"
57.141.0.58 - - [17/Dec/2025:01:27:37 +0000] "GET /karamba-spielsaal-erfahrungen-angeschlossen-testbericht-werfen-sie-einen-blick-auf-den-link-within-2025-pro-teutonia/?fileloc=//sys/class/pci_bus/0000:04/device/driver/0000:00:02.2/driver/0000:00:02.4/driver/0000:00:03.4/driver/0000:00:03.0/power_state&path=//sys/class/pci_bus/0000:04/device/driver/0000:00:02.2/driver/0000:00:02.4/driver/0000:00:03.4/driver/0000:00:03.0 HTTP/1.1" 200 262209 "-" "meta-externalagent/1.1 (+https://developers.facebook.com/docs/sharing/webmasters/crawler)"
74.7.241.13 - - [17/Dec/2025:01:27:38 +0000] "GET /index.php?rest_route=%2Foembed%2F1.0%2Fembed&url=https%3A%2F%2Fdatainsightnow.com%2F%3Fp%3D17157 HTTP/1.1" 200 1393 "-" "Mozilla/5.0 AppleWebKit/537.36 (KHTML, like Gecko; compatible; GPTBot/1.3; +https://openai.com/gptbot)"
57.141.0.23 - - [17/Dec/2025:01:27:39 +0000] "GET /2025/03/07/page/6/?fileloc=//sys/class/pci_bus/0000:05/subsystem/0000:0c/subsystem/0000:11/device/driver/0000:00:02.7/0000:09:00.0/resource4_wc&path=//sys/class/pci_bus/0000:05/subsystem/0000:0c/subsystem/0000:11/device/driver/0000:00:02.7/0000:09:00.0 HTTP/1.1" 200 262264 "-" "meta-externalagent/1.1 (+https://developers.facebook.com/docs/sharing/webmasters/crawler)"
216.73.216.115 - - [17/Dec/2025:01:27:39 +0000] "GET /entity/600370547.htm HTTP/1.1" 301 5 "-" "Mozilla/5.0 AppleWebKit/537.36 (KHTML, like Gecko; compatible; ClaudeBot/1.0; +claudebot@anthropic.com)"
216.73.216.115 - - [17/Dec/2025:01:27:39 +0000] "GET /entity/600370547.htm/ HTTP/1.1" 200 45437 "https://datainsightnow.com/entity/600370547.htm" "Mozilla/5.0 AppleWebKit/537.36 (KHTML, like Gecko; compatible; ClaudeBot/1.0; +claudebot@anthropic.com)"
74.7.241.13 - - [17/Dec/2025:01:27:41 +0000] "GET /index.php?rest_route=%2Foembed%2F1.0%2Fembed&url=https%3A%2F%2Fdatainsightnow.com%2F%3Fp%3D46845 HTTP/1.1" 200 1256 "-" "Mozilla/5.0 AppleWebKit/537.36 (KHTML, like Gecko; compatible; GPTBot/1.3; +https://openai.com/gptbot)"
216.73.216.115 - - [17/Dec/2025:01:27:42 +0000] "GET /entity/600359926.htm HTTP/1.1" 301 5 "-" "Mozilla/5.0 AppleWebKit/537.36 (KHTML, like Gecko; compatible; ClaudeBot/1.0; +claudebot@anthropic.com)"
57.141.0.77 - - [17/Dec/2025:01:27:43 +0000] "GET /2025/03/07/page/6/?path=//sys/class/pci_bus/0000:03/subsystem/0000:06/subsystem/0000:06/subsystem/0000:00/subsystem/0000:0d/device/msi_irqs HTTP/1.1" 200 262264 "-" "meta-externalagent/1.1 (+https://developers.facebook.com/docs/sharing/webmasters/crawler)"
216.73.216.115 - - [17/Dec/2025:01:27:43 +0000] "GET /entity/600359926.htm/ HTTP/1.1" 200 45437 "https://datainsightnow.com/entity/600359926.htm" "Mozilla/5.0 AppleWebKit/537.36 (KHTML, like Gecko; compatible; ClaudeBot/1.0; +claudebot@anthropic.com)"
74.7.241.13 - - [17/Dec/2025:01:27:44 +0000] "GET /index.php?rest_route=%2Foembed%2F1.0%2Fembed&url=https%3A%2F%2Fdatainsightnow.com%2F%3Fp%3D12549 HTTP/1.1" 200 1266 "-" "Mozilla/5.0 AppleWebKit/537.36 (KHTML, like Gecko; compatible; GPTBot/1.3; +https://openai.com/gptbot)"
216.73.216.115 - - [17/Dec/2025:01:27:46 +0000] "GET /entity/600267471.htm HTTP/1.1" 301 5 "-" "Mozilla/5.0 AppleWebKit/537.36 (KHTML, like Gecko; compatible; ClaudeBot/1.0; +claudebot@anthropic.com)"
216.73.216.115 - - [17/Dec/2025:01:27:46 +0000] "GET /entity/600267471.htm/ HTTP/1.1" 200 45437 "https://datainsightnow.com/entity/600267471.htm" "Mozilla/5.0 AppleWebKit/537.36 (KHTML, like Gecko; compatible; ClaudeBot/1.0; +claudebot@anthropic.com)"
57.141.0.37 - - [17/Dec/2025:01:27:47 +0000] "GET /2025/03/07/page/6/?path=//sys/class/pci_bus/0000:05/subsystem/0000:0c/subsystem/0000:0e/subsystem/0000:0e/subsystem/0000:0f/subsystem/0000:01/subsystem/0000:04 HTTP/1.1" 200 262264 "-" "meta-externalagent/1.1 (+https://developers.facebook.com/docs/sharing/webmasters/crawler)"
74.7.241.13 - - [17/Dec/2025:01:27:47 +0000] "GET /?cat=1&paged=608 HTTP/1.1" 200 37510 "-" "Mozilla/5.0 AppleWebKit/537.36 (KHTML, like Gecko; compatible; GPTBot/1.3; +https://openai.com/gptbot)"
57.141.0.55 - - [17/Dec/2025:01:27:48 +0000] "GET /2025/03/06/page/39/?path=//sys/class/pci_bus/0000:0e/subsystem/0000:12/subsystem/0000:0c/subsystem/0000:01/subsystem/0000:11/subsystem HTTP/1.1" 200 262264 "-" "meta-externalagent/1.1 (+https://developers.facebook.com/docs/sharing/webmasters/crawler)"
57.141.0.55 - - [17/Dec/2025:01:27:49 +0000] "GET /2025/03/07/page/6/?fileloc=//sys/class/pci_bus/0000:03/subsystem/0000:13/subsystem/0000:0c/subsystem/0000:0e/device/numa_node&path=//sys/class/pci_bus/0000:03/subsystem/0000:13/subsystem/0000:0c/subsystem/0000:0e/device HTTP/1.1" 200 262209 "-" "meta-externalagent/1.1 (+https://developers.facebook.com/docs/sharing/webmasters/crawler)"
216.73.216.115 - - [17/Dec/2025:01:27:49 +0000] "GET /entity/600251660.htm HTTP/1.1" 301 5 "-" "Mozilla/5.0 AppleWebKit/537.36 (KHTML, like Gecko; compatible; ClaudeBot/1.0; +claudebot@anthropic.com)"
216.73.216.115 - - [17/Dec/2025:01:27:49 +0000] "GET /entity/600251660.htm/ HTTP/1.1" 200 45437 "https://datainsightnow.com/entity/600251660.htm" "Mozilla/5.0 AppleWebKit/537.36 (KHTML, like Gecko; compatible; ClaudeBot/1.0; +claudebot@anthropic.com)"
66.135.21.75 - - [17/Dec/2025:01:27:50 +0000] "POST /wp-cron.php?doing_wp_cron=1765934870.2705910205841064453125 HTTP/1.1" 200 31 "-" "WordPress/6.3.1; https://datainsightnow.com"
57.141.0.44 - - [17/Dec/2025:01:27:50 +0000] "GET /2025/03/07/page/6/?fileloc=//sys/class/pci_bus/0000:03/subsystem/0000:0f/subsystem/0000:0d/subsystem/0000:0e/device/driver/0000:00:02.4/driver_override&path=//sys/class/pci_bus/0000:03/subsystem/0000:0f/subsystem/0000:0d/subsystem/0000:0e/device/driver/0000:00:02.4 HTTP/1.1" 200 262215 "-" "meta-externalagent/1.1 (+https://developers.facebook.com/docs/sharing/webmasters/crawler)"
74.7.241.13 - - [17/Dec/2025:01:27:50 +0000] "GET /index.php?rest_route=%2Foembed%2F1.0%2Fembed&url=https%3A%2F%2Fdatainsightnow.com%2F%3Fp%3D44805 HTTP/1.1" 200 1289 "-" "Mozilla/5.0 AppleWebKit/537.36 (KHTML, like Gecko; compatible; GPTBot/1.3; +https://openai.com/gptbot)"
217.113.194.61 - - [17/Dec/2025:01:27:51 +0000] "GET /privacy/?fileloc=/opt/wpsites/datacloudnow.com/wp-includes/IXR/class-IXR-value.php&path=/opt/wpsites/datacloudnow.com/wp-includes/IXR HTTP/1.1" 200 45437 "-" "Mozilla/5.0 (compatible; Barkrowler/0.9; +https://babbar.tech/crawler)"
57.141.0.33 - - [17/Dec/2025:01:27:51 +0000] "GET /2025/03/07/page/6/?path=//sys/class/pci_bus/0000:0d/subsystem/0000:02/subsystem/0000:02/subsystem/0000:00/subsystem/0000:0c/subsystem/0000:03 HTTP/1.1" 200 262264 "-" "meta-externalagent/1.1 (+https://developers.facebook.com/docs/sharing/webmasters/crawler)"
216.73.216.115 - - [17/Dec/2025:01:27:52 +0000] "GET /entity/600167744.htm HTTP/1.1" 301 5 "-" "Mozilla/5.0 AppleWebKit/537.36 (KHTML, like Gecko; compatible; ClaudeBot/1.0; +claudebot@anthropic.com)"
216.73.216.115 - - [17/Dec/2025:01:27:52 +0000] "GET /entity/600167744.htm/ HTTP/1.1" 200 45437 "https://datainsightnow.com/entity/600167744.htm" "Mozilla/5.0 AppleWebKit/537.36 (KHTML, like Gecko; compatible; ClaudeBot/1.0; +claudebot@anthropic.com)"
74.7.241.13 - - [17/Dec/2025:01:27:54 +0000] "GET /index.php?rest_route=%2Foembed%2F1.0%2Fembed&url=https%3A%2F%2Fdatainsightnow.com%2F%3Fp%3D35619 HTTP/1.1" 200 1278 "-" "Mozilla/5.0 AppleWebKit/537.36 (KHTML, like Gecko; compatible; GPTBot/1.3; +https://openai.com/gptbot)"
216.73.216.115 - - [17/Dec/2025:01:27:55 +0000] "GET /entity/600190797.htm HTTP/1.1" 301 5 "-" "Mozilla/5.0 AppleWebKit/537.36 (KHTML, like Gecko; compatible; ClaudeBot/1.0; +claudebot@anthropic.com)"
216.73.216.115 - - [17/Dec/2025:01:27:55 +0000] "GET /entity/600190797.htm/ HTTP/1.1" 200 45437 "https://datainsightnow.com/entity/600190797.htm" "Mozilla/5.0 AppleWebKit/537.36 (KHTML, like Gecko; compatible; ClaudeBot/1.0; +claudebot@anthropic.com)"
57.141.0.28 - - [17/Dec/2025:01:27:56 +0000] "GET /karamba-spielsaal-erfahrungen-angeschlossen-testbericht-werfen-sie-einen-blick-auf-den-link-within-2025-pro-teutonia/?path=//sys/class/pci_bus/0000:06/subsystem/0000:06/subsystem/0000:05/subsystem/0000:00/device/firmware_node/device:26 HTTP/1.1" 200 262264 "-" "meta-externalagent/1.1 (+https://developers.facebook.com/docs/sharing/webmasters/crawler)"
74.7.241.13 - - [17/Dec/2025:01:27:57 +0000] "GET /index.php?rest_route=%2Foembed%2F1.0%2Fembed&url=https%3A%2F%2Fdatainsightnow.com%2F%3Fp%3D38476 HTTP/1.1" 200 1314 "-" "Mozilla/5.0 AppleWebKit/537.36 (KHTML, like Gecko; compatible; GPTBot/1.3; +https://openai.com/gptbot)"
216.73.216.115 - - [17/Dec/2025:01:27:58 +0000] "GET /entity/600252182.htm HTTP/1.1" 301 5 "-" "Mozilla/5.0 AppleWebKit/537.36 (KHTML, like Gecko; compatible; ClaudeBot/1.0; +claudebot@anthropic.com)"
216.73.216.115 - - [17/Dec/2025:01:27:58 +0000] "GET /entity/600252182.htm/ HTTP/1.1" 200 45437 "https://datainsightnow.com/entity/600252182.htm" "Mozilla/5.0 AppleWebKit/537.36 (KHTML, like Gecko; compatible; ClaudeBot/1.0; +claudebot@anthropic.com)"
74.7.241.13 - - [17/Dec/2025:01:28:00 +0000] "GET /index.php?rest_route=%2Foembed%2F1.0%2Fembed&url=https%3A%2F%2Fdatainsightnow.com%2F%3Fp%3D47179 HTTP/1.1" 200 1287 "-" "Mozilla/5.0 AppleWebKit/537.36 (KHTML, like Gecko; compatible; GPTBot/1.3; +https://openai.com/gptbot)"
216.73.216.115 - - [17/Dec/2025:01:28:01 +0000] "GET /entity/600229914.htm HTTP/1.1" 301 5 "-" "Mozilla/5.0 AppleWebKit/537.36 (KHTML, like Gecko; compatible; ClaudeBot/1.0; +claudebot@anthropic.com)"
216.73.216.115 - - [17/Dec/2025:01:28:01 +0000] "GET /entity/600229914.htm/ HTTP/1.1" 200 45437 "https://datainsightnow.com/entity/600229914.htm" "Mozilla/5.0 AppleWebKit/537.36 (KHTML, like Gecko; compatible; ClaudeBot/1.0; +claudebot@anthropic.com)"
74.7.241.13 - - [17/Dec/2025:01:28:03 +0000] "GET /index.php?rest_route=%2Foembed%2F1.0%2Fembed&url=https%3A%2F%2Fdatainsightnow.com%2F%3Fp%3D31525 HTTP/1.1" 200 1276 "-" "Mozilla/5.0 AppleWebKit/537.36 (KHTML, like Gecko; compatible; GPTBot/1.3; +https://openai.com/gptbot)"
216.73.216.115 - - [17/Dec/2025:01:28:04 +0000] "GET /entity/600368989.htm HTTP/1.1" 301 5 "-" "Mozilla/5.0 AppleWebKit/537.36 (KHTML, like Gecko; compatible; ClaudeBot/1.0; +claudebot@anthropic.com)"
216.73.216.115 - - [17/Dec/2025:01:28:04 +0000] "GET /entity/600368989.htm/ HTTP/1.1" 200 45437 "https://datainsightnow.com/entity/600368989.htm" "Mozilla/5.0 AppleWebKit/537.36 (KHTML, like Gecko; compatible; ClaudeBot/1.0; +claudebot@anthropic.com)"
74.7.241.13 - - [17/Dec/2025:01:28:06 +0000] "GET /index.php?rest_route=%2Foembed%2F1.0%2Fembed&url=https%3A%2F%2Fdatainsightnow.com%2F%3Fp%3D38025 HTTP/1.1" 200 1407 "-" "Mozilla/5.0 AppleWebKit/537.36 (KHTML, like Gecko; compatible; GPTBot/1.3; +https://openai.com/gptbot)"
57.141.0.4 - - [17/Dec/2025:01:28:07 +0000] "GET /2025/03/06/page/39/?fileloc=//sys/class/pci_bus/0000:0c/subsystem/0000:09/subsystem/0000:0c/device/local_cpus&path=//sys/class/pci_bus/0000:0c/subsystem/0000:09/subsystem/0000:0c/device HTTP/1.1" 200 262264 "-" "meta-externalagent/1.1 (+https://developers.facebook.com/docs/sharing/webmasters/crawler)"
216.73.216.115 - - [17/Dec/2025:01:28:07 +0000] "GET /entity/600257362.htm HTTP/1.1" 301 5 "-" "Mozilla/5.0 AppleWebKit/537.36 (KHTML, like Gecko; compatible; ClaudeBot/1.0; +claudebot@anthropic.com)"
57.141.0.44 - - [17/Dec/2025:01:28:08 +0000] "GET /karamba-spielsaal-erfahrungen-angeschlossen-testbericht-werfen-sie-einen-blick-auf-den-link-within-2025-pro-teutonia/?fileloc=//sys/class/pci_bus/0000:0b/subsystem/0000:0b/subsystem/0000:00/device/0000:00:03.5/driver/0000:00:04.0/aer_dev_correctable&path=//sys/class/pci_bus/0000:0b/subsystem/0000:0b/subsystem/0000:00/device/0000:00:03.5/driver/0000:00:04.0 HTTP/1.1" 200 262264 "-" "meta-externalagent/1.1 (+https://developers.facebook.com/docs/sharing/webmasters/crawler)"
216.73.216.115 - - [17/Dec/2025:01:28:08 +0000] "GET /entity/600257362.htm/ HTTP/1.1" 200 45437 "https://datainsightnow.com/entity/600257362.htm" "Mozilla/5.0 AppleWebKit/537.36 (KHTML, like Gecko; compatible; ClaudeBot/1.0; +claudebot@anthropic.com)"
217.113.194.61 - - [17/Dec/2025:01:28:09 +0000] "GET /privacy/?fileloc=//etc/ssl/certs/Autoridad_de_Certificacion_Firmaprofesional_CIF_A62634068.pem&path=//etc/ssl/certs HTTP/1.1" 200 45437 "-" "Mozilla/5.0 (compatible; Barkrowler/0.9; +https://babbar.tech/crawler)"
57.141.0.49 - - [17/Dec/2025:01:28:09 +0000] "GET /karamba-spielsaal-erfahrungen-angeschlossen-testbericht-werfen-sie-einen-blick-auf-den-link-within-2025-pro-teutonia/?fileloc=//sys/class/pci_bus/0000:0a/subsystem/0000:0d/subsystem/0000:02/subsystem/0000:02/device/max_link_width&path=//sys/class/pci_bus/0000:0a/subsystem/0000:0d/subsystem/0000:02/subsystem/0000:02/device HTTP/1.1" 200 262216 "-" "meta-externalagent/1.1 (+https://developers.facebook.com/docs/sharing/webmasters/crawler)"
74.7.241.13 - - [17/Dec/2025:01:28:10 +0000] "GET /index.php?rest_route=%2Foembed%2F1.0%2Fembed&url=https%3A%2F%2Fdatainsightnow.com%2F%3Fp%3D24689 HTTP/1.1" 200 1287 "-" "Mozilla/5.0 AppleWebKit/537.36 (KHTML, like Gecko; compatible; GPTBot/1.3; +https://openai.com/gptbot)"
216.73.216.115 - - [17/Dec/2025:01:28:10 +0000] "GET /entity/600245968.htm HTTP/1.1" 301 5 "-" "Mozilla/5.0 AppleWebKit/537.36 (KHTML, like Gecko; compatible; ClaudeBot/1.0; +claudebot@anthropic.com)"
216.73.216.115 - - [17/Dec/2025:01:28:10 +0000] "GET /entity/600245968.htm/ HTTP/1.1" 200 45437 "https://datainsightnow.com/entity/600245968.htm" "Mozilla/5.0 AppleWebKit/537.36 (KHTML, like Gecko; compatible; ClaudeBot/1.0; +claudebot@anthropic.com)"
57.141.0.23 - - [17/Dec/2025:01:28:11 +0000] "GET /2025/03/07/page/6/?path=//sys/class/pci_bus/0000:0f/subsystem/0000:01/subsystem/0000:0c/subsystem/0000:07/subsystem/0000:10 HTTP/1.1" 200 262264 "-" "meta-externalagent/1.1 (+https://developers.facebook.com/docs/sharing/webmasters/crawler)"
216.73.216.115 - - [17/Dec/2025:01:28:13 +0000] "GET /entity/600255290.htm HTTP/1.1" 301 5 "-" "Mozilla/5.0 AppleWebKit/537.36 (KHTML, like Gecko; compatible; ClaudeBot/1.0; +claudebot@anthropic.com)"
216.73.216.115 - - [17/Dec/2025:01:28:13 +0000] "GET /entity/600255290.htm/ HTTP/1.1" 200 45437 "https://datainsightnow.com/entity/600255290.htm" "Mozilla/5.0 AppleWebKit/537.36 (KHTML, like Gecko; compatible; ClaudeBot/1.0; +claudebot@anthropic.com)"
57.141.0.6 - - [17/Dec/2025:01:28:14 +0000] "GET /moneysense-self-help-guide-to-the-ideal-profile/?fileloc=//sys/class/pci_bus/0000:0c/subsystem/0000:06/subsystem/0000:09/subsystem/0000:13/cpulistaffinity&path=//sys/class/pci_bus/0000:0c/subsystem/0000:06/subsystem/0000:09/subsystem/0000:13 HTTP/1.1" 200 262248 "-" "meta-externalagent/1.1 (+https://developers.facebook.com/docs/sharing/webmasters/crawler)"
57.141.0.6 - - [17/Dec/2025:01:28:14 +0000] "GET /2025/03/06/page/39/?fileloc=//sys/class/pci_bus/0000:0a/subsystem/0000:0a/device/driver/0000:00:02.7/subsystem/rescan&path=//sys/class/pci_bus/0000:0a/subsystem/0000:0a/device/driver/0000:00:02.7/subsystem HTTP/1.1" 200 262215 "-" "meta-externalagent/1.1 (+https://developers.facebook.com/docs/sharing/webmasters/crawler)"
57.141.0.21 - - [17/Dec/2025:01:28:14 +0000] "GET /karamba-spielsaal-erfahrungen-angeschlossen-testbericht-werfen-sie-einen-blick-auf-den-link-within-2025-pro-teutonia/?path=//sys/class/pci_bus/0000:06/subsystem/0000:0c/subsystem/0000:13/subsystem/0000:0f/subsystem/0000:00/device/0000:00:1f.3 HTTP/1.1" 200 262264 "-" "meta-externalagent/1.1 (+https://developers.facebook.com/docs/sharing/webmasters/crawler)"
216.73.216.115 - - [17/Dec/2025:01:28:16 +0000] "GET /entity/600187689.htm HTTP/1.1" 301 5 "-" "Mozilla/5.0 AppleWebKit/537.36 (KHTML, like Gecko; compatible; ClaudeBot/1.0; +claudebot@anthropic.com)"
216.73.216.115 - - [17/Dec/2025:01:28:16 +0000] "GET /entity/600187689.htm/ HTTP/1.1" 200 45437 "https://datainsightnow.com/entity/600187689.htm" "Mozilla/5.0 AppleWebKit/537.36 (KHTML, like Gecko; compatible; ClaudeBot/1.0; +claudebot@anthropic.com)"
74.7.241.13 - - [17/Dec/2025:01:28:17 +0000] "GET /index.php?rest_route=%2Foembed%2F1.0%2Fembed&url=https%3A%2F%2Fdatainsightnow.com%2F%3Fp%3D18550 HTTP/1.1" 200 1393 "-" "Mozilla/5.0 AppleWebKit/537.36 (KHTML, like Gecko; compatible; GPTBot/1.3; +https://openai.com/gptbot)"
66.249.77.99 - - [17/Dec/2025:01:28:18 +0000] "GET /?fileloc=//sys/class/wakeup/wakeup0/subsystem/wakeup26/subsystem/wakeup2/subsystem/wakeup20/subsystem/wakeup35/subsystem/wakeup14/subsystem/wakeup35/subsystem/wakeup28/subsystem/wakeup7/subsystem/wakeup2/subsystem/wakeup17/subsystem/wakeup11/subsystem/wakeup11/subsystem/wakeup22/subsystem/wakeup12/subsystem/wakeup14/subsystem/wakeup35/subsystem/wakeup34/last_change_ms&path=//sys/class/wakeup/wakeup0/subsystem/wakeup26/subsystem/wakeup2/subsystem/wakeup20/subsystem/wakeup35/subsystem/wakeup14/subsystem/wakeup35/subsystem/wakeup28/subsystem/wakeup7/subsystem/wakeup2/subsystem/wakeup17/subsystem/wakeup11/subsystem/wakeup11/subsystem/wakeup22/subsystem/wakeup12/subsystem/wakeup14/subsystem/wakeup35/subsystem/wakeup34 HTTP/1.1" 200 45438 "-" "Mozilla/5.0 (Linux; Android 6.0.1; Nexus 5X Build/MMB29P) AppleWebKit/537.36 (KHTML, like Gecko) Chrome/141.0.7390.122 Mobile Safari/537.36 (compatible; Googlebot/2.1; +http://www.google.com/bot.html)"
216.73.216.115 - - [17/Dec/2025:01:28:19 +0000] "GET /entity/600203751.htm HTTP/1.1" 301 5 "-" "Mozilla/5.0 AppleWebKit/537.36 (KHTML, like Gecko; compatible; ClaudeBot/1.0; +claudebot@anthropic.com)"
216.73.216.115 - - [17/Dec/2025:01:28:19 +0000] "GET /entity/600203751.htm/ HTTP/1.1" 200 45437 "https://datainsightnow.com/entity/600203751.htm" "Mozilla/5.0 AppleWebKit/537.36 (KHTML, like Gecko; compatible; ClaudeBot/1.0; +claudebot@anthropic.com)"
57.141.0.47 - - [17/Dec/2025:01:28:20 +0000] "GET /2025/03/06/page/39/?path=//sys/class/pci_bus/0000:02/subsystem/0000:02/subsystem/0000:11/subsystem/0000:06/subsystem/0000:0d/device/firmware_node HTTP/1.1" 200 262209 "-" "meta-externalagent/1.1 (+https://developers.facebook.com/docs/sharing/webmasters/crawler)"
74.7.241.13 - - [17/Dec/2025:01:28:20 +0000] "GET /?cat=1&paged=607 HTTP/1.1" 200 37369 "-" "Mozilla/5.0 AppleWebKit/537.36 (KHTML, like Gecko; compatible; GPTBot/1.3; +https://openai.com/gptbot)"
57.141.0.11 - - [17/Dec/2025:01:28:20 +0000] "GET /2025/03/06/page/39/?fileloc=//sys/class/pci_bus/0000:0b/subsystem/0000:06/subsystem/0000:0f/subsystem/0000:06/device/driver/0000:00:03.4/device&path=//sys/class/pci_bus/0000:0b/subsystem/0000:06/subsystem/0000:0f/subsystem/0000:06/device/driver/0000:00:03.4 HTTP/1.1" 200 262264 "-" "meta-externalagent/1.1 (+https://developers.facebook.com/docs/sharing/webmasters/crawler)"
74.7.241.13 - - [17/Dec/2025:01:28:21 +0000] "GET /index.php?rest_route=%2Foembed%2F1.0%2Fembed&url=https%3A%2F%2Fdatainsightnow.com%2F%3Fp%3D43359 HTTP/1.1" 200 1261 "-" "Mozilla/5.0 AppleWebKit/537.36 (KHTML, like Gecko; compatible; GPTBot/1.3; +https://openai.com/gptbot)"
57.141.0.9 - - [17/Dec/2025:01:28:21 +0000] "GET /2025/03/07/page/6/?path=//sys/class/pci_bus/0000:0b/subsystem/0000:0d/subsystem/0000:0b/subsystem/0000:00/device/0000:00:02.5/0000:00:02.5:pcie010 HTTP/1.1" 200 262209 "-" "meta-externalagent/1.1 (+https://developers.facebook.com/docs/sharing/webmasters/crawler)"
216.73.216.115 - - [17/Dec/2025:01:28:22 +0000] "GET /entity/600353188.htm HTTP/1.1" 301 5 "-" "Mozilla/5.0 AppleWebKit/537.36 (KHTML, like Gecko; compatible; ClaudeBot/1.0; +claudebot@anthropic.com)"
57.141.0.74 - - [17/Dec/2025:01:28:22 +0000] "GET /karamba-spielsaal-erfahrungen-angeschlossen-testbericht-werfen-sie-einen-blick-auf-den-link-within-2025-pro-teutonia/?path=//sys/class/pci_bus/0000:08/subsystem/0000:05/device/0000:00:02.3:pcie002/driver/0000:00:02.4:pcie002/subsystem/devices/0000:00:04.0:pcie001 HTTP/1.1" 200 262264 "-" "meta-externalagent/1.1 (+https://developers.facebook.com/docs/sharing/webmasters/crawler)"
216.73.216.115 - - [17/Dec/2025:01:28:22 +0000] "GET /entity/600353188.htm/ HTTP/1.1" 200 45437 "https://datainsightnow.com/entity/600353188.htm" "Mozilla/5.0 AppleWebKit/537.36 (KHTML, like Gecko; compatible; ClaudeBot/1.0; +claudebot@anthropic.com)"
74.7.241.13 - - [17/Dec/2025:01:28:24 +0000] "GET /index.php?rest_route=%2Foembed%2F1.0%2Fembed&url=https%3A%2F%2Fdatainsightnow.com%2F%3Fp%3D17207 HTTP/1.1" 200 1437 "-" "Mozilla/5.0 AppleWebKit/537.36 (KHTML, like Gecko; compatible; GPTBot/1.3; +https://openai.com/gptbot)"
216.73.216.115 - - [17/Dec/2025:01:28:25 +0000] "GET /entity/600222652.htm HTTP/1.1" 301 5 "-" "Mozilla/5.0 AppleWebKit/537.36 (KHTML, like Gecko; compatible; ClaudeBot/1.0; +claudebot@anthropic.com)"
217.113.194.213 - - [17/Dec/2025:01:28:25 +0000] "GET /privacy/?fileloc=//sys/devices/pci0000:00/0000:00:03.4/dma_mask_bits&path=//sys/devices/pci0000:00/0000:00:03.4 HTTP/1.1" 200 45437 "-" "Mozilla/5.0 (compatible; Barkrowler/0.9; +https://babbar.tech/crawler)"
