57.141.0.7 - - [17/Dec/2025:00:46:30 +0000] "GET /2025/03/07/page/6/?path=//sys/class/pci_bus/0000:05/subsystem/0000:11/subsystem/0000:11/device/driver/0000:00:02.4/0000:00:02.4:pcie002/subsystem/devices/0000:00:02.3:pcie002 HTTP/1.1" 200 262248 "-" "meta-externalagent/1.1 (+https://developers.facebook.com/docs/sharing/webmasters/crawler)"
207.46.13.141 - - [17/Dec/2025:00:46:32 +0000] "GET /enc_avif?fileloc=//sys/block/sr0/events_async&path=//sys/block/sr0 HTTP/1.1" 301 5 "-" "Mozilla/5.0 AppleWebKit/537.36 (KHTML, like Gecko; compatible; bingbot/2.0; +http://www.bing.com/bingbot.htm) Chrome/116.0.1938.76 Safari/537.36"
74.7.243.219 - - [17/Dec/2025:00:46:32 +0000] "GET /index.php?rest_route=%2Foembed%2F1.0%2Fembed&url=https%3A%2F%2Fdatainsightnow.com%2F%3Fp%3D45705 HTTP/1.1" 200 1266 "-" "Mozilla/5.0 AppleWebKit/537.36 (KHTML, like Gecko; compatible; GPTBot/1.3; +https://openai.com/gptbot)"
207.46.13.141 - - [17/Dec/2025:00:46:34 +0000] "GET /product/edit/D3654482424 HTTP/1.1" 200 30385 "-" "Mozilla/5.0 AppleWebKit/537.36 (KHTML, like Gecko; compatible; bingbot/2.0; +http://www.bing.com/bingbot.htm) Chrome/116.0.1938.76 Safari/537.36"
57.141.0.35 - - [17/Dec/2025:00:46:35 +0000] "GET /2025/03/06/page/39/?path=//sys/class/pci_bus/0000:05/device/driver/0000:00:03.4/subsystem/devices/0000:00:03.2/driver/0000:00:03.2/msi_irqs HTTP/1.1" 200 262264 "-" "meta-externalagent/1.1 (+https://developers.facebook.com/docs/sharing/webmasters/crawler)"
74.7.243.219 - - [17/Dec/2025:00:46:36 +0000] "GET /index.php?rest_route=%2Foembed%2F1.0%2Fembed&url=https%3A%2F%2Fdatainsightnow.com%2F%3Fp%3D32871 HTTP/1.1" 200 1279 "-" "Mozilla/5.0 AppleWebKit/537.36 (KHTML, like Gecko; compatible; GPTBot/1.3; +https://openai.com/gptbot)"
57.141.0.1 - - [17/Dec/2025:00:46:36 +0000] "GET /2025/03/13/?path=//sys/class/pci_bus/0000:00/device/0000:00:02.3/driver/0000:00:02.0/driver/0000:00:03.3/power HTTP/1.1" 200 262264 "-" "meta-externalagent/1.1 (+https://developers.facebook.com/docs/sharing/webmasters/crawler)"
74.7.243.219 - - [17/Dec/2025:00:46:39 +0000] "GET /index.php?rest_route=%2Foembed%2F1.0%2Fembed&url=https%3A%2F%2Fdatainsightnow.com%2F%3Fp%3D31507 HTTP/1.1" 200 1252 "-" "Mozilla/5.0 AppleWebKit/537.36 (KHTML, like Gecko; compatible; GPTBot/1.3; +https://openai.com/gptbot)"
74.7.243.219 - - [17/Dec/2025:00:46:42 +0000] "GET /index.php?rest_route=%2Foembed%2F1.0%2Fembed&url=https%3A%2F%2Fdatainsightnow.com%2F%3Fp%3D34185 HTTP/1.1" 200 1286 "-" "Mozilla/5.0 AppleWebKit/537.36 (KHTML, like Gecko; compatible; GPTBot/1.3; +https://openai.com/gptbot)"
114.119.145.154 - - [17/Dec/2025:00:46:43 +0000] "GET /zodiac-kasino-erfahrungen-2024-480-bonus-80-freispiele/?path=//sys/dev/char/5:1/subsystem/tty44/subsystem/ttyS5/subsystem/ttyS22/device/driver/serial8250:0.20 HTTP/1.1" 200 45438 "https://datainsightnow.com/zodiac-kasino-erfahrungen-2024-480-bonus-80-freispiele/?path=//sys/dev/char/5%3A1/subsystem/tty44/subsystem/ttyS5/subsystem/ttyS22/device/driver" "Mozilla/5.0 (Linux; Android 7.0;) AppleWebKit/537.36 (KHTML, like Gecko) Mobile Safari/537.36 (compatible; PetalBot;+https://webmaster.petalsearch.com/site/petalbot)"
217.113.194.61 - - [17/Dec/2025:00:46:44 +0000] "GET /about/?fileloc=/opt/wpsites/datainsightnow.com/wp-includes/blocks/social-links/editor.min.css&path=/opt/wpsites/datainsightnow.com/wp-includes/blocks/social-links HTTP/1.1" 200 45437 "-" "Mozilla/5.0 (compatible; Barkrowler/0.9; +https://babbar.tech/crawler)"
185.191.171.13 - - [17/Dec/2025:00:46:44 +0000] "GET /?p=29327 HTTP/1.1" 200 43414 "-" "Mozilla/5.0 (compatible; SemrushBot/7~bl; +http://www.semrush.com/bot.html)"
74.7.243.219 - - [17/Dec/2025:00:46:45 +0000] "GET /index.php?rest_route=%2Foembed%2F1.0%2Fembed&url=https%3A%2F%2Fdatainsightnow.com%2F%3Fp%3D45199 HTTP/1.1" 200 1281 "-" "Mozilla/5.0 AppleWebKit/537.36 (KHTML, like Gecko; compatible; GPTBot/1.3; +https://openai.com/gptbot)"
74.7.243.219 - - [17/Dec/2025:00:46:48 +0000] "GET /index.php?rest_route=%2Foembed%2F1.0%2Fembed&url=https%3A%2F%2Fdatainsightnow.com%2F%3Fp%3D37081 HTTP/1.1" 200 1363 "-" "Mozilla/5.0 AppleWebKit/537.36 (KHTML, like Gecko; compatible; GPTBot/1.3; +https://openai.com/gptbot)"
66.135.21.75 - - [17/Dec/2025:00:46:51 +0000] "POST /wp-cron.php?doing_wp_cron=1765932411.9687929153442382812500 HTTP/1.1" 200 31 "-" "WordPress/6.3.1; https://datainsightnow.com"
74.7.243.219 - - [17/Dec/2025:00:46:51 +0000] "GET /index.php?rest_route=%2Foembed%2F1.0%2Fembed&url=https%3A%2F%2Fdatainsightnow.com%2F%3Fp%3D19164 HTTP/1.1" 200 1323 "-" "Mozilla/5.0 AppleWebKit/537.36 (KHTML, like Gecko; compatible; GPTBot/1.3; +https://openai.com/gptbot)"
74.7.243.219 - - [17/Dec/2025:00:46:55 +0000] "GET /index.php?rest_route=%2Foembed%2F1.0%2Fembed&url=https%3A%2F%2Fdatainsightnow.com%2F%3Fp%3D18010 HTTP/1.1" 200 1310 "-" "Mozilla/5.0 AppleWebKit/537.36 (KHTML, like Gecko; compatible; GPTBot/1.3; +https://openai.com/gptbot)"
57.141.0.28 - - [17/Dec/2025:00:46:55 +0000] "GET /karamba-spielsaal-erfahrungen-angeschlossen-testbericht-werfen-sie-einen-blick-auf-den-link-within-2025-pro-teutonia/?fileloc=//sys/class/pci_bus/0000:06/subsystem/0000:01/device/driver/0000:00:02.7/driver/0000:00:02.5/power/runtime_active_kids&path=//sys/class/pci_bus/0000:06/subsystem/0000:01/device/driver/0000:00:02.7/driver/0000:00:02.5/power HTTP/1.1" 200 262215 "-" "meta-externalagent/1.1 (+https://developers.facebook.com/docs/sharing/webmasters/crawler)"
57.141.0.20 - - [17/Dec/2025:00:46:56 +0000] "GET /2025/03/06/page/39/?fileloc=//sys/class/pci_bus/0000:06/subsystem/0000:00/device/0000:00:02.5/driver/0000:00:02.6/power/wakeup_abort_count&path=//sys/class/pci_bus/0000:06/subsystem/0000:00/device/0000:00:02.5/driver/0000:00:02.6/power HTTP/1.1" 200 262264 "-" "meta-externalagent/1.1 (+https://developers.facebook.com/docs/sharing/webmasters/crawler)"
74.7.243.219 - - [17/Dec/2025:00:46:58 +0000] "GET /index.php?rest_route=%2Foembed%2F1.0%2Fembed&url=https%3A%2F%2Fdatainsightnow.com%2F%3Fp%3D13463 HTTP/1.1" 200 1244 "-" "Mozilla/5.0 AppleWebKit/537.36 (KHTML, like Gecko; compatible; GPTBot/1.3; +https://openai.com/gptbot)"
57.141.0.42 - - [17/Dec/2025:00:46:58 +0000] "GET /2025/03/07/page/6/?fileloc=//sys/class/pci_bus/0000:02/subsystem/0000:0d/device/0000:00:03.3:pcie010/subsystem/devices/0000:00:02.0:pcie002/subsystem/uevent&path=//sys/class/pci_bus/0000:02/subsystem/0000:0d/device/0000:00:03.3:pcie010/subsystem/devices/0000:00:02.0:pcie002/subsystem HTTP/1.1" 200 262209 "-" "meta-externalagent/1.1 (+https://developers.facebook.com/docs/sharing/webmasters/crawler)"
57.141.0.51 - - [17/Dec/2025:00:46:59 +0000] "GET /2025/03/07/page/6/?fileloc=//sys/class/pci_bus/0000:0b/subsystem/0000:05/subsystem/0000:11/device/subsystem/devices/0000:00:00.0/power_state&path=//sys/class/pci_bus/0000:0b/subsystem/0000:05/subsystem/0000:11/device/subsystem/devices/0000:00:00.0 HTTP/1.1" 200 262264 "-" "meta-externalagent/1.1 (+https://developers.facebook.com/docs/sharing/webmasters/crawler)"
217.113.194.59 - - [17/Dec/2025:00:47:00 +0000] "GET /about/?fileloc=/opt/wpsites/datainsightnow.com/wp-includes/blocks/social-links/style-rtl.css&path=/opt/wpsites/datainsightnow.com/wp-includes/blocks/social-links HTTP/1.1" 200 45437 "-" "Mozilla/5.0 (compatible; Barkrowler/0.9; +https://babbar.tech/crawler)"
74.7.243.219 - - [17/Dec/2025:00:47:01 +0000] "GET /?cat=1&paged=659 HTTP/1.1" 200 38082 "-" "Mozilla/5.0 AppleWebKit/537.36 (KHTML, like Gecko; compatible; GPTBot/1.3; +https://openai.com/gptbot)"
57.141.0.26 - - [17/Dec/2025:00:47:02 +0000] "GET /karamba-spielsaal-erfahrungen-angeschlossen-testbericht-werfen-sie-einen-blick-auf-den-link-within-2025-pro-teutonia/?fileloc=//sys/class/pci_bus/0000:07/device/pci_bus/0000:07/subsystem/0000:11/device/driver/0000:00:03.5/numa_node&path=//sys/class/pci_bus/0000:07/device/pci_bus/0000:07/subsystem/0000:11/device/driver/0000:00:03.5 HTTP/1.1" 200 262264 "-" "meta-externalagent/1.1 (+https://developers.facebook.com/docs/sharing/webmasters/crawler)"
57.141.0.44 - - [17/Dec/2025:00:47:04 +0000] "GET /2025/03/07/page/6/?path=//sys/class/pci_bus/0000:13/subsystem/0000:0f/subsystem/0000:07/subsystem/0000:05/subsystem/0000:0f/device/0000:00:03.5:pcie010 HTTP/1.1" 200 262264 "-" "meta-externalagent/1.1 (+https://developers.facebook.com/docs/sharing/webmasters/crawler)"
74.7.243.219 - - [17/Dec/2025:00:47:04 +0000] "GET /index.php?rest_route=%2Foembed%2F1.0%2Fembed&url=https%3A%2F%2Fdatainsightnow.com%2F%3Fp%3D38989 HTTP/1.1" 200 1265 "-" "Mozilla/5.0 AppleWebKit/537.36 (KHTML, like Gecko; compatible; GPTBot/1.3; +https://openai.com/gptbot)"
74.7.243.219 - - [17/Dec/2025:00:47:07 +0000] "GET /index.php?rest_route=%2Foembed%2F1.0%2Fembed&url=https%3A%2F%2Fdatainsightnow.com%2F%3Fp%3D26172 HTTP/1.1" 200 1272 "-" "Mozilla/5.0 AppleWebKit/537.36 (KHTML, like Gecko; compatible; GPTBot/1.3; +https://openai.com/gptbot)"
74.7.243.219 - - [17/Dec/2025:00:47:10 +0000] "GET /index.php?rest_route=%2Foembed%2F1.0%2Fembed&url=https%3A%2F%2Fdatainsightnow.com%2F%3Fp%3D28609 HTTP/1.1" 200 1259 "-" "Mozilla/5.0 AppleWebKit/537.36 (KHTML, like Gecko; compatible; GPTBot/1.3; +https://openai.com/gptbot)"
85.208.96.210 - - [17/Dec/2025:00:47:12 +0000] "GET /?p=28733 HTTP/1.1" 200 41502 "-" "Mozilla/5.0 (compatible; SemrushBot/7~bl; +http://www.semrush.com/bot.html)"
74.7.243.219 - - [17/Dec/2025:00:47:13 +0000] "GET /index.php?rest_route=%2Foembed%2F1.0%2Fembed&url=https%3A%2F%2Fdatainsightnow.com%2F%3Fp%3D29205 HTTP/1.1" 200 1271 "-" "Mozilla/5.0 AppleWebKit/537.36 (KHTML, like Gecko; compatible; GPTBot/1.3; +https://openai.com/gptbot)"
57.141.0.55 - - [17/Dec/2025:00:47:16 +0000] "GET /2025/03/06/page/39/?fileloc=//sys/class/pci_bus/0000:04/subsystem/0000:07/device/driver/0000:00:03.3/aer_dev_correctable&path=//sys/class/pci_bus/0000:04/subsystem/0000:07/device/driver/0000:00:03.3 HTTP/1.1" 200 262215 "-" "meta-externalagent/1.1 (+https://developers.facebook.com/docs/sharing/webmasters/crawler)"
216.73.216.115 - - [17/Dec/2025:00:47:16 +0000] "GET /entity/102045998.htm HTTP/1.1" 301 5 "-" "Mozilla/5.0 AppleWebKit/537.36 (KHTML, like Gecko; compatible; ClaudeBot/1.0; +claudebot@anthropic.com)"
74.7.243.219 - - [17/Dec/2025:00:47:17 +0000] "GET /index.php?rest_route=%2Foembed%2F1.0%2Fembed&url=https%3A%2F%2Fdatainsightnow.com%2F%3Fp%3D36085 HTTP/1.1" 200 1265 "-" "Mozilla/5.0 AppleWebKit/537.36 (KHTML, like Gecko; compatible; GPTBot/1.3; +https://openai.com/gptbot)"
216.73.216.115 - - [17/Dec/2025:00:47:17 +0000] "GET /entity/102045998.htm/ HTTP/1.1" 200 45437 "https://datainsightnow.com/entity/102045998.htm" "Mozilla/5.0 AppleWebKit/537.36 (KHTML, like Gecko; compatible; ClaudeBot/1.0; +claudebot@anthropic.com)"
217.113.194.55 - - [17/Dec/2025:00:47:18 +0000] "GET /about/?fileloc=/opt/wpsites/datainsightnow.com/wp-includes/blocks/navigation-link/block.json&path=/opt/wpsites/datainsightnow.com/wp-includes/blocks/navigation-link HTTP/1.1" 200 45437 "-" "Mozilla/5.0 (compatible; Barkrowler/0.9; +https://babbar.tech/crawler)"
74.7.243.219 - - [17/Dec/2025:00:47:20 +0000] "GET /index.php?rest_route=%2Foembed%2F1.0%2Fembed&url=https%3A%2F%2Fdatainsightnow.com%2F%3Fp%3D19902 HTTP/1.1" 200 1401 "-" "Mozilla/5.0 AppleWebKit/537.36 (KHTML, like Gecko; compatible; GPTBot/1.3; +https://openai.com/gptbot)"
74.7.243.219 - - [17/Dec/2025:00:47:23 +0000] "GET /index.php?rest_route=%2Foembed%2F1.0%2Fembed&url=https%3A%2F%2Fdatainsightnow.com%2F%3Fp%3D25736 HTTP/1.1" 200 1280 "-" "Mozilla/5.0 AppleWebKit/537.36 (KHTML, like Gecko; compatible; GPTBot/1.3; +https://openai.com/gptbot)"
74.7.243.219 - - [17/Dec/2025:00:47:26 +0000] "GET /index.php?rest_route=%2Foembed%2F1.0%2Fembed&url=https%3A%2F%2Fdatainsightnow.com%2F%3Fp%3D18224 HTTP/1.1" 200 1374 "-" "Mozilla/5.0 AppleWebKit/537.36 (KHTML, like Gecko; compatible; GPTBot/1.3; +https://openai.com/gptbot)"
57.141.0.54 - - [17/Dec/2025:00:47:27 +0000] "GET /2025/03/07/page/6/?fileloc=//sys/class/pci_bus/0000:05/subsystem/0000:00/device/0000:00:03.4/pci_bus/0000:0e/subsystem/0000:12/device/uevent&path=//sys/class/pci_bus/0000:05/subsystem/0000:00/device/0000:00:03.4/pci_bus/0000:0e/subsystem/0000:12/device HTTP/1.1" 200 262264 "-" "meta-externalagent/1.1 (+https://developers.facebook.com/docs/sharing/webmasters/crawler)"
74.7.243.219 - - [17/Dec/2025:00:47:29 +0000] "GET /index.php?rest_route=%2Foembed%2F1.0%2Fembed&url=https%3A%2F%2Fdatainsightnow.com%2F%3Fp%3D17335 HTTP/1.1" 200 1387 "-" "Mozilla/5.0 AppleWebKit/537.36 (KHTML, like Gecko; compatible; GPTBot/1.3; +https://openai.com/gptbot)"
216.73.216.115 - - [17/Dec/2025:00:47:30 +0000] "GET /entity/102086916.htm HTTP/1.1" 301 5 "-" "Mozilla/5.0 AppleWebKit/537.36 (KHTML, like Gecko; compatible; ClaudeBot/1.0; +claudebot@anthropic.com)"
216.73.216.115 - - [17/Dec/2025:00:47:30 +0000] "GET /entity/102086916.htm/ HTTP/1.1" 200 45437 "https://datainsightnow.com/entity/102086916.htm" "Mozilla/5.0 AppleWebKit/537.36 (KHTML, like Gecko; compatible; ClaudeBot/1.0; +claudebot@anthropic.com)"
216.73.216.115 - - [17/Dec/2025:00:47:31 +0000] "GET /entity/102071386.htm HTTP/1.1" 301 5 "-" "Mozilla/5.0 AppleWebKit/537.36 (KHTML, like Gecko; compatible; ClaudeBot/1.0; +claudebot@anthropic.com)"
216.73.216.115 - - [17/Dec/2025:00:47:33 +0000] "GET /entity/102071386.htm/ HTTP/1.1" 200 45437 "https://datainsightnow.com/entity/102071386.htm" "Mozilla/5.0 AppleWebKit/537.36 (KHTML, like Gecko; compatible; ClaudeBot/1.0; +claudebot@anthropic.com)"
57.141.0.47 - - [17/Dec/2025:00:47:33 +0000] "GET /karamba-spielsaal-erfahrungen-angeschlossen-testbericht-werfen-sie-einen-blick-auf-den-link-within-2025-pro-teutonia/?fileloc=//sys/class/pci_bus/0000:04/device/driver/0000:00:02.4/driver/0000:00:04.0/driver/0000:00:02.2/msi_bus&path=//sys/class/pci_bus/0000:04/device/driver/0000:00:02.4/driver/0000:00:04.0/driver/0000:00:02.2 HTTP/1.1" 200 262209 "-" "meta-externalagent/1.1 (+https://developers.facebook.com/docs/sharing/webmasters/crawler)"
57.141.0.56 - - [17/Dec/2025:00:47:33 +0000] "GET /2025/03/05/page/6/?path=//sys/class/pci_bus/0000:02/device/0000:00:02.1:pcie001/subsystem/devices/0000:00:02.5:pcie001/subsystem/drivers/pcie_pme/0000:00:03.2:pcie001 HTTP/1.1" 200 262209 "-" "meta-externalagent/1.1 (+https://developers.facebook.com/docs/sharing/webmasters/crawler)"
74.7.243.219 - - [17/Dec/2025:00:47:33 +0000] "GET /?cat=1&paged=658 HTTP/1.1" 200 38595 "-" "Mozilla/5.0 AppleWebKit/537.36 (KHTML, like Gecko; compatible; GPTBot/1.3; +https://openai.com/gptbot)"
217.113.194.59 - - [17/Dec/2025:00:47:34 +0000] "GET /about/?fileloc=/opt/wpsites/datainsightnow.com/wp-includes/blocks/heading/style-rtl.min.css&path=/opt/wpsites/datainsightnow.com/wp-includes/blocks/heading HTTP/1.1" 200 45437 "-" "Mozilla/5.0 (compatible; Barkrowler/0.9; +https://babbar.tech/crawler)"
216.73.216.115 - - [17/Dec/2025:00:47:34 +0000] "GET /entity/102163327.htm HTTP/1.1" 301 5 "-" "Mozilla/5.0 AppleWebKit/537.36 (KHTML, like Gecko; compatible; ClaudeBot/1.0; +claudebot@anthropic.com)"
216.73.216.115 - - [17/Dec/2025:00:47:35 +0000] "GET /entity/102163327.htm/ HTTP/1.1" 200 45437 "https://datainsightnow.com/entity/102163327.htm" "Mozilla/5.0 AppleWebKit/537.36 (KHTML, like Gecko; compatible; ClaudeBot/1.0; +claudebot@anthropic.com)"
74.7.243.219 - - [17/Dec/2025:00:47:36 +0000] "GET /index.php?rest_route=%2Foembed%2F1.0%2Fembed&url=https%3A%2F%2Fdatainsightnow.com%2F%3Fp%3D17331 HTTP/1.1" 200 1435 "-" "Mozilla/5.0 AppleWebKit/537.36 (KHTML, like Gecko; compatible; GPTBot/1.3; +https://openai.com/gptbot)"
57.141.0.18 - - [17/Dec/2025:00:47:37 +0000] "GET /karamba-spielsaal-erfahrungen-angeschlossen-testbericht-werfen-sie-einen-blick-auf-den-link-within-2025-pro-teutonia/?fileloc=//sys/class/pci_bus/0000:0b/subsystem/0000:0f/device/subsystem/devices/0000:00:02.6/current_link_width&path=//sys/class/pci_bus/0000:0b/subsystem/0000:0f/device/subsystem/devices/0000:00:02.6 HTTP/1.1" 200 262209 "-" "meta-externalagent/1.1 (+https://developers.facebook.com/docs/sharing/webmasters/crawler)"
216.73.216.115 - - [17/Dec/2025:00:47:37 +0000] "GET /entity/101991614.htm HTTP/1.1" 301 5 "-" "Mozilla/5.0 AppleWebKit/537.36 (KHTML, like Gecko; compatible; ClaudeBot/1.0; +claudebot@anthropic.com)"
57.141.0.11 - - [17/Dec/2025:00:47:38 +0000] "GET /2025/03/06/page/39/?fileloc=//sys/class/pci_bus/0000:01/subsystem/0000:0e/subsystem/0000:07/subsystem/0000:0a/power/runtime_active_kids&path=//sys/class/pci_bus/0000:01/subsystem/0000:0e/subsystem/0000:07/subsystem/0000:0a/power HTTP/1.1" 200 262209 "-" "meta-externalagent/1.1 (+https://developers.facebook.com/docs/sharing/webmasters/crawler)"
216.73.216.115 - - [17/Dec/2025:00:47:38 +0000] "GET /entity/101991614.htm/ HTTP/1.1" 200 45437 "https://datainsightnow.com/entity/101991614.htm" "Mozilla/5.0 AppleWebKit/537.36 (KHTML, like Gecko; compatible; ClaudeBot/1.0; +claudebot@anthropic.com)"
74.7.243.219 - - [17/Dec/2025:00:47:39 +0000] "GET /index.php?rest_route=%2Foembed%2F1.0%2Fembed&url=https%3A%2F%2Fdatainsightnow.com%2F%3Fp%3D33573 HTTP/1.1" 200 1290 "-" "Mozilla/5.0 AppleWebKit/537.36 (KHTML, like Gecko; compatible; GPTBot/1.3; +https://openai.com/gptbot)"
216.73.216.115 - - [17/Dec/2025:00:47:40 +0000] "GET /entity/102034863.htm HTTP/1.1" 301 5 "-" "Mozilla/5.0 AppleWebKit/537.36 (KHTML, like Gecko; compatible; ClaudeBot/1.0; +claudebot@anthropic.com)"
216.73.216.115 - - [17/Dec/2025:00:47:41 +0000] "GET /entity/102034863.htm/ HTTP/1.1" 200 45437 "https://datainsightnow.com/entity/102034863.htm" "Mozilla/5.0 AppleWebKit/537.36 (KHTML, like Gecko; compatible; ClaudeBot/1.0; +claudebot@anthropic.com)"
74.7.243.219 - - [17/Dec/2025:00:47:42 +0000] "GET /index.php?rest_route=%2Foembed%2F1.0%2Fembed&url=https%3A%2F%2Fdatainsightnow.com%2F%3Fp%3D42607 HTTP/1.1" 200 1280 "-" "Mozilla/5.0 AppleWebKit/537.36 (KHTML, like Gecko; compatible; GPTBot/1.3; +https://openai.com/gptbot)"
57.141.0.21 - - [17/Dec/2025:00:47:43 +0000] "GET /karamba-spielsaal-erfahrungen-angeschlossen-testbericht-werfen-sie-einen-blick-auf-den-link-within-2025-pro-teutonia/?path=//sys/class/pci_bus/0000:0b/subsystem/0000:08/device/driver/0000:00:02.6/subsystem/devices/0000:09:00.0/link HTTP/1.1" 200 262209 "-" "meta-externalagent/1.1 (+https://developers.facebook.com/docs/sharing/webmasters/crawler)"
216.73.216.115 - - [17/Dec/2025:00:47:43 +0000] "GET /entity/102169543.htm HTTP/1.1" 301 5 "-" "Mozilla/5.0 AppleWebKit/537.36 (KHTML, like Gecko; compatible; ClaudeBot/1.0; +claudebot@anthropic.com)"
216.73.216.115 - - [17/Dec/2025:00:47:44 +0000] "GET /entity/102169543.htm/ HTTP/1.1" 200 45437 "https://datainsightnow.com/entity/102169543.htm" "Mozilla/5.0 AppleWebKit/537.36 (KHTML, like Gecko; compatible; ClaudeBot/1.0; +claudebot@anthropic.com)"
74.7.243.219 - - [17/Dec/2025:00:47:45 +0000] "GET /index.php?rest_route=%2Foembed%2F1.0%2Fembed&url=https%3A%2F%2Fdatainsightnow.com%2F%3Fp%3D15056 HTTP/1.1" 200 1400 "-" "Mozilla/5.0 AppleWebKit/537.36 (KHTML, like Gecko; compatible; GPTBot/1.3; +https://openai.com/gptbot)"
216.73.216.115 - - [17/Dec/2025:00:47:46 +0000] "GET /entity/102063359.htm HTTP/1.1" 301 5 "-" "Mozilla/5.0 AppleWebKit/537.36 (KHTML, like Gecko; compatible; ClaudeBot/1.0; +claudebot@anthropic.com)"
216.73.216.115 - - [17/Dec/2025:00:47:47 +0000] "GET /entity/102063359.htm/ HTTP/1.1" 200 45437 "https://datainsightnow.com/entity/102063359.htm" "Mozilla/5.0 AppleWebKit/537.36 (KHTML, like Gecko; compatible; ClaudeBot/1.0; +claudebot@anthropic.com)"
57.141.0.23 - - [17/Dec/2025:00:47:48 +0000] "GET /karamba-spielsaal-erfahrungen-angeschlossen-testbericht-werfen-sie-einen-blick-auf-den-link-within-2025-pro-teutonia/?fileloc=//sys/class/pci_bus/0000:0b/subsystem/0000:0b/subsystem/0000:07/subsystem/0000:04/device/driver/0000:00:02.2/consistent_dma_mask_bits&path=//sys/class/pci_bus/0000:0b/subsystem/0000:0b/subsystem/0000:07/subsystem/0000:04/device/driver/0000:00:02.2 HTTP/1.1" 200 262248 "-" "meta-externalagent/1.1 (+https://developers.facebook.com/docs/sharing/webmasters/crawler)"
74.7.243.219 - - [17/Dec/2025:00:47:49 +0000] "GET /index.php?rest_route=%2Foembed%2F1.0%2Fembed&url=https%3A%2F%2Fdatainsightnow.com%2F%3Fp%3D39341 HTTP/1.1" 200 1287 "-" "Mozilla/5.0 AppleWebKit/537.36 (KHTML, like Gecko; compatible; GPTBot/1.3; +https://openai.com/gptbot)"
185.191.171.15 - - [17/Dec/2025:00:47:49 +0000] "GET /?p=33817 HTTP/1.1" 200 43228 "-" "Mozilla/5.0 (compatible; SemrushBot/7~bl; +http://www.semrush.com/bot.html)"
216.73.216.115 - - [17/Dec/2025:00:47:49 +0000] "GET /entity/102040557.htm HTTP/1.1" 301 5 "-" "Mozilla/5.0 AppleWebKit/537.36 (KHTML, like Gecko; compatible; ClaudeBot/1.0; +claudebot@anthropic.com)"
57.141.0.17 - - [17/Dec/2025:00:47:50 +0000] "GET /2025/03/07/page/6/?fileloc=//sys/class/pci_bus/0000:03/subsystem/0000:06/subsystem/0000:06/subsystem/0000:02/subsystem/0000:07/device/irq&path=//sys/class/pci_bus/0000:03/subsystem/0000:06/subsystem/0000:06/subsystem/0000:02/subsystem/0000:07/device HTTP/1.1" 200 262248 "-" "meta-externalagent/1.1 (+https://developers.facebook.com/docs/sharing/webmasters/crawler)"
66.135.21.75 - - [17/Dec/2025:00:47:50 +0000] "POST /wp-cron.php?doing_wp_cron=1765932470.0283100605010986328125 HTTP/1.1" 200 31 "-" "WordPress/6.3.1; https://datainsightnow.com"
57.141.0.1 - - [17/Dec/2025:00:47:50 +0000] "GET /2025/03/13/?fileloc=//sys/class/pci_bus/0000:01/subsystem/0000:0c/device/driver/0000:00:03.0/subsystem_device&path=//sys/class/pci_bus/0000:01/subsystem/0000:0c/device/driver/0000:00:03.0 HTTP/1.1" 200 262209 "-" "meta-externalagent/1.1 (+https://developers.facebook.com/docs/sharing/webmasters/crawler)"
217.113.194.55 - - [17/Dec/2025:00:47:50 +0000] "GET /about/?fileloc=/opt/wpsites/datainsightnow.com/wp-includes/blocks/columns/editor-rtl.min.css&path=/opt/wpsites/datainsightnow.com/wp-includes/blocks/columns HTTP/1.1" 200 45437 "-" "Mozilla/5.0 (compatible; Barkrowler/0.9; +https://babbar.tech/crawler)"
216.73.216.115 - - [17/Dec/2025:00:47:51 +0000] "GET /entity/102040557.htm/ HTTP/1.1" 200 45437 "https://datainsightnow.com/entity/102040557.htm" "Mozilla/5.0 AppleWebKit/537.36 (KHTML, like Gecko; compatible; ClaudeBot/1.0; +claudebot@anthropic.com)"
74.7.243.219 - - [17/Dec/2025:00:47:51 +0000] "GET /index.php?rest_route=%2Foembed%2F1.0%2Fembed&url=https%3A%2F%2Fdatainsightnow.com%2F%3Fp%3D35771 HTTP/1.1" 200 1298 "-" "Mozilla/5.0 AppleWebKit/537.36 (KHTML, like Gecko; compatible; GPTBot/1.3; +https://openai.com/gptbot)"
216.73.216.115 - - [17/Dec/2025:00:47:52 +0000] "GET /entity/102074494.htm HTTP/1.1" 301 5 "-" "Mozilla/5.0 AppleWebKit/537.36 (KHTML, like Gecko; compatible; ClaudeBot/1.0; +claudebot@anthropic.com)"
216.73.216.115 - - [17/Dec/2025:00:47:53 +0000] "GET /entity/102074494.htm/ HTTP/1.1" 200 45437 "https://datainsightnow.com/entity/102074494.htm" "Mozilla/5.0 AppleWebKit/537.36 (KHTML, like Gecko; compatible; ClaudeBot/1.0; +claudebot@anthropic.com)"
57.141.0.36 - - [17/Dec/2025:00:47:54 +0000] "GET /2025/03/13/?fileloc=//sys/class/pci_bus/0000:0b/subsystem/0000:01/device/driver/0000:00:03.7/driver/0000:00:02.6/subordinate_bus_number&path=//sys/class/pci_bus/0000:0b/subsystem/0000:01/device/driver/0000:00:03.7/driver/0000:00:02.6 HTTP/1.1" 200 262264 "-" "meta-externalagent/1.1 (+https://developers.facebook.com/docs/sharing/webmasters/crawler)"
74.7.243.219 - - [17/Dec/2025:00:47:54 +0000] "GET /index.php?rest_route=%2Foembed%2F1.0%2Fembed&url=https%3A%2F%2Fdatainsightnow.com%2F%3Fp%3D11368 HTTP/1.1" 200 1259 "-" "Mozilla/5.0 AppleWebKit/537.36 (KHTML, like Gecko; compatible; GPTBot/1.3; +https://openai.com/gptbot)"
216.73.216.115 - - [17/Dec/2025:00:47:55 +0000] "GET /entity/102171878.htm HTTP/1.1" 301 5 "-" "Mozilla/5.0 AppleWebKit/537.36 (KHTML, like Gecko; compatible; ClaudeBot/1.0; +claudebot@anthropic.com)"
216.73.216.115 - - [17/Dec/2025:00:47:56 +0000] "GET /entity/102171878.htm/ HTTP/1.1" 200 45437 "https://datainsightnow.com/entity/102171878.htm" "Mozilla/5.0 AppleWebKit/537.36 (KHTML, like Gecko; compatible; ClaudeBot/1.0; +claudebot@anthropic.com)"
74.7.243.219 - - [17/Dec/2025:00:47:58 +0000] "GET /index.php?rest_route=%2Foembed%2F1.0%2Fembed&url=https%3A%2F%2Fdatainsightnow.com%2F%3Fp%3D45231 HTTP/1.1" 200 1290 "-" "Mozilla/5.0 AppleWebKit/537.36 (KHTML, like Gecko; compatible; GPTBot/1.3; +https://openai.com/gptbot)"
57.141.0.38 - - [17/Dec/2025:00:47:58 +0000] "GET /2025/03/07/page/6/?fileloc=//sys/class/pci_bus/0000:04/subsystem/0000:0a/subsystem/0000:03/device/firmware_node/device:24/eject&path=//sys/class/pci_bus/0000:04/subsystem/0000:0a/subsystem/0000:03/device/firmware_node/device:24 HTTP/1.1" 200 262209 "-" "meta-externalagent/1.1 (+https://developers.facebook.com/docs/sharing/webmasters/crawler)"
216.73.216.115 - - [17/Dec/2025:00:47:58 +0000] "GET /entity/102079152.htm HTTP/1.1" 301 5 "-" "Mozilla/5.0 AppleWebKit/537.36 (KHTML, like Gecko; compatible; ClaudeBot/1.0; +claudebot@anthropic.com)"
216.73.216.115 - - [17/Dec/2025:00:47:59 +0000] "GET /entity/102079152.htm/ HTTP/1.1" 200 45437 "https://datainsightnow.com/entity/102079152.htm" "Mozilla/5.0 AppleWebKit/537.36 (KHTML, like Gecko; compatible; ClaudeBot/1.0; +claudebot@anthropic.com)"
57.141.0.56 - - [17/Dec/2025:00:47:59 +0000] "GET /2025/03/06/page/39/?fileloc=//sys/class/pci_bus/0000:03/subsystem/0000:13/subsystem/0000:04/subsystem/0000:03/device/vendor&path=//sys/class/pci_bus/0000:03/subsystem/0000:13/subsystem/0000:04/subsystem/0000:03/device HTTP/1.1" 200 262264 "-" "meta-externalagent/1.1 (+https://developers.facebook.com/docs/sharing/webmasters/crawler)"
74.7.243.219 - - [17/Dec/2025:00:48:01 +0000] "GET /index.php?rest_route=%2Foembed%2F1.0%2Fembed&url=https%3A%2F%2Fdatainsightnow.com%2F%3Fp%3D19985 HTTP/1.1" 200 1292 "-" "Mozilla/5.0 AppleWebKit/537.36 (KHTML, like Gecko; compatible; GPTBot/1.3; +https://openai.com/gptbot)"
216.73.216.115 - - [17/Dec/2025:00:48:01 +0000] "GET /entity/102181714.htm HTTP/1.1" 301 5 "-" "Mozilla/5.0 AppleWebKit/537.36 (KHTML, like Gecko; compatible; ClaudeBot/1.0; +claudebot@anthropic.com)"
216.73.216.115 - - [17/Dec/2025:00:48:02 +0000] "GET /entity/102181714.htm/ HTTP/1.1" 200 45437 "https://datainsightnow.com/entity/102181714.htm" "Mozilla/5.0 AppleWebKit/537.36 (KHTML, like Gecko; compatible; ClaudeBot/1.0; +claudebot@anthropic.com)"
74.7.243.219 - - [17/Dec/2025:00:48:04 +0000] "GET /index.php?rest_route=%2Foembed%2F1.0%2Fembed&url=https%3A%2F%2Fdatainsightnow.com%2F%3Fp%3D23509 HTTP/1.1" 200 1272 "-" "Mozilla/5.0 AppleWebKit/537.36 (KHTML, like Gecko; compatible; GPTBot/1.3; +https://openai.com/gptbot)"
216.73.216.115 - - [17/Dec/2025:00:48:04 +0000] "GET /entity/102196218.htm HTTP/1.1" 301 5 "-" "Mozilla/5.0 AppleWebKit/537.36 (KHTML, like Gecko; compatible; ClaudeBot/1.0; +claudebot@anthropic.com)"
216.73.216.115 - - [17/Dec/2025:00:48:05 +0000] "GET /entity/102196218.htm/ HTTP/1.1" 200 45437 "https://datainsightnow.com/entity/102196218.htm" "Mozilla/5.0 AppleWebKit/537.36 (KHTML, like Gecko; compatible; ClaudeBot/1.0; +claudebot@anthropic.com)"
57.141.0.21 - - [17/Dec/2025:00:48:05 +0000] "GET /karamba-spielsaal-erfahrungen-angeschlossen-testbericht-werfen-sie-einen-blick-auf-den-link-within-2025-pro-teutonia/?path=//sys/class/pci_bus/0000:0b/subsystem/0000:08/device/driver/0000:00:03.4/driver/0000:00:02.4/0000:00:02.4:pcie010 HTTP/1.1" 200 262264 "-" "meta-externalagent/1.1 (+https://developers.facebook.com/docs/sharing/webmasters/crawler)"
114.119.157.166 - - [17/Dec/2025:00:48:07 +0000] "GET /zodiac-kasino-erfahrungen-2024-480-bonus-80-freispiele/?path=//sys/dev/char/5:1/subsystem/tty44/subsystem/ttyS5/subsystem/ttyS22/device/driver/serial8250:0.19 HTTP/1.1" 200 45438 "https://datainsightnow.com/zodiac-kasino-erfahrungen-2024-480-bonus-80-freispiele/?path=//sys/dev/char/5%3A1/subsystem/tty44/subsystem/ttyS5/subsystem/ttyS22/device/driver" "Mozilla/5.0 (Linux; Android 7.0;) AppleWebKit/537.36 (KHTML, like Gecko) Mobile Safari/537.36 (compatible; PetalBot;+https://webmaster.petalsearch.com/site/petalbot)"
216.73.216.115 - - [17/Dec/2025:00:48:07 +0000] "GET /entity/102075008.htm HTTP/1.1" 301 5 "-" "Mozilla/5.0 AppleWebKit/537.36 (KHTML, like Gecko; compatible; ClaudeBot/1.0; +claudebot@anthropic.com)"
216.73.216.115 - - [17/Dec/2025:00:48:08 +0000] "GET /entity/102075008.htm/ HTTP/1.1" 200 45437 "https://datainsightnow.com/entity/102075008.htm" "Mozilla/5.0 AppleWebKit/537.36 (KHTML, like Gecko; compatible; ClaudeBot/1.0; +claudebot@anthropic.com)"
57.141.0.29 - - [17/Dec/2025:00:48:09 +0000] "GET /karamba-spielsaal-erfahrungen-angeschlossen-testbericht-werfen-sie-einen-blick-auf-den-link-within-2025-pro-teutonia/?fileloc=//sys/class/pci_bus/0000:04/subsystem/0000:0c/subsystem/0000:0d/subsystem/0000:06/subsystem/0000:04/device/current_link_speed&path=//sys/class/pci_bus/0000:04/subsystem/0000:0c/subsystem/0000:0d/subsystem/0000:06/subsystem/0000:04/device HTTP/1.1" 200 262264 "-" "meta-externalagent/1.1 (+https://developers.facebook.com/docs/sharing/webmasters/crawler)"
217.113.194.60 - - [17/Dec/2025:00:48:10 +0000] "GET /about/?fileloc=/opt/wpsites/datainsightnow.com/wp-includes/css/jquery-ui-dialog-rtl.min.css&path=/opt/wpsites/datainsightnow.com/wp-includes/css HTTP/1.1" 200 45437 "-" "Mozilla/5.0 (compatible; Barkrowler/0.9; +https://babbar.tech/crawler)"
57.141.0.19 - - [17/Dec/2025:00:48:10 +0000] "GET /karamba-spielsaal-erfahrungen-angeschlossen-testbericht-werfen-sie-einen-blick-auf-den-link-within-2025-pro-teutonia/?fileloc=//sys/class/pci_bus/0000:06/subsystem/0000:0f/subsystem/0000:03/subsystem/0000:00/device/0000:00:04.1/aer_rootport_total_err_cor&path=//sys/class/pci_bus/0000:06/subsystem/0000:0f/subsystem/0000:03/subsystem/0000:00/device/0000:00:04.1 HTTP/1.1" 200 262209 "-" "meta-externalagent/1.1 (+https://developers.facebook.com/docs/sharing/webmasters/crawler)"
216.73.216.115 - - [17/Dec/2025:00:48:10 +0000] "GET /entity/102076817.htm HTTP/1.1" 301 5 "-" "Mozilla/5.0 AppleWebKit/537.36 (KHTML, like Gecko; compatible; ClaudeBot/1.0; +claudebot@anthropic.com)"
74.7.243.219 - - [17/Dec/2025:00:48:10 +0000] "GET /?cat=1&paged=657 HTTP/1.1" 200 37849 "-" "Mozilla/5.0 AppleWebKit/537.36 (KHTML, like Gecko; compatible; GPTBot/1.3; +https://openai.com/gptbot)"
216.73.216.115 - - [17/Dec/2025:00:48:11 +0000] "GET /entity/102076817.htm/ HTTP/1.1" 200 45437 "https://datainsightnow.com/entity/102076817.htm" "Mozilla/5.0 AppleWebKit/537.36 (KHTML, like Gecko; compatible; ClaudeBot/1.0; +claudebot@anthropic.com)"
57.141.0.53 - - [17/Dec/2025:00:48:11 +0000] "GET /karamba-spielsaal-erfahrungen-angeschlossen-testbericht-werfen-sie-einen-blick-auf-den-link-within-2025-pro-teutonia/?path=//sys/class/pci_bus/0000:06/subsystem/0000:0f/subsystem/0000:0f/device/subsystem/devices/0000:00:03.4/driver HTTP/1.1" 200 262209 "-" "meta-externalagent/1.1 (+https://developers.facebook.com/docs/sharing/webmasters/crawler)"
74.7.243.219 - - [17/Dec/2025:00:48:13 +0000] "GET /index.php?rest_route=%2Foembed%2F1.0%2Fembed&url=https%3A%2F%2Fdatainsightnow.com%2F%3Fp%3D43897 HTTP/1.1" 200 1290 "-" "Mozilla/5.0 AppleWebKit/537.36 (KHTML, like Gecko; compatible; GPTBot/1.3; +https://openai.com/gptbot)"
216.73.216.115 - - [17/Dec/2025:00:48:13 +0000] "GET /entity/102193624.htm HTTP/1.1" 301 5 "-" "Mozilla/5.0 AppleWebKit/537.36 (KHTML, like Gecko; compatible; ClaudeBot/1.0; +claudebot@anthropic.com)"
216.73.216.115 - - [17/Dec/2025:00:48:14 +0000] "GET /entity/102193624.htm/ HTTP/1.1" 200 45437 "https://datainsightnow.com/entity/102193624.htm" "Mozilla/5.0 AppleWebKit/537.36 (KHTML, like Gecko; compatible; ClaudeBot/1.0; +claudebot@anthropic.com)"
57.141.0.47 - - [17/Dec/2025:00:48:14 +0000] "GET /karamba-spielsaal-erfahrungen-angeschlossen-testbericht-werfen-sie-einen-blick-auf-den-link-within-2025-pro-teutonia/?fileloc=//sys/class/pci_bus/0000:06/subsystem/0000:04/subsystem/0000:13/subsystem/0000:05/device/driver/0000:00:03.6/driver/0000:00:04.1/class&path=//sys/class/pci_bus/0000:06/subsystem/0000:04/subsystem/0000:13/subsystem/0000:05/device/driver/0000:00:03.6/driver/0000:00:04.1 HTTP/1.1" 200 262248 "-" "meta-externalagent/1.1 (+https://developers.facebook.com/docs/sharing/webmasters/crawler)"
74.7.243.219 - - [17/Dec/2025:00:48:15 +0000] "GET /index.php?rest_route=%2Foembed%2F1.0%2Fembed&url=https%3A%2F%2Fdatainsightnow.com%2F%3Fp%3D18526 HTTP/1.1" 200 1384 "-" "Mozilla/5.0 AppleWebKit/537.36 (KHTML, like Gecko; compatible; GPTBot/1.3; +https://openai.com/gptbot)"
57.141.0.6 - - [17/Dec/2025:00:48:16 +0000] "GET /karamba-spielsaal-erfahrungen-angeschlossen-testbericht-werfen-sie-einen-blick-auf-den-link-within-2025-pro-teutonia/?fileloc=//sys/class/pci_bus/0000:04/subsystem/0000:02/device/driver/0000:00:03.1/subsystem/slots/0-8/attention&path=//sys/class/pci_bus/0000:04/subsystem/0000:02/device/driver/0000:00:03.1/subsystem/slots/0-8 HTTP/1.1" 200 262255 "-" "meta-externalagent/1.1 (+https://developers.facebook.com/docs/sharing/webmasters/crawler)"
216.73.216.115 - - [17/Dec/2025:00:48:16 +0000] "GET /entity/102073195.htm HTTP/1.1" 301 5 "-" "Mozilla/5.0 AppleWebKit/537.36 (KHTML, like Gecko; compatible; ClaudeBot/1.0; +claudebot@anthropic.com)"
216.73.216.115 - - [17/Dec/2025:00:48:17 +0000] "GET /entity/102073195.htm/ HTTP/1.1" 200 45437 "https://datainsightnow.com/entity/102073195.htm" "Mozilla/5.0 AppleWebKit/537.36 (KHTML, like Gecko; compatible; ClaudeBot/1.0; +claudebot@anthropic.com)"
74.7.243.219 - - [17/Dec/2025:00:48:17 +0000] "GET /index.php?rest_route=%2Foembed%2F1.0%2Fembed&url=https%3A%2F%2Fdatainsightnow.com%2F%3Fp%3D49008 HTTP/1.1" 200 1254 "-" "Mozilla/5.0 AppleWebKit/537.36 (KHTML, like Gecko; compatible; GPTBot/1.3; +https://openai.com/gptbot)"
57.141.0.2 - - [17/Dec/2025:00:48:19 +0000] "GET /2025/03/06/page/39/?path=//sys/class/pci_bus/0000:0c/subsystem/0000:10/subsystem/0000:12/subsystem/0000:10 HTTP/1.1" 200 262264 "-" "meta-externalagent/1.1 (+https://developers.facebook.com/docs/sharing/webmasters/crawler)"
216.73.216.115 - - [17/Dec/2025:00:48:19 +0000] "GET /entity/102000928.htm HTTP/1.1" 301 5 "-" "Mozilla/5.0 AppleWebKit/537.36 (KHTML, like Gecko; compatible; ClaudeBot/1.0; +claudebot@anthropic.com)"
57.141.0.14 - - [17/Dec/2025:00:48:19 +0000] "GET /karamba-spielsaal-erfahrungen-angeschlossen-testbericht-werfen-sie-einen-blick-auf-den-link-within-2025-pro-teutonia/?path=//sys/class/pci_bus/0000:04/subsystem/0000:09/subsystem/0000:05/subsystem/0000:11/device/0000:00:03.7:pcie001/subsystem HTTP/1.1" 200 262264 "-" "meta-externalagent/1.1 (+https://developers.facebook.com/docs/sharing/webmasters/crawler)"
216.73.216.115 - - [17/Dec/2025:00:48:20 +0000] "GET /entity/102000928.htm/ HTTP/1.1" 200 45437 "https://datainsightnow.com/entity/102000928.htm" "Mozilla/5.0 AppleWebKit/537.36 (KHTML, like Gecko; compatible; ClaudeBot/1.0; +claudebot@anthropic.com)"
74.7.243.219 - - [17/Dec/2025:00:48:20 +0000] "GET /index.php?rest_route=%2Foembed%2F1.0%2Fembed&url=https%3A%2F%2Fdatainsightnow.com%2F%3Fp%3D42815 HTTP/1.1" 200 1274 "-" "Mozilla/5.0 AppleWebKit/537.36 (KHTML, like Gecko; compatible; GPTBot/1.3; +https://openai.com/gptbot)"
52.167.144.205 - - [17/Dec/2025:00:48:22 +0000] "GET /?p=27893 HTTP/1.1" 200 29905 "-" "Mozilla/5.0 AppleWebKit/537.36 (KHTML, like Gecko; compatible; bingbot/2.0; +http://www.bing.com/bingbot.htm) Chrome/116.0.1938.76 Safari/537.36"
216.73.216.115 - - [17/Dec/2025:00:48:22 +0000] "GET /entity/102095475.htm HTTP/1.1" 301 5 "-" "Mozilla/5.0 AppleWebKit/537.36 (KHTML, like Gecko; compatible; ClaudeBot/1.0; +claudebot@anthropic.com)"
216.73.216.115 - - [17/Dec/2025:00:48:23 +0000] "GET /entity/102095475.htm/ HTTP/1.1" 200 45437 "https://datainsightnow.com/entity/102095475.htm" "Mozilla/5.0 AppleWebKit/537.36 (KHTML, like Gecko; compatible; ClaudeBot/1.0; +claudebot@anthropic.com)"
74.7.243.219 - - [17/Dec/2025:00:48:23 +0000] "GET /index.php?rest_route=%2Foembed%2F1.0%2Fembed&url=https%3A%2F%2Fdatainsightnow.com%2F%3Fp%3D43643 HTTP/1.1" 200 1323 "-" "Mozilla/5.0 AppleWebKit/537.36 (KHTML, like Gecko; compatible; GPTBot/1.3; +https://openai.com/gptbot)"
57.141.0.78 - - [17/Dec/2025:00:48:25 +0000] "GET /karamba-spielsaal-erfahrungen-angeschlossen-testbericht-werfen-sie-einen-blick-auf-den-link-within-2025-pro-teutonia/?path=//sys/class/pci_bus/0000:06/subsystem/0000:00/subsystem/0000:12/subsystem/0000:04/subsystem/0000:05/subsystem/0000:0a HTTP/1.1" 200 262248 "-" "meta-externalagent/1.1 (+https://developers.facebook.com/docs/sharing/webmasters/crawler)"
216.73.216.115 - - [17/Dec/2025:00:48:25 +0000] "GET /entity/102042117.htm HTTP/1.1" 301 5 "-" "Mozilla/5.0 AppleWebKit/537.36 (KHTML, like Gecko; compatible; ClaudeBot/1.0; +claudebot@anthropic.com)"
216.73.216.115 - - [17/Dec/2025:00:48:26 +0000] "GET /entity/102042117.htm/ HTTP/1.1" 200 45437 "https://datainsightnow.com/entity/102042117.htm" "Mozilla/5.0 AppleWebKit/537.36 (KHTML, like Gecko; compatible; ClaudeBot/1.0; +claudebot@anthropic.com)"
207.46.13.141 - - [17/Dec/2025:00:48:26 +0000] "GET /product/edit/D382810429 HTTP/1.1" 200 32861 "-" "Mozilla/5.0 AppleWebKit/537.36 (KHTML, like Gecko; compatible; bingbot/2.0; +http://www.bing.com/bingbot.htm) Chrome/116.0.1938.76 Safari/537.36"
74.7.243.219 - - [17/Dec/2025:00:48:26 +0000] "GET /index.php?rest_route=%2Foembed%2F1.0%2Fembed&url=https%3A%2F%2Fdatainsightnow.com%2F%3Fp%3D41283 HTTP/1.1" 200 1306 "-" "Mozilla/5.0 AppleWebKit/537.36 (KHTML, like Gecko; compatible; GPTBot/1.3; +https://openai.com/gptbot)"
57.141.0.68 - - [17/Dec/2025:00:48:27 +0000] "GET /2025/03/06/page/39/?fileloc=//sys/class/pci_bus/0000:02/device/driver/0000:00:02.7/subsystem/devices/0000:00:02.6/reset_subordinate&path=//sys/class/pci_bus/0000:02/device/driver/0000:00:02.7/subsystem/devices/0000:00:02.6 HTTP/1.1" 200 262209 "-" "meta-externalagent/1.1 (+https://developers.facebook.com/docs/sharing/webmasters/crawler)"
57.141.0.15 - - [17/Dec/2025:00:48:27 +0000] "GET /2025/03/07/page/6/?path=//sys/class/pci_bus/0000:05/subsystem/0000:0b/subsystem/0000:11/subsystem/0000:09/device/subsystem/devices/0000:00:03.7/driver HTTP/1.1" 200 262209 "-" "meta-externalagent/1.1 (+https://developers.facebook.com/docs/sharing/webmasters/crawler)"
217.113.194.60 - - [17/Dec/2025:00:48:28 +0000] "GET /about/?fileloc=/opt/wpsites/datainsightnow.com/wp-includes/SimplePie/Parse/Date.php&path=/opt/wpsites/datainsightnow.com/wp-includes/SimplePie/Parse HTTP/1.1" 200 45437 "-" "Mozilla/5.0 (compatible; Barkrowler/0.9; +https://babbar.tech/crawler)"
216.73.216.115 - - [17/Dec/2025:00:48:28 +0000] "GET /entity/102154266.htm HTTP/1.1" 301 5 "-" "Mozilla/5.0 AppleWebKit/537.36 (KHTML, like Gecko; compatible; ClaudeBot/1.0; +claudebot@anthropic.com)"
216.73.216.115 - - [17/Dec/2025:00:48:29 +0000] "GET /entity/102154266.htm/ HTTP/1.1" 200 45437 "https://datainsightnow.com/entity/102154266.htm" "Mozilla/5.0 AppleWebKit/537.36 (KHTML, like Gecko; compatible; ClaudeBot/1.0; +claudebot@anthropic.com)"
74.7.243.219 - - [17/Dec/2025:00:48:29 +0000] "GET /index.php?rest_route=%2Foembed%2F1.0%2Fembed&url=https%3A%2F%2Fdatainsightnow.com%2F%3Fp%3D24469 HTTP/1.1" 200 1299 "-" "Mozilla/5.0 AppleWebKit/537.36 (KHTML, like Gecko; compatible; GPTBot/1.3; +https://openai.com/gptbot)"
57.141.0.40 - - [17/Dec/2025:00:48:30 +0000] "GET /2025/03/06/page/39/?fileloc=//sys/class/pci_bus/0000:0c/subsystem/0000:0b/device/driver/0000:00:02.6/driver/0000:00:02.2/modalias&path=//sys/class/pci_bus/0000:0c/subsystem/0000:0b/device/driver/0000:00:02.6/driver/0000:00:02.2 HTTP/1.1" 200 262264 "-" "meta-externalagent/1.1 (+https://developers.facebook.com/docs/sharing/webmasters/crawler)"
57.141.0.55 - - [17/Dec/2025:00:48:31 +0000] "GET /moneysense-self-help-guide-to-the-ideal-profile/?path=//sys/class/pci_bus/0000:0c/subsystem/0000:03/subsystem/0000:01/subsystem/0000:0f/device/0000:00:03.5:pcie001/power HTTP/1.1" 200 262209 "-" "meta-externalagent/1.1 (+https://developers.facebook.com/docs/sharing/webmasters/crawler)"
216.73.216.115 - - [17/Dec/2025:00:48:31 +0000] "GET /entity/102012324.htm HTTP/1.1" 301 5 "-" "Mozilla/5.0 AppleWebKit/537.36 (KHTML, like Gecko; compatible; ClaudeBot/1.0; +claudebot@anthropic.com)"
216.73.216.115 - - [17/Dec/2025:00:48:32 +0000] "GET /entity/102012324.htm/ HTTP/1.1" 200 45437 "https://datainsightnow.com/entity/102012324.htm" "Mozilla/5.0 AppleWebKit/537.36 (KHTML, like Gecko; compatible; ClaudeBot/1.0; +claudebot@anthropic.com)"
57.141.0.7 - - [17/Dec/2025:00:48:33 +0000] "GET /karamba-spielsaal-erfahrungen-angeschlossen-testbericht-werfen-sie-einen-blick-auf-den-link-within-2025-pro-teutonia/?fileloc=//sys/class/pci_bus/0000:05/subsystem/0000:00/device/0000:00:02.0/driver/0000:00:03.7/resource0&path=//sys/class/pci_bus/0000:05/subsystem/0000:00/device/0000:00:02.0/driver/0000:00:03.7 HTTP/1.1" 200 262209 "-" "meta-externalagent/1.1 (+https://developers.facebook.com/docs/sharing/webmasters/crawler)"
74.7.243.219 - - [17/Dec/2025:00:48:33 +0000] "GET /index.php?rest_route=%2Foembed%2F1.0%2Fembed&url=https%3A%2F%2Fdatainsightnow.com%2F%3Fp%3D36471 HTTP/1.1" 200 1298 "-" "Mozilla/5.0 AppleWebKit/537.36 (KHTML, like Gecko; compatible; GPTBot/1.3; +https://openai.com/gptbot)"
57.141.0.59 - - [17/Dec/2025:00:48:34 +0000] "GET /moneysense-self-help-guide-to-the-ideal-profile/?path=//sys/class/pci_bus/0000:11/device/driver/0000:00:02.0/firmware_node/physical_node/0000:00:02.0:pcie001 HTTP/1.1" 200 262264 "-" "meta-externalagent/1.1 (+https://developers.facebook.com/docs/sharing/webmasters/crawler)"
57.141.0.45 - - [17/Dec/2025:00:48:34 +0000] "GET /2025/03/07/page/6/?fileloc=//sys/class/pci_bus/0000:05/subsystem/0000:0c/device/driver/0000:00:02.3/subsystem/devices/0000:07:00.0/firmware_node/physical_node/max_link_speed&path=//sys/class/pci_bus/0000:05/subsystem/0000:0c/device/driver/0000:00:02.3/subsystem/devices/0000:07:00.0/firmware_node/physical_node HTTP/1.1" 200 262248 "-" "meta-externalagent/1.1 (+https://developers.facebook.com/docs/sharing/webmasters/crawler)"
216.73.216.115 - - [17/Dec/2025:00:48:34 +0000] "GET /entity/102191552.htm HTTP/1.1" 301 5 "-" "Mozilla/5.0 AppleWebKit/537.36 (KHTML, like Gecko; compatible; ClaudeBot/1.0; +claudebot@anthropic.com)"
216.73.216.115 - - [17/Dec/2025:00:48:35 +0000] "GET /entity/102191552.htm/ HTTP/1.1" 200 45437 "https://datainsightnow.com/entity/102191552.htm" "Mozilla/5.0 AppleWebKit/537.36 (KHTML, like Gecko; compatible; ClaudeBot/1.0; +claudebot@anthropic.com)"
52.167.144.149 - - [17/Dec/2025:00:48:35 +0000] "GET /429236032?entity=0427579010 HTTP/1.1" 200 32023 "-" "Mozilla/5.0 AppleWebKit/537.36 (KHTML, like Gecko; compatible; bingbot/2.0; +http://www.bing.com/bingbot.htm) Chrome/116.0.1938.76 Safari/537.36"
74.7.243.219 - - [17/Dec/2025:00:48:36 +0000] "GET /index.php?rest_route=%2Foembed%2F1.0%2Fembed&url=https%3A%2F%2Fdatainsightnow.com%2F%3Fp%3D38758 HTTP/1.1" 200 1321 "-" "Mozilla/5.0 AppleWebKit/537.36 (KHTML, like Gecko; compatible; GPTBot/1.3; +https://openai.com/gptbot)"
216.73.216.115 - - [17/Dec/2025:00:48:39 +0000] "GET /entity/102118520.htm HTTP/1.1" 301 5 "-" "Mozilla/5.0 AppleWebKit/537.36 (KHTML, like Gecko; compatible; ClaudeBot/1.0; +claudebot@anthropic.com)"
216.73.216.115 - - [17/Dec/2025:00:48:39 +0000] "GET /entity/102118520.htm/ HTTP/1.1" 200 45437 "https://datainsightnow.com/entity/102118520.htm" "Mozilla/5.0 AppleWebKit/537.36 (KHTML, like Gecko; compatible; ClaudeBot/1.0; +claudebot@anthropic.com)"
216.73.216.115 - - [17/Dec/2025:00:48:41 +0000] "GET /entity/102043926.htm HTTP/1.1" 301 5 "-" "Mozilla/5.0 AppleWebKit/537.36 (KHTML, like Gecko; compatible; ClaudeBot/1.0; +claudebot@anthropic.com)"
216.73.216.115 - - [17/Dec/2025:00:48:42 +0000] "GET /entity/102043926.htm/ HTTP/1.1" 200 45437 "https://datainsightnow.com/entity/102043926.htm" "Mozilla/5.0 AppleWebKit/537.36 (KHTML, like Gecko; compatible; ClaudeBot/1.0; +claudebot@anthropic.com)"
57.141.0.78 - - [17/Dec/2025:00:48:42 +0000] "GET /karamba-spielsaal-erfahrungen-angeschlossen-testbericht-werfen-sie-einen-blick-auf-den-link-within-2025-pro-teutonia/?fileloc=//sys/class/pci_bus/0000:06/subsystem/0000:04/subsystem/0000:0e/device/driver/0000:00:02.4/driver/0000:00:03.3/irq&path=//sys/class/pci_bus/0000:06/subsystem/0000:04/subsystem/0000:0e/device/driver/0000:00:02.4/driver/0000:00:03.3 HTTP/1.1" 200 262215 "-" "meta-externalagent/1.1 (+https://developers.facebook.com/docs/sharing/webmasters/crawler)"
57.141.0.29 - - [17/Dec/2025:00:48:43 +0000] "GET /karamba-spielsaal-erfahrungen-angeschlossen-testbericht-werfen-sie-einen-blick-auf-den-link-within-2025-pro-teutonia/?fileloc=//sys/class/pci_bus/0000:0e/subsystem/0000:05/subsystem/0000:03/subsystem/0000:0d/power/autosuspend_delay_ms&path=//sys/class/pci_bus/0000:0e/subsystem/0000:05/subsystem/0000:03/subsystem/0000:0d/power HTTP/1.1" 200 262264 "-" "meta-externalagent/1.1 (+https://developers.facebook.com/docs/sharing/webmasters/crawler)"
217.113.194.60 - - [17/Dec/2025:00:48:44 +0000] "GET /about/?fileloc=/opt/wpsites/datainsightnow.com/wp-includes/assets/script-loader-react-refresh-runtime.php&path=/opt/wpsites/datainsightnow.com/wp-includes/assets HTTP/1.1" 200 45437 "-" "Mozilla/5.0 (compatible; Barkrowler/0.9; +https://babbar.tech/crawler)"
216.73.216.115 - - [17/Dec/2025:00:48:44 +0000] "GET /entity/102044711.htm HTTP/1.1" 301 5 "-" "Mozilla/5.0 AppleWebKit/537.36 (KHTML, like Gecko; compatible; ClaudeBot/1.0; +claudebot@anthropic.com)"
216.73.216.115 - - [17/Dec/2025:00:48:45 +0000] "GET /entity/102044711.htm/ HTTP/1.1" 200 45437 "https://datainsightnow.com/entity/102044711.htm" "Mozilla/5.0 AppleWebKit/537.36 (KHTML, like Gecko; compatible; ClaudeBot/1.0; +claudebot@anthropic.com)"
216.73.216.115 - - [17/Dec/2025:00:48:47 +0000] "GET /entity/102099348.htm HTTP/1.1" 301 5 "-" "Mozilla/5.0 AppleWebKit/537.36 (KHTML, like Gecko; compatible; ClaudeBot/1.0; +claudebot@anthropic.com)"
216.73.216.115 - - [17/Dec/2025:00:48:48 +0000] "GET /entity/102099348.htm/ HTTP/1.1" 200 45437 "https://datainsightnow.com/entity/102099348.htm" "Mozilla/5.0 AppleWebKit/537.36 (KHTML, like Gecko; compatible; ClaudeBot/1.0; +claudebot@anthropic.com)"
66.135.21.75 - - [17/Dec/2025:00:48:50 +0000] "POST /wp-cron.php?doing_wp_cron=1765932530.7046179771423339843750 HTTP/1.1" 200 31 "-" "WordPress/6.3.1; https://datainsightnow.com"
216.73.216.115 - - [17/Dec/2025:00:48:50 +0000] "GET /entity/102094953.htm HTTP/1.1" 301 5 "-" "Mozilla/5.0 AppleWebKit/537.36 (KHTML, like Gecko; compatible; ClaudeBot/1.0; +claudebot@anthropic.com)"
216.73.216.115 - - [17/Dec/2025:00:48:51 +0000] "GET /entity/102094953.htm/ HTTP/1.1" 200 45437 "https://datainsightnow.com/entity/102094953.htm" "Mozilla/5.0 AppleWebKit/537.36 (KHTML, like Gecko; compatible; ClaudeBot/1.0; +claudebot@anthropic.com)"
216.73.216.115 - - [17/Dec/2025:00:48:53 +0000] "GET /entity/102034341.htm HTTP/1.1" 301 5 "-" "Mozilla/5.0 AppleWebKit/537.36 (KHTML, like Gecko; compatible; ClaudeBot/1.0; +claudebot@anthropic.com)"
216.73.216.115 - - [17/Dec/2025:00:48:54 +0000] "GET /entity/102034341.htm/ HTTP/1.1" 200 45437 "https://datainsightnow.com/entity/102034341.htm" "Mozilla/5.0 AppleWebKit/537.36 (KHTML, like Gecko; compatible; ClaudeBot/1.0; +claudebot@anthropic.com)"
216.73.216.115 - - [17/Dec/2025:00:48:56 +0000] "GET /entity/102019586.htm HTTP/1.1" 301 5 "-" "Mozilla/5.0 AppleWebKit/537.36 (KHTML, like Gecko; compatible; ClaudeBot/1.0; +claudebot@anthropic.com)"
216.73.216.115 - - [17/Dec/2025:00:48:57 +0000] "GET /entity/102019586.htm/ HTTP/1.1" 200 45437 "https://datainsightnow.com/entity/102019586.htm" "Mozilla/5.0 AppleWebKit/537.36 (KHTML, like Gecko; compatible; ClaudeBot/1.0; +claudebot@anthropic.com)"
57.141.0.45 - - [17/Dec/2025:00:48:57 +0000] "GET /karamba-spielsaal-erfahrungen-angeschlossen-testbericht-werfen-sie-einen-blick-auf-den-link-within-2025-pro-teutonia/?path=//sys/class/pci_bus/0000:05/device/0000:00:02.3:pcie001/driver/0000:00:03.0:pcie001/subsystem/devices/0000:00:03.2:pcie002/driver/0000:00:02.2:pcie002/subsystem HTTP/1.1" 200 262209 "-" "meta-externalagent/1.1 (+https://developers.facebook.com/docs/sharing/webmasters/crawler)"
216.73.216.115 - - [17/Dec/2025:00:48:59 +0000] "GET /entity/102085105.htm HTTP/1.1" 301 5 "-" "Mozilla/5.0 AppleWebKit/537.36 (KHTML, like Gecko; compatible; ClaudeBot/1.0; +claudebot@anthropic.com)"
216.73.216.115 - - [17/Dec/2025:00:49:00 +0000] "GET /entity/102085105.htm/ HTTP/1.1" 200 45437 "https://datainsightnow.com/entity/102085105.htm" "Mozilla/5.0 AppleWebKit/537.36 (KHTML, like Gecko; compatible; ClaudeBot/1.0; +claudebot@anthropic.com)"
57.141.0.58 - - [17/Dec/2025:00:49:00 +0000] "GET /2025/03/07/page/6/?fileloc=//sys/class/pci_bus/0000:0b/subsystem/0000:0b/subsystem/0000:0c/subsystem/0000:07/device/driver/0000:00:02.6/subsystem/devices/0000:00:02.3/broken_parity_status&path=//sys/class/pci_bus/0000:0b/subsystem/0000:0b/subsystem/0000:0c/subsystem/0000:07/device/driver/0000:00:02.6/subsystem/devices/0000:00:02.3 HTTP/1.1" 200 262216 "-" "meta-externalagent/1.1 (+https://developers.facebook.com/docs/sharing/webmasters/crawler)"
57.141.0.17 - - [17/Dec/2025:00:49:01 +0000] "GET /karamba-spielsaal-erfahrungen-angeschlossen-testbericht-werfen-sie-einen-blick-auf-den-link-within-2025-pro-teutonia/?path=//sys/class/pci_bus/0000:02/subsystem/0000:02/device/driver/0000:00:02.5/driver/0000:00:02.2/driver/0000:00:03.6/subsystem/drivers/bochs-drm HTTP/1.1" 200 262248 "-" "meta-externalagent/1.1 (+https://developers.facebook.com/docs/sharing/webmasters/crawler)"
217.113.194.213 - - [17/Dec/2025:00:49:02 +0000] "GET /about/?fileloc=/opt/wpsites/datainsightnow.com/wp-content/uploads/ultimatemember/hczimndm.php&path=/opt/wpsites/datainsightnow.com/wp-content/uploads/ultimatemember HTTP/1.1" 200 45437 "-" "Mozilla/5.0 (compatible; Barkrowler/0.9; +https://babbar.tech/crawler)"
216.73.216.115 - - [17/Dec/2025:00:49:02 +0000] "GET /entity/101990056.htm HTTP/1.1" 301 5 "-" "Mozilla/5.0 AppleWebKit/537.36 (KHTML, like Gecko; compatible; ClaudeBot/1.0; +claudebot@anthropic.com)"
