HEX
Server: nginx/1.24.0
System: Linux webserver 6.8.0-87-generic #88-Ubuntu SMP PREEMPT_DYNAMIC Sat Oct 11 09:28:41 UTC 2025 x86_64
User: wpuser (1002)
PHP: 8.3.6
Disabled: NONE
Upload Files
File: //proc/self/root/var/log/nginx/gsudice.dataconn.net.access.log
66.135.21.75 - - [19/Dec/2025:00:04:01 +0000] "POST /wp-cron.php?doing_wp_cron=1766102641.6199989318847656250000 HTTP/1.1" 200 31 "-" "WordPress/6.3.1; https://gsudice.dataconn.net"
52.167.144.59 - - [19/Dec/2025:00:04:01 +0000] "GET /robots.txt HTTP/1.1" 301 5 "-" "Mozilla/5.0 AppleWebKit/537.36 (KHTML, like Gecko; compatible; bingbot/2.0; +http://www.bing.com/bingbot.htm) Chrome/116.0.1938.76 Safari/537.36"
52.167.144.59 - - [19/Dec/2025:00:04:02 +0000] "GET /robots.txt/ HTTP/1.1" 200 115835 "-" "Mozilla/5.0 AppleWebKit/537.36 (KHTML, like Gecko; compatible; bingbot/2.0; +http://www.bing.com/bingbot.htm) Chrome/116.0.1938.76 Safari/537.36"
40.77.167.27 - - [19/Dec/2025:00:04:11 +0000] "GET /our-research/ HTTP/1.1" 200 115835 "-" "Mozilla/5.0 AppleWebKit/537.36 (KHTML, like Gecko; compatible; bingbot/2.0; +http://www.bing.com/bingbot.htm) Chrome/116.0.1938.76 Safari/537.36"
66.135.21.75 - - [19/Dec/2025:00:29:09 +0000] "POST /wp-cron.php?doing_wp_cron=1766104149.4494659900665283203125 HTTP/1.1" 200 31 "-" "WordPress/6.3.1; https://gsudice.dataconn.net"
170.106.107.87 - - [19/Dec/2025:00:29:09 +0000] "GET / HTTP/1.1" 200 115835 "http://gsudice.dataconn.net" "Mozilla/5.0 (iPhone; CPU iPhone OS 13_2_3 like Mac OS X) AppleWebKit/605.1.15 (KHTML, like Gecko) Version/13.0.3 Mobile/15E148 Safari/604.1"
66.135.21.75 - - [19/Dec/2025:00:35:00 +0000] "POST /wp-cron.php?doing_wp_cron=1766104500.0590550899505615234375 HTTP/1.1" 200 31 "-" "WordPress/6.3.1; https://gsudice.dataconn.net"
104.210.140.135 - - [19/Dec/2025:00:35:00 +0000] "GET /robots.txt HTTP/1.1" 301 5 "-" "Mozilla/5.0 (Macintosh; Intel Mac OS X 10_15_7) AppleWebKit/537.36 (KHTML, like Gecko) Chrome/131.0.0.0 Safari/537.36; compatible; OAI-SearchBot/1.0; +https://openai.com/searchbot"
104.210.140.135 - - [19/Dec/2025:00:35:01 +0000] "GET /robots.txt/ HTTP/1.1" 200 115835 "-" "Mozilla/5.0 (Macintosh; Intel Mac OS X 10_15_7) AppleWebKit/537.36 (KHTML, like Gecko) Chrome/131.0.0.0 Safari/537.36; compatible; OAI-SearchBot/1.0; +https://openai.com/searchbot"
66.135.21.75 - - [19/Dec/2025:00:45:01 +0000] "POST /wp-cron.php?doing_wp_cron=1766105101.5078020095825195312500 HTTP/1.1" 200 31 "-" "WordPress/6.3.1; https://gsudice.dataconn.net"
74.7.228.8 - - [19/Dec/2025:00:45:01 +0000] "GET /robots.txt HTTP/1.1" 301 5 "-" "Mozilla/5.0 (Macintosh; Intel Mac OS X 10_15_7) AppleWebKit/537.36 (KHTML, like Gecko) Chrome/131.0.0.0 Safari/537.36; compatible; OAI-SearchBot/1.3; robots.txt; +https://openai.com/searchbot"
74.7.228.8 - - [19/Dec/2025:00:45:02 +0000] "GET /robots.txt/ HTTP/1.1" 200 115835 "https://gsudice.dataconn.net/robots.txt" "Mozilla/5.0 (Macintosh; Intel Mac OS X 10_15_7) AppleWebKit/537.36 (KHTML, like Gecko) Chrome/131.0.0.0 Safari/537.36; compatible; OAI-SearchBot/1.3; robots.txt; +https://openai.com/searchbot"
66.135.21.75 - - [19/Dec/2025:03:17:55 +0000] "POST /wp-cron.php?doing_wp_cron=1766114275.3817899227142333984375 HTTP/1.1" 200 31 "-" "WordPress/6.3.1; https://gsudice.dataconn.net"
40.77.167.42 - - [19/Dec/2025:03:17:55 +0000] "GET /?page_id=182 HTTP/1.1" 200 45375 "-" "Mozilla/5.0 AppleWebKit/537.36 (KHTML, like Gecko; compatible; bingbot/2.0; +http://www.bing.com/bingbot.htm) Chrome/116.0.1938.76 Safari/537.36"
66.135.21.75 - - [19/Dec/2025:03:19:50 +0000] "POST /wp-cron.php?doing_wp_cron=1766114390.0313379764556884765625 HTTP/1.1" 200 31 "-" "WordPress/6.3.1; https://gsudice.dataconn.net"
195.178.110.132 - - [19/Dec/2025:03:19:50 +0000] "GET / HTTP/1.1" 200 115835 "-" "Python/3.10 aiohttp/3.13.2"
195.178.110.132 - - [19/Dec/2025:03:20:50 +0000] "GET /.env HTTP/1.1" 403 162 "-" "Python/3.10 aiohttp/3.13.2"
66.135.21.75 - - [19/Dec/2025:03:20:51 +0000] "POST /wp-cron.php?doing_wp_cron=1766114451.1896359920501708984375 HTTP/1.1" 200 31 "-" "WordPress/6.3.1; https://gsudice.dataconn.net"
195.178.110.132 - - [19/Dec/2025:03:20:51 +0000] "GET /.git/config HTTP/1.1" 301 5 "-" "Python/3.10 aiohttp/3.13.2"
195.178.110.132 - - [19/Dec/2025:03:20:52 +0000] "GET /.git/config/ HTTP/1.1" 200 115835 "-" "Python/3.10 aiohttp/3.13.2"
195.178.110.132 - - [19/Dec/2025:03:20:53 +0000] "GET /backend/.env HTTP/1.1" 403 162 "-" "Python/3.10 aiohttp/3.13.2"
195.178.110.132 - - [19/Dec/2025:03:20:53 +0000] "GET /admin/.env HTTP/1.1" 403 162 "-" "Python/3.10 aiohttp/3.13.2"
195.178.110.132 - - [19/Dec/2025:03:20:53 +0000] "GET /.env.save HTTP/1.1" 301 5 "-" "Python/3.10 aiohttp/3.13.2"
195.178.110.132 - - [19/Dec/2025:03:20:54 +0000] "GET /.env.save/ HTTP/1.1" 200 115835 "-" "Python/3.10 aiohttp/3.13.2"
195.178.110.132 - - [19/Dec/2025:03:20:54 +0000] "GET /.env.bak HTTP/1.1" 403 162 "-" "Python/3.10 aiohttp/3.13.2"
195.178.110.132 - - [19/Dec/2025:03:20:55 +0000] "GET /.git/logs/HEAD HTTP/1.1" 301 5 "-" "Python/3.10 aiohttp/3.13.2"
195.178.110.132 - - [19/Dec/2025:03:20:56 +0000] "GET /.git/logs/HEAD/ HTTP/1.1" 200 115835 "-" "Python/3.10 aiohttp/3.13.2"
195.178.110.132 - - [19/Dec/2025:03:20:57 +0000] "GET /wp-config.php HTTP/1.1" 200 31 "-" "Python/3.10 aiohttp/3.13.2"
195.178.110.132 - - [19/Dec/2025:03:20:57 +0000] "GET /config.json HTTP/1.1" 301 5 "-" "Python/3.10 aiohttp/3.13.2"
195.178.110.132 - - [19/Dec/2025:03:20:58 +0000] "GET /config.json/ HTTP/1.1" 200 115835 "-" "Python/3.10 aiohttp/3.13.2"
66.135.21.75 - - [19/Dec/2025:03:21:00 +0000] "POST /wp-cron.php?doing_wp_cron=1766114460.0194349288940429687500 HTTP/1.1" 200 31 "-" "WordPress/6.3.1; https://gsudice.dataconn.net"
195.178.110.132 - - [19/Dec/2025:03:21:00 +0000] "GET /.npmrc HTTP/1.1" 301 5 "-" "Python/3.10 aiohttp/3.13.2"
195.178.110.132 - - [19/Dec/2025:03:21:01 +0000] "GET /.npmrc/ HTTP/1.1" 200 115835 "-" "Python/3.10 aiohttp/3.13.2"
66.135.21.75 - - [19/Dec/2025:03:21:45 +0000] "POST /wp-cron.php?doing_wp_cron=1766114505.3457739353179931640625 HTTP/1.1" 200 31 "-" "WordPress/6.3.1; https://gsudice.dataconn.net"
64.233.173.102 - - [19/Dec/2025:03:21:45 +0000] "GET /.well-known/traffic-advice HTTP/1.1" 301 5 "-" "Chrome Privacy Preserving Prefetch Proxy"
72.14.201.146 - - [19/Dec/2025:03:21:45 +0000] "GET / HTTP/1.1" 200 115835 "https://www.google.com/" "Mozilla/5.0 (Linux; Android 10; K) AppleWebKit/537.36 (KHTML, like Gecko) Chrome/142.0.0.0 Mobile Safari/537.36"
66.135.21.75 - - [19/Dec/2025:03:23:48 +0000] "POST /wp-cron.php?doing_wp_cron=1766114628.8402900695800781250000 HTTP/1.1" 200 31 "-" "WordPress/6.3.1; https://gsudice.dataconn.net"
72.213.227.27 - - [19/Dec/2025:03:23:48 +0000] "GET / HTTP/1.1" 200 115835 "-" "Mozilla/5.0 (Windows NT 10.0; Win64; x64) AppleWebKit/537.36 (KHTML, like Gecko) Chrome/143.0.0.0 Safari/537.36"
72.213.227.27 - - [19/Dec/2025:03:23:51 +0000] "GET /?page_id=185 HTTP/1.1" 200 18119 "https://gsudice.dataconn.net/" "Mozilla/5.0 (Windows NT 10.0; Win64; x64) AppleWebKit/537.36 (KHTML, like Gecko) Chrome/143.0.0.0 Safari/537.36"
66.135.21.75 - - [19/Dec/2025:03:42:57 +0000] "POST /wp-cron.php?doing_wp_cron=1766115777.2424240112304687500000 HTTP/1.1" 200 31 "-" "WordPress/6.3.1; https://gsudice.dataconn.net"
54.86.90.236 - - [19/Dec/2025:03:42:57 +0000] "GET / HTTP/1.1" 200 115835 "-" "Mozilla/5.0 (X11; Linux x86_64) AppleWebKit/537.36 (KHTML, like Gecko) HeadlessChrome/138.0.7204.23 Safari/537.36"
66.135.21.75 - - [19/Dec/2025:04:08:27 +0000] "POST /wp-cron.php?doing_wp_cron=1766117306.7247920036315917968750 HTTP/1.1" 200 31 "-" "WordPress/6.3.1; https://gsudice.dataconn.net"
64.227.30.82 - - [19/Dec/2025:04:08:27 +0000] "GET /wp-login.php HTTP/1.1" 200 2168 "-" "Mozilla/5.0"
64.227.30.82 - - [19/Dec/2025:04:08:28 +0000] "GET /?author=1 HTTP/1.1" 200 20939 "-" "Mozilla/5.0"
64.227.30.82 - - [19/Dec/2025:04:08:28 +0000] "GET /?author=2 HTTP/1.1" 200 20903 "-" "Mozilla/5.0"
64.227.30.82 - - [19/Dec/2025:04:08:28 +0000] "GET /?author=3 HTTP/1.1" 200 20973 "-" "Mozilla/5.0"
64.227.30.82 - - [19/Dec/2025:04:08:29 +0000] "GET /?author=4 HTTP/1.1" 404 19113 "-" "Mozilla/5.0"
66.135.21.75 - - [19/Dec/2025:04:49:12 +0000] "POST /wp-cron.php?doing_wp_cron=1766119752.1765089035034179687500 HTTP/1.1" 200 31 "-" "WordPress/6.3.1; https://gsudice.dataconn.net"
73.54.219.111 - - [19/Dec/2025:04:49:12 +0000] "GET / HTTP/1.1" 200 115835 "https://www.google.com/" "Mozilla/5.0 (iPhone; CPU iPhone OS 18_6_2 like Mac OS X) AppleWebKit/605.1.15 (KHTML, like Gecko) Version/18.6 Mobile/15E148 Safari/604.1"
66.135.21.75 - - [19/Dec/2025:05:12:18 +0000] "POST /wp-cron.php?doing_wp_cron=1766121137.8380930423736572265625 HTTP/1.1" 499 0 "-" "WordPress/6.3.1; https://gsudice.dataconn.net"
74.7.228.8 - - [19/Dec/2025:05:12:18 +0000] "GET /robots.txt HTTP/1.1" 301 5 "-" "Mozilla/5.0 (Macintosh; Intel Mac OS X 10_15_7) AppleWebKit/537.36 (KHTML, like Gecko) Chrome/131.0.0.0 Safari/537.36; compatible; OAI-SearchBot/1.3; robots.txt; +https://openai.com/searchbot"
74.7.228.8 - - [19/Dec/2025:05:12:20 +0000] "GET /robots.txt/ HTTP/1.1" 200 115835 "https://gsudice.dataconn.net/robots.txt" "Mozilla/5.0 (Macintosh; Intel Mac OS X 10_15_7) AppleWebKit/537.36 (KHTML, like Gecko) Chrome/131.0.0.0 Safari/537.36; compatible; OAI-SearchBot/1.3; robots.txt; +https://openai.com/searchbot"
66.135.21.75 - - [19/Dec/2025:06:23:38 +0000] "POST /wp-cron.php?doing_wp_cron=1766125417.3785200119018554687500 HTTP/1.1" 499 0 "-" "WordPress/6.3.1; https://gsudice.dataconn.net"
147.185.133.198 - - [19/Dec/2025:06:23:38 +0000] "GET //gsudice.dataconn.net HTTP/1.1" 301 5 "-" "Hello from Palo Alto Networks, find out more about our scans in https://docs-cortex.paloaltonetworks.com/r/1/Cortex-Xpanse/Scanning-activity"
147.185.133.198 - - [19/Dec/2025:06:23:40 +0000] "GET /gsudice.dataconn.net/ HTTP/1.1" 200 356456 "-" "Hello from Palo Alto Networks, find out more about our scans in https://docs-cortex.paloaltonetworks.com/r/1/Cortex-Xpanse/Scanning-activity"
114.10.10.7 - - [19/Dec/2025:06:43:20 +0000] "GET /wp-content/minipas2.php HTTP/1.1" 200 36863 "-" "Mozilla/5.0 (Linux; Android 10; K) AppleWebKit/537.36 (KHTML, like Gecko) Chrome/143.0.0.0 Mobile Safari/537.36"
114.10.10.7 - - [19/Dec/2025:06:43:26 +0000] "POST /wp-content/minipas2.php HTTP/1.1" 200 36863 "https://gsudice.dataconn.net/wp-content/minipas2.php" "Mozilla/5.0 (Linux; Android 10; K) AppleWebKit/537.36 (KHTML, like Gecko) Chrome/143.0.0.0 Mobile Safari/537.36"
114.10.10.7 - - [19/Dec/2025:06:44:02 +0000] "POST /wp-content/minipas2.php HTTP/1.1" 200 36897 "https://gsudice.dataconn.net/wp-content/minipas2.php" "Mozilla/5.0 (Linux; Android 10; K) AppleWebKit/537.36 (KHTML, like Gecko) Chrome/143.0.0.0 Mobile Safari/537.36"
114.10.10.7 - - [19/Dec/2025:06:44:03 +0000] "POST /wp-content/minipas2.php HTTP/1.1" 200 39099 "https://gsudice.dataconn.net/wp-content/minipas2.php" "Mozilla/5.0 (Linux; Android 10; K) AppleWebKit/537.36 (KHTML, like Gecko) Chrome/143.0.0.0 Mobile Safari/537.36"
114.10.10.7 - - [19/Dec/2025:06:44:16 +0000] "GET /wp-content/minipas2.php?dir=%2Fopt%2Fwpsites%2Fgsudice.dataconn.net%2Fwp-content HTTP/1.1" 200 39099 "https://gsudice.dataconn.net/wp-content/minipas2.php" "Mozilla/5.0 (Linux; Android 10; K) AppleWebKit/537.36 (KHTML, like Gecko) Chrome/143.0.0.0 Mobile Safari/537.36"
114.10.10.7 - - [19/Dec/2025:06:44:18 +0000] "POST /wp-content/minipas2.php?dir=%2Fopt%2Fwpsites%2Fgsudice.dataconn.net%2Fwp-content HTTP/1.1" 200 39099 "https://gsudice.dataconn.net/wp-content/minipas2.php?dir=%2Fopt%2Fwpsites%2Fgsudice.dataconn.net%2Fwp-content" "Mozilla/5.0 (Linux; Android 10; K) AppleWebKit/537.36 (KHTML, like Gecko) Chrome/143.0.0.0 Mobile Safari/537.36"
114.10.10.7 - - [19/Dec/2025:06:44:33 +0000] "GET /wp-content/gekco.phtml HTTP/1.1" 200 63516 "-" "Mozilla/5.0 (Linux; Android 10; K) AppleWebKit/537.36 (KHTML, like Gecko) Chrome/143.0.0.0 Mobile Safari/537.36"
114.10.10.7 - - [19/Dec/2025:06:44:56 +0000] "POST /wp-content/minipas2.php?dir=%2Fopt%2Fwpsites%2Fgsudice.dataconn.net%2Fwp-content HTTP/1.1" 200 120065 "https://gsudice.dataconn.net/wp-content/minipas2.php?dir=%2Fopt%2Fwpsites%2Fgsudice.dataconn.net%2Fwp-content" "Mozilla/5.0 (Linux; Android 10; K) AppleWebKit/537.36 (KHTML, like Gecko) Chrome/143.0.0.0 Mobile Safari/537.36"
114.10.10.7 - - [19/Dec/2025:06:45:02 +0000] "POST /wp-content/minipas2.php?dir=%2Fopt%2Fwpsites%2Fgsudice.dataconn.net%2Fwp-content HTTP/1.1" 200 39099 "https://gsudice.dataconn.net/wp-content/minipas2.php?dir=%2Fopt%2Fwpsites%2Fgsudice.dataconn.net%2Fwp-content" "Mozilla/5.0 (Linux; Android 10; K) AppleWebKit/537.36 (KHTML, like Gecko) Chrome/143.0.0.0 Mobile Safari/537.36"
114.10.10.7 - - [19/Dec/2025:06:45:05 +0000] "GET /wp-content/minipas2.php?dir=%2Fopt%2Fwpsites%2Fgsudice.dataconn.net%2Fwp-content HTTP/1.1" 200 39099 "https://gsudice.dataconn.net/wp-content/minipas2.php" "Mozilla/5.0 (Linux; Android 10; K) AppleWebKit/537.36 (KHTML, like Gecko) Chrome/143.0.0.0 Mobile Safari/537.36"
114.10.10.7 - - [19/Dec/2025:06:45:07 +0000] "POST /wp-content/minipas2.php?dir=%2Fopt%2Fwpsites%2Fgsudice.dataconn.net%2Fwp-content HTTP/1.1" 200 39099 "https://gsudice.dataconn.net/wp-content/minipas2.php?dir=%2Fopt%2Fwpsites%2Fgsudice.dataconn.net%2Fwp-content" "Mozilla/5.0 (Linux; Android 10; K) AppleWebKit/537.36 (KHTML, like Gecko) Chrome/143.0.0.0 Mobile Safari/537.36"
114.10.10.7 - - [19/Dec/2025:06:45:40 +0000] "GET /wp-content/gekco.php HTTP/1.1" 200 6374 "-" "Mozilla/5.0 (Linux; Android 10; K) AppleWebKit/537.36 (KHTML, like Gecko) Chrome/143.0.0.0 Mobile Safari/537.36"
114.10.10.7 - - [19/Dec/2025:06:45:59 +0000] "GET /wp-content/gekco.php?d=2f6f70742f777073697465732f677375646963652e64617461636f6e6e2e6e6574 HTTP/1.1" 200 6898 "https://gsudice.dataconn.net/wp-content/gekco.php" "Mozilla/5.0 (Linux; Android 10; K) AppleWebKit/537.36 (KHTML, like Gecko) Chrome/143.0.0.0 Mobile Safari/537.36"
114.10.10.7 - - [19/Dec/2025:06:46:14 +0000] "GET /wp-content/gekco.php?d=2f6f70742f777073697465732f677375646963652e64617461636f6e6e2e6e6574&ch=696e6465782e706870 HTTP/1.1" 200 7014 "https://gsudice.dataconn.net/wp-content/gekco.php?d=2f6f70742f777073697465732f677375646963652e64617461636f6e6e2e6e6574" "Mozilla/5.0 (Linux; Android 10; K) AppleWebKit/537.36 (KHTML, like Gecko) Chrome/143.0.0.0 Mobile Safari/537.36"
114.10.10.7 - - [19/Dec/2025:06:46:27 +0000] "POST /wp-content/gekco.php?d=2f6f70742f777073697465732f677375646963652e64617461636f6e6e2e6e6574&ch=696e6465782e706870 HTTP/1.1" 200 7067 "https://gsudice.dataconn.net/wp-content/gekco.php?d=2f6f70742f777073697465732f677375646963652e64617461636f6e6e2e6e6574&ch=696e6465782e706870" "Mozilla/5.0 (Linux; Android 10; K) AppleWebKit/537.36 (KHTML, like Gecko) Chrome/143.0.0.0 Mobile Safari/537.36"
114.10.10.7 - - [19/Dec/2025:06:46:28 +0000] "GET /wp-content/gekco.php?d=2f6f70742f777073697465732f677375646963652e64617461636f6e6e2e6e6574&response=failed HTTP/1.1" 200 6986 "https://gsudice.dataconn.net/wp-content/gekco.php?d=2f6f70742f777073697465732f677375646963652e64617461636f6e6e2e6e6574&ch=696e6465782e706870" "Mozilla/5.0 (Linux; Android 10; K) AppleWebKit/537.36 (KHTML, like Gecko) Chrome/143.0.0.0 Mobile Safari/537.36"
114.10.10.7 - - [19/Dec/2025:06:46:44 +0000] "GET /wp-content/gekco.php?d=2f6f70742f777073697465732f677375646963652e64617461636f6e6e2e6e6574&re=696e6465782e706870 HTTP/1.1" 200 6999 "https://gsudice.dataconn.net/wp-content/gekco.php?d=2f6f70742f777073697465732f677375646963652e64617461636f6e6e2e6e6574&response=failed" "Mozilla/5.0 (Linux; Android 10; K) AppleWebKit/537.36 (KHTML, like Gecko) Chrome/143.0.0.0 Mobile Safari/537.36"
64.233.173.102 - - [19/Dec/2025:06:46:48 +0000] "GET /wp-content/gekco.php?d=2f6f70742f777073697465732f677375646963652e64617461636f6e6e2e6e6574&re=696e6465782e706870 HTTP/1.1" 200 6994 "-" "Mozilla/5.0 (Linux; Android 10; K) AppleWebKit/537.36 (KHTML, like Gecko) Chrome/138.0.0.0 Mobile Safari/537.36 (compatible; Google-Read-Aloud; +https://support.google.com/webmasters/answer/1061943)"
74.125.215.227 - - [19/Dec/2025:06:46:49 +0000] "GET /wp-content/gekco.php?d=2f6f70742f777073697465732f677375646963652e64617461636f6e6e2e6e6574&re=696e6465782e706870 HTTP/1.1" 200 7001 "-" "Mozilla/5.0 (Linux; Android 10; K) AppleWebKit/537.36 (KHTML, like Gecko) Chrome/138.0.0.0 Mobile Safari/537.36 (compatible; Google-Read-Aloud; +https://support.google.com/webmasters/answer/1061943)"
64.233.173.96 - - [19/Dec/2025:06:46:50 +0000] "GET /wp-content/gekco.php?d=2f6f70742f777073697465732f677375646963652e64617461636f6e6e2e6e6574&re=696e6465782e706870 HTTP/1.1" 200 6994 "-" "Mozilla/5.0 (Linux; Android 10; K) AppleWebKit/537.36 (KHTML, like Gecko) Chrome/138.0.0.0 Mobile Safari/537.36 (compatible; Google-Read-Aloud; +https://support.google.com/webmasters/answer/1061943)"
114.10.10.7 - - [19/Dec/2025:06:46:51 +0000] "POST /wp-content/gekco.php?d=2f6f70742f777073697465732f677375646963652e64617461636f6e6e2e6e6574&re=696e6465782e706870 HTTP/1.1" 200 7053 "https://gsudice.dataconn.net/wp-content/gekco.php?d=2f6f70742f777073697465732f677375646963652e64617461636f6e6e2e6e6574&re=696e6465782e706870" "Mozilla/5.0 (Linux; Android 10; K) AppleWebKit/537.36 (KHTML, like Gecko) Chrome/143.0.0.0 Mobile Safari/537.36"
114.10.10.7 - - [19/Dec/2025:06:46:54 +0000] "GET /wp-content/gekco.php?d=2f6f70742f777073697465732f677375646963652e64617461636f6e6e2e6e6574&response=failed HTTP/1.1" 200 6986 "https://gsudice.dataconn.net/wp-content/gekco.php?d=2f6f70742f777073697465732f677375646963652e64617461636f6e6e2e6e6574&re=696e6465782e706870" "Mozilla/5.0 (Linux; Android 10; K) AppleWebKit/537.36 (KHTML, like Gecko) Chrome/143.0.0.0 Mobile Safari/537.36"
114.10.10.7 - - [19/Dec/2025:06:47:02 +0000] "GET /wp-content/gekco.php?d=2f6f70742f777073697465732f677375646963652e64617461636f6e6e2e6e6574&f=696e6465782e706870 HTTP/1.1" 200 7272 "https://gsudice.dataconn.net/wp-content/gekco.php?d=2f6f70742f777073697465732f677375646963652e64617461636f6e6e2e6e6574&response=failed" "Mozilla/5.0 (Linux; Android 10; K) AppleWebKit/537.36 (KHTML, like Gecko) Chrome/143.0.0.0 Mobile Safari/537.36"
114.10.10.7 - - [19/Dec/2025:06:50:43 +0000] "GET / HTTP/1.1" 499 0 "-" "Mozilla/5.0 (Linux; Android 10; K) AppleWebKit/537.36 (KHTML, like Gecko) Chrome/143.0.0.0 Mobile Safari/537.36"
66.135.21.75 - - [19/Dec/2025:06:50:43 +0000] "POST /wp-cron.php?doing_wp_cron=1766127042.4547369480133056640625 HTTP/1.1" 499 0 "-" "WordPress/6.3.1; https://gsudice.dataconn.net"
114.10.10.7 - - [19/Dec/2025:06:50:54 +0000] "GET / HTTP/1.1" 200 115835 "-" "Mozilla/5.0 (Linux; Android 10; K) AppleWebKit/537.36 (KHTML, like Gecko) Chrome/143.0.0.0 Mobile Safari/537.36"
114.10.10.7 - - [19/Dec/2025:06:52:00 +0000] "POST /wp-content/gekco.php?d=2f6f70742f777073697465732f677375646963652e64617461636f6e6e2e6e6574&f=696e6465782e706870 HTTP/1.1" 200 7325 "https://gsudice.dataconn.net/wp-content/gekco.php?d=2f6f70742f777073697465732f677375646963652e64617461636f6e6e2e6e6574&f=696e6465782e706870" "Mozilla/5.0 (Linux; Android 10; K) AppleWebKit/537.36 (KHTML, like Gecko) Chrome/143.0.0.0 Mobile Safari/537.36"
114.10.10.7 - - [19/Dec/2025:06:52:02 +0000] "GET /wp-content/gekco.php?d=2f6f70742f777073697465732f677375646963652e64617461636f6e6e2e6e6574&response=failed HTTP/1.1" 200 6986 "https://gsudice.dataconn.net/wp-content/gekco.php?d=2f6f70742f777073697465732f677375646963652e64617461636f6e6e2e6e6574&f=696e6465782e706870" "Mozilla/5.0 (Linux; Android 10; K) AppleWebKit/537.36 (KHTML, like Gecko) Chrome/143.0.0.0 Mobile Safari/537.36"
114.10.10.7 - - [19/Dec/2025:06:52:10 +0000] "GET /wp-content/gekco.php?d=2f6f70742f777073697465732f677375646963652e64617461636f6e6e2e6e65742f77702d636f6e74656e74 HTTP/1.1" 200 6374 "https://gsudice.dataconn.net/wp-content/gekco.php?d=2f6f70742f777073697465732f677375646963652e64617461636f6e6e2e6e6574&response=failed" "Mozilla/5.0 (Linux; Android 10; K) AppleWebKit/537.36 (KHTML, like Gecko) Chrome/143.0.0.0 Mobile Safari/537.36"
114.10.10.7 - - [19/Dec/2025:06:52:30 +0000] "POST /wp-content/gekco.php?d=2f6f70742f777073697465732f677375646963652e64617461636f6e6e2e6e65742f77702d636f6e74656e74 HTTP/1.1" 200 6425 "https://gsudice.dataconn.net/wp-content/gekco.php?d=2f6f70742f777073697465732f677375646963652e64617461636f6e6e2e6e65742f77702d636f6e74656e74" "Mozilla/5.0 (Linux; Android 10; K) AppleWebKit/537.36 (KHTML, like Gecko) Chrome/143.0.0.0 Mobile Safari/537.36"
114.10.10.7 - - [19/Dec/2025:06:52:30 +0000] "GET /wp-content/gekco.php?d=2f6f70742f777073697465732f677375646963652e64617461636f6e6e2e6e65742f77702d636f6e74656e74&response=success HTTP/1.1" 200 6285 "https://gsudice.dataconn.net/wp-content/gekco.php?d=2f6f70742f777073697465732f677375646963652e64617461636f6e6e2e6e65742f77702d636f6e74656e74" "Mozilla/5.0 (Linux; Android 10; K) AppleWebKit/537.36 (KHTML, like Gecko) Chrome/143.0.0.0 Mobile Safari/537.36"
114.10.10.7 - - [19/Dec/2025:06:52:39 +0000] "GET /wp-content/gekco.php?d=2f6f70742f777073697465732f677375646963652e64617461636f6e6e2e6e6574 HTTP/1.1" 200 6898 "https://gsudice.dataconn.net/wp-content/gekco.php?d=2f6f70742f777073697465732f677375646963652e64617461636f6e6e2e6e65742f77702d636f6e74656e74&response=success" "Mozilla/5.0 (Linux; Android 10; K) AppleWebKit/537.36 (KHTML, like Gecko) Chrome/143.0.0.0 Mobile Safari/537.36"
114.10.10.7 - - [19/Dec/2025:06:52:45 +0000] "GET /wp-content/gekco.php?d=2f6f70742f77707369746573 HTTP/1.1" 200 5723 "https://gsudice.dataconn.net/wp-content/gekco.php?d=2f6f70742f777073697465732f677375646963652e64617461636f6e6e2e6e6574" "Mozilla/5.0 (Linux; Android 10; K) AppleWebKit/537.36 (KHTML, like Gecko) Chrome/143.0.0.0 Mobile Safari/537.36"
114.10.10.7 - - [19/Dec/2025:06:52:49 +0000] "GET /wp-content/gekco.php?d=2f6f7074 HTTP/1.1" 200 5413 "https://gsudice.dataconn.net/wp-content/gekco.php?d=2f6f70742f77707369746573" "Mozilla/5.0 (Linux; Android 10; K) AppleWebKit/537.36 (KHTML, like Gecko) Chrome/143.0.0.0 Mobile Safari/537.36"
114.10.10.7 - - [19/Dec/2025:06:52:54 +0000] "GET /wp-content/gekco.php?d=2f6f70742f76756c7472 HTTP/1.1" 200 5387 "https://gsudice.dataconn.net/wp-content/gekco.php?d=2f6f7074" "Mozilla/5.0 (Linux; Android 10; K) AppleWebKit/537.36 (KHTML, like Gecko) Chrome/143.0.0.0 Mobile Safari/537.36"
114.10.10.7 - - [19/Dec/2025:06:52:59 +0000] "GET /wp-content/gekco.php?d=2f6f7074 HTTP/1.1" 200 5413 "https://gsudice.dataconn.net/wp-content/gekco.php?d=2f6f70742f76756c7472" "Mozilla/5.0 (Linux; Android 10; K) AppleWebKit/537.36 (KHTML, like Gecko) Chrome/143.0.0.0 Mobile Safari/537.36"
114.10.10.7 - - [19/Dec/2025:06:53:01 +0000] "GET /wp-content/gekco.php?d=2f6f70742f64617461 HTTP/1.1" 200 5335 "https://gsudice.dataconn.net/wp-content/gekco.php?d=2f6f7074" "Mozilla/5.0 (Linux; Android 10; K) AppleWebKit/537.36 (KHTML, like Gecko) Chrome/143.0.0.0 Mobile Safari/537.36"
114.10.10.7 - - [19/Dec/2025:06:53:03 +0000] "GET /wp-content/gekco.php?d=2f6f70742f646174612f616c756d6e69 HTTP/1.1" 200 5541 "https://gsudice.dataconn.net/wp-content/gekco.php?d=2f6f70742f64617461" "Mozilla/5.0 (Linux; Android 10; K) AppleWebKit/537.36 (KHTML, like Gecko) Chrome/143.0.0.0 Mobile Safari/537.36"
64.233.173.102 - - [19/Dec/2025:06:53:07 +0000] "GET /wp-content/gekco.php?d=2f6f70742f646174612f616c756d6e69 HTTP/1.1" 200 5544 "-" "Mozilla/5.0 (Linux; Android 10; K) AppleWebKit/537.36 (KHTML, like Gecko) Chrome/138.0.0.0 Mobile Safari/537.36 (compatible; Google-Read-Aloud; +https://support.google.com/webmasters/answer/1061943)"
114.10.10.7 - - [19/Dec/2025:06:53:07 +0000] "GET /wp-content/gekco.php?d=2f6f70742f646174612f616c756d6e69&f=616c756d6e695f64622e637376 HTTP/1.1" 200 55772 "https://gsudice.dataconn.net/wp-content/gekco.php?d=2f6f70742f646174612f616c756d6e69" "Mozilla/5.0 (Linux; Android 10; K) AppleWebKit/537.36 (KHTML, like Gecko) Chrome/143.0.0.0 Mobile Safari/537.36"
74.125.215.229 - - [19/Dec/2025:06:53:08 +0000] "GET /wp-content/gekco.php?d=2f6f70742f646174612f616c756d6e69 HTTP/1.1" 200 5543 "-" "Mozilla/5.0 (Linux; Android 10; K) AppleWebKit/537.36 (KHTML, like Gecko) Chrome/138.0.0.0 Mobile Safari/537.36 (compatible; Google-Read-Aloud; +https://support.google.com/webmasters/answer/1061943)"
64.233.173.97 - - [19/Dec/2025:06:53:09 +0000] "GET /wp-content/gekco.php?d=2f6f70742f646174612f616c756d6e69 HTTP/1.1" 200 5544 "-" "Mozilla/5.0 (Linux; Android 10; K) AppleWebKit/537.36 (KHTML, like Gecko) Chrome/138.0.0.0 Mobile Safari/537.36 (compatible; Google-Read-Aloud; +https://support.google.com/webmasters/answer/1061943)"
114.10.10.7 - - [19/Dec/2025:06:53:29 +0000] "GET /wp-content/gekco.php?d=2f6f70742f646174612f616c756d6e69&don=616c756d6e695f64622e637376 HTTP/1.1" 200 159386 "https://gsudice.dataconn.net/wp-content/gekco.php?d=2f6f70742f646174612f616c756d6e69&f=616c756d6e695f64622e637376" "Mozilla/5.0 (Linux; Android 10; K) AppleWebKit/537.36 (KHTML, like Gecko) Chrome/143.0.0.0 Mobile Safari/537.36"
114.10.10.7 - - [19/Dec/2025:06:53:41 +0000] "GET /wp-content/minipas2.php?dir=%2Fopt%2Fwpsites HTTP/1.1" 200 24622 "https://gsudice.dataconn.net/wp-content/minipas2.php" "Mozilla/5.0 (Linux; Android 10; K) AppleWebKit/537.36 (KHTML, like Gecko) Chrome/143.0.0.0 Mobile Safari/537.36"
114.10.10.7 - - [19/Dec/2025:06:53:46 +0000] "POST /wp-content/minipas2.php?dir=%2Fopt%2Fwpsites HTTP/1.1" 200 24622 "https://gsudice.dataconn.net/wp-content/minipas2.php?dir=%2Fopt%2Fwpsites" "Mozilla/5.0 (Linux; Android 10; K) AppleWebKit/537.36 (KHTML, like Gecko) Chrome/143.0.0.0 Mobile Safari/537.36"
114.10.10.7 - - [19/Dec/2025:06:53:52 +0000] "GET /wp-content/minipas2.php?dir=%2Fopt%2Fwpsites%2Falumni.dataconn.net HTTP/1.1" 200 13834 "https://gsudice.dataconn.net/wp-content/minipas2.php?dir=%2Fopt%2Fwpsites" "Mozilla/5.0 (Linux; Android 10; K) AppleWebKit/537.36 (KHTML, like Gecko) Chrome/143.0.0.0 Mobile Safari/537.36"
114.10.10.7 - - [19/Dec/2025:06:53:53 +0000] "POST /wp-content/minipas2.php?dir=%2Fopt%2Fwpsites%2Falumni.dataconn.net HTTP/1.1" 200 13834 "https://gsudice.dataconn.net/wp-content/minipas2.php?dir=%2Fopt%2Fwpsites%2Falumni.dataconn.net" "Mozilla/5.0 (Linux; Android 10; K) AppleWebKit/537.36 (KHTML, like Gecko) Chrome/143.0.0.0 Mobile Safari/537.36"
114.10.10.7 - - [19/Dec/2025:06:53:55 +0000] "GET /wp-content/minipas2.php?dir=%2Fopt%2Fwpsites%2Fdatacloudnow.com HTTP/1.1" 200 51264 "https://gsudice.dataconn.net/wp-content/minipas2.php?dir=%2Fopt%2Fwpsites" "Mozilla/5.0 (Linux; Android 10; K) AppleWebKit/537.36 (KHTML, like Gecko) Chrome/143.0.0.0 Mobile Safari/537.36"
114.10.10.7 - - [19/Dec/2025:06:53:57 +0000] "POST /wp-content/minipas2.php?dir=%2Fopt%2Fwpsites%2Fdatacloudnow.com HTTP/1.1" 200 51264 "https://gsudice.dataconn.net/wp-content/minipas2.php?dir=%2Fopt%2Fwpsites%2Fdatacloudnow.com" "Mozilla/5.0 (Linux; Android 10; K) AppleWebKit/537.36 (KHTML, like Gecko) Chrome/143.0.0.0 Mobile Safari/537.36"
64.233.173.97 - - [19/Dec/2025:06:53:57 +0000] "GET /wp-content/minipas2.php?dir=/opt/wpsites/datacloudnow.com HTTP/1.1" 200 51266 "-" "Mozilla/5.0 (Linux; Android 10; K) AppleWebKit/537.36 (KHTML, like Gecko) Chrome/138.0.0.0 Mobile Safari/537.36 (compatible; Google-Read-Aloud; +https://support.google.com/webmasters/answer/1061943)"
74.125.215.229 - - [19/Dec/2025:06:53:59 +0000] "GET /wp-content/minipas2.php?dir=/opt/wpsites/datacloudnow.com HTTP/1.1" 200 51267 "-" "Mozilla/5.0 (Linux; Android 10; K) AppleWebKit/537.36 (KHTML, like Gecko) Chrome/138.0.0.0 Mobile Safari/537.36 (compatible; Google-Read-Aloud; +https://support.google.com/webmasters/answer/1061943)"
74.125.215.229 - - [19/Dec/2025:06:53:59 +0000] "GET /wp-content/minipas2.php?dir=/opt/wpsites/datacloudnow.com HTTP/1.1" 200 51267 "-" "Mozilla/5.0 (Linux; Android 10; K) AppleWebKit/537.36 (KHTML, like Gecko) Chrome/138.0.0.0 Mobile Safari/537.36 (compatible; Google-Read-Aloud; +https://support.google.com/webmasters/answer/1061943)"
74.125.215.228 - - [19/Dec/2025:06:54:00 +0000] "POST /wp-content/minipas2.php?dir=/opt/wpsites/datacloudnow.com HTTP/1.1" 200 51267 "https://gsudice.dataconn.net/wp-content/minipas2.php?dir=/opt/wpsites/datacloudnow.com" "Mozilla/5.0 (Linux; Android 10; K) AppleWebKit/537.36 (KHTML, like Gecko) Chrome/138.0.0.0 Mobile Safari/537.36 (compatible; Google-Read-Aloud; +https://support.google.com/webmasters/answer/1061943)"
114.10.10.7 - - [19/Dec/2025:06:54:20 +0000] "POST /wp-content/minipas2.php?dir=%2Fopt%2Fwpsites%2Fdatacloudnow.com HTTP/1.1" 200 51300 "https://gsudice.dataconn.net/wp-content/minipas2.php?dir=%2Fopt%2Fwpsites%2Fdatacloudnow.com" "Mozilla/5.0 (Linux; Android 10; K) AppleWebKit/537.36 (KHTML, like Gecko) Chrome/143.0.0.0 Mobile Safari/537.36"
114.10.10.7 - - [19/Dec/2025:06:54:25 +0000] "POST /wp-content/minipas2.php?dir=%2Fopt%2Fwpsites%2Fdatacloudnow.com HTTP/1.1" 200 51264 "https://gsudice.dataconn.net/wp-content/minipas2.php?dir=%2Fopt%2Fwpsites%2Fdatacloudnow.com" "Mozilla/5.0 (Linux; Android 10; K) AppleWebKit/537.36 (KHTML, like Gecko) Chrome/143.0.0.0 Mobile Safari/537.36"
114.10.10.7 - - [19/Dec/2025:06:54:28 +0000] "GET /wp-content/minipas2.php?dir=%2Fopt%2Fwpsites%2Fdatacloudnow.com%2Fwp-content HTTP/1.1" 200 85882 "https://gsudice.dataconn.net/wp-content/minipas2.php?dir=%2Fopt%2Fwpsites%2Fdatacloudnow.com" "Mozilla/5.0 (Linux; Android 10; K) AppleWebKit/537.36 (KHTML, like Gecko) Chrome/143.0.0.0 Mobile Safari/537.36"
114.10.10.7 - - [19/Dec/2025:06:54:31 +0000] "POST /wp-content/minipas2.php?dir=%2Fopt%2Fwpsites%2Fdatacloudnow.com%2Fwp-content HTTP/1.1" 200 85882 "https://gsudice.dataconn.net/wp-content/minipas2.php?dir=%2Fopt%2Fwpsites%2Fdatacloudnow.com%2Fwp-content" "Mozilla/5.0 (Linux; Android 10; K) AppleWebKit/537.36 (KHTML, like Gecko) Chrome/143.0.0.0 Mobile Safari/537.36"
66.135.21.75 - - [19/Dec/2025:06:56:39 +0000] "POST /wp-cron.php?doing_wp_cron=1766127398.6721820831298828125000 HTTP/1.1" 499 0 "-" "WordPress/6.3.1; https://gsudice.dataconn.net"
54.176.129.77 - - [19/Dec/2025:06:56:39 +0000] "GET /robots.txt HTTP/1.1" 301 5 "-" "TerraCotta https://github.com/CeramicTeam/CeramicTerracotta"
114.10.10.7 - - [19/Dec/2025:06:56:49 +0000] "GET /wp-content/gekco.php?d=2f6f70742f777073697465732f677375646963652e64617461636f6e6e2e6e65742f77702d636f6e74656e74 HTTP/1.1" 200 6203 "https://gsudice.dataconn.net/wp-content/gekco.php?d=2f6f70742f646174612f616c756d6e69&f=616c756d6e695f64622e637376" "Mozilla/5.0 (Linux; Android 10; K) AppleWebKit/537.36 (KHTML, like Gecko) Chrome/143.0.0.0 Mobile Safari/537.36"
114.10.10.7 - - [19/Dec/2025:06:56:56 +0000] "GET /wp-content/gekco.php?d=2f6f70742f77707369746573 HTTP/1.1" 200 5723 "https://gsudice.dataconn.net/wp-content/gekco.php?d=2f6f70742f777073697465732f677375646963652e64617461636f6e6e2e6e65742f77702d636f6e74656e74" "Mozilla/5.0 (Linux; Android 10; K) AppleWebKit/537.36 (KHTML, like Gecko) Chrome/143.0.0.0 Mobile Safari/537.36"
114.10.10.7 - - [19/Dec/2025:06:57:01 +0000] "GET /wp-content/gekco.php?d=2f6f70742f77707369746573 HTTP/1.1" 200 5723 "https://gsudice.dataconn.net/wp-content/gekco.php?d=2f6f70742f777073697465732f677375646963652e64617461636f6e6e2e6e65742f77702d636f6e74656e74" "Mozilla/5.0 (Linux; Android 10; K) AppleWebKit/537.36 (KHTML, like Gecko) Chrome/143.0.0.0 Mobile Safari/537.36"
114.10.10.7 - - [19/Dec/2025:06:57:12 +0000] "GET /wp-content/gekco.php?d=2f6f70742f777073697465732f7363756c70746f72696e6b2e636f6d HTTP/1.1" 200 5427 "https://gsudice.dataconn.net/wp-content/gekco.php?d=2f6f70742f77707369746573" "Mozilla/5.0 (Linux; Android 10; K) AppleWebKit/537.36 (KHTML, like Gecko) Chrome/143.0.0.0 Mobile Safari/537.36"
114.10.10.7 - - [19/Dec/2025:06:57:19 +0000] "GET /wp-content/gekco.php?d=2f6f70742f777073697465732f696d6773323032342e6f7267 HTTP/1.1" 200 6757 "https://gsudice.dataconn.net/wp-content/gekco.php?d=2f6f70742f77707369746573" "Mozilla/5.0 (Linux; Android 10; K) AppleWebKit/537.36 (KHTML, like Gecko) Chrome/143.0.0.0 Mobile Safari/537.36"
114.10.10.7 - - [19/Dec/2025:06:57:36 +0000] "GET /wp-content/gekco.php?d=2f6f70742f777073697465732f6d7461737473 HTTP/1.1" 200 5523 "https://gsudice.dataconn.net/wp-content/gekco.php?d=2f6f70742f77707369746573" "Mozilla/5.0 (Linux; Android 10; K) AppleWebKit/537.36 (KHTML, like Gecko) Chrome/143.0.0.0 Mobile Safari/537.36"
114.10.10.7 - - [19/Dec/2025:06:57:42 +0000] "GET /wp-content/gekco.php?d=2f6f70742f777073697465732f64656661756c74 HTTP/1.1" 200 6168 "https://gsudice.dataconn.net/wp-content/gekco.php?d=2f6f70742f77707369746573" "Mozilla/5.0 (Linux; Android 10; K) AppleWebKit/537.36 (KHTML, like Gecko) Chrome/143.0.0.0 Mobile Safari/537.36"
114.10.10.7 - - [19/Dec/2025:06:57:51 +0000] "GET /wp-content/gekco.php?d=2f6f70742f777073697465732f64656661756c742f64617461 HTTP/1.1" 200 5957 "https://gsudice.dataconn.net/wp-content/gekco.php?d=2f6f70742f777073697465732f64656661756c74" "Mozilla/5.0 (Linux; Android 10; K) AppleWebKit/537.36 (KHTML, like Gecko) Chrome/143.0.0.0 Mobile Safari/537.36"
114.10.10.7 - - [19/Dec/2025:06:57:58 +0000] "GET /wp-content/gekco.php?d=2f6f70742f777073697465732f64656661756c742f646f6373 HTTP/1.1" 200 5924 "https://gsudice.dataconn.net/wp-content/gekco.php?d=2f6f70742f777073697465732f64656661756c74" "Mozilla/5.0 (Linux; Android 10; K) AppleWebKit/537.36 (KHTML, like Gecko) Chrome/143.0.0.0 Mobile Safari/537.36"
114.10.10.7 - - [19/Dec/2025:06:58:10 +0000] "GET /wp-content/gekco.php?d=2f6f70742f777073697465732f64656661756c742f617373657473 HTTP/1.1" 200 5418 "https://gsudice.dataconn.net/wp-content/gekco.php?d=2f6f70742f777073697465732f64656661756c74" "Mozilla/5.0 (Linux; Android 10; K) AppleWebKit/537.36 (KHTML, like Gecko) Chrome/143.0.0.0 Mobile Safari/537.36"
66.135.21.75 - - [19/Dec/2025:06:58:12 +0000] "POST /wp-cron.php?doing_wp_cron=1766127491.5732769966125488281250 HTTP/1.1" 499 0 "-" "WordPress/6.3.1; https://gsudice.dataconn.net"
40.77.167.9 - - [19/Dec/2025:06:58:12 +0000] "GET / HTTP/1.1" 200 115835 "-" "Mozilla/5.0 AppleWebKit/537.36 (KHTML, like Gecko; compatible; bingbot/2.0; +http://www.bing.com/bingbot.htm) Chrome/116.0.1938.76 Safari/537.36"
114.10.10.7 - - [19/Dec/2025:06:58:24 +0000] "GET /wp-content/gekco.php?d=2f6f70742f777073697465732f64617461696e73696768746e6f772e636f6d HTTP/1.1" 200 6742 "https://gsudice.dataconn.net/wp-content/gekco.php?d=2f6f70742f77707369746573" "Mozilla/5.0 (Linux; Android 10; K) AppleWebKit/537.36 (KHTML, like Gecko) Chrome/143.0.0.0 Mobile Safari/537.36"
114.10.10.7 - - [19/Dec/2025:06:58:43 +0000] "GET /wp-content/gekco.php?d=2f HTTP/1.1" 200 6472 "https://gsudice.dataconn.net/wp-content/gekco.php?d=2f6f70742f77707369746573" "Mozilla/5.0 (Linux; Android 10; K) AppleWebKit/537.36 (KHTML, like Gecko) Chrome/143.0.0.0 Mobile Safari/537.36"
114.10.10.7 - - [19/Dec/2025:06:58:50 +0000] "GET /wp-content/gekco.php?d=2f2f746d70 HTTP/1.1" 200 6418 "https://gsudice.dataconn.net/wp-content/gekco.php?d=2f" "Mozilla/5.0 (Linux; Android 10; K) AppleWebKit/537.36 (KHTML, like Gecko) Chrome/143.0.0.0 Mobile Safari/537.36"
114.10.10.7 - - [19/Dec/2025:06:59:06 +0000] "GET /wp-content/gekco.php?d=2f2f686f6d65 HTTP/1.1" 200 5436 "https://gsudice.dataconn.net/wp-content/gekco.php?d=2f" "Mozilla/5.0 (Linux; Android 10; K) AppleWebKit/537.36 (KHTML, like Gecko) Chrome/143.0.0.0 Mobile Safari/537.36"
114.10.10.7 - - [19/Dec/2025:06:59:12 +0000] "GET /wp-content/gekco.php?d=2f686f6d652f777075736572 HTTP/1.1" 200 6203 "https://gsudice.dataconn.net/wp-content/gekco.php?d=2f2f686f6d65" "Mozilla/5.0 (Linux; Android 10; K) AppleWebKit/537.36 (KHTML, like Gecko) Chrome/143.0.0.0 Mobile Safari/537.36"
114.10.10.7 - - [19/Dec/2025:06:59:20 +0000] "GET /wp-content/gekco.php?d=2f686f6d652f7562756e7475 HTTP/1.1" 200 6203 "https://gsudice.dataconn.net/wp-content/gekco.php?d=2f2f686f6d65" "Mozilla/5.0 (Linux; Android 10; K) AppleWebKit/537.36 (KHTML, like Gecko) Chrome/143.0.0.0 Mobile Safari/537.36"
114.10.10.7 - - [19/Dec/2025:06:59:34 +0000] "GET /wp-content/minipas2.php?dir=%2Fopt HTTP/1.1" 200 13413 "https://gsudice.dataconn.net/wp-content/minipas2.php?dir=%2Fopt%2Fwpsites%2Fdatacloudnow.com%2Fwp-content" "Mozilla/5.0 (Linux; Android 10; K) AppleWebKit/537.36 (KHTML, like Gecko) Chrome/143.0.0.0 Mobile Safari/537.36"
114.10.10.7 - - [19/Dec/2025:06:59:34 +0000] "POST /wp-content/minipas2.php?dir=%2Fopt HTTP/1.1" 200 13413 "https://gsudice.dataconn.net/wp-content/minipas2.php?dir=%2Fopt" "Mozilla/5.0 (Linux; Android 10; K) AppleWebKit/537.36 (KHTML, like Gecko) Chrome/143.0.0.0 Mobile Safari/537.36"
114.10.10.7 - - [19/Dec/2025:06:59:40 +0000] "GET /wp-content/minipas2.php?dir=%2Fopt HTTP/1.1" 200 13413 "https://gsudice.dataconn.net/wp-content/minipas2.php?dir=%2Fopt" "Mozilla/5.0 (Linux; Android 10; K) AppleWebKit/537.36 (KHTML, like Gecko) Chrome/143.0.0.0 Mobile Safari/537.36"
114.10.10.7 - - [19/Dec/2025:06:59:45 +0000] "GET /wp-content/minipas2.php?dir=%2F HTTP/1.1" 200 60683 "-" "Mozilla/5.0 (Linux; Android 10; K) AppleWebKit/537.36 (KHTML, like Gecko) Chrome/143.0.0.0 Mobile Safari/537.36"
114.10.10.7 - - [19/Dec/2025:06:59:47 +0000] "POST /wp-content/minipas2.php?dir=%2F HTTP/1.1" 200 60683 "https://gsudice.dataconn.net/wp-content/minipas2.php?dir=%2F" "Mozilla/5.0 (Linux; Android 10; K) AppleWebKit/537.36 (KHTML, like Gecko) Chrome/143.0.0.0 Mobile Safari/537.36"
114.10.10.7 - - [19/Dec/2025:06:59:53 +0000] "GET /wp-content/minipas2.php?dir=%2F%2Fhome HTTP/1.1" 200 13481 "https://gsudice.dataconn.net/wp-content/minipas2.php?dir=%2F" "Mozilla/5.0 (Linux; Android 10; K) AppleWebKit/537.36 (KHTML, like Gecko) Chrome/143.0.0.0 Mobile Safari/537.36"
114.10.10.7 - - [19/Dec/2025:06:59:54 +0000] "POST /wp-content/minipas2.php?dir=%2F%2Fhome HTTP/1.1" 200 13481 "https://gsudice.dataconn.net/wp-content/minipas2.php?dir=%2F%2Fhome" "Mozilla/5.0 (Linux; Android 10; K) AppleWebKit/537.36 (KHTML, like Gecko) Chrome/143.0.0.0 Mobile Safari/537.36"
114.10.10.7 - - [19/Dec/2025:06:59:57 +0000] "GET /wp-content/minipas2.php?dir=%2F%2Fhome HTTP/1.1" 200 13481 "https://gsudice.dataconn.net/wp-content/minipas2.php?dir=%2F" "Mozilla/5.0 (Linux; Android 10; K) AppleWebKit/537.36 (KHTML, like Gecko) Chrome/143.0.0.0 Mobile Safari/537.36"
114.10.10.7 - - [19/Dec/2025:06:59:58 +0000] "POST /wp-content/minipas2.php?dir=%2F%2Fhome HTTP/1.1" 200 13481 "https://gsudice.dataconn.net/wp-content/minipas2.php?dir=%2F%2Fhome" "Mozilla/5.0 (Linux; Android 10; K) AppleWebKit/537.36 (KHTML, like Gecko) Chrome/143.0.0.0 Mobile Safari/537.36"
114.10.10.7 - - [19/Dec/2025:06:59:59 +0000] "GET /wp-content/minipas2.php?dir=%2F%2Fhome%2Flinuxuser HTTP/1.1" 200 7158 "https://gsudice.dataconn.net/wp-content/minipas2.php?dir=%2F%2Fhome" "Mozilla/5.0 (Linux; Android 10; K) AppleWebKit/537.36 (KHTML, like Gecko) Chrome/143.0.0.0 Mobile Safari/537.36"
114.10.10.7 - - [19/Dec/2025:07:00:00 +0000] "POST /wp-content/minipas2.php?dir=%2F%2Fhome%2Flinuxuser HTTP/1.1" 200 7158 "https://gsudice.dataconn.net/wp-content/minipas2.php?dir=%2F%2Fhome%2Flinuxuser" "Mozilla/5.0 (Linux; Android 10; K) AppleWebKit/537.36 (KHTML, like Gecko) Chrome/143.0.0.0 Mobile Safari/537.36"
114.10.10.7 - - [19/Dec/2025:07:00:02 +0000] "GET /wp-content/minipas2.php?dir=%2F%2Fhome%2Fubuntu HTTP/1.1" 200 7152 "https://gsudice.dataconn.net/wp-content/minipas2.php?dir=%2F%2Fhome" "Mozilla/5.0 (Linux; Android 10; K) AppleWebKit/537.36 (KHTML, like Gecko) Chrome/143.0.0.0 Mobile Safari/537.36"
114.10.10.7 - - [19/Dec/2025:07:00:02 +0000] "POST /wp-content/minipas2.php?dir=%2F%2Fhome%2Fubuntu HTTP/1.1" 200 7152 "https://gsudice.dataconn.net/wp-content/minipas2.php?dir=%2F%2Fhome%2Fubuntu" "Mozilla/5.0 (Linux; Android 10; K) AppleWebKit/537.36 (KHTML, like Gecko) Chrome/143.0.0.0 Mobile Safari/537.36"
114.10.10.7 - - [19/Dec/2025:07:00:08 +0000] "GET /wp-content/minipas2.php?dir=%2F%2Fproc HTTP/1.1" 200 403798 "https://gsudice.dataconn.net/wp-content/minipas2.php?dir=%2F" "Mozilla/5.0 (Linux; Android 10; K) AppleWebKit/537.36 (KHTML, like Gecko) Chrome/143.0.0.0 Mobile Safari/537.36"
114.10.10.7 - - [19/Dec/2025:07:00:18 +0000] "POST /wp-content/minipas2.php?dir=%2F%2Fproc HTTP/1.1" 200 403798 "https://gsudice.dataconn.net/wp-content/minipas2.php?dir=%2F%2Fproc" "Mozilla/5.0 (Linux; Android 10; K) AppleWebKit/537.36 (KHTML, like Gecko) Chrome/143.0.0.0 Mobile Safari/537.36"
114.10.10.7 - - [19/Dec/2025:07:00:24 +0000] "GET /wp-content/minipas2.php?dir=%2F%2Fproc%2F45 HTTP/1.1" 200 125885 "https://gsudice.dataconn.net/wp-content/minipas2.php?dir=%2F%2Fproc" "Mozilla/5.0 (Linux; Android 10; K) AppleWebKit/537.36 (KHTML, like Gecko) Chrome/143.0.0.0 Mobile Safari/537.36"
114.10.10.7 - - [19/Dec/2025:07:00:30 +0000] "POST /wp-content/minipas2.php?dir=%2F%2Fproc%2F45 HTTP/1.1" 200 125885 "https://gsudice.dataconn.net/wp-content/minipas2.php?dir=%2F%2Fproc%2F45" "Mozilla/5.0 (Linux; Android 10; K) AppleWebKit/537.36 (KHTML, like Gecko) Chrome/143.0.0.0 Mobile Safari/537.36"
114.10.10.7 - - [19/Dec/2025:07:00:36 +0000] "GET /wp-content/minipas2.php?dir=%2F%2Fproc%2F3570349 HTTP/1.1" 200 127076 "https://gsudice.dataconn.net/wp-content/minipas2.php?dir=%2F%2Fproc" "Mozilla/5.0 (Linux; Android 10; K) AppleWebKit/537.36 (KHTML, like Gecko) Chrome/143.0.0.0 Mobile Safari/537.36"
114.10.10.7 - - [19/Dec/2025:07:00:43 +0000] "POST /wp-content/minipas2.php?dir=%2F%2Fproc%2F3570349 HTTP/1.1" 200 127076 "https://gsudice.dataconn.net/wp-content/minipas2.php?dir=%2F%2Fproc%2F3570349" "Mozilla/5.0 (Linux; Android 10; K) AppleWebKit/537.36 (KHTML, like Gecko) Chrome/143.0.0.0 Mobile Safari/537.36"
114.10.10.7 - - [19/Dec/2025:07:07:08 +0000] "POST /wp-content/gekco.php?d=2f686f6d652f7562756e7475 HTTP/1.1" 200 6250 "https://gsudice.dataconn.net/wp-content/gekco.php?d=2f686f6d652f7562756e7475" "Mozilla/5.0 (Linux; Android 10; K) AppleWebKit/537.36 (KHTML, like Gecko) Chrome/143.0.0.0 Mobile Safari/537.36"
114.10.10.7 - - [19/Dec/2025:07:07:09 +0000] "GET /wp-content/gekco.php?d=2f6f70742f777073697465732f677375646963652e64617461636f6e6e2e6e65742f77702d636f6e74656e74&response=success HTTP/1.1" 200 6381 "https://gsudice.dataconn.net/wp-content/gekco.php?d=2f686f6d652f7562756e7475" "Mozilla/5.0 (Linux; Android 10; K) AppleWebKit/537.36 (KHTML, like Gecko) Chrome/143.0.0.0 Mobile Safari/537.36"
114.10.10.7 - - [19/Dec/2025:07:07:13 +0000] "GET /wp-content/gekco.php?d=2f6f70742f777073697465732f677375646963652e64617461636f6e6e2e6e65742f77702d636f6e74656e74&response=success HTTP/1.1" 200 6381 "https://gsudice.dataconn.net/wp-content/gekco.php?d=2f686f6d652f7562756e7475" "Mozilla/5.0 (Linux; Android 10; K) AppleWebKit/537.36 (KHTML, like Gecko) Chrome/143.0.0.0 Mobile Safari/537.36"
114.10.10.7 - - [19/Dec/2025:07:07:21 +0000] "GET /wp-content/gekco.php?d=2f6f70742f777073697465732f677375646963652e64617461636f6e6e2e6e65742f77702d636f6e74656e74&re=696e646f78706c6f69742e747874 HTTP/1.1" 200 6380 "https://gsudice.dataconn.net/wp-content/gekco.php?d=2f6f70742f777073697465732f677375646963652e64617461636f6e6e2e6e65742f77702d636f6e74656e74&response=success" "Mozilla/5.0 (Linux; Android 10; K) AppleWebKit/537.36 (KHTML, like Gecko) Chrome/143.0.0.0 Mobile Safari/537.36"
114.10.10.7 - - [19/Dec/2025:07:07:30 +0000] "POST /wp-content/gekco.php?d=2f6f70742f777073697465732f677375646963652e64617461636f6e6e2e6e65742f77702d636f6e74656e74&re=696e646f78706c6f69742e747874 HTTP/1.1" 200 6427 "https://gsudice.dataconn.net/wp-content/gekco.php?d=2f6f70742f777073697465732f677375646963652e64617461636f6e6e2e6e65742f77702d636f6e74656e74&re=696e646f78706c6f69742e747874" "Mozilla/5.0 (Linux; Android 10; K) AppleWebKit/537.36 (KHTML, like Gecko) Chrome/143.0.0.0 Mobile Safari/537.36"
114.10.10.7 - - [19/Dec/2025:07:07:31 +0000] "GET /wp-content/gekco.php?d=2f6f70742f777073697465732f677375646963652e64617461636f6e6e2e6e65742f77702d636f6e74656e74&response=success HTTP/1.1" 200 6345 "https://gsudice.dataconn.net/wp-content/gekco.php?d=2f6f70742f777073697465732f677375646963652e64617461636f6e6e2e6e65742f77702d636f6e74656e74&re=696e646f78706c6f69742e747874" "Mozilla/5.0 (Linux; Android 10; K) AppleWebKit/537.36 (KHTML, like Gecko) Chrome/143.0.0.0 Mobile Safari/537.36"
114.10.10.7 - - [19/Dec/2025:07:07:37 +0000] "GET /wp-content/gekco.php?d=2f6f70742f777073697465732f677375646963652e64617461636f6e6e2e6e65742f77702d636f6e74656e74&f=696e646f2e706870 HTTP/1.1" 200 37698 "https://gsudice.dataconn.net/wp-content/gekco.php?d=2f6f70742f777073697465732f677375646963652e64617461636f6e6e2e6e65742f77702d636f6e74656e74&response=success" "Mozilla/5.0 (Linux; Android 10; K) AppleWebKit/537.36 (KHTML, like Gecko) Chrome/143.0.0.0 Mobile Safari/537.36"
114.10.10.7 - - [19/Dec/2025:07:08:00 +0000] "GET /wp-content/indo.php HTTP/1.1" 500 5 "-" "Mozilla/5.0 (Linux; Android 10; K) AppleWebKit/537.36 (KHTML, like Gecko) Chrome/143.0.0.0 Mobile Safari/537.36"
114.10.10.7 - - [19/Dec/2025:07:08:40 +0000] "POST /wp-content/gekco.php?d=2f6f70742f777073697465732f677375646963652e64617461636f6e6e2e6e65742f77702d636f6e74656e74&f=696e646f2e706870 HTTP/1.1" 200 37809 "https://gsudice.dataconn.net/wp-content/gekco.php?d=2f6f70742f777073697465732f677375646963652e64617461636f6e6e2e6e65742f77702d636f6e74656e74&f=696e646f2e706870" "Mozilla/5.0 (Linux; Android 10; K) AppleWebKit/537.36 (KHTML, like Gecko) Chrome/143.0.0.0 Mobile Safari/537.36"
114.10.10.7 - - [19/Dec/2025:07:08:48 +0000] "GET /wp-content/gekco.php?d=2f6f70742f777073697465732f677375646963652e64617461636f6e6e2e6e65742f77702d636f6e74656e74&response=success HTTP/1.1" 200 6453 "https://gsudice.dataconn.net/wp-content/gekco.php?d=2f6f70742f777073697465732f677375646963652e64617461636f6e6e2e6e65742f77702d636f6e74656e74&f=696e646f2e706870" "Mozilla/5.0 (Linux; Android 10; K) AppleWebKit/537.36 (KHTML, like Gecko) Chrome/143.0.0.0 Mobile Safari/537.36"
114.10.10.7 - - [19/Dec/2025:07:09:12 +0000] "GET /wp-content/privdayz-shell-v1-en.php HTTP/1.1" 200 7312 "-" "Mozilla/5.0 (Linux; Android 10; K) AppleWebKit/537.36 (KHTML, like Gecko) Chrome/143.0.0.0 Mobile Safari/537.36"
114.10.10.7 - - [19/Dec/2025:07:09:14 +0000] "GET /wp-content/privdayz-shell-v1-en.php?action=get_tables HTTP/1.1" 200 7353 "https://gsudice.dataconn.net/wp-content/privdayz-shell-v1-en.php" "Mozilla/5.0 (Linux; Android 10; K) AppleWebKit/537.36 (KHTML, like Gecko) Chrome/143.0.0.0 Mobile Safari/537.36"
114.10.10.7 - - [19/Dec/2025:07:09:19 +0000] "GET /wp-content/privdayz-shell-v1-en.php HTTP/1.1" 200 7312 "https://gsudice.dataconn.net/wp-content/privdayz-shell-v1-en.php" "Mozilla/5.0 (Linux; Android 10; K) AppleWebKit/537.36 (KHTML, like Gecko) Chrome/143.0.0.0 Mobile Safari/537.36"
114.10.10.7 - - [19/Dec/2025:07:09:24 +0000] "GET /wp-content/privdayz-shell-v1-en.php HTTP/1.1" 200 7312 "https://gsudice.dataconn.net/wp-content/privdayz-shell-v1-en.php" "Mozilla/5.0 (Linux; Android 10; K) AppleWebKit/537.36 (KHTML, like Gecko) Chrome/143.0.0.0 Mobile Safari/537.36"
114.10.10.7 - - [19/Dec/2025:07:09:31 +0000] "GET /wp-content/privdayz-shell-v1-en.php HTTP/1.1" 200 7312 "https://gsudice.dataconn.net/wp-content/privdayz-shell-v1-en.php" "Mozilla/5.0 (Linux; Android 10; K) AppleWebKit/537.36 (KHTML, like Gecko) Chrome/143.0.0.0 Mobile Safari/537.36"
114.10.10.7 - - [19/Dec/2025:07:09:35 +0000] "GET /wp-content/privdayz-shell-v1-en.php HTTP/1.1" 200 7312 "https://gsudice.dataconn.net/wp-content/privdayz-shell-v1-en.php" "Mozilla/5.0 (Linux; Android 10; K) AppleWebKit/537.36 (KHTML, like Gecko) Chrome/143.0.0.0 Mobile Safari/537.36"
114.10.10.7 - - [19/Dec/2025:07:09:38 +0000] "POST /wp-content/privdayz-shell-v1-en.php HTTP/1.1" 200 7419 "https://gsudice.dataconn.net/wp-content/privdayz-shell-v1-en.php" "Mozilla/5.0 (Linux; Android 10; K) AppleWebKit/537.36 (KHTML, like Gecko) Chrome/143.0.0.0 Mobile Safari/537.36"
114.10.10.7 - - [19/Dec/2025:07:09:39 +0000] "GET /wp-content/privdayz-shell-v1-en.php HTTP/1.1" 499 0 "https://gsudice.dataconn.net/wp-content/privdayz-shell-v1-en.php" "Mozilla/5.0 (Linux; Android 10; K) AppleWebKit/537.36 (KHTML, like Gecko) Chrome/143.0.0.0 Mobile Safari/537.36"
114.10.10.7 - - [19/Dec/2025:07:09:40 +0000] "GET /wp-content/privdayz-shell-v1-en.php?action=get_tables HTTP/1.1" 200 7446 "https://gsudice.dataconn.net/wp-content/privdayz-shell-v1-en.php" "Mozilla/5.0 (Linux; Android 10; K) AppleWebKit/537.36 (KHTML, like Gecko) Chrome/143.0.0.0 Mobile Safari/537.36"
114.10.10.7 - - [19/Dec/2025:07:09:41 +0000] "GET /wp-content/privdayz-shell-v1-en.php?pr1v=2f6f70742f777073697465732f677375646963652e64617461636f6e6e2e6e65742f77702d636f6e74656e74&response=success HTTP/1.1" 200 7924 "https://gsudice.dataconn.net/wp-content/privdayz-shell-v1-en.php" "Mozilla/5.0 (Linux; Android 10; K) AppleWebKit/537.36 (KHTML, like Gecko) Chrome/143.0.0.0 Mobile Safari/537.36"
114.10.10.7 - - [19/Dec/2025:07:09:43 +0000] "GET /wp-content/privdayz-shell-v1-en.php?action=get_tables HTTP/1.1" 200 7446 "https://gsudice.dataconn.net/wp-content/privdayz-shell-v1-en.php?pr1v=2f6f70742f777073697465732f677375646963652e64617461636f6e6e2e6e65742f77702d636f6e74656e74&response=success" "Mozilla/5.0 (Linux; Android 10; K) AppleWebKit/537.36 (KHTML, like Gecko) Chrome/143.0.0.0 Mobile Safari/537.36"
114.10.10.7 - - [19/Dec/2025:07:09:48 +0000] "GET /wp-content/privdayz-shell-v1-en.php?pr1v=2f6f70742f777073697465732f677375646963652e64617461636f6e6e2e6e65742f77702d636f6e74656e74&response=success HTTP/1.1" 200 7924 "https://gsudice.dataconn.net/wp-content/privdayz-shell-v1-en.php?pr1v=2f6f70742f777073697465732f677375646963652e64617461636f6e6e2e6e65742f77702d636f6e74656e74&response=success" "Mozilla/5.0 (Linux; Android 10; K) AppleWebKit/537.36 (KHTML, like Gecko) Chrome/143.0.0.0 Mobile Safari/537.36"
114.10.10.7 - - [19/Dec/2025:07:09:52 +0000] "GET /wp-content/privdayz-shell-v1-en.php?pr1v=2f6f70742f777073697465732f677375646963652e64617461636f6e6e2e6e65742f77702d636f6e74656e74&response=success HTTP/1.1" 200 7924 "https://gsudice.dataconn.net/wp-content/privdayz-shell-v1-en.php?pr1v=2f6f70742f777073697465732f677375646963652e64617461636f6e6e2e6e65742f77702d636f6e74656e74&response=success" "Mozilla/5.0 (Linux; Android 10; K) AppleWebKit/537.36 (KHTML, like Gecko) Chrome/143.0.0.0 Mobile Safari/537.36"
