208.84.102.244 - - [18/Dec/2025:02:35:25 +0000] "POST //xmlrpc.php HTTP/1.1" 200 413 "-" "Mozilla/5.0 (Windows NT 10.0; Win64; x64) AppleWebKit/537.36 (KHTML, like Gecko) Chrome/78.0.3904.108 Safari/537.36"
208.84.102.244 - - [18/Dec/2025:02:35:25 +0000] "POST //xmlrpc.php HTTP/1.1" 200 413 "-" "Mozilla/5.0 (Windows NT 10.0; Win64; x64) AppleWebKit/537.36 (KHTML, like Gecko) Chrome/78.0.3904.108 Safari/537.36"
208.84.102.244 - - [18/Dec/2025:02:35:25 +0000] "POST //xmlrpc.php HTTP/1.1" 200 413 "-" "Mozilla/5.0 (Windows NT 10.0; Win64; x64) AppleWebKit/537.36 (KHTML, like Gecko) Chrome/78.0.3904.108 Safari/537.36"
208.84.102.244 - - [18/Dec/2025:02:35:25 +0000] "POST //xmlrpc.php HTTP/1.1" 200 413 "-" "Mozilla/5.0 (Windows NT 10.0; Win64; x64) AppleWebKit/537.36 (KHTML, like Gecko) Chrome/78.0.3904.108 Safari/537.36"
208.84.102.244 - - [18/Dec/2025:02:35:26 +0000] "POST //xmlrpc.php HTTP/1.1" 200 413 "-" "Mozilla/5.0 (Windows NT 10.0; Win64; x64) AppleWebKit/537.36 (KHTML, like Gecko) Chrome/78.0.3904.108 Safari/537.36"
208.84.102.244 - - [18/Dec/2025:02:35:26 +0000] "POST //xmlrpc.php HTTP/1.1" 200 413 "-" "Mozilla/5.0 (Windows NT 10.0; Win64; x64) AppleWebKit/537.36 (KHTML, like Gecko) Chrome/78.0.3904.108 Safari/537.36"
208.84.102.244 - - [18/Dec/2025:02:35:26 +0000] "POST //xmlrpc.php HTTP/1.1" 200 413 "-" "Mozilla/5.0 (Windows NT 10.0; Win64; x64) AppleWebKit/537.36 (KHTML, like Gecko) Chrome/78.0.3904.108 Safari/537.36"
208.84.102.244 - - [18/Dec/2025:02:35:26 +0000] "POST //xmlrpc.php HTTP/1.1" 200 413 "-" "Mozilla/5.0 (Windows NT 10.0; Win64; x64) AppleWebKit/537.36 (KHTML, like Gecko) Chrome/78.0.3904.108 Safari/537.36"
208.84.102.244 - - [18/Dec/2025:02:35:26 +0000] "POST //xmlrpc.php HTTP/1.1" 200 413 "-" "Mozilla/5.0 (Windows NT 10.0; Win64; x64) AppleWebKit/537.36 (KHTML, like Gecko) Chrome/78.0.3904.108 Safari/537.36"
208.84.102.244 - - [18/Dec/2025:02:35:26 +0000] "POST //xmlrpc.php HTTP/1.1" 200 413 "-" "Mozilla/5.0 (Windows NT 10.0; Win64; x64) AppleWebKit/537.36 (KHTML, like Gecko) Chrome/78.0.3904.108 Safari/537.36"
208.84.102.244 - - [18/Dec/2025:02:35:26 +0000] "POST //xmlrpc.php HTTP/1.1" 200 413 "-" "Mozilla/5.0 (Windows NT 10.0; Win64; x64) AppleWebKit/537.36 (KHTML, like Gecko) Chrome/78.0.3904.108 Safari/537.36"
208.84.102.244 - - [18/Dec/2025:02:35:26 +0000] "POST //xmlrpc.php HTTP/1.1" 200 413 "-" "Mozilla/5.0 (Windows NT 10.0; Win64; x64) AppleWebKit/537.36 (KHTML, like Gecko) Chrome/78.0.3904.108 Safari/537.36"
208.84.102.244 - - [18/Dec/2025:02:35:26 +0000] "POST //xmlrpc.php HTTP/1.1" 200 413 "-" "Mozilla/5.0 (Windows NT 10.0; Win64; x64) AppleWebKit/537.36 (KHTML, like Gecko) Chrome/78.0.3904.108 Safari/537.36"
208.84.102.244 - - [18/Dec/2025:02:35:26 +0000] "POST //xmlrpc.php HTTP/1.1" 200 413 "-" "Mozilla/5.0 (Windows NT 10.0; Win64; x64) AppleWebKit/537.36 (KHTML, like Gecko) Chrome/78.0.3904.108 Safari/537.36"
208.84.102.244 - - [18/Dec/2025:02:35:27 +0000] "POST //xmlrpc.php HTTP/1.1" 200 413 "-" "Mozilla/5.0 (Windows NT 10.0; Win64; x64) AppleWebKit/537.36 (KHTML, like Gecko) Chrome/78.0.3904.108 Safari/537.36"
208.84.102.244 - - [18/Dec/2025:02:35:27 +0000] "POST //xmlrpc.php HTTP/1.1" 200 413 "-" "Mozilla/5.0 (Windows NT 10.0; Win64; x64) AppleWebKit/537.36 (KHTML, like Gecko) Chrome/78.0.3904.108 Safari/537.36"
208.84.102.244 - - [18/Dec/2025:02:35:27 +0000] "POST //xmlrpc.php HTTP/1.1" 200 413 "-" "Mozilla/5.0 (Windows NT 10.0; Win64; x64) AppleWebKit/537.36 (KHTML, like Gecko) Chrome/78.0.3904.108 Safari/537.36"
208.84.102.244 - - [18/Dec/2025:02:35:27 +0000] "POST //xmlrpc.php HTTP/1.1" 200 413 "-" "Mozilla/5.0 (Windows NT 10.0; Win64; x64) AppleWebKit/537.36 (KHTML, like Gecko) Chrome/78.0.3904.108 Safari/537.36"
208.84.102.244 - - [18/Dec/2025:02:35:27 +0000] "POST //xmlrpc.php HTTP/1.1" 200 413 "-" "Mozilla/5.0 (Windows NT 10.0; Win64; x64) AppleWebKit/537.36 (KHTML, like Gecko) Chrome/78.0.3904.108 Safari/537.36"
208.84.102.244 - - [18/Dec/2025:02:35:27 +0000] "POST //xmlrpc.php HTTP/1.1" 200 413 "-" "Mozilla/5.0 (Windows NT 10.0; Win64; x64) AppleWebKit/537.36 (KHTML, like Gecko) Chrome/78.0.3904.108 Safari/537.36"
208.84.102.244 - - [18/Dec/2025:02:35:27 +0000] "POST //xmlrpc.php HTTP/1.1" 200 413 "-" "Mozilla/5.0 (Windows NT 10.0; Win64; x64) AppleWebKit/537.36 (KHTML, like Gecko) Chrome/78.0.3904.108 Safari/537.36"
208.84.102.244 - - [18/Dec/2025:02:35:27 +0000] "POST //xmlrpc.php HTTP/1.1" 200 413 "-" "Mozilla/5.0 (Windows NT 10.0; Win64; x64) AppleWebKit/537.36 (KHTML, like Gecko) Chrome/78.0.3904.108 Safari/537.36"
208.84.102.244 - - [18/Dec/2025:02:35:27 +0000] "POST //xmlrpc.php HTTP/1.1" 200 413 "-" "Mozilla/5.0 (Windows NT 10.0; Win64; x64) AppleWebKit/537.36 (KHTML, like Gecko) Chrome/78.0.3904.108 Safari/537.36"
208.84.102.244 - - [18/Dec/2025:02:35:27 +0000] "POST //xmlrpc.php HTTP/1.1" 200 413 "-" "Mozilla/5.0 (Windows NT 10.0; Win64; x64) AppleWebKit/537.36 (KHTML, like Gecko) Chrome/78.0.3904.108 Safari/537.36"
208.84.102.244 - - [18/Dec/2025:02:35:27 +0000] "POST //xmlrpc.php HTTP/1.1" 200 413 "-" "Mozilla/5.0 (Windows NT 10.0; Win64; x64) AppleWebKit/537.36 (KHTML, like Gecko) Chrome/78.0.3904.108 Safari/537.36"
208.84.102.244 - - [18/Dec/2025:02:35:28 +0000] "POST //xmlrpc.php HTTP/1.1" 200 413 "-" "Mozilla/5.0 (Windows NT 10.0; Win64; x64) AppleWebKit/537.36 (KHTML, like Gecko) Chrome/78.0.3904.108 Safari/537.36"
208.84.102.244 - - [18/Dec/2025:02:35:28 +0000] "POST //xmlrpc.php HTTP/1.1" 200 413 "-" "Mozilla/5.0 (Windows NT 10.0; Win64; x64) AppleWebKit/537.36 (KHTML, like Gecko) Chrome/78.0.3904.108 Safari/537.36"
208.84.102.244 - - [18/Dec/2025:02:35:28 +0000] "POST //xmlrpc.php HTTP/1.1" 200 413 "-" "Mozilla/5.0 (Windows NT 10.0; Win64; x64) AppleWebKit/537.36 (KHTML, like Gecko) Chrome/78.0.3904.108 Safari/537.36"
208.84.102.244 - - [18/Dec/2025:02:35:28 +0000] "POST //xmlrpc.php HTTP/1.1" 200 413 "-" "Mozilla/5.0 (Windows NT 10.0; Win64; x64) AppleWebKit/537.36 (KHTML, like Gecko) Chrome/78.0.3904.108 Safari/537.36"
208.84.102.244 - - [18/Dec/2025:02:35:28 +0000] "POST //xmlrpc.php HTTP/1.1" 200 413 "-" "Mozilla/5.0 (Windows NT 10.0; Win64; x64) AppleWebKit/537.36 (KHTML, like Gecko) Chrome/78.0.3904.108 Safari/537.36"
208.84.102.244 - - [18/Dec/2025:02:35:28 +0000] "POST //xmlrpc.php HTTP/1.1" 200 413 "-" "Mozilla/5.0 (Windows NT 10.0; Win64; x64) AppleWebKit/537.36 (KHTML, like Gecko) Chrome/78.0.3904.108 Safari/537.36"
208.84.102.244 - - [18/Dec/2025:02:35:28 +0000] "POST //xmlrpc.php HTTP/1.1" 200 413 "-" "Mozilla/5.0 (Windows NT 10.0; Win64; x64) AppleWebKit/537.36 (KHTML, like Gecko) Chrome/78.0.3904.108 Safari/537.36"
208.84.102.244 - - [18/Dec/2025:02:35:28 +0000] "POST //xmlrpc.php HTTP/1.1" 200 413 "-" "Mozilla/5.0 (Windows NT 10.0; Win64; x64) AppleWebKit/537.36 (KHTML, like Gecko) Chrome/78.0.3904.108 Safari/537.36"
208.84.102.244 - - [18/Dec/2025:02:35:28 +0000] "POST //xmlrpc.php HTTP/1.1" 200 413 "-" "Mozilla/5.0 (Windows NT 10.0; Win64; x64) AppleWebKit/537.36 (KHTML, like Gecko) Chrome/78.0.3904.108 Safari/537.36"
208.84.102.244 - - [18/Dec/2025:02:35:28 +0000] "POST //xmlrpc.php HTTP/1.1" 200 413 "-" "Mozilla/5.0 (Windows NT 10.0; Win64; x64) AppleWebKit/537.36 (KHTML, like Gecko) Chrome/78.0.3904.108 Safari/537.36"
208.84.102.244 - - [18/Dec/2025:02:35:28 +0000] "POST //xmlrpc.php HTTP/1.1" 200 413 "-" "Mozilla/5.0 (Windows NT 10.0; Win64; x64) AppleWebKit/537.36 (KHTML, like Gecko) Chrome/78.0.3904.108 Safari/537.36"
208.84.102.244 - - [18/Dec/2025:02:35:29 +0000] "POST //xmlrpc.php HTTP/1.1" 200 413 "-" "Mozilla/5.0 (Windows NT 10.0; Win64; x64) AppleWebKit/537.36 (KHTML, like Gecko) Chrome/78.0.3904.108 Safari/537.36"
208.84.102.244 - - [18/Dec/2025:02:35:29 +0000] "POST //xmlrpc.php HTTP/1.1" 200 413 "-" "Mozilla/5.0 (Windows NT 10.0; Win64; x64) AppleWebKit/537.36 (KHTML, like Gecko) Chrome/78.0.3904.108 Safari/537.36"
208.84.102.244 - - [18/Dec/2025:02:35:29 +0000] "POST //xmlrpc.php HTTP/1.1" 200 413 "-" "Mozilla/5.0 (Windows NT 10.0; Win64; x64) AppleWebKit/537.36 (KHTML, like Gecko) Chrome/78.0.3904.108 Safari/537.36"
208.84.102.244 - - [18/Dec/2025:02:35:29 +0000] "POST //xmlrpc.php HTTP/1.1" 200 413 "-" "Mozilla/5.0 (Windows NT 10.0; Win64; x64) AppleWebKit/537.36 (KHTML, like Gecko) Chrome/78.0.3904.108 Safari/537.36"
208.84.102.244 - - [18/Dec/2025:02:35:29 +0000] "POST //xmlrpc.php HTTP/1.1" 200 413 "-" "Mozilla/5.0 (Windows NT 10.0; Win64; x64) AppleWebKit/537.36 (KHTML, like Gecko) Chrome/78.0.3904.108 Safari/537.36"
208.84.102.244 - - [18/Dec/2025:02:35:29 +0000] "POST //xmlrpc.php HTTP/1.1" 200 413 "-" "Mozilla/5.0 (Windows NT 10.0; Win64; x64) AppleWebKit/537.36 (KHTML, like Gecko) Chrome/78.0.3904.108 Safari/537.36"
208.84.102.244 - - [18/Dec/2025:02:35:29 +0000] "POST //xmlrpc.php HTTP/1.1" 200 413 "-" "Mozilla/5.0 (Windows NT 10.0; Win64; x64) AppleWebKit/537.36 (KHTML, like Gecko) Chrome/78.0.3904.108 Safari/537.36"
208.84.102.244 - - [18/Dec/2025:02:35:29 +0000] "POST //xmlrpc.php HTTP/1.1" 200 413 "-" "Mozilla/5.0 (Windows NT 10.0; Win64; x64) AppleWebKit/537.36 (KHTML, like Gecko) Chrome/78.0.3904.108 Safari/537.36"
208.84.102.244 - - [18/Dec/2025:02:35:29 +0000] "POST //xmlrpc.php HTTP/1.1" 200 413 "-" "Mozilla/5.0 (Windows NT 10.0; Win64; x64) AppleWebKit/537.36 (KHTML, like Gecko) Chrome/78.0.3904.108 Safari/537.36"
208.84.102.244 - - [18/Dec/2025:02:35:30 +0000] "POST //xmlrpc.php HTTP/1.1" 200 413 "-" "Mozilla/5.0 (Windows NT 10.0; Win64; x64) AppleWebKit/537.36 (KHTML, like Gecko) Chrome/78.0.3904.108 Safari/537.36"
208.84.102.244 - - [18/Dec/2025:02:35:30 +0000] "POST //xmlrpc.php HTTP/1.1" 200 413 "-" "Mozilla/5.0 (Windows NT 10.0; Win64; x64) AppleWebKit/537.36 (KHTML, like Gecko) Chrome/78.0.3904.108 Safari/537.36"
208.84.102.244 - - [18/Dec/2025:02:35:30 +0000] "POST //xmlrpc.php HTTP/1.1" 200 413 "-" "Mozilla/5.0 (Windows NT 10.0; Win64; x64) AppleWebKit/537.36 (KHTML, like Gecko) Chrome/78.0.3904.108 Safari/537.36"
208.84.102.244 - - [18/Dec/2025:02:35:30 +0000] "POST //xmlrpc.php HTTP/1.1" 200 413 "-" "Mozilla/5.0 (Windows NT 10.0; Win64; x64) AppleWebKit/537.36 (KHTML, like Gecko) Chrome/78.0.3904.108 Safari/537.36"
208.84.102.244 - - [18/Dec/2025:02:35:30 +0000] "POST //xmlrpc.php HTTP/1.1" 200 413 "-" "Mozilla/5.0 (Windows NT 10.0; Win64; x64) AppleWebKit/537.36 (KHTML, like Gecko) Chrome/78.0.3904.108 Safari/537.36"
208.84.102.244 - - [18/Dec/2025:02:35:30 +0000] "POST //xmlrpc.php HTTP/1.1" 200 413 "-" "Mozilla/5.0 (Windows NT 10.0; Win64; x64) AppleWebKit/537.36 (KHTML, like Gecko) Chrome/78.0.3904.108 Safari/537.36"
208.84.102.244 - - [18/Dec/2025:02:35:30 +0000] "POST //xmlrpc.php HTTP/1.1" 200 413 "-" "Mozilla/5.0 (Windows NT 10.0; Win64; x64) AppleWebKit/537.36 (KHTML, like Gecko) Chrome/78.0.3904.108 Safari/537.36"
208.84.102.244 - - [18/Dec/2025:02:35:30 +0000] "POST //xmlrpc.php HTTP/1.1" 200 413 "-" "Mozilla/5.0 (Windows NT 10.0; Win64; x64) AppleWebKit/537.36 (KHTML, like Gecko) Chrome/78.0.3904.108 Safari/537.36"
208.84.102.244 - - [18/Dec/2025:02:35:31 +0000] "POST //xmlrpc.php HTTP/1.1" 200 413 "-" "Mozilla/5.0 (Windows NT 10.0; Win64; x64) AppleWebKit/537.36 (KHTML, like Gecko) Chrome/78.0.3904.108 Safari/537.36"
208.84.102.244 - - [18/Dec/2025:02:35:31 +0000] "POST //xmlrpc.php HTTP/1.1" 200 413 "-" "Mozilla/5.0 (Windows NT 10.0; Win64; x64) AppleWebKit/537.36 (KHTML, like Gecko) Chrome/78.0.3904.108 Safari/537.36"
208.84.102.244 - - [18/Dec/2025:02:35:31 +0000] "POST //xmlrpc.php HTTP/1.1" 200 413 "-" "Mozilla/5.0 (Windows NT 10.0; Win64; x64) AppleWebKit/537.36 (KHTML, like Gecko) Chrome/78.0.3904.108 Safari/537.36"
208.84.102.244 - - [18/Dec/2025:02:35:32 +0000] "POST //xmlrpc.php HTTP/1.1" 200 413 "-" "Mozilla/5.0 (Windows NT 10.0; Win64; x64) AppleWebKit/537.36 (KHTML, like Gecko) Chrome/78.0.3904.108 Safari/537.36"
208.84.102.244 - - [18/Dec/2025:02:35:32 +0000] "POST //xmlrpc.php HTTP/1.1" 200 413 "-" "Mozilla/5.0 (Windows NT 10.0; Win64; x64) AppleWebKit/537.36 (KHTML, like Gecko) Chrome/78.0.3904.108 Safari/537.36"
208.84.102.244 - - [18/Dec/2025:02:35:32 +0000] "POST //xmlrpc.php HTTP/1.1" 200 413 "-" "Mozilla/5.0 (Windows NT 10.0; Win64; x64) AppleWebKit/537.36 (KHTML, like Gecko) Chrome/78.0.3904.108 Safari/537.36"
208.84.102.244 - - [18/Dec/2025:02:35:33 +0000] "POST //xmlrpc.php HTTP/1.1" 200 413 "-" "Mozilla/5.0 (Windows NT 10.0; Win64; x64) AppleWebKit/537.36 (KHTML, like Gecko) Chrome/78.0.3904.108 Safari/537.36"
208.84.102.244 - - [18/Dec/2025:02:35:33 +0000] "POST //xmlrpc.php HTTP/1.1" 200 413 "-" "Mozilla/5.0 (Windows NT 10.0; Win64; x64) AppleWebKit/537.36 (KHTML, like Gecko) Chrome/78.0.3904.108 Safari/537.36"
208.84.102.244 - - [18/Dec/2025:02:35:33 +0000] "POST //xmlrpc.php HTTP/1.1" 200 413 "-" "Mozilla/5.0 (Windows NT 10.0; Win64; x64) AppleWebKit/537.36 (KHTML, like Gecko) Chrome/78.0.3904.108 Safari/537.36"
208.84.102.244 - - [18/Dec/2025:02:35:33 +0000] "POST //xmlrpc.php HTTP/1.1" 200 413 "-" "Mozilla/5.0 (Windows NT 10.0; Win64; x64) AppleWebKit/537.36 (KHTML, like Gecko) Chrome/78.0.3904.108 Safari/537.36"
208.84.102.244 - - [18/Dec/2025:02:35:34 +0000] "POST //xmlrpc.php HTTP/1.1" 200 413 "-" "Mozilla/5.0 (Windows NT 10.0; Win64; x64) AppleWebKit/537.36 (KHTML, like Gecko) Chrome/78.0.3904.108 Safari/537.36"
208.84.102.244 - - [18/Dec/2025:02:35:34 +0000] "POST //xmlrpc.php HTTP/1.1" 200 413 "-" "Mozilla/5.0 (Windows NT 10.0; Win64; x64) AppleWebKit/537.36 (KHTML, like Gecko) Chrome/78.0.3904.108 Safari/537.36"
208.84.102.244 - - [18/Dec/2025:02:35:34 +0000] "POST //xmlrpc.php HTTP/1.1" 200 413 "-" "Mozilla/5.0 (Windows NT 10.0; Win64; x64) AppleWebKit/537.36 (KHTML, like Gecko) Chrome/78.0.3904.108 Safari/537.36"
208.84.102.244 - - [18/Dec/2025:02:35:34 +0000] "POST //xmlrpc.php HTTP/1.1" 200 413 "-" "Mozilla/5.0 (Windows NT 10.0; Win64; x64) AppleWebKit/537.36 (KHTML, like Gecko) Chrome/78.0.3904.108 Safari/537.36"
208.84.102.244 - - [18/Dec/2025:02:35:34 +0000] "POST //xmlrpc.php HTTP/1.1" 200 413 "-" "Mozilla/5.0 (Windows NT 10.0; Win64; x64) AppleWebKit/537.36 (KHTML, like Gecko) Chrome/78.0.3904.108 Safari/537.36"
208.84.102.244 - - [18/Dec/2025:02:35:34 +0000] "POST //xmlrpc.php HTTP/1.1" 200 413 "-" "Mozilla/5.0 (Windows NT 10.0; Win64; x64) AppleWebKit/537.36 (KHTML, like Gecko) Chrome/78.0.3904.108 Safari/537.36"
208.84.102.244 - - [18/Dec/2025:02:35:34 +0000] "POST //xmlrpc.php HTTP/1.1" 200 413 "-" "Mozilla/5.0 (Windows NT 10.0; Win64; x64) AppleWebKit/537.36 (KHTML, like Gecko) Chrome/78.0.3904.108 Safari/537.36"
208.84.102.244 - - [18/Dec/2025:02:35:34 +0000] "POST //xmlrpc.php HTTP/1.1" 200 413 "-" "Mozilla/5.0 (Windows NT 10.0; Win64; x64) AppleWebKit/537.36 (KHTML, like Gecko) Chrome/78.0.3904.108 Safari/537.36"
208.84.102.244 - - [18/Dec/2025:02:35:34 +0000] "POST //xmlrpc.php HTTP/1.1" 200 413 "-" "Mozilla/5.0 (Windows NT 10.0; Win64; x64) AppleWebKit/537.36 (KHTML, like Gecko) Chrome/78.0.3904.108 Safari/537.36"
208.84.102.244 - - [18/Dec/2025:02:35:34 +0000] "POST //xmlrpc.php HTTP/1.1" 200 413 "-" "Mozilla/5.0 (Windows NT 10.0; Win64; x64) AppleWebKit/537.36 (KHTML, like Gecko) Chrome/78.0.3904.108 Safari/537.36"
208.84.102.244 - - [18/Dec/2025:02:35:34 +0000] "POST //xmlrpc.php HTTP/1.1" 200 413 "-" "Mozilla/5.0 (Windows NT 10.0; Win64; x64) AppleWebKit/537.36 (KHTML, like Gecko) Chrome/78.0.3904.108 Safari/537.36"
208.84.102.244 - - [18/Dec/2025:02:35:35 +0000] "POST //xmlrpc.php HTTP/1.1" 200 413 "-" "Mozilla/5.0 (Windows NT 10.0; Win64; x64) AppleWebKit/537.36 (KHTML, like Gecko) Chrome/78.0.3904.108 Safari/537.36"
208.84.102.244 - - [18/Dec/2025:02:35:35 +0000] "POST //xmlrpc.php HTTP/1.1" 200 413 "-" "Mozilla/5.0 (Windows NT 10.0; Win64; x64) AppleWebKit/537.36 (KHTML, like Gecko) Chrome/78.0.3904.108 Safari/537.36"
208.84.102.244 - - [18/Dec/2025:02:35:35 +0000] "POST //xmlrpc.php HTTP/1.1" 200 413 "-" "Mozilla/5.0 (Windows NT 10.0; Win64; x64) AppleWebKit/537.36 (KHTML, like Gecko) Chrome/78.0.3904.108 Safari/537.36"
208.84.102.244 - - [18/Dec/2025:02:35:35 +0000] "POST //xmlrpc.php HTTP/1.1" 200 413 "-" "Mozilla/5.0 (Windows NT 10.0; Win64; x64) AppleWebKit/537.36 (KHTML, like Gecko) Chrome/78.0.3904.108 Safari/537.36"
208.84.102.244 - - [18/Dec/2025:02:35:35 +0000] "POST //xmlrpc.php HTTP/1.1" 200 413 "-" "Mozilla/5.0 (Windows NT 10.0; Win64; x64) AppleWebKit/537.36 (KHTML, like Gecko) Chrome/78.0.3904.108 Safari/537.36"
208.84.102.244 - - [18/Dec/2025:02:35:35 +0000] "POST //xmlrpc.php HTTP/1.1" 200 413 "-" "Mozilla/5.0 (Windows NT 10.0; Win64; x64) AppleWebKit/537.36 (KHTML, like Gecko) Chrome/78.0.3904.108 Safari/537.36"
208.84.102.244 - - [18/Dec/2025:02:35:35 +0000] "POST //xmlrpc.php HTTP/1.1" 200 413 "-" "Mozilla/5.0 (Windows NT 10.0; Win64; x64) AppleWebKit/537.36 (KHTML, like Gecko) Chrome/78.0.3904.108 Safari/537.36"
208.84.102.244 - - [18/Dec/2025:02:35:35 +0000] "POST //xmlrpc.php HTTP/1.1" 200 413 "-" "Mozilla/5.0 (Windows NT 10.0; Win64; x64) AppleWebKit/537.36 (KHTML, like Gecko) Chrome/78.0.3904.108 Safari/537.36"
208.84.102.244 - - [18/Dec/2025:02:35:35 +0000] "POST //xmlrpc.php HTTP/1.1" 200 413 "-" "Mozilla/5.0 (Windows NT 10.0; Win64; x64) AppleWebKit/537.36 (KHTML, like Gecko) Chrome/78.0.3904.108 Safari/537.36"
208.84.102.244 - - [18/Dec/2025:02:35:35 +0000] "POST //xmlrpc.php HTTP/1.1" 200 413 "-" "Mozilla/5.0 (Windows NT 10.0; Win64; x64) AppleWebKit/537.36 (KHTML, like Gecko) Chrome/78.0.3904.108 Safari/537.36"
208.84.102.244 - - [18/Dec/2025:02:35:36 +0000] "POST //xmlrpc.php HTTP/1.1" 200 413 "-" "Mozilla/5.0 (Windows NT 10.0; Win64; x64) AppleWebKit/537.36 (KHTML, like Gecko) Chrome/78.0.3904.108 Safari/537.36"
208.84.102.244 - - [18/Dec/2025:02:35:36 +0000] "POST //xmlrpc.php HTTP/1.1" 200 413 "-" "Mozilla/5.0 (Windows NT 10.0; Win64; x64) AppleWebKit/537.36 (KHTML, like Gecko) Chrome/78.0.3904.108 Safari/537.36"
208.84.102.244 - - [18/Dec/2025:02:35:36 +0000] "POST //xmlrpc.php HTTP/1.1" 200 413 "-" "Mozilla/5.0 (Windows NT 10.0; Win64; x64) AppleWebKit/537.36 (KHTML, like Gecko) Chrome/78.0.3904.108 Safari/537.36"
208.84.102.244 - - [18/Dec/2025:02:35:36 +0000] "POST //xmlrpc.php HTTP/1.1" 200 413 "-" "Mozilla/5.0 (Windows NT 10.0; Win64; x64) AppleWebKit/537.36 (KHTML, like Gecko) Chrome/78.0.3904.108 Safari/537.36"
208.84.102.244 - - [18/Dec/2025:02:35:36 +0000] "POST //xmlrpc.php HTTP/1.1" 200 413 "-" "Mozilla/5.0 (Windows NT 10.0; Win64; x64) AppleWebKit/537.36 (KHTML, like Gecko) Chrome/78.0.3904.108 Safari/537.36"
208.84.102.244 - - [18/Dec/2025:02:35:36 +0000] "POST //xmlrpc.php HTTP/1.1" 200 413 "-" "Mozilla/5.0 (Windows NT 10.0; Win64; x64) AppleWebKit/537.36 (KHTML, like Gecko) Chrome/78.0.3904.108 Safari/537.36"
208.84.102.244 - - [18/Dec/2025:02:35:36 +0000] "POST //xmlrpc.php HTTP/1.1" 200 413 "-" "Mozilla/5.0 (Windows NT 10.0; Win64; x64) AppleWebKit/537.36 (KHTML, like Gecko) Chrome/78.0.3904.108 Safari/537.36"
208.84.102.244 - - [18/Dec/2025:02:35:36 +0000] "POST //xmlrpc.php HTTP/1.1" 200 413 "-" "Mozilla/5.0 (Windows NT 10.0; Win64; x64) AppleWebKit/537.36 (KHTML, like Gecko) Chrome/78.0.3904.108 Safari/537.36"
208.84.102.244 - - [18/Dec/2025:02:35:36 +0000] "POST //xmlrpc.php HTTP/1.1" 200 413 "-" "Mozilla/5.0 (Windows NT 10.0; Win64; x64) AppleWebKit/537.36 (KHTML, like Gecko) Chrome/78.0.3904.108 Safari/537.36"
208.84.102.244 - - [18/Dec/2025:02:35:36 +0000] "POST //xmlrpc.php HTTP/1.1" 200 413 "-" "Mozilla/5.0 (Windows NT 10.0; Win64; x64) AppleWebKit/537.36 (KHTML, like Gecko) Chrome/78.0.3904.108 Safari/537.36"
208.84.102.244 - - [18/Dec/2025:02:35:37 +0000] "POST //xmlrpc.php HTTP/1.1" 200 413 "-" "Mozilla/5.0 (Windows NT 10.0; Win64; x64) AppleWebKit/537.36 (KHTML, like Gecko) Chrome/78.0.3904.108 Safari/537.36"
208.84.102.244 - - [18/Dec/2025:02:35:37 +0000] "POST //xmlrpc.php HTTP/1.1" 200 413 "-" "Mozilla/5.0 (Windows NT 10.0; Win64; x64) AppleWebKit/537.36 (KHTML, like Gecko) Chrome/78.0.3904.108 Safari/537.36"
208.84.102.244 - - [18/Dec/2025:02:35:37 +0000] "POST //xmlrpc.php HTTP/1.1" 200 413 "-" "Mozilla/5.0 (Windows NT 10.0; Win64; x64) AppleWebKit/537.36 (KHTML, like Gecko) Chrome/78.0.3904.108 Safari/537.36"
208.84.102.244 - - [18/Dec/2025:02:35:37 +0000] "POST //xmlrpc.php HTTP/1.1" 200 413 "-" "Mozilla/5.0 (Windows NT 10.0; Win64; x64) AppleWebKit/537.36 (KHTML, like Gecko) Chrome/78.0.3904.108 Safari/537.36"
208.84.102.244 - - [18/Dec/2025:02:35:37 +0000] "POST //xmlrpc.php HTTP/1.1" 200 413 "-" "Mozilla/5.0 (Windows NT 10.0; Win64; x64) AppleWebKit/537.36 (KHTML, like Gecko) Chrome/78.0.3904.108 Safari/537.36"
208.84.102.244 - - [18/Dec/2025:02:35:37 +0000] "POST //xmlrpc.php HTTP/1.1" 200 413 "-" "Mozilla/5.0 (Windows NT 10.0; Win64; x64) AppleWebKit/537.36 (KHTML, like Gecko) Chrome/78.0.3904.108 Safari/537.36"
208.84.102.244 - - [18/Dec/2025:02:35:37 +0000] "POST //xmlrpc.php HTTP/1.1" 200 413 "-" "Mozilla/5.0 (Windows NT 10.0; Win64; x64) AppleWebKit/537.36 (KHTML, like Gecko) Chrome/78.0.3904.108 Safari/537.36"
208.84.102.244 - - [18/Dec/2025:02:35:37 +0000] "POST //xmlrpc.php HTTP/1.1" 200 413 "-" "Mozilla/5.0 (Windows NT 10.0; Win64; x64) AppleWebKit/537.36 (KHTML, like Gecko) Chrome/78.0.3904.108 Safari/537.36"
208.84.102.244 - - [18/Dec/2025:02:35:37 +0000] "POST //xmlrpc.php HTTP/1.1" 200 413 "-" "Mozilla/5.0 (Windows NT 10.0; Win64; x64) AppleWebKit/537.36 (KHTML, like Gecko) Chrome/78.0.3904.108 Safari/537.36"
208.84.102.244 - - [18/Dec/2025:02:35:37 +0000] "POST //xmlrpc.php HTTP/1.1" 200 413 "-" "Mozilla/5.0 (Windows NT 10.0; Win64; x64) AppleWebKit/537.36 (KHTML, like Gecko) Chrome/78.0.3904.108 Safari/537.36"
208.84.102.244 - - [18/Dec/2025:02:35:37 +0000] "POST //xmlrpc.php HTTP/1.1" 200 413 "-" "Mozilla/5.0 (Windows NT 10.0; Win64; x64) AppleWebKit/537.36 (KHTML, like Gecko) Chrome/78.0.3904.108 Safari/537.36"
208.84.102.244 - - [18/Dec/2025:02:35:38 +0000] "POST //xmlrpc.php HTTP/1.1" 200 413 "-" "Mozilla/5.0 (Windows NT 10.0; Win64; x64) AppleWebKit/537.36 (KHTML, like Gecko) Chrome/78.0.3904.108 Safari/537.36"
208.84.102.244 - - [18/Dec/2025:02:35:38 +0000] "POST //xmlrpc.php HTTP/1.1" 200 413 "-" "Mozilla/5.0 (Windows NT 10.0; Win64; x64) AppleWebKit/537.36 (KHTML, like Gecko) Chrome/78.0.3904.108 Safari/537.36"
208.84.102.244 - - [18/Dec/2025:02:35:38 +0000] "POST //xmlrpc.php HTTP/1.1" 200 413 "-" "Mozilla/5.0 (Windows NT 10.0; Win64; x64) AppleWebKit/537.36 (KHTML, like Gecko) Chrome/78.0.3904.108 Safari/537.36"
208.84.102.244 - - [18/Dec/2025:02:35:38 +0000] "POST //xmlrpc.php HTTP/1.1" 200 413 "-" "Mozilla/5.0 (Windows NT 10.0; Win64; x64) AppleWebKit/537.36 (KHTML, like Gecko) Chrome/78.0.3904.108 Safari/537.36"
208.84.102.244 - - [18/Dec/2025:02:35:38 +0000] "POST //xmlrpc.php HTTP/1.1" 200 413 "-" "Mozilla/5.0 (Windows NT 10.0; Win64; x64) AppleWebKit/537.36 (KHTML, like Gecko) Chrome/78.0.3904.108 Safari/537.36"
208.84.102.244 - - [18/Dec/2025:02:35:38 +0000] "POST //xmlrpc.php HTTP/1.1" 200 413 "-" "Mozilla/5.0 (Windows NT 10.0; Win64; x64) AppleWebKit/537.36 (KHTML, like Gecko) Chrome/78.0.3904.108 Safari/537.36"
208.84.102.244 - - [18/Dec/2025:02:35:38 +0000] "POST //xmlrpc.php HTTP/1.1" 200 413 "-" "Mozilla/5.0 (Windows NT 10.0; Win64; x64) AppleWebKit/537.36 (KHTML, like Gecko) Chrome/78.0.3904.108 Safari/537.36"
208.84.102.244 - - [18/Dec/2025:02:35:39 +0000] "POST //xmlrpc.php HTTP/1.1" 200 413 "-" "Mozilla/5.0 (Windows NT 10.0; Win64; x64) AppleWebKit/537.36 (KHTML, like Gecko) Chrome/78.0.3904.108 Safari/537.36"
208.84.102.244 - - [18/Dec/2025:02:35:39 +0000] "POST //xmlrpc.php HTTP/1.1" 200 413 "-" "Mozilla/5.0 (Windows NT 10.0; Win64; x64) AppleWebKit/537.36 (KHTML, like Gecko) Chrome/78.0.3904.108 Safari/537.36"
208.84.102.244 - - [18/Dec/2025:02:35:39 +0000] "POST //xmlrpc.php HTTP/1.1" 200 413 "-" "Mozilla/5.0 (Windows NT 10.0; Win64; x64) AppleWebKit/537.36 (KHTML, like Gecko) Chrome/78.0.3904.108 Safari/537.36"
208.84.102.244 - - [18/Dec/2025:02:35:39 +0000] "POST //xmlrpc.php HTTP/1.1" 200 413 "-" "Mozilla/5.0 (Windows NT 10.0; Win64; x64) AppleWebKit/537.36 (KHTML, like Gecko) Chrome/78.0.3904.108 Safari/537.36"
208.84.102.244 - - [18/Dec/2025:02:35:39 +0000] "POST //xmlrpc.php HTTP/1.1" 200 413 "-" "Mozilla/5.0 (Windows NT 10.0; Win64; x64) AppleWebKit/537.36 (KHTML, like Gecko) Chrome/78.0.3904.108 Safari/537.36"
208.84.102.244 - - [18/Dec/2025:02:35:39 +0000] "POST //xmlrpc.php HTTP/1.1" 200 413 "-" "Mozilla/5.0 (Windows NT 10.0; Win64; x64) AppleWebKit/537.36 (KHTML, like Gecko) Chrome/78.0.3904.108 Safari/537.36"
208.84.102.244 - - [18/Dec/2025:02:35:39 +0000] "POST //xmlrpc.php HTTP/1.1" 200 413 "-" "Mozilla/5.0 (Windows NT 10.0; Win64; x64) AppleWebKit/537.36 (KHTML, like Gecko) Chrome/78.0.3904.108 Safari/537.36"
66.135.21.75 - - [18/Dec/2025:02:44:15 +0000] "POST /wp-cron.php?doing_wp_cron=1766025855.7095859050750732421875 HTTP/1.1" 200 31 "-" "WordPress/6.3.1; https://gsudice.dataconn.net"
124.236.100.56 - - [18/Dec/2025:02:44:15 +0000] "GET / HTTP/1.1" 200 115835 "-" "Mozilla/5.0 (X11; Linux x86_64; rv:93.0) Gecko/20100101 Firefox/93.0"
66.135.21.75 - - [18/Dec/2025:02:52:28 +0000] "POST /wp-cron.php?doing_wp_cron=1766026348.1329419612884521484375 HTTP/1.1" 200 31 "-" "WordPress/6.3.1; https://gsudice.dataconn.net"
216.73.216.164 - - [18/Dec/2025:02:52:28 +0000] "GET /robots.txt HTTP/1.1" 301 5 "-" "Mozilla/5.0 AppleWebKit/537.36 (KHTML, like Gecko; compatible; ClaudeBot/1.0; +claudebot@anthropic.com)"
216.73.216.164 - - [18/Dec/2025:02:52:28 +0000] "GET /robots.txt/ HTTP/1.1" 200 115835 "https://gsudice.dataconn.net/robots.txt" "Mozilla/5.0 AppleWebKit/537.36 (KHTML, like Gecko; compatible; ClaudeBot/1.0; +claudebot@anthropic.com)"
216.73.216.164 - - [18/Dec/2025:02:52:28 +0000] "GET /index.php?rest_route=%2Fwp%2Fv2%2Fpages%2F126 HTTP/1.1" 200 5569 "-" "Mozilla/5.0 AppleWebKit/537.36 (KHTML, like Gecko; compatible; ClaudeBot/1.0; +claudebot@anthropic.com)"
66.135.21.75 - - [18/Dec/2025:02:54:08 +0000] "POST /wp-cron.php?doing_wp_cron=1766026448.9480619430541992187500 HTTP/1.1" 200 31 "-" "WordPress/6.3.1; https://gsudice.dataconn.net"
216.73.216.164 - - [18/Dec/2025:02:54:08 +0000] "GET /index.php?rest_route=%2Fwp%2Fv2%2Fpages%2F185 HTTP/1.1" 200 1451 "-" "Mozilla/5.0 AppleWebKit/537.36 (KHTML, like Gecko; compatible; ClaudeBot/1.0; +claudebot@anthropic.com)"
216.73.216.164 - - [18/Dec/2025:02:54:09 +0000] "GET /?p=126 HTTP/1.1" 301 5 "-" "Mozilla/5.0 AppleWebKit/537.36 (KHTML, like Gecko; compatible; ClaudeBot/1.0; +claudebot@anthropic.com)"
216.73.216.164 - - [18/Dec/2025:02:54:09 +0000] "GET /?page_id=126 HTTP/1.1" 200 23321 "https://gsudice.dataconn.net/?p=126" "Mozilla/5.0 AppleWebKit/537.36 (KHTML, like Gecko; compatible; ClaudeBot/1.0; +claudebot@anthropic.com)"
66.135.21.75 - - [18/Dec/2025:02:54:39 +0000] "POST /wp-cron.php?doing_wp_cron=1766026479.8581418991088867187500 HTTP/1.1" 200 31 "-" "WordPress/6.3.1; https://gsudice.dataconn.net"
216.73.216.164 - - [18/Dec/2025:02:54:39 +0000] "GET /?p=185 HTTP/1.1" 301 5 "-" "Mozilla/5.0 AppleWebKit/537.36 (KHTML, like Gecko; compatible; ClaudeBot/1.0; +claudebot@anthropic.com)"
216.73.216.164 - - [18/Dec/2025:02:54:40 +0000] "GET /?page_id=185 HTTP/1.1" 200 18119 "https://gsudice.dataconn.net/?p=185" "Mozilla/5.0 AppleWebKit/537.36 (KHTML, like Gecko; compatible; ClaudeBot/1.0; +claudebot@anthropic.com)"
66.135.21.75 - - [18/Dec/2025:02:55:37 +0000] "POST /wp-cron.php?doing_wp_cron=1766026537.2107329368591308593750 HTTP/1.1" 200 31 "-" "WordPress/6.3.1; https://gsudice.dataconn.net"
216.73.216.164 - - [18/Dec/2025:02:55:37 +0000] "GET /?p=122 HTTP/1.1" 301 5 "-" "Mozilla/5.0 AppleWebKit/537.36 (KHTML, like Gecko; compatible; ClaudeBot/1.0; +claudebot@anthropic.com)"
216.73.216.164 - - [18/Dec/2025:02:55:37 +0000] "GET /?page_id=122 HTTP/1.1" 200 19523 "https://gsudice.dataconn.net/?p=122" "Mozilla/5.0 AppleWebKit/537.36 (KHTML, like Gecko; compatible; ClaudeBot/1.0; +claudebot@anthropic.com)"
66.135.21.75 - - [18/Dec/2025:02:56:23 +0000] "POST /wp-cron.php?doing_wp_cron=1766026583.6299281120300292968750 HTTP/1.1" 200 31 "-" "WordPress/6.3.1; https://gsudice.dataconn.net"
216.73.216.164 - - [18/Dec/2025:02:56:23 +0000] "GET /index.php?rest_route=%2Fwp%2Fv2%2Fpages%2F122 HTTP/1.1" 200 2370 "-" "Mozilla/5.0 AppleWebKit/537.36 (KHTML, like Gecko; compatible; ClaudeBot/1.0; +claudebot@anthropic.com)"
216.73.216.164 - - [18/Dec/2025:02:56:33 +0000] "GET /?p=608 HTTP/1.1" 301 5 "-" "Mozilla/5.0 AppleWebKit/537.36 (KHTML, like Gecko; compatible; ClaudeBot/1.0; +claudebot@anthropic.com)"
216.73.216.164 - - [18/Dec/2025:02:56:33 +0000] "GET /?page_id=608 HTTP/1.1" 200 21854 "https://gsudice.dataconn.net/?p=608" "Mozilla/5.0 AppleWebKit/537.36 (KHTML, like Gecko; compatible; ClaudeBot/1.0; +claudebot@anthropic.com)"
66.135.21.75 - - [18/Dec/2025:03:21:30 +0000] "POST /wp-cron.php?doing_wp_cron=1766028090.8662850856781005859375 HTTP/1.1" 200 31 "-" "WordPress/6.3.1; https://gsudice.dataconn.net"
35.203.210.247 - - [18/Dec/2025:03:21:30 +0000] "GET //gsudice.dataconn.net HTTP/1.1" 301 5 "-" "Hello from Palo Alto Networks, find out more about our scans in https://docs-cortex.paloaltonetworks.com/r/1/Cortex-Xpanse/Scanning-activity"
35.203.210.247 - - [18/Dec/2025:03:21:31 +0000] "GET /gsudice.dataconn.net/ HTTP/1.1" 200 356456 "-" "Hello from Palo Alto Networks, find out more about our scans in https://docs-cortex.paloaltonetworks.com/r/1/Cortex-Xpanse/Scanning-activity"
66.135.21.75 - - [18/Dec/2025:03:59:13 +0000] "POST /wp-cron.php?doing_wp_cron=1766030353.7255709171295166015625 HTTP/1.1" 200 31 "-" "WordPress/6.3.1; https://gsudice.dataconn.net"
74.7.228.47 - - [18/Dec/2025:03:59:13 +0000] "GET /robots.txt HTTP/1.1" 301 5 "-" "Mozilla/5.0 (Macintosh; Intel Mac OS X 10_15_7) AppleWebKit/537.36 (KHTML, like Gecko) Chrome/131.0.0.0 Safari/537.36; compatible; OAI-SearchBot/1.3; robots.txt; +https://openai.com/searchbot"
74.7.228.47 - - [18/Dec/2025:03:59:13 +0000] "GET /robots.txt/ HTTP/1.1" 200 115835 "https://gsudice.dataconn.net/robots.txt" "Mozilla/5.0 (Macintosh; Intel Mac OS X 10_15_7) AppleWebKit/537.36 (KHTML, like Gecko) Chrome/131.0.0.0 Safari/537.36; compatible; OAI-SearchBot/1.3; robots.txt; +https://openai.com/searchbot"
74.7.227.146 - - [18/Dec/2025:03:59:14 +0000] "GET / HTTP/1.1" 200 115835 "-" "Mozilla/5.0 AppleWebKit/537.36 (KHTML, like Gecko; compatible; GPTBot/1.3; +https://openai.com/gptbot)"
74.7.227.146 - - [18/Dec/2025:03:59:17 +0000] "GET /?page_id=182 HTTP/1.1" 200 45375 "-" "Mozilla/5.0 AppleWebKit/537.36 (KHTML, like Gecko; compatible; GPTBot/1.3; +https://openai.com/gptbot)"
74.7.227.146 - - [18/Dec/2025:03:59:20 +0000] "GET /index.php?rest_route=/wp/v2/pages/20 HTTP/1.1" 200 3183 "-" "Mozilla/5.0 AppleWebKit/537.36 (KHTML, like Gecko; compatible; GPTBot/1.3; +https://openai.com/gptbot)"
74.7.227.146 - - [18/Dec/2025:03:59:22 +0000] "GET /?page_id=1573 HTTP/1.1" 200 17951 "-" "Mozilla/5.0 AppleWebKit/537.36 (KHTML, like Gecko; compatible; GPTBot/1.3; +https://openai.com/gptbot)"
74.7.227.146 - - [18/Dec/2025:03:59:24 +0000] "GET /?page_id=122 HTTP/1.1" 200 19523 "-" "Mozilla/5.0 AppleWebKit/537.36 (KHTML, like Gecko; compatible; GPTBot/1.3; +https://openai.com/gptbot)"
74.7.227.146 - - [18/Dec/2025:03:59:27 +0000] "GET /?feed=rss2 HTTP/1.1" 200 1192 "-" "Mozilla/5.0 AppleWebKit/537.36 (KHTML, like Gecko; compatible; GPTBot/1.3; +https://openai.com/gptbot)"
74.7.227.146 - - [18/Dec/2025:03:59:28 +0000] "GET /?feed=comments-rss2 HTTP/1.1" 200 783 "-" "Mozilla/5.0 AppleWebKit/537.36 (KHTML, like Gecko; compatible; GPTBot/1.3; +https://openai.com/gptbot)"
74.7.227.146 - - [18/Dec/2025:03:59:30 +0000] "GET /?page_id=185 HTTP/1.1" 200 18119 "-" "Mozilla/5.0 AppleWebKit/537.36 (KHTML, like Gecko; compatible; GPTBot/1.3; +https://openai.com/gptbot)"
74.7.227.146 - - [18/Dec/2025:03:59:32 +0000] "GET /?page_id=126 HTTP/1.1" 200 23321 "-" "Mozilla/5.0 AppleWebKit/537.36 (KHTML, like Gecko; compatible; GPTBot/1.3; +https://openai.com/gptbot)"
74.7.227.146 - - [18/Dec/2025:03:59:33 +0000] "GET /?page_id=608 HTTP/1.1" 200 21854 "-" "Mozilla/5.0 AppleWebKit/537.36 (KHTML, like Gecko; compatible; GPTBot/1.3; +https://openai.com/gptbot)"
74.7.227.146 - - [18/Dec/2025:03:59:34 +0000] "GET /?p=1573 HTTP/1.1" 301 5 "-" "Mozilla/5.0 AppleWebKit/537.36 (KHTML, like Gecko; compatible; GPTBot/1.3; +https://openai.com/gptbot)"
74.7.227.146 - - [18/Dec/2025:03:59:34 +0000] "GET /?page_id=1573 HTTP/1.1" 200 17951 "-" "Mozilla/5.0 AppleWebKit/537.36 (KHTML, like Gecko; compatible; GPTBot/1.3; +https://openai.com/gptbot)"
74.7.227.146 - - [18/Dec/2025:03:59:35 +0000] "GET /?p=182 HTTP/1.1" 301 5 "-" "Mozilla/5.0 AppleWebKit/537.36 (KHTML, like Gecko; compatible; GPTBot/1.3; +https://openai.com/gptbot)"
74.7.227.146 - - [18/Dec/2025:03:59:35 +0000] "GET /?page_id=182 HTTP/1.1" 200 45375 "-" "Mozilla/5.0 AppleWebKit/537.36 (KHTML, like Gecko; compatible; GPTBot/1.3; +https://openai.com/gptbot)"
74.7.227.146 - - [18/Dec/2025:03:59:36 +0000] "GET /?p=122 HTTP/1.1" 301 5 "-" "Mozilla/5.0 AppleWebKit/537.36 (KHTML, like Gecko; compatible; GPTBot/1.3; +https://openai.com/gptbot)"
74.7.227.146 - - [18/Dec/2025:03:59:36 +0000] "GET /?page_id=122 HTTP/1.1" 200 19523 "-" "Mozilla/5.0 AppleWebKit/537.36 (KHTML, like Gecko; compatible; GPTBot/1.3; +https://openai.com/gptbot)"
74.7.227.146 - - [18/Dec/2025:03:59:37 +0000] "GET /?p=126 HTTP/1.1" 301 5 "-" "Mozilla/5.0 AppleWebKit/537.36 (KHTML, like Gecko; compatible; GPTBot/1.3; +https://openai.com/gptbot)"
74.7.227.146 - - [18/Dec/2025:03:59:37 +0000] "GET /?page_id=126 HTTP/1.1" 200 23321 "-" "Mozilla/5.0 AppleWebKit/537.36 (KHTML, like Gecko; compatible; GPTBot/1.3; +https://openai.com/gptbot)"
74.7.227.146 - - [18/Dec/2025:03:59:38 +0000] "GET /?p=608 HTTP/1.1" 301 5 "-" "Mozilla/5.0 AppleWebKit/537.36 (KHTML, like Gecko; compatible; GPTBot/1.3; +https://openai.com/gptbot)"
74.7.227.146 - - [18/Dec/2025:03:59:38 +0000] "GET /?page_id=608 HTTP/1.1" 200 21854 "-" "Mozilla/5.0 AppleWebKit/537.36 (KHTML, like Gecko; compatible; GPTBot/1.3; +https://openai.com/gptbot)"
74.7.227.146 - - [18/Dec/2025:03:59:39 +0000] "GET /?p=185 HTTP/1.1" 301 5 "-" "Mozilla/5.0 AppleWebKit/537.36 (KHTML, like Gecko; compatible; GPTBot/1.3; +https://openai.com/gptbot)"
74.7.227.146 - - [18/Dec/2025:03:59:39 +0000] "GET /?page_id=185 HTTP/1.1" 200 18119 "-" "Mozilla/5.0 AppleWebKit/537.36 (KHTML, like Gecko; compatible; GPTBot/1.3; +https://openai.com/gptbot)"
66.135.21.75 - - [18/Dec/2025:04:29:09 +0000] "POST /wp-cron.php?doing_wp_cron=1766032149.1950650215148925781250 HTTP/1.1" 200 31 "-" "WordPress/6.3.1; https://gsudice.dataconn.net"
147.182.149.75 - - [18/Dec/2025:04:29:09 +0000] "GET / HTTP/1.1" 200 48720 "-" "-"
147.182.149.75 - - [18/Dec/2025:04:29:09 +0000] "GET / HTTP/1.1" 200 356471 "-" "Mozilla/5.0 (l9scan/2.0.5373e21323e2533313e26363; +https://leakix.net)"
147.182.149.75 - - [18/Dec/2025:04:29:10 +0000] "POST /graphql HTTP/1.1" 200 115835 "-" "Mozilla/5.0 (l9scan/2.0.5373e21323e2533313e26363; +https://leakix.net)"
147.182.149.75 - - [18/Dec/2025:04:29:10 +0000] "POST /api HTTP/1.1" 200 115835 "-" "Mozilla/5.0 (l9scan/2.0.5373e21323e2533313e26363; +https://leakix.net)"
147.182.149.75 - - [18/Dec/2025:04:29:10 +0000] "POST /api/graphql HTTP/1.1" 200 115835 "-" "Mozilla/5.0 (l9scan/2.0.5373e21323e2533313e26363; +https://leakix.net)"
147.182.149.75 - - [18/Dec/2025:04:29:11 +0000] "POST /graphql/api HTTP/1.1" 200 115835 "-" "Mozilla/5.0 (l9scan/2.0.5373e21323e2533313e26363; +https://leakix.net)"
147.182.149.75 - - [18/Dec/2025:04:29:11 +0000] "POST /api/gql HTTP/1.1" 200 115835 "-" "Mozilla/5.0 (l9scan/2.0.5373e21323e2533313e26363; +https://leakix.net)"
66.135.21.75 - - [18/Dec/2025:04:29:12 +0000] "POST /wp-cron.php?doing_wp_cron=1766032152.5084729194641113281250 HTTP/1.1" 200 31 "-" "WordPress/6.3.1; https://gsudice.dataconn.net"
147.182.149.75 - - [18/Dec/2025:04:29:12 +0000] "GET /swagger-ui.html HTTP/1.1" 301 5 "-" "Mozilla/5.0 (l9scan/2.0.5373e21323e2533313e26363; +https://leakix.net)"
147.182.149.75 - - [18/Dec/2025:04:29:13 +0000] "GET /swagger/index.html HTTP/1.1" 301 5 "-" "Mozilla/5.0 (l9scan/2.0.5373e21323e2533313e26363; +https://leakix.net)"
147.182.149.75 - - [18/Dec/2025:04:29:14 +0000] "GET /swagger/swagger-ui.html HTTP/1.1" 301 5 "-" "Mozilla/5.0 (l9scan/2.0.5373e21323e2533313e26363; +https://leakix.net)"
147.182.149.75 - - [18/Dec/2025:04:29:15 +0000] "GET /webjars/swagger-ui/index.html HTTP/1.1" 301 5 "-" "Mozilla/5.0 (l9scan/2.0.5373e21323e2533313e26363; +https://leakix.net)"
147.182.149.75 - - [18/Dec/2025:04:29:16 +0000] "GET /swagger.json HTTP/1.1" 301 5 "-" "Mozilla/5.0 (l9scan/2.0.5373e21323e2533313e26363; +https://leakix.net)"
147.182.149.75 - - [18/Dec/2025:04:29:17 +0000] "GET /swagger/v1/swagger.json HTTP/1.1" 301 5 "-" "Mozilla/5.0 (l9scan/2.0.5373e21323e2533313e26363; +https://leakix.net)"
147.182.149.75 - - [18/Dec/2025:04:29:18 +0000] "GET /v2/api-docs HTTP/1.1" 301 5 "-" "Mozilla/5.0 (l9scan/2.0.5373e21323e2533313e26363; +https://leakix.net)"
147.182.149.75 - - [18/Dec/2025:04:29:19 +0000] "GET /v3/api-docs HTTP/1.1" 301 5 "-" "Mozilla/5.0 (l9scan/2.0.5373e21323e2533313e26363; +https://leakix.net)"
147.182.149.75 - - [18/Dec/2025:04:29:20 +0000] "GET /api-docs/swagger.json HTTP/1.1" 301 5 "-" "Mozilla/5.0 (l9scan/2.0.5373e21323e2533313e26363; +https://leakix.net)"
147.182.149.75 - - [18/Dec/2025:04:29:21 +0000] "GET /api/swagger.json HTTP/1.1" 301 5 "-" "Mozilla/5.0 (l9scan/2.0.5373e21323e2533313e26363; +https://leakix.net)"
147.182.149.75 - - [18/Dec/2025:04:29:22 +0000] "GET /@vite/env HTTP/1.1" 301 5 "-" "Mozilla/5.0 (l9scan/2.0.5373e21323e2533313e26363; +https://leakix.net)"
147.182.149.75 - - [18/Dec/2025:04:29:23 +0000] "GET /actuator/env HTTP/1.1" 301 5 "-" "Mozilla/5.0 (l9scan/2.0.5373e21323e2533313e26363; +https://leakix.net)"
104.164.216.21 - - [18/Dec/2025:04:29:23 +0000] "HEAD / HTTP/1.1" 200 0 "-" "Mozilla/5.0 (Windows NT 10.0; Win64; x64) AppleWebKit/537.36 (KHTML, like Gecko) Chrome/134.0.6998.35/36 Safari/537.36"
147.182.149.75 - - [18/Dec/2025:04:29:24 +0000] "GET /server HTTP/1.1" 301 5 "-" "Mozilla/5.0 (l9scan/2.0.5373e21323e2533313e26363; +https://leakix.net)"
147.182.149.75 - - [18/Dec/2025:04:29:25 +0000] "GET /.vscode/sftp.json HTTP/1.1" 301 5 "-" "Mozilla/5.0 (l9scan/2.0.5373e21323e2533313e26363; +https://leakix.net)"
147.182.149.75 - - [18/Dec/2025:04:29:27 +0000] "GET /about HTTP/1.1" 301 5 "-" "Mozilla/5.0 (l9scan/2.0.5373e21323e2533313e26363; +https://leakix.net)"
147.182.149.75 - - [18/Dec/2025:04:29:28 +0000] "GET /debug/default/view?panel=config HTTP/1.1" 301 5 "-" "Mozilla/5.0 (l9scan/2.0.5373e21323e2533313e26363; +https://leakix.net)"
147.182.149.75 - - [18/Dec/2025:04:29:29 +0000] "GET /v2/_catalog HTTP/1.1" 301 5 "-" "Mozilla/5.0 (l9scan/2.0.5373e21323e2533313e26363; +https://leakix.net)"
147.182.149.75 - - [18/Dec/2025:04:29:30 +0000] "GET /ecp/Current/exporttool/microsoft.exchange.ediscovery.exporttool.application HTTP/1.1" 301 5 "-" "Mozilla/5.0 (l9scan/2.0.5373e21323e2533313e26363; +https://leakix.net)"
147.182.149.75 - - [18/Dec/2025:04:29:31 +0000] "GET /server-status HTTP/1.1" 301 5 "-" "Mozilla/5.0 (l9scan/2.0.5373e21323e2533313e26363; +https://leakix.net)"
147.182.149.75 - - [18/Dec/2025:04:29:32 +0000] "GET /login.action HTTP/1.1" 301 5 "-" "Mozilla/5.0 (l9scan/2.0.5373e21323e2533313e26363; +https://leakix.net)"
147.182.149.75 - - [18/Dec/2025:04:29:33 +0000] "GET /_all_dbs HTTP/1.1" 301 5 "-" "Mozilla/5.0 (l9scan/2.0.5373e21323e2533313e26363; +https://leakix.net)"
147.182.149.75 - - [18/Dec/2025:04:29:34 +0000] "GET /.DS_Store HTTP/1.1" 301 5 "-" "Mozilla/5.0 (l9scan/2.0.5373e21323e2533313e26363; +https://leakix.net)"
147.182.149.75 - - [18/Dec/2025:04:29:35 +0000] "GET /.env HTTP/1.1" 403 162 "-" "Mozilla/5.0 (l9scan/2.0.5373e21323e2533313e26363; +https://leakix.net)"
147.182.149.75 - - [18/Dec/2025:04:29:37 +0000] "GET /.git/config HTTP/1.1" 301 5 "-" "Mozilla/5.0 (l9scan/2.0.5373e21323e2533313e26363; +https://leakix.net)"
147.182.149.75 - - [18/Dec/2025:04:29:38 +0000] "GET /s/5373e21323e2533313e26363/_/;/META-INF/maven/com.atlassian.jira/jira-webapp-dist/pom.properties HTTP/1.1" 301 5 "-" "Mozilla/5.0 (l9scan/2.0.5373e21323e2533313e26363; +https://leakix.net)"
147.182.149.75 - - [18/Dec/2025:04:29:39 +0000] "GET /config.json HTTP/1.1" 301 5 "-" "Mozilla/5.0 (l9scan/2.0.5373e21323e2533313e26363; +https://leakix.net)"
147.182.149.75 - - [18/Dec/2025:04:29:40 +0000] "GET /telescope/requests HTTP/1.1" 301 5 "-" "Mozilla/5.0 (l9scan/2.0.5373e21323e2533313e26363; +https://leakix.net)"
147.182.149.75 - - [18/Dec/2025:04:29:41 +0000] "GET /info.php HTTP/1.1" 404 162 "-" "Mozilla/5.0 (l9scan/2.0.5373e21323e2533313e26363; +https://leakix.net)"
147.182.149.75 - - [18/Dec/2025:04:29:42 +0000] "GET /?rest_route=/wp/v2/users/ HTTP/1.1" 200 287 "-" "Mozilla/5.0 (l9scan/2.0.5373e21323e2533313e26363; +https://leakix.net)"
66.135.21.75 - - [18/Dec/2025:04:30:40 +0000] "POST /wp-cron.php?doing_wp_cron=1766032240.5121200084686279296875 HTTP/1.1" 200 31 "-" "WordPress/6.3.1; https://gsudice.dataconn.net"
65.87.7.112 - - [18/Dec/2025:04:30:40 +0000] "HEAD / HTTP/1.1" 200 0 "http://gsudice.dataconn.net" "Mozilla/5.0 (compatible; Let's Encrypt validation server; +https://www.letsencrypt.org)"
65.87.7.112 - - [18/Dec/2025:04:30:40 +0000] "GET / HTTP/1.1" 200 356456 "http://gsudice.dataconn.net" "Mozilla/5.0 (compatible; Let's Encrypt validation server; +https://www.letsencrypt.org)"
65.87.7.112 - - [18/Dec/2025:04:30:41 +0000] "HEAD /_next HTTP/1.1" 301 0 "http://gsudice.dataconn.net/_next" "Mozilla/5.0 (compatible; Let's Encrypt validation server; +https://www.letsencrypt.org)"
66.135.21.75 - - [18/Dec/2025:04:37:38 +0000] "POST /wp-cron.php?doing_wp_cron=1766032658.2340281009674072265625 HTTP/1.1" 200 31 "-" "WordPress/6.3.1; https://gsudice.dataconn.net"
128.192.12.105 - - [18/Dec/2025:04:37:38 +0000] "GET / HTTP/1.1" 200 115835 "-" "Mozilla/5.0 (compatible; UGAResearchAgent/1.0; Please visit: NISLabUGA.github.io)"
66.135.21.75 - - [18/Dec/2025:05:11:50 +0000] "POST /wp-cron.php?doing_wp_cron=1766034710.5917470455169677734375 HTTP/1.1" 200 31 "-" "WordPress/6.3.1; https://gsudice.dataconn.net"
114.119.140.237 - - [18/Dec/2025:05:11:50 +0000] "GET /?page_id=185 HTTP/1.1" 200 18119 "https://gsudice.dataconn.net/?page_id=122" "Mozilla/5.0 (Linux; Android 7.0;) AppleWebKit/537.36 (KHTML, like Gecko) Mobile Safari/537.36 (compatible; PetalBot;+https://webmaster.petalsearch.com/site/petalbot)"
66.135.21.75 - - [18/Dec/2025:05:43:36 +0000] "POST /wp-cron.php?doing_wp_cron=1766036616.3915910720825195312500 HTTP/1.1" 200 31 "-" "WordPress/6.3.1; https://gsudice.dataconn.net"
57.128.243.0 - - [18/Dec/2025:05:43:36 +0000] "GET /robots.txt HTTP/1.1" 301 5 "-" "Go-http-client/1.1"
57.128.243.0 - - [18/Dec/2025:05:43:38 +0000] "GET / HTTP/1.1" 200 115835 "-" "Mozilla/5.0 (compatible; VertexWP/1.0; +https://vertexwp.com/bot)"
66.135.21.75 - - [18/Dec/2025:06:06:54 +0000] "POST /wp-cron.php?doing_wp_cron=1766038014.5341451168060302734375 HTTP/1.1" 200 31 "-" "WordPress/6.3.1; https://gsudice.dataconn.net"
74.7.228.47 - - [18/Dec/2025:06:06:54 +0000] "GET /robots.txt HTTP/1.1" 301 5 "-" "Mozilla/5.0 (Macintosh; Intel Mac OS X 10_15_7) AppleWebKit/537.36 (KHTML, like Gecko) Chrome/131.0.0.0 Safari/537.36; compatible; OAI-SearchBot/1.3; robots.txt; +https://openai.com/searchbot"
74.7.228.47 - - [18/Dec/2025:06:06:54 +0000] "GET /robots.txt/ HTTP/1.1" 200 115835 "https://gsudice.dataconn.net/robots.txt" "Mozilla/5.0 (Macintosh; Intel Mac OS X 10_15_7) AppleWebKit/537.36 (KHTML, like Gecko) Chrome/131.0.0.0 Safari/537.36; compatible; OAI-SearchBot/1.3; robots.txt; +https://openai.com/searchbot"
66.135.21.75 - - [18/Dec/2025:06:24:32 +0000] "POST /wp-cron.php?doing_wp_cron=1766039072.4166960716247558593750 HTTP/1.1" 200 31 "-" "WordPress/6.3.1; https://gsudice.dataconn.net"
185.180.140.127 - - [18/Dec/2025:06:24:32 +0000] "GET / HTTP/1.1" 200 115835 "http://gsudice.dataconn.net/" "Mozilla/5.0 (Windows NT 10.0; Win64; x64) AppleWebKit/537.36 (KHTML, like Gecko) Chrome/60.0.3112.113 Safari/537.36"
52.154.22.60 - - [18/Dec/2025:06:54:02 +0000] "GET / HTTP/1.1" 200 115835 "-" "Mozilla/5.0 AppleWebKit/537.36 (KHTML, like Gecko); compatible; ChatGPT-User/1.0; +https://openai.com/bot"
66.135.21.75 - - [18/Dec/2025:06:54:03 +0000] "POST /wp-cron.php?doing_wp_cron=1766040842.8082590103149414062500 HTTP/1.1" 200 31 "-" "WordPress/6.3.1; https://gsudice.dataconn.net"
52.154.22.48 - - [18/Dec/2025:06:54:03 +0000] "GET /?page_id=122 HTTP/1.1" 200 19523 "-" "Mozilla/5.0 AppleWebKit/537.36 (KHTML, like Gecko); compatible; ChatGPT-User/1.0; +https://openai.com/bot"
66.135.21.75 - - [18/Dec/2025:06:54:03 +0000] "POST /wp-cron.php?doing_wp_cron=1766040842.8105549812316894531250 HTTP/1.1" 200 31 "-" "WordPress/6.3.1; https://gsudice.dataconn.net"
52.154.22.51 - - [18/Dec/2025:06:54:03 +0000] "GET /?page_id=185 HTTP/1.1" 200 18119 "-" "Mozilla/5.0 AppleWebKit/537.36 (KHTML, like Gecko); compatible; ChatGPT-User/1.0; +https://openai.com/bot"
66.135.21.75 - - [18/Dec/2025:06:54:26 +0000] "POST /wp-cron.php?doing_wp_cron=1766040866.6345388889312744140625 HTTP/1.1" 200 31 "-" "WordPress/6.3.1; https://gsudice.dataconn.net"
74.7.228.47 - - [18/Dec/2025:06:54:26 +0000] "GET /robots.txt HTTP/1.1" 301 5 "-" "Mozilla/5.0 (Macintosh; Intel Mac OS X 10_15_7) AppleWebKit/537.36 (KHTML, like Gecko) Chrome/131.0.0.0 Safari/537.36; compatible; OAI-SearchBot/1.3; robots.txt; +https://openai.com/searchbot"
74.7.228.47 - - [18/Dec/2025:06:54:26 +0000] "GET /robots.txt/ HTTP/1.1" 200 115835 "https://gsudice.dataconn.net/robots.txt" "Mozilla/5.0 (Macintosh; Intel Mac OS X 10_15_7) AppleWebKit/537.36 (KHTML, like Gecko) Chrome/131.0.0.0 Safari/537.36; compatible; OAI-SearchBot/1.3; robots.txt; +https://openai.com/searchbot"
74.7.242.135 - - [18/Dec/2025:06:54:27 +0000] "GET / HTTP/1.1" 200 115835 "-" "Mozilla/5.0 (Macintosh; Intel Mac OS X 10_15_7) AppleWebKit/537.36 (KHTML, like Gecko) Chrome/131.0.0.0 Safari/537.36; compatible; OAI-SearchBot/1.3; +https://openai.com/searchbot"
74.7.228.160 - - [18/Dec/2025:06:54:30 +0000] "GET /?page_id=122 HTTP/1.1" 200 19523 "-" "Mozilla/5.0 (Macintosh; Intel Mac OS X 10_15_7) AppleWebKit/537.36 (KHTML, like Gecko) Chrome/131.0.0.0 Safari/537.36; compatible; OAI-SearchBot/1.3; +https://openai.com/searchbot"
74.7.242.135 - - [18/Dec/2025:06:54:33 +0000] "GET /?page_id=185 HTTP/1.1" 200 18119 "-" "Mozilla/5.0 (Macintosh; Intel Mac OS X 10_15_7) AppleWebKit/537.36 (KHTML, like Gecko) Chrome/131.0.0.0 Safari/537.36; compatible; OAI-SearchBot/1.3; +https://openai.com/searchbot"
66.135.21.75 - - [18/Dec/2025:06:55:00 +0000] "POST /wp-cron.php?doing_wp_cron=1766040900.6557741165161132812500 HTTP/1.1" 200 31 "-" "WordPress/6.3.1; https://gsudice.dataconn.net"
114.119.155.145 - - [18/Dec/2025:06:55:00 +0000] "GET /wp-sitemap.xml/ HTTP/1.1" 200 115835 "https://gsudice.dataconn.net/wp-sitemap.xml/" "Mozilla/5.0 (Linux; Android 7.0;) AppleWebKit/537.36 (KHTML, like Gecko) Mobile Safari/537.36 (compatible; PetalBot;+https://webmaster.petalsearch.com/site/petalbot)"
66.135.21.75 - - [18/Dec/2025:07:49:24 +0000] "POST /wp-cron.php?doing_wp_cron=1766044164.1080980300903320312500 HTTP/1.1" 200 31 "-" "WordPress/6.3.1; https://gsudice.dataconn.net"
74.7.228.47 - - [18/Dec/2025:07:49:24 +0000] "GET /robots.txt HTTP/1.1" 301 5 "-" "Mozilla/5.0 (Macintosh; Intel Mac OS X 10_15_7) AppleWebKit/537.36 (KHTML, like Gecko) Chrome/131.0.0.0 Safari/537.36; compatible; OAI-SearchBot/1.3; robots.txt; +https://openai.com/searchbot"
74.7.228.47 - - [18/Dec/2025:07:49:25 +0000] "GET /robots.txt/ HTTP/1.1" 200 115835 "https://gsudice.dataconn.net/robots.txt" "Mozilla/5.0 (Macintosh; Intel Mac OS X 10_15_7) AppleWebKit/537.36 (KHTML, like Gecko) Chrome/131.0.0.0 Safari/537.36; compatible; OAI-SearchBot/1.3; robots.txt; +https://openai.com/searchbot"
66.135.21.75 - - [18/Dec/2025:07:54:57 +0000] "POST /wp-cron.php?doing_wp_cron=1766044497.8622949123382568359375 HTTP/1.1" 200 31 "-" "WordPress/6.3.1; https://gsudice.dataconn.net"
52.167.144.59 - - [18/Dec/2025:07:54:57 +0000] "GET /robots.txt HTTP/1.1" 301 5 "-" "Mozilla/5.0 AppleWebKit/537.36 (KHTML, like Gecko; compatible; bingbot/2.0; +http://www.bing.com/bingbot.htm) Chrome/116.0.1938.76 Safari/537.36"
52.167.144.59 - - [18/Dec/2025:07:54:58 +0000] "GET /robots.txt/ HTTP/1.1" 200 115835 "-" "Mozilla/5.0 AppleWebKit/537.36 (KHTML, like Gecko; compatible; bingbot/2.0; +http://www.bing.com/bingbot.htm) Chrome/116.0.1938.76 Safari/537.36"
66.135.21.75 - - [18/Dec/2025:07:55:05 +0000] "POST /wp-cron.php?doing_wp_cron=1766044505.8988120555877685546875 HTTP/1.1" 200 31 "-" "WordPress/6.3.1; https://gsudice.dataconn.net"
40.77.167.23 - - [18/Dec/2025:07:55:06 +0000] "GET /?page_id=182 HTTP/1.1" 200 45375 "-" "Mozilla/5.0 AppleWebKit/537.36 (KHTML, like Gecko; compatible; bingbot/2.0; +http://www.bing.com/bingbot.htm) Chrome/116.0.1938.76 Safari/537.36"
66.135.21.75 - - [18/Dec/2025:07:56:19 +0000] "POST /wp-cron.php?doing_wp_cron=1766044579.8448090553283691406250 HTTP/1.1" 200 31 "-" "WordPress/6.3.1; https://gsudice.dataconn.net"
158.173.154.134 - - [18/Dec/2025:07:56:19 +0000] "GET /wp-login.php HTTP/1.1" 200 2168 "-" "Mozilla/5.0 (Windows NT 10.0; Win64; x64) AppleWebKit/537.36 (KHTML, like Gecko) Chrome/91.0.4472.124 Safari/537.36"
158.173.154.134 - - [18/Dec/2025:07:56:20 +0000] "POST /xmlrpc.php HTTP/1.1" 200 223 "-" "curl/7.30.0"
158.173.154.134 - - [18/Dec/2025:07:56:20 +0000] "GET /?author=1 HTTP/1.1" 200 20939 "-" "Mozilla/5.0 (Windows NT 10.0; Win64; x64) AppleWebKit/537.36 (KHTML, like Gecko) Chrome/91.0.4472.124 Safari/537.36"
158.173.154.134 - - [18/Dec/2025:07:56:21 +0000] "GET /?author=2 HTTP/1.1" 200 20903 "-" "Mozilla/5.0 (Windows NT 10.0; Win64; x64) AppleWebKit/537.36 (KHTML, like Gecko) Chrome/91.0.4472.124 Safari/537.36"
158.173.154.134 - - [18/Dec/2025:07:56:22 +0000] "GET /?author=3 HTTP/1.1" 200 20973 "-" "Mozilla/5.0 (Windows NT 10.0; Win64; x64) AppleWebKit/537.36 (KHTML, like Gecko) Chrome/91.0.4472.124 Safari/537.36"
