57.141.0.23 - - [18/Dec/2025:01:30:50 +0000] "GET /2025/03/07/page/6/?path=//sys/class/pci_bus/0000:06/subsystem/0000:05/subsystem/0000:06/device/driver/0000:00:03.0/pci_bus/0000:0a HTTP/1.1" 200 262216 "-" "meta-externalagent/1.1 (+https://developers.facebook.com/docs/sharing/webmasters/crawler)"
66.249.77.99 - - [18/Dec/2025:01:30:51 +0000] "GET /?fileloc=//sys/class/sound/card0/device/subsystem/devices/0000:00:02.2/driver/0000:00:03.4/driver/0000:00:02.6/driver/0000:00:03.0/subsystem/devices/0000:00:03.4/driver/0000:00:03.7/driver/0000:00:04.1/driver/0000:00:03.0/enable&path=//sys/class/sound/card0/device/subsystem/devices/0000:00:02.2/driver/0000:00:03.4/driver/0000:00:02.6/driver/0000:00:03.0/subsystem/devices/0000:00:03.4/driver/0000:00:03.7/driver/0000:00:04.1/driver/0000:00:03.0 HTTP/1.1" 200 45438 "-" "Mozilla/5.0 (Linux; Android 6.0.1; Nexus 5X Build/MMB29P) AppleWebKit/537.36 (KHTML, like Gecko) Chrome/141.0.7390.122 Mobile Safari/537.36 (compatible; Googlebot/2.1; +http://www.google.com/bot.html)"
66.135.21.75 - - [18/Dec/2025:01:30:51 +0000] "POST /wp-cron.php?doing_wp_cron=1766021450.6913290023803710937500 HTTP/1.1" 200 31 "-" "WordPress/6.3.1; https://datainsightnow.com"
66.135.21.75 - - [18/Dec/2025:01:30:51 +0000] "POST /wp-cron.php?doing_wp_cron=1766021450.6897790431976318359375 HTTP/1.1" 200 31 "-" "WordPress/6.3.1; https://datainsightnow.com"
217.182.195.140 - - [18/Dec/2025:01:30:51 +0000] "GET /?p=33773 HTTP/1.1" 200 42058 "-" "Mozilla/5.0 (compatible; MJ12bot/v1.4.8; http://mj12bot.com/)"
57.141.0.32 - - [18/Dec/2025:01:30:51 +0000] "GET /2025/03/06/page/39/?fileloc=//sys/class/pci_bus/0000:02/device/driver/0000:00:03.0/driver/0000:00:03.0/0000:00:03.0:pcie001/driver/0000:00:02.2:pcie001/driver/unbind&path=//sys/class/pci_bus/0000:02/device/driver/0000:00:03.0/driver/0000:00:03.0/0000:00:03.0:pcie001/driver/0000:00:02.2:pcie001/driver HTTP/1.1" 200 262215 "-" "meta-externalagent/1.1 (+https://developers.facebook.com/docs/sharing/webmasters/crawler)"
57.141.0.28 - - [18/Dec/2025:01:30:52 +0000] "GET /karamba-spielsaal-erfahrungen-angeschlossen-testbericht-werfen-sie-einen-blick-auf-den-link-within-2025-pro-teutonia/?path=//sys/class/pci_bus/0000:01/subsystem/0000:06/device/driver/0000:00:04.0/0000:00:04.0:pcie010/subsystem/devices/0000:00:02.1:pcie002 HTTP/1.1" 200 262215 "-" "meta-externalagent/1.1 (+https://developers.facebook.com/docs/sharing/webmasters/crawler)"
216.73.216.56 - - [18/Dec/2025:01:30:52 +0000] "GET /?p=17255 HTTP/1.1" 200 43339 "-" "Mozilla/5.0 AppleWebKit/537.36 (KHTML, like Gecko; compatible; ClaudeBot/1.0; +claudebot@anthropic.com)"
51.195.215.246 - - [18/Dec/2025:01:30:53 +0000] "GET /?p=27901 HTTP/1.1" 200 41197 "-" "Mozilla/5.0 (compatible; AhrefsBot/7.0; +http://ahrefs.com/robot/)"
57.141.0.50 - - [18/Dec/2025:01:30:54 +0000] "GET /karamba-spielsaal-erfahrungen-angeschlossen-testbericht-werfen-sie-einen-blick-auf-den-link-within-2025-pro-teutonia/?fileloc=//sys/class/pci_bus/0000:08/subsystem/0000:05/device/driver/0000:00:02.1/driver/0000:00:02.2/subordinate_bus_number&path=//sys/class/pci_bus/0000:08/subsystem/0000:05/device/driver/0000:00:02.1/driver/0000:00:02.2 HTTP/1.1" 200 262248 "-" "meta-externalagent/1.1 (+https://developers.facebook.com/docs/sharing/webmasters/crawler)"
57.141.0.13 - - [18/Dec/2025:01:30:54 +0000] "GET /2025/03/06/page/39/?fileloc=//sys/class/pci_bus/0000:02/device/driver/0000:00:02.2/driver/0000:00:02.2/0000:04:00.0/d3cold_allowed&path=//sys/class/pci_bus/0000:02/device/driver/0000:00:02.2/driver/0000:00:02.2/0000:04:00.0 HTTP/1.1" 200 262248 "-" "meta-externalagent/1.1 (+https://developers.facebook.com/docs/sharing/webmasters/crawler)"
216.73.216.56 - - [18/Dec/2025:01:30:55 +0000] "GET /?p=41171 HTTP/1.1" 200 43684 "-" "Mozilla/5.0 AppleWebKit/537.36 (KHTML, like Gecko; compatible; ClaudeBot/1.0; +claudebot@anthropic.com)"
217.182.195.140 - - [18/Dec/2025:01:30:55 +0000] "GET /?p=33777 HTTP/1.1" 200 43117 "-" "Mozilla/5.0 (compatible; MJ12bot/v1.4.8; http://mj12bot.com/)"
216.73.216.56 - - [18/Dec/2025:01:30:58 +0000] "GET /?p=45123 HTTP/1.1" 200 43532 "-" "Mozilla/5.0 AppleWebKit/537.36 (KHTML, like Gecko; compatible; ClaudeBot/1.0; +claudebot@anthropic.com)"
57.141.0.75 - - [18/Dec/2025:01:31:00 +0000] "GET /karamba-spielsaal-erfahrungen-angeschlossen-testbericht-werfen-sie-einen-blick-auf-den-link-within-2025-pro-teutonia/?fileloc=//sys/class/pci_bus/0000:00/subsystem/0000:05/subsystem/0000:04/device/aer_rootport_total_err_cor&path=//sys/class/pci_bus/0000:00/subsystem/0000:05/subsystem/0000:04/device HTTP/1.1" 200 262209 "-" "meta-externalagent/1.1 (+https://developers.facebook.com/docs/sharing/webmasters/crawler)"
217.182.195.140 - - [18/Dec/2025:01:31:00 +0000] "GET /?p=33779 HTTP/1.1" 200 41559 "-" "Mozilla/5.0 (compatible; MJ12bot/v1.4.8; http://mj12bot.com/)"
57.141.0.42 - - [18/Dec/2025:01:31:00 +0000] "GET /2025/03/07/page/6/?path=//sys/class/pci_bus/0000:05/subsystem/0000:0b/subsystem/0000:0d/device/subsystem/devices/0000:00:02.7/driver/0000:00:02.4/0000:00:02.4:pcie001 HTTP/1.1" 200 262209 "-" "meta-externalagent/1.1 (+https://developers.facebook.com/docs/sharing/webmasters/crawler)"
57.141.0.44 - - [18/Dec/2025:01:31:00 +0000] "GET /2025/03/13/?fileloc=//sys/class/pci_bus/0000:0c/subsystem/0000:06/subsystem/0000:0d/subsystem/0000:0d/cpuaffinity&path=//sys/class/pci_bus/0000:0c/subsystem/0000:06/subsystem/0000:0d/subsystem/0000:0d HTTP/1.1" 200 262209 "-" "meta-externalagent/1.1 (+https://developers.facebook.com/docs/sharing/webmasters/crawler)"
66.249.77.99 - - [18/Dec/2025:01:31:01 +0000] "GET /?fileloc=//sys/class/sound/card0/device/subsystem/devices/0000:00:02.2/subsystem/devices/0000:00:03.4/driver/0000:00:04.0/driver/0000:00:02.2/driver/0000:00:02.6/subsystem/devices/0000:00:1f.2/firmware_node/wakeup/wakeup22/last_change_ms&path=//sys/class/sound/card0/device/subsystem/devices/0000:00:02.2/subsystem/devices/0000:00:03.4/driver/0000:00:04.0/driver/0000:00:02.2/driver/0000:00:02.6/subsystem/devices/0000:00:1f.2/firmware_node/wakeup/wakeup22 HTTP/1.1" 200 45438 "-" "Mozilla/5.0 (Linux; Android 6.0.1; Nexus 5X Build/MMB29P) AppleWebKit/537.36 (KHTML, like Gecko) Chrome/141.0.7390.122 Mobile Safari/537.36 (compatible; Googlebot/2.1; +http://www.google.com/bot.html)"
216.73.216.56 - - [18/Dec/2025:01:31:01 +0000] "GET /?p=31779 HTTP/1.1" 200 43127 "-" "Mozilla/5.0 AppleWebKit/537.36 (KHTML, like Gecko; compatible; ClaudeBot/1.0; +claudebot@anthropic.com)"
57.141.0.74 - - [18/Dec/2025:01:31:02 +0000] "GET /2025/03/06/page/39/?fileloc=//sys/class/pci_bus/0000:01/subsystem/0000:09/device/driver/0000:00:03.2/driver/0000:00:02.1/driver_override&path=//sys/class/pci_bus/0000:01/subsystem/0000:09/device/driver/0000:00:03.2/driver/0000:00:02.1 HTTP/1.1" 200 262264 "-" "meta-externalagent/1.1 (+https://developers.facebook.com/docs/sharing/webmasters/crawler)"
217.182.195.140 - - [18/Dec/2025:01:31:04 +0000] "GET /?p=33783 HTTP/1.1" 200 43636 "-" "Mozilla/5.0 (compatible; MJ12bot/v1.4.8; http://mj12bot.com/)"
216.73.216.56 - - [18/Dec/2025:01:31:04 +0000] "GET /?p=35945 HTTP/1.1" 200 43208 "-" "Mozilla/5.0 AppleWebKit/537.36 (KHTML, like Gecko; compatible; ClaudeBot/1.0; +claudebot@anthropic.com)"
57.141.0.42 - - [18/Dec/2025:01:31:06 +0000] "GET /2025/03/07/page/6/?path=//sys/class/pci_bus/0000:0c/device/driver/0000:00:02.1/driver/0000:00:02.2/subsystem/slots/0-17 HTTP/1.1" 200 262209 "-" "meta-externalagent/1.1 (+https://developers.facebook.com/docs/sharing/webmasters/crawler)"
57.141.0.59 - - [18/Dec/2025:01:31:07 +0000] "GET /2025/03/07/page/6/?fileloc=//sys/class/pci_bus/0000:0f/subsystem/0000:05/subsystem/0000:08/subsystem/0000:00/device/0000:00:03.1/current_link_speed&path=//sys/class/pci_bus/0000:0f/subsystem/0000:05/subsystem/0000:08/subsystem/0000:00/device/0000:00:03.1 HTTP/1.1" 200 262215 "-" "meta-externalagent/1.1 (+https://developers.facebook.com/docs/sharing/webmasters/crawler)"
216.73.216.56 - - [18/Dec/2025:01:31:07 +0000] "GET /?p=34957 HTTP/1.1" 200 42708 "-" "Mozilla/5.0 AppleWebKit/537.36 (KHTML, like Gecko; compatible; ClaudeBot/1.0; +claudebot@anthropic.com)"
57.141.0.22 - - [18/Dec/2025:01:31:08 +0000] "GET /karamba-spielsaal-erfahrungen-angeschlossen-testbericht-werfen-sie-einen-blick-auf-den-link-within-2025-pro-teutonia/?fileloc=//sys/class/pci_bus/0000:0b/subsystem/0000:01/subsystem/0000:12/device/driver/0000:00:03.5/driver/0000:00:02.7/aer_dev_correctable&path=//sys/class/pci_bus/0000:0b/subsystem/0000:01/subsystem/0000:12/device/driver/0000:00:03.5/driver/0000:00:02.7 HTTP/1.1" 200 262216 "-" "meta-externalagent/1.1 (+https://developers.facebook.com/docs/sharing/webmasters/crawler)"
217.182.195.140 - - [18/Dec/2025:01:31:08 +0000] "GET /?p=33869 HTTP/1.1" 200 44527 "-" "Mozilla/5.0 (compatible; MJ12bot/v1.4.8; http://mj12bot.com/)"
57.141.0.77 - - [18/Dec/2025:01:31:08 +0000] "GET /2025/03/07/page/6/?fileloc=//sys/class/pci_bus/0000:0b/subsystem/0000:06/subsystem/0000:09/subsystem/0000:01/device/subsystem/devices/0000:00:02.4/enable&path=//sys/class/pci_bus/0000:0b/subsystem/0000:06/subsystem/0000:09/subsystem/0000:01/device/subsystem/devices/0000:00:02.4 HTTP/1.1" 200 262264 "-" "meta-externalagent/1.1 (+https://developers.facebook.com/docs/sharing/webmasters/crawler)"
57.141.0.12 - - [18/Dec/2025:01:31:09 +0000] "GET /karamba-spielsaal-erfahrungen-angeschlossen-testbericht-werfen-sie-einen-blick-auf-den-link-within-2025-pro-teutonia/?path=//sys/class/pci_bus/0000:06/subsystem/0000:09/subsystem/0000:04/subsystem/0000:04/subsystem/0000:0b/device/driver/0000:00:03.3 HTTP/1.1" 200 262264 "-" "meta-externalagent/1.1 (+https://developers.facebook.com/docs/sharing/webmasters/crawler)"
66.249.77.98 - - [18/Dec/2025:01:31:09 +0000] "GET /?fileloc=//sys/class/sound/card0/device/subsystem/devices/0000:00:02.2/driver/0000:00:03.4/driver/0000:00:02.6/driver/0000:00:03.0/subsystem/devices/0000:00:03.4/driver/0000:00:03.7/driver/0000:00:04.1/driver/0000:00:03.4/driver_override&path=//sys/class/sound/card0/device/subsystem/devices/0000:00:02.2/driver/0000:00:03.4/driver/0000:00:02.6/driver/0000:00:03.0/subsystem/devices/0000:00:03.4/driver/0000:00:03.7/driver/0000:00:04.1/driver/0000:00:03.4 HTTP/1.1" 200 45438 "-" "Mozilla/5.0 (Linux; Android 6.0.1; Nexus 5X Build/MMB29P) AppleWebKit/537.36 (KHTML, like Gecko) Chrome/141.0.7390.122 Mobile Safari/537.36 (compatible; Googlebot/2.1; +http://www.google.com/bot.html)"
216.73.216.56 - - [18/Dec/2025:01:31:10 +0000] "GET /?p=13554 HTTP/1.1" 200 41088 "-" "Mozilla/5.0 AppleWebKit/537.36 (KHTML, like Gecko; compatible; ClaudeBot/1.0; +claudebot@anthropic.com)"
217.182.195.140 - - [18/Dec/2025:01:31:12 +0000] "GET /?p=33887 HTTP/1.1" 200 41884 "-" "Mozilla/5.0 (compatible; MJ12bot/v1.4.8; http://mj12bot.com/)"
216.73.216.56 - - [18/Dec/2025:01:31:13 +0000] "GET /?p=36427 HTTP/1.1" 200 42218 "-" "Mozilla/5.0 AppleWebKit/537.36 (KHTML, like Gecko; compatible; ClaudeBot/1.0; +claudebot@anthropic.com)"
217.182.195.140 - - [18/Dec/2025:01:31:16 +0000] "GET /?p=34237 HTTP/1.1" 200 43106 "-" "Mozilla/5.0 (compatible; MJ12bot/v1.4.8; http://mj12bot.com/)"
216.73.216.56 - - [18/Dec/2025:01:31:16 +0000] "GET /?p=11836 HTTP/1.1" 200 43334 "-" "Mozilla/5.0 AppleWebKit/537.36 (KHTML, like Gecko; compatible; ClaudeBot/1.0; +claudebot@anthropic.com)"
185.191.171.6 - - [18/Dec/2025:01:31:18 +0000] "GET /?p=45876 HTTP/1.1" 200 42692 "-" "Mozilla/5.0 (compatible; SemrushBot/7~bl; +http://www.semrush.com/bot.html)"
216.73.216.56 - - [18/Dec/2025:01:31:19 +0000] "GET /index.php?rest_route=%2Fwp%2Fv2%2Fposts%2F11364 HTTP/1.1" 200 4975 "-" "Mozilla/5.0 AppleWebKit/537.36 (KHTML, like Gecko; compatible; ClaudeBot/1.0; +claudebot@anthropic.com)"
217.182.195.140 - - [18/Dec/2025:01:31:19 +0000] "GET /?p=37155 HTTP/1.1" 200 49804 "-" "Mozilla/5.0 (compatible; MJ12bot/v1.4.8; http://mj12bot.com/)"
57.141.0.51 - - [18/Dec/2025:01:31:21 +0000] "GET /2025/03/07/page/6/?fileloc=//sys/class/pci_bus/0000:05/subsystem/0000:02/subsystem/0000:0b/subsystem/0000:01/device/0000:00:02.0:pcie002/power/async&path=//sys/class/pci_bus/0000:05/subsystem/0000:02/subsystem/0000:0b/subsystem/0000:01/device/0000:00:02.0:pcie002/power HTTP/1.1" 200 262264 "-" "meta-externalagent/1.1 (+https://developers.facebook.com/docs/sharing/webmasters/crawler)"
57.141.0.50 - - [18/Dec/2025:01:31:21 +0000] "GET /2025/03/07/page/6/?path=//sys/class/pci_bus/0000:0e/subsystem/0000:0c/device/driver/0000:00:02.1/driver/0000:00:02.7/msi_irqs HTTP/1.1" 200 262217 "-" "meta-externalagent/1.1 (+https://developers.facebook.com/docs/sharing/webmasters/crawler)"
57.141.0.40 - - [18/Dec/2025:01:31:22 +0000] "GET /2025/03/07/page/6/?path=//sys/class/pci_bus/0000:05/subsystem/0000:11/subsystem/0000:0b/device/driver/0000:00:02.1/0000:00:02.1:pcie001/driver/0000:00:03.2:pcie001 HTTP/1.1" 200 262209 "-" "meta-externalagent/1.1 (+https://developers.facebook.com/docs/sharing/webmasters/crawler)"
216.73.216.56 - - [18/Dec/2025:01:31:22 +0000] "GET /?p=32707 HTTP/1.1" 200 43265 "-" "Mozilla/5.0 AppleWebKit/537.36 (KHTML, like Gecko; compatible; ClaudeBot/1.0; +claudebot@anthropic.com)"
57.141.0.26 - - [18/Dec/2025:01:31:23 +0000] "GET /moneysense-self-help-guide-to-the-ideal-profile/?fileloc=//sys/class/pci_bus/0000:05/subsystem/0000:0f/subsystem/0000:00/device/0000:00:04.0/0000:00:04.0:pcie001/uevent&path=//sys/class/pci_bus/0000:05/subsystem/0000:0f/subsystem/0000:00/device/0000:00:04.0/0000:00:04.0:pcie001 HTTP/1.1" 200 262248 "-" "meta-externalagent/1.1 (+https://developers.facebook.com/docs/sharing/webmasters/crawler)"
217.182.195.140 - - [18/Dec/2025:01:31:24 +0000] "GET /?p=37163 HTTP/1.1" 200 43515 "-" "Mozilla/5.0 (compatible; MJ12bot/v1.4.8; http://mj12bot.com/)"
66.249.77.98 - - [18/Dec/2025:01:31:24 +0000] "GET /?path=//sys/class/sound/card0/device/subsystem/devices/0000:00:02.2/subsystem/devices/0000:00:03.4/driver/0000:00:04.0/driver/0000:00:02.0/driver/0000:00:03.2/subsystem/slots/29 HTTP/1.1" 200 45438 "-" "Mozilla/5.0 (Linux; Android 6.0.1; Nexus 5X Build/MMB29P) AppleWebKit/537.36 (KHTML, like Gecko) Chrome/141.0.7390.122 Mobile Safari/537.36 (compatible; Googlebot/2.1; +http://www.google.com/bot.html)"
216.73.216.56 - - [18/Dec/2025:01:31:25 +0000] "GET /?p=41703 HTTP/1.1" 200 42860 "-" "Mozilla/5.0 AppleWebKit/537.36 (KHTML, like Gecko; compatible; ClaudeBot/1.0; +claudebot@anthropic.com)"
57.141.0.74 - - [18/Dec/2025:01:31:26 +0000] "GET /2025/03/06/page/39/?fileloc=//sys/class/pci_bus/0000:0c/subsystem/0000:04/subsystem/0000:02/subsystem/0000:03/device/modalias&path=//sys/class/pci_bus/0000:0c/subsystem/0000:04/subsystem/0000:02/subsystem/0000:03/device HTTP/1.1" 200 262255 "-" "meta-externalagent/1.1 (+https://developers.facebook.com/docs/sharing/webmasters/crawler)"
217.182.195.140 - - [18/Dec/2025:01:31:27 +0000] "GET /?p=37167 HTTP/1.1" 200 42127 "-" "Mozilla/5.0 (compatible; MJ12bot/v1.4.8; http://mj12bot.com/)"
216.73.216.56 - - [18/Dec/2025:01:31:28 +0000] "GET /?p=41701 HTTP/1.1" 200 43071 "-" "Mozilla/5.0 AppleWebKit/537.36 (KHTML, like Gecko; compatible; ClaudeBot/1.0; +claudebot@anthropic.com)"
57.141.0.54 - - [18/Dec/2025:01:31:29 +0000] "GET /2025/03/07/page/6/?path=//sys/class/pci_bus/0000:02/subsystem/0000:06/subsystem/0000:0d/subsystem/0000:0f/device/driver HTTP/1.1" 200 262215 "-" "meta-externalagent/1.1 (+https://developers.facebook.com/docs/sharing/webmasters/crawler)"
216.73.216.56 - - [18/Dec/2025:01:31:31 +0000] "GET /?p=21503 HTTP/1.1" 200 42153 "-" "Mozilla/5.0 AppleWebKit/537.36 (KHTML, like Gecko; compatible; ClaudeBot/1.0; +claudebot@anthropic.com)"
217.182.195.140 - - [18/Dec/2025:01:31:31 +0000] "GET /?p=37200 HTTP/1.1" 200 42532 "-" "Mozilla/5.0 (compatible; MJ12bot/v1.4.8; http://mj12bot.com/)"
216.73.216.56 - - [18/Dec/2025:01:31:34 +0000] "GET /?p=37194 HTTP/1.1" 200 42440 "-" "Mozilla/5.0 AppleWebKit/537.36 (KHTML, like Gecko; compatible; ClaudeBot/1.0; +claudebot@anthropic.com)"
216.244.66.243 - - [18/Dec/2025:01:31:35 +0000] "GET /?paged=1706&cat=1 HTTP/1.1" 200 171383 "-" "Mozilla/5.0 (compatible; DotBot/1.2; +https://opensiteexplorer.org/dotbot; help@moz.com)"
217.182.195.140 - - [18/Dec/2025:01:31:35 +0000] "GET /?p=37206 HTTP/1.1" 200 41904 "-" "Mozilla/5.0 (compatible; MJ12bot/v1.4.8; http://mj12bot.com/)"
57.141.0.58 - - [18/Dec/2025:01:31:36 +0000] "GET /2025/03/06/page/39/?path=//sys/class/pci_bus/0000:01/subsystem/0000:01/device/0000:00:02.0:pcie001/driver/0000:00:02.1:pcie001/driver/0000:00:03.2:pcie001/driver/0000:00:02.2:pcie001 HTTP/1.1" 200 262264 "-" "meta-externalagent/1.1 (+https://developers.facebook.com/docs/sharing/webmasters/crawler)"
216.73.216.56 - - [18/Dec/2025:01:31:37 +0000] "GET /?p=32487 HTTP/1.1" 200 41593 "-" "Mozilla/5.0 AppleWebKit/537.36 (KHTML, like Gecko; compatible; ClaudeBot/1.0; +claudebot@anthropic.com)"
57.141.0.14 - - [18/Dec/2025:01:31:38 +0000] "GET /karamba-spielsaal-erfahrungen-angeschlossen-testbericht-werfen-sie-einen-blick-auf-den-link-within-2025-pro-teutonia/?fileloc=//sys/class/pci_bus/0000:0b/subsystem/0000:04/subsystem/0000:06/subsystem/0000:05/device/resource&path=//sys/class/pci_bus/0000:0b/subsystem/0000:04/subsystem/0000:06/subsystem/0000:05/device HTTP/1.1" 200 262264 "-" "meta-externalagent/1.1 (+https://developers.facebook.com/docs/sharing/webmasters/crawler)"
217.182.195.140 - - [18/Dec/2025:01:31:39 +0000] "GET /?p=37208 HTTP/1.1" 200 42677 "-" "Mozilla/5.0 (compatible; MJ12bot/v1.4.8; http://mj12bot.com/)"
216.73.216.56 - - [18/Dec/2025:01:31:40 +0000] "GET /?p=16088 HTTP/1.1" 200 44024 "-" "Mozilla/5.0 AppleWebKit/537.36 (KHTML, like Gecko; compatible; ClaudeBot/1.0; +claudebot@anthropic.com)"
57.141.0.60 - - [18/Dec/2025:01:31:41 +0000] "GET /nacin-kako-uporabljate-globe-wagering-najboljsa-knjiga/?path=//sys/class/tty/tty37/subsystem/ttyS21/subsystem/tty57 HTTP/1.1" 200 262264 "-" "meta-externalagent/1.1 (+https://developers.facebook.com/docs/sharing/webmasters/crawler)"
52.167.144.16 - - [18/Dec/2025:01:31:42 +0000] "GET /?374070339?entity=0372626310 HTTP/1.1" 200 32037 "-" "Mozilla/5.0 AppleWebKit/537.36 (KHTML, like Gecko; compatible; bingbot/2.0; +http://www.bing.com/bingbot.htm) Chrome/116.0.1938.76 Safari/537.36"
217.182.195.140 - - [18/Dec/2025:01:31:43 +0000] "GET /?p=37226 HTTP/1.1" 200 43755 "-" "Mozilla/5.0 (compatible; MJ12bot/v1.4.8; http://mj12bot.com/)"
216.73.216.56 - - [18/Dec/2025:01:31:43 +0000] "GET /?p=16356 HTTP/1.1" 200 44585 "-" "Mozilla/5.0 AppleWebKit/537.36 (KHTML, like Gecko; compatible; ClaudeBot/1.0; +claudebot@anthropic.com)"
57.141.0.50 - - [18/Dec/2025:01:31:45 +0000] "GET /2025/03/07/page/6/?fileloc=//sys/class/pci_bus/0000:08/subsystem/0000:04/subsystem/0000:06/subsystem/0000:00/subsystem/0000:0e/device/max_link_speed&path=//sys/class/pci_bus/0000:08/subsystem/0000:04/subsystem/0000:06/subsystem/0000:00/subsystem/0000:0e/device HTTP/1.1" 200 262215 "-" "meta-externalagent/1.1 (+https://developers.facebook.com/docs/sharing/webmasters/crawler)"
57.141.0.78 - - [18/Dec/2025:01:31:45 +0000] "GET /2025/03/07/page/6/?fileloc=//sys/class/pci_bus/0000:0d/subsystem/0000:0e/subsystem/0000:11/device/driver/0000:00:02.3/driver/0000:00:02.4/0000:06:00.0/numa_node&path=//sys/class/pci_bus/0000:0d/subsystem/0000:0e/subsystem/0000:11/device/driver/0000:00:02.3/driver/0000:00:02.4/0000:06:00.0 HTTP/1.1" 200 262264 "-" "meta-externalagent/1.1 (+https://developers.facebook.com/docs/sharing/webmasters/crawler)"
216.73.216.56 - - [18/Dec/2025:01:31:46 +0000] "GET /?p=31373 HTTP/1.1" 200 41504 "-" "Mozilla/5.0 AppleWebKit/537.36 (KHTML, like Gecko; compatible; ClaudeBot/1.0; +claudebot@anthropic.com)"
217.182.195.140 - - [18/Dec/2025:01:31:47 +0000] "GET /?p=37228 HTTP/1.1" 200 42701 "-" "Mozilla/5.0 (compatible; MJ12bot/v1.4.8; http://mj12bot.com/)"
57.141.0.75 - - [18/Dec/2025:01:31:49 +0000] "GET /karamba-spielsaal-erfahrungen-angeschlossen-testbericht-werfen-sie-einen-blick-auf-den-link-within-2025-pro-teutonia/?fileloc=//sys/class/pci_bus/0000:02/device/driver/0000:00:03.4/driver/0000:00:02.4/driver/0000:00:03.1/firmware_node/power/control&path=//sys/class/pci_bus/0000:02/device/driver/0000:00:03.4/driver/0000:00:02.4/driver/0000:00:03.1/firmware_node/power HTTP/1.1" 200 262264 "-" "meta-externalagent/1.1 (+https://developers.facebook.com/docs/sharing/webmasters/crawler)"
216.73.216.56 - - [18/Dec/2025:01:31:49 +0000] "GET /?p=16585 HTTP/1.1" 200 43191 "-" "Mozilla/5.0 AppleWebKit/537.36 (KHTML, like Gecko; compatible; ClaudeBot/1.0; +claudebot@anthropic.com)"
66.135.21.75 - - [18/Dec/2025:01:31:50 +0000] "POST /wp-cron.php?doing_wp_cron=1766021510.7069399356842041015625 HTTP/1.1" 200 31 "-" "WordPress/6.3.1; https://datainsightnow.com"
217.182.195.140 - - [18/Dec/2025:01:31:50 +0000] "GET /?p=37234 HTTP/1.1" 200 41924 "-" "Mozilla/5.0 (compatible; MJ12bot/v1.4.8; http://mj12bot.com/)"
57.141.0.51 - - [18/Dec/2025:01:31:51 +0000] "GET /2025/03/07/page/6/?fileloc=//sys/class/pci_bus/0000:0d/subsystem/0000:0d/device/driver/0000:00:02.4/subsystem/devices/0000:00:02.2/aer_dev_fatal&path=//sys/class/pci_bus/0000:0d/subsystem/0000:0d/device/driver/0000:00:02.4/subsystem/devices/0000:00:02.2 HTTP/1.1" 200 262209 "-" "meta-externalagent/1.1 (+https://developers.facebook.com/docs/sharing/webmasters/crawler)"
216.73.216.56 - - [18/Dec/2025:01:31:52 +0000] "GET /?p=44745 HTTP/1.1" 200 41613 "-" "Mozilla/5.0 AppleWebKit/537.36 (KHTML, like Gecko; compatible; ClaudeBot/1.0; +claudebot@anthropic.com)"
57.141.0.68 - - [18/Dec/2025:01:31:52 +0000] "GET /2025/03/07/page/6/?path=//sys/class/pci_bus/0000:09/subsystem/0000:0e/device/driver/0000:00:02.3/driver/0000:00:02.7/link HTTP/1.1" 200 262217 "-" "meta-externalagent/1.1 (+https://developers.facebook.com/docs/sharing/webmasters/crawler)"
217.182.195.140 - - [18/Dec/2025:01:31:54 +0000] "GET /?p=37447 HTTP/1.1" 200 41440 "-" "Mozilla/5.0 (compatible; MJ12bot/v1.4.8; http://mj12bot.com/)"
114.119.133.46 - - [18/Dec/2025:01:31:54 +0000] "GET /zodiac-kasino-erfahrungen-2024-480-bonus-80-freispiele/?path=//sys/dev/char/4:80/subsystem/ttyS23/subsystem HTTP/1.1" 200 45438 "https://datainsightnow.com/zodiac-kasino-erfahrungen-2024-480-bonus-80-freispiele/?path=//sys/dev/char/4%3A80/subsystem/ttyS23/subsystem" "Mozilla/5.0 (Linux; Android 7.0;) AppleWebKit/537.36 (KHTML, like Gecko) Mobile Safari/537.36 (compatible; PetalBot;+https://webmaster.petalsearch.com/site/petalbot)"
216.73.216.56 - - [18/Dec/2025:01:31:55 +0000] "GET /?p=16849 HTTP/1.1" 200 44331 "-" "Mozilla/5.0 AppleWebKit/537.36 (KHTML, like Gecko; compatible; ClaudeBot/1.0; +claudebot@anthropic.com)"
57.141.0.36 - - [18/Dec/2025:01:31:56 +0000] "GET /karamba-spielsaal-erfahrungen-angeschlossen-testbericht-werfen-sie-einen-blick-auf-den-link-within-2025-pro-teutonia/?fileloc=//sys/class/pci_bus/0000:04/subsystem/0000:02/subsystem/0000:08/device/driver/0000:00:04.0/resource0&path=//sys/class/pci_bus/0000:04/subsystem/0000:02/subsystem/0000:08/device/driver/0000:00:04.0 HTTP/1.1" 200 262264 "-" "meta-externalagent/1.1 (+https://developers.facebook.com/docs/sharing/webmasters/crawler)"
57.141.0.58 - - [18/Dec/2025:01:31:56 +0000] "GET /karamba-spielsaal-erfahrungen-angeschlossen-testbericht-werfen-sie-einen-blick-auf-den-link-within-2025-pro-teutonia/?fileloc=//sys/class/pci_bus/0000:0b/subsystem/0000:08/subsystem/0000:04/device/pci_bus/0000:04/device/modalias&path=//sys/class/pci_bus/0000:0b/subsystem/0000:08/subsystem/0000:04/device/pci_bus/0000:04/device HTTP/1.1" 200 262209 "-" "meta-externalagent/1.1 (+https://developers.facebook.com/docs/sharing/webmasters/crawler)"
57.141.0.33 - - [18/Dec/2025:01:31:58 +0000] "GET /2025/03/06/page/39/?path=//sys/class/pci_bus/0000:02/subsystem/0000:0e/device/driver/0000:00:03.6/subsystem/devices/0000:00:1b.0/hdaudioC0D0 HTTP/1.1" 200 262209 "-" "meta-externalagent/1.1 (+https://developers.facebook.com/docs/sharing/webmasters/crawler)"
216.73.216.56 - - [18/Dec/2025:01:31:58 +0000] "GET /?p=20963 HTTP/1.1" 200 42241 "-" "Mozilla/5.0 AppleWebKit/537.36 (KHTML, like Gecko; compatible; ClaudeBot/1.0; +claudebot@anthropic.com)"
217.182.195.140 - - [18/Dec/2025:01:31:58 +0000] "GET /?p=37453 HTTP/1.1" 200 41163 "-" "Mozilla/5.0 (compatible; MJ12bot/v1.4.8; http://mj12bot.com/)"
216.73.216.56 - - [18/Dec/2025:01:32:01 +0000] "GET /?p=20587 HTTP/1.1" 200 44529 "-" "Mozilla/5.0 AppleWebKit/537.36 (KHTML, like Gecko; compatible; ClaudeBot/1.0; +claudebot@anthropic.com)"
57.141.0.47 - - [18/Dec/2025:01:32:02 +0000] "GET /karamba-spielsaal-erfahrungen-angeschlossen-testbericht-werfen-sie-einen-blick-auf-den-link-within-2025-pro-teutonia/?fileloc=//sys/class/pci_bus/0000:08/device/driver/0000:00:02.4/driver/0000:00:02.6/driver/0000:00:02.1/revision&path=//sys/class/pci_bus/0000:08/device/driver/0000:00:02.4/driver/0000:00:02.6/driver/0000:00:02.1 HTTP/1.1" 200 262264 "-" "meta-externalagent/1.1 (+https://developers.facebook.com/docs/sharing/webmasters/crawler)"
57.141.0.52 - - [18/Dec/2025:01:32:02 +0000] "GET /karamba-spielsaal-erfahrungen-angeschlossen-testbericht-werfen-sie-einen-blick-auf-den-link-within-2025-pro-teutonia/?path=//sys/class/pci_bus/0000:07/subsystem/0000:0a/subsystem/0000:0b/subsystem/0000:0f/subsystem/0000:05/power HTTP/1.1" 200 262209 "-" "meta-externalagent/1.1 (+https://developers.facebook.com/docs/sharing/webmasters/crawler)"
217.182.195.140 - - [18/Dec/2025:01:32:02 +0000] "GET /?p=38326 HTTP/1.1" 200 43982 "-" "Mozilla/5.0 (compatible; MJ12bot/v1.4.8; http://mj12bot.com/)"
216.73.216.56 - - [18/Dec/2025:01:32:04 +0000] "GET /?p=16877 HTTP/1.1" 200 43287 "-" "Mozilla/5.0 AppleWebKit/537.36 (KHTML, like Gecko; compatible; ClaudeBot/1.0; +claudebot@anthropic.com)"
217.182.195.140 - - [18/Dec/2025:01:32:06 +0000] "GET /?p=38362 HTTP/1.1" 200 44506 "-" "Mozilla/5.0 (compatible; MJ12bot/v1.4.8; http://mj12bot.com/)"
216.73.216.56 - - [18/Dec/2025:01:32:07 +0000] "GET /?p=44721 HTTP/1.1" 200 42745 "-" "Mozilla/5.0 AppleWebKit/537.36 (KHTML, like Gecko; compatible; ClaudeBot/1.0; +claudebot@anthropic.com)"
217.182.195.140 - - [18/Dec/2025:01:32:10 +0000] "GET /?p=38402 HTTP/1.1" 200 45818 "-" "Mozilla/5.0 (compatible; MJ12bot/v1.4.8; http://mj12bot.com/)"
216.73.216.56 - - [18/Dec/2025:01:32:10 +0000] "GET /?p=39979 HTTP/1.1" 200 42367 "-" "Mozilla/5.0 AppleWebKit/537.36 (KHTML, like Gecko; compatible; ClaudeBot/1.0; +claudebot@anthropic.com)"
57.141.0.39 - - [18/Dec/2025:01:32:10 +0000] "GET /karamba-spielsaal-erfahrungen-angeschlossen-testbericht-werfen-sie-einen-blick-auf-den-link-within-2025-pro-teutonia/?fileloc=//sys/class/pci_bus/0000:06/subsystem/0000:01/subsystem/0000:09/subsystem/0000:12/subsystem/0000:00/cpuaffinity&path=//sys/class/pci_bus/0000:06/subsystem/0000:01/subsystem/0000:09/subsystem/0000:12/subsystem/0000:00 HTTP/1.1" 200 262264 "-" "meta-externalagent/1.1 (+https://developers.facebook.com/docs/sharing/webmasters/crawler)"
185.191.171.1 - - [18/Dec/2025:01:32:12 +0000] "GET /?p=39823 HTTP/1.1" 200 39410 "-" "Mozilla/5.0 (compatible; SemrushBot/7~bl; +http://www.semrush.com/bot.html)"
216.73.216.56 - - [18/Dec/2025:01:32:13 +0000] "GET /?p=25216 HTTP/1.1" 200 42084 "-" "Mozilla/5.0 AppleWebKit/537.36 (KHTML, like Gecko; compatible; ClaudeBot/1.0; +claudebot@anthropic.com)"
217.182.195.140 - - [18/Dec/2025:01:32:14 +0000] "GET /?p=38406 HTTP/1.1" 200 45588 "-" "Mozilla/5.0 (compatible; MJ12bot/v1.4.8; http://mj12bot.com/)"
66.249.77.100 - - [18/Dec/2025:01:32:16 +0000] "GET /?path=//sys/class/sound/card0/device/subsystem/devices/0000:00:02.2/subsystem/devices/0000:00:1f.0/subsystem/devices/0000:00:03.6/driver/0000:00:02.1/0000:00:02.1:pcie002/driver/0000:00:02.6:pcie002/power HTTP/1.1" 200 45438 "-" "Mozilla/5.0 (Linux; Android 6.0.1; Nexus 5X Build/MMB29P) AppleWebKit/537.36 (KHTML, like Gecko) Chrome/141.0.7390.122 Mobile Safari/537.36 (compatible; Googlebot/2.1; +http://www.google.com/bot.html)"
216.73.216.56 - - [18/Dec/2025:01:32:16 +0000] "GET /?p=33239 HTTP/1.1" 200 43654 "-" "Mozilla/5.0 AppleWebKit/537.36 (KHTML, like Gecko; compatible; ClaudeBot/1.0; +claudebot@anthropic.com)"
217.182.195.140 - - [18/Dec/2025:01:32:18 +0000] "GET /?p=38454 HTTP/1.1" 200 40993 "-" "Mozilla/5.0 (compatible; MJ12bot/v1.4.8; http://mj12bot.com/)"
57.141.0.79 - - [18/Dec/2025:01:32:19 +0000] "GET /karamba-spielsaal-erfahrungen-angeschlossen-testbericht-werfen-sie-einen-blick-auf-den-link-within-2025-pro-teutonia/?fileloc=//sys/class/pci_bus/0000:0f/subsystem/0000:05/subsystem/0000:02/device/driver/0000:00:03.5/driver/0000:00:02.3/aer_rootport_total_err_fatal&path=//sys/class/pci_bus/0000:0f/subsystem/0000:05/subsystem/0000:02/device/driver/0000:00:03.5/driver/0000:00:02.3 HTTP/1.1" 200 262209 "-" "meta-externalagent/1.1 (+https://developers.facebook.com/docs/sharing/webmasters/crawler)"
198.244.242.208 - - [18/Dec/2025:01:32:19 +0000] "GET /?p=42025 HTTP/1.1" 200 42122 "-" "Mozilla/5.0 (compatible; AhrefsBot/7.0; +http://ahrefs.com/robot/)"
216.73.216.56 - - [18/Dec/2025:01:32:19 +0000] "GET /?p=44729 HTTP/1.1" 200 42642 "-" "Mozilla/5.0 AppleWebKit/537.36 (KHTML, like Gecko; compatible; ClaudeBot/1.0; +claudebot@anthropic.com)"
217.182.195.140 - - [18/Dec/2025:01:32:21 +0000] "GET /?p=38470 HTTP/1.1" 200 43728 "-" "Mozilla/5.0 (compatible; MJ12bot/v1.4.8; http://mj12bot.com/)"
216.73.216.56 - - [18/Dec/2025:01:32:22 +0000] "GET /?p=33605 HTTP/1.1" 200 43782 "-" "Mozilla/5.0 AppleWebKit/537.36 (KHTML, like Gecko; compatible; ClaudeBot/1.0; +claudebot@anthropic.com)"
57.141.0.1 - - [18/Dec/2025:01:32:24 +0000] "GET /2025/03/07/page/6/?fileloc=//sys/class/pci_bus/0000:0c/device/driver/0000:00:02.1/driver/0000:00:03.2/subsystem/devices/0000:00:02.2/aer_dev_fatal&path=//sys/class/pci_bus/0000:0c/device/driver/0000:00:02.1/driver/0000:00:03.2/subsystem/devices/0000:00:02.2 HTTP/1.1" 200 262264 "-" "meta-externalagent/1.1 (+https://developers.facebook.com/docs/sharing/webmasters/crawler)"
216.73.216.56 - - [18/Dec/2025:01:32:26 +0000] "GET /?p=29997 HTTP/1.1" 200 42373 "-" "Mozilla/5.0 AppleWebKit/537.36 (KHTML, like Gecko; compatible; ClaudeBot/1.0; +claudebot@anthropic.com)"
217.182.195.140 - - [18/Dec/2025:01:32:26 +0000] "GET /?p=39691 HTTP/1.1" 200 40924 "-" "Mozilla/5.0 (compatible; MJ12bot/v1.4.8; http://mj12bot.com/)"
66.249.77.98 - - [18/Dec/2025:01:32:26 +0000] "GET /?fileloc=//sys/class/sound/card0/device/subsystem/devices/0000:00:02.2/0000:04:00.0/subsystem/devices/0000:00:03.7/subsystem/devices/0000:00:02.5/d3cold_allowed&path=//sys/class/sound/card0/device/subsystem/devices/0000:00:02.2/0000:04:00.0/subsystem/devices/0000:00:03.7/subsystem/devices/0000:00:02.5 HTTP/1.1" 200 45438 "-" "Mozilla/5.0 (Linux; Android 6.0.1; Nexus 5X Build/MMB29P) AppleWebKit/537.36 (KHTML, like Gecko) Chrome/141.0.7390.122 Mobile Safari/537.36 (compatible; Googlebot/2.1; +http://www.google.com/bot.html)"
57.141.0.54 - - [18/Dec/2025:01:32:27 +0000] "GET /karamba-spielsaal-erfahrungen-angeschlossen-testbericht-werfen-sie-einen-blick-auf-den-link-within-2025-pro-teutonia/?path=//sys/class/pci_bus/0000:0a/subsystem/0000:00/subsystem/0000:13/subsystem/0000:01/subsystem/0000:12 HTTP/1.1" 200 262264 "-" "meta-externalagent/1.1 (+https://developers.facebook.com/docs/sharing/webmasters/crawler)"
216.73.216.56 - - [18/Dec/2025:01:32:28 +0000] "GET /?p=27611 HTTP/1.1" 200 42538 "-" "Mozilla/5.0 AppleWebKit/537.36 (KHTML, like Gecko; compatible; ClaudeBot/1.0; +claudebot@anthropic.com)"
57.141.0.25 - - [18/Dec/2025:01:32:29 +0000] "GET /nacin-kako-uporabljate-globe-wagering-najboljsa-knjiga/?path=//sys/class/tty/tty34/subsystem/tty5/subsystem/tty21/subsystem/ttyS30 HTTP/1.1" 200 262217 "-" "meta-externalagent/1.1 (+https://developers.facebook.com/docs/sharing/webmasters/crawler)"
57.141.0.30 - - [18/Dec/2025:01:32:30 +0000] "GET /2025/03/07/page/6/?fileloc=//sys/class/pci_bus/0000:02/device/0000:00:02.1:pcie002/driver/0000:00:04.0:pcie002/subsystem/devices/0000:00:04.1:pcie010/power/async&path=//sys/class/pci_bus/0000:02/device/0000:00:02.1:pcie002/driver/0000:00:04.0:pcie002/subsystem/devices/0000:00:04.1:pcie010/power HTTP/1.1" 200 262248 "-" "meta-externalagent/1.1 (+https://developers.facebook.com/docs/sharing/webmasters/crawler)"
217.182.195.140 - - [18/Dec/2025:01:32:30 +0000] "GET /?p=39831 HTTP/1.1" 200 42781 "-" "Mozilla/5.0 (compatible; MJ12bot/v1.4.8; http://mj12bot.com/)"
52.167.144.16 - - [18/Dec/2025:01:32:30 +0000] "GET /5356379?entity=0005335958 HTTP/1.1" 200 31478 "-" "Mozilla/5.0 AppleWebKit/537.36 (KHTML, like Gecko; compatible; bingbot/2.0; +http://www.bing.com/bingbot.htm) Chrome/116.0.1938.76 Safari/537.36"
57.141.0.40 - - [18/Dec/2025:01:32:31 +0000] "GET /moneysense-self-help-guide-to-the-ideal-profile/?fileloc=//sys/class/pci_bus/0000:02/subsystem/0000:0e/device/firmware_node/subsystem/devices/device:02/physical_node/ari_enabled&path=//sys/class/pci_bus/0000:02/subsystem/0000:0e/device/firmware_node/subsystem/devices/device:02/physical_node HTTP/1.1" 200 262216 "-" "meta-externalagent/1.1 (+https://developers.facebook.com/docs/sharing/webmasters/crawler)"
216.73.216.56 - - [18/Dec/2025:01:32:31 +0000] "GET /?p=19894 HTTP/1.1" 200 42393 "-" "Mozilla/5.0 AppleWebKit/537.36 (KHTML, like Gecko; compatible; ClaudeBot/1.0; +claudebot@anthropic.com)"
57.141.0.13 - - [18/Dec/2025:01:32:32 +0000] "GET /karamba-spielsaal-erfahrungen-angeschlossen-testbericht-werfen-sie-einen-blick-auf-den-link-within-2025-pro-teutonia/?fileloc=//sys/class/pci_bus/0000:06/subsystem/0000:0c/subsystem/0000:08/subsystem/0000:11/subsystem/0000:11/subsystem/0000:04/device/max_link_width&path=//sys/class/pci_bus/0000:06/subsystem/0000:0c/subsystem/0000:08/subsystem/0000:11/subsystem/0000:11/subsystem/0000:04/device HTTP/1.1" 200 262264 "-" "meta-externalagent/1.1 (+https://developers.facebook.com/docs/sharing/webmasters/crawler)"
217.182.195.140 - - [18/Dec/2025:01:32:34 +0000] "GET /?p=39839 HTTP/1.1" 200 43650 "-" "Mozilla/5.0 (compatible; MJ12bot/v1.4.8; http://mj12bot.com/)"
52.167.144.216 - - [18/Dec/2025:01:32:35 +0000] "GET /?5558923?entity=0005537718 HTTP/1.1" 200 30572 "-" "Mozilla/5.0 AppleWebKit/537.36 (KHTML, like Gecko; compatible; bingbot/2.0; +http://www.bing.com/bingbot.htm) Chrome/116.0.1938.76 Safari/537.36"
216.73.216.56 - - [18/Dec/2025:01:32:36 +0000] "GET /?p=26374 HTTP/1.1" 200 40797 "-" "Mozilla/5.0 AppleWebKit/537.36 (KHTML, like Gecko; compatible; ClaudeBot/1.0; +claudebot@anthropic.com)"
217.182.195.140 - - [18/Dec/2025:01:32:38 +0000] "GET /?p=40027 HTTP/1.1" 200 43539 "-" "Mozilla/5.0 (compatible; MJ12bot/v1.4.8; http://mj12bot.com/)"
216.73.216.56 - - [18/Dec/2025:01:32:38 +0000] "GET /?p=48597 HTTP/1.1" 200 41572 "-" "Mozilla/5.0 AppleWebKit/537.36 (KHTML, like Gecko; compatible; ClaudeBot/1.0; +claudebot@anthropic.com)"
216.73.216.56 - - [18/Dec/2025:01:32:41 +0000] "GET /?p=46235 HTTP/1.1" 200 41074 "-" "Mozilla/5.0 AppleWebKit/537.36 (KHTML, like Gecko; compatible; ClaudeBot/1.0; +claudebot@anthropic.com)"
217.182.195.140 - - [18/Dec/2025:01:32:42 +0000] "GET /?p=40037 HTTP/1.1" 200 44702 "-" "Mozilla/5.0 (compatible; MJ12bot/v1.4.8; http://mj12bot.com/)"
57.141.0.14 - - [18/Dec/2025:01:32:43 +0000] "GET /2025/03/07/page/6/?fileloc=//sys/class/pci_bus/0000:04/subsystem/0000:0f/subsystem/0000:0b/subsystem/0000:04/device/class&path=//sys/class/pci_bus/0000:04/subsystem/0000:0f/subsystem/0000:0b/subsystem/0000:04/device HTTP/1.1" 200 262264 "-" "meta-externalagent/1.1 (+https://developers.facebook.com/docs/sharing/webmasters/crawler)"
216.73.216.56 - - [18/Dec/2025:01:32:44 +0000] "GET /?p=46359 HTTP/1.1" 200 43544 "-" "Mozilla/5.0 AppleWebKit/537.36 (KHTML, like Gecko; compatible; ClaudeBot/1.0; +claudebot@anthropic.com)"
217.182.195.140 - - [18/Dec/2025:01:32:45 +0000] "GET /?p=40383 HTTP/1.1" 200 45945 "-" "Mozilla/5.0 (compatible; MJ12bot/v1.4.8; http://mj12bot.com/)"
216.73.216.56 - - [18/Dec/2025:01:32:47 +0000] "GET /?p=45485 HTTP/1.1" 200 40836 "-" "Mozilla/5.0 AppleWebKit/537.36 (KHTML, like Gecko; compatible; ClaudeBot/1.0; +claudebot@anthropic.com)"
57.141.0.45 - - [18/Dec/2025:01:32:49 +0000] "GET /2025/03/07/page/6/?fileloc=//sys/class/pci_bus/0000:04/subsystem/0000:0c/subsystem/0000:13/device/driver/0000:00:03.5/aer_rootport_total_err_fatal&path=//sys/class/pci_bus/0000:04/subsystem/0000:0c/subsystem/0000:13/device/driver/0000:00:03.5 HTTP/1.1" 200 262264 "-" "meta-externalagent/1.1 (+https://developers.facebook.com/docs/sharing/webmasters/crawler)"
217.182.195.140 - - [18/Dec/2025:01:32:49 +0000] "GET /?p=40389 HTTP/1.1" 200 44548 "-" "Mozilla/5.0 (compatible; MJ12bot/v1.4.8; http://mj12bot.com/)"
66.135.21.75 - - [18/Dec/2025:01:32:50 +0000] "POST /wp-cron.php?doing_wp_cron=1766021570.0252799987792968750000 HTTP/1.1" 200 31 "-" "WordPress/6.3.1; https://datainsightnow.com"
57.141.0.29 - - [18/Dec/2025:01:32:50 +0000] "GET /karamba-spielsaal-erfahrungen-angeschlossen-testbericht-werfen-sie-einen-blick-auf-den-link-within-2025-pro-teutonia/?fileloc=//sys/class/pci_bus/0000:06/subsystem/0000:13/subsystem/0000:0a/device/driver/0000:00:03.1/ari_enabled&path=//sys/class/pci_bus/0000:06/subsystem/0000:13/subsystem/0000:0a/device/driver/0000:00:03.1 HTTP/1.1" 200 262264 "-" "meta-externalagent/1.1 (+https://developers.facebook.com/docs/sharing/webmasters/crawler)"
216.73.216.56 - - [18/Dec/2025:01:32:50 +0000] "GET /?p=36591 HTTP/1.1" 200 42483 "-" "Mozilla/5.0 AppleWebKit/537.36 (KHTML, like Gecko; compatible; ClaudeBot/1.0; +claudebot@anthropic.com)"
66.249.77.98 - - [18/Dec/2025:01:32:51 +0000] "GET /?fileloc=//sys/class/sound/card0/device/subsystem/devices/0000:00:02.2/driver/0000:00:03.4/driver/0000:00:02.6/driver/0000:00:02.7/driver/0000:00:02.4/driver/0000:00:03.7/driver/0000:00:03.4/d3cold_allowed&path=//sys/class/sound/card0/device/subsystem/devices/0000:00:02.2/driver/0000:00:03.4/driver/0000:00:02.6/driver/0000:00:02.7/driver/0000:00:02.4/driver/0000:00:03.7/driver/0000:00:03.4 HTTP/1.1" 200 45438 "-" "Mozilla/5.0 (Linux; Android 6.0.1; Nexus 5X Build/MMB29P) AppleWebKit/537.36 (KHTML, like Gecko) Chrome/141.0.7390.122 Mobile Safari/537.36 (compatible; Googlebot/2.1; +http://www.google.com/bot.html)"
217.182.195.140 - - [18/Dec/2025:01:32:53 +0000] "GET /?p=40429 HTTP/1.1" 200 44472 "-" "Mozilla/5.0 (compatible; MJ12bot/v1.4.8; http://mj12bot.com/)"
216.73.216.56 - - [18/Dec/2025:01:32:53 +0000] "GET /?p=23501 HTTP/1.1" 200 43053 "-" "Mozilla/5.0 AppleWebKit/537.36 (KHTML, like Gecko; compatible; ClaudeBot/1.0; +claudebot@anthropic.com)"
57.141.0.4 - - [18/Dec/2025:01:32:53 +0000] "GET /2025/03/07/page/6/?fileloc=//sys/class/pci_bus/0000:0b/subsystem/0000:06/subsystem/0000:13/subsystem/0000:09/subsystem/0000:05/subsystem/0000:06/device/max_link_speed&path=//sys/class/pci_bus/0000:0b/subsystem/0000:06/subsystem/0000:13/subsystem/0000:09/subsystem/0000:05/subsystem/0000:06/device HTTP/1.1" 200 262209 "-" "meta-externalagent/1.1 (+https://developers.facebook.com/docs/sharing/webmasters/crawler)"
57.141.0.21 - - [18/Dec/2025:01:32:55 +0000] "GET /2025/03/07/page/6/?path=//sys/class/pci_bus/0000:00/subsystem/0000:0b/subsystem/0000:07/subsystem/0000:06/device/driver HTTP/1.1" 200 262264 "-" "meta-externalagent/1.1 (+https://developers.facebook.com/docs/sharing/webmasters/crawler)"
216.73.216.56 - - [18/Dec/2025:01:32:56 +0000] "GET /?p=27485 HTTP/1.1" 200 43942 "-" "Mozilla/5.0 AppleWebKit/537.36 (KHTML, like Gecko; compatible; ClaudeBot/1.0; +claudebot@anthropic.com)"
57.141.0.43 - - [18/Dec/2025:01:32:57 +0000] "GET /karamba-spielsaal-erfahrungen-angeschlossen-testbericht-werfen-sie-einen-blick-auf-den-link-within-2025-pro-teutonia/?path=//sys/class/pci_bus/0000:06/subsystem/0000:0d/subsystem/0000:03/subsystem/0000:09/subsystem/0000:0b/device/subsystem/devices/0000:00:1f.3 HTTP/1.1" 200 262216 "-" "meta-externalagent/1.1 (+https://developers.facebook.com/docs/sharing/webmasters/crawler)"
217.182.195.140 - - [18/Dec/2025:01:32:57 +0000] "GET /?p=40435 HTTP/1.1" 200 46010 "-" "Mozilla/5.0 (compatible; MJ12bot/v1.4.8; http://mj12bot.com/)"
57.141.0.20 - - [18/Dec/2025:01:32:58 +0000] "GET /karamba-spielsaal-erfahrungen-angeschlossen-testbericht-werfen-sie-einen-blick-auf-den-link-within-2025-pro-teutonia/?fileloc=//sys/class/pci_bus/0000:0b/subsystem/0000:0d/device/driver/0000:00:02.1/firmware_node/device:05/device:09/uevent&path=//sys/class/pci_bus/0000:0b/subsystem/0000:0d/device/driver/0000:00:02.1/firmware_node/device:05/device:09 HTTP/1.1" 200 262255 "-" "meta-externalagent/1.1 (+https://developers.facebook.com/docs/sharing/webmasters/crawler)"
57.141.0.22 - - [18/Dec/2025:01:32:58 +0000] "GET /2025/03/07/page/6/?fileloc=//sys/class/pci_bus/0000:09/device/driver/0000:00:03.3/subsystem/drivers/shpchp/remove_id&path=//sys/class/pci_bus/0000:09/device/driver/0000:00:03.3/subsystem/drivers/shpchp HTTP/1.1" 200 262209 "-" "meta-externalagent/1.1 (+https://developers.facebook.com/docs/sharing/webmasters/crawler)"
216.73.216.56 - - [18/Dec/2025:01:32:59 +0000] "GET /?m=20230317 HTTP/1.1" 200 33880 "-" "Mozilla/5.0 AppleWebKit/537.36 (KHTML, like Gecko; compatible; ClaudeBot/1.0; +claudebot@anthropic.com)"
66.249.77.100 - - [18/Dec/2025:01:33:01 +0000] "GET /?fileloc=//sys/class/sound/card0/device/subsystem/devices/0000:00:02.2/driver/0000:00:03.4/driver/0000:00:03.1/subsystem/devices/0000:00:1f.2/firmware_node/uevent&path=//sys/class/sound/card0/device/subsystem/devices/0000:00:02.2/driver/0000:00:03.4/driver/0000:00:03.1/subsystem/devices/0000:00:1f.2/firmware_node HTTP/1.1" 200 45438 "-" "Mozilla/5.0 (Linux; Android 6.0.1; Nexus 5X Build/MMB29P) AppleWebKit/537.36 (KHTML, like Gecko) Chrome/141.0.7390.122 Mobile Safari/537.36 (compatible; Googlebot/2.1; +http://www.google.com/bot.html)"
217.182.195.140 - - [18/Dec/2025:01:33:01 +0000] "GET /?p=47417 HTTP/1.1" 200 42503 "-" "Mozilla/5.0 (compatible; MJ12bot/v1.4.8; http://mj12bot.com/)"
216.73.216.56 - - [18/Dec/2025:01:33:02 +0000] "GET /?p=44099 HTTP/1.1" 200 46653 "-" "Mozilla/5.0 AppleWebKit/537.36 (KHTML, like Gecko; compatible; ClaudeBot/1.0; +claudebot@anthropic.com)"
217.182.195.140 - - [18/Dec/2025:01:33:05 +0000] "GET /?p=47553 HTTP/1.1" 200 42934 "-" "Mozilla/5.0 (compatible; MJ12bot/v1.4.8; http://mj12bot.com/)"
216.73.216.56 - - [18/Dec/2025:01:33:05 +0000] "GET /?p=17201 HTTP/1.1" 200 43555 "-" "Mozilla/5.0 AppleWebKit/537.36 (KHTML, like Gecko; compatible; ClaudeBot/1.0; +claudebot@anthropic.com)"
216.73.216.56 - - [18/Dec/2025:01:33:08 +0000] "GET /?p=15350 HTTP/1.1" 200 42261 "-" "Mozilla/5.0 AppleWebKit/537.36 (KHTML, like Gecko; compatible; ClaudeBot/1.0; +claudebot@anthropic.com)"
217.182.195.140 - - [18/Dec/2025:01:33:09 +0000] "GET /?p=47573 HTTP/1.1" 200 40913 "-" "Mozilla/5.0 (compatible; MJ12bot/v1.4.8; http://mj12bot.com/)"
66.249.77.98 - - [18/Dec/2025:01:33:10 +0000] "GET /?fileloc=//sys/class/sound/card0/device/subsystem/devices/0000:00:02.2/driver/0000:00:02.2/driver/0000:00:03.2/driver/0000:00:02.2/driver/0000:00:02.0/current_link_width&path=//sys/class/sound/card0/device/subsystem/devices/0000:00:02.2/driver/0000:00:02.2/driver/0000:00:03.2/driver/0000:00:02.2/driver/0000:00:02.0 HTTP/1.1" 200 45438 "-" "Mozilla/5.0 (Linux; Android 6.0.1; Nexus 5X Build/MMB29P) AppleWebKit/537.36 (KHTML, like Gecko) Chrome/141.0.7390.122 Mobile Safari/537.36 (compatible; Googlebot/2.1; +http://www.google.com/bot.html)"
216.73.216.56 - - [18/Dec/2025:01:33:11 +0000] "GET /?p=30085 HTTP/1.1" 200 42123 "-" "Mozilla/5.0 AppleWebKit/537.36 (KHTML, like Gecko; compatible; ClaudeBot/1.0; +claudebot@anthropic.com)"
52.167.144.16 - - [18/Dec/2025:01:33:11 +0000] "GET /8423192?entity=0008390930 HTTP/1.1" 200 31241 "-" "Mozilla/5.0 AppleWebKit/537.36 (KHTML, like Gecko; compatible; bingbot/2.0; +http://www.bing.com/bingbot.htm) Chrome/116.0.1938.76 Safari/537.36"
217.182.195.140 - - [18/Dec/2025:01:33:13 +0000] "GET /?p=48391 HTTP/1.1" 200 40854 "-" "Mozilla/5.0 (compatible; MJ12bot/v1.4.8; http://mj12bot.com/)"
216.73.216.56 - - [18/Dec/2025:01:33:14 +0000] "GET /?p=42269 HTTP/1.1" 200 41751 "-" "Mozilla/5.0 AppleWebKit/537.36 (KHTML, like Gecko; compatible; ClaudeBot/1.0; +claudebot@anthropic.com)"
57.141.0.20 - - [18/Dec/2025:01:33:16 +0000] "GET /karamba-spielsaal-erfahrungen-angeschlossen-testbericht-werfen-sie-einen-blick-auf-den-link-within-2025-pro-teutonia/?fileloc=//sys/class/pci_bus/0000:0b/subsystem/0000:0d/subsystem/0000:09/subsystem/0000:13/rescan&path=//sys/class/pci_bus/0000:0b/subsystem/0000:0d/subsystem/0000:09/subsystem/0000:13 HTTP/1.1" 200 262216 "-" "meta-externalagent/1.1 (+https://developers.facebook.com/docs/sharing/webmasters/crawler)"
114.119.133.46 - - [18/Dec/2025:01:33:17 +0000] "GET /zodiac-kasino-erfahrungen-2024-480-bonus-80-freispiele/?path=//sys/dev/char/4:80/subsystem/ttyS13/device HTTP/1.1" 200 45438 "https://datainsightnow.com/zodiac-kasino-erfahrungen-2024-480-bonus-80-freispiele/?path=//sys/dev/char/4%3A80/subsystem/ttyS13" "Mozilla/5.0 (Linux; Android 7.0;) AppleWebKit/537.36 (KHTML, like Gecko) Mobile Safari/537.36 (compatible; PetalBot;+https://webmaster.petalsearch.com/site/petalbot)"
216.73.216.56 - - [18/Dec/2025:01:33:17 +0000] "GET /?p=20591 HTTP/1.1" 200 41452 "-" "Mozilla/5.0 AppleWebKit/537.36 (KHTML, like Gecko; compatible; ClaudeBot/1.0; +claudebot@anthropic.com)"
57.141.0.28 - - [18/Dec/2025:01:33:19 +0000] "GET /karamba-spielsaal-erfahrungen-angeschlossen-testbericht-werfen-sie-einen-blick-auf-den-link-within-2025-pro-teutonia/?path=//sys/class/pci_bus/0000:06/subsystem/0000:04/device/driver/0000:00:02.2/driver/0000:00:02.3/driver/0000:00:02.1/driver HTTP/1.1" 200 262209 "-" "meta-externalagent/1.1 (+https://developers.facebook.com/docs/sharing/webmasters/crawler)"
66.249.77.98 - - [18/Dec/2025:01:33:20 +0000] "GET /?fileloc=//sys/class/sound/card0/device/subsystem/devices/0000:00:03.5/subsystem/devices/0000:00:01.0/subsystem/drivers/virtio-pci/0000:01:00.0/rescan&path=//sys/class/sound/card0/device/subsystem/devices/0000:00:03.5/subsystem/devices/0000:00:01.0/subsystem/drivers/virtio-pci/0000:01:00.0 HTTP/1.1" 200 45438 "-" "Mozilla/5.0 (Linux; Android 6.0.1; Nexus 5X Build/MMB29P) AppleWebKit/537.36 (KHTML, like Gecko) Chrome/141.0.7390.122 Mobile Safari/537.36 (compatible; Googlebot/2.1; +http://www.google.com/bot.html)"
216.73.216.56 - - [18/Dec/2025:01:33:20 +0000] "GET /?m=20231212 HTTP/1.1" 200 34670 "-" "Mozilla/5.0 AppleWebKit/537.36 (KHTML, like Gecko; compatible; ClaudeBot/1.0; +claudebot@anthropic.com)"
57.141.0.23 - - [18/Dec/2025:01:33:22 +0000] "GET /karamba-spielsaal-erfahrungen-angeschlossen-testbericht-werfen-sie-einen-blick-auf-den-link-within-2025-pro-teutonia/?fileloc=//sys/class/pci_bus/0000:0f/subsystem/0000:0b/device/driver/0000:00:02.4/driver/0000:00:02.5/driver/new_id&path=//sys/class/pci_bus/0000:0f/subsystem/0000:0b/device/driver/0000:00:02.4/driver/0000:00:02.5/driver HTTP/1.1" 200 262264 "-" "meta-externalagent/1.1 (+https://developers.facebook.com/docs/sharing/webmasters/crawler)"
57.141.0.8 - - [18/Dec/2025:01:33:22 +0000] "GET /2025/03/07/page/6/?fileloc=//sys/class/pci_bus/0000:0c/device/driver/0000:00:02.7/driver/0000:00:02.1/driver/0000:00:02.3/0000:05:00.0/vendor&path=//sys/class/pci_bus/0000:0c/device/driver/0000:00:02.7/driver/0000:00:02.1/driver/0000:00:02.3/0000:05:00.0 HTTP/1.1" 200 262264 "-" "meta-externalagent/1.1 (+https://developers.facebook.com/docs/sharing/webmasters/crawler)"
216.73.216.56 - - [18/Dec/2025:01:33:23 +0000] "GET /?p=20389 HTTP/1.1" 200 42533 "-" "Mozilla/5.0 AppleWebKit/537.36 (KHTML, like Gecko; compatible; ClaudeBot/1.0; +claudebot@anthropic.com)"
57.141.0.47 - - [18/Dec/2025:01:33:24 +0000] "GET /2025/03/07/page/6/?path=//sys/class/pci_bus/0000:0b/subsystem/0000:13/device/pci_bus/0000:13/subsystem/0000:10/subsystem/0000:0b HTTP/1.1" 200 262264 "-" "meta-externalagent/1.1 (+https://developers.facebook.com/docs/sharing/webmasters/crawler)"
216.73.216.56 - - [18/Dec/2025:01:33:26 +0000] "GET /?p=35387 HTTP/1.1" 200 41667 "-" "Mozilla/5.0 AppleWebKit/537.36 (KHTML, like Gecko; compatible; ClaudeBot/1.0; +claudebot@anthropic.com)"
57.141.0.33 - - [18/Dec/2025:01:33:27 +0000] "GET /2025/03/06/page/39/?fileloc=//sys/class/pci_bus/0000:0d/subsystem/0000:04/device/subsystem/devices/0000:07:00.0/uevent&path=//sys/class/pci_bus/0000:0d/subsystem/0000:04/device/subsystem/devices/0000:07:00.0 HTTP/1.1" 200 262264 "-" "meta-externalagent/1.1 (+https://developers.facebook.com/docs/sharing/webmasters/crawler)"
57.141.0.43 - - [18/Dec/2025:01:33:29 +0000] "GET /karamba-spielsaal-erfahrungen-angeschlossen-testbericht-werfen-sie-einen-blick-auf-den-link-within-2025-pro-teutonia/?fileloc=//sys/class/pci_bus/0000:03/subsystem/0000:0b/subsystem/0000:00/subsystem/0000:0e/device/firmware_node/physical_node/aer_dev_nonfatal&path=//sys/class/pci_bus/0000:03/subsystem/0000:0b/subsystem/0000:00/subsystem/0000:0e/device/firmware_node/physical_node HTTP/1.1" 200 262216 "-" "meta-externalagent/1.1 (+https://developers.facebook.com/docs/sharing/webmasters/crawler)"
216.73.216.56 - - [18/Dec/2025:01:33:29 +0000] "GET /?p=22053 HTTP/1.1" 200 42951 "-" "Mozilla/5.0 AppleWebKit/537.36 (KHTML, like Gecko; compatible; ClaudeBot/1.0; +claudebot@anthropic.com)"
57.141.0.39 - - [18/Dec/2025:01:33:32 +0000] "GET /2025/03/07/page/6/?fileloc=//sys/class/pci_bus/0000:0b/subsystem/0000:02/subsystem/0000:08/subsystem/0000:05/subsystem/0000:0b/device/current_link_width&path=//sys/class/pci_bus/0000:0b/subsystem/0000:02/subsystem/0000:08/subsystem/0000:05/subsystem/0000:0b/device HTTP/1.1" 200 262264 "-" "meta-externalagent/1.1 (+https://developers.facebook.com/docs/sharing/webmasters/crawler)"
216.73.216.56 - - [18/Dec/2025:01:33:32 +0000] "GET /?p=35691 HTTP/1.1" 200 43503 "-" "Mozilla/5.0 AppleWebKit/537.36 (KHTML, like Gecko; compatible; ClaudeBot/1.0; +claudebot@anthropic.com)"
216.73.216.56 - - [18/Dec/2025:01:33:35 +0000] "GET /?p=33653 HTTP/1.1" 200 42277 "-" "Mozilla/5.0 AppleWebKit/537.36 (KHTML, like Gecko; compatible; ClaudeBot/1.0; +claudebot@anthropic.com)"
