57.141.0.77 - - [18/Dec/2025:01:56:46 +0000] "GET /karamba-spielsaal-erfahrungen-angeschlossen-testbericht-werfen-sie-einen-blick-auf-den-link-within-2025-pro-teutonia/?path=//sys/class/pci_bus/0000:0e/subsystem/0000:13/subsystem/0000:00/device/0000:00:02.4/driver/0000:00:02.5 HTTP/1.1" 200 262248 "-" "meta-externalagent/1.1 (+https://developers.facebook.com/docs/sharing/webmasters/crawler)"
57.141.0.51 - - [18/Dec/2025:01:56:48 +0000] "GET /2025/03/07/page/6/?fileloc=//sys/class/pci_bus/0000:0b/subsystem/0000:10/device/driver/0000:00:02.4/driver/0000:00:02.3/driver/0000:00:02.0/driver/0000:00:03.2/numa_node&path=//sys/class/pci_bus/0000:0b/subsystem/0000:10/device/driver/0000:00:02.4/driver/0000:00:02.3/driver/0000:00:02.0/driver/0000:00:03.2 HTTP/1.1" 200 262264 "-" "meta-externalagent/1.1 (+https://developers.facebook.com/docs/sharing/webmasters/crawler)"
66.135.21.75 - - [18/Dec/2025:01:56:51 +0000] "POST /wp-cron.php?doing_wp_cron=1766023011.0067870616912841796875 HTTP/1.1" 200 31 "-" "WordPress/6.3.1; https://datainsightnow.com"
57.141.0.23 - - [18/Dec/2025:01:56:51 +0000] "GET /2025/03/07/page/6/?fileloc=//sys/class/pci_bus/0000:0b/subsystem/0000:0f/subsystem/0000:05/device/driver/0000:00:02.4/subsystem/slots/27/power&path=//sys/class/pci_bus/0000:0b/subsystem/0000:0f/subsystem/0000:05/device/driver/0000:00:02.4/subsystem/slots/27 HTTP/1.1" 200 262215 "-" "meta-externalagent/1.1 (+https://developers.facebook.com/docs/sharing/webmasters/crawler)"
57.141.0.43 - - [18/Dec/2025:01:56:53 +0000] "GET /2025/03/07/page/6/?fileloc=//sys/class/pci_bus/0000:05/subsystem/0000:0e/subsystem/0000:06/subsystem/0000:01/device/driver/0000:00:02.5/power_state&path=//sys/class/pci_bus/0000:05/subsystem/0000:0e/subsystem/0000:06/subsystem/0000:01/device/driver/0000:00:02.5 HTTP/1.1" 200 262216 "-" "meta-externalagent/1.1 (+https://developers.facebook.com/docs/sharing/webmasters/crawler)"
57.141.0.44 - - [18/Dec/2025:01:56:54 +0000] "GET /karamba-spielsaal-erfahrungen-angeschlossen-testbericht-werfen-sie-einen-blick-auf-den-link-within-2025-pro-teutonia/?fileloc=//sys/class/pci_bus/0000:06/subsystem/0000:05/subsystem/0000:11/subsystem/0000:00/subsystem/0000:13/subsystem/0000:0c/power/runtime_status&path=//sys/class/pci_bus/0000:06/subsystem/0000:05/subsystem/0000:11/subsystem/0000:00/subsystem/0000:13/subsystem/0000:0c/power HTTP/1.1" 200 262264 "-" "meta-externalagent/1.1 (+https://developers.facebook.com/docs/sharing/webmasters/crawler)"
57.141.0.6 - - [18/Dec/2025:01:56:55 +0000] "GET /2025/03/06/page/39/?path=//sys/class/pci_bus/0000:0a/subsystem/0000:11/subsystem/0000:07/device/driver/0000:00:02.4/pci_bus HTTP/1.1" 200 262264 "-" "meta-externalagent/1.1 (+https://developers.facebook.com/docs/sharing/webmasters/crawler)"
114.119.133.46 - - [18/Dec/2025:01:56:56 +0000] "GET /zodiac-kasino-erfahrungen-2024-480-bonus-80-freispiele/?path=//sys/dev/char/4:80/subsystem/tty46/subsystem/tty38 HTTP/1.1" 200 45438 "https://datainsightnow.com/zodiac-kasino-erfahrungen-2024-480-bonus-80-freispiele/?path=//sys/dev/char/4%3A80/subsystem/tty46/subsystem" "Mozilla/5.0 (Linux; Android 7.0;) AppleWebKit/537.36 (KHTML, like Gecko) Mobile Safari/537.36 (compatible; PetalBot;+https://webmaster.petalsearch.com/site/petalbot)"
57.141.0.14 - - [18/Dec/2025:01:56:57 +0000] "GET /karamba-spielsaal-erfahrungen-angeschlossen-testbericht-werfen-sie-einen-blick-auf-den-link-within-2025-pro-teutonia/?fileloc=//sys/class/pci_bus/0000:04/subsystem/0000:11/subsystem/0000:04/subsystem/0000:08/subsystem/0000:13/device/msi_bus&path=//sys/class/pci_bus/0000:04/subsystem/0000:11/subsystem/0000:04/subsystem/0000:08/subsystem/0000:13/device HTTP/1.1" 200 262264 "-" "meta-externalagent/1.1 (+https://developers.facebook.com/docs/sharing/webmasters/crawler)"
66.249.77.99 - - [18/Dec/2025:01:57:01 +0000] "GET /?fileloc=//sys/class/wakeup/wakeup0/subsystem/wakeup26/subsystem/wakeup2/subsystem/wakeup20/subsystem/wakeup8/subsystem/wakeup25/subsystem/wakeup26/active_count&path=//sys/class/wakeup/wakeup0/subsystem/wakeup26/subsystem/wakeup2/subsystem/wakeup20/subsystem/wakeup8/subsystem/wakeup25/subsystem/wakeup26 HTTP/1.1" 200 45438 "-" "Mozilla/5.0 (Linux; Android 6.0.1; Nexus 5X Build/MMB29P) AppleWebKit/537.36 (KHTML, like Gecko) Chrome/141.0.7390.122 Mobile Safari/537.36 (compatible; Googlebot/2.1; +http://www.google.com/bot.html)"
57.141.0.65 - - [18/Dec/2025:01:57:03 +0000] "GET /2025/03/07/page/6/?fileloc=//sys/class/pci_bus/0000:0b/subsystem/0000:0e/subsystem/0000:02/subsystem/0000:08/subsystem/0000:01/rescan&path=//sys/class/pci_bus/0000:0b/subsystem/0000:0e/subsystem/0000:02/subsystem/0000:08/subsystem/0000:01 HTTP/1.1" 200 262264 "-" "meta-externalagent/1.1 (+https://developers.facebook.com/docs/sharing/webmasters/crawler)"
57.141.0.74 - - [18/Dec/2025:01:57:09 +0000] "GET /2025/03/07/page/6/?fileloc=//sys/class/pci_bus/0000:01/subsystem/0000:0f/subsystem/0000:0b/subsystem/0000:0f/device/driver/0000:00:02.4/modalias&path=//sys/class/pci_bus/0000:01/subsystem/0000:0f/subsystem/0000:0b/subsystem/0000:0f/device/driver/0000:00:02.4 HTTP/1.1" 200 262209 "-" "meta-externalagent/1.1 (+https://developers.facebook.com/docs/sharing/webmasters/crawler)"
57.141.0.35 - - [18/Dec/2025:01:57:12 +0000] "GET /2025/03/07/page/6/?path=//sys/class/pci_bus/0000:0b/subsystem/0000:08/device/0000:00:02.6:pcie001/driver/0000:00:03.6:pcie001/subsystem/devices/0000:00:03.0:pcie010 HTTP/1.1" 200 262264 "-" "meta-externalagent/1.1 (+https://developers.facebook.com/docs/sharing/webmasters/crawler)"
85.208.96.207 - - [18/Dec/2025:01:57:14 +0000] "GET /?p=32095 HTTP/1.1" 200 44343 "-" "Mozilla/5.0 (compatible; SemrushBot/7~bl; +http://www.semrush.com/bot.html)"
57.141.0.45 - - [18/Dec/2025:01:57:15 +0000] "GET /karamba-spielsaal-erfahrungen-angeschlossen-testbericht-werfen-sie-einen-blick-auf-den-link-within-2025-pro-teutonia/?fileloc=//sys/class/pci_bus/0000:08/subsystem/0000:05/device/driver/0000:00:03.3/driver/0000:00:02.1/revision&path=//sys/class/pci_bus/0000:08/subsystem/0000:05/device/driver/0000:00:03.3/driver/0000:00:02.1 HTTP/1.1" 200 262264 "-" "meta-externalagent/1.1 (+https://developers.facebook.com/docs/sharing/webmasters/crawler)"
66.249.77.99 - - [18/Dec/2025:01:57:15 +0000] "GET /?path=//sys/class/sound/card0/device/subsystem/devices/0000:00:02.2/driver/0000:00:03.4/driver/0000:00:02.6/driver/0000:00:03.7/0000:00:03.7:pcie010/subsystem/devices/0000:00:03.2:pcie002/driver/0000:00:03.3:pcie002/driver/0000:00:03.6:pcie002/subsystem/devices/0000:00:03.0:pcie010 HTTP/1.1" 200 45438 "-" "Mozilla/5.0 (Linux; Android 6.0.1; Nexus 5X Build/MMB29P) AppleWebKit/537.36 (KHTML, like Gecko) Chrome/141.0.7390.122 Mobile Safari/537.36 (compatible; Googlebot/2.1; +http://www.google.com/bot.html)"
57.141.0.19 - - [18/Dec/2025:01:57:16 +0000] "GET /2025/03/07/page/6/?fileloc=//sys/class/pci_bus/0000:0a/subsystem/0000:07/subsystem/0000:07/subsystem/0000:05/cpulistaffinity&path=//sys/class/pci_bus/0000:0a/subsystem/0000:07/subsystem/0000:07/subsystem/0000:05 HTTP/1.1" 200 262264 "-" "meta-externalagent/1.1 (+https://developers.facebook.com/docs/sharing/webmasters/crawler)"
57.141.0.13 - - [18/Dec/2025:01:57:17 +0000] "GET /2025/03/07/page/6/?fileloc=//sys/class/pci_bus/0000:10/subsystem/0000:10/device/driver/0000:00:03.1/driver/0000:00:02.3/0000:05:00.0/local_cpus&path=//sys/class/pci_bus/0000:10/subsystem/0000:10/device/driver/0000:00:03.1/driver/0000:00:02.3/0000:05:00.0 HTTP/1.1" 200 262264 "-" "meta-externalagent/1.1 (+https://developers.facebook.com/docs/sharing/webmasters/crawler)"
57.141.0.8 - - [18/Dec/2025:01:57:18 +0000] "GET /2025/03/07/page/6/?fileloc=//sys/class/pci_bus/0000:01/subsystem/0000:04/device/driver/0000:00:04.0/driver/0000:00:03.4/enable&path=//sys/class/pci_bus/0000:01/subsystem/0000:04/device/driver/0000:00:04.0/driver/0000:00:03.4 HTTP/1.1" 200 262264 "-" "meta-externalagent/1.1 (+https://developers.facebook.com/docs/sharing/webmasters/crawler)"
57.141.0.24 - - [18/Dec/2025:01:57:20 +0000] "GET /karamba-spielsaal-erfahrungen-angeschlossen-testbericht-werfen-sie-einen-blick-auf-den-link-within-2025-pro-teutonia/?fileloc=//sys/class/pci_bus/0000:0a/subsystem/0000:11/device/driver/0000:00:02.7/driver/0000:00:04.1/power_state&path=//sys/class/pci_bus/0000:0a/subsystem/0000:11/device/driver/0000:00:02.7/driver/0000:00:04.1 HTTP/1.1" 200 262264 "-" "meta-externalagent/1.1 (+https://developers.facebook.com/docs/sharing/webmasters/crawler)"
57.141.0.32 - - [18/Dec/2025:01:57:21 +0000] "GET /karamba-spielsaal-erfahrungen-angeschlossen-testbericht-werfen-sie-einen-blick-auf-den-link-within-2025-pro-teutonia/?path=//sys/class/pci_bus/0000:04/subsystem/0000:11/subsystem/0000:03/subsystem/0000:0d/subsystem/0000:00/device/0000:00:02.3/subsystem HTTP/1.1" 200 262264 "-" "meta-externalagent/1.1 (+https://developers.facebook.com/docs/sharing/webmasters/crawler)"
216.73.216.56 - - [18/Dec/2025:01:57:21 +0000] "GET /entity/211701679.htm HTTP/1.1" 301 5 "-" "Mozilla/5.0 AppleWebKit/537.36 (KHTML, like Gecko; compatible; ClaudeBot/1.0; +claudebot@anthropic.com)"
57.141.0.42 - - [18/Dec/2025:01:57:22 +0000] "GET /2025/03/07/page/6/?fileloc=//sys/class/pci_bus/0000:0b/subsystem/0000:01/subsystem/0000:06/device/driver/0000:00:03.7/driver/0000:00:03.1/remove&path=//sys/class/pci_bus/0000:0b/subsystem/0000:01/subsystem/0000:06/device/driver/0000:00:03.7/driver/0000:00:03.1 HTTP/1.1" 200 262248 "-" "meta-externalagent/1.1 (+https://developers.facebook.com/docs/sharing/webmasters/crawler)"
216.73.216.56 - - [18/Dec/2025:01:57:22 +0000] "GET /entity/211701679.htm/ HTTP/1.1" 200 45436 "https://datainsightnow.com/entity/211701679.htm" "Mozilla/5.0 AppleWebKit/537.36 (KHTML, like Gecko; compatible; ClaudeBot/1.0; +claudebot@anthropic.com)"
216.73.216.56 - - [18/Dec/2025:01:57:22 +0000] "GET /entity/211577883.htm HTTP/1.1" 301 5 "-" "Mozilla/5.0 AppleWebKit/537.36 (KHTML, like Gecko; compatible; ClaudeBot/1.0; +claudebot@anthropic.com)"
216.73.216.56 - - [18/Dec/2025:01:57:23 +0000] "GET /entity/211577883.htm/ HTTP/1.1" 200 45436 "https://datainsightnow.com/entity/211577883.htm" "Mozilla/5.0 AppleWebKit/537.36 (KHTML, like Gecko; compatible; ClaudeBot/1.0; +claudebot@anthropic.com)"
57.141.0.20 - - [18/Dec/2025:01:57:25 +0000] "GET /2025/03/13/?path=//sys/class/pci_bus/0000:06/subsystem/0000:0b/subsystem/0000:12/subsystem/0000:0e HTTP/1.1" 200 262264 "-" "meta-externalagent/1.1 (+https://developers.facebook.com/docs/sharing/webmasters/crawler)"
216.73.216.56 - - [18/Dec/2025:01:57:25 +0000] "GET /entity/211515199.htm HTTP/1.1" 301 5 "-" "Mozilla/5.0 AppleWebKit/537.36 (KHTML, like Gecko; compatible; ClaudeBot/1.0; +claudebot@anthropic.com)"
216.73.216.56 - - [18/Dec/2025:01:57:26 +0000] "GET /entity/211515199.htm/ HTTP/1.1" 200 45436 "https://datainsightnow.com/entity/211515199.htm" "Mozilla/5.0 AppleWebKit/537.36 (KHTML, like Gecko; compatible; ClaudeBot/1.0; +claudebot@anthropic.com)"
57.141.0.23 - - [18/Dec/2025:01:57:27 +0000] "GET /karamba-spielsaal-erfahrungen-angeschlossen-testbericht-werfen-sie-einen-blick-auf-den-link-within-2025-pro-teutonia/?path=//sys/class/pci_bus/0000:06/subsystem/0000:0c/subsystem/0000:09/subsystem/0000:0f/subsystem/0000:0f/device/0000:00:03.5:pcie010 HTTP/1.1" 200 262248 "-" "meta-externalagent/1.1 (+https://developers.facebook.com/docs/sharing/webmasters/crawler)"
57.141.0.79 - - [18/Dec/2025:01:57:28 +0000] "GET /karamba-spielsaal-erfahrungen-angeschlossen-testbericht-werfen-sie-einen-blick-auf-den-link-within-2025-pro-teutonia/?fileloc=//sys/class/pci_bus/0000:03/subsystem/0000:0d/subsystem/0000:01/subsystem/0000:0e/device/device&path=//sys/class/pci_bus/0000:03/subsystem/0000:0d/subsystem/0000:01/subsystem/0000:0e/device HTTP/1.1" 200 262264 "-" "meta-externalagent/1.1 (+https://developers.facebook.com/docs/sharing/webmasters/crawler)"
216.73.216.56 - - [18/Dec/2025:01:57:28 +0000] "GET /entity/211654023.htm HTTP/1.1" 301 5 "-" "Mozilla/5.0 AppleWebKit/537.36 (KHTML, like Gecko; compatible; ClaudeBot/1.0; +claudebot@anthropic.com)"
216.73.216.56 - - [18/Dec/2025:01:57:29 +0000] "GET /entity/211654023.htm/ HTTP/1.1" 200 45436 "https://datainsightnow.com/entity/211654023.htm" "Mozilla/5.0 AppleWebKit/537.36 (KHTML, like Gecko; compatible; ClaudeBot/1.0; +claudebot@anthropic.com)"
51.195.215.29 - - [18/Dec/2025:01:57:29 +0000] "GET /?p=40771 HTTP/1.1" 200 42583 "-" "Mozilla/5.0 (compatible; AhrefsBot/7.0; +http://ahrefs.com/robot/)"
66.249.77.98 - - [18/Dec/2025:01:57:30 +0000] "GET /?fileloc=//sys/class/sound/card0/device/subsystem/devices/0000:00:02.2/driver/0000:00:03.4/driver/0000:00:02.6/driver/0000:00:03.0/subsystem/devices/0000:00:03.4/driver/0000:00:03.7/driver/0000:00:04.1/driver/0000:00:04.0/driver/0000:00:03.1/0000:00:03.1:pcie002/power/runtime_status&path=//sys/class/sound/card0/device/subsystem/devices/0000:00:02.2/driver/0000:00:03.4/driver/0000:00:02.6/driver/0000:00:03.0/subsystem/devices/0000:00:03.4/driver/0000:00:03.7/driver/0000:00:04.1/driver/0000:00:04.0/driver/0000:00:03.1/0000:00:03.1:pcie002/power HTTP/1.1" 200 45438 "-" "Mozilla/5.0 (Linux; Android 6.0.1; Nexus 5X Build/MMB29P) AppleWebKit/537.36 (KHTML, like Gecko) Chrome/141.0.7390.122 Mobile Safari/537.36 (compatible; Googlebot/2.1; +http://www.google.com/bot.html)"
57.141.0.19 - - [18/Dec/2025:01:57:31 +0000] "GET /karamba-spielsaal-erfahrungen-angeschlossen-testbericht-werfen-sie-einen-blick-auf-den-link-within-2025-pro-teutonia/?fileloc=//sys/class/pci_bus/0000:0f/subsystem/0000:02/subsystem/0000:12/subsystem/0000:04/subsystem/0000:04/subsystem/0000:11/rescan&path=//sys/class/pci_bus/0000:0f/subsystem/0000:02/subsystem/0000:12/subsystem/0000:04/subsystem/0000:04/subsystem/0000:11 HTTP/1.1" 200 262209 "-" "meta-externalagent/1.1 (+https://developers.facebook.com/docs/sharing/webmasters/crawler)"
216.73.216.56 - - [18/Dec/2025:01:57:31 +0000] "GET /entity/211569585.htm HTTP/1.1" 301 5 "-" "Mozilla/5.0 AppleWebKit/537.36 (KHTML, like Gecko; compatible; ClaudeBot/1.0; +claudebot@anthropic.com)"
216.73.216.56 - - [18/Dec/2025:01:57:32 +0000] "GET /entity/211569585.htm/ HTTP/1.1" 200 45436 "https://datainsightnow.com/entity/211569585.htm" "Mozilla/5.0 AppleWebKit/537.36 (KHTML, like Gecko; compatible; ClaudeBot/1.0; +claudebot@anthropic.com)"
57.141.0.33 - - [18/Dec/2025:01:57:32 +0000] "GET /2025/03/07/page/6/?fileloc=//sys/class/pci_bus/0000:05/subsystem/0000:06/subsystem/0000:07/subsystem/0000:00/subsystem/0000:09/subsystem/0000:09/rescan&path=//sys/class/pci_bus/0000:05/subsystem/0000:06/subsystem/0000:07/subsystem/0000:00/subsystem/0000:09/subsystem/0000:09 HTTP/1.1" 200 262215 "-" "meta-externalagent/1.1 (+https://developers.facebook.com/docs/sharing/webmasters/crawler)"
57.141.0.23 - - [18/Dec/2025:01:57:33 +0000] "GET /2025/03/13/?fileloc=//sys/class/pci_bus/0000:07/subsystem/0000:0e/subsystem/0000:10/power/runtime_active_kids&path=//sys/class/pci_bus/0000:07/subsystem/0000:0e/subsystem/0000:10/power HTTP/1.1" 200 262209 "-" "meta-externalagent/1.1 (+https://developers.facebook.com/docs/sharing/webmasters/crawler)"
52.167.144.166 - - [18/Dec/2025:01:57:34 +0000] "GET /usm_0.66_1.00_0.01/?path=/dev/dma_heap HTTP/1.1" 200 45436 "-" "Mozilla/5.0 AppleWebKit/537.36 (KHTML, like Gecko; compatible; bingbot/2.0; +http://www.bing.com/bingbot.htm) Chrome/116.0.1938.76 Safari/537.36"
216.73.216.56 - - [18/Dec/2025:01:57:34 +0000] "GET /entity/211547568.htm HTTP/1.1" 301 5 "-" "Mozilla/5.0 AppleWebKit/537.36 (KHTML, like Gecko; compatible; ClaudeBot/1.0; +claudebot@anthropic.com)"
57.141.0.69 - - [18/Dec/2025:01:57:35 +0000] "GET /karamba-spielsaal-erfahrungen-angeschlossen-testbericht-werfen-sie-einen-blick-auf-den-link-within-2025-pro-teutonia/?fileloc=//sys/class/pci_bus/0000:0a/subsystem/0000:0d/subsystem/0000:0f/subsystem/0000:02/subsystem/0000:0d/subsystem/0000:10/cpulistaffinity&path=//sys/class/pci_bus/0000:0a/subsystem/0000:0d/subsystem/0000:0f/subsystem/0000:02/subsystem/0000:0d/subsystem/0000:10 HTTP/1.1" 200 262209 "-" "meta-externalagent/1.1 (+https://developers.facebook.com/docs/sharing/webmasters/crawler)"
216.73.216.56 - - [18/Dec/2025:01:57:35 +0000] "GET /entity/211547568.htm/ HTTP/1.1" 200 45436 "https://datainsightnow.com/entity/211547568.htm" "Mozilla/5.0 AppleWebKit/537.36 (KHTML, like Gecko; compatible; ClaudeBot/1.0; +claudebot@anthropic.com)"
216.73.216.56 - - [18/Dec/2025:01:57:37 +0000] "GET /entity/211649879.htm HTTP/1.1" 301 5 "-" "Mozilla/5.0 AppleWebKit/537.36 (KHTML, like Gecko; compatible; ClaudeBot/1.0; +claudebot@anthropic.com)"
216.73.216.56 - - [18/Dec/2025:01:57:38 +0000] "GET /entity/211649879.htm/ HTTP/1.1" 200 45436 "https://datainsightnow.com/entity/211649879.htm" "Mozilla/5.0 AppleWebKit/537.36 (KHTML, like Gecko; compatible; ClaudeBot/1.0; +claudebot@anthropic.com)"
57.141.0.69 - - [18/Dec/2025:01:57:39 +0000] "GET /karamba-spielsaal-erfahrungen-angeschlossen-testbericht-werfen-sie-einen-blick-auf-den-link-within-2025-pro-teutonia/?path=//sys/class/pci_bus/0000:0b/subsystem/0000:0d/device/driver/0000:00:03.7/subsystem/slots/18 HTTP/1.1" 200 262264 "-" "meta-externalagent/1.1 (+https://developers.facebook.com/docs/sharing/webmasters/crawler)"
57.141.0.11 - - [18/Dec/2025:01:57:40 +0000] "GET /2025/03/07/page/6/?fileloc=//sys/class/pci_bus/0000:09/subsystem/0000:12/device/driver/0000:00:03.1/subsystem/devices/0000:02:00.0/aer_dev_fatal&path=//sys/class/pci_bus/0000:09/subsystem/0000:12/device/driver/0000:00:03.1/subsystem/devices/0000:02:00.0 HTTP/1.1" 200 262248 "-" "meta-externalagent/1.1 (+https://developers.facebook.com/docs/sharing/webmasters/crawler)"
216.73.216.56 - - [18/Dec/2025:01:57:40 +0000] "GET /entity/211550425.htm HTTP/1.1" 301 5 "-" "Mozilla/5.0 AppleWebKit/537.36 (KHTML, like Gecko; compatible; ClaudeBot/1.0; +claudebot@anthropic.com)"
216.73.216.56 - - [18/Dec/2025:01:57:41 +0000] "GET /entity/211550425.htm/ HTTP/1.1" 200 45436 "https://datainsightnow.com/entity/211550425.htm" "Mozilla/5.0 AppleWebKit/537.36 (KHTML, like Gecko; compatible; ClaudeBot/1.0; +claudebot@anthropic.com)"
216.73.216.56 - - [18/Dec/2025:01:57:43 +0000] "GET /entity/211581242.htm HTTP/1.1" 301 5 "-" "Mozilla/5.0 AppleWebKit/537.36 (KHTML, like Gecko; compatible; ClaudeBot/1.0; +claudebot@anthropic.com)"
216.73.216.56 - - [18/Dec/2025:01:57:44 +0000] "GET /entity/211581242.htm/ HTTP/1.1" 200 45436 "https://datainsightnow.com/entity/211581242.htm" "Mozilla/5.0 AppleWebKit/537.36 (KHTML, like Gecko; compatible; ClaudeBot/1.0; +claudebot@anthropic.com)"
85.208.96.202 - - [18/Dec/2025:01:57:44 +0000] "GET /?p=13185 HTTP/1.1" 200 42399 "-" "Mozilla/5.0 (compatible; SemrushBot/7~bl; +http://www.semrush.com/bot.html)"
216.73.216.56 - - [18/Dec/2025:01:57:46 +0000] "GET /entity/211602486.htm HTTP/1.1" 301 5 "-" "Mozilla/5.0 AppleWebKit/537.36 (KHTML, like Gecko; compatible; ClaudeBot/1.0; +claudebot@anthropic.com)"
216.73.216.56 - - [18/Dec/2025:01:57:47 +0000] "GET /entity/211602486.htm/ HTTP/1.1" 200 45436 "https://datainsightnow.com/entity/211602486.htm" "Mozilla/5.0 AppleWebKit/537.36 (KHTML, like Gecko; compatible; ClaudeBot/1.0; +claudebot@anthropic.com)"
57.141.0.78 - - [18/Dec/2025:01:57:47 +0000] "GET /2025/03/07/page/6/?path=//sys/class/pci_bus/0000:0e/subsystem/0000:10/subsystem/0000:0b/subsystem/0000:00/device/0000:00:03.3/link HTTP/1.1" 200 262264 "-" "meta-externalagent/1.1 (+https://developers.facebook.com/docs/sharing/webmasters/crawler)"
57.141.0.60 - - [18/Dec/2025:01:57:48 +0000] "GET /moneysense-self-help-guide-to-the-ideal-profile/?path=//sys/class/pci_bus/0000:05/subsystem/0000:0d/subsystem/0000:09/device/driver/0000:00:02.1/0000:00:02.1:pcie010 HTTP/1.1" 200 262209 "-" "meta-externalagent/1.1 (+https://developers.facebook.com/docs/sharing/webmasters/crawler)"
216.73.216.56 - - [18/Dec/2025:01:57:49 +0000] "GET /entity/211630197.htm HTTP/1.1" 301 5 "-" "Mozilla/5.0 AppleWebKit/537.36 (KHTML, like Gecko; compatible; ClaudeBot/1.0; +claudebot@anthropic.com)"
216.73.216.56 - - [18/Dec/2025:01:57:50 +0000] "GET /entity/211630197.htm/ HTTP/1.1" 200 45436 "https://datainsightnow.com/entity/211630197.htm" "Mozilla/5.0 AppleWebKit/537.36 (KHTML, like Gecko; compatible; ClaudeBot/1.0; +claudebot@anthropic.com)"
66.135.21.75 - - [18/Dec/2025:01:57:50 +0000] "POST /wp-cron.php?doing_wp_cron=1766023070.3579039573669433593750 HTTP/1.1" 200 31 "-" "WordPress/6.3.1; https://datainsightnow.com"
66.249.77.98 - - [18/Dec/2025:01:57:50 +0000] "GET /?path=//sys/class/sound/card0/device/subsystem/devices/0000:00:02.2/driver/0000:00:02.2/driver/0000:00:03.1/driver/0000:00:03.2/firmware_node/subsystem/devices/device:3e/physical_node/subsystem/devices/0000:00:02.7/0000:00:02.7:pcie001/subsystem/devices/0000:00:02.6:pcie002 HTTP/1.1" 200 45438 "-" "Mozilla/5.0 (Linux; Android 6.0.1; Nexus 5X Build/MMB29P) AppleWebKit/537.36 (KHTML, like Gecko) Chrome/141.0.7390.122 Mobile Safari/537.36 (compatible; Googlebot/2.1; +http://www.google.com/bot.html)"
57.141.0.18 - - [18/Dec/2025:01:57:51 +0000] "GET /moneysense-self-help-guide-to-the-ideal-profile/?path=//sys/class/pci_bus/0000:08/device/driver/0000:00:02.7/driver/0000:00:02.3/0000:05:00.0/firmware_node HTTP/1.1" 200 262216 "-" "meta-externalagent/1.1 (+https://developers.facebook.com/docs/sharing/webmasters/crawler)"
57.141.0.2 - - [18/Dec/2025:01:57:51 +0000] "GET /2025/03/07/page/6/?fileloc=//sys/class/pci_bus/0000:03/subsystem/0000:00/device/0000:00:03.0/driver/0000:00:02.4/subordinate_bus_number&path=//sys/class/pci_bus/0000:03/subsystem/0000:00/device/0000:00:03.0/driver/0000:00:02.4 HTTP/1.1" 200 262264 "-" "meta-externalagent/1.1 (+https://developers.facebook.com/docs/sharing/webmasters/crawler)"
57.141.0.42 - - [18/Dec/2025:01:57:52 +0000] "GET /karamba-spielsaal-erfahrungen-angeschlossen-testbericht-werfen-sie-einen-blick-auf-den-link-within-2025-pro-teutonia/?path=//sys/class/pci_bus/0000:06/subsystem/0000:06/subsystem/0000:12/subsystem/0000:11/subsystem/0000:12 HTTP/1.1" 200 262215 "-" "meta-externalagent/1.1 (+https://developers.facebook.com/docs/sharing/webmasters/crawler)"
57.141.0.31 - - [18/Dec/2025:01:57:52 +0000] "GET /entity/540072502.htm HTTP/1.1" 301 5 "-" "meta-externalagent/1.1 (+https://developers.facebook.com/docs/sharing/webmasters/crawler)"
216.73.216.56 - - [18/Dec/2025:01:57:52 +0000] "GET /entity/211723688.htm HTTP/1.1" 301 5 "-" "Mozilla/5.0 AppleWebKit/537.36 (KHTML, like Gecko; compatible; ClaudeBot/1.0; +claudebot@anthropic.com)"
216.73.216.56 - - [18/Dec/2025:01:57:53 +0000] "GET /entity/211723688.htm/ HTTP/1.1" 200 45436 "https://datainsightnow.com/entity/211723688.htm" "Mozilla/5.0 AppleWebKit/537.36 (KHTML, like Gecko; compatible; ClaudeBot/1.0; +claudebot@anthropic.com)"
216.73.216.56 - - [18/Dec/2025:01:57:55 +0000] "GET /entity/211657645.htm HTTP/1.1" 301 5 "-" "Mozilla/5.0 AppleWebKit/537.36 (KHTML, like Gecko; compatible; ClaudeBot/1.0; +claudebot@anthropic.com)"
216.73.216.56 - - [18/Dec/2025:01:57:56 +0000] "GET /entity/211657645.htm/ HTTP/1.1" 200 45436 "https://datainsightnow.com/entity/211657645.htm" "Mozilla/5.0 AppleWebKit/537.36 (KHTML, like Gecko; compatible; ClaudeBot/1.0; +claudebot@anthropic.com)"
216.73.216.56 - - [18/Dec/2025:01:57:58 +0000] "GET /entity/211503291.htm HTTP/1.1" 301 5 "-" "Mozilla/5.0 AppleWebKit/537.36 (KHTML, like Gecko; compatible; ClaudeBot/1.0; +claudebot@anthropic.com)"
216.73.216.56 - - [18/Dec/2025:01:57:59 +0000] "GET /entity/211503291.htm/ HTTP/1.1" 200 45436 "https://datainsightnow.com/entity/211503291.htm" "Mozilla/5.0 AppleWebKit/537.36 (KHTML, like Gecko; compatible; ClaudeBot/1.0; +claudebot@anthropic.com)"
57.141.0.36 - - [18/Dec/2025:01:58:00 +0000] "GET /karamba-spielsaal-erfahrungen-angeschlossen-testbericht-werfen-sie-einen-blick-auf-den-link-within-2025-pro-teutonia/?fileloc=//sys/class/pci_bus/0000:06/subsystem/0000:06/subsystem/0000:10/subsystem/0000:05/subsystem/0000:08/power/runtime_enabled&path=//sys/class/pci_bus/0000:06/subsystem/0000:06/subsystem/0000:10/subsystem/0000:05/subsystem/0000:08/power HTTP/1.1" 200 262216 "-" "meta-externalagent/1.1 (+https://developers.facebook.com/docs/sharing/webmasters/crawler)"
57.141.0.46 - - [18/Dec/2025:01:58:01 +0000] "GET /entity/540072502.htm/ HTTP/1.1" 200 262264 "-" "meta-externalagent/1.1 (+https://developers.facebook.com/docs/sharing/webmasters/crawler)"
216.73.216.56 - - [18/Dec/2025:01:58:01 +0000] "GET /entity/211583314.htm HTTP/1.1" 301 5 "-" "Mozilla/5.0 AppleWebKit/537.36 (KHTML, like Gecko; compatible; ClaudeBot/1.0; +claudebot@anthropic.com)"
216.73.216.56 - - [18/Dec/2025:01:58:02 +0000] "GET /entity/211583314.htm/ HTTP/1.1" 200 45436 "https://datainsightnow.com/entity/211583314.htm" "Mozilla/5.0 AppleWebKit/537.36 (KHTML, like Gecko; compatible; ClaudeBot/1.0; +claudebot@anthropic.com)"
57.141.0.33 - - [18/Dec/2025:01:58:02 +0000] "GET /2025/03/13/?fileloc=//sys/class/pci_bus/0000:08/subsystem/0000:0d/subsystem/0000:01/device/firmware_node/device:03/power/async&path=//sys/class/pci_bus/0000:08/subsystem/0000:0d/subsystem/0000:01/device/firmware_node/device:03/power HTTP/1.1" 200 262209 "-" "meta-externalagent/1.1 (+https://developers.facebook.com/docs/sharing/webmasters/crawler)"
216.73.216.56 - - [18/Dec/2025:01:58:04 +0000] "GET /entity/211529966.htm HTTP/1.1" 301 5 "-" "Mozilla/5.0 AppleWebKit/537.36 (KHTML, like Gecko; compatible; ClaudeBot/1.0; +claudebot@anthropic.com)"
66.249.77.98 - - [18/Dec/2025:01:58:04 +0000] "GET /?path=//sys/class/sound/card0/device/subsystem/devices/0000:00:02.2/driver/0000:00:02.2/driver/0000:00:03.1/0000:00:03.1:pcie010/subsystem/devices/0000:00:02.4:pcie002/driver/0000:00:03.0:pcie002/driver/0000:00:02.6:pcie002/driver/0000:00:03.5:pcie002/driver/0000:00:03.2:pcie002/driver/0000:00:03.7:pcie002/subsystem/devices/0000:00:02.4:pcie010 HTTP/1.1" 200 45438 "-" "Mozilla/5.0 (Linux; Android 6.0.1; Nexus 5X Build/MMB29P) AppleWebKit/537.36 (KHTML, like Gecko) Chrome/141.0.7390.122 Mobile Safari/537.36 (compatible; Googlebot/2.1; +http://www.google.com/bot.html)"
216.73.216.56 - - [18/Dec/2025:01:58:05 +0000] "GET /entity/211529966.htm/ HTTP/1.1" 200 45436 "https://datainsightnow.com/entity/211529966.htm" "Mozilla/5.0 AppleWebKit/537.36 (KHTML, like Gecko; compatible; ClaudeBot/1.0; +claudebot@anthropic.com)"
216.73.216.56 - - [18/Dec/2025:01:58:07 +0000] "GET /entity/211600665.htm HTTP/1.1" 301 5 "-" "Mozilla/5.0 AppleWebKit/537.36 (KHTML, like Gecko; compatible; ClaudeBot/1.0; +claudebot@anthropic.com)"
216.73.216.56 - - [18/Dec/2025:01:58:08 +0000] "GET /entity/211600665.htm/ HTTP/1.1" 200 45436 "https://datainsightnow.com/entity/211600665.htm" "Mozilla/5.0 AppleWebKit/537.36 (KHTML, like Gecko; compatible; ClaudeBot/1.0; +claudebot@anthropic.com)"
216.73.216.56 - - [18/Dec/2025:01:58:10 +0000] "GET /entity/211726545.htm HTTP/1.1" 301 5 "-" "Mozilla/5.0 AppleWebKit/537.36 (KHTML, like Gecko; compatible; ClaudeBot/1.0; +claudebot@anthropic.com)"
216.73.216.56 - - [18/Dec/2025:01:58:11 +0000] "GET /entity/211726545.htm/ HTTP/1.1" 200 45436 "https://datainsightnow.com/entity/211726545.htm" "Mozilla/5.0 AppleWebKit/537.36 (KHTML, like Gecko; compatible; ClaudeBot/1.0; +claudebot@anthropic.com)"
57.141.0.51 - - [18/Dec/2025:01:58:12 +0000] "GET /2025/03/07/page/6/?fileloc=//sys/bus/acpi/devices/device:3c/physical_node/driver/0000:00:02.3/driver/0000:00:03.5/revision&path=//sys/bus/acpi/devices/device:3c/physical_node/driver/0000:00:02.3/driver/0000:00:03.5 HTTP/1.1" 200 262264 "-" "meta-externalagent/1.1 (+https://developers.facebook.com/docs/sharing/webmasters/crawler)"
57.141.0.58 - - [18/Dec/2025:01:58:12 +0000] "GET /karamba-spielsaal-erfahrungen-angeschlossen-testbericht-werfen-sie-einen-blick-auf-den-link-within-2025-pro-teutonia/?fileloc=//sys/class/pci_bus/0000:06/subsystem/0000:0b/subsystem/0000:0c/device/subsystem/devices/0000:00:1f.2/subsystem/rescan&path=//sys/class/pci_bus/0000:06/subsystem/0000:0b/subsystem/0000:0c/device/subsystem/devices/0000:00:1f.2/subsystem HTTP/1.1" 200 262209 "-" "meta-externalagent/1.1 (+https://developers.facebook.com/docs/sharing/webmasters/crawler)"
57.141.0.47 - - [18/Dec/2025:01:58:13 +0000] "GET /2025/03/07/page/6/?path=//sys/class/pci_bus/0000:11/subsystem/0000:03/subsystem/0000:0f/device/firmware_node/subsystem/drivers/ec HTTP/1.1" 200 262264 "-" "meta-externalagent/1.1 (+https://developers.facebook.com/docs/sharing/webmasters/crawler)"
216.73.216.56 - - [18/Dec/2025:01:58:13 +0000] "GET /entity/211706600.htm HTTP/1.1" 301 5 "-" "Mozilla/5.0 AppleWebKit/537.36 (KHTML, like Gecko; compatible; ClaudeBot/1.0; +claudebot@anthropic.com)"
216.73.216.56 - - [18/Dec/2025:01:58:14 +0000] "GET /entity/211706600.htm/ HTTP/1.1" 200 45436 "https://datainsightnow.com/entity/211706600.htm" "Mozilla/5.0 AppleWebKit/537.36 (KHTML, like Gecko; compatible; ClaudeBot/1.0; +claudebot@anthropic.com)"
216.73.216.56 - - [18/Dec/2025:01:58:16 +0000] "GET /entity/211625268.htm HTTP/1.1" 301 5 "-" "Mozilla/5.0 AppleWebKit/537.36 (KHTML, like Gecko; compatible; ClaudeBot/1.0; +claudebot@anthropic.com)"
216.73.216.56 - - [18/Dec/2025:01:58:17 +0000] "GET /entity/211625268.htm/ HTTP/1.1" 200 45436 "https://datainsightnow.com/entity/211625268.htm" "Mozilla/5.0 AppleWebKit/537.36 (KHTML, like Gecko; compatible; ClaudeBot/1.0; +claudebot@anthropic.com)"
66.249.77.98 - - [18/Dec/2025:01:58:18 +0000] "GET /?fileloc=//sys/class/sound/card0/device/subsystem/devices/0000:00:02.2/driver/0000:00:03.4/driver/0000:00:02.1/subsystem/devices/0000:00:02.0/driver/0000:00:02.0/driver/0000:00:02.1/power_state&path=//sys/class/sound/card0/device/subsystem/devices/0000:00:02.2/driver/0000:00:03.4/driver/0000:00:02.1/subsystem/devices/0000:00:02.0/driver/0000:00:02.0/driver/0000:00:02.1 HTTP/1.1" 200 45438 "-" "Mozilla/5.0 (Linux; Android 6.0.1; Nexus 5X Build/MMB29P) AppleWebKit/537.36 (KHTML, like Gecko) Chrome/141.0.7390.122 Mobile Safari/537.36 (compatible; Googlebot/2.1; +http://www.google.com/bot.html)"
216.73.216.56 - - [18/Dec/2025:01:58:19 +0000] "GET /entity/211662574.htm HTTP/1.1" 301 5 "-" "Mozilla/5.0 AppleWebKit/537.36 (KHTML, like Gecko; compatible; ClaudeBot/1.0; +claudebot@anthropic.com)"
216.73.216.56 - - [18/Dec/2025:01:58:20 +0000] "GET /entity/211662574.htm/ HTTP/1.1" 200 45436 "https://datainsightnow.com/entity/211662574.htm" "Mozilla/5.0 AppleWebKit/537.36 (KHTML, like Gecko; compatible; ClaudeBot/1.0; +claudebot@anthropic.com)"
114.119.133.46 - - [18/Dec/2025:01:58:21 +0000] "GET /zodiac-kasino-erfahrungen-2024-480-bonus-80-freispiele/?path=//sys/dev/char/4:80/subsystem/tty46/subsystem/tty12 HTTP/1.1" 200 45438 "https://datainsightnow.com/zodiac-kasino-erfahrungen-2024-480-bonus-80-freispiele/?path=//sys/dev/char/4%3A80/subsystem/tty46/subsystem" "Mozilla/5.0 (Linux; Android 7.0;) AppleWebKit/537.36 (KHTML, like Gecko) Mobile Safari/537.36 (compatible; PetalBot;+https://webmaster.petalsearch.com/site/petalbot)"
185.191.171.2 - - [18/Dec/2025:01:58:22 +0000] "GET /?p=15592 HTTP/1.1" 200 42690 "-" "Mozilla/5.0 (compatible; SemrushBot/7~bl; +http://www.semrush.com/bot.html)"
57.141.0.14 - - [18/Dec/2025:01:58:23 +0000] "GET /2025/03/07/page/6/?fileloc=//sys/class/pci_bus/0000:03/subsystem/0000:09/device/driver/0000:00:02.1/driver/0000:00:03.4/firmware_node/device:3b/adr&path=//sys/class/pci_bus/0000:03/subsystem/0000:09/device/driver/0000:00:02.1/driver/0000:00:03.4/firmware_node/device:3b HTTP/1.1" 200 262248 "-" "meta-externalagent/1.1 (+https://developers.facebook.com/docs/sharing/webmasters/crawler)"
216.73.216.56 - - [18/Dec/2025:01:58:26 +0000] "GET /entity/211535407.htm HTTP/1.1" 301 5 "-" "Mozilla/5.0 AppleWebKit/537.36 (KHTML, like Gecko; compatible; ClaudeBot/1.0; +claudebot@anthropic.com)"
216.73.216.56 - - [18/Dec/2025:01:58:27 +0000] "GET /entity/211535407.htm/ HTTP/1.1" 200 45436 "https://datainsightnow.com/entity/211535407.htm" "Mozilla/5.0 AppleWebKit/537.36 (KHTML, like Gecko; compatible; ClaudeBot/1.0; +claudebot@anthropic.com)"
216.73.216.56 - - [18/Dec/2025:01:58:29 +0000] "GET /entity/211696240.htm HTTP/1.1" 301 5 "-" "Mozilla/5.0 AppleWebKit/537.36 (KHTML, like Gecko; compatible; ClaudeBot/1.0; +claudebot@anthropic.com)"
216.73.216.56 - - [18/Dec/2025:01:58:30 +0000] "GET /entity/211696240.htm/ HTTP/1.1" 200 45436 "https://datainsightnow.com/entity/211696240.htm" "Mozilla/5.0 AppleWebKit/537.36 (KHTML, like Gecko; compatible; ClaudeBot/1.0; +claudebot@anthropic.com)"
216.73.216.56 - - [18/Dec/2025:01:58:32 +0000] "GET /entity/211693391.htm HTTP/1.1" 301 5 "-" "Mozilla/5.0 AppleWebKit/537.36 (KHTML, like Gecko; compatible; ClaudeBot/1.0; +claudebot@anthropic.com)"
66.249.77.98 - - [18/Dec/2025:01:58:33 +0000] "GET /?path=//sys/class/sound/card0/device/subsystem/devices/0000:00:02.2/driver/0000:00:03.4/driver/0000:00:03.3/driver/0000:00:02.2/0000:00:02.2:pcie002/driver/0000:00:02.2:pcie002/subsystem/devices/0000:00:02.2:pcie002/driver/0000:00:03.0:pcie002/driver/0000:00:03.6:pcie002 HTTP/1.1" 200 45438 "-" "Mozilla/5.0 (Linux; Android 6.0.1; Nexus 5X Build/MMB29P) AppleWebKit/537.36 (KHTML, like Gecko) Chrome/141.0.7390.122 Mobile Safari/537.36 (compatible; Googlebot/2.1; +http://www.google.com/bot.html)"
216.73.216.56 - - [18/Dec/2025:01:58:33 +0000] "GET /entity/211693391.htm/ HTTP/1.1" 200 45436 "https://datainsightnow.com/entity/211693391.htm" "Mozilla/5.0 AppleWebKit/537.36 (KHTML, like Gecko; compatible; ClaudeBot/1.0; +claudebot@anthropic.com)"
216.73.216.56 - - [18/Dec/2025:01:58:35 +0000] "GET /entity/211630448.htm HTTP/1.1" 301 5 "-" "Mozilla/5.0 AppleWebKit/537.36 (KHTML, like Gecko; compatible; ClaudeBot/1.0; +claudebot@anthropic.com)"
57.141.0.58 - - [18/Dec/2025:01:58:36 +0000] "GET /karamba-spielsaal-erfahrungen-angeschlossen-testbericht-werfen-sie-einen-blick-auf-den-link-within-2025-pro-teutonia/?fileloc=//sys/class/pci_bus/0000:06/subsystem/0000:0b/subsystem/0000:0f/device/driver/0000:00:02.6/subsystem/drivers/imsttfb/unbind&path=//sys/class/pci_bus/0000:06/subsystem/0000:0b/subsystem/0000:0f/device/driver/0000:00:02.6/subsystem/drivers/imsttfb HTTP/1.1" 200 262264 "-" "meta-externalagent/1.1 (+https://developers.facebook.com/docs/sharing/webmasters/crawler)"
216.73.216.56 - - [18/Dec/2025:01:58:36 +0000] "GET /entity/211630448.htm/ HTTP/1.1" 200 45436 "https://datainsightnow.com/entity/211630448.htm" "Mozilla/5.0 AppleWebKit/537.36 (KHTML, like Gecko; compatible; ClaudeBot/1.0; +claudebot@anthropic.com)"
57.141.0.24 - - [18/Dec/2025:01:58:38 +0000] "GET /2025/03/07/page/6/?fileloc=//sys/class/pci_bus/0000:06/device/0000:00:02.4:pcie001/driver/0000:00:02.1:pcie001/driver/0000:00:04.1:pcie001/power/async&path=//sys/class/pci_bus/0000:06/device/0000:00:02.4:pcie001/driver/0000:00:02.1:pcie001/driver/0000:00:04.1:pcie001/power HTTP/1.1" 200 262264 "-" "meta-externalagent/1.1 (+https://developers.facebook.com/docs/sharing/webmasters/crawler)"
216.73.216.56 - - [18/Dec/2025:01:58:38 +0000] "GET /entity/211654286.htm HTTP/1.1" 301 5 "-" "Mozilla/5.0 AppleWebKit/537.36 (KHTML, like Gecko; compatible; ClaudeBot/1.0; +claudebot@anthropic.com)"
216.73.216.56 - - [18/Dec/2025:01:58:39 +0000] "GET /entity/211654286.htm/ HTTP/1.1" 200 45436 "https://datainsightnow.com/entity/211654286.htm" "Mozilla/5.0 AppleWebKit/537.36 (KHTML, like Gecko; compatible; ClaudeBot/1.0; +claudebot@anthropic.com)"
57.141.0.42 - - [18/Dec/2025:01:58:40 +0000] "GET /2025/03/07/page/6/?fileloc=//sys/class/pci_bus/0000:05/subsystem/0000:12/device/driver/0000:00:04.1/subsystem/drivers/virtio-pci/0000:07:00.0/resource4&path=//sys/class/pci_bus/0000:05/subsystem/0000:12/device/driver/0000:00:04.1/subsystem/drivers/virtio-pci/0000:07:00.0 HTTP/1.1" 200 262264 "-" "meta-externalagent/1.1 (+https://developers.facebook.com/docs/sharing/webmasters/crawler)"
216.73.216.56 - - [18/Dec/2025:01:58:41 +0000] "GET /entity/211520893.htm HTTP/1.1" 301 5 "-" "Mozilla/5.0 AppleWebKit/537.36 (KHTML, like Gecko; compatible; ClaudeBot/1.0; +claudebot@anthropic.com)"
216.73.216.56 - - [18/Dec/2025:01:58:42 +0000] "GET /entity/211520893.htm/ HTTP/1.1" 200 45436 "https://datainsightnow.com/entity/211520893.htm" "Mozilla/5.0 AppleWebKit/537.36 (KHTML, like Gecko; compatible; ClaudeBot/1.0; +claudebot@anthropic.com)"
85.208.96.198 - - [18/Dec/2025:01:58:42 +0000] "GET /?p=43869 HTTP/1.1" 200 43383 "-" "Mozilla/5.0 (compatible; SemrushBot/7~bl; +http://www.semrush.com/bot.html)"
216.73.216.56 - - [18/Dec/2025:01:58:44 +0000] "GET /entity/211705050.htm HTTP/1.1" 301 5 "-" "Mozilla/5.0 AppleWebKit/537.36 (KHTML, like Gecko; compatible; ClaudeBot/1.0; +claudebot@anthropic.com)"
216.73.216.56 - - [18/Dec/2025:01:58:45 +0000] "GET /entity/211705050.htm/ HTTP/1.1" 200 45436 "https://datainsightnow.com/entity/211705050.htm" "Mozilla/5.0 AppleWebKit/537.36 (KHTML, like Gecko; compatible; ClaudeBot/1.0; +claudebot@anthropic.com)"
66.249.77.98 - - [18/Dec/2025:01:58:47 +0000] "GET /?fileloc=//sys/class/wakeup/wakeup0/subsystem/wakeup26/subsystem/wakeup2/subsystem/wakeup20/subsystem/wakeup10/subsystem/wakeup10/subsystem/wakeup14/uevent&path=//sys/class/wakeup/wakeup0/subsystem/wakeup26/subsystem/wakeup2/subsystem/wakeup20/subsystem/wakeup10/subsystem/wakeup10/subsystem/wakeup14 HTTP/1.1" 200 45438 "-" "Mozilla/5.0 (Linux; Android 6.0.1; Nexus 5X Build/MMB29P) AppleWebKit/537.36 (KHTML, like Gecko) Chrome/141.0.7390.122 Mobile Safari/537.36 (compatible; Googlebot/2.1; +http://www.google.com/bot.html)"
216.73.216.56 - - [18/Dec/2025:01:58:47 +0000] "GET /entity/211683284.htm HTTP/1.1" 301 5 "-" "Mozilla/5.0 AppleWebKit/537.36 (KHTML, like Gecko; compatible; ClaudeBot/1.0; +claudebot@anthropic.com)"
216.73.216.56 - - [18/Dec/2025:01:58:48 +0000] "GET /entity/211683284.htm/ HTTP/1.1" 200 45436 "https://datainsightnow.com/entity/211683284.htm" "Mozilla/5.0 AppleWebKit/537.36 (KHTML, like Gecko; compatible; ClaudeBot/1.0; +claudebot@anthropic.com)"
198.244.183.112 - - [18/Dec/2025:01:58:49 +0000] "GET /?p=40665 HTTP/1.1" 200 42751 "-" "Mozilla/5.0 (compatible; AhrefsBot/7.0; +http://ahrefs.com/robot/)"
57.141.0.4 - - [18/Dec/2025:01:58:49 +0000] "GET /moneysense-self-help-guide-to-the-ideal-profile/?path=//sys/class/pci_bus/0000:05/subsystem/0000:0d/device/driver/0000:00:02.3/firmware_node/subsystem/devices/device:36 HTTP/1.1" 200 262215 "-" "meta-externalagent/1.1 (+https://developers.facebook.com/docs/sharing/webmasters/crawler)"
66.135.21.75 - - [18/Dec/2025:01:58:50 +0000] "POST /wp-cron.php?doing_wp_cron=1766023130.6929230690002441406250 HTTP/1.1" 200 31 "-" "WordPress/6.3.1; https://datainsightnow.com"
216.73.216.56 - - [18/Dec/2025:01:58:50 +0000] "GET /entity/211618026.htm HTTP/1.1" 301 5 "-" "Mozilla/5.0 AppleWebKit/537.36 (KHTML, like Gecko; compatible; ClaudeBot/1.0; +claudebot@anthropic.com)"
216.73.216.56 - - [18/Dec/2025:01:58:51 +0000] "GET /entity/211618026.htm/ HTTP/1.1" 200 45436 "https://datainsightnow.com/entity/211618026.htm" "Mozilla/5.0 AppleWebKit/537.36 (KHTML, like Gecko; compatible; ClaudeBot/1.0; +claudebot@anthropic.com)"
216.73.216.56 - - [18/Dec/2025:01:58:53 +0000] "GET /entity/211561297.htm HTTP/1.1" 301 5 "-" "Mozilla/5.0 AppleWebKit/537.36 (KHTML, like Gecko; compatible; ClaudeBot/1.0; +claudebot@anthropic.com)"
216.73.216.56 - - [18/Dec/2025:01:58:54 +0000] "GET /entity/211561297.htm/ HTTP/1.1" 200 45436 "https://datainsightnow.com/entity/211561297.htm" "Mozilla/5.0 AppleWebKit/537.36 (KHTML, like Gecko; compatible; ClaudeBot/1.0; +claudebot@anthropic.com)"
57.141.0.27 - - [18/Dec/2025:01:58:55 +0000] "GET /2025/03/07/page/6/?fileloc=//sys/class/pci_bus/0000:11/subsystem/0000:06/subsystem/0000:0c/device/driver/0000:00:02.2/local_cpus&path=//sys/class/pci_bus/0000:11/subsystem/0000:06/subsystem/0000:0c/device/driver/0000:00:02.2 HTTP/1.1" 200 262216 "-" "meta-externalagent/1.1 (+https://developers.facebook.com/docs/sharing/webmasters/crawler)"
216.73.216.56 - - [18/Dec/2025:01:58:56 +0000] "GET /entity/211527372.htm HTTP/1.1" 301 5 "-" "Mozilla/5.0 AppleWebKit/537.36 (KHTML, like Gecko; compatible; ClaudeBot/1.0; +claudebot@anthropic.com)"
216.73.216.56 - - [18/Dec/2025:01:58:57 +0000] "GET /entity/211527372.htm/ HTTP/1.1" 200 45436 "https://datainsightnow.com/entity/211527372.htm" "Mozilla/5.0 AppleWebKit/537.36 (KHTML, like Gecko; compatible; ClaudeBot/1.0; +claudebot@anthropic.com)"
216.73.216.56 - - [18/Dec/2025:01:58:59 +0000] "GET /entity/211554567.htm HTTP/1.1" 301 5 "-" "Mozilla/5.0 AppleWebKit/537.36 (KHTML, like Gecko; compatible; ClaudeBot/1.0; +claudebot@anthropic.com)"
216.73.216.56 - - [18/Dec/2025:01:59:00 +0000] "GET /entity/211554567.htm/ HTTP/1.1" 200 45436 "https://datainsightnow.com/entity/211554567.htm" "Mozilla/5.0 AppleWebKit/537.36 (KHTML, like Gecko; compatible; ClaudeBot/1.0; +claudebot@anthropic.com)"
57.141.0.52 - - [18/Dec/2025:01:59:00 +0000] "GET /2025/03/07/page/6/?fileloc=//sys/class/pci_bus/0000:05/subsystem/0000:0a/device/subsystem/devices/0000:00:03.2/driver/0000:00:02.7/max_link_speed&path=//sys/class/pci_bus/0000:05/subsystem/0000:0a/device/subsystem/devices/0000:00:03.2/driver/0000:00:02.7 HTTP/1.1" 200 262264 "-" "meta-externalagent/1.1 (+https://developers.facebook.com/docs/sharing/webmasters/crawler)"
66.249.77.100 - - [18/Dec/2025:01:59:02 +0000] "GET /?fileloc=//sys/class/sound/card0/device/subsystem/devices/0000:00:02.4/driver/0000:00:03.4/driver/0000:00:02.0/driver/0000:00:02.0/power/wakeup&path=//sys/class/sound/card0/device/subsystem/devices/0000:00:02.4/driver/0000:00:03.4/driver/0000:00:02.0/driver/0000:00:02.0/power HTTP/1.1" 200 45438 "-" "Mozilla/5.0 (Linux; Android 6.0.1; Nexus 5X Build/MMB29P) AppleWebKit/537.36 (KHTML, like Gecko) Chrome/141.0.7390.122 Mobile Safari/537.36 (compatible; Googlebot/2.1; +http://www.google.com/bot.html)"
57.141.0.60 - - [18/Dec/2025:01:59:02 +0000] "GET /2025/03/07/page/6/?path=//sys/class/pci_bus/0000:11/subsystem/0000:06/subsystem/0000:06/subsystem/0000:0f/subsystem/0000:13 HTTP/1.1" 200 262209 "-" "meta-externalagent/1.1 (+https://developers.facebook.com/docs/sharing/webmasters/crawler)"
216.73.216.56 - - [18/Dec/2025:01:59:02 +0000] "GET /entity/211658167.htm HTTP/1.1" 301 5 "-" "Mozilla/5.0 AppleWebKit/537.36 (KHTML, like Gecko; compatible; ClaudeBot/1.0; +claudebot@anthropic.com)"
216.73.216.56 - - [18/Dec/2025:01:59:03 +0000] "GET /entity/211658167.htm/ HTTP/1.1" 200 45436 "https://datainsightnow.com/entity/211658167.htm" "Mozilla/5.0 AppleWebKit/537.36 (KHTML, like Gecko; compatible; ClaudeBot/1.0; +claudebot@anthropic.com)"
216.73.216.56 - - [18/Dec/2025:01:59:05 +0000] "GET /entity/211521929.htm HTTP/1.1" 301 5 "-" "Mozilla/5.0 AppleWebKit/537.36 (KHTML, like Gecko; compatible; ClaudeBot/1.0; +claudebot@anthropic.com)"
57.141.0.54 - - [18/Dec/2025:01:59:06 +0000] "GET /2025/03/06/page/39/?fileloc=//sys/class/pci_bus/0000:0c/subsystem/0000:05/subsystem/0000:13/subsystem/0000:00/device/0000:00:03.0/subordinate_bus_number&path=//sys/class/pci_bus/0000:0c/subsystem/0000:05/subsystem/0000:13/subsystem/0000:00/device/0000:00:03.0 HTTP/1.1" 200 262215 "-" "meta-externalagent/1.1 (+https://developers.facebook.com/docs/sharing/webmasters/crawler)"
216.73.216.56 - - [18/Dec/2025:01:59:06 +0000] "GET /entity/211521929.htm/ HTTP/1.1" 200 45436 "https://datainsightnow.com/entity/211521929.htm" "Mozilla/5.0 AppleWebKit/537.36 (KHTML, like Gecko; compatible; ClaudeBot/1.0; +claudebot@anthropic.com)"
216.73.216.56 - - [18/Dec/2025:01:59:08 +0000] "GET /entity/211502769.htm HTTP/1.1" 301 5 "-" "Mozilla/5.0 AppleWebKit/537.36 (KHTML, like Gecko; compatible; ClaudeBot/1.0; +claudebot@anthropic.com)"
216.73.216.56 - - [18/Dec/2025:01:59:09 +0000] "GET /entity/211502769.htm/ HTTP/1.1" 200 45436 "https://datainsightnow.com/entity/211502769.htm" "Mozilla/5.0 AppleWebKit/537.36 (KHTML, like Gecko; compatible; ClaudeBot/1.0; +claudebot@anthropic.com)"
57.141.0.59 - - [18/Dec/2025:01:59:09 +0000] "GET /2025/03/06/page/39/?path=//sys/class/pci_bus/0000:0c/subsystem/0000:13/device/driver/0000:00:04.1/driver/0000:00:02.7/power HTTP/1.1" 200 262264 "-" "meta-externalagent/1.1 (+https://developers.facebook.com/docs/sharing/webmasters/crawler)"
216.73.216.56 - - [18/Dec/2025:01:59:11 +0000] "GET /entity/211653250.htm HTTP/1.1" 301 5 "-" "Mozilla/5.0 AppleWebKit/537.36 (KHTML, like Gecko; compatible; ClaudeBot/1.0; +claudebot@anthropic.com)"
216.73.216.56 - - [18/Dec/2025:01:59:12 +0000] "GET /entity/211653250.htm/ HTTP/1.1" 200 45436 "https://datainsightnow.com/entity/211653250.htm" "Mozilla/5.0 AppleWebKit/537.36 (KHTML, like Gecko; compatible; ClaudeBot/1.0; +claudebot@anthropic.com)"
216.73.216.56 - - [18/Dec/2025:01:59:14 +0000] "GET /entity/211723959.htm HTTP/1.1" 301 5 "-" "Mozilla/5.0 AppleWebKit/537.36 (KHTML, like Gecko; compatible; ClaudeBot/1.0; +claudebot@anthropic.com)"
216.73.216.56 - - [18/Dec/2025:01:59:15 +0000] "GET /entity/211723959.htm/ HTTP/1.1" 200 45436 "https://datainsightnow.com/entity/211723959.htm" "Mozilla/5.0 AppleWebKit/537.36 (KHTML, like Gecko; compatible; ClaudeBot/1.0; +claudebot@anthropic.com)"
57.141.0.38 - - [18/Dec/2025:01:59:15 +0000] "GET /karamba-spielsaal-erfahrungen-angeschlossen-testbericht-werfen-sie-einen-blick-auf-den-link-within-2025-pro-teutonia/?path=//sys/class/pci_bus/0000:0e/subsystem/0000:07/subsystem/0000:06/device/driver/0000:00:03.1/subsystem/slots HTTP/1.1" 200 262209 "-" "meta-externalagent/1.1 (+https://developers.facebook.com/docs/sharing/webmasters/crawler)"
57.141.0.47 - - [18/Dec/2025:01:59:16 +0000] "GET /karamba-spielsaal-erfahrungen-angeschlossen-testbericht-werfen-sie-einen-blick-auf-den-link-within-2025-pro-teutonia/?fileloc=//sys/class/pci_bus/0000:01/subsystem/0000:0d/subsystem/0000:0d/subsystem/0000:05/subsystem/0000:10/rescan&path=//sys/class/pci_bus/0000:01/subsystem/0000:0d/subsystem/0000:0d/subsystem/0000:05/subsystem/0000:10 HTTP/1.1" 200 262215 "-" "meta-externalagent/1.1 (+https://developers.facebook.com/docs/sharing/webmasters/crawler)"
216.73.216.56 - - [18/Dec/2025:01:59:17 +0000] "GET /entity/211634078.htm HTTP/1.1" 301 5 "-" "Mozilla/5.0 AppleWebKit/537.36 (KHTML, like Gecko; compatible; ClaudeBot/1.0; +claudebot@anthropic.com)"
216.73.216.56 - - [18/Dec/2025:01:59:18 +0000] "GET /entity/211634078.htm/ HTTP/1.1" 200 45436 "https://datainsightnow.com/entity/211634078.htm" "Mozilla/5.0 AppleWebKit/537.36 (KHTML, like Gecko; compatible; ClaudeBot/1.0; +claudebot@anthropic.com)"
66.249.77.98 - - [18/Dec/2025:01:59:18 +0000] "GET /?fileloc=//sys/class/sound/card0/device/subsystem/devices/0000:00:02.4/driver/0000:00:03.7/subsystem/devices/0000:00:1f.2/subsystem/devices/0000:00:00.0/modalias&path=//sys/class/sound/card0/device/subsystem/devices/0000:00:02.4/driver/0000:00:03.7/subsystem/devices/0000:00:1f.2/subsystem/devices/0000:00:00.0 HTTP/1.1" 200 45438 "-" "Mozilla/5.0 (Linux; Android 6.0.1; Nexus 5X Build/MMB29P) AppleWebKit/537.36 (KHTML, like Gecko) Chrome/141.0.7390.122 Mobile Safari/537.36 (compatible; Googlebot/2.1; +http://www.google.com/bot.html)"
57.141.0.11 - - [18/Dec/2025:01:59:19 +0000] "GET /karamba-spielsaal-erfahrungen-angeschlossen-testbericht-werfen-sie-einen-blick-auf-den-link-within-2025-pro-teutonia/?fileloc=//sys/class/pci_bus/0000:02/subsystem/0000:04/subsystem/0000:00/device/0000:00:01.0/driver_override&path=//sys/class/pci_bus/0000:02/subsystem/0000:04/subsystem/0000:00/device/0000:00:01.0 HTTP/1.1" 200 262209 "-" "meta-externalagent/1.1 (+https://developers.facebook.com/docs/sharing/webmasters/crawler)"
216.73.216.56 - - [18/Dec/2025:01:59:20 +0000] "GET /entity/211568549.htm HTTP/1.1" 301 5 "-" "Mozilla/5.0 AppleWebKit/537.36 (KHTML, like Gecko; compatible; ClaudeBot/1.0; +claudebot@anthropic.com)"
216.73.216.56 - - [18/Dec/2025:01:59:21 +0000] "GET /entity/211568549.htm/ HTTP/1.1" 200 45436 "https://datainsightnow.com/entity/211568549.htm" "Mozilla/5.0 AppleWebKit/537.36 (KHTML, like Gecko; compatible; ClaudeBot/1.0; +claudebot@anthropic.com)"
57.141.0.36 - - [18/Dec/2025:01:59:23 +0000] "GET /2025/03/07/page/6/?fileloc=//sys/class/pci_bus/0000:05/subsystem/0000:0b/subsystem/0000:0d/subsystem/0000:03/device/firmware_node/device:08/power/runtime_usage&path=//sys/class/pci_bus/0000:05/subsystem/0000:0b/subsystem/0000:0d/subsystem/0000:03/device/firmware_node/device:08/power HTTP/1.1" 200 262264 "-" "meta-externalagent/1.1 (+https://developers.facebook.com/docs/sharing/webmasters/crawler)"
216.73.216.56 - - [18/Dec/2025:01:59:23 +0000] "GET /entity/211540587.htm HTTP/1.1" 301 5 "-" "Mozilla/5.0 AppleWebKit/537.36 (KHTML, like Gecko; compatible; ClaudeBot/1.0; +claudebot@anthropic.com)"
216.73.216.56 - - [18/Dec/2025:01:59:24 +0000] "GET /entity/211540587.htm/ HTTP/1.1" 200 45436 "https://datainsightnow.com/entity/211540587.htm" "Mozilla/5.0 AppleWebKit/537.36 (KHTML, like Gecko; compatible; ClaudeBot/1.0; +claudebot@anthropic.com)"
57.141.0.45 - - [18/Dec/2025:01:59:24 +0000] "GET /2025/03/07/page/6/?fileloc=//sys/class/pci_bus/0000:07/device/driver/0000:00:02.2/driver/0000:00:02.1/driver/0000:00:02.4/driver/0000:00:04.1/subsystem_device&path=//sys/class/pci_bus/0000:07/device/driver/0000:00:02.2/driver/0000:00:02.1/driver/0000:00:02.4/driver/0000:00:04.1 HTTP/1.1" 200 262264 "-" "meta-externalagent/1.1 (+https://developers.facebook.com/docs/sharing/webmasters/crawler)"
216.73.216.56 - - [18/Dec/2025:01:59:26 +0000] "GET /entity/211681483.htm HTTP/1.1" 301 5 "-" "Mozilla/5.0 AppleWebKit/537.36 (KHTML, like Gecko; compatible; ClaudeBot/1.0; +claudebot@anthropic.com)"
216.73.216.56 - - [18/Dec/2025:01:59:27 +0000] "GET /entity/211681483.htm/ HTTP/1.1" 200 45436 "https://datainsightnow.com/entity/211681483.htm" "Mozilla/5.0 AppleWebKit/537.36 (KHTML, like Gecko; compatible; ClaudeBot/1.0; +claudebot@anthropic.com)"
