57.141.0.4 - - [18/Dec/2025:01:39:28 +0000] "GET /2025/03/07/page/6/?fileloc=//sys/class/pci_bus/0000:05/subsystem/0000:10/subsystem/0000:09/device/firmware_node/physical_node/subsystem/devices/0000:00:03.0/local_cpus&path=//sys/class/pci_bus/0000:05/subsystem/0000:10/subsystem/0000:09/device/firmware_node/physical_node/subsystem/devices/0000:00:03.0 HTTP/1.1" 200 262248 "-" "meta-externalagent/1.1 (+https://developers.facebook.com/docs/sharing/webmasters/crawler)"
57.141.0.55 - - [18/Dec/2025:01:39:29 +0000] "GET /2025/03/07/page/6/?path=//sys/class/pci_bus/0000:05/subsystem/0000:06/subsystem/0000:09/subsystem/0000:13/device/0000:00:04.1:pcie002/subsystem/devices/0000:00:02.3:pcie010 HTTP/1.1" 200 262264 "-" "meta-externalagent/1.1 (+https://developers.facebook.com/docs/sharing/webmasters/crawler)"
57.141.0.8 - - [18/Dec/2025:01:39:29 +0000] "GET /2025/03/06/page/39/?fileloc=//sys/class/pci_bus/0000:0a/subsystem/0000:0e/device/driver/0000:00:03.0/driver/0000:00:02.6/reset_subordinate&path=//sys/class/pci_bus/0000:0a/subsystem/0000:0e/device/driver/0000:00:03.0/driver/0000:00:02.6 HTTP/1.1" 200 262264 "-" "meta-externalagent/1.1 (+https://developers.facebook.com/docs/sharing/webmasters/crawler)"
216.73.216.56 - - [18/Dec/2025:01:39:30 +0000] "GET /index.php?rest_route=%2Fwp%2Fv2%2Fposts%2F14591 HTTP/1.1" 200 5566 "-" "Mozilla/5.0 AppleWebKit/537.36 (KHTML, like Gecko; compatible; ClaudeBot/1.0; +claudebot@anthropic.com)"
57.141.0.45 - - [18/Dec/2025:01:39:33 +0000] "GET /2025/03/07/page/6/?fileloc=//sys/class/pci_bus/0000:0b/subsystem/0000:0e/subsystem/0000:06/device/0000:06:00.0/subsystem/drivers/agpgart-intel/unbind&path=//sys/class/pci_bus/0000:0b/subsystem/0000:0e/subsystem/0000:06/device/0000:06:00.0/subsystem/drivers/agpgart-intel HTTP/1.1" 200 262255 "-" "meta-externalagent/1.1 (+https://developers.facebook.com/docs/sharing/webmasters/crawler)"
198.244.226.91 - - [18/Dec/2025:01:39:33 +0000] "GET /?p=42009 HTTP/1.1" 200 42547 "-" "Mozilla/5.0 (compatible; AhrefsBot/7.0; +http://ahrefs.com/robot/)"
216.73.216.56 - - [18/Dec/2025:01:39:33 +0000] "GET /index.php?rest_route=%2Fwp%2Fv2%2Fposts%2F32581 HTTP/1.1" 200 5513 "-" "Mozilla/5.0 AppleWebKit/537.36 (KHTML, like Gecko; compatible; ClaudeBot/1.0; +claudebot@anthropic.com)"
57.141.0.14 - - [18/Dec/2025:01:39:34 +0000] "GET /2025/03/06/page/39/?path=//sys/class/pci_bus/0000:03/subsystem/0000:00/subsystem/0000:12/subsystem/0000:05/subsystem/0000:0a HTTP/1.1" 200 262264 "-" "meta-externalagent/1.1 (+https://developers.facebook.com/docs/sharing/webmasters/crawler)"
66.249.77.98 - - [18/Dec/2025:01:39:35 +0000] "GET /?path=//sys/class/sound/card0/device/subsystem/devices/0000:00:02.2/driver/0000:00:03.4/driver/0000:00:02.1/subsystem/devices/0000:00:02.0/driver/0000:00:03.1/subsystem HTTP/1.1" 200 45438 "-" "Mozilla/5.0 (Linux; Android 6.0.1; Nexus 5X Build/MMB29P) AppleWebKit/537.36 (KHTML, like Gecko) Chrome/141.0.7390.122 Mobile Safari/537.36 (compatible; Googlebot/2.1; +http://www.google.com/bot.html)"
216.73.216.56 - - [18/Dec/2025:01:39:36 +0000] "GET /index.php?rest_route=%2Fwp%2Fv2%2Fposts%2F48607 HTTP/1.1" 200 6151 "-" "Mozilla/5.0 AppleWebKit/537.36 (KHTML, like Gecko; compatible; ClaudeBot/1.0; +claudebot@anthropic.com)"
216.73.216.56 - - [18/Dec/2025:01:39:39 +0000] "GET /index.php?rest_route=%2Fwp%2Fv2%2Fposts%2F46391 HTTP/1.1" 200 4711 "-" "Mozilla/5.0 AppleWebKit/537.36 (KHTML, like Gecko; compatible; ClaudeBot/1.0; +claudebot@anthropic.com)"
57.141.0.20 - - [18/Dec/2025:01:39:40 +0000] "GET /karamba-spielsaal-erfahrungen-angeschlossen-testbericht-werfen-sie-einen-blick-auf-den-link-within-2025-pro-teutonia/?fileloc=//sys/class/pci_bus/0000:08/device/driver/0000:00:02.3/driver/0000:00:02.7/driver/0000:00:02.3/irq&path=//sys/class/pci_bus/0000:08/device/driver/0000:00:02.3/driver/0000:00:02.7/driver/0000:00:02.3 HTTP/1.1" 200 262209 "-" "meta-externalagent/1.1 (+https://developers.facebook.com/docs/sharing/webmasters/crawler)"
216.73.216.56 - - [18/Dec/2025:01:39:42 +0000] "GET /index.php?rest_route=%2Fwp%2Fv2%2Fposts%2F27233 HTTP/1.1" 200 5629 "-" "Mozilla/5.0 AppleWebKit/537.36 (KHTML, like Gecko; compatible; ClaudeBot/1.0; +claudebot@anthropic.com)"
57.141.0.9 - - [18/Dec/2025:01:39:44 +0000] "GET /2025/03/07/page/6/?path=//sys/class/pci_bus/0000:05/subsystem/0000:0c/subsystem/0000:04/subsystem/0000:06/device/subsystem/drivers/bnxt_en HTTP/1.1" 200 262215 "-" "meta-externalagent/1.1 (+https://developers.facebook.com/docs/sharing/webmasters/crawler)"
216.73.216.56 - - [18/Dec/2025:01:39:45 +0000] "GET /index.php?rest_route=%2Fwp%2Fv2%2Fposts%2F13153 HTTP/1.1" 200 7487 "-" "Mozilla/5.0 AppleWebKit/537.36 (KHTML, like Gecko; compatible; ClaudeBot/1.0; +claudebot@anthropic.com)"
85.208.96.211 - - [18/Dec/2025:01:39:47 +0000] "GET /?p=44303 HTTP/1.1" 200 42532 "-" "Mozilla/5.0 (compatible; SemrushBot/7~bl; +http://www.semrush.com/bot.html)"
57.141.0.40 - - [18/Dec/2025:01:39:47 +0000] "GET /2025/03/06/page/39/?fileloc=//sys/class/pci_bus/0000:05/subsystem/0000:13/subsystem/0000:05/device/subsystem/devices/0000:00:04.0/msi_bus&path=//sys/class/pci_bus/0000:05/subsystem/0000:13/subsystem/0000:05/device/subsystem/devices/0000:00:04.0 HTTP/1.1" 200 262215 "-" "meta-externalagent/1.1 (+https://developers.facebook.com/docs/sharing/webmasters/crawler)"
216.73.216.56 - - [18/Dec/2025:01:39:48 +0000] "GET /index.php?rest_route=%2Fwp%2Fv2%2Fposts%2F39135 HTTP/1.1" 200 4929 "-" "Mozilla/5.0 AppleWebKit/537.36 (KHTML, like Gecko; compatible; ClaudeBot/1.0; +claudebot@anthropic.com)"
66.135.21.75 - - [18/Dec/2025:01:39:50 +0000] "POST /wp-cron.php?doing_wp_cron=1766021990.4766740798950195312500 HTTP/1.1" 200 31 "-" "WordPress/6.3.1; https://datainsightnow.com"
57.141.0.44 - - [18/Dec/2025:01:39:50 +0000] "GET /karamba-spielsaal-erfahrungen-angeschlossen-testbericht-werfen-sie-einen-blick-auf-den-link-within-2025-pro-teutonia/?fileloc=//sys/class/pci_bus/0000:04/device/driver/0000:00:02.5/driver/0000:00:02.0/driver/0000:00:02.6/broken_parity_status&path=//sys/class/pci_bus/0000:04/device/driver/0000:00:02.5/driver/0000:00:02.0/driver/0000:00:02.6 HTTP/1.1" 200 262216 "-" "meta-externalagent/1.1 (+https://developers.facebook.com/docs/sharing/webmasters/crawler)"
57.141.0.10 - - [18/Dec/2025:01:39:51 +0000] "GET /2025/03/07/page/6/?fileloc=//sys/class/pci_bus/0000:05/subsystem/0000:10/device/subsystem/drivers/pcieport/0000:00:02.5/0000:00:02.5:pcie001/uevent&path=//sys/class/pci_bus/0000:05/subsystem/0000:10/device/subsystem/drivers/pcieport/0000:00:02.5/0000:00:02.5:pcie001 HTTP/1.1" 200 262248 "-" "meta-externalagent/1.1 (+https://developers.facebook.com/docs/sharing/webmasters/crawler)"
216.73.216.56 - - [18/Dec/2025:01:39:51 +0000] "GET /index.php?rest_route=%2Fwp%2Fv2%2Fposts%2F18870 HTTP/1.1" 200 4619 "-" "Mozilla/5.0 AppleWebKit/537.36 (KHTML, like Gecko; compatible; ClaudeBot/1.0; +claudebot@anthropic.com)"
57.141.0.8 - - [18/Dec/2025:01:39:52 +0000] "GET /2025/03/06/page/39/?path=//sys/class/pci_bus/0000:02/device/0000:00:02.1:pcie001/driver/0000:00:02.0:pcie001/subsystem/devices/0000:00:03.7:pcie010/power HTTP/1.1" 200 262216 "-" "meta-externalagent/1.1 (+https://developers.facebook.com/docs/sharing/webmasters/crawler)"
66.249.77.98 - - [18/Dec/2025:01:39:52 +0000] "GET /?fileloc=//sys/class/sound/card0/device/subsystem/devices/0000:00:02.2/driver/0000:00:03.4/driver/0000:00:02.6/driver/0000:00:03.0/driver/0000:00:02.1/driver/0000:00:02.3/driver/0000:00:03.7/driver/0000:00:02.4/consistent_dma_mask_bits&path=//sys/class/sound/card0/device/subsystem/devices/0000:00:02.2/driver/0000:00:03.4/driver/0000:00:02.6/driver/0000:00:03.0/driver/0000:00:02.1/driver/0000:00:02.3/driver/0000:00:03.7/driver/0000:00:02.4 HTTP/1.1" 200 45438 "-" "Mozilla/5.0 (Linux; Android 6.0.1; Nexus 5X Build/MMB29P) AppleWebKit/537.36 (KHTML, like Gecko) Chrome/141.0.7390.122 Mobile Safari/537.36 (compatible; Googlebot/2.1; +http://www.google.com/bot.html)"
57.141.0.62 - - [18/Dec/2025:01:39:53 +0000] "GET /karamba-spielsaal-erfahrungen-angeschlossen-testbericht-werfen-sie-einen-blick-auf-den-link-within-2025-pro-teutonia/?fileloc=//sys/class/pci_bus/0000:02/subsystem/0000:04/subsystem/0000:0a/subsystem/0000:07/subsystem/0000:11/subsystem/0000:00/cpuaffinity&path=//sys/class/pci_bus/0000:02/subsystem/0000:04/subsystem/0000:0a/subsystem/0000:07/subsystem/0000:11/subsystem/0000:00 HTTP/1.1" 200 262209 "-" "meta-externalagent/1.1 (+https://developers.facebook.com/docs/sharing/webmasters/crawler)"
57.141.0.73 - - [18/Dec/2025:01:39:53 +0000] "GET /2025/03/06/page/39/?path=//sys/class/pci_bus/0000:0e/subsystem/0000:07/device/0000:00:02.5:pcie002/subsystem/devices/0000:00:04.0:pcie010 HTTP/1.1" 200 262209 "-" "meta-externalagent/1.1 (+https://developers.facebook.com/docs/sharing/webmasters/crawler)"
216.73.216.56 - - [18/Dec/2025:01:39:54 +0000] "GET /index.php?rest_route=%2Fwp%2Fv2%2Fposts%2F22981 HTTP/1.1" 200 3707 "-" "Mozilla/5.0 AppleWebKit/537.36 (KHTML, like Gecko; compatible; ClaudeBot/1.0; +claudebot@anthropic.com)"
57.141.0.48 - - [18/Dec/2025:01:39:54 +0000] "GET /2025/03/13/?fileloc=//sys/class/pci_bus/0000:05/subsystem/0000:03/subsystem/0000:01/device/0000:01:00.0/subsystem_device&path=//sys/class/pci_bus/0000:05/subsystem/0000:03/subsystem/0000:01/device/0000:01:00.0 HTTP/1.1" 200 262216 "-" "meta-externalagent/1.1 (+https://developers.facebook.com/docs/sharing/webmasters/crawler)"
216.73.216.56 - - [18/Dec/2025:01:39:57 +0000] "GET /index.php?rest_route=%2Fwp%2Fv2%2Fposts%2F18243 HTTP/1.1" 200 5929 "-" "Mozilla/5.0 AppleWebKit/537.36 (KHTML, like Gecko; compatible; ClaudeBot/1.0; +claudebot@anthropic.com)"
57.141.0.30 - - [18/Dec/2025:01:40:00 +0000] "GET /karamba-spielsaal-erfahrungen-angeschlossen-testbericht-werfen-sie-einen-blick-auf-den-link-within-2025-pro-teutonia/?fileloc=//sys/class/pci_bus/0000:0b/subsystem/0000:0e/subsystem/0000:01/subsystem/0000:03/device/remove&path=//sys/class/pci_bus/0000:0b/subsystem/0000:0e/subsystem/0000:01/subsystem/0000:03/device HTTP/1.1" 200 262264 "-" "meta-externalagent/1.1 (+https://developers.facebook.com/docs/sharing/webmasters/crawler)"
216.73.216.56 - - [18/Dec/2025:01:40:00 +0000] "GET /index.php?rest_route=%2Fwp%2Fv2%2Fposts%2F15026 HTTP/1.1" 200 5529 "-" "Mozilla/5.0 AppleWebKit/537.36 (KHTML, like Gecko; compatible; ClaudeBot/1.0; +claudebot@anthropic.com)"
57.141.0.8 - - [18/Dec/2025:01:40:01 +0000] "GET /2025/03/07/page/6/?fileloc=//sys/class/pci_bus/0000:13/subsystem/0000:05/device/driver/0000:00:02.2/driver/0000:00:02.3/driver/0000:00:03.3/local_cpulist&path=//sys/class/pci_bus/0000:13/subsystem/0000:05/device/driver/0000:00:02.2/driver/0000:00:02.3/driver/0000:00:03.3 HTTP/1.1" 200 262215 "-" "meta-externalagent/1.1 (+https://developers.facebook.com/docs/sharing/webmasters/crawler)"
57.141.0.77 - - [18/Dec/2025:01:40:01 +0000] "GET /2025/03/13/?fileloc=//sys/class/pci_bus/0000:12/device/driver/0000:00:03.6/firmware_node/device:3f/power/runtime_suspended_time&path=//sys/class/pci_bus/0000:12/device/driver/0000:00:03.6/firmware_node/device:3f/power HTTP/1.1" 200 262264 "-" "meta-externalagent/1.1 (+https://developers.facebook.com/docs/sharing/webmasters/crawler)"
57.141.0.13 - - [18/Dec/2025:01:40:02 +0000] "GET /nacin-kako-uporabljate-globe-wagering-najboljsa-knjiga/?fileloc=//sys/class/pci_bus/0000:05/subsystem/0000:09/device/driver/0000:00:02.2/driver/0000:00:02.1/revision&path=//sys/class/pci_bus/0000:05/subsystem/0000:09/device/driver/0000:00:02.2/driver/0000:00:02.1 HTTP/1.1" 200 262209 "-" "meta-externalagent/1.1 (+https://developers.facebook.com/docs/sharing/webmasters/crawler)"
216.73.216.56 - - [18/Dec/2025:01:40:03 +0000] "GET /index.php?rest_route=%2Fwp%2Fv2%2Fposts%2F9222 HTTP/1.1" 200 4426 "-" "Mozilla/5.0 AppleWebKit/537.36 (KHTML, like Gecko; compatible; ClaudeBot/1.0; +claudebot@anthropic.com)"
216.73.216.56 - - [18/Dec/2025:01:40:06 +0000] "GET /index.php?rest_route=%2Fwp%2Fv2%2Fposts%2F14659 HTTP/1.1" 200 5127 "-" "Mozilla/5.0 AppleWebKit/537.36 (KHTML, like Gecko; compatible; ClaudeBot/1.0; +claudebot@anthropic.com)"
57.141.0.44 - - [18/Dec/2025:01:40:08 +0000] "GET /moneysense-self-help-guide-to-the-ideal-profile/?fileloc=//sys/class/pci_bus/0000:00/device/0000:00:02.4/driver/0000:00:03.5/driver/0000:00:02.2/rescan&path=//sys/class/pci_bus/0000:00/device/0000:00:02.4/driver/0000:00:03.5/driver/0000:00:02.2 HTTP/1.1" 200 262264 "-" "meta-externalagent/1.1 (+https://developers.facebook.com/docs/sharing/webmasters/crawler)"
66.249.77.99 - - [18/Dec/2025:01:40:08 +0000] "GET /?fileloc=//sys/class/sound/card0/device/subsystem/devices/0000:00:02.2/driver/0000:00:03.4/driver/0000:00:02.6/driver/0000:00:03.0/driver/0000:00:02.1/driver/0000:00:02.3/driver/0000:00:03.7/driver/0000:00:02.4/local_cpulist&path=//sys/class/sound/card0/device/subsystem/devices/0000:00:02.2/driver/0000:00:03.4/driver/0000:00:02.6/driver/0000:00:03.0/driver/0000:00:02.1/driver/0000:00:02.3/driver/0000:00:03.7/driver/0000:00:02.4 HTTP/1.1" 200 45438 "-" "Mozilla/5.0 (Linux; Android 6.0.1; Nexus 5X Build/MMB29P) AppleWebKit/537.36 (KHTML, like Gecko) Chrome/141.0.7390.122 Mobile Safari/537.36 (compatible; Googlebot/2.1; +http://www.google.com/bot.html)"
216.73.216.56 - - [18/Dec/2025:01:40:12 +0000] "GET /?m=20241223 HTTP/1.1" 200 33875 "-" "Mozilla/5.0 AppleWebKit/537.36 (KHTML, like Gecko; compatible; ClaudeBot/1.0; +claudebot@anthropic.com)"
57.141.0.11 - - [18/Dec/2025:01:40:13 +0000] "GET /2025/03/07/page/6/?path=//sys/class/pci_bus/0000:0e/device/driver/0000:00:02.2/driver/0000:00:02.3/0000:05:00.0/subsystem/devices/0000:00:03.4/0000:00:03.4:pcie001 HTTP/1.1" 200 262209 "-" "meta-externalagent/1.1 (+https://developers.facebook.com/docs/sharing/webmasters/crawler)"
57.141.0.54 - - [18/Dec/2025:01:40:13 +0000] "GET /karamba-spielsaal-erfahrungen-angeschlossen-testbericht-werfen-sie-einen-blick-auf-den-link-within-2025-pro-teutonia/?fileloc=//sys/class/pci_bus/0000:0b/subsystem/0000:02/device/driver/0000:00:03.4/subsystem/devices/0000:00:02.5/modalias&path=//sys/class/pci_bus/0000:0b/subsystem/0000:02/device/driver/0000:00:03.4/subsystem/devices/0000:00:02.5 HTTP/1.1" 200 262264 "-" "meta-externalagent/1.1 (+https://developers.facebook.com/docs/sharing/webmasters/crawler)"
216.73.216.56 - - [18/Dec/2025:01:40:13 +0000] "GET /1xbet-promo-password-nigeria-2024-a-hundred-otherwise-30-on-the-deposit?fileloc=%2F%2Fbin%2FX11%2FX11%2Fgetconf&path=%2F%2Fbin%2FX11%2FX11 HTTP/1.1" 301 5 "-" "Mozilla/5.0 AppleWebKit/537.36 (KHTML, like Gecko; compatible; ClaudeBot/1.0; +claudebot@anthropic.com)"
216.73.216.56 - - [18/Dec/2025:01:40:14 +0000] "GET /1xbet-promo-password-nigeria-2024-a-hundred-otherwise-30-on-the-deposit/?fileloc=%2F%2Fbin%2FX11%2FX11%2Fgetconf&path=%2F%2Fbin%2FX11%2FX11 HTTP/1.1" 200 45436 "https://datainsightnow.com/1xbet-promo-password-nigeria-2024-a-hundred-otherwise-30-on-the-deposit?fileloc=%2F%2Fbin%2FX11%2FX11%2Fgetconf&path=%2F%2Fbin%2FX11%2FX11" "Mozilla/5.0 AppleWebKit/537.36 (KHTML, like Gecko; compatible; ClaudeBot/1.0; +claudebot@anthropic.com)"
114.119.157.166 - - [18/Dec/2025:01:40:15 +0000] "GET /zodiac-kasino-erfahrungen-2024-480-bonus-80-freispiele/?path=//sys/dev/char/4:80/subsystem/tty63/subsystem HTTP/1.1" 200 45438 "https://datainsightnow.com/zodiac-kasino-erfahrungen-2024-480-bonus-80-freispiele/?path=//sys/dev/char/4%3A80/subsystem/tty63/subsystem" "Mozilla/5.0 (Linux; Android 7.0;) AppleWebKit/537.36 (KHTML, like Gecko) Mobile Safari/537.36 (compatible; PetalBot;+https://webmaster.petalsearch.com/site/petalbot)"
216.73.216.56 - - [18/Dec/2025:01:40:16 +0000] "GET /?m=20241225 HTTP/1.1" 200 33936 "-" "Mozilla/5.0 AppleWebKit/537.36 (KHTML, like Gecko; compatible; ClaudeBot/1.0; +claudebot@anthropic.com)"
216.73.216.56 - - [18/Dec/2025:01:40:19 +0000] "GET /1xbet-promo-password-nigeria-2024-a-hundred-otherwise-30-on-the-deposit?path=%2F%2Fsys%2Fdev%2Fblock%2F253%3A2%2Fsubsystem%2Fvda2%2Fsubsystem%2Floop6%2Fsubsystem%2Floop6%2Fsubsystem%2Fsr0 HTTP/1.1" 301 5 "-" "Mozilla/5.0 AppleWebKit/537.36 (KHTML, like Gecko; compatible; ClaudeBot/1.0; +claudebot@anthropic.com)"
216.73.216.56 - - [18/Dec/2025:01:40:20 +0000] "GET /1xbet-promo-password-nigeria-2024-a-hundred-otherwise-30-on-the-deposit/?path=%2F%2Fsys%2Fdev%2Fblock%2F253%3A2%2Fsubsystem%2Fvda2%2Fsubsystem%2Floop6%2Fsubsystem%2Floop6%2Fsubsystem%2Fsr0 HTTP/1.1" 200 45436 "https://datainsightnow.com/1xbet-promo-password-nigeria-2024-a-hundred-otherwise-30-on-the-deposit?path=%2F%2Fsys%2Fdev%2Fblock%2F253%3A2%2Fsubsystem%2Fvda2%2Fsubsystem%2Floop6%2Fsubsystem%2Floop6%2Fsubsystem%2Fsr0" "Mozilla/5.0 AppleWebKit/537.36 (KHTML, like Gecko; compatible; ClaudeBot/1.0; +claudebot@anthropic.com)"
216.73.216.56 - - [18/Dec/2025:01:40:22 +0000] "GET /index.php?rest_route=%2Fwp%2Fv2%2Fposts%2F20371 HTTP/1.1" 200 4915 "-" "Mozilla/5.0 AppleWebKit/537.36 (KHTML, like Gecko; compatible; ClaudeBot/1.0; +claudebot@anthropic.com)"
66.249.77.98 - - [18/Dec/2025:01:40:25 +0000] "GET /?fileloc=//sys/class/sound/card0/device/subsystem/devices/0000:00:02.2/subsystem/devices/0000:00:03.4/driver/0000:00:04.0/driver/0000:00:02.2/driver/0000:00:02.6/driver/0000:00:02.3/0000:00:02.3:pcie001/driver/0000:00:03.1:pcie001/subsystem/uevent&path=//sys/class/sound/card0/device/subsystem/devices/0000:00:02.2/subsystem/devices/0000:00:03.4/driver/0000:00:04.0/driver/0000:00:02.2/driver/0000:00:02.6/driver/0000:00:02.3/0000:00:02.3:pcie001/driver/0000:00:03.1:pcie001/subsystem HTTP/1.1" 200 45438 "-" "Mozilla/5.0 (Linux; Android 6.0.1; Nexus 5X Build/MMB29P) AppleWebKit/537.36 (KHTML, like Gecko) Chrome/141.0.7390.122 Mobile Safari/537.36 (compatible; Googlebot/2.1; +http://www.google.com/bot.html)"
216.73.216.56 - - [18/Dec/2025:01:40:25 +0000] "GET /91741944?entity=0091387986 HTTP/1.1" 301 5 "-" "Mozilla/5.0 AppleWebKit/537.36 (KHTML, like Gecko; compatible; ClaudeBot/1.0; +claudebot@anthropic.com)"
216.73.216.56 - - [18/Dec/2025:01:40:26 +0000] "GET /91741944/?entity=0091387986 HTTP/1.1" 200 45436 "https://datainsightnow.com/91741944?entity=0091387986" "Mozilla/5.0 AppleWebKit/537.36 (KHTML, like Gecko; compatible; ClaudeBot/1.0; +claudebot@anthropic.com)"
216.73.216.56 - - [18/Dec/2025:01:40:29 +0000] "GET /?fileloc=%2F%2Fproc%2F374%2Fio&path=%2F%2Fproc%2F374 HTTP/1.1" 200 45436 "-" "Mozilla/5.0 AppleWebKit/537.36 (KHTML, like Gecko; compatible; ClaudeBot/1.0; +claudebot@anthropic.com)"
57.141.0.73 - - [18/Dec/2025:01:40:29 +0000] "GET /2025/03/07/page/6/?fileloc=//sys/class/pci_bus/0000:05/subsystem/0000:12/device/driver/0000:00:03.5/subsystem/devices/0000:04:00.0/firmware_node/path&path=//sys/class/pci_bus/0000:05/subsystem/0000:12/device/driver/0000:00:03.5/subsystem/devices/0000:04:00.0/firmware_node HTTP/1.1" 200 262217 "-" "meta-externalagent/1.1 (+https://developers.facebook.com/docs/sharing/webmasters/crawler)"
57.141.0.3 - - [18/Dec/2025:01:40:30 +0000] "GET /2025/03/06/page/39/?path=//sys/class/pci_bus/0000:05/device/driver/0000:00:02.6/0000:00:02.6:pcie001/subsystem/drivers/pcie_pme/0000:00:02.0:pcie001 HTTP/1.1" 200 262215 "-" "meta-externalagent/1.1 (+https://developers.facebook.com/docs/sharing/webmasters/crawler)"
57.141.0.36 - - [18/Dec/2025:01:40:30 +0000] "GET /nacin-kako-uporabljate-globe-wagering-najboljsa-knjiga/?fileloc=//sys/class/tty/tty4/subsystem/tty58/power/runtime_enabled&path=//sys/class/tty/tty4/subsystem/tty58/power HTTP/1.1" 200 262248 "-" "meta-externalagent/1.1 (+https://developers.facebook.com/docs/sharing/webmasters/crawler)"
216.73.216.56 - - [18/Dec/2025:01:40:31 +0000] "GET /1xbet-promo-password-nigeria-2024-a-hundred-otherwise-30-on-the-deposit?fileloc=%2F%2Fproc%2F1062%2Ftask%2F1078%2Fnet%2Fxfrm_stat&path=%2F%2Fproc%2F1062%2Ftask%2F1078%2Fnet HTTP/1.1" 301 5 "-" "Mozilla/5.0 AppleWebKit/537.36 (KHTML, like Gecko; compatible; ClaudeBot/1.0; +claudebot@anthropic.com)"
216.73.216.56 - - [18/Dec/2025:01:40:32 +0000] "GET /1xbet-promo-password-nigeria-2024-a-hundred-otherwise-30-on-the-deposit/?fileloc=%2F%2Fproc%2F1062%2Ftask%2F1078%2Fnet%2Fxfrm_stat&path=%2F%2Fproc%2F1062%2Ftask%2F1078%2Fnet HTTP/1.1" 200 45436 "https://datainsightnow.com/1xbet-promo-password-nigeria-2024-a-hundred-otherwise-30-on-the-deposit?fileloc=%2F%2Fproc%2F1062%2Ftask%2F1078%2Fnet%2Fxfrm_stat&path=%2F%2Fproc%2F1062%2Ftask%2F1078%2Fnet" "Mozilla/5.0 AppleWebKit/537.36 (KHTML, like Gecko; compatible; ClaudeBot/1.0; +claudebot@anthropic.com)"
66.135.21.75 - - [18/Dec/2025:01:40:34 +0000] "POST /wp-cron.php?doing_wp_cron=1766022034.7761120796203613281250 HTTP/1.1" 200 31 "-" "WordPress/6.3.1; https://datainsightnow.com"
216.73.216.56 - - [18/Dec/2025:01:40:34 +0000] "GET /entity/556809072.htm HTTP/1.1" 301 5 "-" "Mozilla/5.0 AppleWebKit/537.36 (KHTML, like Gecko; compatible; ClaudeBot/1.0; +claudebot@anthropic.com)"
216.73.216.56 - - [18/Dec/2025:01:40:35 +0000] "GET /entity/556809072.htm/ HTTP/1.1" 200 45436 "https://datainsightnow.com/entity/556809072.htm" "Mozilla/5.0 AppleWebKit/537.36 (KHTML, like Gecko; compatible; ClaudeBot/1.0; +claudebot@anthropic.com)"
216.73.216.56 - - [18/Dec/2025:01:40:37 +0000] "GET /index.php?rest_route=%2Fwp%2Fv2%2Fposts%2F20381 HTTP/1.1" 200 5169 "-" "Mozilla/5.0 AppleWebKit/537.36 (KHTML, like Gecko; compatible; ClaudeBot/1.0; +claudebot@anthropic.com)"
57.141.0.16 - - [18/Dec/2025:01:40:38 +0000] "GET /karamba-spielsaal-erfahrungen-angeschlossen-testbericht-werfen-sie-einen-blick-auf-den-link-within-2025-pro-teutonia/?fileloc=//sys/class/pci_bus/0000:03/subsystem/0000:01/subsystem/0000:0b/device/driver/0000:00:02.5/dma_mask_bits&path=//sys/class/pci_bus/0000:03/subsystem/0000:01/subsystem/0000:0b/device/driver/0000:00:02.5 HTTP/1.1" 200 262209 "-" "meta-externalagent/1.1 (+https://developers.facebook.com/docs/sharing/webmasters/crawler)"
57.141.0.43 - - [18/Dec/2025:01:40:40 +0000] "GET /karamba-spielsaal-erfahrungen-angeschlossen-testbericht-werfen-sie-einen-blick-auf-den-link-within-2025-pro-teutonia/?path=//sys/class/pci_bus/0000:11/subsystem/0000:0d/subsystem/0000:06/device/driver/0000:00:03.5/0000:00:03.5:pcie001/driver/0000:00:03.5:pcie001 HTTP/1.1" 200 262248 "-" "meta-externalagent/1.1 (+https://developers.facebook.com/docs/sharing/webmasters/crawler)"
216.73.216.56 - - [18/Dec/2025:01:40:40 +0000] "GET /index.php?rest_route=%2Fwp%2Fv2%2Fposts%2F20349 HTTP/1.1" 200 3157 "-" "Mozilla/5.0 AppleWebKit/537.36 (KHTML, like Gecko; compatible; ClaudeBot/1.0; +claudebot@anthropic.com)"
66.249.77.98 - - [18/Dec/2025:01:40:42 +0000] "GET /?fileloc=//sys/class/sound/card0/device/subsystem/devices/0000:00:02.2/driver/0000:00:03.4/driver/0000:00:02.6/driver/0000:00:03.0/subsystem/devices/0000:00:03.4/subsystem/devices/0000:00:02.7/driver/0000:00:02.7/firmware_node/physical_node/irq&path=//sys/class/sound/card0/device/subsystem/devices/0000:00:02.2/driver/0000:00:03.4/driver/0000:00:02.6/driver/0000:00:03.0/subsystem/devices/0000:00:03.4/subsystem/devices/0000:00:02.7/driver/0000:00:02.7/firmware_node/physical_node HTTP/1.1" 200 45438 "-" "Mozilla/5.0 (Linux; Android 6.0.1; Nexus 5X Build/MMB29P) AppleWebKit/537.36 (KHTML, like Gecko) Chrome/141.0.7390.122 Mobile Safari/537.36 (compatible; Googlebot/2.1; +http://www.google.com/bot.html)"
216.73.216.56 - - [18/Dec/2025:01:40:43 +0000] "GET /index.php?rest_route=%2Fwp%2Fv2%2Fposts%2F21015 HTTP/1.1" 200 4740 "-" "Mozilla/5.0 AppleWebKit/537.36 (KHTML, like Gecko; compatible; ClaudeBot/1.0; +claudebot@anthropic.com)"
216.73.216.56 - - [18/Dec/2025:01:40:46 +0000] "GET /1xbet-promo-password-nigeria-2024-a-hundred-otherwise-30-on-the-deposit?path=%2F%2Fsys%2Fdev%2Fblock%2F253%3A2%2Fsubsystem%2Floop0%2Fholders HTTP/1.1" 301 5 "-" "Mozilla/5.0 AppleWebKit/537.36 (KHTML, like Gecko; compatible; ClaudeBot/1.0; +claudebot@anthropic.com)"
216.73.216.56 - - [18/Dec/2025:01:40:47 +0000] "GET /1xbet-promo-password-nigeria-2024-a-hundred-otherwise-30-on-the-deposit/?path=%2F%2Fsys%2Fdev%2Fblock%2F253%3A2%2Fsubsystem%2Floop0%2Fholders HTTP/1.1" 200 45436 "https://datainsightnow.com/1xbet-promo-password-nigeria-2024-a-hundred-otherwise-30-on-the-deposit?path=%2F%2Fsys%2Fdev%2Fblock%2F253%3A2%2Fsubsystem%2Floop0%2Fholders" "Mozilla/5.0 AppleWebKit/537.36 (KHTML, like Gecko; compatible; ClaudeBot/1.0; +claudebot@anthropic.com)"
57.141.0.43 - - [18/Dec/2025:01:40:47 +0000] "GET /2025/03/06/page/39/?path=//sys/class/pci_bus/0000:07/subsystem/0000:03/subsystem/0000:05/device/0000:00:02.3:pcie002/driver/0000:00:02.0:pcie002 HTTP/1.1" 200 262248 "-" "meta-externalagent/1.1 (+https://developers.facebook.com/docs/sharing/webmasters/crawler)"
216.73.216.56 - - [18/Dec/2025:01:40:49 +0000] "GET /entity/778355600.htm HTTP/1.1" 301 5 "-" "Mozilla/5.0 AppleWebKit/537.36 (KHTML, like Gecko; compatible; ClaudeBot/1.0; +claudebot@anthropic.com)"
216.73.216.56 - - [18/Dec/2025:01:40:50 +0000] "GET /entity/778355600.htm/ HTTP/1.1" 200 45436 "https://datainsightnow.com/entity/778355600.htm" "Mozilla/5.0 AppleWebKit/537.36 (KHTML, like Gecko; compatible; ClaudeBot/1.0; +claudebot@anthropic.com)"
66.135.21.75 - - [18/Dec/2025:01:40:52 +0000] "POST /wp-cron.php?doing_wp_cron=1766022052.7798550128936767578125 HTTP/1.1" 200 31 "-" "WordPress/6.3.1; https://datainsightnow.com"
216.73.216.56 - - [18/Dec/2025:01:40:52 +0000] "GET /index.php?rest_route=%2Fwp%2Fv2%2Fposts%2F20453 HTTP/1.1" 200 6400 "-" "Mozilla/5.0 AppleWebKit/537.36 (KHTML, like Gecko; compatible; ClaudeBot/1.0; +claudebot@anthropic.com)"
52.167.144.210 - - [18/Dec/2025:01:40:53 +0000] "GET /al_c?fileloc=//usr/include/linux/blkpg.h&path=//usr/include/linux HTTP/1.1" 200 29660 "-" "Mozilla/5.0 AppleWebKit/537.36 (KHTML, like Gecko; compatible; bingbot/2.0; +http://www.bing.com/bingbot.htm) Chrome/116.0.1938.76 Safari/537.36"
57.141.0.38 - - [18/Dec/2025:01:40:54 +0000] "GET /karamba-spielsaal-erfahrungen-angeschlossen-testbericht-werfen-sie-einen-blick-auf-den-link-within-2025-pro-teutonia/?fileloc=//sys/class/pci_bus/0000:0b/subsystem/0000:04/subsystem/0000:11/subsystem/0000:13/power/runtime_usage&path=//sys/class/pci_bus/0000:0b/subsystem/0000:04/subsystem/0000:11/subsystem/0000:13/power HTTP/1.1" 200 262264 "-" "meta-externalagent/1.1 (+https://developers.facebook.com/docs/sharing/webmasters/crawler)"
57.141.0.25 - - [18/Dec/2025:01:40:55 +0000] "GET /2025/03/06/page/39/?path=//sys/class/pci_bus/0000:0b/subsystem/0000:10/subsystem/0000:03/subsystem/0000:0a/device/subsystem HTTP/1.1" 200 262209 "-" "meta-externalagent/1.1 (+https://developers.facebook.com/docs/sharing/webmasters/crawler)"
216.73.216.56 - - [18/Dec/2025:01:40:55 +0000] "GET /index.php?rest_route=%2Fwp%2Fv2%2Fposts%2F20383 HTTP/1.1" 200 5225 "-" "Mozilla/5.0 AppleWebKit/537.36 (KHTML, like Gecko; compatible; ClaudeBot/1.0; +claudebot@anthropic.com)"
216.73.216.56 - - [18/Dec/2025:01:40:58 +0000] "GET /index.php?rest_route=%2Fwp%2Fv2%2Fposts%2F25378 HTTP/1.1" 200 7007 "-" "Mozilla/5.0 AppleWebKit/537.36 (KHTML, like Gecko; compatible; ClaudeBot/1.0; +claudebot@anthropic.com)"
66.249.77.98 - - [18/Dec/2025:01:40:59 +0000] "GET /?fileloc=//sys/class/sound/card0/device/subsystem/devices/0000:00:02.2/driver/0000:00:02.2/driver/0000:00:03.1/driver/0000:00:03.2/firmware_node/subsystem/devices/device:3e/physical_node/subsystem/devices/0000:09:00.0/subsystem/devices/0000:00:1b.0/subsystem_vendor&path=//sys/class/sound/card0/device/subsystem/devices/0000:00:02.2/driver/0000:00:02.2/driver/0000:00:03.1/driver/0000:00:03.2/firmware_node/subsystem/devices/device:3e/physical_node/subsystem/devices/0000:09:00.0/subsystem/devices/0000:00:1b.0 HTTP/1.1" 200 45438 "-" "Mozilla/5.0 (Linux; Android 6.0.1; Nexus 5X Build/MMB29P) AppleWebKit/537.36 (KHTML, like Gecko) Chrome/141.0.7390.122 Mobile Safari/537.36 (compatible; Googlebot/2.1; +http://www.google.com/bot.html)"
216.73.216.56 - - [18/Dec/2025:01:41:01 +0000] "GET /index.php?rest_route=%2Fwp%2Fv2%2Fposts%2F35707 HTTP/1.1" 200 5137 "-" "Mozilla/5.0 AppleWebKit/537.36 (KHTML, like Gecko; compatible; ClaudeBot/1.0; +claudebot@anthropic.com)"
54.38.147.211 - - [18/Dec/2025:01:41:03 +0000] "GET /?p=27207 HTTP/1.1" 200 41924 "-" "Mozilla/5.0 (compatible; AhrefsBot/7.0; +http://ahrefs.com/robot/)"
216.73.216.56 - - [18/Dec/2025:01:41:04 +0000] "GET /index.php?rest_route=%2Fwp%2Fv2%2Fposts%2F16292 HTTP/1.1" 200 8128 "-" "Mozilla/5.0 AppleWebKit/537.36 (KHTML, like Gecko; compatible; ClaudeBot/1.0; +claudebot@anthropic.com)"
216.73.216.56 - - [18/Dec/2025:01:41:07 +0000] "GET /index.php?rest_route=%2Fwp%2Fv2%2Fposts%2F30297 HTTP/1.1" 200 6862 "-" "Mozilla/5.0 AppleWebKit/537.36 (KHTML, like Gecko; compatible; ClaudeBot/1.0; +claudebot@anthropic.com)"
57.141.0.50 - - [18/Dec/2025:01:41:07 +0000] "GET /moneysense-self-help-guide-to-the-ideal-profile/?path=//sys/class/pci_bus/0000:0c/subsystem/0000:0f/subsystem/0000:01/subsystem/0000:10/subsystem/0000:09 HTTP/1.1" 200 262248 "-" "meta-externalagent/1.1 (+https://developers.facebook.com/docs/sharing/webmasters/crawler)"
216.73.216.56 - - [18/Dec/2025:01:41:10 +0000] "GET /index.php?rest_route=%2Fwp%2Fv2%2Fposts%2F35709 HTTP/1.1" 200 5687 "-" "Mozilla/5.0 AppleWebKit/537.36 (KHTML, like Gecko; compatible; ClaudeBot/1.0; +claudebot@anthropic.com)"
216.73.216.56 - - [18/Dec/2025:01:41:13 +0000] "GET /index.php?rest_route=%2Fwp%2Fv2%2Fcategories%2F21 HTTP/1.1" 200 323 "-" "Mozilla/5.0 AppleWebKit/537.36 (KHTML, like Gecko; compatible; ClaudeBot/1.0; +claudebot@anthropic.com)"
216.73.216.56 - - [18/Dec/2025:01:41:16 +0000] "GET /index.php?rest_route=%2Fwp%2Fv2%2Fposts%2F21193 HTTP/1.1" 200 6369 "-" "Mozilla/5.0 AppleWebKit/537.36 (KHTML, like Gecko; compatible; ClaudeBot/1.0; +claudebot@anthropic.com)"
66.249.77.100 - - [18/Dec/2025:01:41:16 +0000] "GET /?path=//sys/class/sound/card0/device/subsystem/devices/0000:00:02.2/0000:04:00.0/subsystem/devices/0000:00:02.5/driver/0000:00:03.7/driver/0000:00:02.3/0000:00:02.3:pcie001/driver/0000:00:03.6:pcie001 HTTP/1.1" 200 45438 "-" "Mozilla/5.0 (Linux; Android 6.0.1; Nexus 5X Build/MMB29P) AppleWebKit/537.36 (KHTML, like Gecko) Chrome/141.0.7390.122 Mobile Safari/537.36 (compatible; Googlebot/2.1; +http://www.google.com/bot.html)"
57.141.0.7 - - [18/Dec/2025:01:41:18 +0000] "GET /2025/03/07/page/6/?fileloc=//sys/class/pci_bus/0000:03/device/subsystem/devices/0000:00:02.3/driver/0000:00:04.1/broken_parity_status&path=//sys/class/pci_bus/0000:03/device/subsystem/devices/0000:00:02.3/driver/0000:00:04.1 HTTP/1.1" 200 262209 "-" "meta-externalagent/1.1 (+https://developers.facebook.com/docs/sharing/webmasters/crawler)"
216.73.216.56 - - [18/Dec/2025:01:41:19 +0000] "GET /index.php?rest_route=%2Fwp%2Fv2%2Fposts%2F25456 HTTP/1.1" 200 5466 "-" "Mozilla/5.0 AppleWebKit/537.36 (KHTML, like Gecko; compatible; ClaudeBot/1.0; +claudebot@anthropic.com)"
216.73.216.56 - - [18/Dec/2025:01:41:22 +0000] "GET /index.php?rest_route=%2Fwp%2Fv2%2Fposts%2F27271 HTTP/1.1" 200 5736 "-" "Mozilla/5.0 AppleWebKit/537.36 (KHTML, like Gecko; compatible; ClaudeBot/1.0; +claudebot@anthropic.com)"
57.141.0.38 - - [18/Dec/2025:01:41:23 +0000] "GET /2025/03/07/page/6/?fileloc=//sys/class/pci_bus/0000:0a/subsystem/0000:09/subsystem/0000:0f/subsystem/0000:05/subsystem/0000:07/subsystem/0000:0e/rescan&path=//sys/class/pci_bus/0000:0a/subsystem/0000:09/subsystem/0000:0f/subsystem/0000:05/subsystem/0000:07/subsystem/0000:0e HTTP/1.1" 200 262209 "-" "meta-externalagent/1.1 (+https://developers.facebook.com/docs/sharing/webmasters/crawler)"
57.141.0.77 - - [18/Dec/2025:01:41:23 +0000] "GET /karamba-spielsaal-erfahrungen-angeschlossen-testbericht-werfen-sie-einen-blick-auf-den-link-within-2025-pro-teutonia/?fileloc=//sys/class/pci_bus/0000:0e/subsystem/0000:07/subsystem/0000:04/subsystem/0000:09/device/0000:09:00.0/msi_bus&path=//sys/class/pci_bus/0000:0e/subsystem/0000:07/subsystem/0000:04/subsystem/0000:09/device/0000:09:00.0 HTTP/1.1" 200 262264 "-" "meta-externalagent/1.1 (+https://developers.facebook.com/docs/sharing/webmasters/crawler)"
57.141.0.4 - - [18/Dec/2025:01:41:24 +0000] "GET /karamba-spielsaal-erfahrungen-angeschlossen-testbericht-werfen-sie-einen-blick-auf-den-link-within-2025-pro-teutonia/?fileloc=//sys/class/pci_bus/0000:02/device/driver/0000:00:02.1/driver/0000:00:02.2/subsystem/devices/0000:09:00.0/config&path=//sys/class/pci_bus/0000:02/device/driver/0000:00:02.1/driver/0000:00:02.2/subsystem/devices/0000:09:00.0 HTTP/1.1" 200 262209 "-" "meta-externalagent/1.1 (+https://developers.facebook.com/docs/sharing/webmasters/crawler)"
57.141.0.10 - - [18/Dec/2025:01:41:24 +0000] "GET /karamba-spielsaal-erfahrungen-angeschlossen-testbericht-werfen-sie-einen-blick-auf-den-link-within-2025-pro-teutonia/?path=//sys/class/pci_bus/0000:06/subsystem/0000:05/subsystem/0000:08/subsystem/0000:0c/device/0000:00:03.2:pcie001/driver HTTP/1.1" 200 262209 "-" "meta-externalagent/1.1 (+https://developers.facebook.com/docs/sharing/webmasters/crawler)"
66.249.77.98 - - [18/Dec/2025:01:41:24 +0000] "GET /?571397773?entity=0569191862 HTTP/1.1" 200 30805 "-" "Mozilla/5.0 (Linux; Android 6.0.1; Nexus 5X Build/MMB29P) AppleWebKit/537.36 (KHTML, like Gecko) Chrome/141.0.7390.122 Mobile Safari/537.36 (compatible; Googlebot/2.1; +http://www.google.com/bot.html)"
216.73.216.56 - - [18/Dec/2025:01:41:25 +0000] "GET /index.php?rest_route=%2Fwp%2Fv2%2Fposts%2F27261 HTTP/1.1" 200 5259 "-" "Mozilla/5.0 AppleWebKit/537.36 (KHTML, like Gecko; compatible; ClaudeBot/1.0; +claudebot@anthropic.com)"
57.141.0.54 - - [18/Dec/2025:01:41:26 +0000] "GET /karamba-spielsaal-erfahrungen-angeschlossen-testbericht-werfen-sie-einen-blick-auf-den-link-within-2025-pro-teutonia/?path=//sys/class/pci_bus/0000:06/subsystem/0000:00/subsystem/0000:01/device/driver/0000:00:02.2/driver/0000:00:02.3/driver/0000:00:02.7 HTTP/1.1" 200 262215 "-" "meta-externalagent/1.1 (+https://developers.facebook.com/docs/sharing/webmasters/crawler)"
57.141.0.75 - - [18/Dec/2025:01:41:26 +0000] "GET /2025/03/07/page/6/?path=//sys/class/pci_bus/0000:05/subsystem/0000:0b/device/driver/0000:00:03.0/subsystem/devices/0000:01:00.0/link HTTP/1.1" 200 262248 "-" "meta-externalagent/1.1 (+https://developers.facebook.com/docs/sharing/webmasters/crawler)"
57.141.0.59 - - [18/Dec/2025:01:41:27 +0000] "GET /karamba-spielsaal-erfahrungen-angeschlossen-testbericht-werfen-sie-einen-blick-auf-den-link-within-2025-pro-teutonia/?fileloc=//sys/class/pci_bus/0000:01/subsystem/0000:0b/subsystem/0000:05/device/driver/0000:00:03.2/power/wakeup_max_time_ms&path=//sys/class/pci_bus/0000:01/subsystem/0000:0b/subsystem/0000:05/device/driver/0000:00:03.2/power HTTP/1.1" 200 262215 "-" "meta-externalagent/1.1 (+https://developers.facebook.com/docs/sharing/webmasters/crawler)"
216.73.216.56 - - [18/Dec/2025:01:41:28 +0000] "GET /index.php?rest_route=%2Fwp%2Fv2%2Fposts%2F23161 HTTP/1.1" 200 5794 "-" "Mozilla/5.0 AppleWebKit/537.36 (KHTML, like Gecko; compatible; ClaudeBot/1.0; +claudebot@anthropic.com)"
57.141.0.30 - - [18/Dec/2025:01:41:29 +0000] "GET /nacin-kako-uporabljate-globe-wagering-najboljsa-knjiga/?fileloc=//sys/class/pci_bus/0000:0b/subsystem/0000:0b/device/pci_bus/0000:0b/device/local_cpus&path=//sys/class/pci_bus/0000:0b/subsystem/0000:0b/device/pci_bus/0000:0b/device HTTP/1.1" 200 262209 "-" "meta-externalagent/1.1 (+https://developers.facebook.com/docs/sharing/webmasters/crawler)"
57.141.0.16 - - [18/Dec/2025:01:41:30 +0000] "GET /2025/03/07/page/6/?fileloc=//sys/class/pci_bus/0000:0a/subsystem/0000:09/subsystem/0000:00/device/0000:00:01.0/firmware_node/physical_node/d3cold_allowed&path=//sys/class/pci_bus/0000:0a/subsystem/0000:09/subsystem/0000:00/device/0000:00:01.0/firmware_node/physical_node HTTP/1.1" 200 262264 "-" "meta-externalagent/1.1 (+https://developers.facebook.com/docs/sharing/webmasters/crawler)"
57.141.0.3 - - [18/Dec/2025:01:41:30 +0000] "GET /2025/03/07/page/6/?fileloc=//sys/class/pci_bus/0000:0b/subsystem/0000:11/subsystem/0000:07/device/pci_bus/0000:07/power/runtime_status&path=//sys/class/pci_bus/0000:0b/subsystem/0000:11/subsystem/0000:07/device/pci_bus/0000:07/power HTTP/1.1" 200 262215 "-" "meta-externalagent/1.1 (+https://developers.facebook.com/docs/sharing/webmasters/crawler)"
216.73.216.56 - - [18/Dec/2025:01:41:31 +0000] "GET /index.php?rest_route=%2Fwp%2Fv2%2Fposts%2F34681 HTTP/1.1" 200 4309 "-" "Mozilla/5.0 AppleWebKit/537.36 (KHTML, like Gecko; compatible; ClaudeBot/1.0; +claudebot@anthropic.com)"
66.249.77.98 - - [18/Dec/2025:01:41:32 +0000] "GET /?path=//sys/class/sound/card0/device/subsystem/devices/0000:00:02.2/0000:04:00.0/subsystem/devices/0000:00:02.0/driver/0000:00:03.0/0000:00:03.0:pcie002/driver/0000:00:04.1:pcie002/driver/0000:00:02.6:pcie002/subsystem/devices/0000:00:03.6:pcie010 HTTP/1.1" 200 45438 "-" "Mozilla/5.0 (Linux; Android 6.0.1; Nexus 5X Build/MMB29P) AppleWebKit/537.36 (KHTML, like Gecko) Chrome/141.0.7390.122 Mobile Safari/537.36 (compatible; Googlebot/2.1; +http://www.google.com/bot.html)"
216.73.216.56 - - [18/Dec/2025:01:41:35 +0000] "GET /entity/211575811.htm HTTP/1.1" 301 5 "-" "Mozilla/5.0 AppleWebKit/537.36 (KHTML, like Gecko; compatible; ClaudeBot/1.0; +claudebot@anthropic.com)"
216.73.216.56 - - [18/Dec/2025:01:41:36 +0000] "GET /entity/211575811.htm/ HTTP/1.1" 200 45436 "https://datainsightnow.com/entity/211575811.htm" "Mozilla/5.0 AppleWebKit/537.36 (KHTML, like Gecko; compatible; ClaudeBot/1.0; +claudebot@anthropic.com)"
216.73.216.56 - - [18/Dec/2025:01:41:38 +0000] "GET /entity/211728103.htm HTTP/1.1" 301 5 "-" "Mozilla/5.0 AppleWebKit/537.36 (KHTML, like Gecko; compatible; ClaudeBot/1.0; +claudebot@anthropic.com)"
114.119.140.178 - - [18/Dec/2025:01:41:39 +0000] "GET /zodiac-kasino-erfahrungen-2024-480-bonus-80-freispiele/?path=//sys/dev/char/4:80/subsystem/tty61/power HTTP/1.1" 200 45438 "https://datainsightnow.com/zodiac-kasino-erfahrungen-2024-480-bonus-80-freispiele/?path=//sys/dev/char/4%3A80/subsystem/tty61" "Mozilla/5.0 (Linux; Android 7.0;) AppleWebKit/537.36 (KHTML, like Gecko) Mobile Safari/537.36 (compatible; PetalBot;+https://webmaster.petalsearch.com/site/petalbot)"
216.73.216.56 - - [18/Dec/2025:01:41:39 +0000] "GET /entity/211728103.htm/ HTTP/1.1" 200 45436 "https://datainsightnow.com/entity/211728103.htm" "Mozilla/5.0 AppleWebKit/537.36 (KHTML, like Gecko; compatible; ClaudeBot/1.0; +claudebot@anthropic.com)"
216.73.216.56 - - [18/Dec/2025:01:41:41 +0000] "GET /entity/211700643.htm HTTP/1.1" 301 5 "-" "Mozilla/5.0 AppleWebKit/537.36 (KHTML, like Gecko; compatible; ClaudeBot/1.0; +claudebot@anthropic.com)"
216.73.216.56 - - [18/Dec/2025:01:41:42 +0000] "GET /entity/211700643.htm/ HTTP/1.1" 200 45436 "https://datainsightnow.com/entity/211700643.htm" "Mozilla/5.0 AppleWebKit/537.36 (KHTML, like Gecko; compatible; ClaudeBot/1.0; +claudebot@anthropic.com)"
216.73.216.56 - - [18/Dec/2025:01:41:44 +0000] "GET /entity/211624232.htm HTTP/1.1" 301 5 "-" "Mozilla/5.0 AppleWebKit/537.36 (KHTML, like Gecko; compatible; ClaudeBot/1.0; +claudebot@anthropic.com)"
216.73.216.56 - - [18/Dec/2025:01:41:44 +0000] "GET /entity/211624232.htm/ HTTP/1.1" 200 45436 "https://datainsightnow.com/entity/211624232.htm" "Mozilla/5.0 AppleWebKit/537.36 (KHTML, like Gecko; compatible; ClaudeBot/1.0; +claudebot@anthropic.com)"
57.141.0.43 - - [18/Dec/2025:01:41:46 +0000] "GET /2025/03/07/page/6/?fileloc=//sys/class/pci_bus/0000:05/subsystem/0000:11/device/driver/0000:00:02.1/subsystem/devices/0000:00:03.6/driver/0000:00:02.1/aer_rootport_total_err_cor&path=//sys/class/pci_bus/0000:05/subsystem/0000:11/device/driver/0000:00:02.1/subsystem/devices/0000:00:03.6/driver/0000:00:02.1 HTTP/1.1" 200 262264 "-" "meta-externalagent/1.1 (+https://developers.facebook.com/docs/sharing/webmasters/crawler)"
216.73.216.56 - - [18/Dec/2025:01:41:47 +0000] "GET /entity/211670087.htm HTTP/1.1" 301 5 "-" "Mozilla/5.0 AppleWebKit/537.36 (KHTML, like Gecko; compatible; ClaudeBot/1.0; +claudebot@anthropic.com)"
216.73.216.56 - - [18/Dec/2025:01:41:48 +0000] "GET /entity/211670087.htm/ HTTP/1.1" 200 45436 "https://datainsightnow.com/entity/211670087.htm" "Mozilla/5.0 AppleWebKit/537.36 (KHTML, like Gecko; compatible; ClaudeBot/1.0; +claudebot@anthropic.com)"
66.249.77.98 - - [18/Dec/2025:01:41:49 +0000] "GET /?path=//sys/class/sound/card0/device/subsystem/devices/0000:00:02.2/driver/0000:00:02.2/driver/0000:00:02.6/0000:00:02.6:pcie002/driver/0000:00:03.7:pcie002/subsystem/devices/0000:00:03.5:pcie010/subsystem/drivers/aer/0000:00:02.7:pcie002/driver/0000:00:03.3:pcie002/subsystem/devices/0000:00:03.3:pcie002 HTTP/1.1" 200 45438 "-" "Mozilla/5.0 (Linux; Android 6.0.1; Nexus 5X Build/MMB29P) AppleWebKit/537.36 (KHTML, like Gecko) Chrome/141.0.7390.122 Mobile Safari/537.36 (compatible; Googlebot/2.1; +http://www.google.com/bot.html)"
66.135.21.75 - - [18/Dec/2025:01:41:50 +0000] "POST /wp-cron.php?doing_wp_cron=1766022110.5240240097045898437500 HTTP/1.1" 200 31 "-" "WordPress/6.3.1; https://datainsightnow.com"
216.73.216.56 - - [18/Dec/2025:01:41:50 +0000] "GET /entity/211672410.htm HTTP/1.1" 301 5 "-" "Mozilla/5.0 AppleWebKit/537.36 (KHTML, like Gecko; compatible; ClaudeBot/1.0; +claudebot@anthropic.com)"
216.73.216.56 - - [18/Dec/2025:01:41:51 +0000] "GET /entity/211672410.htm/ HTTP/1.1" 200 45436 "https://datainsightnow.com/entity/211672410.htm" "Mozilla/5.0 AppleWebKit/537.36 (KHTML, like Gecko; compatible; ClaudeBot/1.0; +claudebot@anthropic.com)"
216.73.216.56 - - [18/Dec/2025:01:41:53 +0000] "GET /entity/211674482.htm HTTP/1.1" 301 5 "-" "Mozilla/5.0 AppleWebKit/537.36 (KHTML, like Gecko; compatible; ClaudeBot/1.0; +claudebot@anthropic.com)"
216.73.216.56 - - [18/Dec/2025:01:41:54 +0000] "GET /entity/211674482.htm/ HTTP/1.1" 200 45436 "https://datainsightnow.com/entity/211674482.htm" "Mozilla/5.0 AppleWebKit/537.36 (KHTML, like Gecko; compatible; ClaudeBot/1.0; +claudebot@anthropic.com)"
57.141.0.16 - - [18/Dec/2025:01:41:56 +0000] "GET /2025/03/07/page/6/?path=//sys/class/pci_bus/0000:05/subsystem/0000:02/subsystem/0000:0b/subsystem/0000:0e/device/subsystem/slots/16 HTTP/1.1" 200 262215 "-" "meta-externalagent/1.1 (+https://developers.facebook.com/docs/sharing/webmasters/crawler)"
57.141.0.58 - - [18/Dec/2025:01:41:58 +0000] "GET /karamba-spielsaal-erfahrungen-angeschlossen-testbericht-werfen-sie-einen-blick-auf-den-link-within-2025-pro-teutonia/?fileloc=//sys/class/pci_bus/0000:05/subsystem/0000:06/subsystem/0000:0e/subsystem/0000:13/device/class&path=//sys/class/pci_bus/0000:05/subsystem/0000:06/subsystem/0000:0e/subsystem/0000:13/device HTTP/1.1" 200 262209 "-" "meta-externalagent/1.1 (+https://developers.facebook.com/docs/sharing/webmasters/crawler)"
57.141.0.38 - - [18/Dec/2025:01:41:59 +0000] "GET /karamba-spielsaal-erfahrungen-angeschlossen-testbericht-werfen-sie-einen-blick-auf-den-link-within-2025-pro-teutonia/?path=//sys/class/pci_bus/0000:06/subsystem/0000:0b/device/driver/0000:00:02.2/driver/0000:00:02.4/firmware_node/physical_node/0000:00:02.4:pcie002 HTTP/1.1" 200 262264 "-" "meta-externalagent/1.1 (+https://developers.facebook.com/docs/sharing/webmasters/crawler)"
216.73.216.56 - - [18/Dec/2025:01:41:59 +0000] "GET /entity/211512354.htm HTTP/1.1" 301 5 "-" "Mozilla/5.0 AppleWebKit/537.36 (KHTML, like Gecko; compatible; ClaudeBot/1.0; +claudebot@anthropic.com)"
216.73.216.56 - - [18/Dec/2025:01:42:00 +0000] "GET /entity/211512354.htm/ HTTP/1.1" 200 45436 "https://datainsightnow.com/entity/211512354.htm" "Mozilla/5.0 AppleWebKit/537.36 (KHTML, like Gecko; compatible; ClaudeBot/1.0; +claudebot@anthropic.com)"
57.141.0.13 - - [18/Dec/2025:01:42:02 +0000] "GET /2025/03/07/page/6/?fileloc=//sys/class/pci_bus/0000:05/subsystem/0000:05/device/driver/0000:00:03.1/subsystem/devices/0000:00:02.4/aer_dev_fatal&path=//sys/class/pci_bus/0000:05/subsystem/0000:05/device/driver/0000:00:03.1/subsystem/devices/0000:00:02.4 HTTP/1.1" 200 262264 "-" "meta-externalagent/1.1 (+https://developers.facebook.com/docs/sharing/webmasters/crawler)"
57.141.0.2 - - [18/Dec/2025:01:42:02 +0000] "GET /2025/03/07/page/6/?path=//sys/class/pci_bus/0000:00/device/0000:00:03.2/0000:00:03.2:pcie002/subsystem/devices/0000:00:02.2:pcie001/subsystem/devices/0000:00:03.7:pcie010 HTTP/1.1" 200 262209 "-" "meta-externalagent/1.1 (+https://developers.facebook.com/docs/sharing/webmasters/crawler)"
40.77.167.42 - - [18/Dec/2025:01:42:02 +0000] "GET /usm_0.66_1.00_0.01?path=//proc/76/net/dev_snmp6 HTTP/1.1" 301 5 "-" "Mozilla/5.0 AppleWebKit/537.36 (KHTML, like Gecko; compatible; bingbot/2.0; +http://www.bing.com/bingbot.htm) Chrome/116.0.1938.76 Safari/537.36"
216.73.216.56 - - [18/Dec/2025:01:42:02 +0000] "GET /?p=48180 HTTP/1.1" 200 41251 "-" "Mozilla/5.0 AppleWebKit/537.36 (KHTML, like Gecko; compatible; ClaudeBot/1.0; +claudebot@anthropic.com)"
57.141.0.4 - - [18/Dec/2025:01:42:05 +0000] "GET /2025/03/07/page/6/?path=//sys/class/pci_bus/0000:07/subsystem/0000:0b/device/driver/0000:00:02.4/driver/0000:00:03.4/0000:00:03.4:pcie010/subsystem/devices/0000:00:04.0:pcie010/subsystem HTTP/1.1" 200 262215 "-" "meta-externalagent/1.1 (+https://developers.facebook.com/docs/sharing/webmasters/crawler)"
66.249.77.98 - - [18/Dec/2025:01:42:05 +0000] "GET /?fileloc=//sys/class/sound/card0/device/subsystem/devices/0000:00:02.2/driver/0000:00:02.2/driver/0000:00:03.1/driver/0000:00:02.4/driver/0000:00:02.4/driver/0000:00:02.0/0000:01:00.0/numa_node&path=//sys/class/sound/card0/device/subsystem/devices/0000:00:02.2/driver/0000:00:02.2/driver/0000:00:03.1/driver/0000:00:02.4/driver/0000:00:02.4/driver/0000:00:02.0/0000:01:00.0 HTTP/1.1" 200 45438 "-" "Mozilla/5.0 (Linux; Android 6.0.1; Nexus 5X Build/MMB29P) AppleWebKit/537.36 (KHTML, like Gecko) Chrome/141.0.7390.122 Mobile Safari/537.36 (compatible; Googlebot/2.1; +http://www.google.com/bot.html)"
216.73.216.56 - - [18/Dec/2025:01:42:05 +0000] "GET /?p=44891 HTTP/1.1" 200 42423 "-" "Mozilla/5.0 AppleWebKit/537.36 (KHTML, like Gecko; compatible; ClaudeBot/1.0; +claudebot@anthropic.com)"
57.141.0.13 - - [18/Dec/2025:01:42:07 +0000] "GET /karamba-spielsaal-erfahrungen-angeschlossen-testbericht-werfen-sie-einen-blick-auf-den-link-within-2025-pro-teutonia/?fileloc=//sys/class/pci_bus/0000:06/subsystem/0000:10/subsystem/0000:0b/subsystem/0000:11/device/driver/0000:00:03.3/vendor&path=//sys/class/pci_bus/0000:06/subsystem/0000:10/subsystem/0000:0b/subsystem/0000:11/device/driver/0000:00:03.3 HTTP/1.1" 200 262264 "-" "meta-externalagent/1.1 (+https://developers.facebook.com/docs/sharing/webmasters/crawler)"
216.73.216.56 - - [18/Dec/2025:01:42:08 +0000] "GET /?p=44895 HTTP/1.1" 200 41353 "-" "Mozilla/5.0 AppleWebKit/537.36 (KHTML, like Gecko; compatible; ClaudeBot/1.0; +claudebot@anthropic.com)"
216.73.216.56 - - [18/Dec/2025:01:42:11 +0000] "GET /?p=34475 HTTP/1.1" 200 41093 "-" "Mozilla/5.0 AppleWebKit/537.36 (KHTML, like Gecko; compatible; ClaudeBot/1.0; +claudebot@anthropic.com)"
198.244.242.42 - - [18/Dec/2025:01:42:13 +0000] "GET /?p=26927 HTTP/1.1" 200 42562 "-" "Mozilla/5.0 (compatible; AhrefsBot/7.0; +http://ahrefs.com/robot/)"
57.141.0.35 - - [18/Dec/2025:01:42:13 +0000] "GET /moneysense-self-help-guide-to-the-ideal-profile/?path=//sys/class/pci_bus/0000:0a/subsystem/0000:0b/subsystem/0000:0c/device/driver/0000:00:02.1/0000:00:02.1:pcie001/driver HTTP/1.1" 200 262209 "-" "meta-externalagent/1.1 (+https://developers.facebook.com/docs/sharing/webmasters/crawler)"
216.73.216.56 - - [18/Dec/2025:01:42:15 +0000] "GET /?p=23189 HTTP/1.1" 200 43125 "-" "Mozilla/5.0 AppleWebKit/537.36 (KHTML, like Gecko; compatible; ClaudeBot/1.0; +claudebot@anthropic.com)"
57.141.0.15 - - [18/Dec/2025:01:42:15 +0000] "GET /2025/03/07/page/6/?path=//sys/class/pci_bus/0000:05/subsystem/0000:0c/device/driver/0000:00:02.1/driver/0000:00:03.3/firmware_node/subsystem/devices/QEMU0002:00 HTTP/1.1" 200 262264 "-" "meta-externalagent/1.1 (+https://developers.facebook.com/docs/sharing/webmasters/crawler)"
57.141.0.54 - - [18/Dec/2025:01:42:16 +0000] "GET /2025/03/07/page/6/?fileloc=//sys/class/pci_bus/0000:10/subsystem/0000:11/subsystem/0000:0b/subsystem/0000:0a/rescan&path=//sys/class/pci_bus/0000:10/subsystem/0000:11/subsystem/0000:0b/subsystem/0000:0a HTTP/1.1" 200 262215 "-" "meta-externalagent/1.1 (+https://developers.facebook.com/docs/sharing/webmasters/crawler)"
216.73.216.56 - - [18/Dec/2025:01:42:17 +0000] "GET /?p=23193 HTTP/1.1" 200 42195 "-" "Mozilla/5.0 AppleWebKit/537.36 (KHTML, like Gecko; compatible; ClaudeBot/1.0; +claudebot@anthropic.com)"
66.249.77.99 - - [18/Dec/2025:01:42:22 +0000] "GET /?path=//sys/class/sound/card0/device/subsystem/devices/0000:00:02.2/driver/0000:00:02.2/driver/0000:00:02.6/0000:00:02.6:pcie002/driver/0000:00:03.7:pcie002/subsystem/devices/0000:00:03.5:pcie010/subsystem/drivers/aer/0000:00:02.7:pcie002/driver/0000:00:03.3:pcie002/subsystem/devices/0000:00:02.1:pcie010 HTTP/1.1" 200 45438 "-" "Mozilla/5.0 (Linux; Android 6.0.1; Nexus 5X Build/MMB29P) AppleWebKit/537.36 (KHTML, like Gecko) Chrome/141.0.7390.122 Mobile Safari/537.36 (compatible; Googlebot/2.1; +http://www.google.com/bot.html)"
57.141.0.7 - - [18/Dec/2025:01:42:23 +0000] "GET /2025/03/06/page/39/?fileloc=//sys/class/pci_bus/0000:0e/subsystem/0000:04/subsystem/0000:0c/subsystem/0000:07/rescan&path=//sys/class/pci_bus/0000:0e/subsystem/0000:04/subsystem/0000:0c/subsystem/0000:07 HTTP/1.1" 200 262216 "-" "meta-externalagent/1.1 (+https://developers.facebook.com/docs/sharing/webmasters/crawler)"
66.249.77.99 - - [18/Dec/2025:01:42:24 +0000] "GET /?741095609?entity=0738234494 HTTP/1.1" 200 29660 "-" "Mozilla/5.0 (Linux; Android 6.0.1; Nexus 5X Build/MMB29P) AppleWebKit/537.36 (KHTML, like Gecko) Chrome/141.0.7390.122 Mobile Safari/537.36 (compatible; Googlebot/2.1; +http://www.google.com/bot.html)"
85.208.96.201 - - [18/Dec/2025:01:42:25 +0000] "GET /?p=16667 HTTP/1.1" 200 42592 "-" "Mozilla/5.0 (compatible; SemrushBot/7~bl; +http://www.semrush.com/bot.html)"
