216.73.216.56 - - [18/Dec/2025:01:25:23 +0000] "GET /index.php?rest_route=%2Fwp%2Fv2%2Fposts%2F18742 HTTP/1.1" 200 5273 "-" "Mozilla/5.0 AppleWebKit/537.36 (KHTML, like Gecko; compatible; ClaudeBot/1.0; +claudebot@anthropic.com)"
57.141.0.33 - - [18/Dec/2025:01:25:24 +0000] "GET /2025/03/07/page/6/?fileloc=//sys/class/pci_bus/0000:07/device/0000:07:00.0/subsystem/devices/0000:00:03.2/aer_rootport_total_err_fatal&path=//sys/class/pci_bus/0000:07/device/0000:07:00.0/subsystem/devices/0000:00:03.2 HTTP/1.1" 200 262248 "-" "meta-externalagent/1.1 (+https://developers.facebook.com/docs/sharing/webmasters/crawler)"
66.249.77.98 - - [18/Dec/2025:01:25:25 +0000] "GET /?pcmypage?callback=/product%2Fdetail%2FD198860688 HTTP/1.1" 200 29863 "-" "Mozilla/5.0 (Linux; Android 6.0.1; Nexus 5X Build/MMB29P) AppleWebKit/537.36 (KHTML, like Gecko) Chrome/141.0.7390.122 Mobile Safari/537.36 (compatible; Googlebot/2.1; +http://www.google.com/bot.html)"
66.249.77.99 - - [18/Dec/2025:01:25:25 +0000] "GET /?117848108?entity=0117393354 HTTP/1.1" 200 30138 "-" "Mozilla/5.0 (Linux; Android 6.0.1; Nexus 5X Build/MMB29P) AppleWebKit/537.36 (KHTML, like Gecko) Chrome/141.0.7390.122 Mobile Safari/537.36 (compatible; Googlebot/2.1; +http://www.google.com/bot.html)"
57.141.0.35 - - [18/Dec/2025:01:25:26 +0000] "GET /2025/03/07/page/6/?fileloc=//sys/class/pci_bus/0000:0b/device/driver/0000:00:02.7/driver/0000:00:03.1/driver/0000:00:04.0/resource0&path=//sys/class/pci_bus/0000:0b/device/driver/0000:00:02.7/driver/0000:00:03.1/driver/0000:00:04.0 HTTP/1.1" 200 262264 "-" "meta-externalagent/1.1 (+https://developers.facebook.com/docs/sharing/webmasters/crawler)"
216.73.216.56 - - [18/Dec/2025:01:25:26 +0000] "GET /index.php?rest_route=%2Fwp%2Fv2%2Fposts%2F29051 HTTP/1.1" 200 6288 "-" "Mozilla/5.0 AppleWebKit/537.36 (KHTML, like Gecko; compatible; ClaudeBot/1.0; +claudebot@anthropic.com)"
66.249.77.98 - - [18/Dec/2025:01:25:26 +0000] "GET /?fileloc=//sys/class/sound/card0/device/subsystem/devices/0000:00:02.2/driver/0000:00:03.4/driver/0000:00:02.6/driver/0000:00:03.0/subsystem/devices/0000:00:03.4/driver/0000:00:03.7/driver/0000:00:04.1/driver/0000:00:03.4/aer_dev_fatal&path=//sys/class/sound/card0/device/subsystem/devices/0000:00:02.2/driver/0000:00:03.4/driver/0000:00:02.6/driver/0000:00:03.0/subsystem/devices/0000:00:03.4/driver/0000:00:03.7/driver/0000:00:04.1/driver/0000:00:03.4 HTTP/1.1" 200 45438 "-" "Mozilla/5.0 (Linux; Android 6.0.1; Nexus 5X Build/MMB29P) AppleWebKit/537.36 (KHTML, like Gecko) Chrome/141.0.7390.122 Mobile Safari/537.36 (compatible; Googlebot/2.1; +http://www.google.com/bot.html)"
216.73.216.56 - - [18/Dec/2025:01:25:29 +0000] "GET /index.php?rest_route=%2Fwp%2Fv2%2Fposts%2F48796 HTTP/1.1" 200 6616 "-" "Mozilla/5.0 AppleWebKit/537.36 (KHTML, like Gecko; compatible; ClaudeBot/1.0; +claudebot@anthropic.com)"
57.141.0.37 - - [18/Dec/2025:01:25:31 +0000] "GET /2025/03/13/?fileloc=//sys/class/pci_bus/0000:08/device/driver/0000:00:02.3/driver/0000:00:02.0/driver/0000:00:03.3/msi_bus&path=//sys/class/pci_bus/0000:08/device/driver/0000:00:02.3/driver/0000:00:02.0/driver/0000:00:03.3 HTTP/1.1" 200 262248 "-" "meta-externalagent/1.1 (+https://developers.facebook.com/docs/sharing/webmasters/crawler)"
66.135.21.75 - - [18/Dec/2025:01:25:32 +0000] "POST /wp-cron.php?doing_wp_cron=1766021132.7354600429534912109375 HTTP/1.1" 200 31 "-" "WordPress/6.3.1; https://datainsightnow.com"
216.73.216.56 - - [18/Dec/2025:01:25:32 +0000] "GET /index.php?rest_route=%2Fwp%2Fv2%2Fposts%2F19358 HTTP/1.1" 200 5021 "-" "Mozilla/5.0 AppleWebKit/537.36 (KHTML, like Gecko; compatible; ClaudeBot/1.0; +claudebot@anthropic.com)"
216.73.216.56 - - [18/Dec/2025:01:25:35 +0000] "GET /index.php?rest_route=%2Fwp%2Fv2%2Fposts%2F25296 HTTP/1.1" 200 4405 "-" "Mozilla/5.0 AppleWebKit/537.36 (KHTML, like Gecko; compatible; ClaudeBot/1.0; +claudebot@anthropic.com)"
66.249.77.98 - - [18/Dec/2025:01:25:36 +0000] "GET /?fileloc=//sys/class/sound/card0/device/subsystem/devices/0000:00:02.2/driver/0000:00:02.2/driver/0000:00:03.6/subsystem/drivers/pcieport/0000:00:03.0/aer_dev_nonfatal&path=//sys/class/sound/card0/device/subsystem/devices/0000:00:02.2/driver/0000:00:02.2/driver/0000:00:03.6/subsystem/drivers/pcieport/0000:00:03.0 HTTP/1.1" 200 45438 "-" "Mozilla/5.0 (Linux; Android 6.0.1; Nexus 5X Build/MMB29P) AppleWebKit/537.36 (KHTML, like Gecko) Chrome/141.0.7390.122 Mobile Safari/537.36 (compatible; Googlebot/2.1; +http://www.google.com/bot.html)"
216.73.216.56 - - [18/Dec/2025:01:25:38 +0000] "GET /index.php?rest_route=%2Fwp%2Fv2%2Fposts%2F15402 HTTP/1.1" 200 4940 "-" "Mozilla/5.0 AppleWebKit/537.36 (KHTML, like Gecko; compatible; ClaudeBot/1.0; +claudebot@anthropic.com)"
216.73.216.56 - - [18/Dec/2025:01:25:41 +0000] "GET /index.php?rest_route=%2Fwp%2Fv2%2Fposts%2F25274 HTTP/1.1" 200 5259 "-" "Mozilla/5.0 AppleWebKit/537.36 (KHTML, like Gecko; compatible; ClaudeBot/1.0; +claudebot@anthropic.com)"
185.191.171.16 - - [18/Dec/2025:01:25:41 +0000] "GET /?p=18648 HTTP/1.1" 200 42759 "-" "Mozilla/5.0 (compatible; SemrushBot/7~bl; +http://www.semrush.com/bot.html)"
57.141.0.75 - - [18/Dec/2025:01:25:43 +0000] "GET /karamba-spielsaal-erfahrungen-angeschlossen-testbericht-werfen-sie-einen-blick-auf-den-link-within-2025-pro-teutonia/?fileloc=//sys/class/pci_bus/0000:0f/subsystem/0000:09/subsystem/0000:05/subsystem/0000:09/power/async&path=//sys/class/pci_bus/0000:0f/subsystem/0000:09/subsystem/0000:05/subsystem/0000:09/power HTTP/1.1" 200 262216 "-" "meta-externalagent/1.1 (+https://developers.facebook.com/docs/sharing/webmasters/crawler)"
216.73.216.56 - - [18/Dec/2025:01:25:44 +0000] "GET /index.php?rest_route=%2Fwp%2Fv2%2Fposts%2F17463 HTTP/1.1" 200 3578 "-" "Mozilla/5.0 AppleWebKit/537.36 (KHTML, like Gecko; compatible; ClaudeBot/1.0; +claudebot@anthropic.com)"
216.73.216.56 - - [18/Dec/2025:01:25:47 +0000] "GET /index.php?rest_route=%2Fwp%2Fv2%2Fposts%2F18962 HTTP/1.1" 200 5339 "-" "Mozilla/5.0 AppleWebKit/537.36 (KHTML, like Gecko; compatible; ClaudeBot/1.0; +claudebot@anthropic.com)"
66.135.21.75 - - [18/Dec/2025:01:25:50 +0000] "POST /wp-cron.php?doing_wp_cron=1766021150.7237670421600341796875 HTTP/1.1" 200 31 "-" "WordPress/6.3.1; https://datainsightnow.com"
216.73.216.56 - - [18/Dec/2025:01:25:50 +0000] "GET /index.php?rest_route=%2Fwp%2Fv2%2Fposts%2F44791 HTTP/1.1" 200 5080 "-" "Mozilla/5.0 AppleWebKit/537.36 (KHTML, like Gecko; compatible; ClaudeBot/1.0; +claudebot@anthropic.com)"
57.141.0.75 - - [18/Dec/2025:01:25:53 +0000] "GET /moneysense-self-help-guide-to-the-ideal-profile/?path=//sys/class/pci_bus/0000:07/device/driver/0000:00:02.0/driver/0000:00:03.5/pci_bus HTTP/1.1" 200 262248 "-" "meta-externalagent/1.1 (+https://developers.facebook.com/docs/sharing/webmasters/crawler)"
216.73.216.56 - - [18/Dec/2025:01:25:54 +0000] "GET /index.php?rest_route=%2Fwp%2Fv2%2Fposts%2F22865 HTTP/1.1" 200 4320 "-" "Mozilla/5.0 AppleWebKit/537.36 (KHTML, like Gecko; compatible; ClaudeBot/1.0; +claudebot@anthropic.com)"
57.141.0.50 - - [18/Dec/2025:01:25:55 +0000] "GET /2025/03/06/page/39/?fileloc=//sys/class/pci_bus/0000:01/subsystem/0000:0d/subsystem/0000:07/device/driver/0000:00:02.2/subordinate_bus_number&path=//sys/class/pci_bus/0000:01/subsystem/0000:0d/subsystem/0000:07/device/driver/0000:00:02.2 HTTP/1.1" 200 262264 "-" "meta-externalagent/1.1 (+https://developers.facebook.com/docs/sharing/webmasters/crawler)"
216.73.216.56 - - [18/Dec/2025:01:25:57 +0000] "GET /index.php?rest_route=%2Fwp%2Fv2%2Fposts%2F22839 HTTP/1.1" 200 4440 "-" "Mozilla/5.0 AppleWebKit/537.36 (KHTML, like Gecko; compatible; ClaudeBot/1.0; +claudebot@anthropic.com)"
57.141.0.15 - - [18/Dec/2025:01:25:58 +0000] "GET /karamba-spielsaal-erfahrungen-angeschlossen-testbericht-werfen-sie-einen-blick-auf-den-link-within-2025-pro-teutonia/?fileloc=//sys/class/pci_bus/0000:08/device/pci_bus/0000:08/device/driver/0000:00:04.0/subsystem/devices/0000:00:02.5/subordinate_bus_number&path=//sys/class/pci_bus/0000:08/device/pci_bus/0000:08/device/driver/0000:00:04.0/subsystem/devices/0000:00:02.5 HTTP/1.1" 200 262248 "-" "meta-externalagent/1.1 (+https://developers.facebook.com/docs/sharing/webmasters/crawler)"
216.73.216.56 - - [18/Dec/2025:01:26:00 +0000] "GET /index.php?rest_route=%2Fwp%2Fv2%2Fposts%2F12521 HTTP/1.1" 200 5685 "-" "Mozilla/5.0 AppleWebKit/537.36 (KHTML, like Gecko; compatible; ClaudeBot/1.0; +claudebot@anthropic.com)"
66.249.77.98 - - [18/Dec/2025:01:26:02 +0000] "GET /?fileloc=//sys/class/sound/card0/device/subsystem/devices/0000:00:02.2/driver/0000:00:03.4/driver/0000:00:02.6/driver/0000:00:03.0/subsystem/devices/0000:00:03.4/driver/0000:00:03.7/driver/0000:00:04.1/driver/0000:00:02.1/vendor&path=//sys/class/sound/card0/device/subsystem/devices/0000:00:02.2/driver/0000:00:03.4/driver/0000:00:02.6/driver/0000:00:03.0/subsystem/devices/0000:00:03.4/driver/0000:00:03.7/driver/0000:00:04.1/driver/0000:00:02.1 HTTP/1.1" 200 45438 "-" "Mozilla/5.0 (Linux; Android 6.0.1; Nexus 5X Build/MMB29P) AppleWebKit/537.36 (KHTML, like Gecko) Chrome/141.0.7390.122 Mobile Safari/537.36 (compatible; Googlebot/2.1; +http://www.google.com/bot.html)"
57.141.0.14 - - [18/Dec/2025:01:26:03 +0000] "GET /karamba-spielsaal-erfahrungen-angeschlossen-testbericht-werfen-sie-einen-blick-auf-den-link-within-2025-pro-teutonia/?fileloc=//sys/class/pci_bus/0000:0a/subsystem/0000:0b/subsystem/0000:0d/subsystem/0000:04/device/resource0&path=//sys/class/pci_bus/0000:0a/subsystem/0000:0b/subsystem/0000:0d/subsystem/0000:04/device HTTP/1.1" 200 262279 "-" "meta-externalagent/1.1 (+https://developers.facebook.com/docs/sharing/webmasters/crawler)"
216.73.216.56 - - [18/Dec/2025:01:26:03 +0000] "GET /index.php?rest_route=%2Fwp%2Fv2%2Fposts%2F45959 HTTP/1.1" 200 5513 "-" "Mozilla/5.0 AppleWebKit/537.36 (KHTML, like Gecko; compatible; ClaudeBot/1.0; +claudebot@anthropic.com)"
57.141.0.7 - - [18/Dec/2025:01:26:03 +0000] "GET /2025/03/07/page/6/?path=//sys/class/pci_bus/0000:05/subsystem/0000:09/subsystem/0000:0d/subsystem/0000:00/device/0000:00:02.0/driver/0000:00:03.1/0000:00:03.1:pcie001 HTTP/1.1" 200 262248 "-" "meta-externalagent/1.1 (+https://developers.facebook.com/docs/sharing/webmasters/crawler)"
216.73.216.56 - - [18/Dec/2025:01:26:06 +0000] "GET /index.php?rest_route=%2Fwp%2Fv2%2Fposts%2F22853 HTTP/1.1" 200 6222 "-" "Mozilla/5.0 AppleWebKit/537.36 (KHTML, like Gecko; compatible; ClaudeBot/1.0; +claudebot@anthropic.com)"
217.182.195.140 - - [18/Dec/2025:01:26:08 +0000] "GET /?p=31687 HTTP/1.1" 200 43702 "-" "Mozilla/5.0 (compatible; MJ12bot/v1.4.8; http://mj12bot.com/)"
57.141.0.26 - - [18/Dec/2025:01:26:08 +0000] "GET /2025/03/07/page/6/?path=//sys/class/pci_bus/0000:05/subsystem/0000:12/device/driver/0000:00:02.5/pci_bus/0000:07/device/driver/0000:00:02.5/0000:00:02.5:pcie002 HTTP/1.1" 200 262209 "-" "meta-externalagent/1.1 (+https://developers.facebook.com/docs/sharing/webmasters/crawler)"
216.73.216.56 - - [18/Dec/2025:01:26:09 +0000] "GET /index.php?rest_route=%2Fwp%2Fv2%2Fposts%2F10137 HTTP/1.1" 200 4940 "-" "Mozilla/5.0 AppleWebKit/537.36 (KHTML, like Gecko; compatible; ClaudeBot/1.0; +claudebot@anthropic.com)"
57.141.0.60 - - [18/Dec/2025:01:26:10 +0000] "GET /2025/03/07/page/6/?fileloc=//sys/class/pci_bus/0000:09/subsystem/0000:03/device/subsystem/drivers/pcieport/0000:00:02.6/driver/0000:00:03.3/aer_dev_nonfatal&path=//sys/class/pci_bus/0000:09/subsystem/0000:03/device/subsystem/drivers/pcieport/0000:00:02.6/driver/0000:00:03.3 HTTP/1.1" 200 262209 "-" "meta-externalagent/1.1 (+https://developers.facebook.com/docs/sharing/webmasters/crawler)"
57.141.0.20 - - [18/Dec/2025:01:26:10 +0000] "GET /karamba-spielsaal-erfahrungen-angeschlossen-testbericht-werfen-sie-einen-blick-auf-den-link-within-2025-pro-teutonia/?fileloc=//sys/class/pci_bus/0000:0b/subsystem/0000:05/subsystem/0000:04/device/driver/0000:00:02.6/driver/0000:00:03.6/irq&path=//sys/class/pci_bus/0000:0b/subsystem/0000:05/subsystem/0000:04/device/driver/0000:00:02.6/driver/0000:00:03.6 HTTP/1.1" 200 262215 "-" "meta-externalagent/1.1 (+https://developers.facebook.com/docs/sharing/webmasters/crawler)"
66.249.77.99 - - [18/Dec/2025:01:26:11 +0000] "GET /?fileloc=//sys/class/sound/card0/device/subsystem/devices/0000:00:02.2/driver/0000:00:03.4/driver/0000:00:02.6/driver/0000:00:03.0/subsystem/devices/0000:00:03.4/driver/0000:00:03.7/driver/0000:00:04.1/driver/0000:00:02.5/aer_rootport_total_err_fatal&path=//sys/class/sound/card0/device/subsystem/devices/0000:00:02.2/driver/0000:00:03.4/driver/0000:00:02.6/driver/0000:00:03.0/subsystem/devices/0000:00:03.4/driver/0000:00:03.7/driver/0000:00:04.1/driver/0000:00:02.5 HTTP/1.1" 200 45438 "-" "Mozilla/5.0 (Linux; Android 6.0.1; Nexus 5X Build/MMB29P) AppleWebKit/537.36 (KHTML, like Gecko) Chrome/141.0.7390.122 Mobile Safari/537.36 (compatible; Googlebot/2.1; +http://www.google.com/bot.html)"
216.73.216.56 - - [18/Dec/2025:01:26:12 +0000] "GET /index.php?rest_route=%2Fwp%2Fv2%2Fposts%2F35735 HTTP/1.1" 200 5039 "-" "Mozilla/5.0 AppleWebKit/537.36 (KHTML, like Gecko; compatible; ClaudeBot/1.0; +claudebot@anthropic.com)"
217.182.195.140 - - [18/Dec/2025:01:26:12 +0000] "GET /?p=31689 HTTP/1.1" 200 41780 "-" "Mozilla/5.0 (compatible; MJ12bot/v1.4.8; http://mj12bot.com/)"
216.73.216.56 - - [18/Dec/2025:01:26:15 +0000] "GET /index.php?rest_route=%2Fwp%2Fv2%2Fposts%2F38895 HTTP/1.1" 200 8744 "-" "Mozilla/5.0 AppleWebKit/537.36 (KHTML, like Gecko; compatible; ClaudeBot/1.0; +claudebot@anthropic.com)"
217.182.195.140 - - [18/Dec/2025:01:26:16 +0000] "GET /?p=31691 HTTP/1.1" 200 42530 "-" "Mozilla/5.0 (compatible; MJ12bot/v1.4.8; http://mj12bot.com/)"
216.73.216.56 - - [18/Dec/2025:01:26:18 +0000] "GET /index.php?rest_route=%2Fwp%2Fv2%2Fposts%2F14049 HTTP/1.1" 200 5788 "-" "Mozilla/5.0 AppleWebKit/537.36 (KHTML, like Gecko; compatible; ClaudeBot/1.0; +claudebot@anthropic.com)"
57.141.0.17 - - [18/Dec/2025:01:26:18 +0000] "GET /2025/03/07/page/6/?fileloc=//sys/class/pci_bus/0000:0f/subsystem/0000:02/subsystem/0000:02/device/subsystem/drivers/iosf_mbi_pci/new_id&path=//sys/class/pci_bus/0000:0f/subsystem/0000:02/subsystem/0000:02/device/subsystem/drivers/iosf_mbi_pci HTTP/1.1" 200 262264 "-" "meta-externalagent/1.1 (+https://developers.facebook.com/docs/sharing/webmasters/crawler)"
114.119.153.242 - - [18/Dec/2025:01:26:20 +0000] "GET /zodiac-kasino-erfahrungen-2024-480-bonus-80-freispiele/?path=//sys/dev/char/4:80/subsystem/ttyS23/subsystem/tty50 HTTP/1.1" 200 45438 "https://datainsightnow.com/zodiac-kasino-erfahrungen-2024-480-bonus-80-freispiele/?path=//sys/dev/char/4%3A80/subsystem/ttyS23/subsystem" "Mozilla/5.0 (Linux; Android 7.0;) AppleWebKit/537.36 (KHTML, like Gecko) Mobile Safari/537.36 (compatible; PetalBot;+https://webmaster.petalsearch.com/site/petalbot)"
57.141.0.59 - - [18/Dec/2025:01:26:20 +0000] "GET /2025/03/07/page/6/?fileloc=//sys/class/pci_bus/0000:0c/device/driver/0000:00:02.6/driver/0000:00:03.5/subsystem/drivers/pcieport/0000:00:04.0/aer_rootport_total_err_cor&path=//sys/class/pci_bus/0000:0c/device/driver/0000:00:02.6/driver/0000:00:03.5/subsystem/drivers/pcieport/0000:00:04.0 HTTP/1.1" 200 262209 "-" "meta-externalagent/1.1 (+https://developers.facebook.com/docs/sharing/webmasters/crawler)"
217.182.195.140 - - [18/Dec/2025:01:26:20 +0000] "GET /?p=31693 HTTP/1.1" 200 43447 "-" "Mozilla/5.0 (compatible; MJ12bot/v1.4.8; http://mj12bot.com/)"
216.73.216.56 - - [18/Dec/2025:01:26:21 +0000] "GET /index.php?rest_route=%2Fwp%2Fv2%2Fposts%2F44869 HTTP/1.1" 200 5204 "-" "Mozilla/5.0 AppleWebKit/537.36 (KHTML, like Gecko; compatible; ClaudeBot/1.0; +claudebot@anthropic.com)"
66.249.77.98 - - [18/Dec/2025:01:26:21 +0000] "GET /?fileloc=//sys/class/sound/card0/device/subsystem/devices/0000:00:02.2/subsystem/devices/0000:00:03.4/driver/0000:00:02.7/driver/0000:00:02.7/subsystem/drivers/pwm-lpss/uevent&path=//sys/class/sound/card0/device/subsystem/devices/0000:00:02.2/subsystem/devices/0000:00:03.4/driver/0000:00:02.7/driver/0000:00:02.7/subsystem/drivers/pwm-lpss HTTP/1.1" 200 45438 "-" "Mozilla/5.0 (Linux; Android 6.0.1; Nexus 5X Build/MMB29P) AppleWebKit/537.36 (KHTML, like Gecko) Chrome/141.0.7390.122 Mobile Safari/537.36 (compatible; Googlebot/2.1; +http://www.google.com/bot.html)"
57.141.0.52 - - [18/Dec/2025:01:26:21 +0000] "GET /karamba-spielsaal-erfahrungen-angeschlossen-testbericht-werfen-sie-einen-blick-auf-den-link-within-2025-pro-teutonia/?path=//sys/class/pci_bus/0000:0b/subsystem/0000:06/device/0000:00:02.4:pcie010/subsystem/devices/0000:00:02.3:pcie002/driver/0000:00:02.6:pcie002 HTTP/1.1" 200 262264 "-" "meta-externalagent/1.1 (+https://developers.facebook.com/docs/sharing/webmasters/crawler)"
66.249.77.98 - - [18/Dec/2025:01:26:23 +0000] "GET /?fileloc=//sys/class/wakeup/wakeup0/subsystem/wakeup26/subsystem/wakeup2/subsystem/wakeup7/device/subsystem/devices/device:2b/adr&path=//sys/class/wakeup/wakeup0/subsystem/wakeup26/subsystem/wakeup2/subsystem/wakeup7/device/subsystem/devices/device:2b HTTP/1.1" 200 45438 "-" "Mozilla/5.0 (Linux; Android 6.0.1; Nexus 5X Build/MMB29P) AppleWebKit/537.36 (KHTML, like Gecko) Chrome/141.0.7390.122 Mobile Safari/537.36 (compatible; Googlebot/2.1; +http://www.google.com/bot.html)"
57.141.0.22 - - [18/Dec/2025:01:26:23 +0000] "GET /karamba-spielsaal-erfahrungen-angeschlossen-testbericht-werfen-sie-einen-blick-auf-den-link-within-2025-pro-teutonia/?fileloc=//sys/class/pci_bus/0000:06/subsystem/0000:0c/subsystem/0000:0b/subsystem/0000:08/subsystem/0000:09/subsystem/0000:0a/device/rescan&path=//sys/class/pci_bus/0000:06/subsystem/0000:0c/subsystem/0000:0b/subsystem/0000:08/subsystem/0000:09/subsystem/0000:0a/device HTTP/1.1" 200 262264 "-" "meta-externalagent/1.1 (+https://developers.facebook.com/docs/sharing/webmasters/crawler)"
216.73.216.56 - - [18/Dec/2025:01:26:24 +0000] "GET /index.php?rest_route=%2Fwp%2Fv2%2Fposts%2F35731 HTTP/1.1" 200 5498 "-" "Mozilla/5.0 AppleWebKit/537.36 (KHTML, like Gecko; compatible; ClaudeBot/1.0; +claudebot@anthropic.com)"
217.182.195.140 - - [18/Dec/2025:01:26:24 +0000] "GET /?p=31695 HTTP/1.1" 200 42582 "-" "Mozilla/5.0 (compatible; MJ12bot/v1.4.8; http://mj12bot.com/)"
216.73.216.56 - - [18/Dec/2025:01:26:27 +0000] "GET /index.php?rest_route=%2Fwp%2Fv2%2Fposts%2F37031 HTTP/1.1" 200 4404 "-" "Mozilla/5.0 AppleWebKit/537.36 (KHTML, like Gecko; compatible; ClaudeBot/1.0; +claudebot@anthropic.com)"
57.141.0.31 - - [18/Dec/2025:01:26:27 +0000] "GET /karamba-spielsaal-erfahrungen-angeschlossen-testbericht-werfen-sie-einen-blick-auf-den-link-within-2025-pro-teutonia/?fileloc=//sys/class/pci_bus/0000:06/subsystem/0000:06/subsystem/0000:05/subsystem/0000:05/subsystem/0000:0a/device/0000:00:03.0:pcie001/power/runtime_status&path=//sys/class/pci_bus/0000:06/subsystem/0000:06/subsystem/0000:05/subsystem/0000:05/subsystem/0000:0a/device/0000:00:03.0:pcie001/power HTTP/1.1" 200 262264 "-" "meta-externalagent/1.1 (+https://developers.facebook.com/docs/sharing/webmasters/crawler)"
57.141.0.20 - - [18/Dec/2025:01:26:28 +0000] "GET /2025/03/07/page/6/?path=//sys/class/pci_bus/0000:05/subsystem/0000:0c/subsystem/0000:09/device/driver/0000:00:02.2/0000:00:02.2:pcie002/subsystem/devices/0000:00:03.2:pcie001 HTTP/1.1" 200 262264 "-" "meta-externalagent/1.1 (+https://developers.facebook.com/docs/sharing/webmasters/crawler)"
217.182.195.140 - - [18/Dec/2025:01:26:28 +0000] "GET /?p=31697 HTTP/1.1" 200 42545 "-" "Mozilla/5.0 (compatible; MJ12bot/v1.4.8; http://mj12bot.com/)"
216.73.216.56 - - [18/Dec/2025:01:26:30 +0000] "GET /index.php?rest_route=%2Fwp%2Fv2%2Fposts%2F40147 HTTP/1.1" 200 5105 "-" "Mozilla/5.0 AppleWebKit/537.36 (KHTML, like Gecko; compatible; ClaudeBot/1.0; +claudebot@anthropic.com)"
66.249.77.98 - - [18/Dec/2025:01:26:30 +0000] "GET /?path=//sys/class/sound/card0/device/subsystem/devices/0000:00:02.2/driver/0000:00:02.4/firmware_node/device:2b/wakeup/wakeup29/subsystem/wakeup11/subsystem/wakeup10 HTTP/1.1" 200 45438 "-" "Mozilla/5.0 (Linux; Android 6.0.1; Nexus 5X Build/MMB29P) AppleWebKit/537.36 (KHTML, like Gecko) Chrome/141.0.7390.122 Mobile Safari/537.36 (compatible; Googlebot/2.1; +http://www.google.com/bot.html)"
57.141.0.11 - - [18/Dec/2025:01:26:31 +0000] "GET /moneysense-self-help-guide-to-the-ideal-profile/?path=//sys/class/pci_bus/0000:0a/subsystem/0000:0d/subsystem/0000:0e/subsystem/0000:0b/subsystem/0000:06 HTTP/1.1" 200 262209 "-" "meta-externalagent/1.1 (+https://developers.facebook.com/docs/sharing/webmasters/crawler)"
57.141.0.74 - - [18/Dec/2025:01:26:31 +0000] "GET /karamba-spielsaal-erfahrungen-angeschlossen-testbericht-werfen-sie-einen-blick-auf-den-link-within-2025-pro-teutonia/?path=//sys/class/pci_bus/0000:09/subsystem/0000:04/subsystem/0000:0c/subsystem/0000:0a/device/power HTTP/1.1" 200 262215 "-" "meta-externalagent/1.1 (+https://developers.facebook.com/docs/sharing/webmasters/crawler)"
217.182.195.140 - - [18/Dec/2025:01:26:32 +0000] "GET /?p=31699 HTTP/1.1" 200 41570 "-" "Mozilla/5.0 (compatible; MJ12bot/v1.4.8; http://mj12bot.com/)"
216.73.216.56 - - [18/Dec/2025:01:26:33 +0000] "GET /index.php?rest_route=%2Fwp%2Fv2%2Fposts%2F30143 HTTP/1.1" 200 5541 "-" "Mozilla/5.0 AppleWebKit/537.36 (KHTML, like Gecko; compatible; ClaudeBot/1.0; +claudebot@anthropic.com)"
57.141.0.20 - - [18/Dec/2025:01:26:33 +0000] "GET /2025/03/06/page/39/?fileloc=//sys/class/pci_bus/0000:09/subsystem/0000:07/subsystem/0000:02/subsystem/0000:05/device/reset_subordinate&path=//sys/class/pci_bus/0000:09/subsystem/0000:07/subsystem/0000:02/subsystem/0000:05/device HTTP/1.1" 200 262264 "-" "meta-externalagent/1.1 (+https://developers.facebook.com/docs/sharing/webmasters/crawler)"
57.141.0.47 - - [18/Dec/2025:01:26:33 +0000] "GET /nacin-kako-uporabljate-globe-wagering-najboljsa-knjiga/?path=//sys/class/tty/ttyS31/subsystem/ttyS0/subsystem/tty39 HTTP/1.1" 200 262209 "-" "meta-externalagent/1.1 (+https://developers.facebook.com/docs/sharing/webmasters/crawler)"
57.141.0.12 - - [18/Dec/2025:01:26:35 +0000] "GET /karamba-spielsaal-erfahrungen-angeschlossen-testbericht-werfen-sie-einen-blick-auf-den-link-within-2025-pro-teutonia/?fileloc=//sys/class/pci_bus/0000:0a/device/driver/0000:00:03.0/driver/0000:00:03.1/driver/0000:00:02.7/0000:09:00.0/msi_bus&path=//sys/class/pci_bus/0000:0a/device/driver/0000:00:03.0/driver/0000:00:03.1/driver/0000:00:02.7/0000:09:00.0 HTTP/1.1" 200 262248 "-" "meta-externalagent/1.1 (+https://developers.facebook.com/docs/sharing/webmasters/crawler)"
216.73.216.56 - - [18/Dec/2025:01:26:36 +0000] "GET /index.php?rest_route=%2Fwp%2Fv2%2Fposts%2F40031 HTTP/1.1" 200 6384 "-" "Mozilla/5.0 AppleWebKit/537.36 (KHTML, like Gecko; compatible; ClaudeBot/1.0; +claudebot@anthropic.com)"
217.182.195.140 - - [18/Dec/2025:01:26:36 +0000] "GET /?p=31701 HTTP/1.1" 200 42812 "-" "Mozilla/5.0 (compatible; MJ12bot/v1.4.8; http://mj12bot.com/)"
216.73.216.56 - - [18/Dec/2025:01:26:39 +0000] "GET /index.php?rest_route=%2Fwp%2Fv2%2Fposts%2F14063 HTTP/1.1" 200 6289 "-" "Mozilla/5.0 AppleWebKit/537.36 (KHTML, like Gecko; compatible; ClaudeBot/1.0; +claudebot@anthropic.com)"
198.244.242.117 - - [18/Dec/2025:01:26:39 +0000] "GET /?p=38818 HTTP/1.1" 200 41266 "-" "Mozilla/5.0 (compatible; AhrefsBot/7.0; +http://ahrefs.com/robot/)"
66.249.77.98 - - [18/Dec/2025:01:26:40 +0000] "GET /?fileloc=//sys/class/sound/card0/device/subsystem/devices/0000:00:02.2/subsystem/devices/0000:00:03.4/driver/0000:00:04.0/driver/0000:00:02.0/driver/0000:00:03.0/subsystem/devices/0000:06:00.0/subsystem_device&path=//sys/class/sound/card0/device/subsystem/devices/0000:00:02.2/subsystem/devices/0000:00:03.4/driver/0000:00:04.0/driver/0000:00:02.0/driver/0000:00:03.0/subsystem/devices/0000:06:00.0 HTTP/1.1" 200 45438 "-" "Mozilla/5.0 (Linux; Android 6.0.1; Nexus 5X Build/MMB29P) AppleWebKit/537.36 (KHTML, like Gecko) Chrome/141.0.7390.122 Mobile Safari/537.36 (compatible; Googlebot/2.1; +http://www.google.com/bot.html)"
217.182.195.140 - - [18/Dec/2025:01:26:40 +0000] "GET /?p=31703 HTTP/1.1" 200 43362 "-" "Mozilla/5.0 (compatible; MJ12bot/v1.4.8; http://mj12bot.com/)"
216.73.216.56 - - [18/Dec/2025:01:26:42 +0000] "GET /index.php?rest_route=%2Fwp%2Fv2%2Fposts%2F30135 HTTP/1.1" 200 4437 "-" "Mozilla/5.0 AppleWebKit/537.36 (KHTML, like Gecko; compatible; ClaudeBot/1.0; +claudebot@anthropic.com)"
185.191.171.8 - - [18/Dec/2025:01:26:44 +0000] "GET /?p=26076 HTTP/1.1" 200 43070 "-" "Mozilla/5.0 (compatible; SemrushBot/7~bl; +http://www.semrush.com/bot.html)"
217.182.195.140 - - [18/Dec/2025:01:26:44 +0000] "GET /?p=31705 HTTP/1.1" 200 42561 "-" "Mozilla/5.0 (compatible; MJ12bot/v1.4.8; http://mj12bot.com/)"
216.73.216.56 - - [18/Dec/2025:01:26:45 +0000] "GET /index.php?rest_route=%2Fwp%2Fv2%2Fposts%2F10761 HTTP/1.1" 200 7563 "-" "Mozilla/5.0 AppleWebKit/537.36 (KHTML, like Gecko; compatible; ClaudeBot/1.0; +claudebot@anthropic.com)"
57.141.0.43 - - [18/Dec/2025:01:26:46 +0000] "GET /2025/03/07/page/6/?fileloc=//sys/class/pci_bus/0000:0f/subsystem/0000:02/subsystem/0000:0d/subsystem/0000:0e/device/subsystem_vendor&path=//sys/class/pci_bus/0000:0f/subsystem/0000:02/subsystem/0000:0d/subsystem/0000:0e/device HTTP/1.1" 200 262264 "-" "meta-externalagent/1.1 (+https://developers.facebook.com/docs/sharing/webmasters/crawler)"
216.73.216.56 - - [18/Dec/2025:01:26:48 +0000] "GET /index.php?rest_route=%2Fwp%2Fv2%2Fposts%2F14873 HTTP/1.1" 200 5498 "-" "Mozilla/5.0 AppleWebKit/537.36 (KHTML, like Gecko; compatible; ClaudeBot/1.0; +claudebot@anthropic.com)"
57.141.0.54 - - [18/Dec/2025:01:26:48 +0000] "GET /2025/03/07/page/6/?fileloc=//sys/class/pci_bus/0000:0a/device/driver/0000:00:04.0/driver/0000:00:03.4/driver/0000:00:04.1/power/runtime_enabled&path=//sys/class/pci_bus/0000:0a/device/driver/0000:00:04.0/driver/0000:00:03.4/driver/0000:00:04.1/power HTTP/1.1" 200 262209 "-" "meta-externalagent/1.1 (+https://developers.facebook.com/docs/sharing/webmasters/crawler)"
217.182.195.140 - - [18/Dec/2025:01:26:48 +0000] "GET /?p=31707 HTTP/1.1" 200 42629 "-" "Mozilla/5.0 (compatible; MJ12bot/v1.4.8; http://mj12bot.com/)"
66.135.21.75 - - [18/Dec/2025:01:26:50 +0000] "POST /wp-cron.php?doing_wp_cron=1766021210.4217720031738281250000 HTTP/1.1" 200 31 "-" "WordPress/6.3.1; https://datainsightnow.com"
57.141.0.76 - - [18/Dec/2025:01:26:50 +0000] "GET /2025/03/13/?fileloc=//sys/class/pci_bus/0000:01/device/driver/0000:00:02.0/driver/0000:00:02.0/subsystem/drivers/agpgart-via/new_id&path=//sys/class/pci_bus/0000:01/device/driver/0000:00:02.0/driver/0000:00:02.0/subsystem/drivers/agpgart-via HTTP/1.1" 200 262209 "-" "meta-externalagent/1.1 (+https://developers.facebook.com/docs/sharing/webmasters/crawler)"
216.73.216.56 - - [18/Dec/2025:01:26:51 +0000] "GET /index.php?rest_route=%2Fwp%2Fv2%2Fposts%2F35619 HTTP/1.1" 200 6423 "-" "Mozilla/5.0 AppleWebKit/537.36 (KHTML, like Gecko; compatible; ClaudeBot/1.0; +claudebot@anthropic.com)"
57.141.0.76 - - [18/Dec/2025:01:26:51 +0000] "GET /nacin-kako-uporabljate-globe-wagering-najboljsa-knjiga/?path=//sys/class/pci_bus/0000:02/subsystem/0000:01/device/driver/0000:00:02.3/driver/0000:00:02.1/driver/0000:00:03.5 HTTP/1.1" 200 262217 "-" "meta-externalagent/1.1 (+https://developers.facebook.com/docs/sharing/webmasters/crawler)"
57.141.0.59 - - [18/Dec/2025:01:26:51 +0000] "GET /karamba-spielsaal-erfahrungen-angeschlossen-testbericht-werfen-sie-einen-blick-auf-den-link-within-2025-pro-teutonia/?path=//sys/class/pci_bus/0000:13/subsystem/0000:05/subsystem/0000:0a/device/0000:00:03.0:pcie001/subsystem/devices/0000:00:02.5:pcie010 HTTP/1.1" 200 262264 "-" "meta-externalagent/1.1 (+https://developers.facebook.com/docs/sharing/webmasters/crawler)"
217.182.195.140 - - [18/Dec/2025:01:26:52 +0000] "GET /?p=31709 HTTP/1.1" 200 44133 "-" "Mozilla/5.0 (compatible; MJ12bot/v1.4.8; http://mj12bot.com/)"
57.141.0.73 - - [18/Dec/2025:01:26:53 +0000] "GET /2025/03/07/page/6/?fileloc=//sys/class/pci_bus/0000:11/subsystem/0000:08/device/driver/0000:00:02.3/0000:00:02.3:pcie002/driver/0000:00:02.1:pcie002/driver/bind&path=//sys/class/pci_bus/0000:11/subsystem/0000:08/device/driver/0000:00:02.3/0000:00:02.3:pcie002/driver/0000:00:02.1:pcie002/driver HTTP/1.1" 200 262209 "-" "meta-externalagent/1.1 (+https://developers.facebook.com/docs/sharing/webmasters/crawler)"
216.73.216.56 - - [18/Dec/2025:01:26:54 +0000] "GET /index.php?rest_route=%2Fwp%2Fv2%2Fposts%2F43489 HTTP/1.1" 200 6569 "-" "Mozilla/5.0 AppleWebKit/537.36 (KHTML, like Gecko; compatible; ClaudeBot/1.0; +claudebot@anthropic.com)"
57.141.0.78 - - [18/Dec/2025:01:26:56 +0000] "GET /karamba-spielsaal-erfahrungen-angeschlossen-testbericht-werfen-sie-einen-blick-auf-den-link-within-2025-pro-teutonia/?fileloc=//sys/class/pci_bus/0000:01/subsystem/0000:13/subsystem/0000:07/device/driver/0000:00:02.6/max_link_width&path=//sys/class/pci_bus/0000:01/subsystem/0000:13/subsystem/0000:07/device/driver/0000:00:02.6 HTTP/1.1" 200 262216 "-" "meta-externalagent/1.1 (+https://developers.facebook.com/docs/sharing/webmasters/crawler)"
57.141.0.62 - - [18/Dec/2025:01:26:56 +0000] "GET /2025/03/13/?fileloc=//sys/class/pci_bus/0000:06/subsystem/0000:06/subsystem/0000:06/device/driver_override&path=//sys/class/pci_bus/0000:06/subsystem/0000:06/subsystem/0000:06/device HTTP/1.1" 200 262264 "-" "meta-externalagent/1.1 (+https://developers.facebook.com/docs/sharing/webmasters/crawler)"
217.182.195.140 - - [18/Dec/2025:01:26:57 +0000] "GET /?p=31711 HTTP/1.1" 200 43423 "-" "Mozilla/5.0 (compatible; MJ12bot/v1.4.8; http://mj12bot.com/)"
216.73.216.56 - - [18/Dec/2025:01:26:57 +0000] "GET /index.php?rest_route=%2Fwp%2Fv2%2Fposts%2F9493 HTTP/1.1" 200 7144 "-" "Mozilla/5.0 AppleWebKit/537.36 (KHTML, like Gecko; compatible; ClaudeBot/1.0; +claudebot@anthropic.com)"
57.141.0.5 - - [18/Dec/2025:01:26:57 +0000] "GET /2025/03/07/page/6/?fileloc=//sys/class/pci_bus/0000:05/subsystem/0000:04/subsystem/0000:0f/subsystem/0000:0d/device/irq&path=//sys/class/pci_bus/0000:05/subsystem/0000:04/subsystem/0000:0f/subsystem/0000:0d/device HTTP/1.1" 200 262209 "-" "meta-externalagent/1.1 (+https://developers.facebook.com/docs/sharing/webmasters/crawler)"
66.249.77.98 - - [18/Dec/2025:01:26:59 +0000] "GET /?fileloc=//sys/class/sound/card0/device/subsystem/devices/0000:00:02.2/subsystem/devices/0000:00:03.4/driver/0000:00:04.0/driver/0000:00:02.0/driver/0000:00:03.0/subsystem/devices/0000:00:1b.0/irq&path=//sys/class/sound/card0/device/subsystem/devices/0000:00:02.2/subsystem/devices/0000:00:03.4/driver/0000:00:04.0/driver/0000:00:02.0/driver/0000:00:03.0/subsystem/devices/0000:00:1b.0 HTTP/1.1" 200 45438 "-" "Mozilla/5.0 (Linux; Android 6.0.1; Nexus 5X Build/MMB29P) AppleWebKit/537.36 (KHTML, like Gecko) Chrome/141.0.7390.122 Mobile Safari/537.36 (compatible; Googlebot/2.1; +http://www.google.com/bot.html)"
216.73.216.56 - - [18/Dec/2025:01:27:00 +0000] "GET /index.php?rest_route=%2Fwp%2Fv2%2Fposts%2F36879 HTTP/1.1" 200 4675 "-" "Mozilla/5.0 AppleWebKit/537.36 (KHTML, like Gecko; compatible; ClaudeBot/1.0; +claudebot@anthropic.com)"
217.182.195.140 - - [18/Dec/2025:01:27:01 +0000] "GET /?p=31713 HTTP/1.1" 200 41056 "-" "Mozilla/5.0 (compatible; MJ12bot/v1.4.8; http://mj12bot.com/)"
216.73.216.56 - - [18/Dec/2025:01:27:03 +0000] "GET /index.php?rest_route=%2Fwp%2Fv2%2Fposts%2F22477 HTTP/1.1" 200 6628 "-" "Mozilla/5.0 AppleWebKit/537.36 (KHTML, like Gecko; compatible; ClaudeBot/1.0; +claudebot@anthropic.com)"
217.182.195.140 - - [18/Dec/2025:01:27:04 +0000] "GET /?p=31715 HTTP/1.1" 200 41669 "-" "Mozilla/5.0 (compatible; MJ12bot/v1.4.8; http://mj12bot.com/)"
216.73.216.56 - - [18/Dec/2025:01:27:06 +0000] "GET /index.php?rest_route=%2Fwp%2Fv2%2Fposts%2F45071 HTTP/1.1" 200 3913 "-" "Mozilla/5.0 AppleWebKit/537.36 (KHTML, like Gecko; compatible; ClaudeBot/1.0; +claudebot@anthropic.com)"
57.141.0.54 - - [18/Dec/2025:01:27:06 +0000] "GET /2025/03/07/page/6/?path=//sys/class/pci_bus/0000:0b/subsystem/0000:0b/subsystem/0000:00/device/0000:00:02.6/subsystem/devices/0000:00:02.3/driver/0000:00:03.2 HTTP/1.1" 200 262264 "-" "meta-externalagent/1.1 (+https://developers.facebook.com/docs/sharing/webmasters/crawler)"
217.182.195.140 - - [18/Dec/2025:01:27:08 +0000] "GET /?p=31717 HTTP/1.1" 200 43740 "-" "Mozilla/5.0 (compatible; MJ12bot/v1.4.8; http://mj12bot.com/)"
216.73.216.56 - - [18/Dec/2025:01:27:09 +0000] "GET /index.php?rest_route=%2Fwp%2Fv2%2Fposts%2F45087 HTTP/1.1" 200 4058 "-" "Mozilla/5.0 AppleWebKit/537.36 (KHTML, like Gecko; compatible; ClaudeBot/1.0; +claudebot@anthropic.com)"
216.73.216.56 - - [18/Dec/2025:01:27:12 +0000] "GET /index.php?rest_route=%2Fwp%2Fv2%2Fposts%2F21183 HTTP/1.1" 200 4700 "-" "Mozilla/5.0 AppleWebKit/537.36 (KHTML, like Gecko; compatible; ClaudeBot/1.0; +claudebot@anthropic.com)"
217.182.195.140 - - [18/Dec/2025:01:27:12 +0000] "GET /?p=31725 HTTP/1.1" 200 42983 "-" "Mozilla/5.0 (compatible; MJ12bot/v1.4.8; http://mj12bot.com/)"
216.73.216.56 - - [18/Dec/2025:01:27:15 +0000] "GET /index.php?rest_route=%2Fwp%2Fv2%2Fposts%2F12973 HTTP/1.1" 200 4331 "-" "Mozilla/5.0 AppleWebKit/537.36 (KHTML, like Gecko; compatible; ClaudeBot/1.0; +claudebot@anthropic.com)"
217.182.195.140 - - [18/Dec/2025:01:27:16 +0000] "GET /?p=31727 HTTP/1.1" 200 41002 "-" "Mozilla/5.0 (compatible; MJ12bot/v1.4.8; http://mj12bot.com/)"
57.141.0.3 - - [18/Dec/2025:01:27:17 +0000] "GET /2025/03/06/page/39/?path=//sys/class/pci_bus/0000:01/subsystem/0000:13/subsystem/0000:07/device/driver/0000:00:03.2/firmware_node/power HTTP/1.1" 200 262209 "-" "meta-externalagent/1.1 (+https://developers.facebook.com/docs/sharing/webmasters/crawler)"
57.141.0.42 - - [18/Dec/2025:01:27:17 +0000] "GET /karamba-spielsaal-erfahrungen-angeschlossen-testbericht-werfen-sie-einen-blick-auf-den-link-within-2025-pro-teutonia/?path=//sys/class/pci_bus/0000:0b/subsystem/0000:01/subsystem/0000:0b/device/driver/0000:00:04.1/driver/0000:00:02.6/pci_bus/0000:08 HTTP/1.1" 200 262217 "-" "meta-externalagent/1.1 (+https://developers.facebook.com/docs/sharing/webmasters/crawler)"
66.249.77.98 - - [18/Dec/2025:01:27:18 +0000] "GET /?path=//sys/class/sound/card0/device/subsystem/devices/0000:00:02.2/driver/0000:00:02.2/driver/0000:00:03.1/driver/0000:00:03.0/driver/0000:00:03.7/subsystem/drivers/lpc_ich/module/notes HTTP/1.1" 200 45438 "-" "Mozilla/5.0 (Linux; Android 6.0.1; Nexus 5X Build/MMB29P) AppleWebKit/537.36 (KHTML, like Gecko) Chrome/141.0.7390.122 Mobile Safari/537.36 (compatible; Googlebot/2.1; +http://www.google.com/bot.html)"
57.141.0.2 - - [18/Dec/2025:01:27:19 +0000] "GET /2025/03/07/page/6/?fileloc=//sys/class/pci_bus/0000:0b/subsystem/0000:05/subsystem/0000:09/device/driver/0000:00:02.2/msi_irqs/26&path=//sys/class/pci_bus/0000:0b/subsystem/0000:05/subsystem/0000:09/device/driver/0000:00:02.2/msi_irqs HTTP/1.1" 200 262264 "-" "meta-externalagent/1.1 (+https://developers.facebook.com/docs/sharing/webmasters/crawler)"
216.73.216.56 - - [18/Dec/2025:01:27:19 +0000] "GET /index.php?rest_route=%2Fwp%2Fv2%2Fposts%2F35425 HTTP/1.1" 200 4750 "-" "Mozilla/5.0 AppleWebKit/537.36 (KHTML, like Gecko; compatible; ClaudeBot/1.0; +claudebot@anthropic.com)"
57.141.0.79 - - [18/Dec/2025:01:27:20 +0000] "GET /karamba-spielsaal-erfahrungen-angeschlossen-testbericht-werfen-sie-einen-blick-auf-den-link-within-2025-pro-teutonia/?fileloc=//sys/class/pci_bus/0000:0e/subsystem/0000:03/subsystem/0000:11/subsystem/0000:09/power/autosuspend_delay_ms&path=//sys/class/pci_bus/0000:0e/subsystem/0000:03/subsystem/0000:11/subsystem/0000:09/power HTTP/1.1" 200 262264 "-" "meta-externalagent/1.1 (+https://developers.facebook.com/docs/sharing/webmasters/crawler)"
217.182.195.140 - - [18/Dec/2025:01:27:21 +0000] "GET /?p=31729 HTTP/1.1" 200 43835 "-" "Mozilla/5.0 (compatible; MJ12bot/v1.4.8; http://mj12bot.com/)"
216.73.216.56 - - [18/Dec/2025:01:27:22 +0000] "GET /?m=20241126 HTTP/1.1" 200 33781 "-" "Mozilla/5.0 AppleWebKit/537.36 (KHTML, like Gecko; compatible; ClaudeBot/1.0; +claudebot@anthropic.com)"
66.249.77.99 - - [18/Dec/2025:01:27:25 +0000] "GET /?pcmypage?callback=product/review/D3407444207 HTTP/1.1" 200 30164 "-" "Mozilla/5.0 (Linux; Android 6.0.1; Nexus 5X Build/MMB29P) AppleWebKit/537.36 (KHTML, like Gecko) Chrome/141.0.7390.122 Mobile Safari/537.36 (compatible; Googlebot/2.1; +http://www.google.com/bot.html)"
217.182.195.140 - - [18/Dec/2025:01:27:25 +0000] "GET /?p=31731 HTTP/1.1" 200 42162 "-" "Mozilla/5.0 (compatible; MJ12bot/v1.4.8; http://mj12bot.com/)"
216.73.216.56 - - [18/Dec/2025:01:27:25 +0000] "GET /index.php?rest_route=%2Fwp%2Fv2%2Fposts%2F16207 HTTP/1.1" 200 4652 "-" "Mozilla/5.0 AppleWebKit/537.36 (KHTML, like Gecko; compatible; ClaudeBot/1.0; +claudebot@anthropic.com)"
57.141.0.62 - - [18/Dec/2025:01:27:25 +0000] "GET /2025/03/06/page/39/?path=//sys/class/pci_bus/0000:01/subsystem/0000:0e/subsystem/0000:09/subsystem/0000:00/subsystem/0000:0b/device/0000:00:03.1:pcie001 HTTP/1.1" 200 262216 "-" "meta-externalagent/1.1 (+https://developers.facebook.com/docs/sharing/webmasters/crawler)"
147.50.204.110 - - [18/Dec/2025:01:27:25 +0000] "GET /wp-login.php:datainsightnow HTTP/1.1" 301 5 "-" "Mozilla/5.0 (WP-Checker/1.0)"
57.141.0.24 - - [18/Dec/2025:01:27:26 +0000] "GET /2025/03/06/page/39/?path=//sys/class/pci_bus/0000:0e/subsystem/0000:04/subsystem/0000:09/device/driver/0000:00:03.7/driver HTTP/1.1" 200 262264 "-" "meta-externalagent/1.1 (+https://developers.facebook.com/docs/sharing/webmasters/crawler)"
147.50.204.110 - - [18/Dec/2025:01:27:27 +0000] "GET /wp-login.php:datainsightnow/ HTTP/1.1" 200 45436 "-" "Mozilla/5.0 (WP-Checker/1.0)"
147.50.204.110 - - [18/Dec/2025:01:27:28 +0000] "POST /wp-login.php:datainsightnow HTTP/1.1" 200 45436 "https://datainsightnow.com/wp-login.php:datainsightnow" "Mozilla/5.0 (WP-Checker/1.0)"
66.249.77.99 - - [18/Dec/2025:01:27:28 +0000] "GET /?472666449?entity=0470841742 HTTP/1.1" 200 31284 "-" "Mozilla/5.0 (Linux; Android 6.0.1; Nexus 5X Build/MMB29P) AppleWebKit/537.36 (KHTML, like Gecko) Chrome/141.0.7390.122 Mobile Safari/537.36 (compatible; Googlebot/2.1; +http://www.google.com/bot.html)"
216.73.216.56 - - [18/Dec/2025:01:27:28 +0000] "GET /index.php?rest_route=%2Fwp%2Fv2%2Fposts%2F30457 HTTP/1.1" 200 5419 "-" "Mozilla/5.0 AppleWebKit/537.36 (KHTML, like Gecko; compatible; ClaudeBot/1.0; +claudebot@anthropic.com)"
147.50.204.110 - - [18/Dec/2025:01:27:29 +0000] "GET /wp-admin/ HTTP/1.1" 302 5 "-" "Mozilla/5.0 (WP-Checker/1.0)"
217.182.195.140 - - [18/Dec/2025:01:27:29 +0000] "GET /?p=31733 HTTP/1.1" 200 42887 "-" "Mozilla/5.0 (compatible; MJ12bot/v1.4.8; http://mj12bot.com/)"
185.191.171.2 - - [18/Dec/2025:01:27:30 +0000] "GET /?p=36163 HTTP/1.1" 200 43169 "-" "Mozilla/5.0 (compatible; SemrushBot/7~bl; +http://www.semrush.com/bot.html)"
57.141.0.74 - - [18/Dec/2025:01:27:30 +0000] "GET /2025/03/07/page/6/?fileloc=//sys/class/pci_bus/0000:05/subsystem/0000:11/subsystem/0000:06/device/driver/0000:00:02.1/driver/0000:00:02.5/resource&path=//sys/class/pci_bus/0000:05/subsystem/0000:11/subsystem/0000:06/device/driver/0000:00:02.1/driver/0000:00:02.5 HTTP/1.1" 200 262248 "-" "meta-externalagent/1.1 (+https://developers.facebook.com/docs/sharing/webmasters/crawler)"
216.73.216.56 - - [18/Dec/2025:01:27:31 +0000] "GET /index.php?rest_route=%2Fwp%2Fv2%2Fposts%2F27781 HTTP/1.1" 200 6989 "-" "Mozilla/5.0 AppleWebKit/537.36 (KHTML, like Gecko; compatible; ClaudeBot/1.0; +claudebot@anthropic.com)"
57.141.0.11 - - [18/Dec/2025:01:27:33 +0000] "GET /moneysense-self-help-guide-to-the-ideal-profile/?path=//sys/class/pci_bus/0000:02/subsystem/0000:01/device/0000:00:02.0:pcie001/driver/0000:00:02.3:pcie001/subsystem/drivers HTTP/1.1" 200 262264 "-" "meta-externalagent/1.1 (+https://developers.facebook.com/docs/sharing/webmasters/crawler)"
217.182.195.140 - - [18/Dec/2025:01:27:33 +0000] "GET /?p=31735 HTTP/1.1" 200 40873 "-" "Mozilla/5.0 (compatible; MJ12bot/v1.4.8; http://mj12bot.com/)"
216.73.216.56 - - [18/Dec/2025:01:27:34 +0000] "GET /index.php?rest_route=%2Fwp%2Fv2%2Fposts%2F16585 HTTP/1.1" 200 5866 "-" "Mozilla/5.0 AppleWebKit/537.36 (KHTML, like Gecko; compatible; ClaudeBot/1.0; +claudebot@anthropic.com)"
57.141.0.1 - - [18/Dec/2025:01:27:37 +0000] "GET /karamba-spielsaal-erfahrungen-angeschlossen-testbericht-werfen-sie-einen-blick-auf-den-link-within-2025-pro-teutonia/?path=//sys/class/pci_bus/0000:03/subsystem/0000:02/subsystem/0000:0d/subsystem/0000:12/subsystem/0000:04 HTTP/1.1" 200 262264 "-" "meta-externalagent/1.1 (+https://developers.facebook.com/docs/sharing/webmasters/crawler)"
66.249.77.98 - - [18/Dec/2025:01:27:38 +0000] "GET /?fileloc=//sys/class/sound/card0/device/subsystem/devices/0000:00:02.2/driver/0000:00:02.2/driver/0000:00:02.6/0000:00:02.6:pcie002/driver/0000:00:02.0:pcie002/driver/0000:00:04.1:pcie002/driver/0000:00:02.7:pcie002/driver/0000:00:03.1:pcie002/uevent&path=//sys/class/sound/card0/device/subsystem/devices/0000:00:02.2/driver/0000:00:02.2/driver/0000:00:02.6/0000:00:02.6:pcie002/driver/0000:00:02.0:pcie002/driver/0000:00:04.1:pcie002/driver/0000:00:02.7:pcie002/driver/0000:00:03.1:pcie002 HTTP/1.1" 200 45438 "-" "Mozilla/5.0 (Linux; Android 6.0.1; Nexus 5X Build/MMB29P) AppleWebKit/537.36 (KHTML, like Gecko) Chrome/141.0.7390.122 Mobile Safari/537.36 (compatible; Googlebot/2.1; +http://www.google.com/bot.html)"
217.182.195.140 - - [18/Dec/2025:01:27:38 +0000] "GET /?p=31823 HTTP/1.1" 200 44180 "-" "Mozilla/5.0 (compatible; MJ12bot/v1.4.8; http://mj12bot.com/)"
57.141.0.39 - - [18/Dec/2025:01:27:38 +0000] "GET /2025/03/07/page/6/?fileloc=//sys/class/pci_bus/0000:13/subsystem/0000:0f/subsystem/0000:06/subsystem/0000:09/device/driver/0000:00:02.2/irq&path=//sys/class/pci_bus/0000:13/subsystem/0000:0f/subsystem/0000:06/subsystem/0000:09/device/driver/0000:00:02.2 HTTP/1.1" 200 262209 "-" "meta-externalagent/1.1 (+https://developers.facebook.com/docs/sharing/webmasters/crawler)"
216.73.216.56 - - [18/Dec/2025:01:27:38 +0000] "GET /index.php?rest_route=%2Fwp%2Fv2%2Fposts%2F49167 HTTP/1.1" 200 5844 "-" "Mozilla/5.0 AppleWebKit/537.36 (KHTML, like Gecko; compatible; ClaudeBot/1.0; +claudebot@anthropic.com)"
57.141.0.44 - - [18/Dec/2025:01:27:38 +0000] "GET /2025/03/07/page/6/?fileloc=//sys/class/pci_bus/0000:0e/subsystem/0000:0c/subsystem/0000:0b/device/driver/0000:00:03.2/aer_dev_fatal&path=//sys/class/pci_bus/0000:0e/subsystem/0000:0c/subsystem/0000:0b/device/driver/0000:00:03.2 HTTP/1.1" 200 262209 "-" "meta-externalagent/1.1 (+https://developers.facebook.com/docs/sharing/webmasters/crawler)"
57.141.0.51 - - [18/Dec/2025:01:27:39 +0000] "GET /2025/03/07/page/6/?fileloc=//sys/class/pci_bus/0000:12/subsystem/0000:0c/subsystem/0000:09/subsystem/0000:0c/subsystem/0000:0e/subsystem/0000:04/device/aer_dev_fatal&path=//sys/class/pci_bus/0000:12/subsystem/0000:0c/subsystem/0000:09/subsystem/0000:0c/subsystem/0000:0e/subsystem/0000:04/device HTTP/1.1" 200 262264 "-" "meta-externalagent/1.1 (+https://developers.facebook.com/docs/sharing/webmasters/crawler)"
216.73.216.56 - - [18/Dec/2025:01:27:40 +0000] "GET /index.php?rest_route=%2Fwp%2Fv2%2Fposts%2F15686 HTTP/1.1" 200 4501 "-" "Mozilla/5.0 AppleWebKit/537.36 (KHTML, like Gecko; compatible; ClaudeBot/1.0; +claudebot@anthropic.com)"
217.182.195.140 - - [18/Dec/2025:01:27:42 +0000] "GET /?p=31825 HTTP/1.1" 200 43767 "-" "Mozilla/5.0 (compatible; MJ12bot/v1.4.8; http://mj12bot.com/)"
216.73.216.56 - - [18/Dec/2025:01:27:43 +0000] "GET /index.php?rest_route=%2Fwp%2Fv2%2Fposts%2F24378 HTTP/1.1" 200 6560 "-" "Mozilla/5.0 AppleWebKit/537.36 (KHTML, like Gecko; compatible; ClaudeBot/1.0; +claudebot@anthropic.com)"
114.119.159.33 - - [18/Dec/2025:01:27:44 +0000] "GET /zodiac-kasino-erfahrungen-2024-480-bonus-80-freispiele/?path=//sys/dev/char/4:80/subsystem/ttyS23/subsystem/tty49 HTTP/1.1" 200 45438 "https://datainsightnow.com/zodiac-kasino-erfahrungen-2024-480-bonus-80-freispiele/?path=//sys/dev/char/4%3A80/subsystem/ttyS23/subsystem" "Mozilla/5.0 (Linux; Android 7.0;) AppleWebKit/537.36 (KHTML, like Gecko) Mobile Safari/537.36 (compatible; PetalBot;+https://webmaster.petalsearch.com/site/petalbot)"
217.182.195.140 - - [18/Dec/2025:01:27:46 +0000] "GET /?p=31919 HTTP/1.1" 200 43437 "-" "Mozilla/5.0 (compatible; MJ12bot/v1.4.8; http://mj12bot.com/)"
216.73.216.56 - - [18/Dec/2025:01:27:46 +0000] "GET /index.php?rest_route=%2Fwp%2Fv2%2Fposts%2F25116 HTTP/1.1" 200 4325 "-" "Mozilla/5.0 AppleWebKit/537.36 (KHTML, like Gecko; compatible; ClaudeBot/1.0; +claudebot@anthropic.com)"
57.141.0.45 - - [18/Dec/2025:01:27:48 +0000] "GET /2025/03/07/page/6/?fileloc=//sys/class/pci_bus/0000:07/subsystem/0000:0b/device/pci_bus/0000:0b/subsystem/0000:03/device/irq&path=//sys/class/pci_bus/0000:07/subsystem/0000:0b/device/pci_bus/0000:0b/subsystem/0000:03/device HTTP/1.1" 200 262248 "-" "meta-externalagent/1.1 (+https://developers.facebook.com/docs/sharing/webmasters/crawler)"
216.73.216.56 - - [18/Dec/2025:01:27:49 +0000] "GET /index.php?rest_route=%2Fwp%2Fv2%2Fposts%2F24990 HTTP/1.1" 200 5040 "-" "Mozilla/5.0 AppleWebKit/537.36 (KHTML, like Gecko; compatible; ClaudeBot/1.0; +claudebot@anthropic.com)"
66.135.21.75 - - [18/Dec/2025:01:27:50 +0000] "POST /wp-cron.php?doing_wp_cron=1766021270.1061670780181884765625 HTTP/1.1" 200 31 "-" "WordPress/6.3.1; https://datainsightnow.com"
217.182.195.140 - - [18/Dec/2025:01:27:50 +0000] "GET /?p=31939 HTTP/1.1" 200 43112 "-" "Mozilla/5.0 (compatible; MJ12bot/v1.4.8; http://mj12bot.com/)"
216.73.216.56 - - [18/Dec/2025:01:27:52 +0000] "GET /index.php?rest_route=%2Fwp%2Fv2%2Fposts%2F46117 HTTP/1.1" 200 5184 "-" "Mozilla/5.0 AppleWebKit/537.36 (KHTML, like Gecko; compatible; ClaudeBot/1.0; +claudebot@anthropic.com)"
217.182.195.140 - - [18/Dec/2025:01:27:54 +0000] "GET /?p=32001 HTTP/1.1" 200 44010 "-" "Mozilla/5.0 (compatible; MJ12bot/v1.4.8; http://mj12bot.com/)"
216.73.216.56 - - [18/Dec/2025:01:27:55 +0000] "GET /index.php?rest_route=%2Fwp%2Fv2%2Fposts%2F23705 HTTP/1.1" 200 5147 "-" "Mozilla/5.0 AppleWebKit/537.36 (KHTML, like Gecko; compatible; ClaudeBot/1.0; +claudebot@anthropic.com)"
57.141.0.40 - - [18/Dec/2025:01:27:56 +0000] "GET /2025/03/06/page/39/?path=//sys/class/pci_bus/0000:04/subsystem/0000:10/subsystem/0000:12/subsystem/0000:03 HTTP/1.1" 200 262248 "-" "meta-externalagent/1.1 (+https://developers.facebook.com/docs/sharing/webmasters/crawler)"
66.249.77.98 - - [18/Dec/2025:01:27:56 +0000] "GET /?path=//sys/class/sound/card0/device/subsystem/devices/0000:00:02.2/subsystem/devices/0000:00:03.4/driver/0000:00:04.0/driver/0000:00:02.0/driver/0000:00:03.0/subsystem/devices/0000:00:1b.0/sound HTTP/1.1" 200 45438 "-" "Mozilla/5.0 (Linux; Android 6.0.1; Nexus 5X Build/MMB29P) AppleWebKit/537.36 (KHTML, like Gecko) Chrome/141.0.7390.122 Mobile Safari/537.36 (compatible; Googlebot/2.1; +http://www.google.com/bot.html)"
57.141.0.13 - - [18/Dec/2025:01:27:56 +0000] "GET /karamba-spielsaal-erfahrungen-angeschlossen-testbericht-werfen-sie-einen-blick-auf-den-link-within-2025-pro-teutonia/?path=//sys/class/pci_bus/0000:0f/subsystem/0000:13/subsystem/0000:12/subsystem/0000:13/subsystem/0000:0e/device/driver/0000:00:03.7 HTTP/1.1" 200 262264 "-" "meta-externalagent/1.1 (+https://developers.facebook.com/docs/sharing/webmasters/crawler)"
217.182.195.140 - - [18/Dec/2025:01:27:58 +0000] "GET /?p=32011 HTTP/1.1" 200 43477 "-" "Mozilla/5.0 (compatible; MJ12bot/v1.4.8; http://mj12bot.com/)"
216.73.216.56 - - [18/Dec/2025:01:27:58 +0000] "GET /index.php?rest_route=%2Fwp%2Fv2%2Fposts%2F37479 HTTP/1.1" 200 8074 "-" "Mozilla/5.0 AppleWebKit/537.36 (KHTML, like Gecko; compatible; ClaudeBot/1.0; +claudebot@anthropic.com)"
57.141.0.47 - - [18/Dec/2025:01:28:00 +0000] "GET /karamba-spielsaal-erfahrungen-angeschlossen-testbericht-werfen-sie-einen-blick-auf-den-link-within-2025-pro-teutonia/?fileloc=//sys/class/pci_bus/0000:0b/subsystem/0000:11/subsystem/0000:0f/subsystem/0000:00/device/0000:00:03.6/aer_dev_nonfatal&path=//sys/class/pci_bus/0000:0b/subsystem/0000:11/subsystem/0000:0f/subsystem/0000:00/device/0000:00:03.6 HTTP/1.1" 200 262209 "-" "meta-externalagent/1.1 (+https://developers.facebook.com/docs/sharing/webmasters/crawler)"
216.73.216.56 - - [18/Dec/2025:01:28:01 +0000] "GET /index.php?rest_route=%2Fwp%2Fv2%2Fposts%2F17243 HTTP/1.1" 200 9402 "-" "Mozilla/5.0 AppleWebKit/537.36 (KHTML, like Gecko; compatible; ClaudeBot/1.0; +claudebot@anthropic.com)"
57.141.0.24 - - [18/Dec/2025:01:28:01 +0000] "GET /karamba-spielsaal-erfahrungen-angeschlossen-testbericht-werfen-sie-einen-blick-auf-den-link-within-2025-pro-teutonia/?path=//sys/class/pci_bus/0000:0f/subsystem/0000:0b/subsystem/0000:08/subsystem/0000:13/device/driver/0000:00:03.4/subsystem HTTP/1.1" 200 262264 "-" "meta-externalagent/1.1 (+https://developers.facebook.com/docs/sharing/webmasters/crawler)"
217.182.195.140 - - [18/Dec/2025:01:28:02 +0000] "GET /?p=32013 HTTP/1.1" 200 43320 "-" "Mozilla/5.0 (compatible; MJ12bot/v1.4.8; http://mj12bot.com/)"
57.141.0.65 - - [18/Dec/2025:01:28:02 +0000] "GET /karamba-spielsaal-erfahrungen-angeschlossen-testbericht-werfen-sie-einen-blick-auf-den-link-within-2025-pro-teutonia/?path=//sys/class/pci_bus/0000:08/subsystem/0000:0f/subsystem/0000:12/device/driver/0000:00:04.0/driver/0000:00:02.5 HTTP/1.1" 200 262209 "-" "meta-externalagent/1.1 (+https://developers.facebook.com/docs/sharing/webmasters/crawler)"
57.141.0.78 - - [18/Dec/2025:01:28:04 +0000] "GET /2025/03/06/page/39/?fileloc=//sys/class/pci_bus/0000:13/subsystem/0000:11/subsystem/0000:08/subsystem/0000:08/device/subsystem_vendor&path=//sys/class/pci_bus/0000:13/subsystem/0000:11/subsystem/0000:08/subsystem/0000:08/device HTTP/1.1" 200 262264 "-" "meta-externalagent/1.1 (+https://developers.facebook.com/docs/sharing/webmasters/crawler)"
57.141.0.8 - - [18/Dec/2025:01:28:04 +0000] "GET /karamba-spielsaal-erfahrungen-angeschlossen-testbericht-werfen-sie-einen-blick-auf-den-link-within-2025-pro-teutonia/?path=//sys/class/pci_bus/0000:08/subsystem/0000:0b/subsystem/0000:07/subsystem/0000:03/power HTTP/1.1" 200 262215 "-" "meta-externalagent/1.1 (+https://developers.facebook.com/docs/sharing/webmasters/crawler)"
