216.73.216.56 - - [18/Dec/2025:00:26:48 +0000] "GET /entity/211606108.htm/ HTTP/1.1" 200 45436 "https://datainsightnow.com/entity/211606108.htm" "Mozilla/5.0 AppleWebKit/537.36 (KHTML, like Gecko; compatible; ClaudeBot/1.0; +claudebot@anthropic.com)"
66.135.21.75 - - [18/Dec/2025:00:26:51 +0000] "POST /wp-cron.php?doing_wp_cron=1766017611.4376161098480224609375 HTTP/1.1" 200 31 "-" "WordPress/6.3.1; https://datainsightnow.com"
216.73.216.56 - - [18/Dec/2025:00:26:51 +0000] "GET /entity/211576325.htm HTTP/1.1" 301 5 "-" "Mozilla/5.0 AppleWebKit/537.36 (KHTML, like Gecko; compatible; ClaudeBot/1.0; +claudebot@anthropic.com)"
216.73.216.56 - - [18/Dec/2025:00:26:51 +0000] "GET /entity/211576325.htm/ HTTP/1.1" 200 45436 "https://datainsightnow.com/entity/211576325.htm" "Mozilla/5.0 AppleWebKit/537.36 (KHTML, like Gecko; compatible; ClaudeBot/1.0; +claudebot@anthropic.com)"
57.141.0.6 - - [18/Dec/2025:00:26:53 +0000] "GET /2025/03/07/page/6/?fileloc=//sys/class/pci_bus/0000:05/subsystem/0000:0b/device/driver/0000:00:02.2/driver/0000:00:02.6/resource&path=//sys/class/pci_bus/0000:05/subsystem/0000:0b/device/driver/0000:00:02.2/driver/0000:00:02.6 HTTP/1.1" 200 262215 "-" "meta-externalagent/1.1 (+https://developers.facebook.com/docs/sharing/webmasters/crawler)"
216.73.216.56 - - [18/Dec/2025:00:26:54 +0000] "GET /entity/211717472.htm HTTP/1.1" 301 5 "-" "Mozilla/5.0 AppleWebKit/537.36 (KHTML, like Gecko; compatible; ClaudeBot/1.0; +claudebot@anthropic.com)"
216.73.216.56 - - [18/Dec/2025:00:26:54 +0000] "GET /entity/211717472.htm/ HTTP/1.1" 200 45436 "https://datainsightnow.com/entity/211717472.htm" "Mozilla/5.0 AppleWebKit/537.36 (KHTML, like Gecko; compatible; ClaudeBot/1.0; +claudebot@anthropic.com)"
57.141.0.38 - - [18/Dec/2025:00:26:56 +0000] "GET /karamba-spielsaal-erfahrungen-angeschlossen-testbericht-werfen-sie-einen-blick-auf-den-link-within-2025-pro-teutonia/?fileloc=//sys/class/pci_bus/0000:06/subsystem/0000:04/subsystem/0000:10/subsystem/0000:0b/device/driver/uevent&path=//sys/class/pci_bus/0000:06/subsystem/0000:04/subsystem/0000:10/subsystem/0000:0b/device/driver HTTP/1.1" 200 262209 "-" "meta-externalagent/1.1 (+https://developers.facebook.com/docs/sharing/webmasters/crawler)"
57.141.0.32 - - [18/Dec/2025:00:26:56 +0000] "GET /moneysense-self-help-guide-to-the-ideal-profile/?path=//sys/class/pci_bus/0000:05/subsystem/0000:0d/device/driver/0000:00:02.3/subsystem/slots/23 HTTP/1.1" 200 262264 "-" "meta-externalagent/1.1 (+https://developers.facebook.com/docs/sharing/webmasters/crawler)"
216.73.216.56 - - [18/Dec/2025:00:26:57 +0000] "GET /entity/211642627.htm HTTP/1.1" 301 5 "-" "Mozilla/5.0 AppleWebKit/537.36 (KHTML, like Gecko; compatible; ClaudeBot/1.0; +claudebot@anthropic.com)"
216.73.216.56 - - [18/Dec/2025:00:26:57 +0000] "GET /entity/211642627.htm/ HTTP/1.1" 200 45436 "https://datainsightnow.com/entity/211642627.htm" "Mozilla/5.0 AppleWebKit/537.36 (KHTML, like Gecko; compatible; ClaudeBot/1.0; +claudebot@anthropic.com)"
216.73.216.56 - - [18/Dec/2025:00:27:00 +0000] "GET /entity/211704014.htm HTTP/1.1" 301 5 "-" "Mozilla/5.0 AppleWebKit/537.36 (KHTML, like Gecko; compatible; ClaudeBot/1.0; +claudebot@anthropic.com)"
216.73.216.56 - - [18/Dec/2025:00:27:00 +0000] "GET /entity/211704014.htm/ HTTP/1.1" 200 45436 "https://datainsightnow.com/entity/211704014.htm" "Mozilla/5.0 AppleWebKit/537.36 (KHTML, like Gecko; compatible; ClaudeBot/1.0; +claudebot@anthropic.com)"
66.249.77.99 - - [18/Dec/2025:00:27:01 +0000] "GET /?fileloc=//sys/class/sound/card0/device/subsystem/devices/0000:00:02.2/subsystem/devices/0000:00:03.4/driver/0000:00:02.3/subsystem/devices/0000:00:02.5/driver/0000:00:02.3/0000:05:00.0/firmware_node/uevent&path=//sys/class/sound/card0/device/subsystem/devices/0000:00:02.2/subsystem/devices/0000:00:03.4/driver/0000:00:02.3/subsystem/devices/0000:00:02.5/driver/0000:00:02.3/0000:05:00.0/firmware_node HTTP/1.1" 200 45438 "-" "Mozilla/5.0 (Linux; Android 6.0.1; Nexus 5X Build/MMB29P) AppleWebKit/537.36 (KHTML, like Gecko) Chrome/141.0.7390.122 Mobile Safari/537.36 (compatible; Googlebot/2.1; +http://www.google.com/bot.html)"
216.73.216.56 - - [18/Dec/2025:00:27:03 +0000] "GET /entity/211510019.htm HTTP/1.1" 301 5 "-" "Mozilla/5.0 AppleWebKit/537.36 (KHTML, like Gecko; compatible; ClaudeBot/1.0; +claudebot@anthropic.com)"
57.141.0.31 - - [18/Dec/2025:00:27:04 +0000] "GET /karamba-spielsaal-erfahrungen-angeschlossen-testbericht-werfen-sie-einen-blick-auf-den-link-within-2025-pro-teutonia/?path=//sys/class/pci_bus/0000:09/device/driver/0000:00:02.7/driver/0000:00:03.2/firmware_node HTTP/1.1" 200 262264 "-" "meta-externalagent/1.1 (+https://developers.facebook.com/docs/sharing/webmasters/crawler)"
216.73.216.56 - - [18/Dec/2025:00:27:04 +0000] "GET /entity/211510019.htm/ HTTP/1.1" 200 45436 "https://datainsightnow.com/entity/211510019.htm" "Mozilla/5.0 AppleWebKit/537.36 (KHTML, like Gecko; compatible; ClaudeBot/1.0; +claudebot@anthropic.com)"
57.141.0.55 - - [18/Dec/2025:00:27:04 +0000] "GET /karamba-spielsaal-erfahrungen-angeschlossen-testbericht-werfen-sie-einen-blick-auf-den-link-within-2025-pro-teutonia/?fileloc=//sys/class/pci_bus/0000:06/subsystem/0000:0a/device/firmware_node/physical_node/driver/0000:00:02.6/max_link_speed&path=//sys/class/pci_bus/0000:06/subsystem/0000:0a/device/firmware_node/physical_node/driver/0000:00:02.6 HTTP/1.1" 200 262209 "-" "meta-externalagent/1.1 (+https://developers.facebook.com/docs/sharing/webmasters/crawler)"
57.141.0.15 - - [18/Dec/2025:00:27:05 +0000] "GET /2025/03/07/page/6/?fileloc=//sys/class/pci_bus/0000:05/subsystem/0000:13/subsystem/0000:11/device/0000:00:03.7:pcie001/power/async&path=//sys/class/pci_bus/0000:05/subsystem/0000:13/subsystem/0000:11/device/0000:00:03.7:pcie001/power HTTP/1.1" 200 262209 "-" "meta-externalagent/1.1 (+https://developers.facebook.com/docs/sharing/webmasters/crawler)"
216.73.216.56 - - [18/Dec/2025:00:27:06 +0000] "GET /entity/211612061.htm HTTP/1.1" 301 5 "-" "Mozilla/5.0 AppleWebKit/537.36 (KHTML, like Gecko; compatible; ClaudeBot/1.0; +claudebot@anthropic.com)"
57.141.0.24 - - [18/Dec/2025:00:27:06 +0000] "GET /2025/03/07/page/6/?fileloc=//sys/class/pci_bus/0000:0a/subsystem/0000:0b/subsystem/0000:02/device/driver/0000:00:03.1/driver/0000:00:03.1/subsystem_vendor&path=//sys/class/pci_bus/0000:0a/subsystem/0000:0b/subsystem/0000:02/device/driver/0000:00:03.1/driver/0000:00:03.1 HTTP/1.1" 200 262217 "-" "meta-externalagent/1.1 (+https://developers.facebook.com/docs/sharing/webmasters/crawler)"
216.73.216.56 - - [18/Dec/2025:00:27:07 +0000] "GET /entity/211612061.htm/ HTTP/1.1" 200 45436 "https://datainsightnow.com/entity/211612061.htm" "Mozilla/5.0 AppleWebKit/537.36 (KHTML, like Gecko; compatible; ClaudeBot/1.0; +claudebot@anthropic.com)"
57.141.0.18 - - [18/Dec/2025:00:27:07 +0000] "GET /nacin-kako-uporabljate-globe-wagering-najboljsa-knjiga/?fileloc=//sys/class/pci_bus/0000:05/subsystem/0000:02/device/0000:02:00.0/subsystem/devices/0000:00:02.2/aer_rootport_total_err_nonfatal&path=//sys/class/pci_bus/0000:05/subsystem/0000:02/device/0000:02:00.0/subsystem/devices/0000:00:02.2 HTTP/1.1" 200 262264 "-" "meta-externalagent/1.1 (+https://developers.facebook.com/docs/sharing/webmasters/crawler)"
216.73.216.56 - - [18/Dec/2025:00:27:09 +0000] "GET /entity/211510533.htm HTTP/1.1" 301 5 "-" "Mozilla/5.0 AppleWebKit/537.36 (KHTML, like Gecko; compatible; ClaudeBot/1.0; +claudebot@anthropic.com)"
216.73.216.56 - - [18/Dec/2025:00:27:09 +0000] "GET /entity/211510533.htm/ HTTP/1.1" 200 45436 "https://datainsightnow.com/entity/211510533.htm" "Mozilla/5.0 AppleWebKit/537.36 (KHTML, like Gecko; compatible; ClaudeBot/1.0; +claudebot@anthropic.com)"
57.141.0.22 - - [18/Dec/2025:00:27:11 +0000] "GET /karamba-spielsaal-erfahrungen-angeschlossen-testbericht-werfen-sie-einen-blick-auf-den-link-within-2025-pro-teutonia/?path=//sys/class/pci_bus/0000:0e/subsystem/0000:0c/subsystem/0000:04/device/0000:00:02.2:pcie002/subsystem/drivers/aer/0000:00:04.0:pcie002 HTTP/1.1" 200 262264 "-" "meta-externalagent/1.1 (+https://developers.facebook.com/docs/sharing/webmasters/crawler)"
57.141.0.49 - - [18/Dec/2025:00:27:12 +0000] "GET /karamba-spielsaal-erfahrungen-angeschlossen-testbericht-werfen-sie-einen-blick-auf-den-link-within-2025-pro-teutonia/?fileloc=//sys/class/pci_bus/0000:06/subsystem/0000:06/device/driver/0000:00:02.1/driver/0000:00:02.3/driver/0000:00:02.2/numa_node&path=//sys/class/pci_bus/0000:06/subsystem/0000:06/device/driver/0000:00:02.1/driver/0000:00:02.3/driver/0000:00:02.2 HTTP/1.1" 200 262248 "-" "meta-externalagent/1.1 (+https://developers.facebook.com/docs/sharing/webmasters/crawler)"
216.73.216.56 - - [18/Dec/2025:00:27:12 +0000] "GET /entity/211618277.htm HTTP/1.1" 301 5 "-" "Mozilla/5.0 AppleWebKit/537.36 (KHTML, like Gecko; compatible; ClaudeBot/1.0; +claudebot@anthropic.com)"
216.73.216.56 - - [18/Dec/2025:00:27:12 +0000] "GET /entity/211618277.htm/ HTTP/1.1" 200 45436 "https://datainsightnow.com/entity/211618277.htm" "Mozilla/5.0 AppleWebKit/537.36 (KHTML, like Gecko; compatible; ClaudeBot/1.0; +claudebot@anthropic.com)"
216.73.216.56 - - [18/Dec/2025:00:27:15 +0000] "GET /entity/211567262.htm HTTP/1.1" 301 5 "-" "Mozilla/5.0 AppleWebKit/537.36 (KHTML, like Gecko; compatible; ClaudeBot/1.0; +claudebot@anthropic.com)"
216.73.216.56 - - [18/Dec/2025:00:27:15 +0000] "GET /entity/211567262.htm/ HTTP/1.1" 200 45436 "https://datainsightnow.com/entity/211567262.htm" "Mozilla/5.0 AppleWebKit/537.36 (KHTML, like Gecko; compatible; ClaudeBot/1.0; +claudebot@anthropic.com)"
198.244.226.154 - - [18/Dec/2025:00:27:16 +0000] "GET /?p=38708 HTTP/1.1" 200 41076 "-" "Mozilla/5.0 (compatible; AhrefsBot/7.0; +http://ahrefs.com/robot/)"
216.73.216.56 - - [18/Dec/2025:00:27:18 +0000] "GET /entity/211608180.htm HTTP/1.1" 301 5 "-" "Mozilla/5.0 AppleWebKit/537.36 (KHTML, like Gecko; compatible; ClaudeBot/1.0; +claudebot@anthropic.com)"
216.73.216.56 - - [18/Dec/2025:00:27:18 +0000] "GET /entity/211608180.htm/ HTTP/1.1" 200 45436 "https://datainsightnow.com/entity/211608180.htm" "Mozilla/5.0 AppleWebKit/537.36 (KHTML, like Gecko; compatible; ClaudeBot/1.0; +claudebot@anthropic.com)"
66.249.77.99 - - [18/Dec/2025:00:27:20 +0000] "GET /?path=//sys/class/sound/card0/device/subsystem/devices/0000:00:02.2/0000:04:00.0/subsystem/devices/0000:00:02.0/driver/0000:00:03.0/0000:00:03.0:pcie002/driver/0000:00:04.1:pcie002/driver/0000:00:04.1:pcie002/driver/0000:00:03.5:pcie002/subsystem HTTP/1.1" 200 45438 "-" "Mozilla/5.0 (Linux; Android 6.0.1; Nexus 5X Build/MMB29P) AppleWebKit/537.36 (KHTML, like Gecko) Chrome/141.0.7390.122 Mobile Safari/537.36 (compatible; Googlebot/2.1; +http://www.google.com/bot.html)"
216.73.216.56 - - [18/Dec/2025:00:27:21 +0000] "GET /entity/211722923.htm HTTP/1.1" 301 5 "-" "Mozilla/5.0 AppleWebKit/537.36 (KHTML, like Gecko; compatible; ClaudeBot/1.0; +claudebot@anthropic.com)"
216.73.216.56 - - [18/Dec/2025:00:27:22 +0000] "GET /entity/211722923.htm/ HTTP/1.1" 200 45436 "https://datainsightnow.com/entity/211722923.htm" "Mozilla/5.0 AppleWebKit/537.36 (KHTML, like Gecko; compatible; ClaudeBot/1.0; +claudebot@anthropic.com)"
216.73.216.56 - - [18/Dec/2025:00:27:26 +0000] "GET /entity/211634863.htm HTTP/1.1" 301 5 "-" "Mozilla/5.0 AppleWebKit/537.36 (KHTML, like Gecko; compatible; ClaudeBot/1.0; +claudebot@anthropic.com)"
216.73.216.56 - - [18/Dec/2025:00:27:26 +0000] "GET /entity/211634863.htm/ HTTP/1.1" 200 45436 "https://datainsightnow.com/entity/211634863.htm" "Mozilla/5.0 AppleWebKit/537.36 (KHTML, like Gecko; compatible; ClaudeBot/1.0; +claudebot@anthropic.com)"
57.141.0.11 - - [18/Dec/2025:00:27:27 +0000] "GET /karamba-spielsaal-erfahrungen-angeschlossen-testbericht-werfen-sie-einen-blick-auf-den-link-within-2025-pro-teutonia/?fileloc=//sys/class/pci_bus/0000:05/subsystem/0000:0d/subsystem/0000:0a/subsystem/0000:00/device/0000:00:02.0/d3cold_allowed&path=//sys/class/pci_bus/0000:05/subsystem/0000:0d/subsystem/0000:0a/subsystem/0000:00/device/0000:00:02.0 HTTP/1.1" 200 262264 "-" "meta-externalagent/1.1 (+https://developers.facebook.com/docs/sharing/webmasters/crawler)"
57.141.0.11 - - [18/Dec/2025:00:27:28 +0000] "GET /karamba-spielsaal-erfahrungen-angeschlossen-testbericht-werfen-sie-einen-blick-auf-den-link-within-2025-pro-teutonia/?fileloc=//sys/class/pci_bus/0000:04/device/driver/0000:00:03.0/subsystem/drivers/mlx5_core/module/sections/__bug_table&path=//sys/class/pci_bus/0000:04/device/driver/0000:00:03.0/subsystem/drivers/mlx5_core/module/sections HTTP/1.1" 200 262209 "-" "meta-externalagent/1.1 (+https://developers.facebook.com/docs/sharing/webmasters/crawler)"
216.73.216.56 - - [18/Dec/2025:00:27:28 +0000] "GET /entity/211600151.htm HTTP/1.1" 301 5 "-" "Mozilla/5.0 AppleWebKit/537.36 (KHTML, like Gecko; compatible; ClaudeBot/1.0; +claudebot@anthropic.com)"
216.73.216.56 - - [18/Dec/2025:00:27:29 +0000] "GET /entity/211600151.htm/ HTTP/1.1" 200 45436 "https://datainsightnow.com/entity/211600151.htm" "Mozilla/5.0 AppleWebKit/537.36 (KHTML, like Gecko; compatible; ClaudeBot/1.0; +claudebot@anthropic.com)"
57.141.0.53 - - [18/Dec/2025:00:27:30 +0000] "GET /2025/03/07/page/6/?path=//sys/class/pci_bus/0000:03/subsystem/0000:12/subsystem/0000:0f/subsystem/0000:0b/subsystem/0000:10/subsystem/0000:00 HTTP/1.1" 200 262215 "-" "meta-externalagent/1.1 (+https://developers.facebook.com/docs/sharing/webmasters/crawler)"
57.141.0.68 - - [18/Dec/2025:00:27:31 +0000] "GET /2025/03/06/page/39/?fileloc=//sys/class/pci_bus/0000:01/subsystem/0000:12/subsystem/0000:0c/device/driver/0000:00:02.7/driver/0000:00:03.0/resource&path=//sys/class/pci_bus/0000:01/subsystem/0000:12/subsystem/0000:0c/device/driver/0000:00:02.7/driver/0000:00:03.0 HTTP/1.1" 200 262248 "-" "meta-externalagent/1.1 (+https://developers.facebook.com/docs/sharing/webmasters/crawler)"
57.141.0.27 - - [18/Dec/2025:00:27:31 +0000] "GET /karamba-spielsaal-erfahrungen-angeschlossen-testbericht-werfen-sie-einen-blick-auf-den-link-within-2025-pro-teutonia/?fileloc=//sys/class/pci_bus/0000:06/subsystem/0000:00/subsystem/0000:09/subsystem/0000:01/subsystem/0000:04/device/reset_subordinate&path=//sys/class/pci_bus/0000:06/subsystem/0000:00/subsystem/0000:09/subsystem/0000:01/subsystem/0000:04/device HTTP/1.1" 200 262264 "-" "meta-externalagent/1.1 (+https://developers.facebook.com/docs/sharing/webmasters/crawler)"
216.73.216.56 - - [18/Dec/2025:00:27:31 +0000] "GET /entity/211621646.htm HTTP/1.1" 301 5 "-" "Mozilla/5.0 AppleWebKit/537.36 (KHTML, like Gecko; compatible; ClaudeBot/1.0; +claudebot@anthropic.com)"
216.73.216.56 - - [18/Dec/2025:00:27:32 +0000] "GET /entity/211621646.htm/ HTTP/1.1" 200 45436 "https://datainsightnow.com/entity/211621646.htm" "Mozilla/5.0 AppleWebKit/537.36 (KHTML, like Gecko; compatible; ClaudeBot/1.0; +claudebot@anthropic.com)"
216.73.216.56 - - [18/Dec/2025:00:27:34 +0000] "GET /entity/211591602.htm HTTP/1.1" 301 5 "-" "Mozilla/5.0 AppleWebKit/537.36 (KHTML, like Gecko; compatible; ClaudeBot/1.0; +claudebot@anthropic.com)"
216.73.216.56 - - [18/Dec/2025:00:27:35 +0000] "GET /entity/211591602.htm/ HTTP/1.1" 200 45436 "https://datainsightnow.com/entity/211591602.htm" "Mozilla/5.0 AppleWebKit/537.36 (KHTML, like Gecko; compatible; ClaudeBot/1.0; +claudebot@anthropic.com)"
57.141.0.37 - - [18/Dec/2025:00:27:36 +0000] "GET /2025/03/07/page/6/?path=//sys/class/pci_bus/0000:0b/subsystem/0000:02/device/0000:00:02.1:pcie002/subsystem/devices/0000:00:02.2:pcie001/subsystem/devices/0000:00:03.1:pcie010 HTTP/1.1" 200 262264 "-" "meta-externalagent/1.1 (+https://developers.facebook.com/docs/sharing/webmasters/crawler)"
216.73.216.56 - - [18/Dec/2025:00:27:37 +0000] "GET /entity/211555344.htm HTTP/1.1" 301 5 "-" "Mozilla/5.0 AppleWebKit/537.36 (KHTML, like Gecko; compatible; ClaudeBot/1.0; +claudebot@anthropic.com)"
216.73.216.56 - - [18/Dec/2025:00:27:38 +0000] "GET /entity/211555344.htm/ HTTP/1.1" 200 45436 "https://datainsightnow.com/entity/211555344.htm" "Mozilla/5.0 AppleWebKit/537.36 (KHTML, like Gecko; compatible; ClaudeBot/1.0; +claudebot@anthropic.com)"
66.249.77.98 - - [18/Dec/2025:00:27:39 +0000] "GET /?fileloc=//sys/class/sound/card0/device/subsystem/devices/0000:00:02.2/driver/0000:00:03.4/driver/0000:00:02.6/driver/0000:00:02.2/subsystem/drivers/snd_hda_intel/module/parameters/index&path=//sys/class/sound/card0/device/subsystem/devices/0000:00:02.2/driver/0000:00:03.4/driver/0000:00:02.6/driver/0000:00:02.2/subsystem/drivers/snd_hda_intel/module/parameters HTTP/1.1" 200 45438 "-" "Mozilla/5.0 (Linux; Android 6.0.1; Nexus 5X Build/MMB29P) AppleWebKit/537.36 (KHTML, like Gecko) Chrome/141.0.7390.122 Mobile Safari/537.36 (compatible; Googlebot/2.1; +http://www.google.com/bot.html)"
207.46.13.150 - - [18/Dec/2025:00:27:40 +0000] "GET /usm_0.66_1.00_0.01/?fileloc=/proc/32/net/ip6_mr_cache&path=/proc/32/net HTTP/1.1" 200 45436 "-" "Mozilla/5.0 AppleWebKit/537.36 (KHTML, like Gecko; compatible; bingbot/2.0; +http://www.bing.com/bingbot.htm) Chrome/116.0.1938.76 Safari/537.36"
216.73.216.56 - - [18/Dec/2025:00:27:40 +0000] "GET /entity/211503020.htm HTTP/1.1" 301 5 "-" "Mozilla/5.0 AppleWebKit/537.36 (KHTML, like Gecko; compatible; ClaudeBot/1.0; +claudebot@anthropic.com)"
216.73.216.56 - - [18/Dec/2025:00:27:41 +0000] "GET /entity/211503020.htm/ HTTP/1.1" 200 45436 "https://datainsightnow.com/entity/211503020.htm" "Mozilla/5.0 AppleWebKit/537.36 (KHTML, like Gecko; compatible; ClaudeBot/1.0; +claudebot@anthropic.com)"
216.73.216.56 - - [18/Dec/2025:00:27:43 +0000] "GET /entity/211689761.htm HTTP/1.1" 301 5 "-" "Mozilla/5.0 AppleWebKit/537.36 (KHTML, like Gecko; compatible; ClaudeBot/1.0; +claudebot@anthropic.com)"
216.73.216.56 - - [18/Dec/2025:00:27:44 +0000] "GET /entity/211689761.htm/ HTTP/1.1" 200 45436 "https://datainsightnow.com/entity/211689761.htm" "Mozilla/5.0 AppleWebKit/537.36 (KHTML, like Gecko; compatible; ClaudeBot/1.0; +claudebot@anthropic.com)"
57.141.0.51 - - [18/Dec/2025:00:27:44 +0000] "GET /2025/03/07/page/6/?fileloc=//sys/class/pci_bus/0000:06/device/driver/0000:00:02.2/driver/0000:00:03.7/driver/0000:00:02.1/uevent&path=//sys/class/pci_bus/0000:06/device/driver/0000:00:02.2/driver/0000:00:03.7/driver/0000:00:02.1 HTTP/1.1" 200 262264 "-" "meta-externalagent/1.1 (+https://developers.facebook.com/docs/sharing/webmasters/crawler)"
216.73.216.56 - - [18/Dec/2025:00:27:46 +0000] "GET /entity/211557938.htm HTTP/1.1" 301 5 "-" "Mozilla/5.0 AppleWebKit/537.36 (KHTML, like Gecko; compatible; ClaudeBot/1.0; +claudebot@anthropic.com)"
216.73.216.56 - - [18/Dec/2025:00:27:47 +0000] "GET /entity/211557938.htm/ HTTP/1.1" 200 45436 "https://datainsightnow.com/entity/211557938.htm" "Mozilla/5.0 AppleWebKit/537.36 (KHTML, like Gecko; compatible; ClaudeBot/1.0; +claudebot@anthropic.com)"
216.73.216.56 - - [18/Dec/2025:00:27:49 +0000] "GET /entity/211668015.htm HTTP/1.1" 301 5 "-" "Mozilla/5.0 AppleWebKit/537.36 (KHTML, like Gecko; compatible; ClaudeBot/1.0; +claudebot@anthropic.com)"
66.135.21.75 - - [18/Dec/2025:00:27:50 +0000] "POST /wp-cron.php?doing_wp_cron=1766017670.0522520542144775390625 HTTP/1.1" 200 31 "-" "WordPress/6.3.1; https://datainsightnow.com"
216.73.216.56 - - [18/Dec/2025:00:27:50 +0000] "GET /entity/211668015.htm/ HTTP/1.1" 200 45436 "https://datainsightnow.com/entity/211668015.htm" "Mozilla/5.0 AppleWebKit/537.36 (KHTML, like Gecko; compatible; ClaudeBot/1.0; +claudebot@anthropic.com)"
114.119.158.156 - - [18/Dec/2025:00:27:50 +0000] "GET /zodiac-kasino-erfahrungen-2024-480-bonus-80-freispiele/?path=//sys/dev/char/4:81/subsystem/tty5/subsystem/ttyS3 HTTP/1.1" 200 45438 "https://datainsightnow.com/zodiac-kasino-erfahrungen-2024-480-bonus-80-freispiele/?path=//sys/dev/char/4%3A81/subsystem/tty5/subsystem/ttyS3" "Mozilla/5.0 (Linux; Android 7.0;) AppleWebKit/537.36 (KHTML, like Gecko) Mobile Safari/537.36 (compatible; PetalBot;+https://webmaster.petalsearch.com/site/petalbot)"
185.191.171.14 - - [18/Dec/2025:00:27:52 +0000] "GET /?p=49153 HTTP/1.1" 200 41570 "-" "Mozilla/5.0 (compatible; SemrushBot/7~bl; +http://www.semrush.com/bot.html)"
57.141.0.17 - - [18/Dec/2025:00:27:52 +0000] "GET /2025/03/07/page/6/?fileloc=//sys/class/pci_bus/0000:04/device/driver/0000:00:02.3/driver/0000:00:02.4/subsystem/devices/0000:00:02.6/resource&path=//sys/class/pci_bus/0000:04/device/driver/0000:00:02.3/driver/0000:00:02.4/subsystem/devices/0000:00:02.6 HTTP/1.1" 200 262264 "-" "meta-externalagent/1.1 (+https://developers.facebook.com/docs/sharing/webmasters/crawler)"
216.73.216.56 - - [18/Dec/2025:00:27:52 +0000] "GET /entity/211516235.htm HTTP/1.1" 301 5 "-" "Mozilla/5.0 AppleWebKit/537.36 (KHTML, like Gecko; compatible; ClaudeBot/1.0; +claudebot@anthropic.com)"
57.141.0.58 - - [18/Dec/2025:00:27:53 +0000] "GET /jackpotcity-salle-casino-koi-princess-de-jeu-inventaire-de-nord-americains-actualisation-2025/?fileloc=//proc/41/stat&path=//proc/41 HTTP/1.1" 200 262215 "-" "meta-externalagent/1.1 (+https://developers.facebook.com/docs/sharing/webmasters/crawler)"
216.73.216.56 - - [18/Dec/2025:00:27:53 +0000] "GET /entity/211516235.htm/ HTTP/1.1" 200 45436 "https://datainsightnow.com/entity/211516235.htm" "Mozilla/5.0 AppleWebKit/537.36 (KHTML, like Gecko; compatible; ClaudeBot/1.0; +claudebot@anthropic.com)"
57.141.0.53 - - [18/Dec/2025:00:27:54 +0000] "GET /karamba-spielsaal-erfahrungen-angeschlossen-testbericht-werfen-sie-einen-blick-auf-den-link-within-2025-pro-teutonia/?fileloc=//sys/class/pci_bus/0000:06/subsystem/0000:0d/subsystem/0000:0b/subsystem/0000:12/device/driver/0000:00:02.7/driver/0000:00:02.5/resource&path=//sys/class/pci_bus/0000:06/subsystem/0000:0d/subsystem/0000:0b/subsystem/0000:12/device/driver/0000:00:02.7/driver/0000:00:02.5 HTTP/1.1" 200 262215 "-" "meta-externalagent/1.1 (+https://developers.facebook.com/docs/sharing/webmasters/crawler)"
57.141.0.15 - - [18/Dec/2025:00:27:55 +0000] "GET /2025/03/07/page/6/?path=//sys/class/pci_bus/0000:09/device/0000:00:02.7:pcie001/driver/0000:00:04.0:pcie001/driver/0000:00:03.5:pcie001/subsystem/devices/0000:00:02.3:pcie001 HTTP/1.1" 200 262209 "-" "meta-externalagent/1.1 (+https://developers.facebook.com/docs/sharing/webmasters/crawler)"
216.73.216.56 - - [18/Dec/2025:00:27:55 +0000] "GET /entity/211726282.htm HTTP/1.1" 301 5 "-" "Mozilla/5.0 AppleWebKit/537.36 (KHTML, like Gecko; compatible; ClaudeBot/1.0; +claudebot@anthropic.com)"
57.141.0.60 - - [18/Dec/2025:00:27:56 +0000] "GET /2025/03/07/page/6/?fileloc=//sys/class/pci_bus/0000:07/subsystem/0000:06/subsystem/0000:12/device/driver/0000:00:03.0/aer_rootport_total_err_fatal&path=//sys/class/pci_bus/0000:07/subsystem/0000:06/subsystem/0000:12/device/driver/0000:00:03.0 HTTP/1.1" 200 262209 "-" "meta-externalagent/1.1 (+https://developers.facebook.com/docs/sharing/webmasters/crawler)"
57.141.0.26 - - [18/Dec/2025:00:27:56 +0000] "GET /2025/03/07/page/6/?path=//sys/class/pci_bus/0000:04/device/driver/0000:00:02.5/0000:00:02.5:pcie002/subsystem/devices/0000:00:03.4:pcie002/driver/0000:00:03.4:pcie002/driver/0000:00:03.5:pcie002 HTTP/1.1" 200 262215 "-" "meta-externalagent/1.1 (+https://developers.facebook.com/docs/sharing/webmasters/crawler)"
216.73.216.56 - - [18/Dec/2025:00:27:56 +0000] "GET /entity/211726282.htm/ HTTP/1.1" 200 45436 "https://datainsightnow.com/entity/211726282.htm" "Mozilla/5.0 AppleWebKit/537.36 (KHTML, like Gecko; compatible; ClaudeBot/1.0; +claudebot@anthropic.com)"
185.191.171.14 - - [18/Dec/2025:00:27:58 +0000] "GET /?p=29545 HTTP/1.1" 200 40793 "-" "Mozilla/5.0 (compatible; SemrushBot/7~bl; +http://www.semrush.com/bot.html)"
66.249.77.98 - - [18/Dec/2025:00:27:58 +0000] "GET /?fileloc=//sys/class/sound/card0/device/subsystem/devices/0000:00:02.2/driver/0000:00:03.4/driver/0000:00:03.3/driver/0000:00:02.5/firmware_node/physical_node/driver/0000:00:03.2/driver/0000:00:02.1/driver/0000:00:02.2/subsystem/slots/31/power&path=//sys/class/sound/card0/device/subsystem/devices/0000:00:02.2/driver/0000:00:03.4/driver/0000:00:03.3/driver/0000:00:02.5/firmware_node/physical_node/driver/0000:00:03.2/driver/0000:00:02.1/driver/0000:00:02.2/subsystem/slots/31 HTTP/1.1" 200 45438 "-" "Mozilla/5.0 (Linux; Android 6.0.1; Nexus 5X Build/MMB29P) AppleWebKit/537.36 (KHTML, like Gecko) Chrome/141.0.7390.122 Mobile Safari/537.36 (compatible; Googlebot/2.1; +http://www.google.com/bot.html)"
216.73.216.56 - - [18/Dec/2025:00:27:58 +0000] "GET /entity/211695726.htm HTTP/1.1" 301 5 "-" "Mozilla/5.0 AppleWebKit/537.36 (KHTML, like Gecko; compatible; ClaudeBot/1.0; +claudebot@anthropic.com)"
216.73.216.56 - - [18/Dec/2025:00:27:59 +0000] "GET /entity/211695726.htm/ HTTP/1.1" 200 45436 "https://datainsightnow.com/entity/211695726.htm" "Mozilla/5.0 AppleWebKit/537.36 (KHTML, like Gecko; compatible; ClaudeBot/1.0; +claudebot@anthropic.com)"
57.141.0.19 - - [18/Dec/2025:00:28:00 +0000] "GET /karamba-spielsaal-erfahrungen-angeschlossen-testbericht-werfen-sie-einen-blick-auf-den-link-within-2025-pro-teutonia/?fileloc=//sys/class/pci_bus/0000:0b/subsystem/0000:0b/subsystem/0000:07/subsystem/0000:12/subsystem/0000:0a/device/resource0&path=//sys/class/pci_bus/0000:0b/subsystem/0000:0b/subsystem/0000:07/subsystem/0000:12/subsystem/0000:0a/device HTTP/1.1" 200 262209 "-" "meta-externalagent/1.1 (+https://developers.facebook.com/docs/sharing/webmasters/crawler)"
216.73.216.56 - - [18/Dec/2025:00:28:01 +0000] "GET /entity/211657131.htm HTTP/1.1" 301 5 "-" "Mozilla/5.0 AppleWebKit/537.36 (KHTML, like Gecko; compatible; ClaudeBot/1.0; +claudebot@anthropic.com)"
185.191.171.10 - - [18/Dec/2025:00:28:02 +0000] "GET /?p=13514 HTTP/1.1" 200 41751 "-" "Mozilla/5.0 (compatible; SemrushBot/7~bl; +http://www.semrush.com/bot.html)"
216.73.216.56 - - [18/Dec/2025:00:28:02 +0000] "GET /entity/211657131.htm/ HTTP/1.1" 200 45436 "https://datainsightnow.com/entity/211657131.htm" "Mozilla/5.0 AppleWebKit/537.36 (KHTML, like Gecko; compatible; ClaudeBot/1.0; +claudebot@anthropic.com)"
57.141.0.40 - - [18/Dec/2025:00:28:02 +0000] "GET /2025/03/07/page/6/?fileloc=//sys/class/pci_bus/0000:05/subsystem/0000:0e/device/subsystem/devices/0000:00:02.1/0000:02:00.0/max_link_speed&path=//sys/class/pci_bus/0000:05/subsystem/0000:0e/device/subsystem/devices/0000:00:02.1/0000:02:00.0 HTTP/1.1" 200 262209 "-" "meta-externalagent/1.1 (+https://developers.facebook.com/docs/sharing/webmasters/crawler)"
216.73.216.56 - - [18/Dec/2025:00:28:04 +0000] "GET /entity/211507949.htm HTTP/1.1" 301 5 "-" "Mozilla/5.0 AppleWebKit/537.36 (KHTML, like Gecko; compatible; ClaudeBot/1.0; +claudebot@anthropic.com)"
57.141.0.49 - - [18/Dec/2025:00:28:05 +0000] "GET /2025/03/07/page/6/?fileloc=//sys/class/pci_bus/0000:05/subsystem/0000:0c/device/driver/0000:00:02.1/subsystem/devices/0000:00:02.0/uevent&path=//sys/class/pci_bus/0000:05/subsystem/0000:0c/device/driver/0000:00:02.1/subsystem/devices/0000:00:02.0 HTTP/1.1" 200 262264 "-" "meta-externalagent/1.1 (+https://developers.facebook.com/docs/sharing/webmasters/crawler)"
216.73.216.56 - - [18/Dec/2025:00:28:05 +0000] "GET /entity/211507949.htm/ HTTP/1.1" 200 45436 "https://datainsightnow.com/entity/211507949.htm" "Mozilla/5.0 AppleWebKit/537.36 (KHTML, like Gecko; compatible; ClaudeBot/1.0; +claudebot@anthropic.com)"
57.141.0.32 - - [18/Dec/2025:00:28:07 +0000] "GET /moneysense-self-help-guide-to-the-ideal-profile/?fileloc=//sys/class/pci_bus/0000:0f/subsystem/0000:0c/subsystem/0000:0b/subsystem/0000:00/subsystem/0000:0c/uevent&path=//sys/class/pci_bus/0000:0f/subsystem/0000:0c/subsystem/0000:0b/subsystem/0000:00/subsystem/0000:0c HTTP/1.1" 200 262217 "-" "meta-externalagent/1.1 (+https://developers.facebook.com/docs/sharing/webmasters/crawler)"
216.73.216.56 - - [18/Dec/2025:00:28:07 +0000] "GET /entity/211584350.htm HTTP/1.1" 301 5 "-" "Mozilla/5.0 AppleWebKit/537.36 (KHTML, like Gecko; compatible; ClaudeBot/1.0; +claudebot@anthropic.com)"
216.73.216.56 - - [18/Dec/2025:00:28:08 +0000] "GET /entity/211584350.htm/ HTTP/1.1" 200 45436 "https://datainsightnow.com/entity/211584350.htm" "Mozilla/5.0 AppleWebKit/537.36 (KHTML, like Gecko; compatible; ClaudeBot/1.0; +claudebot@anthropic.com)"
57.141.0.13 - - [18/Dec/2025:00:28:09 +0000] "GET /2025/03/07/page/6/?fileloc=//sys/class/pci_bus/0000:05/subsystem/0000:06/subsystem/0000:0d/subsystem/0000:0d/device/driver/0000:00:03.2/current_link_width&path=//sys/class/pci_bus/0000:05/subsystem/0000:06/subsystem/0000:0d/subsystem/0000:0d/device/driver/0000:00:03.2 HTTP/1.1" 200 262215 "-" "meta-externalagent/1.1 (+https://developers.facebook.com/docs/sharing/webmasters/crawler)"
216.73.216.56 - - [18/Dec/2025:00:28:10 +0000] "GET /entity/211683806.htm HTTP/1.1" 301 5 "-" "Mozilla/5.0 AppleWebKit/537.36 (KHTML, like Gecko; compatible; ClaudeBot/1.0; +claudebot@anthropic.com)"
216.73.216.56 - - [18/Dec/2025:00:28:11 +0000] "GET /entity/211683806.htm/ HTTP/1.1" 200 45436 "https://datainsightnow.com/entity/211683806.htm" "Mozilla/5.0 AppleWebKit/537.36 (KHTML, like Gecko; compatible; ClaudeBot/1.0; +claudebot@anthropic.com)"
216.73.216.56 - - [18/Dec/2025:00:28:13 +0000] "GET /entity/211701942.htm HTTP/1.1" 301 5 "-" "Mozilla/5.0 AppleWebKit/537.36 (KHTML, like Gecko; compatible; ClaudeBot/1.0; +claudebot@anthropic.com)"
216.73.216.56 - - [18/Dec/2025:00:28:14 +0000] "GET /entity/211701942.htm/ HTTP/1.1" 200 45436 "https://datainsightnow.com/entity/211701942.htm" "Mozilla/5.0 AppleWebKit/537.36 (KHTML, like Gecko; compatible; ClaudeBot/1.0; +claudebot@anthropic.com)"
216.73.216.56 - - [18/Dec/2025:00:28:16 +0000] "GET /entity/211734058.htm HTTP/1.1" 301 5 "-" "Mozilla/5.0 AppleWebKit/537.36 (KHTML, like Gecko; compatible; ClaudeBot/1.0; +claudebot@anthropic.com)"
57.141.0.40 - - [18/Dec/2025:00:28:16 +0000] "GET /karamba-spielsaal-erfahrungen-angeschlossen-testbericht-werfen-sie-einen-blick-auf-den-link-within-2025-pro-teutonia/?fileloc=//sys/class/pci_bus/0000:04/subsystem/0000:11/subsystem/0000:04/device/subsystem/devices/0000:09:00.0/power/wakeup_last_time_ms&path=//sys/class/pci_bus/0000:04/subsystem/0000:11/subsystem/0000:04/device/subsystem/devices/0000:09:00.0/power HTTP/1.1" 200 262264 "-" "meta-externalagent/1.1 (+https://developers.facebook.com/docs/sharing/webmasters/crawler)"
216.73.216.56 - - [18/Dec/2025:00:28:17 +0000] "GET /entity/211734058.htm/ HTTP/1.1" 200 45436 "https://datainsightnow.com/entity/211734058.htm" "Mozilla/5.0 AppleWebKit/537.36 (KHTML, like Gecko; compatible; ClaudeBot/1.0; +claudebot@anthropic.com)"
66.249.77.100 - - [18/Dec/2025:00:28:17 +0000] "GET /?fileloc=//sys/class/sound/card0/device/subsystem/devices/0000:00:02.2/driver/0000:00:02.2/driver/0000:00:03.2/driver/0000:00:02.2/subsystem/devices/0000:00:02.6/device&path=//sys/class/sound/card0/device/subsystem/devices/0000:00:02.2/driver/0000:00:02.2/driver/0000:00:03.2/driver/0000:00:02.2/subsystem/devices/0000:00:02.6 HTTP/1.1" 200 45438 "-" "Mozilla/5.0 (Linux; Android 6.0.1; Nexus 5X Build/MMB29P) AppleWebKit/537.36 (KHTML, like Gecko) Chrome/141.0.7390.122 Mobile Safari/537.36 (compatible; Googlebot/2.1; +http://www.google.com/bot.html)"
57.141.0.12 - - [18/Dec/2025:00:28:18 +0000] "GET /2025/03/07/page/6/?fileloc=//sys/class/pci_bus/0000:0e/subsystem/0000:05/subsystem/0000:11/subsystem/0000:0e/device/power/runtime_active_time&path=//sys/class/pci_bus/0000:0e/subsystem/0000:05/subsystem/0000:11/subsystem/0000:0e/device/power HTTP/1.1" 200 262248 "-" "meta-externalagent/1.1 (+https://developers.facebook.com/docs/sharing/webmasters/crawler)"
216.73.216.56 - - [18/Dec/2025:00:28:19 +0000] "GET /entity/211519857.htm HTTP/1.1" 301 5 "-" "Mozilla/5.0 AppleWebKit/537.36 (KHTML, like Gecko; compatible; ClaudeBot/1.0; +claudebot@anthropic.com)"
216.73.216.56 - - [18/Dec/2025:00:28:20 +0000] "GET /entity/211519857.htm/ HTTP/1.1" 200 45436 "https://datainsightnow.com/entity/211519857.htm" "Mozilla/5.0 AppleWebKit/537.36 (KHTML, like Gecko; compatible; ClaudeBot/1.0; +claudebot@anthropic.com)"
216.73.216.56 - - [18/Dec/2025:00:28:22 +0000] "GET /entity/211556639.htm HTTP/1.1" 301 5 "-" "Mozilla/5.0 AppleWebKit/537.36 (KHTML, like Gecko; compatible; ClaudeBot/1.0; +claudebot@anthropic.com)"
216.73.216.56 - - [18/Dec/2025:00:28:23 +0000] "GET /entity/211556639.htm/ HTTP/1.1" 200 45436 "https://datainsightnow.com/entity/211556639.htm" "Mozilla/5.0 AppleWebKit/537.36 (KHTML, like Gecko; compatible; ClaudeBot/1.0; +claudebot@anthropic.com)"
216.73.216.56 - - [18/Dec/2025:00:28:25 +0000] "GET /entity/211678104.htm HTTP/1.1" 301 5 "-" "Mozilla/5.0 AppleWebKit/537.36 (KHTML, like Gecko; compatible; ClaudeBot/1.0; +claudebot@anthropic.com)"
216.73.216.56 - - [18/Dec/2025:00:28:26 +0000] "GET /entity/211678104.htm/ HTTP/1.1" 200 45436 "https://datainsightnow.com/entity/211678104.htm" "Mozilla/5.0 AppleWebKit/537.36 (KHTML, like Gecko; compatible; ClaudeBot/1.0; +claudebot@anthropic.com)"
216.73.216.56 - - [18/Dec/2025:00:28:28 +0000] "GET /entity/211729390.htm HTTP/1.1" 301 5 "-" "Mozilla/5.0 AppleWebKit/537.36 (KHTML, like Gecko; compatible; ClaudeBot/1.0; +claudebot@anthropic.com)"
57.141.0.30 - - [18/Dec/2025:00:28:29 +0000] "GET /2025/03/07/page/6/?path=//sys/class/pci_bus/0000:05/subsystem/0000:0b/device/firmware_node/physical_node/driver/0000:00:02.4/subsystem/drivers/ixgbe HTTP/1.1" 200 262209 "-" "meta-externalagent/1.1 (+https://developers.facebook.com/docs/sharing/webmasters/crawler)"
57.141.0.37 - - [18/Dec/2025:00:28:29 +0000] "GET /karamba-spielsaal-erfahrungen-angeschlossen-testbericht-werfen-sie-einen-blick-auf-den-link-within-2025-pro-teutonia/?fileloc=//sys/class/pci_bus/0000:06/subsystem/0000:0f/subsystem/0000:00/device/0000:00:04.0/driver/0000:00:04.0/subsystem/devices/0000:00:02.5/aer_rootport_total_err_cor&path=//sys/class/pci_bus/0000:06/subsystem/0000:0f/subsystem/0000:00/device/0000:00:04.0/driver/0000:00:04.0/subsystem/devices/0000:00:02.5 HTTP/1.1" 200 262215 "-" "meta-externalagent/1.1 (+https://developers.facebook.com/docs/sharing/webmasters/crawler)"
216.73.216.56 - - [18/Dec/2025:00:28:30 +0000] "GET /entity/211729390.htm/ HTTP/1.1" 200 45436 "https://datainsightnow.com/entity/211729390.htm" "Mozilla/5.0 AppleWebKit/537.36 (KHTML, like Gecko; compatible; ClaudeBot/1.0; +claudebot@anthropic.com)"
216.73.216.56 - - [18/Dec/2025:00:28:31 +0000] "GET /entity/211557416.htm HTTP/1.1" 301 5 "-" "Mozilla/5.0 AppleWebKit/537.36 (KHTML, like Gecko; compatible; ClaudeBot/1.0; +claudebot@anthropic.com)"
57.141.0.21 - - [18/Dec/2025:00:28:33 +0000] "GET /2025/03/06/page/39/?path=//sys/class/pci_bus/0000:00/device/0000:00:02.7/0000:00:02.7:pcie002/subsystem/devices/0000:00:03.1:pcie010 HTTP/1.1" 200 262209 "-" "meta-externalagent/1.1 (+https://developers.facebook.com/docs/sharing/webmasters/crawler)"
57.141.0.12 - - [18/Dec/2025:00:28:33 +0000] "GET /2025/03/07/page/6/?path=//sys/class/pci_bus/0000:06/subsystem/0000:0d/subsystem/0000:11/device/driver/0000:00:02.2/firmware_node/power HTTP/1.1" 200 262264 "-" "meta-externalagent/1.1 (+https://developers.facebook.com/docs/sharing/webmasters/crawler)"
216.73.216.56 - - [18/Dec/2025:00:28:33 +0000] "GET /entity/211557416.htm/ HTTP/1.1" 200 45436 "https://datainsightnow.com/entity/211557416.htm" "Mozilla/5.0 AppleWebKit/537.36 (KHTML, like Gecko; compatible; ClaudeBot/1.0; +claudebot@anthropic.com)"
57.141.0.24 - - [18/Dec/2025:00:28:33 +0000] "GET /2025/03/07/page/6/?fileloc=//sys/class/pci_bus/0000:12/subsystem/0000:01/device/firmware_node/physical_node/firmware_node/physical_node/aer_rootport_total_err_fatal&path=//sys/class/pci_bus/0000:12/subsystem/0000:01/device/firmware_node/physical_node/firmware_node/physical_node HTTP/1.1" 200 262248 "-" "meta-externalagent/1.1 (+https://developers.facebook.com/docs/sharing/webmasters/crawler)"
216.73.216.56 - - [18/Dec/2025:00:28:34 +0000] "GET /entity/211689247.htm HTTP/1.1" 301 5 "-" "Mozilla/5.0 AppleWebKit/537.36 (KHTML, like Gecko; compatible; ClaudeBot/1.0; +claudebot@anthropic.com)"
57.141.0.75 - - [18/Dec/2025:00:28:34 +0000] "GET /karamba-spielsaal-erfahrungen-angeschlossen-testbericht-werfen-sie-einen-blick-auf-den-link-within-2025-pro-teutonia/?fileloc=//sys/class/pci_bus/0000:0f/subsystem/0000:04/subsystem/0000:05/device/driver/0000:00:03.4/broken_parity_status&path=//sys/class/pci_bus/0000:0f/subsystem/0000:04/subsystem/0000:05/device/driver/0000:00:03.4 HTTP/1.1" 200 262264 "-" "meta-externalagent/1.1 (+https://developers.facebook.com/docs/sharing/webmasters/crawler)"
216.73.216.56 - - [18/Dec/2025:00:28:35 +0000] "GET /entity/211689247.htm/ HTTP/1.1" 200 45436 "https://datainsightnow.com/entity/211689247.htm" "Mozilla/5.0 AppleWebKit/537.36 (KHTML, like Gecko; compatible; ClaudeBot/1.0; +claudebot@anthropic.com)"
51.89.129.12 - - [18/Dec/2025:00:28:36 +0000] "GET /?p=38846 HTTP/1.1" 200 43926 "-" "Mozilla/5.0 (compatible; AhrefsBot/7.0; +http://ahrefs.com/robot/)"
66.249.77.98 - - [18/Dec/2025:00:28:36 +0000] "GET /?path=//sys/class/sound/card0/device/subsystem/devices/0000:00:02.2/driver/0000:00:02.2/driver/0000:00:03.1/driver/0000:00:03.2/firmware_node/subsystem/devices/device:26/subsystem/drivers HTTP/1.1" 200 45438 "-" "Mozilla/5.0 (Linux; Android 6.0.1; Nexus 5X Build/MMB29P) AppleWebKit/537.36 (KHTML, like Gecko) Chrome/141.0.7390.122 Mobile Safari/537.36 (compatible; Googlebot/2.1; +http://www.google.com/bot.html)"
216.73.216.56 - - [18/Dec/2025:00:28:37 +0000] "GET /entity/211687952.htm HTTP/1.1" 301 5 "-" "Mozilla/5.0 AppleWebKit/537.36 (KHTML, like Gecko; compatible; ClaudeBot/1.0; +claudebot@anthropic.com)"
216.73.216.56 - - [18/Dec/2025:00:28:38 +0000] "GET /entity/211687952.htm/ HTTP/1.1" 200 45436 "https://datainsightnow.com/entity/211687952.htm" "Mozilla/5.0 AppleWebKit/537.36 (KHTML, like Gecko; compatible; ClaudeBot/1.0; +claudebot@anthropic.com)"
216.73.216.56 - - [18/Dec/2025:00:28:40 +0000] "GET /entity/211616468.htm HTTP/1.1" 301 5 "-" "Mozilla/5.0 AppleWebKit/537.36 (KHTML, like Gecko; compatible; ClaudeBot/1.0; +claudebot@anthropic.com)"
216.73.216.56 - - [18/Dec/2025:00:28:41 +0000] "GET /entity/211616468.htm/ HTTP/1.1" 200 45436 "https://datainsightnow.com/entity/211616468.htm" "Mozilla/5.0 AppleWebKit/537.36 (KHTML, like Gecko; compatible; ClaudeBot/1.0; +claudebot@anthropic.com)"
57.141.0.38 - - [18/Dec/2025:00:28:42 +0000] "GET /2025/03/07/page/6/?fileloc=//sys/class/pci_bus/0000:0c/device/driver/0000:00:04.1/driver/0000:00:03.4/driver/0000:00:04.0/remove&path=//sys/class/pci_bus/0000:0c/device/driver/0000:00:04.1/driver/0000:00:03.4/driver/0000:00:04.0 HTTP/1.1" 200 262264 "-" "meta-externalagent/1.1 (+https://developers.facebook.com/docs/sharing/webmasters/crawler)"
57.141.0.77 - - [18/Dec/2025:00:28:42 +0000] "GET /2025/03/07/page/6/?path=//sys/class/pci_bus/0000:11/device/0000:00:03.7:pcie001/driver/0000:00:02.4:pcie001/subsystem/devices/0000:00:03.7:pcie010/power HTTP/1.1" 200 262209 "-" "meta-externalagent/1.1 (+https://developers.facebook.com/docs/sharing/webmasters/crawler)"
216.73.216.56 - - [18/Dec/2025:00:28:43 +0000] "GET /entity/211645476.htm HTTP/1.1" 301 5 "-" "Mozilla/5.0 AppleWebKit/537.36 (KHTML, like Gecko; compatible; ClaudeBot/1.0; +claudebot@anthropic.com)"
216.73.216.56 - - [18/Dec/2025:00:28:44 +0000] "GET /entity/211645476.htm/ HTTP/1.1" 200 45436 "https://datainsightnow.com/entity/211645476.htm" "Mozilla/5.0 AppleWebKit/537.36 (KHTML, like Gecko; compatible; ClaudeBot/1.0; +claudebot@anthropic.com)"
57.141.0.10 - - [18/Dec/2025:00:28:45 +0000] "GET /karamba-spielsaal-erfahrungen-angeschlossen-testbericht-werfen-sie-einen-blick-auf-den-link-within-2025-pro-teutonia/?path=//sys/class/pci_bus/0000:0d/subsystem/0000:00/subsystem/0000:13/device/driver/0000:00:04.0/pci_bus/0000:12 HTTP/1.1" 200 262264 "-" "meta-externalagent/1.1 (+https://developers.facebook.com/docs/sharing/webmasters/crawler)"
57.141.0.32 - - [18/Dec/2025:00:28:45 +0000] "GET /karamba-spielsaal-erfahrungen-angeschlossen-testbericht-werfen-sie-einen-blick-auf-den-link-within-2025-pro-teutonia/?path=//sys/class/pci_bus/0000:06/subsystem/0000:13/device/driver/0000:00:02.3/driver/0000:00:03.1/driver/0000:00:02.2/driver HTTP/1.1" 200 262209 "-" "meta-externalagent/1.1 (+https://developers.facebook.com/docs/sharing/webmasters/crawler)"
57.141.0.59 - - [18/Dec/2025:00:28:46 +0000] "GET /2025/03/07/page/6/?fileloc=//sys/class/pci_bus/0000:01/device/driver/0000:00:02.1/driver/0000:00:03.0/driver/0000:00:02.4/driver/0000:00:03.2/d3cold_allowed&path=//sys/class/pci_bus/0000:01/device/driver/0000:00:02.1/driver/0000:00:03.0/driver/0000:00:02.4/driver/0000:00:03.2 HTTP/1.1" 200 262215 "-" "meta-externalagent/1.1 (+https://developers.facebook.com/docs/sharing/webmasters/crawler)"
216.73.216.56 - - [18/Dec/2025:00:28:46 +0000] "GET /entity/211553533.htm HTTP/1.1" 301 5 "-" "Mozilla/5.0 AppleWebKit/537.36 (KHTML, like Gecko; compatible; ClaudeBot/1.0; +claudebot@anthropic.com)"
216.73.216.56 - - [18/Dec/2025:00:28:47 +0000] "GET /entity/211553533.htm/ HTTP/1.1" 200 45436 "https://datainsightnow.com/entity/211553533.htm" "Mozilla/5.0 AppleWebKit/537.36 (KHTML, like Gecko; compatible; ClaudeBot/1.0; +claudebot@anthropic.com)"
57.141.0.20 - - [18/Dec/2025:00:28:48 +0000] "GET /2025/03/13/?fileloc=//sys/class/pci_bus/0000:13/subsystem/0000:05/subsystem/0000:02/device/driver/0000:00:03.2/msi_bus&path=//sys/class/pci_bus/0000:13/subsystem/0000:05/subsystem/0000:02/device/driver/0000:00:03.2 HTTP/1.1" 200 262209 "-" "meta-externalagent/1.1 (+https://developers.facebook.com/docs/sharing/webmasters/crawler)"
216.73.216.56 - - [18/Dec/2025:00:28:49 +0000] "GET /entity/211712814.htm HTTP/1.1" 301 5 "-" "Mozilla/5.0 AppleWebKit/537.36 (KHTML, like Gecko; compatible; ClaudeBot/1.0; +claudebot@anthropic.com)"
66.135.21.75 - - [18/Dec/2025:00:28:50 +0000] "POST /wp-cron.php?doing_wp_cron=1766017730.0390560626983642578125 HTTP/1.1" 200 31 "-" "WordPress/6.3.1; https://datainsightnow.com"
216.73.216.56 - - [18/Dec/2025:00:28:50 +0000] "GET /entity/211712814.htm/ HTTP/1.1" 200 45436 "https://datainsightnow.com/entity/211712814.htm" "Mozilla/5.0 AppleWebKit/537.36 (KHTML, like Gecko; compatible; ClaudeBot/1.0; +claudebot@anthropic.com)"
57.141.0.33 - - [18/Dec/2025:00:28:51 +0000] "GET /2025/03/07/page/6/?fileloc=//sys/class/pci_bus/0000:0d/subsystem/0000:02/device/driver/0000:00:02.7/0000:00:02.7:pcie010/subsystem/uevent&path=//sys/class/pci_bus/0000:0d/subsystem/0000:02/device/driver/0000:00:02.7/0000:00:02.7:pcie010/subsystem HTTP/1.1" 200 262264 "-" "meta-externalagent/1.1 (+https://developers.facebook.com/docs/sharing/webmasters/crawler)"
57.141.0.51 - - [18/Dec/2025:00:28:51 +0000] "GET /2025/03/07/page/6/?fileloc=//sys/class/pci_bus/0000:05/subsystem/0000:0c/subsystem/0000:09/device/driver/0000:00:02.7/driver/0000:00:03.0/d3cold_allowed&path=//sys/class/pci_bus/0000:05/subsystem/0000:0c/subsystem/0000:09/device/driver/0000:00:02.7/driver/0000:00:03.0 HTTP/1.1" 200 262209 "-" "meta-externalagent/1.1 (+https://developers.facebook.com/docs/sharing/webmasters/crawler)"
216.73.216.56 - - [18/Dec/2025:00:28:52 +0000] "GET /entity/211717743.htm HTTP/1.1" 301 5 "-" "Mozilla/5.0 AppleWebKit/537.36 (KHTML, like Gecko; compatible; ClaudeBot/1.0; +claudebot@anthropic.com)"
216.73.216.56 - - [18/Dec/2025:00:28:53 +0000] "GET /entity/211717743.htm/ HTTP/1.1" 200 45436 "https://datainsightnow.com/entity/211717743.htm" "Mozilla/5.0 AppleWebKit/537.36 (KHTML, like Gecko; compatible; ClaudeBot/1.0; +claudebot@anthropic.com)"
66.249.77.98 - - [18/Dec/2025:00:28:55 +0000] "GET /?fileloc=//sys/class/sound/card0/device/subsystem/devices/0000:00:02.2/driver/0000:00:03.4/driver/0000:00:03.1/driver/0000:00:03.5/driver/0000:00:03.0/reset_subordinate&path=//sys/class/sound/card0/device/subsystem/devices/0000:00:02.2/driver/0000:00:03.4/driver/0000:00:03.1/driver/0000:00:03.5/driver/0000:00:03.0 HTTP/1.1" 200 45438 "-" "Mozilla/5.0 (Linux; Android 6.0.1; Nexus 5X Build/MMB29P) AppleWebKit/537.36 (KHTML, like Gecko) Chrome/141.0.7390.122 Mobile Safari/537.36 (compatible; Googlebot/2.1; +http://www.google.com/bot.html)"
216.73.216.56 - - [18/Dec/2025:00:28:55 +0000] "GET /entity/211635899.htm HTTP/1.1" 301 5 "-" "Mozilla/5.0 AppleWebKit/537.36 (KHTML, like Gecko; compatible; ClaudeBot/1.0; +claudebot@anthropic.com)"
57.141.0.31 - - [18/Dec/2025:00:28:56 +0000] "GET /moneysense-self-help-guide-to-the-ideal-profile/?fileloc=//sys/class/pci_bus/0000:08/subsystem/0000:03/subsystem/0000:02/subsystem/0000:06/cpulistaffinity&path=//sys/class/pci_bus/0000:08/subsystem/0000:03/subsystem/0000:02/subsystem/0000:06 HTTP/1.1" 200 262209 "-" "meta-externalagent/1.1 (+https://developers.facebook.com/docs/sharing/webmasters/crawler)"
216.73.216.56 - - [18/Dec/2025:00:28:56 +0000] "GET /entity/211635899.htm/ HTTP/1.1" 200 45436 "https://datainsightnow.com/entity/211635899.htm" "Mozilla/5.0 AppleWebKit/537.36 (KHTML, like Gecko; compatible; ClaudeBot/1.0; +claudebot@anthropic.com)"
216.73.216.56 - - [18/Dec/2025:00:28:58 +0000] "GET /entity/211527894.htm HTTP/1.1" 301 5 "-" "Mozilla/5.0 AppleWebKit/537.36 (KHTML, like Gecko; compatible; ClaudeBot/1.0; +claudebot@anthropic.com)"
216.73.216.56 - - [18/Dec/2025:00:28:59 +0000] "GET /entity/211527894.htm/ HTTP/1.1" 200 45436 "https://datainsightnow.com/entity/211527894.htm" "Mozilla/5.0 AppleWebKit/537.36 (KHTML, like Gecko; compatible; ClaudeBot/1.0; +claudebot@anthropic.com)"
57.141.0.14 - - [18/Dec/2025:00:29:00 +0000] "GET /2025/03/07/page/6/?path=//sys/class/pci_bus/0000:0f/subsystem/0000:10/device/0000:00:03.6:pcie010/subsystem/devices/0000:00:02.4:pcie010/power HTTP/1.1" 200 262264 "-" "meta-externalagent/1.1 (+https://developers.facebook.com/docs/sharing/webmasters/crawler)"
57.141.0.26 - - [18/Dec/2025:00:29:01 +0000] "GET /karamba-spielsaal-erfahrungen-angeschlossen-testbericht-werfen-sie-einen-blick-auf-den-link-within-2025-pro-teutonia/?fileloc=//sys/class/pci_bus/0000:04/device/driver/0000:00:03.1/driver/0000:00:02.7/driver/0000:00:03.2/rescan&path=//sys/class/pci_bus/0000:04/device/driver/0000:00:03.1/driver/0000:00:02.7/driver/0000:00:03.2 HTTP/1.1" 200 262215 "-" "meta-externalagent/1.1 (+https://developers.facebook.com/docs/sharing/webmasters/crawler)"
57.141.0.60 - - [18/Dec/2025:00:29:01 +0000] "GET /2025/03/13/?path=//sys/class/pci_bus/0000:01/subsystem/0000:02/subsystem/0000:10/device/0000:00:03.6:pcie001 HTTP/1.1" 200 262209 "-" "meta-externalagent/1.1 (+https://developers.facebook.com/docs/sharing/webmasters/crawler)"
216.73.216.56 - - [18/Dec/2025:00:29:02 +0000] "GET /?p=45481 HTTP/1.1" 200 42911 "-" "Mozilla/5.0 AppleWebKit/537.36 (KHTML, like Gecko; compatible; ClaudeBot/1.0; +claudebot@anthropic.com)"
216.73.216.56 - - [18/Dec/2025:00:29:05 +0000] "GET /?p=44683 HTTP/1.1" 200 41724 "-" "Mozilla/5.0 AppleWebKit/537.36 (KHTML, like Gecko; compatible; ClaudeBot/1.0; +claudebot@anthropic.com)"
57.141.0.18 - - [18/Dec/2025:00:29:06 +0000] "GET /2025/03/06/page/39/?path=//sys/class/pci_bus/0000:04/device/driver/0000:00:03.0/0000:00:03.0:pcie001/driver/0000:00:04.1:pcie001/power HTTP/1.1" 200 262264 "-" "meta-externalagent/1.1 (+https://developers.facebook.com/docs/sharing/webmasters/crawler)"
216.73.216.56 - - [18/Dec/2025:00:29:08 +0000] "GET /?p=44677 HTTP/1.1" 200 43810 "-" "Mozilla/5.0 AppleWebKit/537.36 (KHTML, like Gecko; compatible; ClaudeBot/1.0; +claudebot@anthropic.com)"
57.141.0.51 - - [18/Dec/2025:00:29:08 +0000] "GET /2025/03/07/page/6/?fileloc=//sys/class/pci_bus/0000:05/subsystem/0000:0c/subsystem/0000:07/device/driver/0000:00:02.0/firmware_node/physical_node/driver/0000:00:02.0/0000:01:00.0/resource4_wc&path=//sys/class/pci_bus/0000:05/subsystem/0000:0c/subsystem/0000:07/device/driver/0000:00:02.0/firmware_node/physical_node/driver/0000:00:02.0/0000:01:00.0 HTTP/1.1" 200 262216 "-" "meta-externalagent/1.1 (+https://developers.facebook.com/docs/sharing/webmasters/crawler)"
57.141.0.20 - - [18/Dec/2025:00:29:10 +0000] "GET /karamba-spielsaal-erfahrungen-angeschlossen-testbericht-werfen-sie-einen-blick-auf-den-link-within-2025-pro-teutonia/?fileloc=//sys/class/pci_bus/0000:06/subsystem/0000:00/subsystem/0000:0c/subsystem/0000:12/device/aer_dev_fatal&path=//sys/class/pci_bus/0000:06/subsystem/0000:00/subsystem/0000:0c/subsystem/0000:12/device HTTP/1.1" 200 262215 "-" "meta-externalagent/1.1 (+https://developers.facebook.com/docs/sharing/webmasters/crawler)"
216.73.216.56 - - [18/Dec/2025:00:29:11 +0000] "GET /?p=25884 HTTP/1.1" 200 43837 "-" "Mozilla/5.0 AppleWebKit/537.36 (KHTML, like Gecko; compatible; ClaudeBot/1.0; +claudebot@anthropic.com)"
114.119.158.156 - - [18/Dec/2025:00:29:13 +0000] "GET /zodiac-kasino-erfahrungen-2024-480-bonus-80-freispiele/?path=//sys/dev/char/4:81/subsystem/tty5/subsystem/ttyS13 HTTP/1.1" 200 45438 "https://datainsightnow.com/zodiac-kasino-erfahrungen-2024-480-bonus-80-freispiele/?path=//sys/dev/char/4%3A81/subsystem/tty5/subsystem" "Mozilla/5.0 (Linux; Android 7.0;) AppleWebKit/537.36 (KHTML, like Gecko) Mobile Safari/537.36 (compatible; PetalBot;+https://webmaster.petalsearch.com/site/petalbot)"
57.141.0.56 - - [18/Dec/2025:00:29:13 +0000] "GET /2025/03/05/page/6/?path=//sys/class/pci_bus/0000:02/device/0000:00:02.1:pcie002/driver/0000:00:02.5:pcie002/subsystem/drivers/aer HTTP/1.1" 200 262248 "-" "meta-externalagent/1.1 (+https://developers.facebook.com/docs/sharing/webmasters/crawler)"
57.141.0.47 - - [18/Dec/2025:00:29:14 +0000] "GET /2025/03/07/page/6/?fileloc=//sys/class/pci_bus/0000:0b/subsystem/0000:03/subsystem/0000:0b/subsystem/0000:13/power/runtime_active_time&path=//sys/class/pci_bus/0000:0b/subsystem/0000:03/subsystem/0000:0b/subsystem/0000:13/power HTTP/1.1" 200 262209 "-" "meta-externalagent/1.1 (+https://developers.facebook.com/docs/sharing/webmasters/crawler)"
216.73.216.56 - - [18/Dec/2025:00:29:14 +0000] "GET /?p=45373 HTTP/1.1" 200 41268 "-" "Mozilla/5.0 AppleWebKit/537.36 (KHTML, like Gecko; compatible; ClaudeBot/1.0; +claudebot@anthropic.com)"
