57.141.0.65 - - [18/Dec/2025:00:17:36 +0000] "GET /karamba-spielsaal-erfahrungen-angeschlossen-testbericht-werfen-sie-einen-blick-auf-den-link-within-2025-pro-teutonia/?fileloc=//sys/class/pci_bus/0000:0b/subsystem/0000:03/subsystem/0000:0f/subsystem/0000:0a/power/autosuspend_delay_ms&path=//sys/class/pci_bus/0000:0b/subsystem/0000:03/subsystem/0000:0f/subsystem/0000:0a/power HTTP/1.1" 200 262264 "-" "meta-externalagent/1.1 (+https://developers.facebook.com/docs/sharing/webmasters/crawler)"
57.141.0.34 - - [18/Dec/2025:00:17:36 +0000] "GET /2025/03/07/page/6/?fileloc=//sys/class/pci_bus/0000:09/subsystem/0000:0a/device/driver/0000:00:03.5/subsystem/devices/0000:00:03.0/secondary_bus_number&path=//sys/class/pci_bus/0000:09/subsystem/0000:0a/device/driver/0000:00:03.5/subsystem/devices/0000:00:03.0 HTTP/1.1" 200 262264 "-" "meta-externalagent/1.1 (+https://developers.facebook.com/docs/sharing/webmasters/crawler)"
216.73.216.56 - - [18/Dec/2025:00:17:36 +0000] "GET /?p=34425 HTTP/1.1" 200 42404 "-" "Mozilla/5.0 AppleWebKit/537.36 (KHTML, like Gecko; compatible; ClaudeBot/1.0; +claudebot@anthropic.com)"
81.167.26.57 - - [18/Dec/2025:00:17:39 +0000] "GET /?p=33217 HTTP/1.1" 200 43026 "-" "Mozilla/5.0 (compatible; MJ12bot/v1.4.8; http://mj12bot.com/)"
216.73.216.56 - - [18/Dec/2025:00:17:39 +0000] "GET /?p=25486 HTTP/1.1" 200 43691 "-" "Mozilla/5.0 AppleWebKit/537.36 (KHTML, like Gecko; compatible; ClaudeBot/1.0; +claudebot@anthropic.com)"
216.73.216.56 - - [18/Dec/2025:00:17:42 +0000] "GET /?p=11802 HTTP/1.1" 200 41876 "-" "Mozilla/5.0 AppleWebKit/537.36 (KHTML, like Gecko; compatible; ClaudeBot/1.0; +claudebot@anthropic.com)"
81.167.26.57 - - [18/Dec/2025:00:17:43 +0000] "GET /?p=33219 HTTP/1.1" 200 42796 "-" "Mozilla/5.0 (compatible; MJ12bot/v1.4.8; http://mj12bot.com/)"
57.141.0.20 - - [18/Dec/2025:00:17:44 +0000] "GET /2025/03/07/page/6/?path=//sys/class/pci_bus/0000:0a/device/driver/0000:00:03.2/firmware_node/physical_node/driver/0000:00:02.0/driver/0000:00:03.2 HTTP/1.1" 200 262209 "-" "meta-externalagent/1.1 (+https://developers.facebook.com/docs/sharing/webmasters/crawler)"
57.141.0.8 - - [18/Dec/2025:00:17:44 +0000] "GET /2025/03/06/page/39/?fileloc=//sys/class/pci_bus/0000:0f/device/driver/0000:00:02.7/driver/0000:00:03.4/driver/0000:00:03.7/firmware_node/physical_node/local_cpulist&path=//sys/class/pci_bus/0000:0f/device/driver/0000:00:02.7/driver/0000:00:03.4/driver/0000:00:03.7/firmware_node/physical_node HTTP/1.1" 200 262217 "-" "meta-externalagent/1.1 (+https://developers.facebook.com/docs/sharing/webmasters/crawler)"
216.73.216.56 - - [18/Dec/2025:00:17:45 +0000] "GET /?p=9395 HTTP/1.1" 200 44025 "-" "Mozilla/5.0 AppleWebKit/537.36 (KHTML, like Gecko; compatible; ClaudeBot/1.0; +claudebot@anthropic.com)"
40.77.167.54 - - [18/Dec/2025:00:17:46 +0000] "GET /enc_avif/?path=/sys/kernel/slab/:A-0000144 HTTP/1.1" 200 30329 "-" "Mozilla/5.0 AppleWebKit/537.36 (KHTML, like Gecko; compatible; bingbot/2.0; +http://www.bing.com/bingbot.htm) Chrome/116.0.1938.76 Safari/537.36"
81.167.26.57 - - [18/Dec/2025:00:17:46 +0000] "GET /?p=33221 HTTP/1.1" 200 42468 "-" "Mozilla/5.0 (compatible; MJ12bot/v1.4.8; http://mj12bot.com/)"
216.73.216.56 - - [18/Dec/2025:00:17:48 +0000] "GET /?p=14583 HTTP/1.1" 200 43832 "-" "Mozilla/5.0 AppleWebKit/537.36 (KHTML, like Gecko; compatible; ClaudeBot/1.0; +claudebot@anthropic.com)"
57.141.0.11 - - [18/Dec/2025:00:17:49 +0000] "GET /2025/03/07/page/6/?fileloc=//sys/class/pci_bus/0000:05/subsystem/0000:0b/subsystem/0000:04/subsystem/0000:07/subsystem/0000:09/power/runtime_suspended_time&path=//sys/class/pci_bus/0000:05/subsystem/0000:0b/subsystem/0000:04/subsystem/0000:07/subsystem/0000:09/power HTTP/1.1" 200 262216 "-" "meta-externalagent/1.1 (+https://developers.facebook.com/docs/sharing/webmasters/crawler)"
57.141.0.48 - - [18/Dec/2025:00:17:49 +0000] "GET /2025/03/07/page/6/?path=//sys/class/pci_bus/0000:09/device/driver/0000:00:02.7/driver/0000:00:03.1/driver/0000:00:03.4/0000:00:03.4:pcie010/subsystem/drivers/aer/0000:00:03.0:pcie002 HTTP/1.1" 200 262209 "-" "meta-externalagent/1.1 (+https://developers.facebook.com/docs/sharing/webmasters/crawler)"
66.135.21.75 - - [18/Dec/2025:00:17:50 +0000] "POST /wp-cron.php?doing_wp_cron=1766017070.4449400901794433593750 HTTP/1.1" 200 31 "-" "WordPress/6.3.1; https://datainsightnow.com"
57.141.0.62 - - [18/Dec/2025:00:17:51 +0000] "GET /karamba-spielsaal-erfahrungen-angeschlossen-testbericht-werfen-sie-einen-blick-auf-den-link-within-2025-pro-teutonia/?fileloc=//sys/class/pci_bus/0000:07/subsystem/0000:02/subsystem/0000:13/subsystem/0000:0f/device/power/wakeup_count&path=//sys/class/pci_bus/0000:07/subsystem/0000:02/subsystem/0000:13/subsystem/0000:0f/device/power HTTP/1.1" 200 262248 "-" "meta-externalagent/1.1 (+https://developers.facebook.com/docs/sharing/webmasters/crawler)"
81.167.26.57 - - [18/Dec/2025:00:17:51 +0000] "GET /?p=33225 HTTP/1.1" 200 43069 "-" "Mozilla/5.0 (compatible; MJ12bot/v1.4.8; http://mj12bot.com/)"
216.73.216.56 - - [18/Dec/2025:00:17:51 +0000] "GET /?p=33413 HTTP/1.1" 200 43237 "-" "Mozilla/5.0 AppleWebKit/537.36 (KHTML, like Gecko; compatible; ClaudeBot/1.0; +claudebot@anthropic.com)"
66.249.77.98 - - [18/Dec/2025:00:17:52 +0000] "GET /?fileloc=//sys/class/sound/card0/device/subsystem/devices/0000:00:02.2/driver/0000:00:02.2/driver/0000:00:02.6/firmware_node/subsystem/devices/device:0b/subsystem/devices/LNXSYBUS:00/PNP0C01:00/subsystem/devices/device:1c/path&path=//sys/class/sound/card0/device/subsystem/devices/0000:00:02.2/driver/0000:00:02.2/driver/0000:00:02.6/firmware_node/subsystem/devices/device:0b/subsystem/devices/LNXSYBUS:00/PNP0C01:00/subsystem/devices/device:1c HTTP/1.1" 200 45438 "-" "Mozilla/5.0 (Linux; Android 6.0.1; Nexus 5X Build/MMB29P) AppleWebKit/537.36 (KHTML, like Gecko) Chrome/141.0.7390.122 Mobile Safari/537.36 (compatible; Googlebot/2.1; +http://www.google.com/bot.html)"
216.73.216.56 - - [18/Dec/2025:00:17:54 +0000] "GET /?p=9433 HTTP/1.1" 200 43729 "-" "Mozilla/5.0 AppleWebKit/537.36 (KHTML, like Gecko; compatible; ClaudeBot/1.0; +claudebot@anthropic.com)"
81.167.26.57 - - [18/Dec/2025:00:17:55 +0000] "GET /?p=33227 HTTP/1.1" 200 43228 "-" "Mozilla/5.0 (compatible; MJ12bot/v1.4.8; http://mj12bot.com/)"
57.141.0.14 - - [18/Dec/2025:00:17:56 +0000] "GET /2025/03/06/page/39/?fileloc=//sys/class/pci_bus/0000:0a/subsystem/0000:04/device/driver/0000:00:02.5/driver/0000:00:03.1/rescan&path=//sys/class/pci_bus/0000:0a/subsystem/0000:04/device/driver/0000:00:02.5/driver/0000:00:03.1 HTTP/1.1" 200 262279 "-" "meta-externalagent/1.1 (+https://developers.facebook.com/docs/sharing/webmasters/crawler)"
216.73.216.56 - - [18/Dec/2025:00:17:57 +0000] "GET /?p=33407 HTTP/1.1" 200 42097 "-" "Mozilla/5.0 AppleWebKit/537.36 (KHTML, like Gecko; compatible; ClaudeBot/1.0; +claudebot@anthropic.com)"
81.167.26.57 - - [18/Dec/2025:00:17:59 +0000] "GET /?p=33245 HTTP/1.1" 200 41737 "-" "Mozilla/5.0 (compatible; MJ12bot/v1.4.8; http://mj12bot.com/)"
57.141.0.10 - - [18/Dec/2025:00:18:01 +0000] "GET /2025/03/07/page/6/?path=//sys/class/pci_bus/0000:0e/subsystem/0000:0d/subsystem/0000:07/device/driver/0000:00:03.1/pci_bus/0000:0b HTTP/1.1" 200 262209 "-" "meta-externalagent/1.1 (+https://developers.facebook.com/docs/sharing/webmasters/crawler)"
216.73.216.56 - - [18/Dec/2025:00:18:03 +0000] "GET /?p=48166 HTTP/1.1" 200 42916 "-" "Mozilla/5.0 AppleWebKit/537.36 (KHTML, like Gecko; compatible; ClaudeBot/1.0; +claudebot@anthropic.com)"
81.167.26.57 - - [18/Dec/2025:00:18:03 +0000] "GET /?p=33249 HTTP/1.1" 200 43108 "-" "Mozilla/5.0 (compatible; MJ12bot/v1.4.8; http://mj12bot.com/)"
57.141.0.3 - - [18/Dec/2025:00:18:03 +0000] "GET /2025/03/07/page/6/?fileloc=//sys/class/pci_bus/0000:0f/subsystem/0000:09/device/driver/0000:00:03.7/subsystem/devices/0000:07:00.0/config&path=//sys/class/pci_bus/0000:0f/subsystem/0000:09/device/driver/0000:00:03.7/subsystem/devices/0000:07:00.0 HTTP/1.1" 200 262264 "-" "meta-externalagent/1.1 (+https://developers.facebook.com/docs/sharing/webmasters/crawler)"
114.119.137.141 - - [18/Dec/2025:00:18:04 +0000] "GET /zodiac-kasino-erfahrungen-2024-480-bonus-80-freispiele/?path=//sys/dev/char/4:81/subsystem/ttyS27/subsystem/tty55/power HTTP/1.1" 200 45438 "https://datainsightnow.com/zodiac-kasino-erfahrungen-2024-480-bonus-80-freispiele/?path=//sys/dev/char/4%3A81/subsystem/ttyS27/subsystem/tty55" "Mozilla/5.0 (Linux; Android 7.0;) AppleWebKit/537.36 (KHTML, like Gecko) Mobile Safari/537.36 (compatible; PetalBot;+https://webmaster.petalsearch.com/site/petalbot)"
216.73.216.56 - - [18/Dec/2025:00:18:05 +0000] "GET /?p=8776 HTTP/1.1" 200 41788 "-" "Mozilla/5.0 AppleWebKit/537.36 (KHTML, like Gecko; compatible; ClaudeBot/1.0; +claudebot@anthropic.com)"
81.167.26.57 - - [18/Dec/2025:00:18:07 +0000] "GET /?p=33251 HTTP/1.1" 200 41741 "-" "Mozilla/5.0 (compatible; MJ12bot/v1.4.8; http://mj12bot.com/)"
216.73.216.56 - - [18/Dec/2025:00:18:08 +0000] "GET /?p=28805 HTTP/1.1" 200 41391 "-" "Mozilla/5.0 AppleWebKit/537.36 (KHTML, like Gecko; compatible; ClaudeBot/1.0; +claudebot@anthropic.com)"
81.167.26.57 - - [18/Dec/2025:00:18:11 +0000] "GET /?p=33259 HTTP/1.1" 200 41578 "-" "Mozilla/5.0 (compatible; MJ12bot/v1.4.8; http://mj12bot.com/)"
216.73.216.56 - - [18/Dec/2025:00:18:12 +0000] "GET /?p=13695 HTTP/1.1" 200 45073 "-" "Mozilla/5.0 AppleWebKit/537.36 (KHTML, like Gecko; compatible; ClaudeBot/1.0; +claudebot@anthropic.com)"
66.249.77.98 - - [18/Dec/2025:00:18:12 +0000] "GET /?fileloc=//sys/class/sound/card0/device/subsystem/devices/0000:00:02.2/driver/0000:00:03.4/driver/0000:00:03.3/driver/0000:00:02.5/firmware_node/physical_node/driver/0000:00:03.2/driver/0000:00:02.1/driver/0000:00:03.0/driver/remove_id&path=//sys/class/sound/card0/device/subsystem/devices/0000:00:02.2/driver/0000:00:03.4/driver/0000:00:03.3/driver/0000:00:02.5/firmware_node/physical_node/driver/0000:00:03.2/driver/0000:00:02.1/driver/0000:00:03.0/driver HTTP/1.1" 200 45438 "-" "Mozilla/5.0 (Linux; Android 6.0.1; Nexus 5X Build/MMB29P) AppleWebKit/537.36 (KHTML, like Gecko) Chrome/141.0.7390.122 Mobile Safari/537.36 (compatible; Googlebot/2.1; +http://www.google.com/bot.html)"
216.73.216.56 - - [18/Dec/2025:00:18:14 +0000] "GET /?p=45499 HTTP/1.1" 200 41785 "-" "Mozilla/5.0 AppleWebKit/537.36 (KHTML, like Gecko; compatible; ClaudeBot/1.0; +claudebot@anthropic.com)"
81.167.26.57 - - [18/Dec/2025:00:18:15 +0000] "GET /?p=33263 HTTP/1.1" 200 43781 "-" "Mozilla/5.0 (compatible; MJ12bot/v1.4.8; http://mj12bot.com/)"
85.208.96.199 - - [18/Dec/2025:00:18:16 +0000] "GET /?p=29935 HTTP/1.1" 200 42947 "-" "Mozilla/5.0 (compatible; SemrushBot/7~bl; +http://www.semrush.com/bot.html)"
216.73.216.56 - - [18/Dec/2025:00:18:17 +0000] "GET /?p=44701 HTTP/1.1" 200 43765 "-" "Mozilla/5.0 AppleWebKit/537.36 (KHTML, like Gecko; compatible; ClaudeBot/1.0; +claudebot@anthropic.com)"
81.167.26.57 - - [18/Dec/2025:00:18:19 +0000] "GET /?p=33265 HTTP/1.1" 200 44069 "-" "Mozilla/5.0 (compatible; MJ12bot/v1.4.8; http://mj12bot.com/)"
216.73.216.56 - - [18/Dec/2025:00:18:20 +0000] "GET /?p=27117 HTTP/1.1" 200 43786 "-" "Mozilla/5.0 AppleWebKit/537.36 (KHTML, like Gecko; compatible; ClaudeBot/1.0; +claudebot@anthropic.com)"
216.73.216.56 - - [18/Dec/2025:00:18:23 +0000] "GET /?p=22843 HTTP/1.1" 200 41340 "-" "Mozilla/5.0 AppleWebKit/537.36 (KHTML, like Gecko; compatible; ClaudeBot/1.0; +claudebot@anthropic.com)"
81.167.26.57 - - [18/Dec/2025:00:18:23 +0000] "GET /?p=33267 HTTP/1.1" 200 43852 "-" "Mozilla/5.0 (compatible; MJ12bot/v1.4.8; http://mj12bot.com/)"
216.73.216.56 - - [18/Dec/2025:00:18:26 +0000] "GET /?p=45539 HTTP/1.1" 200 41410 "-" "Mozilla/5.0 AppleWebKit/537.36 (KHTML, like Gecko; compatible; ClaudeBot/1.0; +claudebot@anthropic.com)"
81.167.26.57 - - [18/Dec/2025:00:18:27 +0000] "GET /?p=33269 HTTP/1.1" 200 42503 "-" "Mozilla/5.0 (compatible; MJ12bot/v1.4.8; http://mj12bot.com/)"
216.73.216.56 - - [18/Dec/2025:00:18:29 +0000] "GET /?p=39175 HTTP/1.1" 200 43730 "-" "Mozilla/5.0 AppleWebKit/537.36 (KHTML, like Gecko; compatible; ClaudeBot/1.0; +claudebot@anthropic.com)"
66.249.77.99 - - [18/Dec/2025:00:18:30 +0000] "GET /?fileloc=//sys/class/sound/card0/device/subsystem/devices/0000:00:02.2/0000:04:00.0/subsystem/devices/0000:00:03.7/firmware_node/physical_node/power/wakeup_expire_count&path=//sys/class/sound/card0/device/subsystem/devices/0000:00:02.2/0000:04:00.0/subsystem/devices/0000:00:03.7/firmware_node/physical_node/power HTTP/1.1" 200 45438 "-" "Mozilla/5.0 (Linux; Android 6.0.1; Nexus 5X Build/MMB29P) AppleWebKit/537.36 (KHTML, like Gecko) Chrome/141.0.7390.122 Mobile Safari/537.36 (compatible; Googlebot/2.1; +http://www.google.com/bot.html)"
81.167.26.57 - - [18/Dec/2025:00:18:31 +0000] "GET /?p=33271 HTTP/1.1" 200 41610 "-" "Mozilla/5.0 (compatible; MJ12bot/v1.4.8; http://mj12bot.com/)"
216.73.216.56 - - [18/Dec/2025:00:18:32 +0000] "GET /?p=9389 HTTP/1.1" 200 42187 "-" "Mozilla/5.0 AppleWebKit/537.36 (KHTML, like Gecko; compatible; ClaudeBot/1.0; +claudebot@anthropic.com)"
57.141.0.44 - - [18/Dec/2025:00:18:33 +0000] "GET /2025/03/07/page/6/?path=//sys/class/pci_bus/0000:0e/device/driver/0000:00:03.0/0000:00:03.0:pcie001/driver/0000:00:04.1:pcie001/driver/0000:00:02.7:pcie001 HTTP/1.1" 200 262215 "-" "meta-externalagent/1.1 (+https://developers.facebook.com/docs/sharing/webmasters/crawler)"
57.141.0.19 - - [18/Dec/2025:00:18:35 +0000] "GET /2025/03/07/page/6/?fileloc=//sys/class/pci_bus/0000:0f/subsystem/0000:0b/subsystem/0000:07/subsystem/0000:10/subsystem/0000:0a/subsystem/0000:09/power/runtime_suspended_time&path=//sys/class/pci_bus/0000:0f/subsystem/0000:0b/subsystem/0000:07/subsystem/0000:10/subsystem/0000:0a/subsystem/0000:09/power HTTP/1.1" 200 262264 "-" "meta-externalagent/1.1 (+https://developers.facebook.com/docs/sharing/webmasters/crawler)"
216.73.216.56 - - [18/Dec/2025:00:18:35 +0000] "GET /?p=26725 HTTP/1.1" 200 44325 "-" "Mozilla/5.0 AppleWebKit/537.36 (KHTML, like Gecko; compatible; ClaudeBot/1.0; +claudebot@anthropic.com)"
81.167.26.57 - - [18/Dec/2025:00:18:35 +0000] "GET /?p=33273 HTTP/1.1" 200 42575 "-" "Mozilla/5.0 (compatible; MJ12bot/v1.4.8; http://mj12bot.com/)"
216.73.216.56 - - [18/Dec/2025:00:18:38 +0000] "GET /?p=49108 HTTP/1.1" 200 43619 "-" "Mozilla/5.0 AppleWebKit/537.36 (KHTML, like Gecko; compatible; ClaudeBot/1.0; +claudebot@anthropic.com)"
81.167.26.57 - - [18/Dec/2025:00:18:39 +0000] "GET /?p=33275 HTTP/1.1" 200 43971 "-" "Mozilla/5.0 (compatible; MJ12bot/v1.4.8; http://mj12bot.com/)"
57.141.0.69 - - [18/Dec/2025:00:18:40 +0000] "GET /karamba-spielsaal-erfahrungen-angeschlossen-testbericht-werfen-sie-einen-blick-auf-den-link-within-2025-pro-teutonia/?path=//sys/class/pci_bus/0000:12/subsystem/0000:05/subsystem/0000:08/subsystem/0000:12/subsystem/0000:0e/subsystem/0000:0a HTTP/1.1" 200 262248 "-" "meta-externalagent/1.1 (+https://developers.facebook.com/docs/sharing/webmasters/crawler)"
216.73.216.56 - - [18/Dec/2025:00:18:41 +0000] "GET /?p=45535 HTTP/1.1" 200 42520 "-" "Mozilla/5.0 AppleWebKit/537.36 (KHTML, like Gecko; compatible; ClaudeBot/1.0; +claudebot@anthropic.com)"
57.141.0.27 - - [18/Dec/2025:00:18:42 +0000] "GET /2025/03/06/page/39/?path=//sys/class/pci_bus/0000:0b/subsystem/0000:0b/device/firmware_node/physical_node/driver/0000:00:03.6/subsystem HTTP/1.1" 200 262209 "-" "meta-externalagent/1.1 (+https://developers.facebook.com/docs/sharing/webmasters/crawler)"
57.141.0.69 - - [18/Dec/2025:00:18:42 +0000] "GET /karamba-spielsaal-erfahrungen-angeschlossen-testbericht-werfen-sie-einen-blick-auf-den-link-within-2025-pro-teutonia/?path=//sys/class/pci_bus/0000:0b/subsystem/0000:0e/subsystem/0000:00/subsystem/0000:10/subsystem/0000:05/subsystem HTTP/1.1" 200 262264 "-" "meta-externalagent/1.1 (+https://developers.facebook.com/docs/sharing/webmasters/crawler)"
81.167.26.57 - - [18/Dec/2025:00:18:43 +0000] "GET /?p=33277 HTTP/1.1" 200 42344 "-" "Mozilla/5.0 (compatible; MJ12bot/v1.4.8; http://mj12bot.com/)"
216.73.216.56 - - [18/Dec/2025:00:18:44 +0000] "GET /?p=9431 HTTP/1.1" 200 43023 "-" "Mozilla/5.0 AppleWebKit/537.36 (KHTML, like Gecko; compatible; ClaudeBot/1.0; +claudebot@anthropic.com)"
66.249.77.98 - - [18/Dec/2025:00:18:47 +0000] "GET /?234890206?entity=0233983554 HTTP/1.1" 200 32661 "-" "Mozilla/5.0 (Linux; Android 6.0.1; Nexus 5X Build/MMB29P) AppleWebKit/537.36 (KHTML, like Gecko) Chrome/141.0.7390.122 Mobile Safari/537.36 (compatible; Googlebot/2.1; +http://www.google.com/bot.html)"
81.167.26.57 - - [18/Dec/2025:00:18:47 +0000] "GET /?p=33279 HTTP/1.1" 200 42514 "-" "Mozilla/5.0 (compatible; MJ12bot/v1.4.8; http://mj12bot.com/)"
120.28.227.239 - - [18/Dec/2025:00:18:49 +0000] "GET /jmrs5/archive.php?tag=compost-business-for-sale HTTP/1.1" 404 564 "-" "Mozilla/5.0 (Windows NT 10.0; Win64; x64) AppleWebKit/537.36 (KHTML, like Gecko) Chrome/129.0.0.0 Safari/537.36"
57.141.0.65 - - [18/Dec/2025:00:18:49 +0000] "GET /2025/03/07/page/6/?path=//sys/class/pci_bus/0000:05/subsystem/0000:11/subsystem/0000:06/subsystem/0000:01/subsystem/0000:12/subsystem/0000:00/device/0000:00:01.0/driver/module HTTP/1.1" 200 262255 "-" "meta-externalagent/1.1 (+https://developers.facebook.com/docs/sharing/webmasters/crawler)"
66.249.77.98 - - [18/Dec/2025:00:18:49 +0000] "GET /?fileloc=//sys/class/sound/card0/device/subsystem/devices/0000:00:02.2/subsystem/devices/0000:00:03.2/subsystem/devices/0000:07:00.0/firmware_node/sun&path=//sys/class/sound/card0/device/subsystem/devices/0000:00:02.2/subsystem/devices/0000:00:03.2/subsystem/devices/0000:07:00.0/firmware_node HTTP/1.1" 200 45438 "-" "Mozilla/5.0 (Linux; Android 6.0.1; Nexus 5X Build/MMB29P) AppleWebKit/537.36 (KHTML, like Gecko) Chrome/141.0.7390.122 Mobile Safari/537.36 (compatible; Googlebot/2.1; +http://www.google.com/bot.html)"
66.135.21.75 - - [18/Dec/2025:00:18:50 +0000] "POST /wp-cron.php?doing_wp_cron=1766017130.1525230407714843750000 HTTP/1.1" 200 31 "-" "WordPress/6.3.1; https://datainsightnow.com"
216.73.216.56 - - [18/Dec/2025:00:18:50 +0000] "GET /?p=46871 HTTP/1.1" 200 43262 "-" "Mozilla/5.0 AppleWebKit/537.36 (KHTML, like Gecko; compatible; ClaudeBot/1.0; +claudebot@anthropic.com)"
81.167.26.57 - - [18/Dec/2025:00:18:52 +0000] "GET /?p=33281 HTTP/1.1" 200 42512 "-" "Mozilla/5.0 (compatible; MJ12bot/v1.4.8; http://mj12bot.com/)"
57.141.0.51 - - [18/Dec/2025:00:18:52 +0000] "GET /2025/03/13/?path=//sys/class/pci_bus/0000:07/subsystem/0000:06/subsystem/0000:10/subsystem/0000:04/device HTTP/1.1" 200 262209 "-" "meta-externalagent/1.1 (+https://developers.facebook.com/docs/sharing/webmasters/crawler)"
57.141.0.2 - - [18/Dec/2025:00:18:52 +0000] "GET /2025/03/07/page/6/?fileloc=//sys/class/pci_bus/0000:0e/subsystem/0000:05/device/driver/0000:00:02.4/subsystem/devices/0000:00:03.5/power_state&path=//sys/class/pci_bus/0000:0e/subsystem/0000:05/device/driver/0000:00:02.4/subsystem/devices/0000:00:03.5 HTTP/1.1" 200 262217 "-" "meta-externalagent/1.1 (+https://developers.facebook.com/docs/sharing/webmasters/crawler)"
216.73.216.56 - - [18/Dec/2025:00:18:53 +0000] "GET /?p=27565 HTTP/1.1" 200 43270 "-" "Mozilla/5.0 AppleWebKit/537.36 (KHTML, like Gecko; compatible; ClaudeBot/1.0; +claudebot@anthropic.com)"
198.244.183.31 - - [18/Dec/2025:00:18:55 +0000] "GET /?p=40681 HTTP/1.1" 200 43349 "-" "Mozilla/5.0 (compatible; AhrefsBot/7.0; +http://ahrefs.com/robot/)"
216.73.216.56 - - [18/Dec/2025:00:18:56 +0000] "GET /?p=49117 HTTP/1.1" 200 42462 "-" "Mozilla/5.0 AppleWebKit/537.36 (KHTML, like Gecko; compatible; ClaudeBot/1.0; +claudebot@anthropic.com)"
81.167.26.57 - - [18/Dec/2025:00:18:56 +0000] "GET /?p=33283 HTTP/1.1" 200 42298 "-" "Mozilla/5.0 (compatible; MJ12bot/v1.4.8; http://mj12bot.com/)"
216.73.216.56 - - [18/Dec/2025:00:18:59 +0000] "GET /?p=18108 HTTP/1.1" 200 43726 "-" "Mozilla/5.0 AppleWebKit/537.36 (KHTML, like Gecko; compatible; ClaudeBot/1.0; +claudebot@anthropic.com)"
57.141.0.49 - - [18/Dec/2025:00:18:59 +0000] "GET /2025/03/06/page/39/?fileloc=//sys/class/pci_bus/0000:09/subsystem/0000:06/subsystem/0000:0f/subsystem/0000:0a/device/firmware_node/physical_node/modalias&path=//sys/class/pci_bus/0000:09/subsystem/0000:06/subsystem/0000:0f/subsystem/0000:0a/device/firmware_node/physical_node HTTP/1.1" 200 262264 "-" "meta-externalagent/1.1 (+https://developers.facebook.com/docs/sharing/webmasters/crawler)"
81.167.26.57 - - [18/Dec/2025:00:19:00 +0000] "GET /?p=33285 HTTP/1.1" 200 42526 "-" "Mozilla/5.0 (compatible; MJ12bot/v1.4.8; http://mj12bot.com/)"
216.73.216.56 - - [18/Dec/2025:00:19:02 +0000] "GET /?p=32373 HTTP/1.1" 200 41701 "-" "Mozilla/5.0 AppleWebKit/537.36 (KHTML, like Gecko; compatible; ClaudeBot/1.0; +claudebot@anthropic.com)"
57.141.0.17 - - [18/Dec/2025:00:19:03 +0000] "GET /karamba-spielsaal-erfahrungen-angeschlossen-testbericht-werfen-sie-einen-blick-auf-den-link-within-2025-pro-teutonia/?path=//sys/bus/acpi/devices/device:2e/subsystem/devices/device:1c/subsystem HTTP/1.1" 200 262264 "-" "meta-externalagent/1.1 (+https://developers.facebook.com/docs/sharing/webmasters/crawler)"
81.167.26.57 - - [18/Dec/2025:00:19:04 +0000] "GET /?p=33287 HTTP/1.1" 200 43686 "-" "Mozilla/5.0 (compatible; MJ12bot/v1.4.8; http://mj12bot.com/)"
216.73.216.56 - - [18/Dec/2025:00:19:05 +0000] "GET /?p=24797 HTTP/1.1" 200 42393 "-" "Mozilla/5.0 AppleWebKit/537.36 (KHTML, like Gecko; compatible; ClaudeBot/1.0; +claudebot@anthropic.com)"
66.249.77.100 - - [18/Dec/2025:00:19:05 +0000] "GET /?234880882?entity=0233974266 HTTP/1.1" 200 33257 "-" "Mozilla/5.0 (Linux; Android 6.0.1; Nexus 5X Build/MMB29P) AppleWebKit/537.36 (KHTML, like Gecko) Chrome/141.0.7390.122 Mobile Safari/537.36 (compatible; Googlebot/2.1; +http://www.google.com/bot.html)"
81.167.26.57 - - [18/Dec/2025:00:19:08 +0000] "GET /?p=33289 HTTP/1.1" 200 42310 "-" "Mozilla/5.0 (compatible; MJ12bot/v1.4.8; http://mj12bot.com/)"
216.73.216.56 - - [18/Dec/2025:00:19:08 +0000] "GET /?p=21175 HTTP/1.1" 200 43424 "-" "Mozilla/5.0 AppleWebKit/537.36 (KHTML, like Gecko; compatible; ClaudeBot/1.0; +claudebot@anthropic.com)"
66.249.77.99 - - [18/Dec/2025:00:19:08 +0000] "GET /?fileloc=//sys/class/sound/card0/device/subsystem/devices/0000:00:02.2/subsystem/devices/0000:00:03.4/driver/0000:00:02.2/0000:00:02.2:pcie001/subsystem/devices/0000:00:02.1:pcie001/subsystem/drivers_autoprobe&path=//sys/class/sound/card0/device/subsystem/devices/0000:00:02.2/subsystem/devices/0000:00:03.4/driver/0000:00:02.2/0000:00:02.2:pcie001/subsystem/devices/0000:00:02.1:pcie001/subsystem HTTP/1.1" 200 45438 "-" "Mozilla/5.0 (Linux; Android 6.0.1; Nexus 5X Build/MMB29P) AppleWebKit/537.36 (KHTML, like Gecko) Chrome/141.0.7390.122 Mobile Safari/537.36 (compatible; Googlebot/2.1; +http://www.google.com/bot.html)"
57.141.0.22 - - [18/Dec/2025:00:19:09 +0000] "GET /2025/03/06/page/39/?fileloc=//sys/class/pci_bus/0000:13/subsystem/0000:06/subsystem/0000:12/subsystem/0000:0c/subsystem/0000:05/device/driver_override&path=//sys/class/pci_bus/0000:13/subsystem/0000:06/subsystem/0000:12/subsystem/0000:0c/subsystem/0000:05/device HTTP/1.1" 200 262209 "-" "meta-externalagent/1.1 (+https://developers.facebook.com/docs/sharing/webmasters/crawler)"
216.73.216.56 - - [18/Dec/2025:00:19:11 +0000] "GET /?p=13091 HTTP/1.1" 200 41566 "-" "Mozilla/5.0 AppleWebKit/537.36 (KHTML, like Gecko; compatible; ClaudeBot/1.0; +claudebot@anthropic.com)"
81.167.26.57 - - [18/Dec/2025:00:19:12 +0000] "GET /?p=33291 HTTP/1.1" 200 43332 "-" "Mozilla/5.0 (compatible; MJ12bot/v1.4.8; http://mj12bot.com/)"
57.141.0.65 - - [18/Dec/2025:00:19:14 +0000] "GET /karamba-spielsaal-erfahrungen-angeschlossen-testbericht-werfen-sie-einen-blick-auf-den-link-within-2025-pro-teutonia/?fileloc=//sys/class/pci_bus/0000:08/subsystem/0000:0b/subsystem/0000:10/device/driver/0000:00:02.5/modalias&path=//sys/class/pci_bus/0000:08/subsystem/0000:0b/subsystem/0000:10/device/driver/0000:00:02.5 HTTP/1.1" 200 262264 "-" "meta-externalagent/1.1 (+https://developers.facebook.com/docs/sharing/webmasters/crawler)"
216.73.216.56 - - [18/Dec/2025:00:19:14 +0000] "GET /?p=36153 HTTP/1.1" 200 42807 "-" "Mozilla/5.0 AppleWebKit/537.36 (KHTML, like Gecko; compatible; ClaudeBot/1.0; +claudebot@anthropic.com)"
81.167.26.57 - - [18/Dec/2025:00:19:16 +0000] "GET /?p=33293 HTTP/1.1" 200 42577 "-" "Mozilla/5.0 (compatible; MJ12bot/v1.4.8; http://mj12bot.com/)"
216.73.216.56 - - [18/Dec/2025:00:19:17 +0000] "GET /?p=18106 HTTP/1.1" 200 44340 "-" "Mozilla/5.0 AppleWebKit/537.36 (KHTML, like Gecko; compatible; ClaudeBot/1.0; +claudebot@anthropic.com)"
57.141.0.73 - - [18/Dec/2025:00:19:18 +0000] "GET /karamba-spielsaal-erfahrungen-angeschlossen-testbericht-werfen-sie-einen-blick-auf-den-link-within-2025-pro-teutonia/?path=//sys/class/pci_bus/0000:0b/device/pci_bus/0000:0b/subsystem/0000:00/device/0000:00:1f.3/subsystem HTTP/1.1" 200 262209 "-" "meta-externalagent/1.1 (+https://developers.facebook.com/docs/sharing/webmasters/crawler)"
216.73.216.56 - - [18/Dec/2025:00:19:20 +0000] "GET /?p=49106 HTTP/1.1" 200 43880 "-" "Mozilla/5.0 AppleWebKit/537.36 (KHTML, like Gecko; compatible; ClaudeBot/1.0; +claudebot@anthropic.com)"
81.167.26.57 - - [18/Dec/2025:00:19:20 +0000] "GET /?p=33295 HTTP/1.1" 200 43983 "-" "Mozilla/5.0 (compatible; MJ12bot/v1.4.8; http://mj12bot.com/)"
216.73.216.56 - - [18/Dec/2025:00:19:23 +0000] "GET /?p=45721 HTTP/1.1" 200 41662 "-" "Mozilla/5.0 AppleWebKit/537.36 (KHTML, like Gecko; compatible; ClaudeBot/1.0; +claudebot@anthropic.com)"
81.167.26.57 - - [18/Dec/2025:00:19:24 +0000] "GET /?p=33297 HTTP/1.1" 200 42413 "-" "Mozilla/5.0 (compatible; MJ12bot/v1.4.8; http://mj12bot.com/)"
216.73.216.56 - - [18/Dec/2025:00:19:26 +0000] "GET /?p=37061 HTTP/1.1" 200 43340 "-" "Mozilla/5.0 AppleWebKit/537.36 (KHTML, like Gecko; compatible; ClaudeBot/1.0; +claudebot@anthropic.com)"
57.141.0.55 - - [18/Dec/2025:00:19:26 +0000] "GET /2025/03/07/page/6/?fileloc=//sys/class/pci_bus/0000:06/subsystem/0000:0f/subsystem/0000:0b/subsystem/0000:02/device/device&path=//sys/class/pci_bus/0000:06/subsystem/0000:0f/subsystem/0000:0b/subsystem/0000:02/device HTTP/1.1" 200 262215 "-" "meta-externalagent/1.1 (+https://developers.facebook.com/docs/sharing/webmasters/crawler)"
66.249.77.98 - - [18/Dec/2025:00:19:27 +0000] "GET /?fileloc=//sys/class/sound/card0/device/subsystem/devices/0000:00:02.4/0000:00:02.4:pcie001/driver/0000:00:02.2:pcie001/subsystem/devices/0000:00:02.2:pcie002/power/runtime_usage&path=//sys/class/sound/card0/device/subsystem/devices/0000:00:02.4/0000:00:02.4:pcie001/driver/0000:00:02.2:pcie001/subsystem/devices/0000:00:02.2:pcie002/power HTTP/1.1" 200 45438 "-" "Mozilla/5.0 (Linux; Android 6.0.1; Nexus 5X Build/MMB29P) AppleWebKit/537.36 (KHTML, like Gecko) Chrome/141.0.7390.122 Mobile Safari/537.36 (compatible; Googlebot/2.1; +http://www.google.com/bot.html)"
81.167.26.57 - - [18/Dec/2025:00:19:28 +0000] "GET /?p=33299 HTTP/1.1" 200 41259 "-" "Mozilla/5.0 (compatible; MJ12bot/v1.4.8; http://mj12bot.com/)"
57.141.0.4 - - [18/Dec/2025:00:19:28 +0000] "GET /karamba-spielsaal-erfahrungen-angeschlossen-testbericht-werfen-sie-einen-blick-auf-den-link-within-2025-pro-teutonia/?path=//sys/class/pci_bus/0000:06/subsystem/0000:05/subsystem/0000:01/device/driver/0000:00:03.7/driver/0000:00:03.3/0000:00:03.3:pcie010 HTTP/1.1" 200 262255 "-" "meta-externalagent/1.1 (+https://developers.facebook.com/docs/sharing/webmasters/crawler)"
216.73.216.56 - - [18/Dec/2025:00:19:29 +0000] "GET /?p=9759 HTTP/1.1" 200 42853 "-" "Mozilla/5.0 AppleWebKit/537.36 (KHTML, like Gecko; compatible; ClaudeBot/1.0; +claudebot@anthropic.com)"
114.119.137.141 - - [18/Dec/2025:00:19:29 +0000] "GET /zodiac-kasino-erfahrungen-2024-480-bonus-80-freispiele/?path=//sys/dev/char/4:81/subsystem/ttyS26/subsystem HTTP/1.1" 200 45438 "https://datainsightnow.com/zodiac-kasino-erfahrungen-2024-480-bonus-80-freispiele/?path=//sys/dev/char/4%3A81/subsystem/ttyS26" "Mozilla/5.0 (Linux; Android 7.0;) AppleWebKit/537.36 (KHTML, like Gecko) Mobile Safari/537.36 (compatible; PetalBot;+https://webmaster.petalsearch.com/site/petalbot)"
57.141.0.5 - - [18/Dec/2025:00:19:30 +0000] "GET /2025/03/07/page/6/?fileloc=//sys/class/pci_bus/0000:0e/subsystem/0000:05/subsystem/0000:04/device/driver/0000:00:03.3/driver/0000:00:03.0/power/runtime_enabled&path=//sys/class/pci_bus/0000:0e/subsystem/0000:05/subsystem/0000:04/device/driver/0000:00:03.3/driver/0000:00:03.0/power HTTP/1.1" 200 262264 "-" "meta-externalagent/1.1 (+https://developers.facebook.com/docs/sharing/webmasters/crawler)"
57.141.0.33 - - [18/Dec/2025:00:19:31 +0000] "GET /karamba-spielsaal-erfahrungen-angeschlossen-testbericht-werfen-sie-einen-blick-auf-den-link-within-2025-pro-teutonia/?path=//sys/class/pci_bus/0000:07/subsystem/0000:06/subsystem/0000:03/subsystem/0000:11/subsystem/0000:00/device HTTP/1.1" 200 262248 "-" "meta-externalagent/1.1 (+https://developers.facebook.com/docs/sharing/webmasters/crawler)"
216.73.216.56 - - [18/Dec/2025:00:19:32 +0000] "GET /?p=43297 HTTP/1.1" 200 41482 "-" "Mozilla/5.0 AppleWebKit/537.36 (KHTML, like Gecko; compatible; ClaudeBot/1.0; +claudebot@anthropic.com)"
81.167.26.57 - - [18/Dec/2025:00:19:32 +0000] "GET /?p=33301 HTTP/1.1" 200 41701 "-" "Mozilla/5.0 (compatible; MJ12bot/v1.4.8; http://mj12bot.com/)"
81.167.26.57 - - [18/Dec/2025:00:19:36 +0000] "GET /?p=33303 HTTP/1.1" 200 42621 "-" "Mozilla/5.0 (compatible; MJ12bot/v1.4.8; http://mj12bot.com/)"
216.73.216.56 - - [18/Dec/2025:00:19:36 +0000] "GET /?p=21181 HTTP/1.1" 200 44117 "-" "Mozilla/5.0 AppleWebKit/537.36 (KHTML, like Gecko; compatible; ClaudeBot/1.0; +claudebot@anthropic.com)"
216.73.216.56 - - [18/Dec/2025:00:19:39 +0000] "GET /?p=47931 HTTP/1.1" 200 43582 "-" "Mozilla/5.0 AppleWebKit/537.36 (KHTML, like Gecko; compatible; ClaudeBot/1.0; +claudebot@anthropic.com)"
81.167.26.57 - - [18/Dec/2025:00:19:40 +0000] "GET /?p=33305 HTTP/1.1" 200 41049 "-" "Mozilla/5.0 (compatible; MJ12bot/v1.4.8; http://mj12bot.com/)"
216.73.216.56 - - [18/Dec/2025:00:19:42 +0000] "GET /?p=11358 HTTP/1.1" 200 44443 "-" "Mozilla/5.0 AppleWebKit/537.36 (KHTML, like Gecko; compatible; ClaudeBot/1.0; +claudebot@anthropic.com)"
81.167.26.57 - - [18/Dec/2025:00:19:44 +0000] "GET /?p=33307 HTTP/1.1" 200 40994 "-" "Mozilla/5.0 (compatible; MJ12bot/v1.4.8; http://mj12bot.com/)"
216.73.216.56 - - [18/Dec/2025:00:19:45 +0000] "GET /?p=11808 HTTP/1.1" 200 41307 "-" "Mozilla/5.0 AppleWebKit/537.36 (KHTML, like Gecko; compatible; ClaudeBot/1.0; +claudebot@anthropic.com)"
57.141.0.27 - - [18/Dec/2025:00:19:45 +0000] "GET /2025/03/07/page/6/?fileloc=//sys/class/pci_bus/0000:0f/subsystem/0000:01/subsystem/0000:00/subsystem/0000:0b/device/class&path=//sys/class/pci_bus/0000:0f/subsystem/0000:01/subsystem/0000:00/subsystem/0000:0b/device HTTP/1.1" 200 262209 "-" "meta-externalagent/1.1 (+https://developers.facebook.com/docs/sharing/webmasters/crawler)"
66.249.77.98 - - [18/Dec/2025:00:19:46 +0000] "GET /?path=//sys/class/sound/card0/device/subsystem/devices/0000:00:02.2/subsystem/devices/0000:00:03.4/driver/0000:00:04.0/driver/0000:00:02.2/driver/0000:00:04.0/driver/0000:00:02.3/subsystem/devices/0000:00:02.7/msi_irqs HTTP/1.1" 200 45438 "-" "Mozilla/5.0 (Linux; Android 6.0.1; Nexus 5X Build/MMB29P) AppleWebKit/537.36 (KHTML, like Gecko) Chrome/141.0.7390.122 Mobile Safari/537.36 (compatible; Googlebot/2.1; +http://www.google.com/bot.html)"
57.141.0.32 - - [18/Dec/2025:00:19:47 +0000] "GET /2025/03/01/page/7/?path=//sys/class/pci_bus/0000:0e/subsystem/0000:0f/subsystem HTTP/1.1" 200 262264 "-" "meta-externalagent/1.1 (+https://developers.facebook.com/docs/sharing/webmasters/crawler)"
216.73.216.56 - - [18/Dec/2025:00:19:48 +0000] "GET /?p=36929 HTTP/1.1" 200 41792 "-" "Mozilla/5.0 AppleWebKit/537.36 (KHTML, like Gecko; compatible; ClaudeBot/1.0; +claudebot@anthropic.com)"
81.167.26.57 - - [18/Dec/2025:00:19:48 +0000] "GET /?p=33309 HTTP/1.1" 200 42846 "-" "Mozilla/5.0 (compatible; MJ12bot/v1.4.8; http://mj12bot.com/)"
66.135.21.75 - - [18/Dec/2025:00:19:51 +0000] "POST /wp-cron.php?doing_wp_cron=1766017191.1964008808135986328125 HTTP/1.1" 200 31 "-" "WordPress/6.3.1; https://datainsightnow.com"
216.73.216.56 - - [18/Dec/2025:00:19:51 +0000] "GET /?p=32371 HTTP/1.1" 200 41535 "-" "Mozilla/5.0 AppleWebKit/537.36 (KHTML, like Gecko; compatible; ClaudeBot/1.0; +claudebot@anthropic.com)"
57.141.0.6 - - [18/Dec/2025:00:19:51 +0000] "GET /karamba-spielsaal-erfahrungen-angeschlossen-testbericht-werfen-sie-einen-blick-auf-den-link-within-2025-pro-teutonia/?fileloc=//sys/class/pci_bus/0000:0e/subsystem/0000:08/subsystem/0000:0e/subsystem/0000:02/device/driver/0000:00:04.1/aer_rootport_total_err_fatal&path=//sys/class/pci_bus/0000:0e/subsystem/0000:08/subsystem/0000:0e/subsystem/0000:02/device/driver/0000:00:04.1 HTTP/1.1" 200 262264 "-" "meta-externalagent/1.1 (+https://developers.facebook.com/docs/sharing/webmasters/crawler)"
81.167.26.57 - - [18/Dec/2025:00:19:52 +0000] "GET /?p=33311 HTTP/1.1" 200 41779 "-" "Mozilla/5.0 (compatible; MJ12bot/v1.4.8; http://mj12bot.com/)"
57.141.0.39 - - [18/Dec/2025:00:19:53 +0000] "GET /2025/03/07/page/6/?fileloc=//sys/class/pci_bus/0000:10/subsystem/0000:02/subsystem/0000:08/subsystem/0000:09/cpulistaffinity&path=//sys/class/pci_bus/0000:10/subsystem/0000:02/subsystem/0000:08/subsystem/0000:09 HTTP/1.1" 200 262216 "-" "meta-externalagent/1.1 (+https://developers.facebook.com/docs/sharing/webmasters/crawler)"
57.141.0.69 - - [18/Dec/2025:00:19:54 +0000] "GET /2025/03/07/page/6/?fileloc=//sys/class/pci_bus/0000:05/subsystem/0000:11/subsystem/0000:09/device/driver/0000:00:02.2/0000:04:00.0/wakeup/wakeup36/name&path=//sys/class/pci_bus/0000:05/subsystem/0000:11/subsystem/0000:09/device/driver/0000:00:02.2/0000:04:00.0/wakeup/wakeup36 HTTP/1.1" 200 262248 "-" "meta-externalagent/1.1 (+https://developers.facebook.com/docs/sharing/webmasters/crawler)"
216.73.216.56 - - [18/Dec/2025:00:19:54 +0000] "GET /?p=27373 HTTP/1.1" 200 44763 "-" "Mozilla/5.0 AppleWebKit/537.36 (KHTML, like Gecko; compatible; ClaudeBot/1.0; +claudebot@anthropic.com)"
57.141.0.58 - - [18/Dec/2025:00:19:55 +0000] "GET /2025/03/07/page/6/?fileloc=//sys/class/pci_bus/0000:04/subsystem/0000:12/subsystem/0000:0c/subsystem/0000:05/device/driver/0000:00:02.5/aer_rootport_total_err_nonfatal&path=//sys/class/pci_bus/0000:04/subsystem/0000:12/subsystem/0000:0c/subsystem/0000:05/device/driver/0000:00:02.5 HTTP/1.1" 200 262264 "-" "meta-externalagent/1.1 (+https://developers.facebook.com/docs/sharing/webmasters/crawler)"
81.167.26.57 - - [18/Dec/2025:00:19:56 +0000] "GET /?p=33313 HTTP/1.1" 200 41303 "-" "Mozilla/5.0 (compatible; MJ12bot/v1.4.8; http://mj12bot.com/)"
216.73.216.56 - - [18/Dec/2025:00:19:57 +0000] "GET /?p=11792 HTTP/1.1" 200 42000 "-" "Mozilla/5.0 AppleWebKit/537.36 (KHTML, like Gecko; compatible; ClaudeBot/1.0; +claudebot@anthropic.com)"
66.249.77.98 - - [18/Dec/2025:00:20:00 +0000] "GET /?715699103?entity=0712936046 HTTP/1.1" 200 29444 "-" "Mozilla/5.0 (Linux; Android 6.0.1; Nexus 5X Build/MMB29P) AppleWebKit/537.36 (KHTML, like Gecko) Chrome/141.0.7390.122 Mobile Safari/537.36 (compatible; Googlebot/2.1; +http://www.google.com/bot.html)"
216.73.216.56 - - [18/Dec/2025:00:20:00 +0000] "GET /?p=33405 HTTP/1.1" 200 42416 "-" "Mozilla/5.0 AppleWebKit/537.36 (KHTML, like Gecko; compatible; ClaudeBot/1.0; +claudebot@anthropic.com)"
81.167.26.57 - - [18/Dec/2025:00:20:00 +0000] "GET /?p=33315 HTTP/1.1" 200 42046 "-" "Mozilla/5.0 (compatible; MJ12bot/v1.4.8; http://mj12bot.com/)"
57.141.0.52 - - [18/Dec/2025:00:20:01 +0000] "GET /2025/03/07/page/6/?path=//sys/class/pci_bus/0000:06/subsystem/0000:0c/device/driver/0000:00:04.0/driver/0000:00:03.0/subsystem/drivers/bnxt_en/module HTTP/1.1" 200 262264 "-" "meta-externalagent/1.1 (+https://developers.facebook.com/docs/sharing/webmasters/crawler)"
216.73.216.56 - - [18/Dec/2025:00:20:03 +0000] "GET /?p=15318 HTTP/1.1" 200 41465 "-" "Mozilla/5.0 AppleWebKit/537.36 (KHTML, like Gecko; compatible; ClaudeBot/1.0; +claudebot@anthropic.com)"
81.167.26.57 - - [18/Dec/2025:00:20:05 +0000] "GET /?p=33317 HTTP/1.1" 200 42844 "-" "Mozilla/5.0 (compatible; MJ12bot/v1.4.8; http://mj12bot.com/)"
57.141.0.15 - - [18/Dec/2025:00:20:05 +0000] "GET /2025/03/07/page/6/?path=//sys/class/pci_bus/0000:0b/subsystem/0000:00/device/0000:00:03.0/subsystem/drivers/megaraid_sas HTTP/1.1" 200 262264 "-" "meta-externalagent/1.1 (+https://developers.facebook.com/docs/sharing/webmasters/crawler)"
66.249.77.98 - - [18/Dec/2025:00:20:05 +0000] "GET /?path=//sys/class/sound/card0/device/subsystem/devices/0000:00:02.2/subsystem/devices/0000:00:03.4/driver/0000:00:04.0/driver/0000:00:02.2/driver/0000:00:04.0/driver/0000:00:02.3/subsystem/devices/0000:05:00.0/msi_irqs HTTP/1.1" 200 45438 "-" "Mozilla/5.0 (Linux; Android 6.0.1; Nexus 5X Build/MMB29P) AppleWebKit/537.36 (KHTML, like Gecko) Chrome/141.0.7390.122 Mobile Safari/537.36 (compatible; Googlebot/2.1; +http://www.google.com/bot.html)"
216.73.216.56 - - [18/Dec/2025:00:20:06 +0000] "GET /?p=36159 HTTP/1.1" 200 41772 "-" "Mozilla/5.0 AppleWebKit/537.36 (KHTML, like Gecko; compatible; ClaudeBot/1.0; +claudebot@anthropic.com)"
81.167.26.57 - - [18/Dec/2025:00:20:09 +0000] "GET /?p=33319 HTTP/1.1" 200 42293 "-" "Mozilla/5.0 (compatible; MJ12bot/v1.4.8; http://mj12bot.com/)"
216.73.216.56 - - [18/Dec/2025:00:20:09 +0000] "GET /?p=13411 HTTP/1.1" 200 49852 "-" "Mozilla/5.0 AppleWebKit/537.36 (KHTML, like Gecko; compatible; ClaudeBot/1.0; +claudebot@anthropic.com)"
216.73.216.56 - - [18/Dec/2025:00:20:12 +0000] "GET /?p=40309 HTTP/1.1" 200 43634 "-" "Mozilla/5.0 AppleWebKit/537.36 (KHTML, like Gecko; compatible; ClaudeBot/1.0; +claudebot@anthropic.com)"
57.141.0.28 - - [18/Dec/2025:00:20:12 +0000] "GET /2025/03/05/page/6/?fileloc=//sys/class/pci_bus/0000:0a/subsystem/0000:05/subsystem/0000:06/subsystem/0000:05/cpuaffinity&path=//sys/class/pci_bus/0000:0a/subsystem/0000:05/subsystem/0000:06/subsystem/0000:05 HTTP/1.1" 200 262248 "-" "meta-externalagent/1.1 (+https://developers.facebook.com/docs/sharing/webmasters/crawler)"
81.167.26.57 - - [18/Dec/2025:00:20:13 +0000] "GET /?p=33321 HTTP/1.1" 200 41680 "-" "Mozilla/5.0 (compatible; MJ12bot/v1.4.8; http://mj12bot.com/)"
216.73.216.56 - - [18/Dec/2025:00:20:15 +0000] "GET /?p=25856 HTTP/1.1" 200 42952 "-" "Mozilla/5.0 AppleWebKit/537.36 (KHTML, like Gecko; compatible; ClaudeBot/1.0; +claudebot@anthropic.com)"
81.167.26.57 - - [18/Dec/2025:00:20:17 +0000] "GET /?p=33325 HTTP/1.1" 200 41530 "-" "Mozilla/5.0 (compatible; MJ12bot/v1.4.8; http://mj12bot.com/)"
216.73.216.56 - - [18/Dec/2025:00:20:18 +0000] "GET /?p=8780 HTTP/1.1" 200 44041 "-" "Mozilla/5.0 AppleWebKit/537.36 (KHTML, like Gecko; compatible; ClaudeBot/1.0; +claudebot@anthropic.com)"
57.141.0.16 - - [18/Dec/2025:00:20:20 +0000] "GET /2025/03/07/page/6/?path=//sys/class/pci_bus/0000:04/subsystem/0000:0e/subsystem/0000:11/device/0000:00:03.7:pcie002/driver HTTP/1.1" 200 262248 "-" "meta-externalagent/1.1 (+https://developers.facebook.com/docs/sharing/webmasters/crawler)"
81.167.26.57 - - [18/Dec/2025:00:20:21 +0000] "GET /?p=33337 HTTP/1.1" 200 42387 "-" "Mozilla/5.0 (compatible; MJ12bot/v1.4.8; http://mj12bot.com/)"
198.244.168.77 - - [18/Dec/2025:00:20:22 +0000] "GET /?p=38712 HTTP/1.1" 200 42645 "-" "Mozilla/5.0 (compatible; AhrefsBot/7.0; +http://ahrefs.com/robot/)"
57.141.0.52 - - [18/Dec/2025:00:20:23 +0000] "GET /2025/03/07/page/6/?fileloc=//sys/class/pci_bus/0000:0b/subsystem/0000:06/subsystem/0000:12/subsystem/0000:13/device/driver/0000:00:03.2/irq&path=//sys/class/pci_bus/0000:0b/subsystem/0000:06/subsystem/0000:12/subsystem/0000:13/device/driver/0000:00:03.2 HTTP/1.1" 200 262215 "-" "meta-externalagent/1.1 (+https://developers.facebook.com/docs/sharing/webmasters/crawler)"
57.141.0.50 - - [18/Dec/2025:00:20:23 +0000] "GET /karamba-spielsaal-erfahrungen-angeschlossen-testbericht-werfen-sie-einen-blick-auf-den-link-within-2025-pro-teutonia/?fileloc=//sys/class/pci_bus/0000:01/subsystem/0000:04/subsystem/0000:05/subsystem/0000:03/power/autosuspend_delay_ms&path=//sys/class/pci_bus/0000:01/subsystem/0000:04/subsystem/0000:05/subsystem/0000:03/power HTTP/1.1" 200 262215 "-" "meta-externalagent/1.1 (+https://developers.facebook.com/docs/sharing/webmasters/crawler)"
66.249.77.98 - - [18/Dec/2025:00:20:24 +0000] "GET /?path=//sys/class/sound/card0/device/subsystem/devices/0000:00:02.2/subsystem/devices/0000:00:03.4/driver/0000:00:02.3/subsystem/devices/0000:00:00.0/firmware_node/subsystem/devices/device:0b HTTP/1.1" 200 45438 "-" "Mozilla/5.0 (Linux; Android 6.0.1; Nexus 5X Build/MMB29P) AppleWebKit/537.36 (KHTML, like Gecko) Chrome/141.0.7390.122 Mobile Safari/537.36 (compatible; Googlebot/2.1; +http://www.google.com/bot.html)"
216.73.216.56 - - [18/Dec/2025:00:20:25 +0000] "GET /?p=39173 HTTP/1.1" 200 41140 "-" "Mozilla/5.0 AppleWebKit/537.36 (KHTML, like Gecko; compatible; ClaudeBot/1.0; +claudebot@anthropic.com)"
81.167.26.57 - - [18/Dec/2025:00:20:25 +0000] "GET /?p=33355 HTTP/1.1" 200 42467 "-" "Mozilla/5.0 (compatible; MJ12bot/v1.4.8; http://mj12bot.com/)"
57.141.0.11 - - [18/Dec/2025:00:20:26 +0000] "GET /karamba-spielsaal-erfahrungen-angeschlossen-testbericht-werfen-sie-einen-blick-auf-den-link-within-2025-pro-teutonia/?fileloc=//sys/class/pci_bus/0000:0b/subsystem/0000:07/device/driver/0000:00:03.1/subsystem/devices/0000:00:02.2/local_cpulist&path=//sys/class/pci_bus/0000:0b/subsystem/0000:07/device/driver/0000:00:03.1/subsystem/devices/0000:00:02.2 HTTP/1.1" 200 262264 "-" "meta-externalagent/1.1 (+https://developers.facebook.com/docs/sharing/webmasters/crawler)"
216.73.216.56 - - [18/Dec/2025:00:20:28 +0000] "GET /?p=36917 HTTP/1.1" 200 43124 "-" "Mozilla/5.0 AppleWebKit/537.36 (KHTML, like Gecko; compatible; ClaudeBot/1.0; +claudebot@anthropic.com)"
57.141.0.68 - - [18/Dec/2025:00:20:28 +0000] "GET /karamba-spielsaal-erfahrungen-angeschlossen-testbericht-werfen-sie-einen-blick-auf-den-link-within-2025-pro-teutonia/?fileloc=//sys/class/pci_bus/0000:06/subsystem/0000:06/subsystem/0000:04/subsystem/0000:0e/subsystem/0000:0f/device/0000:00:03.5:pcie001/uevent&path=//sys/class/pci_bus/0000:06/subsystem/0000:06/subsystem/0000:04/subsystem/0000:0e/subsystem/0000:0f/device/0000:00:03.5:pcie001 HTTP/1.1" 200 262264 "-" "meta-externalagent/1.1 (+https://developers.facebook.com/docs/sharing/webmasters/crawler)"
81.167.26.57 - - [18/Dec/2025:00:20:29 +0000] "GET /?p=34725 HTTP/1.1" 200 43285 "-" "Mozilla/5.0 (compatible; MJ12bot/v1.4.8; http://mj12bot.com/)"
57.141.0.69 - - [18/Dec/2025:00:20:30 +0000] "GET /karamba-spielsaal-erfahrungen-angeschlossen-testbericht-werfen-sie-einen-blick-auf-den-link-within-2025-pro-teutonia/?fileloc=//sys/class/pci_bus/0000:06/subsystem/0000:0f/subsystem/0000:00/subsystem/0000:06/device/driver/0000:00:03.7/firmware_node/physical_node/broken_parity_status&path=//sys/class/pci_bus/0000:06/subsystem/0000:0f/subsystem/0000:00/subsystem/0000:06/device/driver/0000:00:03.7/firmware_node/physical_node HTTP/1.1" 200 262264 "-" "meta-externalagent/1.1 (+https://developers.facebook.com/docs/sharing/webmasters/crawler)"
216.73.216.56 - - [18/Dec/2025:00:20:31 +0000] "GET /?p=36925 HTTP/1.1" 200 43371 "-" "Mozilla/5.0 AppleWebKit/537.36 (KHTML, like Gecko; compatible; ClaudeBot/1.0; +claudebot@anthropic.com)"
66.135.21.75 - - [18/Dec/2025:00:20:33 +0000] "POST /wp-cron.php?doing_wp_cron=1766017233.1548640727996826171875 HTTP/1.1" 200 31 "-" "WordPress/6.3.1; https://datainsightnow.com"
81.167.26.57 - - [18/Dec/2025:00:20:33 +0000] "GET /?p=34727 HTTP/1.1" 200 43311 "-" "Mozilla/5.0 (compatible; MJ12bot/v1.4.8; http://mj12bot.com/)"
216.73.216.56 - - [18/Dec/2025:00:20:34 +0000] "GET /?p=13363 HTTP/1.1" 200 42232 "-" "Mozilla/5.0 AppleWebKit/537.36 (KHTML, like Gecko; compatible; ClaudeBot/1.0; +claudebot@anthropic.com)"
216.73.216.56 - - [18/Dec/2025:00:20:37 +0000] "GET /?p=36927 HTTP/1.1" 200 41144 "-" "Mozilla/5.0 AppleWebKit/537.36 (KHTML, like Gecko; compatible; ClaudeBot/1.0; +claudebot@anthropic.com)"
81.167.26.57 - - [18/Dec/2025:00:20:37 +0000] "GET /?p=34729 HTTP/1.1" 200 44001 "-" "Mozilla/5.0 (compatible; MJ12bot/v1.4.8; http://mj12bot.com/)"
57.141.0.11 - - [18/Dec/2025:00:20:39 +0000] "GET /karamba-spielsaal-erfahrungen-angeschlossen-testbericht-werfen-sie-einen-blick-auf-den-link-within-2025-pro-teutonia/?fileloc=//sys/class/pci_bus/0000:0a/subsystem/0000:0d/subsystem/0000:0c/subsystem/0000:05/subsystem/0000:07/cpulistaffinity&path=//sys/class/pci_bus/0000:0a/subsystem/0000:0d/subsystem/0000:0c/subsystem/0000:05/subsystem/0000:07 HTTP/1.1" 200 262209 "-" "meta-externalagent/1.1 (+https://developers.facebook.com/docs/sharing/webmasters/crawler)"
216.73.216.56 - - [18/Dec/2025:00:20:40 +0000] "GET /?p=28733 HTTP/1.1" 200 41502 "-" "Mozilla/5.0 AppleWebKit/537.36 (KHTML, like Gecko; compatible; ClaudeBot/1.0; +claudebot@anthropic.com)"
66.135.21.75 - - [18/Dec/2025:00:20:41 +0000] "POST /wp-cron.php?doing_wp_cron=1766017241.2220749855041503906250 HTTP/1.1" 200 31 "-" "WordPress/6.3.1; https://datainsightnow.com"
81.167.26.57 - - [18/Dec/2025:00:20:41 +0000] "GET /?p=34933 HTTP/1.1" 200 43025 "-" "Mozilla/5.0 (compatible; MJ12bot/v1.4.8; http://mj12bot.com/)"
57.141.0.16 - - [18/Dec/2025:00:20:42 +0000] "GET /2025/03/07/page/6/?fileloc=//sys/class/pci_bus/0000:10/subsystem/0000:05/subsystem/0000:00/subsystem/0000:02/device/current_link_width&path=//sys/class/pci_bus/0000:10/subsystem/0000:05/subsystem/0000:00/subsystem/0000:02/device HTTP/1.1" 200 262209 "-" "meta-externalagent/1.1 (+https://developers.facebook.com/docs/sharing/webmasters/crawler)"
216.73.216.56 - - [18/Dec/2025:00:20:43 +0000] "GET /?p=17451 HTTP/1.1" 200 41963 "-" "Mozilla/5.0 AppleWebKit/537.36 (KHTML, like Gecko; compatible; ClaudeBot/1.0; +claudebot@anthropic.com)"
66.249.77.98 - - [18/Dec/2025:00:20:43 +0000] "GET /?path=//sys/class/sound/card0/device/subsystem/devices/0000:00:02.2/driver/0000:00:02.2/driver/0000:00:02.6/0000:00:02.6:pcie002/driver/0000:00:02.0:pcie002/driver/0000:00:02.0:pcie002/subsystem/devices/0000:00:03.2:pcie002/driver/0000:00:02.4:pcie002/driver/0000:00:02.3:pcie002 HTTP/1.1" 200 45438 "-" "Mozilla/5.0 (Linux; Android 6.0.1; Nexus 5X Build/MMB29P) AppleWebKit/537.36 (KHTML, like Gecko) Chrome/141.0.7390.122 Mobile Safari/537.36 (compatible; Googlebot/2.1; +http://www.google.com/bot.html)"
81.167.26.57 - - [18/Dec/2025:00:20:45 +0000] "GET /?p=34935 HTTP/1.1" 200 41579 "-" "Mozilla/5.0 (compatible; MJ12bot/v1.4.8; http://mj12bot.com/)"
216.73.216.56 - - [18/Dec/2025:00:20:46 +0000] "GET /?m=20250315 HTTP/1.1" 200 37678 "-" "Mozilla/5.0 AppleWebKit/537.36 (KHTML, like Gecko; compatible; ClaudeBot/1.0; +claudebot@anthropic.com)"
216.73.216.56 - - [18/Dec/2025:00:20:49 +0000] "GET /?m=20240424 HTTP/1.1" 200 33875 "-" "Mozilla/5.0 AppleWebKit/537.36 (KHTML, like Gecko; compatible; ClaudeBot/1.0; +claudebot@anthropic.com)"
81.167.26.57 - - [18/Dec/2025:00:20:49 +0000] "GET /?p=34937 HTTP/1.1" 200 42615 "-" "Mozilla/5.0 (compatible; MJ12bot/v1.4.8; http://mj12bot.com/)"
66.135.21.75 - - [18/Dec/2025:00:20:51 +0000] "POST /wp-cron.php?doing_wp_cron=1766017251.5777320861816406250000 HTTP/1.1" 200 31 "-" "WordPress/6.3.1; https://datainsightnow.com"
114.119.153.242 - - [18/Dec/2025:00:20:51 +0000] "GET /zodiac-kasino-erfahrungen-2024-480-bonus-80-freispiele/?path=//sys/dev/char/4:81/subsystem/ttyS22/device HTTP/1.1" 200 45438 "https://datainsightnow.com/zodiac-kasino-erfahrungen-2024-480-bonus-80-freispiele/?path=//sys/dev/char/4%3A81/subsystem/ttyS22" "Mozilla/5.0 (Linux; Android 7.0;) AppleWebKit/537.36 (KHTML, like Gecko) Mobile Safari/537.36 (compatible; PetalBot;+https://webmaster.petalsearch.com/site/petalbot)"
216.73.216.56 - - [18/Dec/2025:00:20:52 +0000] "GET /?p=27201 HTTP/1.1" 200 41418 "-" "Mozilla/5.0 AppleWebKit/537.36 (KHTML, like Gecko; compatible; ClaudeBot/1.0; +claudebot@anthropic.com)"
81.167.26.57 - - [18/Dec/2025:00:20:53 +0000] "GET /?p=35301 HTTP/1.1" 200 43841 "-" "Mozilla/5.0 (compatible; MJ12bot/v1.4.8; http://mj12bot.com/)"
57.141.0.36 - - [18/Dec/2025:00:20:53 +0000] "GET /2025/03/07/page/6/?fileloc=//sys/class/pci_bus/0000:05/subsystem/0000:01/subsystem/0000:04/device/driver/0000:00:03.3/driver/0000:00:03.0/remove&path=//sys/class/pci_bus/0000:05/subsystem/0000:01/subsystem/0000:04/device/driver/0000:00:03.3/driver/0000:00:03.0 HTTP/1.1" 200 262215 "-" "meta-externalagent/1.1 (+https://developers.facebook.com/docs/sharing/webmasters/crawler)"
216.73.216.56 - - [18/Dec/2025:00:20:55 +0000] "GET /?m=20240727 HTTP/1.1" 200 33801 "-" "Mozilla/5.0 AppleWebKit/537.36 (KHTML, like Gecko; compatible; ClaudeBot/1.0; +claudebot@anthropic.com)"
81.167.26.57 - - [18/Dec/2025:00:20:57 +0000] "GET /?p=35303 HTTP/1.1" 200 42431 "-" "Mozilla/5.0 (compatible; MJ12bot/v1.4.8; http://mj12bot.com/)"
216.73.216.56 - - [18/Dec/2025:00:20:58 +0000] "GET /?m=20241025 HTTP/1.1" 200 33813 "-" "Mozilla/5.0 AppleWebKit/537.36 (KHTML, like Gecko; compatible; ClaudeBot/1.0; +claudebot@anthropic.com)"
57.141.0.52 - - [18/Dec/2025:00:21:00 +0000] "GET /karamba-spielsaal-erfahrungen-angeschlossen-testbericht-werfen-sie-einen-blick-auf-den-link-within-2025-pro-teutonia/?path=//sys/class/pci_bus/0000:02/device/driver/0000:00:03.1/driver/0000:00:02.4/0000:00:02.4:pcie002/driver HTTP/1.1" 200 262248 "-" "meta-externalagent/1.1 (+https://developers.facebook.com/docs/sharing/webmasters/crawler)"
216.73.216.56 - - [18/Dec/2025:00:21:01 +0000] "GET /?p=46381 HTTP/1.1" 200 42529 "-" "Mozilla/5.0 AppleWebKit/537.36 (KHTML, like Gecko; compatible; ClaudeBot/1.0; +claudebot@anthropic.com)"
81.167.26.57 - - [18/Dec/2025:00:21:01 +0000] "GET /?p=35305 HTTP/1.1" 200 42380 "-" "Mozilla/5.0 (compatible; MJ12bot/v1.4.8; http://mj12bot.com/)"
