216.73.216.56 - - [18/Dec/2025:00:48:07 +0000] "GET /entity/204583064.htm HTTP/1.1" 301 5 "-" "Mozilla/5.0 AppleWebKit/537.36 (KHTML, like Gecko; compatible; ClaudeBot/1.0; +claudebot@anthropic.com)"
216.73.216.56 - - [18/Dec/2025:00:48:07 +0000] "GET /entity/204583064.htm/ HTTP/1.1" 200 45436 "https://datainsightnow.com/entity/204583064.htm" "Mozilla/5.0 AppleWebKit/537.36 (KHTML, like Gecko; compatible; ClaudeBot/1.0; +claudebot@anthropic.com)"
57.141.0.33 - - [18/Dec/2025:00:48:09 +0000] "GET /2025/03/06/page/39/?path=//sys/class/pci_bus/0000:05/subsystem/0000:04/device/driver/0000:00:03.2/driver/0000:00:03.3/0000:00:03.3:pcie010 HTTP/1.1" 200 262264 "-" "meta-externalagent/1.1 (+https://developers.facebook.com/docs/sharing/webmasters/crawler)"
57.141.0.6 - - [18/Dec/2025:00:48:10 +0000] "GET /karamba-spielsaal-erfahrungen-angeschlossen-testbericht-werfen-sie-einen-blick-auf-den-link-within-2025-pro-teutonia/?fileloc=//sys/class/pci_bus/0000:02/subsystem/0000:0d/subsystem/0000:05/subsystem/0000:0c/rescan&path=//sys/class/pci_bus/0000:02/subsystem/0000:0d/subsystem/0000:05/subsystem/0000:0c HTTP/1.1" 200 262264 "-" "meta-externalagent/1.1 (+https://developers.facebook.com/docs/sharing/webmasters/crawler)"
66.249.77.98 - - [18/Dec/2025:00:48:10 +0000] "GET /?fileloc=//sys/class/sound/card0/device/subsystem/devices/0000:00:02.2/driver/0000:00:03.4/driver/0000:00:02.6/driver/0000:00:03.0/subsystem/devices/0000:00:02.1/driver/0000:00:02.7/firmware_node/subsystem/devices/device:09/subsystem/devices/device:26/power/runtime_status&path=//sys/class/sound/card0/device/subsystem/devices/0000:00:02.2/driver/0000:00:03.4/driver/0000:00:02.6/driver/0000:00:03.0/subsystem/devices/0000:00:02.1/driver/0000:00:02.7/firmware_node/subsystem/devices/device:09/subsystem/devices/device:26/power HTTP/1.1" 200 45438 "-" "Mozilla/5.0 (Linux; Android 6.0.1; Nexus 5X Build/MMB29P) AppleWebKit/537.36 (KHTML, like Gecko) Chrome/141.0.7390.122 Mobile Safari/537.36 (compatible; Googlebot/2.1; +http://www.google.com/bot.html)"
216.73.216.56 - - [18/Dec/2025:00:48:10 +0000] "GET /entity/204771363.htm HTTP/1.1" 301 5 "-" "Mozilla/5.0 AppleWebKit/537.36 (KHTML, like Gecko; compatible; ClaudeBot/1.0; +claudebot@anthropic.com)"
216.73.216.56 - - [18/Dec/2025:00:48:10 +0000] "GET /entity/204771363.htm/ HTTP/1.1" 200 45436 "https://datainsightnow.com/entity/204771363.htm" "Mozilla/5.0 AppleWebKit/537.36 (KHTML, like Gecko; compatible; ClaudeBot/1.0; +claudebot@anthropic.com)"
216.73.216.56 - - [18/Dec/2025:00:48:13 +0000] "GET /entity/204720852.htm HTTP/1.1" 301 5 "-" "Mozilla/5.0 AppleWebKit/537.36 (KHTML, like Gecko; compatible; ClaudeBot/1.0; +claudebot@anthropic.com)"
216.73.216.56 - - [18/Dec/2025:00:48:13 +0000] "GET /entity/204720852.htm/ HTTP/1.1" 200 45436 "https://datainsightnow.com/entity/204720852.htm" "Mozilla/5.0 AppleWebKit/537.36 (KHTML, like Gecko; compatible; ClaudeBot/1.0; +claudebot@anthropic.com)"
57.141.0.29 - - [18/Dec/2025:00:48:14 +0000] "GET /2025/03/06/page/39/?fileloc=//sys/class/pci_bus/0000:0c/subsystem/0000:0a/subsystem/0000:00/subsystem/0000:0f/cpulistaffinity&path=//sys/class/pci_bus/0000:0c/subsystem/0000:0a/subsystem/0000:00/subsystem/0000:0f HTTP/1.1" 200 262264 "-" "meta-externalagent/1.1 (+https://developers.facebook.com/docs/sharing/webmasters/crawler)"
216.73.216.56 - - [18/Dec/2025:00:48:18 +0000] "GET /entity/204677340.htm HTTP/1.1" 301 5 "-" "Mozilla/5.0 AppleWebKit/537.36 (KHTML, like Gecko; compatible; ClaudeBot/1.0; +claudebot@anthropic.com)"
57.141.0.35 - - [18/Dec/2025:00:48:19 +0000] "GET /karamba-spielsaal-erfahrungen-angeschlossen-testbericht-werfen-sie-einen-blick-auf-den-link-within-2025-pro-teutonia/?fileloc=//sys/class/pci_bus/0000:05/subsystem/0000:06/subsystem/0000:0a/subsystem/0000:0f/device/driver/0000:00:02.4/consistent_dma_mask_bits&path=//sys/class/pci_bus/0000:05/subsystem/0000:06/subsystem/0000:0a/subsystem/0000:0f/device/driver/0000:00:02.4 HTTP/1.1" 200 262264 "-" "meta-externalagent/1.1 (+https://developers.facebook.com/docs/sharing/webmasters/crawler)"
57.141.0.39 - - [18/Dec/2025:00:48:19 +0000] "GET /2025/03/07/page/6/?fileloc=//sys/class/pci_bus/0000:0a/subsystem/0000:0b/subsystem/0000:01/subsystem/0000:0a/subsystem/0000:0b/device/reset_subordinate&path=//sys/class/pci_bus/0000:0a/subsystem/0000:0b/subsystem/0000:01/subsystem/0000:0a/subsystem/0000:0b/device HTTP/1.1" 200 262209 "-" "meta-externalagent/1.1 (+https://developers.facebook.com/docs/sharing/webmasters/crawler)"
216.73.216.56 - - [18/Dec/2025:00:48:19 +0000] "GET /entity/204677340.htm/ HTTP/1.1" 200 45436 "https://datainsightnow.com/entity/204677340.htm" "Mozilla/5.0 AppleWebKit/537.36 (KHTML, like Gecko; compatible; ClaudeBot/1.0; +claudebot@anthropic.com)"
57.141.0.33 - - [18/Dec/2025:00:48:20 +0000] "GET /2025/03/07/page/6/?fileloc=//sys/class/pci_bus/0000:0b/subsystem/0000:10/subsystem/0000:12/subsystem/0000:01/subsystem/0000:03/uevent&path=//sys/class/pci_bus/0000:0b/subsystem/0000:10/subsystem/0000:12/subsystem/0000:01/subsystem/0000:03 HTTP/1.1" 200 262264 "-" "meta-externalagent/1.1 (+https://developers.facebook.com/docs/sharing/webmasters/crawler)"
216.73.216.56 - - [18/Dec/2025:00:48:20 +0000] "GET /entity/204623990.htm HTTP/1.1" 301 5 "-" "Mozilla/5.0 AppleWebKit/537.36 (KHTML, like Gecko; compatible; ClaudeBot/1.0; +claudebot@anthropic.com)"
216.73.216.56 - - [18/Dec/2025:00:48:20 +0000] "GET /entity/204623990.htm/ HTTP/1.1" 200 45436 "https://datainsightnow.com/entity/204623990.htm" "Mozilla/5.0 AppleWebKit/537.36 (KHTML, like Gecko; compatible; ClaudeBot/1.0; +claudebot@anthropic.com)"
216.73.216.56 - - [18/Dec/2025:00:48:23 +0000] "GET /entity/204665167.htm HTTP/1.1" 301 5 "-" "Mozilla/5.0 AppleWebKit/537.36 (KHTML, like Gecko; compatible; ClaudeBot/1.0; +claudebot@anthropic.com)"
216.73.216.56 - - [18/Dec/2025:00:48:23 +0000] "GET /entity/204665167.htm/ HTTP/1.1" 200 45436 "https://datainsightnow.com/entity/204665167.htm" "Mozilla/5.0 AppleWebKit/537.36 (KHTML, like Gecko; compatible; ClaudeBot/1.0; +claudebot@anthropic.com)"
57.141.0.32 - - [18/Dec/2025:00:48:26 +0000] "GET /2025/03/07/page/6/?path=//sys/class/pci_bus/0000:10/device/firmware_node/device:3f/subsystem/devices/device:45/subsystem/devices/device:25 HTTP/1.1" 200 262248 "-" "meta-externalagent/1.1 (+https://developers.facebook.com/docs/sharing/webmasters/crawler)"
216.73.216.56 - - [18/Dec/2025:00:48:26 +0000] "GET /entity/204708942.htm HTTP/1.1" 301 5 "-" "Mozilla/5.0 AppleWebKit/537.36 (KHTML, like Gecko; compatible; ClaudeBot/1.0; +claudebot@anthropic.com)"
216.73.216.56 - - [18/Dec/2025:00:48:26 +0000] "GET /entity/204708942.htm/ HTTP/1.1" 200 45436 "https://datainsightnow.com/entity/204708942.htm" "Mozilla/5.0 AppleWebKit/537.36 (KHTML, like Gecko; compatible; ClaudeBot/1.0; +claudebot@anthropic.com)"
216.73.216.56 - - [18/Dec/2025:00:48:29 +0000] "GET /entity/204641592.htm HTTP/1.1" 301 5 "-" "Mozilla/5.0 AppleWebKit/537.36 (KHTML, like Gecko; compatible; ClaudeBot/1.0; +claudebot@anthropic.com)"
66.249.77.99 - - [18/Dec/2025:00:48:29 +0000] "GET /?fileloc=//sys/class/sound/card0/device/subsystem/devices/0000:00:02.2/subsystem/devices/0000:01:00.0/subsystem/devices/0000:00:02.3/subsystem/devices/0000:00:03.6/subsystem/devices/0000:09:00.0/revision&path=//sys/class/sound/card0/device/subsystem/devices/0000:00:02.2/subsystem/devices/0000:01:00.0/subsystem/devices/0000:00:02.3/subsystem/devices/0000:00:03.6/subsystem/devices/0000:09:00.0 HTTP/1.1" 200 45438 "-" "Mozilla/5.0 (Linux; Android 6.0.1; Nexus 5X Build/MMB29P) AppleWebKit/537.36 (KHTML, like Gecko) Chrome/141.0.7390.122 Mobile Safari/537.36 (compatible; Googlebot/2.1; +http://www.google.com/bot.html)"
66.249.77.98 - - [18/Dec/2025:00:48:29 +0000] "GET /entity/444424316.htm HTTP/1.1" 200 32263 "-" "Mozilla/5.0 (Linux; Android 6.0.1; Nexus 5X Build/MMB29P) AppleWebKit/537.36 (KHTML, like Gecko) Chrome/141.0.7390.122 Mobile Safari/537.36 (compatible; Googlebot/2.1; +http://www.google.com/bot.html)"
216.73.216.56 - - [18/Dec/2025:00:48:29 +0000] "GET /entity/204641592.htm/ HTTP/1.1" 200 45436 "https://datainsightnow.com/entity/204641592.htm" "Mozilla/5.0 AppleWebKit/537.36 (KHTML, like Gecko; compatible; ClaudeBot/1.0; +claudebot@anthropic.com)"
57.141.0.76 - - [18/Dec/2025:00:48:32 +0000] "GET /karamba-spielsaal-erfahrungen-angeschlossen-testbericht-werfen-sie-einen-blick-auf-den-link-within-2025-pro-teutonia/?path=//sys/class/pci_bus/0000:0b/subsystem/0000:00/subsystem/0000:05/device/subsystem/drivers/ata_generic HTTP/1.1" 200 262209 "-" "meta-externalagent/1.1 (+https://developers.facebook.com/docs/sharing/webmasters/crawler)"
216.73.216.56 - - [18/Dec/2025:00:48:32 +0000] "GET /entity/204730437.htm HTTP/1.1" 301 5 "-" "Mozilla/5.0 AppleWebKit/537.36 (KHTML, like Gecko; compatible; ClaudeBot/1.0; +claudebot@anthropic.com)"
57.141.0.6 - - [18/Dec/2025:00:48:32 +0000] "GET /moneysense-self-help-guide-to-the-ideal-profile/?fileloc=//sys/class/pci_bus/0000:00/device/0000:00:02.1/driver/0000:00:02.0/driver/0000:00:03.3/uevent&path=//sys/class/pci_bus/0000:00/device/0000:00:02.1/driver/0000:00:02.0/driver/0000:00:03.3 HTTP/1.1" 200 262248 "-" "meta-externalagent/1.1 (+https://developers.facebook.com/docs/sharing/webmasters/crawler)"
216.73.216.56 - - [18/Dec/2025:00:48:32 +0000] "GET /entity/204730437.htm/ HTTP/1.1" 200 45436 "https://datainsightnow.com/entity/204730437.htm" "Mozilla/5.0 AppleWebKit/537.36 (KHTML, like Gecko; compatible; ClaudeBot/1.0; +claudebot@anthropic.com)"
57.141.0.30 - - [18/Dec/2025:00:48:33 +0000] "GET /2025/03/07/page/6/?fileloc=//sys/class/pci_bus/0000:09/device/0000:00:02.7:pcie010/subsystem/devices/0000:00:02.0:pcie001/driver/0000:00:02.3:pcie001/driver/0000:00:02.0:pcie001/driver/bind&path=//sys/class/pci_bus/0000:09/device/0000:00:02.7:pcie010/subsystem/devices/0000:00:02.0:pcie001/driver/0000:00:02.3:pcie001/driver/0000:00:02.0:pcie001/driver HTTP/1.1" 200 262264 "-" "meta-externalagent/1.1 (+https://developers.facebook.com/docs/sharing/webmasters/crawler)"
57.141.0.18 - - [18/Dec/2025:00:48:34 +0000] "GET /2025/03/07/page/6/?fileloc=//sys/class/pci_bus/0000:0b/subsystem/0000:07/subsystem/0000:06/subsystem/0000:13/device/driver/0000:00:02.0/enable&path=//sys/class/pci_bus/0000:0b/subsystem/0000:07/subsystem/0000:06/subsystem/0000:13/device/driver/0000:00:02.0 HTTP/1.1" 200 262264 "-" "meta-externalagent/1.1 (+https://developers.facebook.com/docs/sharing/webmasters/crawler)"
216.73.216.56 - - [18/Dec/2025:00:48:35 +0000] "GET /entity/204685104.htm HTTP/1.1" 301 5 "-" "Mozilla/5.0 AppleWebKit/537.36 (KHTML, like Gecko; compatible; ClaudeBot/1.0; +claudebot@anthropic.com)"
57.141.0.27 - - [18/Dec/2025:00:48:35 +0000] "GET /2025/03/07/page/6/?fileloc=//sys/class/pci_bus/0000:05/subsystem/0000:07/device/pci_bus/0000:07/subsystem/0000:0e/subsystem/0000:13/rescan&path=//sys/class/pci_bus/0000:05/subsystem/0000:07/device/pci_bus/0000:07/subsystem/0000:0e/subsystem/0000:13 HTTP/1.1" 200 262209 "-" "meta-externalagent/1.1 (+https://developers.facebook.com/docs/sharing/webmasters/crawler)"
57.141.0.8 - - [18/Dec/2025:00:48:35 +0000] "GET /2025/03/13/?fileloc=//sys/class/pci_bus/0000:07/subsystem/0000:0f/device/driver/0000:00:03.2/subsystem/devices/0000:07:00.0/class&path=//sys/class/pci_bus/0000:07/subsystem/0000:0f/device/driver/0000:00:03.2/subsystem/devices/0000:07:00.0 HTTP/1.1" 200 262209 "-" "meta-externalagent/1.1 (+https://developers.facebook.com/docs/sharing/webmasters/crawler)"
216.73.216.56 - - [18/Dec/2025:00:48:35 +0000] "GET /entity/204685104.htm/ HTTP/1.1" 200 45436 "https://datainsightnow.com/entity/204685104.htm" "Mozilla/5.0 AppleWebKit/537.36 (KHTML, like Gecko; compatible; ClaudeBot/1.0; +claudebot@anthropic.com)"
216.73.216.56 - - [18/Dec/2025:00:48:38 +0000] "GET /entity/204655060.htm HTTP/1.1" 301 5 "-" "Mozilla/5.0 AppleWebKit/537.36 (KHTML, like Gecko; compatible; ClaudeBot/1.0; +claudebot@anthropic.com)"
216.73.216.56 - - [18/Dec/2025:00:48:38 +0000] "GET /entity/204655060.htm/ HTTP/1.1" 200 45436 "https://datainsightnow.com/entity/204655060.htm" "Mozilla/5.0 AppleWebKit/537.36 (KHTML, like Gecko; compatible; ClaudeBot/1.0; +claudebot@anthropic.com)"
216.73.216.56 - - [18/Dec/2025:00:48:41 +0000] "GET /entity/204699357.htm HTTP/1.1" 301 5 "-" "Mozilla/5.0 AppleWebKit/537.36 (KHTML, like Gecko; compatible; ClaudeBot/1.0; +claudebot@anthropic.com)"
216.73.216.56 - - [18/Dec/2025:00:48:41 +0000] "GET /entity/204699357.htm/ HTTP/1.1" 200 45436 "https://datainsightnow.com/entity/204699357.htm" "Mozilla/5.0 AppleWebKit/537.36 (KHTML, like Gecko; compatible; ClaudeBot/1.0; +claudebot@anthropic.com)"
57.141.0.68 - - [18/Dec/2025:00:48:42 +0000] "GET /2025/03/07/page/6/?fileloc=//sys/class/pci_bus/0000:0d/subsystem/0000:11/subsystem/0000:0c/device/driver/0000:00:03.7/local_cpulist&path=//sys/class/pci_bus/0000:0d/subsystem/0000:11/subsystem/0000:0c/device/driver/0000:00:03.7 HTTP/1.1" 200 262248 "-" "meta-externalagent/1.1 (+https://developers.facebook.com/docs/sharing/webmasters/crawler)"
114.119.157.166 - - [18/Dec/2025:00:48:43 +0000] "GET /zodiac-kasino-erfahrungen-2024-480-bonus-80-freispiele/?path=//sys/dev/char/4:81/subsystem/tty46/subsystem/ttyS4 HTTP/1.1" 200 45438 "https://datainsightnow.com/zodiac-kasino-erfahrungen-2024-480-bonus-80-freispiele/?path=//sys/dev/char/4%3A81/subsystem/tty46/subsystem" "Mozilla/5.0 (Linux; Android 7.0;) AppleWebKit/537.36 (KHTML, like Gecko) Mobile Safari/537.36 (compatible; PetalBot;+https://webmaster.petalsearch.com/site/petalbot)"
216.73.216.56 - - [18/Dec/2025:00:48:44 +0000] "GET /entity/204720075.htm HTTP/1.1" 301 5 "-" "Mozilla/5.0 AppleWebKit/537.36 (KHTML, like Gecko; compatible; ClaudeBot/1.0; +claudebot@anthropic.com)"
216.73.216.56 - - [18/Dec/2025:00:48:44 +0000] "GET /entity/204720075.htm/ HTTP/1.1" 200 45436 "https://datainsightnow.com/entity/204720075.htm" "Mozilla/5.0 AppleWebKit/537.36 (KHTML, like Gecko; compatible; ClaudeBot/1.0; +claudebot@anthropic.com)"
57.141.0.17 - - [18/Dec/2025:00:48:46 +0000] "GET /karamba-spielsaal-erfahrungen-angeschlossen-testbericht-werfen-sie-einen-blick-auf-den-link-within-2025-pro-teutonia/?fileloc=//sys/class/pci_bus/0000:06/subsystem/0000:0c/subsystem/0000:0e/subsystem/0000:0d/subsystem/0000:02/subsystem/0000:08/uevent&path=//sys/class/pci_bus/0000:06/subsystem/0000:0c/subsystem/0000:0e/subsystem/0000:0d/subsystem/0000:02/subsystem/0000:08 HTTP/1.1" 200 262264 "-" "meta-externalagent/1.1 (+https://developers.facebook.com/docs/sharing/webmasters/crawler)"
216.73.216.56 - - [18/Dec/2025:00:48:47 +0000] "GET /entity/204695464.htm HTTP/1.1" 301 5 "-" "Mozilla/5.0 AppleWebKit/537.36 (KHTML, like Gecko; compatible; ClaudeBot/1.0; +claudebot@anthropic.com)"
216.73.216.56 - - [18/Dec/2025:00:48:47 +0000] "GET /entity/204695464.htm/ HTTP/1.1" 200 45436 "https://datainsightnow.com/entity/204695464.htm" "Mozilla/5.0 AppleWebKit/537.36 (KHTML, like Gecko; compatible; ClaudeBot/1.0; +claudebot@anthropic.com)"
66.249.77.98 - - [18/Dec/2025:00:48:48 +0000] "GET /?path=//sys/class/sound/card0/device/subsystem/devices/0000:00:02.2/driver/0000:00:02.2/driver/0000:00:02.6/firmware_node/subsystem/devices/device:0b/subsystem/devices/PNP0F13:00/subsystem/devices/PNP0B00:00 HTTP/1.1" 200 45438 "-" "Mozilla/5.0 (Linux; Android 6.0.1; Nexus 5X Build/MMB29P) AppleWebKit/537.36 (KHTML, like Gecko) Chrome/141.0.7390.122 Mobile Safari/537.36 (compatible; Googlebot/2.1; +http://www.google.com/bot.html)"
144.6.171.46 - - [18/Dec/2025:00:48:49 +0000] "POST /wp-login.php HTTP/1.1" 200 2677 "-" "Mozilla/5.0 (Windows NT 10.0; Win64; x64; rv:88.0) Gecko/20100101 Firefox/88.0"
66.135.21.75 - - [18/Dec/2025:00:48:50 +0000] "POST /wp-cron.php?doing_wp_cron=1766018930.2874801158905029296875 HTTP/1.1" 200 31 "-" "WordPress/6.3.1; https://datainsightnow.com"
216.73.216.56 - - [18/Dec/2025:00:48:50 +0000] "GET /entity/204812020.htm HTTP/1.1" 301 5 "-" "Mozilla/5.0 AppleWebKit/537.36 (KHTML, like Gecko; compatible; ClaudeBot/1.0; +claudebot@anthropic.com)"
57.141.0.2 - - [18/Dec/2025:00:48:51 +0000] "GET /karamba-spielsaal-erfahrungen-angeschlossen-testbericht-werfen-sie-einen-blick-auf-den-link-within-2025-pro-teutonia/?fileloc=//sys/class/pci_bus/0000:02/device/driver/0000:00:03.1/driver/0000:00:02.6/subsystem/drivers/pcieport/0000:00:03.3/config&path=//sys/class/pci_bus/0000:02/device/driver/0000:00:03.1/driver/0000:00:02.6/subsystem/drivers/pcieport/0000:00:03.3 HTTP/1.1" 200 262264 "-" "meta-externalagent/1.1 (+https://developers.facebook.com/docs/sharing/webmasters/crawler)"
216.73.216.56 - - [18/Dec/2025:00:48:51 +0000] "GET /entity/204812020.htm/ HTTP/1.1" 200 45436 "https://datainsightnow.com/entity/204812020.htm" "Mozilla/5.0 AppleWebKit/537.36 (KHTML, like Gecko; compatible; ClaudeBot/1.0; +claudebot@anthropic.com)"
57.141.0.48 - - [18/Dec/2025:00:48:52 +0000] "GET /karamba-spielsaal-erfahrungen-angeschlossen-testbericht-werfen-sie-einen-blick-auf-den-link-within-2025-pro-teutonia/?fileloc=//sys/class/pci_bus/0000:06/subsystem/0000:0b/subsystem/0000:03/subsystem/0000:06/device/driver/0000:00:02.7/power/runtime_active_time&path=//sys/class/pci_bus/0000:06/subsystem/0000:0b/subsystem/0000:03/subsystem/0000:06/device/driver/0000:00:02.7/power HTTP/1.1" 200 262264 "-" "meta-externalagent/1.1 (+https://developers.facebook.com/docs/sharing/webmasters/crawler)"
216.73.216.56 - - [18/Dec/2025:00:48:53 +0000] "GET /entity/204681231.htm HTTP/1.1" 301 5 "-" "Mozilla/5.0 AppleWebKit/537.36 (KHTML, like Gecko; compatible; ClaudeBot/1.0; +claudebot@anthropic.com)"
216.73.216.56 - - [18/Dec/2025:00:48:53 +0000] "GET /entity/204681231.htm/ HTTP/1.1" 200 45436 "https://datainsightnow.com/entity/204681231.htm" "Mozilla/5.0 AppleWebKit/537.36 (KHTML, like Gecko; compatible; ClaudeBot/1.0; +claudebot@anthropic.com)"
51.195.215.188 - - [18/Dec/2025:00:48:54 +0000] "GET /?p=27201 HTTP/1.1" 200 41418 "-" "Mozilla/5.0 (compatible; AhrefsBot/7.0; +http://ahrefs.com/robot/)"
216.73.216.56 - - [18/Dec/2025:00:48:56 +0000] "GET /entity/204653510.htm HTTP/1.1" 301 5 "-" "Mozilla/5.0 AppleWebKit/537.36 (KHTML, like Gecko; compatible; ClaudeBot/1.0; +claudebot@anthropic.com)"
216.73.216.56 - - [18/Dec/2025:00:48:57 +0000] "GET /entity/204653510.htm/ HTTP/1.1" 200 45436 "https://datainsightnow.com/entity/204653510.htm" "Mozilla/5.0 AppleWebKit/537.36 (KHTML, like Gecko; compatible; ClaudeBot/1.0; +claudebot@anthropic.com)"
57.141.0.47 - - [18/Dec/2025:00:48:57 +0000] "GET /2025/03/06/page/39/?fileloc=//sys/class/pci_bus/0000:04/subsystem/0000:11/subsystem/0000:05/subsystem/0000:07/uevent&path=//sys/class/pci_bus/0000:04/subsystem/0000:11/subsystem/0000:05/subsystem/0000:07 HTTP/1.1" 200 262248 "-" "meta-externalagent/1.1 (+https://developers.facebook.com/docs/sharing/webmasters/crawler)"
57.141.0.46 - - [18/Dec/2025:00:48:57 +0000] "GET /2025/03/07/page/6/?fileloc=//sys/class/pci_bus/0000:0f/subsystem/0000:02/device/driver/0000:00:04.1/subsystem/devices/0000:04:00.0/usb1/busnum&path=//sys/class/pci_bus/0000:0f/subsystem/0000:02/device/driver/0000:00:04.1/subsystem/devices/0000:04:00.0/usb1 HTTP/1.1" 200 262215 "-" "meta-externalagent/1.1 (+https://developers.facebook.com/docs/sharing/webmasters/crawler)"
57.141.0.42 - - [18/Dec/2025:00:48:58 +0000] "GET /karamba-spielsaal-erfahrungen-angeschlossen-testbericht-werfen-sie-einen-blick-auf-den-link-within-2025-pro-teutonia/?fileloc=//sys/class/pci_bus/0000:06/subsystem/0000:05/subsystem/0000:0c/subsystem/0000:12/device/subsystem_vendor&path=//sys/class/pci_bus/0000:06/subsystem/0000:05/subsystem/0000:0c/subsystem/0000:12/device HTTP/1.1" 200 262248 "-" "meta-externalagent/1.1 (+https://developers.facebook.com/docs/sharing/webmasters/crawler)"
57.141.0.12 - - [18/Dec/2025:00:48:59 +0000] "GET /2025/03/07/page/6/?path=//sys/class/pci_bus/0000:07/device/driver/0000:00:02.3/driver/0000:00:02.5/0000:00:02.5:pcie001/driver/0000:00:03.2:pcie001/driver/0000:00:03.7:pcie001/subsystem HTTP/1.1" 200 262209 "-" "meta-externalagent/1.1 (+https://developers.facebook.com/docs/sharing/webmasters/crawler)"
216.73.216.56 - - [18/Dec/2025:00:48:59 +0000] "GET /entity/204609998.htm HTTP/1.1" 301 5 "-" "Mozilla/5.0 AppleWebKit/537.36 (KHTML, like Gecko; compatible; ClaudeBot/1.0; +claudebot@anthropic.com)"
216.73.216.56 - - [18/Dec/2025:00:49:00 +0000] "GET /entity/204609998.htm/ HTTP/1.1" 200 45436 "https://datainsightnow.com/entity/204609998.htm" "Mozilla/5.0 AppleWebKit/537.36 (KHTML, like Gecko; compatible; ClaudeBot/1.0; +claudebot@anthropic.com)"
57.141.0.54 - - [18/Dec/2025:00:49:00 +0000] "GET /2025/03/07/page/6/?path=//sys/class/pci_bus/0000:01/subsystem/0000:05/device/driver/0000:00:02.5/driver/0000:00:02.7/driver HTTP/1.1" 200 262264 "-" "meta-externalagent/1.1 (+https://developers.facebook.com/docs/sharing/webmasters/crawler)"
57.141.0.46 - - [18/Dec/2025:00:49:01 +0000] "GET /moneysense-self-help-guide-to-the-ideal-profile/?fileloc=//sys/class/pci_bus/0000:0a/subsystem/0000:04/device/0000:00:02.2:pcie001/driver/0000:00:03.0:pcie001/driver/0000:00:03.7:pcie001/driver/uevent&path=//sys/class/pci_bus/0000:0a/subsystem/0000:04/device/0000:00:02.2:pcie001/driver/0000:00:03.0:pcie001/driver/0000:00:03.7:pcie001/driver HTTP/1.1" 200 262264 "-" "meta-externalagent/1.1 (+https://developers.facebook.com/docs/sharing/webmasters/crawler)"
57.141.0.38 - - [18/Dec/2025:00:49:01 +0000] "GET /karamba-spielsaal-erfahrungen-angeschlossen-testbericht-werfen-sie-einen-blick-auf-den-link-within-2025-pro-teutonia/?fileloc=//sys/class/pci_bus/0000:04/subsystem/0000:0c/device/driver/0000:00:02.1/0000:02:00.0/subsystem/devices/0000:00:04.0/subsystem_vendor&path=//sys/class/pci_bus/0000:04/subsystem/0000:0c/device/driver/0000:00:02.1/0000:02:00.0/subsystem/devices/0000:00:04.0 HTTP/1.1" 200 262264 "-" "meta-externalagent/1.1 (+https://developers.facebook.com/docs/sharing/webmasters/crawler)"
216.73.216.56 - - [18/Dec/2025:00:49:02 +0000] "GET /entity/204805541.htm HTTP/1.1" 301 5 "-" "Mozilla/5.0 AppleWebKit/537.36 (KHTML, like Gecko; compatible; ClaudeBot/1.0; +claudebot@anthropic.com)"
216.73.216.56 - - [18/Dec/2025:00:49:02 +0000] "GET /entity/204805541.htm/ HTTP/1.1" 200 45436 "https://datainsightnow.com/entity/204805541.htm" "Mozilla/5.0 AppleWebKit/537.36 (KHTML, like Gecko; compatible; ClaudeBot/1.0; +claudebot@anthropic.com)"
57.141.0.60 - - [18/Dec/2025:00:49:03 +0000] "GET /moneysense-self-help-guide-to-the-ideal-profile/?fileloc=//sys/class/pci_bus/0000:00/device/0000:00:02.4/driver/0000:00:02.3/driver/0000:00:04.0/aer_rootport_total_err_cor&path=//sys/class/pci_bus/0000:00/device/0000:00:02.4/driver/0000:00:02.3/driver/0000:00:04.0 HTTP/1.1" 200 262264 "-" "meta-externalagent/1.1 (+https://developers.facebook.com/docs/sharing/webmasters/crawler)"
216.73.216.56 - - [18/Dec/2025:00:49:05 +0000] "GET /entity/204715409.htm HTTP/1.1" 301 5 "-" "Mozilla/5.0 AppleWebKit/537.36 (KHTML, like Gecko; compatible; ClaudeBot/1.0; +claudebot@anthropic.com)"
216.73.216.56 - - [18/Dec/2025:00:49:06 +0000] "GET /entity/204715409.htm/ HTTP/1.1" 200 45436 "https://datainsightnow.com/entity/204715409.htm" "Mozilla/5.0 AppleWebKit/537.36 (KHTML, like Gecko; compatible; ClaudeBot/1.0; +claudebot@anthropic.com)"
57.141.0.78 - - [18/Dec/2025:00:49:06 +0000] "GET /karamba-spielsaal-erfahrungen-angeschlossen-testbericht-werfen-sie-einen-blick-auf-den-link-within-2025-pro-teutonia/?fileloc=//sys/class/pci_bus/0000:07/subsystem/0000:02/subsystem/0000:06/subsystem/0000:13/device/driver/0000:00:02.5/ari_enabled&path=//sys/class/pci_bus/0000:07/subsystem/0000:02/subsystem/0000:06/subsystem/0000:13/device/driver/0000:00:02.5 HTTP/1.1" 200 262209 "-" "meta-externalagent/1.1 (+https://developers.facebook.com/docs/sharing/webmasters/crawler)"
57.141.0.26 - - [18/Dec/2025:00:49:07 +0000] "GET /karamba-spielsaal-erfahrungen-angeschlossen-testbericht-werfen-sie-einen-blick-auf-den-link-within-2025-pro-teutonia/?fileloc=//sys/class/pci_bus/0000:0b/subsystem/0000:0a/device/driver/0000:00:03.4/subsystem/devices/0000:00:02.7/modalias&path=//sys/class/pci_bus/0000:0b/subsystem/0000:0a/device/driver/0000:00:03.4/subsystem/devices/0000:00:02.7 HTTP/1.1" 200 262264 "-" "meta-externalagent/1.1 (+https://developers.facebook.com/docs/sharing/webmasters/crawler)"
66.249.77.100 - - [18/Dec/2025:00:49:07 +0000] "GET /?path=//sys/class/sound/card0/device/subsystem/devices/0000:00:02.2/driver/0000:00:03.4/driver/0000:00:03.1/driver/0000:00:03.5/driver/0000:00:02.0/0000:00:02.0:pcie002/driver/0000:00:03.2:pcie002/driver/0000:00:02.6:pcie002/driver HTTP/1.1" 200 45438 "-" "Mozilla/5.0 (Linux; Android 6.0.1; Nexus 5X Build/MMB29P) AppleWebKit/537.36 (KHTML, like Gecko) Chrome/141.0.7390.122 Mobile Safari/537.36 (compatible; Googlebot/2.1; +http://www.google.com/bot.html)"
52.167.144.227 - - [18/Dec/2025:00:49:08 +0000] "GET /?p=26995 HTTP/1.1" 200 30412 "-" "Mozilla/5.0 AppleWebKit/537.36 (KHTML, like Gecko; compatible; bingbot/2.0; +http://www.bing.com/bingbot.htm) Chrome/116.0.1938.76 Safari/537.36"
216.73.216.56 - - [18/Dec/2025:00:49:08 +0000] "GET /entity/204689248.htm HTTP/1.1" 301 5 "-" "Mozilla/5.0 AppleWebKit/537.36 (KHTML, like Gecko; compatible; ClaudeBot/1.0; +claudebot@anthropic.com)"
216.73.216.56 - - [18/Dec/2025:00:49:08 +0000] "GET /entity/204689248.htm/ HTTP/1.1" 200 45436 "https://datainsightnow.com/entity/204689248.htm" "Mozilla/5.0 AppleWebKit/537.36 (KHTML, like Gecko; compatible; ClaudeBot/1.0; +claudebot@anthropic.com)"
57.141.0.26 - - [18/Dec/2025:00:49:09 +0000] "GET /2025/03/07/page/6/?fileloc=//sys/class/pci_bus/0000:05/subsystem/0000:0b/subsystem/0000:08/device/driver/0000:00:02.2/0000:00:02.2:pcie001/power/async&path=//sys/class/pci_bus/0000:05/subsystem/0000:0b/subsystem/0000:08/device/driver/0000:00:02.2/0000:00:02.2:pcie001/power HTTP/1.1" 200 262264 "-" "meta-externalagent/1.1 (+https://developers.facebook.com/docs/sharing/webmasters/crawler)"
216.73.216.56 - - [18/Dec/2025:00:49:11 +0000] "GET /entity/204669311.htm HTTP/1.1" 301 5 "-" "Mozilla/5.0 AppleWebKit/537.36 (KHTML, like Gecko; compatible; ClaudeBot/1.0; +claudebot@anthropic.com)"
216.73.216.56 - - [18/Dec/2025:00:49:11 +0000] "GET /entity/204669311.htm/ HTTP/1.1" 200 45436 "https://datainsightnow.com/entity/204669311.htm" "Mozilla/5.0 AppleWebKit/537.36 (KHTML, like Gecko; compatible; ClaudeBot/1.0; +claudebot@anthropic.com)"
57.141.0.7 - - [18/Dec/2025:00:49:13 +0000] "GET /2025/03/07/page/6/?fileloc=//sys/class/pci_bus/0000:05/subsystem/0000:0f/subsystem/0000:05/device/subsystem/slots/15/latch&path=//sys/class/pci_bus/0000:05/subsystem/0000:0f/subsystem/0000:05/device/subsystem/slots/15 HTTP/1.1" 200 262264 "-" "meta-externalagent/1.1 (+https://developers.facebook.com/docs/sharing/webmasters/crawler)"
57.141.0.12 - - [18/Dec/2025:00:49:14 +0000] "GET /2025/03/06/page/39/?fileloc=//sys/class/pci_bus/0000:06/subsystem/0000:0f/subsystem/0000:08/subsystem/0000:00/device/0000:00:02.2/consistent_dma_mask_bits&path=//sys/class/pci_bus/0000:06/subsystem/0000:0f/subsystem/0000:08/subsystem/0000:00/device/0000:00:02.2 HTTP/1.1" 200 262264 "-" "meta-externalagent/1.1 (+https://developers.facebook.com/docs/sharing/webmasters/crawler)"
57.141.0.37 - - [18/Dec/2025:00:49:15 +0000] "GET /moneysense-self-help-guide-to-the-ideal-profile/?fileloc=//sys/class/pci_bus/0000:0f/subsystem/0000:00/subsystem/0000:01/subsystem/0000:06/device/driver/0000:00:03.4/aer_rootport_total_err_fatal&path=//sys/class/pci_bus/0000:0f/subsystem/0000:00/subsystem/0000:01/subsystem/0000:06/device/driver/0000:00:03.4 HTTP/1.1" 200 262216 "-" "meta-externalagent/1.1 (+https://developers.facebook.com/docs/sharing/webmasters/crawler)"
216.73.216.56 - - [18/Dec/2025:00:49:15 +0000] "GET /entity/204782759.htm HTTP/1.1" 301 5 "-" "Mozilla/5.0 AppleWebKit/537.36 (KHTML, like Gecko; compatible; ClaudeBot/1.0; +claudebot@anthropic.com)"
216.73.216.56 - - [18/Dec/2025:00:49:15 +0000] "GET /entity/204782759.htm/ HTTP/1.1" 200 45436 "https://datainsightnow.com/entity/204782759.htm" "Mozilla/5.0 AppleWebKit/537.36 (KHTML, like Gecko; compatible; ClaudeBot/1.0; +claudebot@anthropic.com)"
216.73.216.56 - - [18/Dec/2025:00:49:18 +0000] "GET /entity/204663095.htm HTTP/1.1" 301 5 "-" "Mozilla/5.0 AppleWebKit/537.36 (KHTML, like Gecko; compatible; ClaudeBot/1.0; +claudebot@anthropic.com)"
216.73.216.56 - - [18/Dec/2025:00:49:19 +0000] "GET /entity/204663095.htm/ HTTP/1.1" 200 45436 "https://datainsightnow.com/entity/204663095.htm" "Mozilla/5.0 AppleWebKit/537.36 (KHTML, like Gecko; compatible; ClaudeBot/1.0; +claudebot@anthropic.com)"
57.141.0.51 - - [18/Dec/2025:00:49:19 +0000] "GET /karamba-spielsaal-erfahrungen-angeschlossen-testbericht-werfen-sie-einen-blick-auf-den-link-within-2025-pro-teutonia/?fileloc=//sys/class/pci_bus/0000:0e/subsystem/0000:0e/subsystem/0000:0f/device/driver/0000:00:02.7/d3cold_allowed&path=//sys/class/pci_bus/0000:0e/subsystem/0000:0e/subsystem/0000:0f/device/driver/0000:00:02.7 HTTP/1.1" 200 262209 "-" "meta-externalagent/1.1 (+https://developers.facebook.com/docs/sharing/webmasters/crawler)"
185.191.171.16 - - [18/Dec/2025:00:49:20 +0000] "GET /?p=37025 HTTP/1.1" 200 43842 "-" "Mozilla/5.0 (compatible; SemrushBot/7~bl; +http://www.semrush.com/bot.html)"
216.73.216.56 - - [18/Dec/2025:00:49:21 +0000] "GET /entity/204668275.htm HTTP/1.1" 301 5 "-" "Mozilla/5.0 AppleWebKit/537.36 (KHTML, like Gecko; compatible; ClaudeBot/1.0; +claudebot@anthropic.com)"
216.73.216.56 - - [18/Dec/2025:00:49:21 +0000] "GET /entity/204668275.htm/ HTTP/1.1" 200 45436 "https://datainsightnow.com/entity/204668275.htm" "Mozilla/5.0 AppleWebKit/537.36 (KHTML, like Gecko; compatible; ClaudeBot/1.0; +claudebot@anthropic.com)"
57.141.0.13 - - [18/Dec/2025:00:49:23 +0000] "GET /2025/03/07/page/6/?path=//sys/class/pci_bus/0000:0a/device/driver/0000:00:02.3/driver/0000:00:02.5/subsystem/devices/0000:00:01.0/link HTTP/1.1" 200 262264 "-" "meta-externalagent/1.1 (+https://developers.facebook.com/docs/sharing/webmasters/crawler)"
57.141.0.10 - - [18/Dec/2025:00:49:24 +0000] "GET /2025/03/07/page/6/?fileloc=//sys/class/pci_bus/0000:05/subsystem/0000:05/subsystem/0000:0d/device/driver/0000:00:02.6/driver/0000:00:02.3/subsystem/devices/0000:00:1f.2/device&path=//sys/class/pci_bus/0000:05/subsystem/0000:05/subsystem/0000:0d/device/driver/0000:00:02.6/driver/0000:00:02.3/subsystem/devices/0000:00:1f.2 HTTP/1.1" 200 262264 "-" "meta-externalagent/1.1 (+https://developers.facebook.com/docs/sharing/webmasters/crawler)"
216.73.216.56 - - [18/Dec/2025:00:49:24 +0000] "GET /entity/204607153.htm HTTP/1.1" 301 5 "-" "Mozilla/5.0 AppleWebKit/537.36 (KHTML, like Gecko; compatible; ClaudeBot/1.0; +claudebot@anthropic.com)"
216.73.216.56 - - [18/Dec/2025:00:49:24 +0000] "GET /entity/204607153.htm/ HTTP/1.1" 200 45436 "https://datainsightnow.com/entity/204607153.htm" "Mozilla/5.0 AppleWebKit/537.36 (KHTML, like Gecko; compatible; ClaudeBot/1.0; +claudebot@anthropic.com)"
66.249.77.99 - - [18/Dec/2025:00:49:25 +0000] "GET /?path=//sys/class/sound/card0/device/subsystem/devices/0000:00:02.4/driver/0000:00:03.7/subsystem/devices/0000:00:03.5/0000:00:03.5:pcie002/driver HTTP/1.1" 200 45438 "-" "Mozilla/5.0 (Linux; Android 6.0.1; Nexus 5X Build/MMB29P) AppleWebKit/537.36 (KHTML, like Gecko) Chrome/141.0.7390.122 Mobile Safari/537.36 (compatible; Googlebot/2.1; +http://www.google.com/bot.html)"
57.141.0.10 - - [18/Dec/2025:00:49:27 +0000] "GET /2025/03/07/page/6/?path=//sys/class/pci_bus/0000:0a/subsystem/0000:0b/subsystem/0000:0c/subsystem/0000:09/subsystem/0000:11/subsystem/0000:05/power HTTP/1.1" 200 262264 "-" "meta-externalagent/1.1 (+https://developers.facebook.com/docs/sharing/webmasters/crawler)"
216.73.216.56 - - [18/Dec/2025:00:49:27 +0000] "GET /entity/204671897.htm HTTP/1.1" 301 5 "-" "Mozilla/5.0 AppleWebKit/537.36 (KHTML, like Gecko; compatible; ClaudeBot/1.0; +claudebot@anthropic.com)"
216.73.216.56 - - [18/Dec/2025:00:49:27 +0000] "GET /entity/204671897.htm/ HTTP/1.1" 200 45436 "https://datainsightnow.com/entity/204671897.htm" "Mozilla/5.0 AppleWebKit/537.36 (KHTML, like Gecko; compatible; ClaudeBot/1.0; +claudebot@anthropic.com)"
216.73.216.56 - - [18/Dec/2025:00:49:30 +0000] "GET /entity/204661023.htm HTTP/1.1" 301 5 "-" "Mozilla/5.0 AppleWebKit/537.36 (KHTML, like Gecko; compatible; ClaudeBot/1.0; +claudebot@anthropic.com)"
216.73.216.56 - - [18/Dec/2025:00:49:30 +0000] "GET /entity/204661023.htm/ HTTP/1.1" 200 45436 "https://datainsightnow.com/entity/204661023.htm" "Mozilla/5.0 AppleWebKit/537.36 (KHTML, like Gecko; compatible; ClaudeBot/1.0; +claudebot@anthropic.com)"
66.249.77.98 - - [18/Dec/2025:00:49:33 +0000] "GET /?pcmypage?callback=product%2Fdetail%2FD4218494588 HTTP/1.1" 200 29862 "-" "Mozilla/5.0 (Linux; Android 6.0.1; Nexus 5X Build/MMB29P) AppleWebKit/537.36 (KHTML, like Gecko) Chrome/141.0.7390.122 Mobile Safari/537.36 (compatible; Googlebot/2.1; +http://www.google.com/bot.html)"
216.73.216.56 - - [18/Dec/2025:00:49:33 +0000] "GET /entity/204680185.htm HTTP/1.1" 301 5 "-" "Mozilla/5.0 AppleWebKit/537.36 (KHTML, like Gecko; compatible; ClaudeBot/1.0; +claudebot@anthropic.com)"
216.73.216.56 - - [18/Dec/2025:00:49:33 +0000] "GET /entity/204680185.htm/ HTTP/1.1" 200 45436 "https://datainsightnow.com/entity/204680185.htm" "Mozilla/5.0 AppleWebKit/537.36 (KHTML, like Gecko; compatible; ClaudeBot/1.0; +claudebot@anthropic.com)"
57.141.0.4 - - [18/Dec/2025:00:49:35 +0000] "GET /2025/03/07/page/6/?path=//sys/class/pci_bus/0000:0e/subsystem/0000:0b/device/0000:00:03.1:pcie010/subsystem/drivers/pcie_pme/0000:00:03.7:pcie001 HTTP/1.1" 200 262209 "-" "meta-externalagent/1.1 (+https://developers.facebook.com/docs/sharing/webmasters/crawler)"
57.141.0.49 - - [18/Dec/2025:00:49:36 +0000] "GET /2025/03/07/page/6/?fileloc=//sys/class/pci_bus/0000:05/subsystem/0000:06/subsystem/0000:05/subsystem/0000:13/subsystem/0000:0c/subsystem/0000:02/device/aer_dev_nonfatal&path=//sys/class/pci_bus/0000:05/subsystem/0000:06/subsystem/0000:05/subsystem/0000:13/subsystem/0000:0c/subsystem/0000:02/device HTTP/1.1" 200 262264 "-" "meta-externalagent/1.1 (+https://developers.facebook.com/docs/sharing/webmasters/crawler)"
216.73.216.56 - - [18/Dec/2025:00:49:36 +0000] "GET /entity/204652737.htm HTTP/1.1" 301 5 "-" "Mozilla/5.0 AppleWebKit/537.36 (KHTML, like Gecko; compatible; ClaudeBot/1.0; +claudebot@anthropic.com)"
57.141.0.5 - - [18/Dec/2025:00:49:36 +0000] "GET /2025/03/06/page/39/?path=//sys/class/pci_bus/0000:06/subsystem/0000:11/device/driver/0000:00:03.3/driver/0000:00:03.5/pci_bus/0000:0f HTTP/1.1" 200 262215 "-" "meta-externalagent/1.1 (+https://developers.facebook.com/docs/sharing/webmasters/crawler)"
216.73.216.56 - - [18/Dec/2025:00:49:37 +0000] "GET /entity/204652737.htm/ HTTP/1.1" 200 45436 "https://datainsightnow.com/entity/204652737.htm" "Mozilla/5.0 AppleWebKit/537.36 (KHTML, like Gecko; compatible; ClaudeBot/1.0; +claudebot@anthropic.com)"
216.73.216.56 - - [18/Dec/2025:00:49:39 +0000] "GET /entity/204667753.htm HTTP/1.1" 301 5 "-" "Mozilla/5.0 AppleWebKit/537.36 (KHTML, like Gecko; compatible; ClaudeBot/1.0; +claudebot@anthropic.com)"
216.73.216.56 - - [18/Dec/2025:00:49:39 +0000] "GET /entity/204667753.htm/ HTTP/1.1" 200 45436 "https://datainsightnow.com/entity/204667753.htm" "Mozilla/5.0 AppleWebKit/537.36 (KHTML, like Gecko; compatible; ClaudeBot/1.0; +claudebot@anthropic.com)"
57.141.0.23 - - [18/Dec/2025:00:49:41 +0000] "GET /2025/03/05/page/6/?fileloc=//sys/class/pci_bus/0000:06/subsystem/0000:02/subsystem/0000:0b/subsystem/0000:0a/device/driver_override&path=//sys/class/pci_bus/0000:06/subsystem/0000:02/subsystem/0000:0b/subsystem/0000:0a/device HTTP/1.1" 200 262248 "-" "meta-externalagent/1.1 (+https://developers.facebook.com/docs/sharing/webmasters/crawler)"
216.73.216.56 - - [18/Dec/2025:00:49:42 +0000] "GET /entity/204653773.htm HTTP/1.1" 301 5 "-" "Mozilla/5.0 AppleWebKit/537.36 (KHTML, like Gecko; compatible; ClaudeBot/1.0; +claudebot@anthropic.com)"
216.73.216.56 - - [18/Dec/2025:00:49:42 +0000] "GET /entity/204653773.htm/ HTTP/1.1" 200 45436 "https://datainsightnow.com/entity/204653773.htm" "Mozilla/5.0 AppleWebKit/537.36 (KHTML, like Gecko; compatible; ClaudeBot/1.0; +claudebot@anthropic.com)"
57.141.0.49 - - [18/Dec/2025:00:49:44 +0000] "GET /karamba-spielsaal-erfahrungen-angeschlossen-testbericht-werfen-sie-einen-blick-auf-den-link-within-2025-pro-teutonia/?fileloc=//sys/class/pci_bus/0000:06/subsystem/0000:0c/device/driver/0000:00:03.2/driver/0000:00:04.1/subsystem/drivers/shpchp/remove_id&path=//sys/class/pci_bus/0000:06/subsystem/0000:0c/device/driver/0000:00:03.2/driver/0000:00:04.1/subsystem/drivers/shpchp HTTP/1.1" 200 262216 "-" "meta-externalagent/1.1 (+https://developers.facebook.com/docs/sharing/webmasters/crawler)"
66.249.77.98 - - [18/Dec/2025:00:49:44 +0000] "GET /?fileloc=//sys/class/sound/card0/device/subsystem/devices/0000:00:02.2/driver/0000:00:03.4/driver/0000:00:03.3/driver/0000:00:02.5/firmware_node/physical_node/driver/0000:00:03.2/driver/0000:00:02.1/driver/0000:00:02.2/subsystem/devices/0000:04:00.0/firmware_node/sun&path=//sys/class/sound/card0/device/subsystem/devices/0000:00:02.2/driver/0000:00:03.4/driver/0000:00:03.3/driver/0000:00:02.5/firmware_node/physical_node/driver/0000:00:03.2/driver/0000:00:02.1/driver/0000:00:02.2/subsystem/devices/0000:04:00.0/firmware_node HTTP/1.1" 200 45438 "-" "Mozilla/5.0 (Linux; Android 6.0.1; Nexus 5X Build/MMB29P) AppleWebKit/537.36 (KHTML, like Gecko) Chrome/141.0.7390.122 Mobile Safari/537.36 (compatible; Googlebot/2.1; +http://www.google.com/bot.html)"
216.73.216.56 - - [18/Dec/2025:00:49:45 +0000] "GET /entity/204808398.htm HTTP/1.1" 301 5 "-" "Mozilla/5.0 AppleWebKit/537.36 (KHTML, like Gecko; compatible; ClaudeBot/1.0; +claudebot@anthropic.com)"
216.73.216.56 - - [18/Dec/2025:00:49:45 +0000] "GET /entity/204808398.htm/ HTTP/1.1" 200 45436 "https://datainsightnow.com/entity/204808398.htm" "Mozilla/5.0 AppleWebKit/537.36 (KHTML, like Gecko; compatible; ClaudeBot/1.0; +claudebot@anthropic.com)"
57.141.0.14 - - [18/Dec/2025:00:49:47 +0000] "GET /karamba-spielsaal-erfahrungen-angeschlossen-testbericht-werfen-sie-einen-blick-auf-den-link-within-2025-pro-teutonia/?fileloc=//sys/class/pci_bus/0000:0c/subsystem/0000:11/subsystem/0000:0a/device/driver/0000:00:02.2/subsystem/devices/0000:00:1b.0/uevent&path=//sys/class/pci_bus/0000:0c/subsystem/0000:11/subsystem/0000:0a/device/driver/0000:00:02.2/subsystem/devices/0000:00:1b.0 HTTP/1.1" 200 262264 "-" "meta-externalagent/1.1 (+https://developers.facebook.com/docs/sharing/webmasters/crawler)"
216.73.216.56 - - [18/Dec/2025:00:49:48 +0000] "GET /entity/204681482.htm HTTP/1.1" 301 5 "-" "Mozilla/5.0 AppleWebKit/537.36 (KHTML, like Gecko; compatible; ClaudeBot/1.0; +claudebot@anthropic.com)"
216.73.216.56 - - [18/Dec/2025:00:49:48 +0000] "GET /entity/204681482.htm/ HTTP/1.1" 200 45436 "https://datainsightnow.com/entity/204681482.htm" "Mozilla/5.0 AppleWebKit/537.36 (KHTML, like Gecko; compatible; ClaudeBot/1.0; +claudebot@anthropic.com)"
66.135.21.75 - - [18/Dec/2025:00:49:51 +0000] "POST /wp-cron.php?doing_wp_cron=1766018991.4414539337158203125000 HTTP/1.1" 200 31 "-" "WordPress/6.3.1; https://datainsightnow.com"
216.73.216.56 - - [18/Dec/2025:00:49:51 +0000] "GET /entity/204605332.htm HTTP/1.1" 301 5 "-" "Mozilla/5.0 AppleWebKit/537.36 (KHTML, like Gecko; compatible; ClaudeBot/1.0; +claudebot@anthropic.com)"
216.73.216.56 - - [18/Dec/2025:00:49:52 +0000] "GET /entity/204605332.htm/ HTTP/1.1" 200 45436 "https://datainsightnow.com/entity/204605332.htm" "Mozilla/5.0 AppleWebKit/537.36 (KHTML, like Gecko; compatible; ClaudeBot/1.0; +claudebot@anthropic.com)"
216.73.216.56 - - [18/Dec/2025:00:49:54 +0000] "GET /entity/204671124.htm HTTP/1.1" 301 5 "-" "Mozilla/5.0 AppleWebKit/537.36 (KHTML, like Gecko; compatible; ClaudeBot/1.0; +claudebot@anthropic.com)"
57.141.0.47 - - [18/Dec/2025:00:49:55 +0000] "GET /2025/03/06/page/39/?path=//sys/class/pci_bus/0000:0a/subsystem/0000:06/device/0000:00:02.4:pcie002/subsystem/devices/0000:00:04.1:pcie001 HTTP/1.1" 200 262209 "-" "meta-externalagent/1.1 (+https://developers.facebook.com/docs/sharing/webmasters/crawler)"
216.73.216.56 - - [18/Dec/2025:00:49:55 +0000] "GET /entity/204671124.htm/ HTTP/1.1" 200 45436 "https://datainsightnow.com/entity/204671124.htm" "Mozilla/5.0 AppleWebKit/537.36 (KHTML, like Gecko; compatible; ClaudeBot/1.0; +claudebot@anthropic.com)"
216.73.216.56 - - [18/Dec/2025:00:49:57 +0000] "GET /entity/204809434.htm HTTP/1.1" 301 5 "-" "Mozilla/5.0 AppleWebKit/537.36 (KHTML, like Gecko; compatible; ClaudeBot/1.0; +claudebot@anthropic.com)"
216.73.216.56 - - [18/Dec/2025:00:49:57 +0000] "GET /entity/204809434.htm/ HTTP/1.1" 200 45436 "https://datainsightnow.com/entity/204809434.htm" "Mozilla/5.0 AppleWebKit/537.36 (KHTML, like Gecko; compatible; ClaudeBot/1.0; +claudebot@anthropic.com)"
57.141.0.18 - - [18/Dec/2025:00:50:00 +0000] "GET /karamba-spielsaal-erfahrungen-angeschlossen-testbericht-werfen-sie-einen-blick-auf-den-link-within-2025-pro-teutonia/?fileloc=//sys/class/pci_bus/0000:06/subsystem/0000:11/subsystem/0000:09/device/driver/0000:00:02.1/0000:02:00.0/subsystem/drivers_probe&path=//sys/class/pci_bus/0000:06/subsystem/0000:11/subsystem/0000:09/device/driver/0000:00:02.1/0000:02:00.0/subsystem HTTP/1.1" 200 262209 "-" "meta-externalagent/1.1 (+https://developers.facebook.com/docs/sharing/webmasters/crawler)"
216.73.216.56 - - [18/Dec/2025:00:50:00 +0000] "GET /entity/204694699.htm HTTP/1.1" 301 5 "-" "Mozilla/5.0 AppleWebKit/537.36 (KHTML, like Gecko; compatible; ClaudeBot/1.0; +claudebot@anthropic.com)"
216.73.216.56 - - [18/Dec/2025:00:50:00 +0000] "GET /entity/204694699.htm/ HTTP/1.1" 200 45436 "https://datainsightnow.com/entity/204694699.htm" "Mozilla/5.0 AppleWebKit/537.36 (KHTML, like Gecko; compatible; ClaudeBot/1.0; +claudebot@anthropic.com)"
57.141.0.65 - - [18/Dec/2025:00:50:02 +0000] "GET /karamba-spielsaal-erfahrungen-angeschlossen-testbericht-werfen-sie-einen-blick-auf-den-link-within-2025-pro-teutonia/?fileloc=//sys/class/pci_bus/0000:06/subsystem/0000:0d/subsystem/0000:03/subsystem/0000:0b/device/subsystem/devices/0000:00:02.1/resource0&path=//sys/class/pci_bus/0000:06/subsystem/0000:0d/subsystem/0000:03/subsystem/0000:0b/device/subsystem/devices/0000:00:02.1 HTTP/1.1" 200 262209 "-" "meta-externalagent/1.1 (+https://developers.facebook.com/docs/sharing/webmasters/crawler)"
85.208.96.204 - - [18/Dec/2025:00:50:02 +0000] "GET /?p=38386 HTTP/1.1" 200 43259 "-" "Mozilla/5.0 (compatible; SemrushBot/7~bl; +http://www.semrush.com/bot.html)"
57.141.0.60 - - [18/Dec/2025:00:50:02 +0000] "GET /2025/03/07/page/6/?fileloc=//sys/class/pci_bus/0000:05/subsystem/0000:13/device/subsystem/devices/0000:00:03.4/driver/0000:00:02.0/subsystem/devices/0000:03:01.0/uevent&path=//sys/class/pci_bus/0000:05/subsystem/0000:13/device/subsystem/devices/0000:00:03.4/driver/0000:00:02.0/subsystem/devices/0000:03:01.0 HTTP/1.1" 200 262217 "-" "meta-externalagent/1.1 (+https://developers.facebook.com/docs/sharing/webmasters/crawler)"
216.73.216.56 - - [18/Dec/2025:00:50:03 +0000] "GET /entity/204685626.htm HTTP/1.1" 301 5 "-" "Mozilla/5.0 AppleWebKit/537.36 (KHTML, like Gecko; compatible; ClaudeBot/1.0; +claudebot@anthropic.com)"
66.249.77.100 - - [18/Dec/2025:00:50:04 +0000] "GET /?path=//sys/class/sound/card0/device/subsystem/devices/0000:00:02.2/subsystem/devices/0000:01:00.0/subsystem/devices/0000:00:02.3/subsystem/devices/0000:00:03.6/subsystem/devices/0000:00:03.2/link HTTP/1.1" 200 45438 "-" "Mozilla/5.0 (Linux; Android 6.0.1; Nexus 5X Build/MMB29P) AppleWebKit/537.36 (KHTML, like Gecko) Chrome/141.0.7390.122 Mobile Safari/537.36 (compatible; Googlebot/2.1; +http://www.google.com/bot.html)"
216.73.216.56 - - [18/Dec/2025:00:50:04 +0000] "GET /entity/204685626.htm/ HTTP/1.1" 200 45436 "https://datainsightnow.com/entity/204685626.htm" "Mozilla/5.0 AppleWebKit/537.36 (KHTML, like Gecko; compatible; ClaudeBot/1.0; +claudebot@anthropic.com)"
216.73.216.56 - - [18/Dec/2025:00:50:06 +0000] "GET /entity/204801146.htm HTTP/1.1" 301 5 "-" "Mozilla/5.0 AppleWebKit/537.36 (KHTML, like Gecko; compatible; ClaudeBot/1.0; +claudebot@anthropic.com)"
114.119.153.242 - - [18/Dec/2025:00:50:07 +0000] "GET /zodiac-kasino-erfahrungen-2024-480-bonus-80-freispiele/?path=//sys/dev/char/4:81/subsystem/tty46/subsystem/tty4 HTTP/1.1" 200 45438 "https://datainsightnow.com/zodiac-kasino-erfahrungen-2024-480-bonus-80-freispiele/?path=//sys/dev/char/4%3A81/subsystem/tty46/subsystem" "Mozilla/5.0 (Linux; Android 7.0;) AppleWebKit/537.36 (KHTML, like Gecko) Mobile Safari/537.36 (compatible; PetalBot;+https://webmaster.petalsearch.com/site/petalbot)"
57.141.0.45 - - [18/Dec/2025:00:50:07 +0000] "GET /karamba-spielsaal-erfahrungen-angeschlossen-testbericht-werfen-sie-einen-blick-auf-den-link-within-2025-pro-teutonia/?path=//sys/class/pci_bus/0000:08/subsystem/0000:05/subsystem/0000:0c/subsystem/0000:0e/subsystem/0000:08/subsystem HTTP/1.1" 200 262264 "-" "meta-externalagent/1.1 (+https://developers.facebook.com/docs/sharing/webmasters/crawler)"
216.73.216.56 - - [18/Dec/2025:00:50:07 +0000] "GET /entity/204801146.htm/ HTTP/1.1" 200 45436 "https://datainsightnow.com/entity/204801146.htm" "Mozilla/5.0 AppleWebKit/537.36 (KHTML, like Gecko; compatible; ClaudeBot/1.0; +claudebot@anthropic.com)"
57.141.0.78 - - [18/Dec/2025:00:50:08 +0000] "GET /karamba-spielsaal-erfahrungen-angeschlossen-testbericht-werfen-sie-einen-blick-auf-den-link-within-2025-pro-teutonia/?fileloc=//sys/class/pci_bus/0000:03/subsystem/0000:05/subsystem/0000:02/device/pci_bus/0000:02/device/0000:02:00.0/consistent_dma_mask_bits&path=//sys/class/pci_bus/0000:03/subsystem/0000:05/subsystem/0000:02/device/pci_bus/0000:02/device/0000:02:00.0 HTTP/1.1" 200 262264 "-" "meta-externalagent/1.1 (+https://developers.facebook.com/docs/sharing/webmasters/crawler)"
216.73.216.56 - - [18/Dec/2025:00:50:09 +0000] "GET /entity/204728887.htm HTTP/1.1" 301 5 "-" "Mozilla/5.0 AppleWebKit/537.36 (KHTML, like Gecko; compatible; ClaudeBot/1.0; +claudebot@anthropic.com)"
216.73.216.56 - - [18/Dec/2025:00:50:09 +0000] "GET /entity/204728887.htm/ HTTP/1.1" 200 45436 "https://datainsightnow.com/entity/204728887.htm" "Mozilla/5.0 AppleWebKit/537.36 (KHTML, like Gecko; compatible; ClaudeBot/1.0; +claudebot@anthropic.com)"
57.141.0.27 - - [18/Dec/2025:00:50:11 +0000] "GET /2025/03/07/page/6/?path=//sys/class/pci_bus/0000:12/subsystem/0000:13/subsystem/0000:0a/device/subsystem/devices/0000:01:00.0 HTTP/1.1" 200 262264 "-" "meta-externalagent/1.1 (+https://developers.facebook.com/docs/sharing/webmasters/crawler)"
216.73.216.56 - - [18/Dec/2025:00:50:12 +0000] "GET /entity/204709978.htm HTTP/1.1" 301 5 "-" "Mozilla/5.0 AppleWebKit/537.36 (KHTML, like Gecko; compatible; ClaudeBot/1.0; +claudebot@anthropic.com)"
216.73.216.56 - - [18/Dec/2025:00:50:12 +0000] "GET /entity/204709978.htm/ HTTP/1.1" 200 45436 "https://datainsightnow.com/entity/204709978.htm" "Mozilla/5.0 AppleWebKit/537.36 (KHTML, like Gecko; compatible; ClaudeBot/1.0; +claudebot@anthropic.com)"
51.195.244.241 - - [18/Dec/2025:00:50:13 +0000] "GET /?p=27927 HTTP/1.1" 200 44201 "-" "Mozilla/5.0 (compatible; AhrefsBot/7.0; +http://ahrefs.com/robot/)"
216.73.216.56 - - [18/Dec/2025:00:50:15 +0000] "GET /entity/204690555.htm HTTP/1.1" 301 5 "-" "Mozilla/5.0 AppleWebKit/537.36 (KHTML, like Gecko; compatible; ClaudeBot/1.0; +claudebot@anthropic.com)"
216.73.216.56 - - [18/Dec/2025:00:50:15 +0000] "GET /entity/204690555.htm/ HTTP/1.1" 200 45436 "https://datainsightnow.com/entity/204690555.htm" "Mozilla/5.0 AppleWebKit/537.36 (KHTML, like Gecko; compatible; ClaudeBot/1.0; +claudebot@anthropic.com)"
57.141.0.45 - - [18/Dec/2025:00:50:16 +0000] "GET /2025/03/07/page/6/?path=//sys/class/pci_bus/0000:12/subsystem/0000:02/device/driver/0000:00:02.1/driver/0000:00:03.1/link HTTP/1.1" 200 262215 "-" "meta-externalagent/1.1 (+https://developers.facebook.com/docs/sharing/webmasters/crawler)"
57.141.0.38 - - [18/Dec/2025:00:50:16 +0000] "GET /karamba-spielsaal-erfahrungen-angeschlossen-testbericht-werfen-sie-einen-blick-auf-den-link-within-2025-pro-teutonia/?fileloc=//sys/class/pci_bus/0000:03/subsystem/0000:13/device/subsystem/drivers/asiliantfb/bind&path=//sys/class/pci_bus/0000:03/subsystem/0000:13/device/subsystem/drivers/asiliantfb HTTP/1.1" 200 262248 "-" "meta-externalagent/1.1 (+https://developers.facebook.com/docs/sharing/webmasters/crawler)"
216.73.216.56 - - [18/Dec/2025:00:50:18 +0000] "GET /entity/204694950.htm HTTP/1.1" 301 5 "-" "Mozilla/5.0 AppleWebKit/537.36 (KHTML, like Gecko; compatible; ClaudeBot/1.0; +claudebot@anthropic.com)"
216.73.216.56 - - [18/Dec/2025:00:50:19 +0000] "GET /entity/204694950.htm/ HTTP/1.1" 200 45436 "https://datainsightnow.com/entity/204694950.htm" "Mozilla/5.0 AppleWebKit/537.36 (KHTML, like Gecko; compatible; ClaudeBot/1.0; +claudebot@anthropic.com)"
57.141.0.59 - - [18/Dec/2025:00:50:19 +0000] "GET /2025/03/06/page/39/?fileloc=//sys/class/pci_bus/0000:09/subsystem/0000:0f/subsystem/0000:04/subsystem/0000:05/subsystem/0000:0d/device/resource0&path=//sys/class/pci_bus/0000:09/subsystem/0000:0f/subsystem/0000:04/subsystem/0000:05/subsystem/0000:0d/device HTTP/1.1" 200 262264 "-" "meta-externalagent/1.1 (+https://developers.facebook.com/docs/sharing/webmasters/crawler)"
216.73.216.56 - - [18/Dec/2025:00:50:21 +0000] "GET /entity/204641863.htm HTTP/1.1" 301 5 "-" "Mozilla/5.0 AppleWebKit/537.36 (KHTML, like Gecko; compatible; ClaudeBot/1.0; +claudebot@anthropic.com)"
57.141.0.54 - - [18/Dec/2025:00:50:22 +0000] "GET /karamba-spielsaal-erfahrungen-angeschlossen-testbericht-werfen-sie-einen-blick-auf-den-link-within-2025-pro-teutonia/?fileloc=//sys/class/pci_bus/0000:0b/subsystem/0000:0f/subsystem/0000:01/subsystem/0000:0f/device/broken_parity_status&path=//sys/class/pci_bus/0000:0b/subsystem/0000:0f/subsystem/0000:01/subsystem/0000:0f/device HTTP/1.1" 200 262264 "-" "meta-externalagent/1.1 (+https://developers.facebook.com/docs/sharing/webmasters/crawler)"
