216.73.216.56 - - [18/Dec/2025:01:28:04 +0000] "GET /index.php?rest_route=%2Fwp%2Fv2%2Fposts%2F16260 HTTP/1.1" 200 5112 "-" "Mozilla/5.0 AppleWebKit/537.36 (KHTML, like Gecko; compatible; ClaudeBot/1.0; +claudebot@anthropic.com)"
54.38.147.227 - - [18/Dec/2025:01:28:05 +0000] "GET /?p=36821 HTTP/1.1" 200 42524 "-" "Mozilla/5.0 (compatible; AhrefsBot/7.0; +http://ahrefs.com/robot/)"
217.182.195.140 - - [18/Dec/2025:01:28:06 +0000] "GET /?p=32015 HTTP/1.1" 200 42160 "-" "Mozilla/5.0 (compatible; MJ12bot/v1.4.8; http://mj12bot.com/)"
216.73.216.56 - - [18/Dec/2025:01:28:07 +0000] "GET /index.php?rest_route=%2Fwp%2Fv2%2Fposts%2F27533 HTTP/1.1" 200 4528 "-" "Mozilla/5.0 AppleWebKit/537.36 (KHTML, like Gecko; compatible; ClaudeBot/1.0; +claudebot@anthropic.com)"
57.141.0.43 - - [18/Dec/2025:01:28:08 +0000] "GET /2025/03/07/page/6/?path=//sys/class/pci_bus/0000:04/device/0000:00:02.2:pcie010/subsystem/devices/0000:00:02.3:pcie010/subsystem/drivers/aer/0000:00:02.0:pcie002 HTTP/1.1" 200 262209 "-" "meta-externalagent/1.1 (+https://developers.facebook.com/docs/sharing/webmasters/crawler)"
217.182.195.140 - - [18/Dec/2025:01:28:10 +0000] "GET /?p=32017 HTTP/1.1" 200 42335 "-" "Mozilla/5.0 (compatible; MJ12bot/v1.4.8; http://mj12bot.com/)"
216.73.216.56 - - [18/Dec/2025:01:28:10 +0000] "GET /index.php?rest_route=%2Fwp%2Fv2%2Fposts%2F49131 HTTP/1.1" 200 6605 "-" "Mozilla/5.0 AppleWebKit/537.36 (KHTML, like Gecko; compatible; ClaudeBot/1.0; +claudebot@anthropic.com)"
57.141.0.2 - - [18/Dec/2025:01:28:12 +0000] "GET /2025/03/06/page/39/?fileloc=//sys/class/pci_bus/0000:13/subsystem/0000:12/device/driver/0000:00:03.1/driver/0000:00:02.4/device&path=//sys/class/pci_bus/0000:13/subsystem/0000:12/device/driver/0000:00:03.1/driver/0000:00:02.4 HTTP/1.1" 200 262264 "-" "meta-externalagent/1.1 (+https://developers.facebook.com/docs/sharing/webmasters/crawler)"
57.141.0.77 - - [18/Dec/2025:01:28:12 +0000] "GET /2025/03/07/page/6/?path=//sys/class/pci_bus/0000:05/subsystem/0000:0d/subsystem/0000:0c/subsystem/0000:07/subsystem/0000:0c/subsystem/0000:13 HTTP/1.1" 200 262209 "-" "meta-externalagent/1.1 (+https://developers.facebook.com/docs/sharing/webmasters/crawler)"
216.73.216.56 - - [18/Dec/2025:01:28:13 +0000] "GET /index.php?rest_route=%2Fwp%2Fv2%2Fposts%2F12361 HTTP/1.1" 200 5408 "-" "Mozilla/5.0 AppleWebKit/537.36 (KHTML, like Gecko; compatible; ClaudeBot/1.0; +claudebot@anthropic.com)"
217.182.195.140 - - [18/Dec/2025:01:28:14 +0000] "GET /?p=32019 HTTP/1.1" 200 41634 "-" "Mozilla/5.0 (compatible; MJ12bot/v1.4.8; http://mj12bot.com/)"
57.141.0.57 - - [18/Dec/2025:01:28:15 +0000] "GET /2025/03/07/page/6/?fileloc=//sys/class/pci_bus/0000:01/device/driver/0000:00:02.2/driver/0000:00:02.6/driver/0000:00:03.0/msi_bus&path=//sys/class/pci_bus/0000:01/device/driver/0000:00:02.2/driver/0000:00:02.6/driver/0000:00:03.0 HTTP/1.1" 200 262248 "-" "meta-externalagent/1.1 (+https://developers.facebook.com/docs/sharing/webmasters/crawler)"
216.73.216.56 - - [18/Dec/2025:01:28:16 +0000] "GET /index.php?rest_route=%2Fwp%2Fv2%2Fposts%2F46253 HTTP/1.1" 200 4822 "-" "Mozilla/5.0 AppleWebKit/537.36 (KHTML, like Gecko; compatible; ClaudeBot/1.0; +claudebot@anthropic.com)"
217.182.195.140 - - [18/Dec/2025:01:28:17 +0000] "GET /?p=32021 HTTP/1.1" 200 43310 "-" "Mozilla/5.0 (compatible; MJ12bot/v1.4.8; http://mj12bot.com/)"
216.73.216.56 - - [18/Dec/2025:01:28:19 +0000] "GET /index.php?rest_route=%2Fwp%2Fv2%2Fposts%2F25210 HTTP/1.1" 200 7228 "-" "Mozilla/5.0 AppleWebKit/537.36 (KHTML, like Gecko; compatible; ClaudeBot/1.0; +claudebot@anthropic.com)"
57.141.0.53 - - [18/Dec/2025:01:28:20 +0000] "GET /karamba-spielsaal-erfahrungen-angeschlossen-testbericht-werfen-sie-einen-blick-auf-den-link-within-2025-pro-teutonia/?fileloc=//sys/class/pci_bus/0000:0d/subsystem/0000:0b/device/driver/0000:00:02.3/0000:05:00.0/resource4_wc&path=//sys/class/pci_bus/0000:0d/subsystem/0000:0b/device/driver/0000:00:02.3/0000:05:00.0 HTTP/1.1" 200 262209 "-" "meta-externalagent/1.1 (+https://developers.facebook.com/docs/sharing/webmasters/crawler)"
57.141.0.15 - - [18/Dec/2025:01:28:21 +0000] "GET /2025/03/07/page/6/?fileloc=//sys/class/pci_bus/0000:0b/subsystem/0000:01/subsystem/0000:02/device/driver/0000:00:03.6/driver/0000:00:03.3/irq&path=//sys/class/pci_bus/0000:0b/subsystem/0000:01/subsystem/0000:02/device/driver/0000:00:03.6/driver/0000:00:03.3 HTTP/1.1" 200 262215 "-" "meta-externalagent/1.1 (+https://developers.facebook.com/docs/sharing/webmasters/crawler)"
217.182.195.140 - - [18/Dec/2025:01:28:21 +0000] "GET /?p=32023 HTTP/1.1" 200 43939 "-" "Mozilla/5.0 (compatible; MJ12bot/v1.4.8; http://mj12bot.com/)"
52.167.144.216 - - [18/Dec/2025:01:28:22 +0000] "GET /722674491?entity=0719884502 HTTP/1.1" 200 29329 "-" "Mozilla/5.0 AppleWebKit/537.36 (KHTML, like Gecko; compatible; bingbot/2.0; +http://www.bing.com/bingbot.htm) Chrome/116.0.1938.76 Safari/537.36"
216.73.216.56 - - [18/Dec/2025:01:28:22 +0000] "GET /index.php?rest_route=%2Fwp%2Fv2%2Fposts%2F33379 HTTP/1.1" 200 5729 "-" "Mozilla/5.0 AppleWebKit/537.36 (KHTML, like Gecko; compatible; ClaudeBot/1.0; +claudebot@anthropic.com)"
216.73.216.56 - - [18/Dec/2025:01:28:25 +0000] "GET /index.php?rest_route=%2Fwp%2Fv2%2Fposts%2F27569 HTTP/1.1" 200 3720 "-" "Mozilla/5.0 AppleWebKit/537.36 (KHTML, like Gecko; compatible; ClaudeBot/1.0; +claudebot@anthropic.com)"
217.182.195.140 - - [18/Dec/2025:01:28:26 +0000] "GET /?p=32025 HTTP/1.1" 200 43087 "-" "Mozilla/5.0 (compatible; MJ12bot/v1.4.8; http://mj12bot.com/)"
57.141.0.30 - - [18/Dec/2025:01:28:26 +0000] "GET /2025/03/06/page/39/?path=//sys/class/pci_bus/0000:01/subsystem/0000:07/device/driver/0000:00:03.4/driver/0000:00:03.0/0000:00:03.0:pcie002/power HTTP/1.1" 200 262248 "-" "meta-externalagent/1.1 (+https://developers.facebook.com/docs/sharing/webmasters/crawler)"
216.73.216.56 - - [18/Dec/2025:01:28:28 +0000] "GET /index.php?rest_route=%2Fwp%2Fv2%2Fposts%2F46131 HTTP/1.1" 200 5503 "-" "Mozilla/5.0 AppleWebKit/537.36 (KHTML, like Gecko; compatible; ClaudeBot/1.0; +claudebot@anthropic.com)"
57.141.0.44 - - [18/Dec/2025:01:28:30 +0000] "GET /2025/03/05/page/6/?path=//sys/class/pci_bus/0000:0a/subsystem/0000:01/subsystem/0000:0c/subsystem/0000:0f/device/0000:00:03.5:pcie001 HTTP/1.1" 200 262264 "-" "meta-externalagent/1.1 (+https://developers.facebook.com/docs/sharing/webmasters/crawler)"
217.182.195.140 - - [18/Dec/2025:01:28:30 +0000] "GET /?p=32029 HTTP/1.1" 200 41139 "-" "Mozilla/5.0 (compatible; MJ12bot/v1.4.8; http://mj12bot.com/)"
66.249.77.98 - - [18/Dec/2025:01:28:31 +0000] "GET /?fileloc=//sys/class/sound/card0/device/subsystem/devices/0000:00:02.2/driver/0000:00:03.4/driver/0000:00:02.6/driver/0000:00:03.0/subsystem/devices/0000:00:02.5/driver/0000:00:02.0/driver/0000:00:04.1/driver/0000:00:02.1/resource0&path=//sys/class/sound/card0/device/subsystem/devices/0000:00:02.2/driver/0000:00:03.4/driver/0000:00:02.6/driver/0000:00:03.0/subsystem/devices/0000:00:02.5/driver/0000:00:02.0/driver/0000:00:04.1/driver/0000:00:02.1 HTTP/1.1" 200 45438 "-" "Mozilla/5.0 (Linux; Android 6.0.1; Nexus 5X Build/MMB29P) AppleWebKit/537.36 (KHTML, like Gecko) Chrome/141.0.7390.122 Mobile Safari/537.36 (compatible; Googlebot/2.1; +http://www.google.com/bot.html)"
216.73.216.56 - - [18/Dec/2025:01:28:31 +0000] "GET /index.php?rest_route=%2Fwp%2Fv2%2Fposts%2F12307 HTTP/1.1" 200 6960 "-" "Mozilla/5.0 AppleWebKit/537.36 (KHTML, like Gecko; compatible; ClaudeBot/1.0; +claudebot@anthropic.com)"
57.141.0.40 - - [18/Dec/2025:01:28:31 +0000] "GET /2025/03/07/page/6/?fileloc=//sys/class/pci_bus/0000:0e/subsystem/0000:07/device/driver/0000:00:03.6/driver/0000:00:02.1/power/wakeup_count&path=//sys/class/pci_bus/0000:0e/subsystem/0000:07/device/driver/0000:00:03.6/driver/0000:00:02.1/power HTTP/1.1" 200 262264 "-" "meta-externalagent/1.1 (+https://developers.facebook.com/docs/sharing/webmasters/crawler)"
217.182.195.140 - - [18/Dec/2025:01:28:34 +0000] "GET /?p=32031 HTTP/1.1" 200 45339 "-" "Mozilla/5.0 (compatible; MJ12bot/v1.4.8; http://mj12bot.com/)"
57.141.0.12 - - [18/Dec/2025:01:28:34 +0000] "GET /karamba-spielsaal-erfahrungen-angeschlossen-testbericht-werfen-sie-einen-blick-auf-den-link-within-2025-pro-teutonia/?path=//sys/class/pci_bus/0000:0e/subsystem/0000:0d/subsystem/0000:03/device/subsystem/slots/0-3 HTTP/1.1" 200 262264 "-" "meta-externalagent/1.1 (+https://developers.facebook.com/docs/sharing/webmasters/crawler)"
57.141.0.47 - - [18/Dec/2025:01:28:34 +0000] "GET /karamba-spielsaal-erfahrungen-angeschlossen-testbericht-werfen-sie-einen-blick-auf-den-link-within-2025-pro-teutonia/?fileloc=//sys/class/pci_bus/0000:06/subsystem/0000:0b/subsystem/0000:02/device/driver/0000:00:02.3/subsystem/drivers/pcieport/new_id&path=//sys/class/pci_bus/0000:06/subsystem/0000:0b/subsystem/0000:02/device/driver/0000:00:02.3/subsystem/drivers/pcieport HTTP/1.1" 200 262209 "-" "meta-externalagent/1.1 (+https://developers.facebook.com/docs/sharing/webmasters/crawler)"
185.191.171.12 - - [18/Dec/2025:01:28:35 +0000] "GET /?p=38862 HTTP/1.1" 200 46485 "-" "Mozilla/5.0 (compatible; SemrushBot/7~bl; +http://www.semrush.com/bot.html)"
57.141.0.35 - - [18/Dec/2025:01:28:35 +0000] "GET /karamba-spielsaal-erfahrungen-angeschlossen-testbericht-werfen-sie-einen-blick-auf-den-link-within-2025-pro-teutonia/?fileloc=//sys/class/pci_bus/0000:06/subsystem/0000:0b/subsystem/0000:0f/device/driver/0000:00:02.0/driver_override&path=//sys/class/pci_bus/0000:06/subsystem/0000:0b/subsystem/0000:0f/device/driver/0000:00:02.0 HTTP/1.1" 200 262209 "-" "meta-externalagent/1.1 (+https://developers.facebook.com/docs/sharing/webmasters/crawler)"
216.73.216.56 - - [18/Dec/2025:01:28:35 +0000] "GET /index.php?rest_route=%2Fwp%2Fv2%2Fposts%2F27339 HTTP/1.1" 200 4648 "-" "Mozilla/5.0 AppleWebKit/537.36 (KHTML, like Gecko; compatible; ClaudeBot/1.0; +claudebot@anthropic.com)"
57.141.0.27 - - [18/Dec/2025:01:28:36 +0000] "GET /2025/03/06/page/39/?fileloc=//sys/class/pci_bus/0000:08/subsystem/0000:0b/subsystem/0000:0c/subsystem/0000:12/power/runtime_enabled&path=//sys/class/pci_bus/0000:08/subsystem/0000:0b/subsystem/0000:0c/subsystem/0000:12/power HTTP/1.1" 200 262264 "-" "meta-externalagent/1.1 (+https://developers.facebook.com/docs/sharing/webmasters/crawler)"
217.182.195.140 - - [18/Dec/2025:01:28:38 +0000] "GET /?p=32043 HTTP/1.1" 200 41811 "-" "Mozilla/5.0 (compatible; MJ12bot/v1.4.8; http://mj12bot.com/)"
216.73.216.56 - - [18/Dec/2025:01:28:38 +0000] "GET /index.php?rest_route=%2Fwp%2Fv2%2Fposts%2F35687 HTTP/1.1" 200 6632 "-" "Mozilla/5.0 AppleWebKit/537.36 (KHTML, like Gecko; compatible; ClaudeBot/1.0; +claudebot@anthropic.com)"
66.249.77.98 - - [18/Dec/2025:01:28:41 +0000] "GET /?fileloc=//sys/class/sound/card0/device/subsystem/devices/0000:00:02.2/subsystem/devices/0000:00:03.4/driver/0000:00:02.7/driver/0000:00:02.7/subsystem/drivers/pwm-lpss/unbind&path=//sys/class/sound/card0/device/subsystem/devices/0000:00:02.2/subsystem/devices/0000:00:03.4/driver/0000:00:02.7/driver/0000:00:02.7/subsystem/drivers/pwm-lpss HTTP/1.1" 200 45438 "-" "Mozilla/5.0 (Linux; Android 6.0.1; Nexus 5X Build/MMB29P) AppleWebKit/537.36 (KHTML, like Gecko) Chrome/141.0.7390.122 Mobile Safari/537.36 (compatible; Googlebot/2.1; +http://www.google.com/bot.html)"
57.141.0.77 - - [18/Dec/2025:01:28:41 +0000] "GET /karamba-spielsaal-erfahrungen-angeschlossen-testbericht-werfen-sie-einen-blick-auf-den-link-within-2025-pro-teutonia/?path=//sys/class/pci_bus/0000:02/device/driver/0000:00:02.4/driver/0000:00:02.0/firmware_node/physical_node/pci_bus HTTP/1.1" 200 262209 "-" "meta-externalagent/1.1 (+https://developers.facebook.com/docs/sharing/webmasters/crawler)"
216.73.216.56 - - [18/Dec/2025:01:28:41 +0000] "GET /index.php?rest_route=%2Fwp%2Fv2%2Fposts%2F15256 HTTP/1.1" 200 4581 "-" "Mozilla/5.0 AppleWebKit/537.36 (KHTML, like Gecko; compatible; ClaudeBot/1.0; +claudebot@anthropic.com)"
217.182.195.140 - - [18/Dec/2025:01:28:42 +0000] "GET /?p=32045 HTTP/1.1" 200 43491 "-" "Mozilla/5.0 (compatible; MJ12bot/v1.4.8; http://mj12bot.com/)"
57.141.0.47 - - [18/Dec/2025:01:28:42 +0000] "GET /karamba-spielsaal-erfahrungen-angeschlossen-testbericht-werfen-sie-einen-blick-auf-den-link-within-2025-pro-teutonia/?fileloc=//sys/class/pci_bus/0000:0b/subsystem/0000:0f/subsystem/0000:01/device/subsystem/devices/0000:00:03.7/driver/0000:00:02.5/config&path=//sys/class/pci_bus/0000:0b/subsystem/0000:0f/subsystem/0000:01/device/subsystem/devices/0000:00:03.7/driver/0000:00:02.5 HTTP/1.1" 200 262215 "-" "meta-externalagent/1.1 (+https://developers.facebook.com/docs/sharing/webmasters/crawler)"
216.73.216.56 - - [18/Dec/2025:01:28:44 +0000] "GET /index.php?rest_route=%2Fwp%2Fv2%2Fposts%2F34395 HTTP/1.1" 200 7267 "-" "Mozilla/5.0 AppleWebKit/537.36 (KHTML, like Gecko; compatible; ClaudeBot/1.0; +claudebot@anthropic.com)"
217.182.195.140 - - [18/Dec/2025:01:28:46 +0000] "GET /?p=32049 HTTP/1.1" 200 42111 "-" "Mozilla/5.0 (compatible; MJ12bot/v1.4.8; http://mj12bot.com/)"
216.73.216.56 - - [18/Dec/2025:01:28:47 +0000] "GET /index.php?rest_route=%2Fwp%2Fv2%2Fposts%2F34891 HTTP/1.1" 200 5886 "-" "Mozilla/5.0 AppleWebKit/537.36 (KHTML, like Gecko; compatible; ClaudeBot/1.0; +claudebot@anthropic.com)"
57.141.0.11 - - [18/Dec/2025:01:28:48 +0000] "GET /karamba-spielsaal-erfahrungen-angeschlossen-testbericht-werfen-sie-einen-blick-auf-den-link-within-2025-pro-teutonia/?path=//sys/class/pci_bus/0000:0f/subsystem/0000:02/subsystem/0000:12/subsystem/0000:11/subsystem/0000:13/subsystem/0000:13 HTTP/1.1" 200 262209 "-" "meta-externalagent/1.1 (+https://developers.facebook.com/docs/sharing/webmasters/crawler)"
57.141.0.13 - - [18/Dec/2025:01:28:49 +0000] "GET /karamba-spielsaal-erfahrungen-angeschlossen-testbericht-werfen-sie-einen-blick-auf-den-link-within-2025-pro-teutonia/?path=//sys/class/pci_bus/0000:02/subsystem/0000:04/device/driver/0000:00:03.6/driver/0000:00:02.3/subsystem/devices/0000:00:03.3/0000:00:03.3:pcie001 HTTP/1.1" 200 262264 "-" "meta-externalagent/1.1 (+https://developers.facebook.com/docs/sharing/webmasters/crawler)"
66.135.21.75 - - [18/Dec/2025:01:28:50 +0000] "POST /wp-cron.php?doing_wp_cron=1766021330.0611979961395263671875 HTTP/1.1" 200 31 "-" "WordPress/6.3.1; https://datainsightnow.com"
217.182.195.140 - - [18/Dec/2025:01:28:50 +0000] "GET /?p=32305 HTTP/1.1" 200 43362 "-" "Mozilla/5.0 (compatible; MJ12bot/v1.4.8; http://mj12bot.com/)"
216.73.216.56 - - [18/Dec/2025:01:28:50 +0000] "GET /index.php?rest_route=%2Fwp%2Fv2%2Fposts%2F23637 HTTP/1.1" 200 7514 "-" "Mozilla/5.0 AppleWebKit/537.36 (KHTML, like Gecko; compatible; ClaudeBot/1.0; +claudebot@anthropic.com)"
57.141.0.45 - - [18/Dec/2025:01:28:51 +0000] "GET /karamba-spielsaal-erfahrungen-angeschlossen-testbericht-werfen-sie-einen-blick-auf-den-link-within-2025-pro-teutonia/?fileloc=//sys/class/pci_bus/0000:04/device/driver/0000:00:03.7/firmware_node/subsystem/devices/device:48/physical_node/power_state&path=//sys/class/pci_bus/0000:04/device/driver/0000:00:03.7/firmware_node/subsystem/devices/device:48/physical_node HTTP/1.1" 200 262209 "-" "meta-externalagent/1.1 (+https://developers.facebook.com/docs/sharing/webmasters/crawler)"
66.249.77.98 - - [18/Dec/2025:01:28:52 +0000] "GET /?fileloc=//sys/class/sound/card0/device/subsystem/devices/0000:00:02.2/driver/0000:00:03.4/driver/0000:00:02.6/driver/0000:00:03.0/subsystem/devices/0000:00:03.4/subsystem/devices/0000:00:02.7/driver/0000:00:02.1/ari_enabled&path=//sys/class/sound/card0/device/subsystem/devices/0000:00:02.2/driver/0000:00:03.4/driver/0000:00:02.6/driver/0000:00:03.0/subsystem/devices/0000:00:03.4/subsystem/devices/0000:00:02.7/driver/0000:00:02.1 HTTP/1.1" 200 45438 "-" "Mozilla/5.0 (Linux; Android 6.0.1; Nexus 5X Build/MMB29P) AppleWebKit/537.36 (KHTML, like Gecko) Chrome/141.0.7390.122 Mobile Safari/537.36 (compatible; Googlebot/2.1; +http://www.google.com/bot.html)"
216.73.216.56 - - [18/Dec/2025:01:28:53 +0000] "GET /index.php?rest_route=%2Fwp%2Fv2%2Fposts%2F27553 HTTP/1.1" 200 4562 "-" "Mozilla/5.0 AppleWebKit/537.36 (KHTML, like Gecko; compatible; ClaudeBot/1.0; +claudebot@anthropic.com)"
185.191.171.7 - - [18/Dec/2025:01:28:54 +0000] "GET /?p=35096 HTTP/1.1" 200 43603 "-" "Mozilla/5.0 (compatible; SemrushBot/7~bl; +http://www.semrush.com/bot.html)"
217.182.195.140 - - [18/Dec/2025:01:28:54 +0000] "GET /?p=32307 HTTP/1.1" 200 41971 "-" "Mozilla/5.0 (compatible; MJ12bot/v1.4.8; http://mj12bot.com/)"
57.141.0.36 - - [18/Dec/2025:01:28:55 +0000] "GET /karamba-spielsaal-erfahrungen-angeschlossen-testbericht-werfen-sie-einen-blick-auf-den-link-within-2025-pro-teutonia/?fileloc=//sys/class/pci_bus/0000:02/device/driver/0000:00:03.7/driver/0000:00:02.2/driver/0000:00:02.3/subsystem_vendor&path=//sys/class/pci_bus/0000:02/device/driver/0000:00:03.7/driver/0000:00:02.2/driver/0000:00:02.3 HTTP/1.1" 200 262264 "-" "meta-externalagent/1.1 (+https://developers.facebook.com/docs/sharing/webmasters/crawler)"
57.141.0.78 - - [18/Dec/2025:01:28:56 +0000] "GET /2025/03/07/page/6/?fileloc=//sys/class/pci_bus/0000:05/subsystem/0000:11/device/driver/0000:00:02.6/subsystem/devices/0000:03:01.0/subsystem_vendor&path=//sys/class/pci_bus/0000:05/subsystem/0000:11/device/driver/0000:00:02.6/subsystem/devices/0000:03:01.0 HTTP/1.1" 200 262209 "-" "meta-externalagent/1.1 (+https://developers.facebook.com/docs/sharing/webmasters/crawler)"
216.73.216.56 - - [18/Dec/2025:01:28:56 +0000] "GET /index.php?rest_route=%2Fwp%2Fv2%2Fposts%2F49397 HTTP/1.1" 200 4933 "-" "Mozilla/5.0 AppleWebKit/537.36 (KHTML, like Gecko; compatible; ClaudeBot/1.0; +claudebot@anthropic.com)"
57.141.0.14 - - [18/Dec/2025:01:28:57 +0000] "GET /2025/03/07/page/6/?path=//sys/class/pci_bus/0000:05/subsystem/0000:0b/subsystem/0000:0e/device/driver/0000:00:02.4/driver/0000:00:02.0/driver/0000:00:02.4 HTTP/1.1" 200 262271 "-" "meta-externalagent/1.1 (+https://developers.facebook.com/docs/sharing/webmasters/crawler)"
193.24.211.66 - - [18/Dec/2025:01:28:57 +0000] "GET /wp-login.php HTTP/1.1" 200 2512 "-" "Mozilla/5.0 (Macintosh; Intel Mac OS X 13_5) AppleWebKit/605.1.15 (KHTML, like Gecko) Version/17.5 Safari/605.1.15"
217.182.195.140 - - [18/Dec/2025:01:28:58 +0000] "GET /?p=32309 HTTP/1.1" 200 41616 "-" "Mozilla/5.0 (compatible; MJ12bot/v1.4.8; http://mj12bot.com/)"
216.73.216.56 - - [18/Dec/2025:01:28:59 +0000] "GET /index.php?rest_route=%2Fwp%2Fv2%2Fposts%2F11334 HTTP/1.1" 200 6322 "-" "Mozilla/5.0 AppleWebKit/537.36 (KHTML, like Gecko; compatible; ClaudeBot/1.0; +claudebot@anthropic.com)"
217.182.195.140 - - [18/Dec/2025:01:29:02 +0000] "GET /?p=32313 HTTP/1.1" 200 43501 "-" "Mozilla/5.0 (compatible; MJ12bot/v1.4.8; http://mj12bot.com/)"
207.46.13.52 - - [18/Dec/2025:01:29:02 +0000] "GET /usm_0.66_1.00_0.01/?fileloc=/proc/91/attr/fscreate&path=/proc/91/attr HTTP/1.1" 200 45436 "-" "Mozilla/5.0 AppleWebKit/537.36 (KHTML, like Gecko; compatible; bingbot/2.0; +http://www.bing.com/bingbot.htm) Chrome/116.0.1938.76 Safari/537.36"
216.73.216.56 - - [18/Dec/2025:01:29:02 +0000] "GET /index.php?rest_route=%2Fwp%2Fv2%2Fposts%2F48220 HTTP/1.1" 200 6031 "-" "Mozilla/5.0 AppleWebKit/537.36 (KHTML, like Gecko; compatible; ClaudeBot/1.0; +claudebot@anthropic.com)"
216.73.216.56 - - [18/Dec/2025:01:29:05 +0000] "GET /index.php?rest_route=%2Fwp%2Fv2%2Fposts%2F17792 HTTP/1.1" 200 4326 "-" "Mozilla/5.0 AppleWebKit/537.36 (KHTML, like Gecko; compatible; ClaudeBot/1.0; +claudebot@anthropic.com)"
52.167.144.216 - - [18/Dec/2025:01:29:05 +0000] "GET /20528340?entity=0020449338 HTTP/1.1" 200 29793 "-" "Mozilla/5.0 AppleWebKit/537.36 (KHTML, like Gecko; compatible; bingbot/2.0; +http://www.bing.com/bingbot.htm) Chrome/116.0.1938.76 Safari/537.36"
217.182.195.140 - - [18/Dec/2025:01:29:06 +0000] "GET /?p=32317 HTTP/1.1" 200 41603 "-" "Mozilla/5.0 (compatible; MJ12bot/v1.4.8; http://mj12bot.com/)"
114.119.137.141 - - [18/Dec/2025:01:29:07 +0000] "GET /zodiac-kasino-erfahrungen-2024-480-bonus-80-freispiele/?path=//sys/dev/char/4:80/subsystem/ttyS23/subsystem/tty37 HTTP/1.1" 200 45438 "https://datainsightnow.com/zodiac-kasino-erfahrungen-2024-480-bonus-80-freispiele/?path=//sys/dev/char/4%3A80/subsystem/ttyS23/subsystem" "Mozilla/5.0 (Linux; Android 7.0;) AppleWebKit/537.36 (KHTML, like Gecko) Mobile Safari/537.36 (compatible; PetalBot;+https://webmaster.petalsearch.com/site/petalbot)"
57.141.0.34 - - [18/Dec/2025:01:29:08 +0000] "GET /karamba-spielsaal-erfahrungen-angeschlossen-testbericht-werfen-sie-einen-blick-auf-den-link-within-2025-pro-teutonia/?path=//sys/class/pci_bus/0000:0b/subsystem/0000:02/subsystem/0000:0e/device/driver/0000:00:02.1/driver/0000:00:04.0 HTTP/1.1" 200 262264 "-" "meta-externalagent/1.1 (+https://developers.facebook.com/docs/sharing/webmasters/crawler)"
57.141.0.76 - - [18/Dec/2025:01:29:08 +0000] "GET /2025/03/07/page/6/?fileloc=//sys/class/pci_bus/0000:07/subsystem/0000:06/subsystem/0000:11/subsystem/0000:00/device/0000:00:1f.3/numa_node&path=//sys/class/pci_bus/0000:07/subsystem/0000:06/subsystem/0000:11/subsystem/0000:00/device/0000:00:1f.3 HTTP/1.1" 200 262216 "-" "meta-externalagent/1.1 (+https://developers.facebook.com/docs/sharing/webmasters/crawler)"
216.73.216.56 - - [18/Dec/2025:01:29:08 +0000] "GET /index.php?rest_route=%2Fwp%2Fv2%2Fposts%2F23993 HTTP/1.1" 200 4607 "-" "Mozilla/5.0 AppleWebKit/537.36 (KHTML, like Gecko; compatible; ClaudeBot/1.0; +claudebot@anthropic.com)"
217.182.195.140 - - [18/Dec/2025:01:29:09 +0000] "GET /?p=32449 HTTP/1.1" 200 43265 "-" "Mozilla/5.0 (compatible; MJ12bot/v1.4.8; http://mj12bot.com/)"
57.141.0.10 - - [18/Dec/2025:01:29:11 +0000] "GET /karamba-spielsaal-erfahrungen-angeschlossen-testbericht-werfen-sie-einen-blick-auf-den-link-within-2025-pro-teutonia/?fileloc=//sys/class/pci_bus/0000:05/subsystem/0000:02/subsystem/0000:03/subsystem/0000:12/rescan&path=//sys/class/pci_bus/0000:05/subsystem/0000:02/subsystem/0000:03/subsystem/0000:12 HTTP/1.1" 200 262264 "-" "meta-externalagent/1.1 (+https://developers.facebook.com/docs/sharing/webmasters/crawler)"
216.73.216.56 - - [18/Dec/2025:01:29:11 +0000] "GET /index.php?rest_route=%2Fwp%2Fv2%2Fposts%2F46365 HTTP/1.1" 200 6923 "-" "Mozilla/5.0 AppleWebKit/537.36 (KHTML, like Gecko; compatible; ClaudeBot/1.0; +claudebot@anthropic.com)"
57.141.0.50 - - [18/Dec/2025:01:29:13 +0000] "GET /2025/03/07/page/6/?fileloc=//sys/class/pci_bus/0000:13/subsystem/0000:0e/device/driver/0000:00:02.4/driver/0000:00:02.7/config&path=//sys/class/pci_bus/0000:13/subsystem/0000:0e/device/driver/0000:00:02.4/driver/0000:00:02.7 HTTP/1.1" 200 262209 "-" "meta-externalagent/1.1 (+https://developers.facebook.com/docs/sharing/webmasters/crawler)"
57.141.0.40 - - [18/Dec/2025:01:29:13 +0000] "GET /2025/03/06/page/39/?path=//sys/class/pci_bus/0000:0b/subsystem/0000:07/subsystem/0000:06/subsystem/0000:00/device/0000:00:02.1 HTTP/1.1" 200 262209 "-" "meta-externalagent/1.1 (+https://developers.facebook.com/docs/sharing/webmasters/crawler)"
217.182.195.140 - - [18/Dec/2025:01:29:13 +0000] "GET /?p=32473 HTTP/1.1" 200 40595 "-" "Mozilla/5.0 (compatible; MJ12bot/v1.4.8; http://mj12bot.com/)"
216.73.216.56 - - [18/Dec/2025:01:29:15 +0000] "GET /?p=42391 HTTP/1.1" 200 42163 "-" "Mozilla/5.0 AppleWebKit/537.36 (KHTML, like Gecko; compatible; ClaudeBot/1.0; +claudebot@anthropic.com)"
217.182.195.140 - - [18/Dec/2025:01:29:17 +0000] "GET /?p=32475 HTTP/1.1" 200 44093 "-" "Mozilla/5.0 (compatible; MJ12bot/v1.4.8; http://mj12bot.com/)"
216.73.216.56 - - [18/Dec/2025:01:29:18 +0000] "GET /?p=49271 HTTP/1.1" 200 43432 "-" "Mozilla/5.0 AppleWebKit/537.36 (KHTML, like Gecko; compatible; ClaudeBot/1.0; +claudebot@anthropic.com)"
57.141.0.21 - - [18/Dec/2025:01:29:20 +0000] "GET /2025/03/07/page/6/?fileloc=//sys/class/pci_bus/0000:06/subsystem/0000:11/subsystem/0000:11/device/power/control&path=//sys/class/pci_bus/0000:06/subsystem/0000:11/subsystem/0000:11/device/power HTTP/1.1" 200 262209 "-" "meta-externalagent/1.1 (+https://developers.facebook.com/docs/sharing/webmasters/crawler)"
57.141.0.48 - - [18/Dec/2025:01:29:21 +0000] "GET /2025/03/06/page/39/?path=//sys/class/pci_bus/0000:10/subsystem/0000:13/subsystem/0000:04/subsystem/0000:0f/device/driver/0000:00:02.0 HTTP/1.1" 200 262209 "-" "meta-externalagent/1.1 (+https://developers.facebook.com/docs/sharing/webmasters/crawler)"
217.182.195.140 - - [18/Dec/2025:01:29:21 +0000] "GET /?p=32477 HTTP/1.1" 200 42454 "-" "Mozilla/5.0 (compatible; MJ12bot/v1.4.8; http://mj12bot.com/)"
216.73.216.56 - - [18/Dec/2025:01:29:21 +0000] "GET /?p=36937 HTTP/1.1" 200 41345 "-" "Mozilla/5.0 AppleWebKit/537.36 (KHTML, like Gecko; compatible; ClaudeBot/1.0; +claudebot@anthropic.com)"
216.73.216.56 - - [18/Dec/2025:01:29:24 +0000] "GET /?p=13845 HTTP/1.1" 200 43789 "-" "Mozilla/5.0 AppleWebKit/537.36 (KHTML, like Gecko; compatible; ClaudeBot/1.0; +claudebot@anthropic.com)"
217.182.195.140 - - [18/Dec/2025:01:29:25 +0000] "GET /?p=32479 HTTP/1.1" 200 42157 "-" "Mozilla/5.0 (compatible; MJ12bot/v1.4.8; http://mj12bot.com/)"
216.73.216.56 - - [18/Dec/2025:01:29:27 +0000] "GET /?p=13353 HTTP/1.1" 200 44456 "-" "Mozilla/5.0 AppleWebKit/537.36 (KHTML, like Gecko; compatible; ClaudeBot/1.0; +claudebot@anthropic.com)"
57.141.0.36 - - [18/Dec/2025:01:29:28 +0000] "GET /2025/03/07/page/6/?fileloc=//sys/class/pci_bus/0000:04/device/0000:00:02.2:pcie010/subsystem/drivers/pcie_pme/0000:00:03.7:pcie001/power/async&path=//sys/class/pci_bus/0000:04/device/0000:00:02.2:pcie010/subsystem/drivers/pcie_pme/0000:00:03.7:pcie001/power HTTP/1.1" 200 262264 "-" "meta-externalagent/1.1 (+https://developers.facebook.com/docs/sharing/webmasters/crawler)"
66.249.77.98 - - [18/Dec/2025:01:29:28 +0000] "GET /?path=//sys/class/sound/card0/device/subsystem/devices/0000:00:02.2/driver/0000:00:03.4/driver/0000:00:03.3/driver/0000:00:02.2/0000:00:02.2:pcie002/driver/0000:00:02.2:pcie002/subsystem/devices/0000:00:02.6:pcie010/subsystem/devices/0000:00:03.6:pcie002/driver/0000:00:03.7:pcie002 HTTP/1.1" 200 45438 "-" "Mozilla/5.0 (Linux; Android 6.0.1; Nexus 5X Build/MMB29P) AppleWebKit/537.36 (KHTML, like Gecko) Chrome/141.0.7390.122 Mobile Safari/537.36 (compatible; Googlebot/2.1; +http://www.google.com/bot.html)"
217.182.195.140 - - [18/Dec/2025:01:29:29 +0000] "GET /?p=32481 HTTP/1.1" 200 43714 "-" "Mozilla/5.0 (compatible; MJ12bot/v1.4.8; http://mj12bot.com/)"
57.141.0.52 - - [18/Dec/2025:01:29:29 +0000] "GET /karamba-spielsaal-erfahrungen-angeschlossen-testbericht-werfen-sie-einen-blick-auf-den-link-within-2025-pro-teutonia/?fileloc=//sys/class/pci_bus/0000:06/subsystem/0000:00/subsystem/0000:11/subsystem/0000:0c/subsystem/0000:11/device/max_link_width&path=//sys/class/pci_bus/0000:06/subsystem/0000:00/subsystem/0000:11/subsystem/0000:0c/subsystem/0000:11/device HTTP/1.1" 200 262209 "-" "meta-externalagent/1.1 (+https://developers.facebook.com/docs/sharing/webmasters/crawler)"
57.141.0.69 - - [18/Dec/2025:01:29:29 +0000] "GET /moneysense-self-help-guide-to-the-ideal-profile/?path=//sys/class/pci_bus/0000:01/subsystem/0000:01/device/driver/0000:00:02.1/0000:02:00.0/firmware_node/device:07 HTTP/1.1" 200 262264 "-" "meta-externalagent/1.1 (+https://developers.facebook.com/docs/sharing/webmasters/crawler)"
216.73.216.56 - - [18/Dec/2025:01:29:30 +0000] "GET /?p=24813 HTTP/1.1" 200 41351 "-" "Mozilla/5.0 AppleWebKit/537.36 (KHTML, like Gecko; compatible; ClaudeBot/1.0; +claudebot@anthropic.com)"
198.244.226.183 - - [18/Dec/2025:01:29:30 +0000] "GET /?p=30393 HTTP/1.1" 200 43459 "-" "Mozilla/5.0 (compatible; AhrefsBot/7.0; +http://ahrefs.com/robot/)"
217.182.195.140 - - [18/Dec/2025:01:29:33 +0000] "GET /?p=32483 HTTP/1.1" 200 43574 "-" "Mozilla/5.0 (compatible; MJ12bot/v1.4.8; http://mj12bot.com/)"
216.73.216.56 - - [18/Dec/2025:01:29:33 +0000] "GET /?p=27783 HTTP/1.1" 200 43947 "-" "Mozilla/5.0 AppleWebKit/537.36 (KHTML, like Gecko; compatible; ClaudeBot/1.0; +claudebot@anthropic.com)"
57.141.0.38 - - [18/Dec/2025:01:29:34 +0000] "GET /2025/03/07/page/6/?fileloc=//sys/class/pci_bus/0000:05/subsystem/0000:11/subsystem/0000:04/subsystem/0000:07/device/driver/0000:00:03.5/local_cpulist&path=//sys/class/pci_bus/0000:05/subsystem/0000:11/subsystem/0000:04/subsystem/0000:07/device/driver/0000:00:03.5 HTTP/1.1" 200 262209 "-" "meta-externalagent/1.1 (+https://developers.facebook.com/docs/sharing/webmasters/crawler)"
57.141.0.2 - - [18/Dec/2025:01:29:35 +0000] "GET /2025/03/06/page/39/?fileloc=//sys/class/pci_bus/0000:02/device/driver/0000:00:02.2/driver/0000:00:02.4/0000:06:00.0/virtio2/power/wakeup_max_time_ms&path=//sys/class/pci_bus/0000:02/device/driver/0000:00:02.2/driver/0000:00:02.4/0000:06:00.0/virtio2/power HTTP/1.1" 200 262215 "-" "meta-externalagent/1.1 (+https://developers.facebook.com/docs/sharing/webmasters/crawler)"
57.141.0.55 - - [18/Dec/2025:01:29:36 +0000] "GET /2025/03/07/page/6/?fileloc=//sys/class/pci_bus/0000:0f/subsystem/0000:0a/device/driver/0000:00:02.2/driver/0000:00:03.2/aer_rootport_total_err_fatal&path=//sys/class/pci_bus/0000:0f/subsystem/0000:0a/device/driver/0000:00:02.2/driver/0000:00:03.2 HTTP/1.1" 200 262216 "-" "meta-externalagent/1.1 (+https://developers.facebook.com/docs/sharing/webmasters/crawler)"
216.73.216.56 - - [18/Dec/2025:01:29:36 +0000] "GET /?p=18848 HTTP/1.1" 200 42784 "-" "Mozilla/5.0 AppleWebKit/537.36 (KHTML, like Gecko; compatible; ClaudeBot/1.0; +claudebot@anthropic.com)"
217.182.195.140 - - [18/Dec/2025:01:29:37 +0000] "GET /?p=32485 HTTP/1.1" 200 43835 "-" "Mozilla/5.0 (compatible; MJ12bot/v1.4.8; http://mj12bot.com/)"
66.249.77.99 - - [18/Dec/2025:01:29:37 +0000] "GET /?fileloc=//sys/class/sound/card0/device/subsystem/devices/0000:00:02.2/subsystem/devices/0000:00:03.4/driver/0000:00:04.0/driver/0000:00:02.0/driver/0000:00:03.0/subsystem/devices/0000:06:00.0/consistent_dma_mask_bits&path=//sys/class/sound/card0/device/subsystem/devices/0000:00:02.2/subsystem/devices/0000:00:03.4/driver/0000:00:04.0/driver/0000:00:02.0/driver/0000:00:03.0/subsystem/devices/0000:06:00.0 HTTP/1.1" 200 45438 "-" "Mozilla/5.0 (Linux; Android 6.0.1; Nexus 5X Build/MMB29P) AppleWebKit/537.36 (KHTML, like Gecko) Chrome/141.0.7390.122 Mobile Safari/537.36 (compatible; Googlebot/2.1; +http://www.google.com/bot.html)"
57.141.0.74 - - [18/Dec/2025:01:29:38 +0000] "GET /karamba-spielsaal-erfahrungen-angeschlossen-testbericht-werfen-sie-einen-blick-auf-den-link-within-2025-pro-teutonia/?fileloc=//sys/class/pci_bus/0000:01/subsystem/0000:0b/subsystem/0000:10/device/subsystem/devices/0000:00:03.2/driver_override&path=//sys/class/pci_bus/0000:01/subsystem/0000:0b/subsystem/0000:10/device/subsystem/devices/0000:00:03.2 HTTP/1.1" 200 262264 "-" "meta-externalagent/1.1 (+https://developers.facebook.com/docs/sharing/webmasters/crawler)"
57.141.0.14 - - [18/Dec/2025:01:29:38 +0000] "GET /2025/03/07/page/6/?path=//sys/class/pci_bus/0000:12/subsystem/0000:00/subsystem/0000:0e/device/subsystem/slots/0-18 HTTP/1.1" 200 262264 "-" "meta-externalagent/1.1 (+https://developers.facebook.com/docs/sharing/webmasters/crawler)"
216.73.216.56 - - [18/Dec/2025:01:29:39 +0000] "GET /?p=46607 HTTP/1.1" 200 43770 "-" "Mozilla/5.0 AppleWebKit/537.36 (KHTML, like Gecko; compatible; ClaudeBot/1.0; +claudebot@anthropic.com)"
57.141.0.22 - - [18/Dec/2025:01:29:40 +0000] "GET /2025/03/07/page/6/?fileloc=//sys/class/pci_bus/0000:05/subsystem/0000:00/device/0000:00:04.0/driver/0000:00:03.7/driver/0000:00:03.0/current_link_width&path=//sys/class/pci_bus/0000:05/subsystem/0000:00/device/0000:00:04.0/driver/0000:00:03.7/driver/0000:00:03.0 HTTP/1.1" 200 262264 "-" "meta-externalagent/1.1 (+https://developers.facebook.com/docs/sharing/webmasters/crawler)"
217.182.195.140 - - [18/Dec/2025:01:29:40 +0000] "GET /?p=32487 HTTP/1.1" 200 41593 "-" "Mozilla/5.0 (compatible; MJ12bot/v1.4.8; http://mj12bot.com/)"
57.141.0.57 - - [18/Dec/2025:01:29:41 +0000] "GET /2025/03/07/page/6/?fileloc=//sys/class/pci_bus/0000:05/subsystem/0000:11/device/driver/0000:00:03.1/driver/0000:00:02.0/driver/0000:00:02.3/subordinate_bus_number&path=//sys/class/pci_bus/0000:05/subsystem/0000:11/device/driver/0000:00:03.1/driver/0000:00:02.0/driver/0000:00:02.3 HTTP/1.1" 200 262209 "-" "meta-externalagent/1.1 (+https://developers.facebook.com/docs/sharing/webmasters/crawler)"
57.141.0.50 - - [18/Dec/2025:01:29:42 +0000] "GET /2025/03/06/page/39/?fileloc=//sys/class/pci_bus/0000:04/device/driver/0000:00:02.5/driver/0000:00:02.0/0000:01:00.0/msi_bus&path=//sys/class/pci_bus/0000:04/device/driver/0000:00:02.5/driver/0000:00:02.0/0000:01:00.0 HTTP/1.1" 200 262264 "-" "meta-externalagent/1.1 (+https://developers.facebook.com/docs/sharing/webmasters/crawler)"
216.73.216.56 - - [18/Dec/2025:01:29:42 +0000] "GET /?p=11848 HTTP/1.1" 200 43314 "-" "Mozilla/5.0 AppleWebKit/537.36 (KHTML, like Gecko; compatible; ClaudeBot/1.0; +claudebot@anthropic.com)"
57.141.0.11 - - [18/Dec/2025:01:29:43 +0000] "GET /2025/03/07/page/6/?fileloc=//sys/class/pci_bus/0000:05/subsystem/0000:00/device/pci_bus/0000:00/device/0000:00:1b.0/subsystem/devices/0000:00:1f.2/resource5&path=//sys/class/pci_bus/0000:05/subsystem/0000:00/device/pci_bus/0000:00/device/0000:00:1b.0/subsystem/devices/0000:00:1f.2 HTTP/1.1" 200 262209 "-" "meta-externalagent/1.1 (+https://developers.facebook.com/docs/sharing/webmasters/crawler)"
217.182.195.140 - - [18/Dec/2025:01:29:44 +0000] "GET /?p=32489 HTTP/1.1" 200 41801 "-" "Mozilla/5.0 (compatible; MJ12bot/v1.4.8; http://mj12bot.com/)"
57.141.0.57 - - [18/Dec/2025:01:29:45 +0000] "GET /karamba-spielsaal-erfahrungen-angeschlossen-testbericht-werfen-sie-einen-blick-auf-den-link-within-2025-pro-teutonia/?fileloc=//sys/class/pci_bus/0000:06/subsystem/0000:0f/subsystem/0000:08/subsystem/0000:09/subsystem/0000:0c/device/subsystem_vendor&path=//sys/class/pci_bus/0000:06/subsystem/0000:0f/subsystem/0000:08/subsystem/0000:09/subsystem/0000:0c/device HTTP/1.1" 200 262209 "-" "meta-externalagent/1.1 (+https://developers.facebook.com/docs/sharing/webmasters/crawler)"
216.73.216.56 - - [18/Dec/2025:01:29:45 +0000] "GET /?p=11572 HTTP/1.1" 200 42661 "-" "Mozilla/5.0 AppleWebKit/537.36 (KHTML, like Gecko; compatible; ClaudeBot/1.0; +claudebot@anthropic.com)"
217.182.195.140 - - [18/Dec/2025:01:29:48 +0000] "GET /?p=32491 HTTP/1.1" 200 40610 "-" "Mozilla/5.0 (compatible; MJ12bot/v1.4.8; http://mj12bot.com/)"
216.73.216.56 - - [18/Dec/2025:01:29:48 +0000] "GET /?p=29185 HTTP/1.1" 200 46133 "-" "Mozilla/5.0 AppleWebKit/537.36 (KHTML, like Gecko; compatible; ClaudeBot/1.0; +claudebot@anthropic.com)"
57.141.0.76 - - [18/Dec/2025:01:29:49 +0000] "GET /karamba-spielsaal-erfahrungen-angeschlossen-testbericht-werfen-sie-einen-blick-auf-den-link-within-2025-pro-teutonia/?path=//sys/class/pci_bus/0000:02/device/driver/0000:00:03.0/0000:00:03.0:pcie001/driver/0000:00:03.4:pcie001/driver/0000:00:03.5:pcie001/driver/0000:00:02.1:pcie001 HTTP/1.1" 200 262215 "-" "meta-externalagent/1.1 (+https://developers.facebook.com/docs/sharing/webmasters/crawler)"
57.141.0.27 - - [18/Dec/2025:01:29:49 +0000] "GET /2025/03/06/page/39/?fileloc=//sys/class/pci_bus/0000:0c/subsystem/0000:0f/subsystem/0000:06/device/driver/0000:00:03.4/uevent&path=//sys/class/pci_bus/0000:0c/subsystem/0000:0f/subsystem/0000:06/device/driver/0000:00:03.4 HTTP/1.1" 200 262215 "-" "meta-externalagent/1.1 (+https://developers.facebook.com/docs/sharing/webmasters/crawler)"
66.249.77.98 - - [18/Dec/2025:01:29:49 +0000] "GET /?path=//sys/class/sound/card0/device/subsystem/devices/0000:00:02.2/driver/0000:00:02.2/driver/0000:00:03.1/driver/0000:00:03.0/0000:00:03.0:pcie002/subsystem/devices/0000:00:03.0:pcie001/driver/0000:00:02.4:pcie001/driver/0000:00:02.7:pcie001 HTTP/1.1" 200 45438 "-" "Mozilla/5.0 (Linux; Android 6.0.1; Nexus 5X Build/MMB29P) AppleWebKit/537.36 (KHTML, like Gecko) Chrome/141.0.7390.122 Mobile Safari/537.36 (compatible; Googlebot/2.1; +http://www.google.com/bot.html)"
66.135.21.75 - - [18/Dec/2025:01:29:51 +0000] "POST /wp-cron.php?doing_wp_cron=1766021391.1502339839935302734375 HTTP/1.1" 200 31 "-" "WordPress/6.3.1; https://datainsightnow.com"
57.141.0.13 - - [18/Dec/2025:01:29:51 +0000] "GET /karamba-spielsaal-erfahrungen-angeschlossen-testbericht-werfen-sie-einen-blick-auf-den-link-within-2025-pro-teutonia/?path=//sys/class/pci_bus/0000:05/subsystem/0000:0d/subsystem/0000:11/subsystem/0000:08/subsystem/0000:0a HTTP/1.1" 200 262209 "-" "meta-externalagent/1.1 (+https://developers.facebook.com/docs/sharing/webmasters/crawler)"
216.73.216.56 - - [18/Dec/2025:01:29:51 +0000] "GET /?p=27389 HTTP/1.1" 200 41509 "-" "Mozilla/5.0 AppleWebKit/537.36 (KHTML, like Gecko; compatible; ClaudeBot/1.0; +claudebot@anthropic.com)"
217.182.195.140 - - [18/Dec/2025:01:29:52 +0000] "GET /?p=32521 HTTP/1.1" 200 42995 "-" "Mozilla/5.0 (compatible; MJ12bot/v1.4.8; http://mj12bot.com/)"
57.141.0.39 - - [18/Dec/2025:01:29:53 +0000] "GET /moneysense-self-help-guide-to-the-ideal-profile/?fileloc=//sys/class/pci_bus/0000:04/device/pci_bus/0000:04/device/0000:04:00.0/power/wakeup_max_time_ms&path=//sys/class/pci_bus/0000:04/device/pci_bus/0000:04/device/0000:04:00.0/power HTTP/1.1" 200 262209 "-" "meta-externalagent/1.1 (+https://developers.facebook.com/docs/sharing/webmasters/crawler)"
57.141.0.22 - - [18/Dec/2025:01:29:53 +0000] "GET /karamba-spielsaal-erfahrungen-angeschlossen-testbericht-werfen-sie-einen-blick-auf-den-link-within-2025-pro-teutonia/?fileloc=//sys/class/pci_bus/0000:06/subsystem/0000:0d/device/driver/0000:00:02.0/driver/0000:00:02.0/power/runtime_usage&path=//sys/class/pci_bus/0000:06/subsystem/0000:0d/device/driver/0000:00:02.0/driver/0000:00:02.0/power HTTP/1.1" 200 262264 "-" "meta-externalagent/1.1 (+https://developers.facebook.com/docs/sharing/webmasters/crawler)"
216.73.216.56 - - [18/Dec/2025:01:29:54 +0000] "GET /?p=12965 HTTP/1.1" 200 42835 "-" "Mozilla/5.0 AppleWebKit/537.36 (KHTML, like Gecko; compatible; ClaudeBot/1.0; +claudebot@anthropic.com)"
217.182.195.140 - - [18/Dec/2025:01:29:56 +0000] "GET /?p=32527 HTTP/1.1" 200 42661 "-" "Mozilla/5.0 (compatible; MJ12bot/v1.4.8; http://mj12bot.com/)"
216.73.216.56 - - [18/Dec/2025:01:29:57 +0000] "GET /?p=12389 HTTP/1.1" 200 43772 "-" "Mozilla/5.0 AppleWebKit/537.36 (KHTML, like Gecko; compatible; ClaudeBot/1.0; +claudebot@anthropic.com)"
57.141.0.15 - - [18/Dec/2025:01:29:58 +0000] "GET /2025/03/07/page/6/?path=//sys/class/pci_bus/0000:0b/subsystem/0000:03/subsystem/0000:0d/subsystem/0000:05/subsystem/0000:0b/device/link HTTP/1.1" 200 262215 "-" "meta-externalagent/1.1 (+https://developers.facebook.com/docs/sharing/webmasters/crawler)"
57.141.0.8 - - [18/Dec/2025:01:29:58 +0000] "GET /2025/03/13/?path=//sys/class/pci_bus/0000:13/subsystem/0000:0c/subsystem/0000:07/subsystem/0000:07/subsystem HTTP/1.1" 200 262248 "-" "meta-externalagent/1.1 (+https://developers.facebook.com/docs/sharing/webmasters/crawler)"
217.182.195.140 - - [18/Dec/2025:01:30:00 +0000] "GET /?p=32529 HTTP/1.1" 200 41862 "-" "Mozilla/5.0 (compatible; MJ12bot/v1.4.8; http://mj12bot.com/)"
216.73.216.56 - - [18/Dec/2025:01:30:00 +0000] "GET /?p=13161 HTTP/1.1" 200 42905 "-" "Mozilla/5.0 AppleWebKit/537.36 (KHTML, like Gecko; compatible; ClaudeBot/1.0; +claudebot@anthropic.com)"
216.73.216.56 - - [18/Dec/2025:01:30:03 +0000] "GET /?p=18702 HTTP/1.1" 200 41631 "-" "Mozilla/5.0 AppleWebKit/537.36 (KHTML, like Gecko; compatible; ClaudeBot/1.0; +claudebot@anthropic.com)"
217.182.195.140 - - [18/Dec/2025:01:30:03 +0000] "GET /?p=32531 HTTP/1.1" 200 42610 "-" "Mozilla/5.0 (compatible; MJ12bot/v1.4.8; http://mj12bot.com/)"
216.73.216.56 - - [18/Dec/2025:01:30:06 +0000] "GET /?p=46147 HTTP/1.1" 200 40929 "-" "Mozilla/5.0 AppleWebKit/537.36 (KHTML, like Gecko; compatible; ClaudeBot/1.0; +claudebot@anthropic.com)"
217.182.195.140 - - [18/Dec/2025:01:30:07 +0000] "GET /?p=32533 HTTP/1.1" 200 41695 "-" "Mozilla/5.0 (compatible; MJ12bot/v1.4.8; http://mj12bot.com/)"
216.73.216.56 - - [18/Dec/2025:01:30:09 +0000] "GET /?p=23297 HTTP/1.1" 200 43790 "-" "Mozilla/5.0 AppleWebKit/537.36 (KHTML, like Gecko; compatible; ClaudeBot/1.0; +claudebot@anthropic.com)"
217.182.195.140 - - [18/Dec/2025:01:30:11 +0000] "GET /?p=32535 HTTP/1.1" 200 42892 "-" "Mozilla/5.0 (compatible; MJ12bot/v1.4.8; http://mj12bot.com/)"
216.73.216.56 - - [18/Dec/2025:01:30:12 +0000] "GET /?p=31799 HTTP/1.1" 200 41768 "-" "Mozilla/5.0 AppleWebKit/537.36 (KHTML, like Gecko; compatible; ClaudeBot/1.0; +claudebot@anthropic.com)"
217.182.195.140 - - [18/Dec/2025:01:30:15 +0000] "GET /?p=32537 HTTP/1.1" 200 43361 "-" "Mozilla/5.0 (compatible; MJ12bot/v1.4.8; http://mj12bot.com/)"
57.141.0.21 - - [18/Dec/2025:01:30:18 +0000] "GET /karamba-spielsaal-erfahrungen-angeschlossen-testbericht-werfen-sie-einen-blick-auf-den-link-within-2025-pro-teutonia/?fileloc=//sys/class/pci_bus/0000:0b/subsystem/0000:06/subsystem/0000:0f/device/driver/0000:00:03.5/ari_enabled&path=//sys/class/pci_bus/0000:0b/subsystem/0000:06/subsystem/0000:0f/device/driver/0000:00:03.5 HTTP/1.1" 200 262209 "-" "meta-externalagent/1.1 (+https://developers.facebook.com/docs/sharing/webmasters/crawler)"
217.182.195.140 - - [18/Dec/2025:01:30:19 +0000] "GET /?p=32599 HTTP/1.1" 200 43578 "-" "Mozilla/5.0 (compatible; MJ12bot/v1.4.8; http://mj12bot.com/)"
216.73.216.56 - - [18/Dec/2025:01:30:19 +0000] "GET /?p=39303 HTTP/1.1" 200 40509 "-" "Mozilla/5.0 AppleWebKit/537.36 (KHTML, like Gecko; compatible; ClaudeBot/1.0; +claudebot@anthropic.com)"
216.73.216.56 - - [18/Dec/2025:01:30:22 +0000] "GET /?p=21421 HTTP/1.1" 200 41864 "-" "Mozilla/5.0 AppleWebKit/537.36 (KHTML, like Gecko; compatible; ClaudeBot/1.0; +claudebot@anthropic.com)"
57.141.0.10 - - [18/Dec/2025:01:30:22 +0000] "GET /karamba-spielsaal-erfahrungen-angeschlossen-testbericht-werfen-sie-einen-blick-auf-den-link-within-2025-pro-teutonia/?path=//sys/class/pci_bus/0000:06/subsystem/0000:0d/subsystem/0000:07/device/pci_bus/0000:07/subsystem/0000:00/subsystem/0000:00 HTTP/1.1" 200 262264 "-" "meta-externalagent/1.1 (+https://developers.facebook.com/docs/sharing/webmasters/crawler)"
217.182.195.140 - - [18/Dec/2025:01:30:23 +0000] "GET /?p=32605 HTTP/1.1" 200 41176 "-" "Mozilla/5.0 (compatible; MJ12bot/v1.4.8; http://mj12bot.com/)"
216.73.216.56 - - [18/Dec/2025:01:30:25 +0000] "GET /?p=35221 HTTP/1.1" 200 43580 "-" "Mozilla/5.0 AppleWebKit/537.36 (KHTML, like Gecko; compatible; ClaudeBot/1.0; +claudebot@anthropic.com)"
217.182.195.140 - - [18/Dec/2025:01:30:27 +0000] "GET /?p=32607 HTTP/1.1" 200 42142 "-" "Mozilla/5.0 (compatible; MJ12bot/v1.4.8; http://mj12bot.com/)"
216.73.216.56 - - [18/Dec/2025:01:30:28 +0000] "GET /?p=44253 HTTP/1.1" 200 40555 "-" "Mozilla/5.0 AppleWebKit/537.36 (KHTML, like Gecko; compatible; ClaudeBot/1.0; +claudebot@anthropic.com)"
114.119.145.154 - - [18/Dec/2025:01:30:30 +0000] "GET /zodiac-kasino-erfahrungen-2024-480-bonus-80-freispiele/?path=//sys/dev/char/4:80/subsystem/ttyS23/subsystem/tty HTTP/1.1" 200 45438 "https://datainsightnow.com/zodiac-kasino-erfahrungen-2024-480-bonus-80-freispiele/?path=//sys/dev/char/4%3A80/subsystem/ttyS23/subsystem" "Mozilla/5.0 (Linux; Android 7.0;) AppleWebKit/537.36 (KHTML, like Gecko) Mobile Safari/537.36 (compatible; PetalBot;+https://webmaster.petalsearch.com/site/petalbot)"
217.182.195.140 - - [18/Dec/2025:01:30:31 +0000] "GET /?p=32611 HTTP/1.1" 200 41867 "-" "Mozilla/5.0 (compatible; MJ12bot/v1.4.8; http://mj12bot.com/)"
57.141.0.56 - - [18/Dec/2025:01:30:31 +0000] "GET /2025/03/06/page/39/?fileloc=//sys/class/pci_bus/0000:01/subsystem/0000:12/subsystem/0000:09/subsystem/0000:00/device/0000:00:02.6/subordinate_bus_number&path=//sys/class/pci_bus/0000:01/subsystem/0000:12/subsystem/0000:09/subsystem/0000:00/device/0000:00:02.6 HTTP/1.1" 200 262264 "-" "meta-externalagent/1.1 (+https://developers.facebook.com/docs/sharing/webmasters/crawler)"
216.73.216.56 - - [18/Dec/2025:01:30:31 +0000] "GET /?p=31807 HTTP/1.1" 200 40597 "-" "Mozilla/5.0 AppleWebKit/537.36 (KHTML, like Gecko; compatible; ClaudeBot/1.0; +claudebot@anthropic.com)"
66.135.21.75 - - [18/Dec/2025:01:30:34 +0000] "POST /wp-cron.php?doing_wp_cron=1766021434.3941879272460937500000 HTTP/1.1" 200 31 "-" "WordPress/6.3.1; https://datainsightnow.com"
216.73.216.56 - - [18/Dec/2025:01:30:34 +0000] "GET /?p=36495 HTTP/1.1" 200 43996 "-" "Mozilla/5.0 AppleWebKit/537.36 (KHTML, like Gecko; compatible; ClaudeBot/1.0; +claudebot@anthropic.com)"
217.182.195.140 - - [18/Dec/2025:01:30:34 +0000] "GET /?p=32613 HTTP/1.1" 200 43025 "-" "Mozilla/5.0 (compatible; MJ12bot/v1.4.8; http://mj12bot.com/)"
57.141.0.14 - - [18/Dec/2025:01:30:37 +0000] "GET /2025/03/07/page/6/?path=//sys/class/pci_bus/0000:07/device/pci_bus/0000:07/subsystem/0000:00/device/0000:00:03.2/driver/0000:00:02.5/subsystem/drivers HTTP/1.1" 200 262264 "-" "meta-externalagent/1.1 (+https://developers.facebook.com/docs/sharing/webmasters/crawler)"
216.73.216.56 - - [18/Dec/2025:01:30:38 +0000] "GET /?p=42321 HTTP/1.1" 200 43350 "-" "Mozilla/5.0 AppleWebKit/537.36 (KHTML, like Gecko; compatible; ClaudeBot/1.0; +claudebot@anthropic.com)"
57.141.0.21 - - [18/Dec/2025:01:30:38 +0000] "GET /karamba-spielsaal-erfahrungen-angeschlossen-testbericht-werfen-sie-einen-blick-auf-den-link-within-2025-pro-teutonia/?fileloc=//sys/class/pci_bus/0000:04/subsystem/0000:0c/device/pci_bus/0000:0c/subsystem/0000:08/device/resource0&path=//sys/class/pci_bus/0000:04/subsystem/0000:0c/device/pci_bus/0000:0c/subsystem/0000:08/device HTTP/1.1" 200 262209 "-" "meta-externalagent/1.1 (+https://developers.facebook.com/docs/sharing/webmasters/crawler)"
57.141.0.15 - - [18/Dec/2025:01:30:38 +0000] "GET /karamba-spielsaal-erfahrungen-angeschlossen-testbericht-werfen-sie-einen-blick-auf-den-link-within-2025-pro-teutonia/?fileloc=//sys/class/pci_bus/0000:0b/subsystem/0000:04/device/driver/0000:00:02.1/driver/0000:00:03.3/irq&path=//sys/class/pci_bus/0000:0b/subsystem/0000:04/device/driver/0000:00:02.1/driver/0000:00:03.3 HTTP/1.1" 200 262264 "-" "meta-externalagent/1.1 (+https://developers.facebook.com/docs/sharing/webmasters/crawler)"
217.182.195.140 - - [18/Dec/2025:01:30:38 +0000] "GET /?p=32619 HTTP/1.1" 200 40998 "-" "Mozilla/5.0 (compatible; MJ12bot/v1.4.8; http://mj12bot.com/)"
216.73.216.56 - - [18/Dec/2025:01:30:40 +0000] "GET /?p=39436 HTTP/1.1" 200 42372 "-" "Mozilla/5.0 AppleWebKit/537.36 (KHTML, like Gecko; compatible; ClaudeBot/1.0; +claudebot@anthropic.com)"
66.249.77.98 - - [18/Dec/2025:01:30:41 +0000] "GET /?path=//sys/class/sound/card0/device/subsystem/devices/0000:00:02.2/subsystem/devices/0000:00:03.4/driver/0000:00:04.0/driver/0000:00:02.0/driver/0000:00:03.0/subsystem/devices/0000:06:00.0/driver HTTP/1.1" 200 45438 "-" "Mozilla/5.0 (Linux; Android 6.0.1; Nexus 5X Build/MMB29P) AppleWebKit/537.36 (KHTML, like Gecko) Chrome/141.0.7390.122 Mobile Safari/537.36 (compatible; Googlebot/2.1; +http://www.google.com/bot.html)"
57.141.0.57 - - [18/Dec/2025:01:30:42 +0000] "GET /2025/03/07/page/6/?fileloc=//sys/class/pci_bus/0000:05/subsystem/0000:06/subsystem/0000:00/device/0000:00:03.2/driver/0000:00:02.4/0000:06:00.0/dma_mask_bits&path=//sys/class/pci_bus/0000:05/subsystem/0000:06/subsystem/0000:00/device/0000:00:03.2/driver/0000:00:02.4/0000:06:00.0 HTTP/1.1" 200 262255 "-" "meta-externalagent/1.1 (+https://developers.facebook.com/docs/sharing/webmasters/crawler)"
57.141.0.8 - - [18/Dec/2025:01:30:43 +0000] "GET /2025/03/07/page/6/?fileloc=//sys/class/pci_bus/0000:05/subsystem/0000:0c/subsystem/0000:12/subsystem/0000:02/device/subsystem/devices/0000:03:01.0/msi_bus&path=//sys/class/pci_bus/0000:05/subsystem/0000:0c/subsystem/0000:12/subsystem/0000:02/device/subsystem/devices/0000:03:01.0 HTTP/1.1" 200 262264 "-" "meta-externalagent/1.1 (+https://developers.facebook.com/docs/sharing/webmasters/crawler)"
217.182.195.140 - - [18/Dec/2025:01:30:43 +0000] "GET /?p=32661 HTTP/1.1" 200 44172 "-" "Mozilla/5.0 (compatible; MJ12bot/v1.4.8; http://mj12bot.com/)"
57.141.0.7 - - [18/Dec/2025:01:30:43 +0000] "GET /karamba-spielsaal-erfahrungen-angeschlossen-testbericht-werfen-sie-einen-blick-auf-den-link-within-2025-pro-teutonia/?fileloc=//sys/class/pci_bus/0000:11/subsystem/0000:0e/subsystem/0000:04/subsystem/0000:0c/device/driver/0000:00:02.7/driver/uevent&path=//sys/class/pci_bus/0000:11/subsystem/0000:0e/subsystem/0000:04/subsystem/0000:0c/device/driver/0000:00:02.7/driver HTTP/1.1" 200 262209 "-" "meta-externalagent/1.1 (+https://developers.facebook.com/docs/sharing/webmasters/crawler)"
216.73.216.56 - - [18/Dec/2025:01:30:43 +0000] "GET /?p=39536 HTTP/1.1" 200 41241 "-" "Mozilla/5.0 AppleWebKit/537.36 (KHTML, like Gecko; compatible; ClaudeBot/1.0; +claudebot@anthropic.com)"
57.141.0.50 - - [18/Dec/2025:01:30:45 +0000] "GET /2025/03/06/page/39/?fileloc=//sys/class/pci_bus/0000:0e/subsystem/0000:01/device/driver/0000:00:02.4/0000:06:00.0/driver/0000:05:00.0/power/wakeup_total_time_ms&path=//sys/class/pci_bus/0000:0e/subsystem/0000:01/device/driver/0000:00:02.4/0000:06:00.0/driver/0000:05:00.0/power HTTP/1.1" 200 262264 "-" "meta-externalagent/1.1 (+https://developers.facebook.com/docs/sharing/webmasters/crawler)"
216.73.216.56 - - [18/Dec/2025:01:30:46 +0000] "GET /?p=47043 HTTP/1.1" 200 41252 "-" "Mozilla/5.0 AppleWebKit/537.36 (KHTML, like Gecko; compatible; ClaudeBot/1.0; +claudebot@anthropic.com)"
217.182.195.140 - - [18/Dec/2025:01:30:47 +0000] "GET /?p=32663 HTTP/1.1" 200 43029 "-" "Mozilla/5.0 (compatible; MJ12bot/v1.4.8; http://mj12bot.com/)"
57.141.0.28 - - [18/Dec/2025:01:30:48 +0000] "GET /karamba-spielsaal-erfahrungen-angeschlossen-testbericht-werfen-sie-einen-blick-auf-den-link-within-2025-pro-teutonia/?fileloc=//sys/class/pci_bus/0000:02/subsystem/0000:0f/subsystem/0000:00/device/0000:00:02.2/msi_irqs/26&path=//sys/class/pci_bus/0000:02/subsystem/0000:0f/subsystem/0000:00/device/0000:00:02.2/msi_irqs HTTP/1.1" 200 262209 "-" "meta-externalagent/1.1 (+https://developers.facebook.com/docs/sharing/webmasters/crawler)"
216.73.216.56 - - [18/Dec/2025:01:30:49 +0000] "GET /?p=14193 HTTP/1.1" 200 42998 "-" "Mozilla/5.0 AppleWebKit/537.36 (KHTML, like Gecko; compatible; ClaudeBot/1.0; +claudebot@anthropic.com)"
