66.135.21.75 - - [18/Dec/2025:00:45:33 +0000] "POST /wp-cron.php?doing_wp_cron=1766018732.7475180625915527343750 HTTP/1.1" 499 0 "-" "WordPress/6.3.1; https://datainsightnow.com"
57.141.0.1 - - [18/Dec/2025:00:45:35 +0000] "GET /2025/03/06/page/39/?path=//sys/class/pci_bus/0000:0f/device/driver/0000:00:02.7/driver/0000:00:03.0/driver/0000:00:02.5/msi_irqs HTTP/1.1" 200 262264 "-" "meta-externalagent/1.1 (+https://developers.facebook.com/docs/sharing/webmasters/crawler)"
57.141.0.36 - - [18/Dec/2025:00:45:35 +0000] "GET /2025/03/07/page/6/?path=//sys/class/pci_bus/0000:05/subsystem/0000:00/device/pci_bus/0000:00/subsystem/0000:06/device/driver HTTP/1.1" 200 262264 "-" "meta-externalagent/1.1 (+https://developers.facebook.com/docs/sharing/webmasters/crawler)"
57.141.0.55 - - [18/Dec/2025:00:45:35 +0000] "GET /2025/03/07/page/6/?fileloc=//sys/class/pci_bus/0000:05/subsystem/0000:00/device/firmware_node/device:3e/physical_node/driver/0000:00:02.1/resource0&path=//sys/class/pci_bus/0000:05/subsystem/0000:00/device/firmware_node/device:3e/physical_node/driver/0000:00:02.1 HTTP/1.1" 200 262209 "-" "meta-externalagent/1.1 (+https://developers.facebook.com/docs/sharing/webmasters/crawler)"
57.141.0.78 - - [18/Dec/2025:00:45:35 +0000] "GET /karamba-spielsaal-erfahrungen-angeschlossen-testbericht-werfen-sie-einen-blick-auf-den-link-within-2025-pro-teutonia/?fileloc=//sys/class/pci_bus/0000:11/subsystem/0000:0d/subsystem/0000:00/subsystem/0000:04/subsystem/0000:0c/device/subordinate_bus_number&path=//sys/class/pci_bus/0000:11/subsystem/0000:0d/subsystem/0000:00/subsystem/0000:04/subsystem/0000:0c/device HTTP/1.1" 200 262216 "-" "meta-externalagent/1.1 (+https://developers.facebook.com/docs/sharing/webmasters/crawler)"
216.73.216.56 - - [18/Dec/2025:00:45:35 +0000] "GET /entity/204648330.htm HTTP/1.1" 301 5 "-" "Mozilla/5.0 AppleWebKit/537.36 (KHTML, like Gecko; compatible; ClaudeBot/1.0; +claudebot@anthropic.com)"
216.73.216.56 - - [18/Dec/2025:00:45:36 +0000] "GET /entity/204648330.htm/ HTTP/1.1" 200 45436 "https://datainsightnow.com/entity/204648330.htm" "Mozilla/5.0 AppleWebKit/537.36 (KHTML, like Gecko; compatible; ClaudeBot/1.0; +claudebot@anthropic.com)"
57.141.0.52 - - [18/Dec/2025:00:45:36 +0000] "GET /2025/03/07/page/6/?fileloc=//sys/class/pci_bus/0000:11/device/driver/0000:00:02.3/driver/0000:00:03.6/subsystem/devices/0000:00:03.4/irq&path=//sys/class/pci_bus/0000:11/device/driver/0000:00:02.3/driver/0000:00:03.6/subsystem/devices/0000:00:03.4 HTTP/1.1" 200 262209 "-" "meta-externalagent/1.1 (+https://developers.facebook.com/docs/sharing/webmasters/crawler)"
216.73.216.56 - - [18/Dec/2025:00:45:37 +0000] "GET /entity/204797002.htm HTTP/1.1" 301 5 "-" "Mozilla/5.0 AppleWebKit/537.36 (KHTML, like Gecko; compatible; ClaudeBot/1.0; +claudebot@anthropic.com)"
216.73.216.56 - - [18/Dec/2025:00:45:38 +0000] "GET /entity/204797002.htm/ HTTP/1.1" 200 45436 "https://datainsightnow.com/entity/204797002.htm" "Mozilla/5.0 AppleWebKit/537.36 (KHTML, like Gecko; compatible; ClaudeBot/1.0; +claudebot@anthropic.com)"
216.73.216.56 - - [18/Dec/2025:00:45:40 +0000] "GET /entity/204811243.htm HTTP/1.1" 301 5 "-" "Mozilla/5.0 AppleWebKit/537.36 (KHTML, like Gecko; compatible; ClaudeBot/1.0; +claudebot@anthropic.com)"
216.73.216.56 - - [18/Dec/2025:00:45:41 +0000] "GET /entity/204811243.htm/ HTTP/1.1" 200 45436 "https://datainsightnow.com/entity/204811243.htm" "Mozilla/5.0 AppleWebKit/537.36 (KHTML, like Gecko; compatible; ClaudeBot/1.0; +claudebot@anthropic.com)"
57.141.0.73 - - [18/Dec/2025:00:45:43 +0000] "GET /karamba-spielsaal-erfahrungen-angeschlossen-testbericht-werfen-sie-einen-blick-auf-den-link-within-2025-pro-teutonia/?path=//sys/class/pci_bus/0000:01/subsystem/0000:06/device/driver/0000:00:03.5/driver/0000:00:02.4/power HTTP/1.1" 200 262209 "-" "meta-externalagent/1.1 (+https://developers.facebook.com/docs/sharing/webmasters/crawler)"
216.73.216.56 - - [18/Dec/2025:00:45:43 +0000] "GET /entity/204624763.htm HTTP/1.1" 301 5 "-" "Mozilla/5.0 AppleWebKit/537.36 (KHTML, like Gecko; compatible; ClaudeBot/1.0; +claudebot@anthropic.com)"
216.73.216.56 - - [18/Dec/2025:00:45:44 +0000] "GET /entity/204624763.htm/ HTTP/1.1" 200 45436 "https://datainsightnow.com/entity/204624763.htm" "Mozilla/5.0 AppleWebKit/537.36 (KHTML, like Gecko; compatible; ClaudeBot/1.0; +claudebot@anthropic.com)"
216.73.216.56 - - [18/Dec/2025:00:45:46 +0000] "GET /entity/204780687.htm HTTP/1.1" 301 5 "-" "Mozilla/5.0 AppleWebKit/537.36 (KHTML, like Gecko; compatible; ClaudeBot/1.0; +claudebot@anthropic.com)"
216.73.216.56 - - [18/Dec/2025:00:45:47 +0000] "GET /entity/204780687.htm/ HTTP/1.1" 200 45436 "https://datainsightnow.com/entity/204780687.htm" "Mozilla/5.0 AppleWebKit/537.36 (KHTML, like Gecko; compatible; ClaudeBot/1.0; +claudebot@anthropic.com)"
57.141.0.53 - - [18/Dec/2025:00:45:48 +0000] "GET /2025/03/07/page/6/?fileloc=//sys/class/pci_bus/0000:05/subsystem/0000:02/subsystem/0000:06/subsystem/0000:02/device/driver/0000:00:02.5/0000:07:00.0/subsystem_vendor&path=//sys/class/pci_bus/0000:05/subsystem/0000:02/subsystem/0000:06/subsystem/0000:02/device/driver/0000:00:02.5/0000:07:00.0 HTTP/1.1" 200 262264 "-" "meta-externalagent/1.1 (+https://developers.facebook.com/docs/sharing/webmasters/crawler)"
66.249.77.98 - - [18/Dec/2025:00:45:49 +0000] "GET /?fileloc=//sys/class/sound/card0/device/subsystem/devices/0000:00:02.2/driver/0000:00:03.4/driver/0000:00:02.6/driver/0000:00:03.0/subsystem/devices/0000:00:03.4/pci_bus/0000:0e/device/driver/0000:00:03.2/firmware_node/physical_node/driver/0000:00:03.0/power_state&path=//sys/class/sound/card0/device/subsystem/devices/0000:00:02.2/driver/0000:00:03.4/driver/0000:00:02.6/driver/0000:00:03.0/subsystem/devices/0000:00:03.4/pci_bus/0000:0e/device/driver/0000:00:03.2/firmware_node/physical_node/driver/0000:00:03.0 HTTP/1.1" 200 45438 "-" "Mozilla/5.0 (Linux; Android 6.0.1; Nexus 5X Build/MMB29P) AppleWebKit/537.36 (KHTML, like Gecko) Chrome/141.0.7390.122 Mobile Safari/537.36 (compatible; Googlebot/2.1; +http://www.google.com/bot.html)"
216.73.216.56 - - [18/Dec/2025:00:45:49 +0000] "GET /entity/204801660.htm HTTP/1.1" 301 5 "-" "Mozilla/5.0 AppleWebKit/537.36 (KHTML, like Gecko; compatible; ClaudeBot/1.0; +claudebot@anthropic.com)"
216.73.216.56 - - [18/Dec/2025:00:45:50 +0000] "GET /entity/204801660.htm/ HTTP/1.1" 200 45436 "https://datainsightnow.com/entity/204801660.htm" "Mozilla/5.0 AppleWebKit/537.36 (KHTML, like Gecko; compatible; ClaudeBot/1.0; +claudebot@anthropic.com)"
66.135.21.75 - - [18/Dec/2025:00:45:50 +0000] "POST /wp-cron.php?doing_wp_cron=1766018750.7377700805664062500000 HTTP/1.1" 200 31 "-" "WordPress/6.3.1; https://datainsightnow.com"
57.141.0.54 - - [18/Dec/2025:00:45:51 +0000] "GET /2025/03/07/page/6/?fileloc=//sys/class/pci_bus/0000:05/subsystem/0000:0d/device/pci_bus/0000:0d/device/driver/0000:00:02.3/subsystem_device&path=//sys/class/pci_bus/0000:05/subsystem/0000:0d/device/pci_bus/0000:0d/device/driver/0000:00:02.3 HTTP/1.1" 200 262215 "-" "meta-externalagent/1.1 (+https://developers.facebook.com/docs/sharing/webmasters/crawler)"
57.141.0.54 - - [18/Dec/2025:00:45:52 +0000] "GET /2025/03/06/page/39/?fileloc=//sys/class/pci_bus/0000:13/subsystem/0000:05/device/driver/0000:00:02.2/subsystem/devices/0000:07:00.0/power/wakeup&path=//sys/class/pci_bus/0000:13/subsystem/0000:05/device/driver/0000:00:02.2/subsystem/devices/0000:07:00.0/power HTTP/1.1" 200 262264 "-" "meta-externalagent/1.1 (+https://developers.facebook.com/docs/sharing/webmasters/crawler)"
216.73.216.56 - - [18/Dec/2025:00:45:52 +0000] "GET /entity/204795703.htm HTTP/1.1" 301 5 "-" "Mozilla/5.0 AppleWebKit/537.36 (KHTML, like Gecko; compatible; ClaudeBot/1.0; +claudebot@anthropic.com)"
216.73.216.56 - - [18/Dec/2025:00:45:53 +0000] "GET /entity/204795703.htm/ HTTP/1.1" 200 45436 "https://datainsightnow.com/entity/204795703.htm" "Mozilla/5.0 AppleWebKit/537.36 (KHTML, like Gecko; compatible; ClaudeBot/1.0; +claudebot@anthropic.com)"
57.141.0.26 - - [18/Dec/2025:00:45:54 +0000] "GET /karamba-spielsaal-erfahrungen-angeschlossen-testbericht-werfen-sie-einen-blick-auf-den-link-within-2025-pro-teutonia/?path=//sys/class/pci_bus/0000:06/subsystem/0000:00/subsystem/0000:0d/subsystem/0000:0c/subsystem/0000:00/subsystem HTTP/1.1" 200 262209 "-" "meta-externalagent/1.1 (+https://developers.facebook.com/docs/sharing/webmasters/crawler)"
216.73.216.56 - - [18/Dec/2025:00:45:55 +0000] "GET /entity/204793109.htm HTTP/1.1" 301 5 "-" "Mozilla/5.0 AppleWebKit/537.36 (KHTML, like Gecko; compatible; ClaudeBot/1.0; +claudebot@anthropic.com)"
57.141.0.29 - - [18/Dec/2025:00:45:56 +0000] "GET /karamba-spielsaal-erfahrungen-angeschlossen-testbericht-werfen-sie-einen-blick-auf-den-link-within-2025-pro-teutonia/?path=//sys/class/pci_bus/0000:0e/subsystem/0000:0b/device/driver/0000:00:02.7/driver/0000:00:02.4/driver/0000:00:03.6 HTTP/1.1" 200 262248 "-" "meta-externalagent/1.1 (+https://developers.facebook.com/docs/sharing/webmasters/crawler)"
216.73.216.56 - - [18/Dec/2025:00:45:56 +0000] "GET /entity/204793109.htm/ HTTP/1.1" 200 45436 "https://datainsightnow.com/entity/204793109.htm" "Mozilla/5.0 AppleWebKit/537.36 (KHTML, like Gecko; compatible; ClaudeBot/1.0; +claudebot@anthropic.com)"
114.119.133.46 - - [18/Dec/2025:00:45:56 +0000] "GET /zodiac-kasino-erfahrungen-2024-480-bonus-80-freispiele/?path=//sys/dev/char/4:81/subsystem/tty5/subsystem/tty15 HTTP/1.1" 200 45438 "https://datainsightnow.com/zodiac-kasino-erfahrungen-2024-480-bonus-80-freispiele/?path=//sys/dev/char/4%3A81/subsystem/tty5/subsystem" "Mozilla/5.0 (Linux; Android 7.0;) AppleWebKit/537.36 (KHTML, like Gecko) Mobile Safari/537.36 (compatible; PetalBot;+https://webmaster.petalsearch.com/site/petalbot)"
66.249.77.98 - - [18/Dec/2025:00:45:57 +0000] "GET /?125780507?entity=0125295126 HTTP/1.1" 200 29962 "-" "Mozilla/5.0 (Linux; Android 6.0.1; Nexus 5X Build/MMB29P) AppleWebKit/537.36 (KHTML, like Gecko) Chrome/141.0.7390.122 Mobile Safari/537.36 (compatible; Googlebot/2.1; +http://www.google.com/bot.html)"
57.141.0.25 - - [18/Dec/2025:00:45:58 +0000] "GET /2025/03/06/page/39/?fileloc=//sys/class/pci_bus/0000:09/subsystem/0000:11/subsystem/0000:06/subsystem/0000:0c/subsystem/0000:13/device/driver_override&path=//sys/class/pci_bus/0000:09/subsystem/0000:11/subsystem/0000:06/subsystem/0000:0c/subsystem/0000:13/device HTTP/1.1" 200 262248 "-" "meta-externalagent/1.1 (+https://developers.facebook.com/docs/sharing/webmasters/crawler)"
57.141.0.11 - - [18/Dec/2025:00:45:58 +0000] "GET /karamba-spielsaal-erfahrungen-angeschlossen-testbericht-werfen-sie-einen-blick-auf-den-link-within-2025-pro-teutonia/?path=//sys/class/pci_bus/0000:02/device/driver/0000:00:02.0/driver/0000:00:02.7/driver/0000:00:02.6/firmware_node/physical_node/subsystem HTTP/1.1" 200 262209 "-" "meta-externalagent/1.1 (+https://developers.facebook.com/docs/sharing/webmasters/crawler)"
216.73.216.56 - - [18/Dec/2025:00:45:58 +0000] "GET /entity/204632792.htm HTTP/1.1" 301 5 "-" "Mozilla/5.0 AppleWebKit/537.36 (KHTML, like Gecko; compatible; ClaudeBot/1.0; +claudebot@anthropic.com)"
216.73.216.56 - - [18/Dec/2025:00:45:59 +0000] "GET /entity/204632792.htm/ HTTP/1.1" 200 45436 "https://datainsightnow.com/entity/204632792.htm" "Mozilla/5.0 AppleWebKit/537.36 (KHTML, like Gecko; compatible; ClaudeBot/1.0; +claudebot@anthropic.com)"
216.73.216.56 - - [18/Dec/2025:00:46:01 +0000] "GET /entity/204748047.htm HTTP/1.1" 301 5 "-" "Mozilla/5.0 AppleWebKit/537.36 (KHTML, like Gecko; compatible; ClaudeBot/1.0; +claudebot@anthropic.com)"
216.73.216.56 - - [18/Dec/2025:00:46:02 +0000] "GET /entity/204748047.htm/ HTTP/1.1" 200 45436 "https://datainsightnow.com/entity/204748047.htm" "Mozilla/5.0 AppleWebKit/537.36 (KHTML, like Gecko; compatible; ClaudeBot/1.0; +claudebot@anthropic.com)"
216.73.216.56 - - [18/Dec/2025:00:46:04 +0000] "GET /entity/204741570.htm HTTP/1.1" 301 5 "-" "Mozilla/5.0 AppleWebKit/537.36 (KHTML, like Gecko; compatible; ClaudeBot/1.0; +claudebot@anthropic.com)"
216.73.216.56 - - [18/Dec/2025:00:46:05 +0000] "GET /entity/204741570.htm/ HTTP/1.1" 200 45436 "https://datainsightnow.com/entity/204741570.htm" "Mozilla/5.0 AppleWebKit/537.36 (KHTML, like Gecko; compatible; ClaudeBot/1.0; +claudebot@anthropic.com)"
57.141.0.60 - - [18/Dec/2025:00:46:06 +0000] "GET /2025/03/07/page/6/?fileloc=//sys/class/pci_bus/0000:05/subsystem/0000:06/subsystem/0000:0b/subsystem/0000:08/uevent&path=//sys/class/pci_bus/0000:05/subsystem/0000:06/subsystem/0000:0b/subsystem/0000:08 HTTP/1.1" 200 262264 "-" "meta-externalagent/1.1 (+https://developers.facebook.com/docs/sharing/webmasters/crawler)"
216.73.216.56 - - [18/Dec/2025:00:46:07 +0000] "GET /index.php?rest_route=%2Fwp%2Fv2%2Fposts%2F27141 HTTP/1.1" 200 6134 "-" "Mozilla/5.0 AppleWebKit/537.36 (KHTML, like Gecko; compatible; ClaudeBot/1.0; +claudebot@anthropic.com)"
66.249.77.99 - - [18/Dec/2025:00:46:07 +0000] "GET /?fileloc=//sys/class/sound/card0/device/subsystem/devices/0000:00:02.2/subsystem/devices/0000:00:03.4/driver/0000:00:02.7/firmware_node/physical_node/firmware_node/device:31/subsystem/devices/device:2c/power/control&path=//sys/class/sound/card0/device/subsystem/devices/0000:00:02.2/subsystem/devices/0000:00:03.4/driver/0000:00:02.7/firmware_node/physical_node/firmware_node/device:31/subsystem/devices/device:2c/power HTTP/1.1" 200 45438 "-" "Mozilla/5.0 (Linux; Android 6.0.1; Nexus 5X Build/MMB29P) AppleWebKit/537.36 (KHTML, like Gecko) Chrome/141.0.7390.122 Mobile Safari/537.36 (compatible; Googlebot/2.1; +http://www.google.com/bot.html)"
216.73.216.56 - - [18/Dec/2025:00:46:10 +0000] "GET /entity/204593936.htm HTTP/1.1" 301 5 "-" "Mozilla/5.0 AppleWebKit/537.36 (KHTML, like Gecko; compatible; ClaudeBot/1.0; +claudebot@anthropic.com)"
57.141.0.50 - - [18/Dec/2025:00:46:11 +0000] "GET /2025/03/07/page/6/?path=//sys/class/pci_bus/0000:0d/subsystem/0000:02/subsystem/0000:0d/subsystem/0000:06/device/0000:00:02.4:pcie001 HTTP/1.1" 200 262248 "-" "meta-externalagent/1.1 (+https://developers.facebook.com/docs/sharing/webmasters/crawler)"
216.73.216.56 - - [18/Dec/2025:00:46:11 +0000] "GET /entity/204593936.htm/ HTTP/1.1" 200 45436 "https://datainsightnow.com/entity/204593936.htm" "Mozilla/5.0 AppleWebKit/537.36 (KHTML, like Gecko; compatible; ClaudeBot/1.0; +claudebot@anthropic.com)"
57.141.0.30 - - [18/Dec/2025:00:46:12 +0000] "GET /2025/03/13/?fileloc=//sys/class/pci_bus/0000:04/subsystem/0000:04/device/driver/0000:00:02.2/driver/0000:00:03.7/aer_rootport_total_err_fatal&path=//sys/class/pci_bus/0000:04/subsystem/0000:04/device/driver/0000:00:02.2/driver/0000:00:03.7 HTTP/1.1" 200 262248 "-" "meta-externalagent/1.1 (+https://developers.facebook.com/docs/sharing/webmasters/crawler)"
216.73.216.56 - - [18/Dec/2025:00:46:13 +0000] "GET /entity/204800110.htm HTTP/1.1" 301 5 "-" "Mozilla/5.0 AppleWebKit/537.36 (KHTML, like Gecko; compatible; ClaudeBot/1.0; +claudebot@anthropic.com)"
216.73.216.56 - - [18/Dec/2025:00:46:14 +0000] "GET /entity/204800110.htm/ HTTP/1.1" 200 45436 "https://datainsightnow.com/entity/204800110.htm" "Mozilla/5.0 AppleWebKit/537.36 (KHTML, like Gecko; compatible; ClaudeBot/1.0; +claudebot@anthropic.com)"
216.73.216.56 - - [18/Dec/2025:00:46:16 +0000] "GET /entity/204722147.htm HTTP/1.1" 301 5 "-" "Mozilla/5.0 AppleWebKit/537.36 (KHTML, like Gecko; compatible; ClaudeBot/1.0; +claudebot@anthropic.com)"
216.73.216.56 - - [18/Dec/2025:00:46:17 +0000] "GET /entity/204722147.htm/ HTTP/1.1" 200 45436 "https://datainsightnow.com/entity/204722147.htm" "Mozilla/5.0 AppleWebKit/537.36 (KHTML, like Gecko; compatible; ClaudeBot/1.0; +claudebot@anthropic.com)"
51.195.183.200 - - [18/Dec/2025:00:46:17 +0000] "GET /?p=27921 HTTP/1.1" 200 44329 "-" "Mozilla/5.0 (compatible; AhrefsBot/7.0; +http://ahrefs.com/robot/)"
216.73.216.56 - - [18/Dec/2025:00:46:20 +0000] "GET /entity/204727066.htm HTTP/1.1" 301 5 "-" "Mozilla/5.0 AppleWebKit/537.36 (KHTML, like Gecko; compatible; ClaudeBot/1.0; +claudebot@anthropic.com)"
216.73.216.56 - - [18/Dec/2025:00:46:21 +0000] "GET /entity/204727066.htm/ HTTP/1.1" 200 45436 "https://datainsightnow.com/entity/204727066.htm" "Mozilla/5.0 AppleWebKit/537.36 (KHTML, like Gecko; compatible; ClaudeBot/1.0; +claudebot@anthropic.com)"
216.73.216.56 - - [18/Dec/2025:00:46:23 +0000] "GET /entity/204746228.htm HTTP/1.1" 301 5 "-" "Mozilla/5.0 AppleWebKit/537.36 (KHTML, like Gecko; compatible; ClaudeBot/1.0; +claudebot@anthropic.com)"
216.73.216.56 - - [18/Dec/2025:00:46:23 +0000] "GET /entity/204746228.htm/ HTTP/1.1" 200 45436 "https://datainsightnow.com/entity/204746228.htm" "Mozilla/5.0 AppleWebKit/537.36 (KHTML, like Gecko; compatible; ClaudeBot/1.0; +claudebot@anthropic.com)"
57.141.0.21 - - [18/Dec/2025:00:46:24 +0000] "GET /karamba-spielsaal-erfahrungen-angeschlossen-testbericht-werfen-sie-einen-blick-auf-den-link-within-2025-pro-teutonia/?fileloc=//sys/class/pci_bus/0000:0b/subsystem/0000:0d/subsystem/0000:11/device/driver/0000:00:03.7/aer_dev_nonfatal&path=//sys/class/pci_bus/0000:0b/subsystem/0000:0d/subsystem/0000:11/device/driver/0000:00:03.7 HTTP/1.1" 200 262264 "-" "meta-externalagent/1.1 (+https://developers.facebook.com/docs/sharing/webmasters/crawler)"
66.249.77.98 - - [18/Dec/2025:00:46:25 +0000] "GET /?path=//sys/class/sound/card0/device/subsystem/devices/0000:00:02.2/driver/0000:00:02.2/driver/0000:00:02.2/driver/0000:00:03.4/0000:00:03.4:pcie001/subsystem/drivers/aer/0000:00:03.5:pcie002 HTTP/1.1" 200 45438 "-" "Mozilla/5.0 (Linux; Android 6.0.1; Nexus 5X Build/MMB29P) AppleWebKit/537.36 (KHTML, like Gecko) Chrome/141.0.7390.122 Mobile Safari/537.36 (compatible; Googlebot/2.1; +http://www.google.com/bot.html)"
216.73.216.56 - - [18/Dec/2025:00:46:26 +0000] "GET /entity/204605854.htm HTTP/1.1" 301 5 "-" "Mozilla/5.0 AppleWebKit/537.36 (KHTML, like Gecko; compatible; ClaudeBot/1.0; +claudebot@anthropic.com)"
216.73.216.56 - - [18/Dec/2025:00:46:26 +0000] "GET /entity/204605854.htm/ HTTP/1.1" 200 45436 "https://datainsightnow.com/entity/204605854.htm" "Mozilla/5.0 AppleWebKit/537.36 (KHTML, like Gecko; compatible; ClaudeBot/1.0; +claudebot@anthropic.com)"
57.141.0.73 - - [18/Dec/2025:00:46:27 +0000] "GET /karamba-spielsaal-erfahrungen-angeschlossen-testbericht-werfen-sie-einen-blick-auf-den-link-within-2025-pro-teutonia/?path=//sys/class/pci_bus/0000:01/subsystem/0000:08/subsystem/0000:06/device/driver/0000:00:02.4/driver/0000:00:03.1/subsystem HTTP/1.1" 200 262248 "-" "meta-externalagent/1.1 (+https://developers.facebook.com/docs/sharing/webmasters/crawler)"
216.73.216.56 - - [18/Dec/2025:00:46:29 +0000] "GET /entity/204760479.htm HTTP/1.1" 301 5 "-" "Mozilla/5.0 AppleWebKit/537.36 (KHTML, like Gecko; compatible; ClaudeBot/1.0; +claudebot@anthropic.com)"
57.141.0.1 - - [18/Dec/2025:00:46:29 +0000] "GET /2025/03/07/page/6/?fileloc=//sys/class/pci_bus/0000:0e/subsystem/0000:05/subsystem/0000:0f/subsystem/0000:00/subsystem/0000:0c/device/aer_rootport_total_err_nonfatal&path=//sys/class/pci_bus/0000:0e/subsystem/0000:05/subsystem/0000:0f/subsystem/0000:00/subsystem/0000:0c/device HTTP/1.1" 200 262209 "-" "meta-externalagent/1.1 (+https://developers.facebook.com/docs/sharing/webmasters/crawler)"
216.73.216.56 - - [18/Dec/2025:00:46:29 +0000] "GET /entity/204760479.htm/ HTTP/1.1" 200 45436 "https://datainsightnow.com/entity/204760479.htm" "Mozilla/5.0 AppleWebKit/537.36 (KHTML, like Gecko; compatible; ClaudeBot/1.0; +claudebot@anthropic.com)"
57.141.0.39 - - [18/Dec/2025:00:46:30 +0000] "GET /2025/03/07/page/6/?fileloc=//sys/class/pci_bus/0000:02/device/driver/0000:00:04.0/subsystem/devices/0000:00:03.0/driver/0000:00:04.0/device&path=//sys/class/pci_bus/0000:02/device/driver/0000:00:04.0/subsystem/devices/0000:00:03.0/driver/0000:00:04.0 HTTP/1.1" 200 262209 "-" "meta-externalagent/1.1 (+https://developers.facebook.com/docs/sharing/webmasters/crawler)"
216.73.216.56 - - [18/Dec/2025:00:46:32 +0000] "GET /entity/204797516.htm HTTP/1.1" 301 5 "-" "Mozilla/5.0 AppleWebKit/537.36 (KHTML, like Gecko; compatible; ClaudeBot/1.0; +claudebot@anthropic.com)"
216.73.216.56 - - [18/Dec/2025:00:46:32 +0000] "GET /entity/204797516.htm/ HTTP/1.1" 200 45436 "https://datainsightnow.com/entity/204797516.htm" "Mozilla/5.0 AppleWebKit/537.36 (KHTML, like Gecko; compatible; ClaudeBot/1.0; +claudebot@anthropic.com)"
216.73.216.56 - - [18/Dec/2025:00:46:35 +0000] "GET /entity/204741319.htm HTTP/1.1" 301 5 "-" "Mozilla/5.0 AppleWebKit/537.36 (KHTML, like Gecko; compatible; ClaudeBot/1.0; +claudebot@anthropic.com)"
216.73.216.56 - - [18/Dec/2025:00:46:35 +0000] "GET /entity/204741319.htm/ HTTP/1.1" 200 45436 "https://datainsightnow.com/entity/204741319.htm" "Mozilla/5.0 AppleWebKit/537.36 (KHTML, like Gecko; compatible; ClaudeBot/1.0; +claudebot@anthropic.com)"
57.141.0.74 - - [18/Dec/2025:00:46:37 +0000] "GET /2025/03/07/page/6/?fileloc=//sys/class/pci_bus/0000:12/subsystem/0000:0c/subsystem/0000:0d/subsystem/0000:06/device/driver/0000:00:04.0/resource&path=//sys/class/pci_bus/0000:12/subsystem/0000:0c/subsystem/0000:0d/subsystem/0000:06/device/driver/0000:00:04.0 HTTP/1.1" 200 262215 "-" "meta-externalagent/1.1 (+https://developers.facebook.com/docs/sharing/webmasters/crawler)"
57.141.0.9 - - [18/Dec/2025:00:46:38 +0000] "GET /2025/03/07/page/6/?fileloc=//sys/class/pci_bus/0000:05/subsystem/0000:07/device/driver/0000:00:03.1/subsystem/devices/0000:04:00.0/usb2/power/active_duration&path=//sys/class/pci_bus/0000:05/subsystem/0000:07/device/driver/0000:00:03.1/subsystem/devices/0000:04:00.0/usb2/power HTTP/1.1" 200 262264 "-" "meta-externalagent/1.1 (+https://developers.facebook.com/docs/sharing/webmasters/crawler)"
216.73.216.56 - - [18/Dec/2025:00:46:38 +0000] "GET /entity/204800624.htm HTTP/1.1" 301 5 "-" "Mozilla/5.0 AppleWebKit/537.36 (KHTML, like Gecko; compatible; ClaudeBot/1.0; +claudebot@anthropic.com)"
216.73.216.56 - - [18/Dec/2025:00:46:38 +0000] "GET /entity/204800624.htm/ HTTP/1.1" 200 45436 "https://datainsightnow.com/entity/204800624.htm" "Mozilla/5.0 AppleWebKit/537.36 (KHTML, like Gecko; compatible; ClaudeBot/1.0; +claudebot@anthropic.com)"
57.141.0.54 - - [18/Dec/2025:00:46:40 +0000] "GET /2025/03/06/page/39/?path=//sys/class/pci_bus/0000:06/subsystem/0000:13/subsystem/0000:05/subsystem/0000:00/device/0000:00:04.1/0000:00:04.1:pcie002 HTTP/1.1" 200 262209 "-" "meta-externalagent/1.1 (+https://developers.facebook.com/docs/sharing/webmasters/crawler)"
216.73.216.56 - - [18/Dec/2025:00:46:41 +0000] "GET /entity/204728616.htm HTTP/1.1" 301 5 "-" "Mozilla/5.0 AppleWebKit/537.36 (KHTML, like Gecko; compatible; ClaudeBot/1.0; +claudebot@anthropic.com)"
216.73.216.56 - - [18/Dec/2025:00:46:41 +0000] "GET /entity/204728616.htm/ HTTP/1.1" 200 45436 "https://datainsightnow.com/entity/204728616.htm" "Mozilla/5.0 AppleWebKit/537.36 (KHTML, like Gecko; compatible; ClaudeBot/1.0; +claudebot@anthropic.com)"
57.141.0.74 - - [18/Dec/2025:00:46:42 +0000] "GET /2025/03/06/page/39/?fileloc=//sys/class/pci_bus/0000:10/subsystem/0000:01/device/driver/0000:00:02.2/driver/0000:00:04.1/resource&path=//sys/class/pci_bus/0000:10/subsystem/0000:01/device/driver/0000:00:02.2/driver/0000:00:04.1 HTTP/1.1" 200 262209 "-" "meta-externalagent/1.1 (+https://developers.facebook.com/docs/sharing/webmasters/crawler)"
66.249.77.98 - - [18/Dec/2025:00:46:42 +0000] "GET /?fileloc=//sys/class/sound/card0/device/subsystem/devices/0000:00:02.2/subsystem/devices/0000:00:03.4/driver/0000:00:02.1/driver/0000:00:02.5/0000:00:02.5:pcie010/subsystem/drivers/aer/0000:00:02.0:pcie002/subsystem/drivers/pciehp/uevent&path=//sys/class/sound/card0/device/subsystem/devices/0000:00:02.2/subsystem/devices/0000:00:03.4/driver/0000:00:02.1/driver/0000:00:02.5/0000:00:02.5:pcie010/subsystem/drivers/aer/0000:00:02.0:pcie002/subsystem/drivers/pciehp HTTP/1.1" 200 45438 "-" "Mozilla/5.0 (Linux; Android 6.0.1; Nexus 5X Build/MMB29P) AppleWebKit/537.36 (KHTML, like Gecko) Chrome/141.0.7390.122 Mobile Safari/537.36 (compatible; Googlebot/2.1; +http://www.google.com/bot.html)"
57.141.0.6 - - [18/Dec/2025:00:46:43 +0000] "GET /karamba-spielsaal-erfahrungen-angeschlossen-testbericht-werfen-sie-einen-blick-auf-den-link-within-2025-pro-teutonia/?fileloc=//sys/class/pci_bus/0000:06/subsystem/0000:0c/device/driver/0000:00:02.0/subsystem/drivers/pcieport/0000:00:04.0/current_link_width&path=//sys/class/pci_bus/0000:06/subsystem/0000:0c/device/driver/0000:00:02.0/subsystem/drivers/pcieport/0000:00:04.0 HTTP/1.1" 200 262264 "-" "meta-externalagent/1.1 (+https://developers.facebook.com/docs/sharing/webmasters/crawler)"
216.73.216.56 - - [18/Dec/2025:00:46:46 +0000] "GET /entity/204732760.htm HTTP/1.1" 301 5 "-" "Mozilla/5.0 AppleWebKit/537.36 (KHTML, like Gecko; compatible; ClaudeBot/1.0; +claudebot@anthropic.com)"
193.24.211.66 - - [18/Dec/2025:00:46:46 +0000] "POST /xmlrpc.php HTTP/1.1" 200 223 "-" "Mozilla/5.0 (Windows NT 10.0; Win64; x64; rv:127.0) Gecko/20100101 Firefox/127.0"
216.73.216.56 - - [18/Dec/2025:00:46:47 +0000] "GET /entity/204732760.htm/ HTTP/1.1" 200 45436 "https://datainsightnow.com/entity/204732760.htm" "Mozilla/5.0 AppleWebKit/537.36 (KHTML, like Gecko; compatible; ClaudeBot/1.0; +claudebot@anthropic.com)"
52.167.144.227 - - [18/Dec/2025:00:46:48 +0000] "GET /?p=46621 HTTP/1.1" 200 31266 "-" "Mozilla/5.0 AppleWebKit/537.36 (KHTML, like Gecko; compatible; bingbot/2.0; +http://www.bing.com/bingbot.htm) Chrome/116.0.1938.76 Safari/537.36"
216.73.216.56 - - [18/Dec/2025:00:46:49 +0000] "GET /entity/204643150.htm HTTP/1.1" 301 5 "-" "Mozilla/5.0 AppleWebKit/537.36 (KHTML, like Gecko; compatible; ClaudeBot/1.0; +claudebot@anthropic.com)"
216.73.216.56 - - [18/Dec/2025:00:46:50 +0000] "GET /entity/204643150.htm/ HTTP/1.1" 200 45436 "https://datainsightnow.com/entity/204643150.htm" "Mozilla/5.0 AppleWebKit/537.36 (KHTML, like Gecko; compatible; ClaudeBot/1.0; +claudebot@anthropic.com)"
57.141.0.19 - - [18/Dec/2025:00:46:50 +0000] "GET /karamba-spielsaal-erfahrungen-angeschlossen-testbericht-werfen-sie-einen-blick-auf-den-link-within-2025-pro-teutonia/?path=//sys/class/pci_bus/0000:09/subsystem/0000:0b/subsystem/0000:00/subsystem/0000:03/subsystem/0000:01 HTTP/1.1" 200 262264 "-" "meta-externalagent/1.1 (+https://developers.facebook.com/docs/sharing/webmasters/crawler)"
66.135.21.75 - - [18/Dec/2025:00:46:52 +0000] "POST /wp-cron.php?doing_wp_cron=1766018812.2702550888061523437500 HTTP/1.1" 200 31 "-" "WordPress/6.3.1; https://datainsightnow.com"
216.73.216.56 - - [18/Dec/2025:00:46:52 +0000] "GET /entity/204653259.htm HTTP/1.1" 301 5 "-" "Mozilla/5.0 AppleWebKit/537.36 (KHTML, like Gecko; compatible; ClaudeBot/1.0; +claudebot@anthropic.com)"
185.191.171.1 - - [18/Dec/2025:00:46:52 +0000] "GET /?p=20529 HTTP/1.1" 200 44481 "-" "Mozilla/5.0 (compatible; SemrushBot/7~bl; +http://www.semrush.com/bot.html)"
216.73.216.56 - - [18/Dec/2025:00:46:52 +0000] "GET /entity/204653259.htm/ HTTP/1.1" 200 45436 "https://datainsightnow.com/entity/204653259.htm" "Mozilla/5.0 AppleWebKit/537.36 (KHTML, like Gecko; compatible; ClaudeBot/1.0; +claudebot@anthropic.com)"
216.73.216.56 - - [18/Dec/2025:00:46:55 +0000] "GET /entity/204784831.htm HTTP/1.1" 301 5 "-" "Mozilla/5.0 AppleWebKit/537.36 (KHTML, like Gecko; compatible; ClaudeBot/1.0; +claudebot@anthropic.com)"
216.73.216.56 - - [18/Dec/2025:00:46:55 +0000] "GET /entity/204784831.htm/ HTTP/1.1" 200 45436 "https://datainsightnow.com/entity/204784831.htm" "Mozilla/5.0 AppleWebKit/537.36 (KHTML, like Gecko; compatible; ClaudeBot/1.0; +claudebot@anthropic.com)"
185.191.171.11 - - [18/Dec/2025:00:46:57 +0000] "GET /?p=18335 HTTP/1.1" 200 43594 "-" "Mozilla/5.0 (compatible; SemrushBot/7~bl; +http://www.semrush.com/bot.html)"
216.73.216.56 - - [18/Dec/2025:00:46:58 +0000] "GET /entity/204727580.htm HTTP/1.1" 301 5 "-" "Mozilla/5.0 AppleWebKit/537.36 (KHTML, like Gecko; compatible; ClaudeBot/1.0; +claudebot@anthropic.com)"
216.73.216.56 - - [18/Dec/2025:00:46:58 +0000] "GET /entity/204727580.htm/ HTTP/1.1" 200 45436 "https://datainsightnow.com/entity/204727580.htm" "Mozilla/5.0 AppleWebKit/537.36 (KHTML, like Gecko; compatible; ClaudeBot/1.0; +claudebot@anthropic.com)"
66.249.77.98 - - [18/Dec/2025:00:46:59 +0000] "GET /?path=//sys/class/sound/card0/device/subsystem/devices/0000:00:02.2/driver/0000:00:03.4/driver/0000:00:02.6/driver/0000:00:03.0/driver/0000:00:02.0/driver/0000:00:02.1/driver/0000:00:02.4/driver/0000:00:04.1/pci_bus HTTP/1.1" 200 45438 "-" "Mozilla/5.0 (Linux; Android 6.0.1; Nexus 5X Build/MMB29P) AppleWebKit/537.36 (KHTML, like Gecko) Chrome/141.0.7390.122 Mobile Safari/537.36 (compatible; Googlebot/2.1; +http://www.google.com/bot.html)"
57.141.0.10 - - [18/Dec/2025:00:47:00 +0000] "GET /entity/393620424.htm HTTP/1.1" 301 5 "-" "meta-externalagent/1.1 (+https://developers.facebook.com/docs/sharing/webmasters/crawler)"
216.73.216.56 - - [18/Dec/2025:00:47:01 +0000] "GET /entity/204747274.htm HTTP/1.1" 301 5 "-" "Mozilla/5.0 AppleWebKit/537.36 (KHTML, like Gecko; compatible; ClaudeBot/1.0; +claudebot@anthropic.com)"
66.249.77.98 - - [18/Dec/2025:00:47:02 +0000] "GET /?fileloc=//sys/class/sound/card0/device/subsystem/devices/0000:00:02.2/driver/0000:00:02.2/driver/0000:00:02.6/0000:00:02.6:pcie002/driver/0000:00:03.7:pcie002/subsystem/devices/0000:00:03.5:pcie010/subsystem/drivers/aer/0000:00:02.7:pcie002/driver/0000:00:02.3:pcie002/driver/0000:00:03.0:pcie002/subsystem/uevent&path=//sys/class/sound/card0/device/subsystem/devices/0000:00:02.2/driver/0000:00:02.2/driver/0000:00:02.6/0000:00:02.6:pcie002/driver/0000:00:03.7:pcie002/subsystem/devices/0000:00:03.5:pcie010/subsystem/drivers/aer/0000:00:02.7:pcie002/driver/0000:00:02.3:pcie002/driver/0000:00:03.0:pcie002/subsystem HTTP/1.1" 200 45438 "-" "Mozilla/5.0 (Linux; Android 6.0.1; Nexus 5X Build/MMB29P) AppleWebKit/537.36 (KHTML, like Gecko) Chrome/141.0.7390.122 Mobile Safari/537.36 (compatible; Googlebot/2.1; +http://www.google.com/bot.html)"
216.73.216.56 - - [18/Dec/2025:00:47:02 +0000] "GET /entity/204747274.htm/ HTTP/1.1" 200 45436 "https://datainsightnow.com/entity/204747274.htm" "Mozilla/5.0 AppleWebKit/537.36 (KHTML, like Gecko; compatible; ClaudeBot/1.0; +claudebot@anthropic.com)"
216.73.216.56 - - [18/Dec/2025:00:47:04 +0000] "GET /entity/204603260.htm HTTP/1.1" 301 5 "-" "Mozilla/5.0 AppleWebKit/537.36 (KHTML, like Gecko; compatible; ClaudeBot/1.0; +claudebot@anthropic.com)"
216.73.216.56 - - [18/Dec/2025:00:47:05 +0000] "GET /entity/204603260.htm/ HTTP/1.1" 200 45436 "https://datainsightnow.com/entity/204603260.htm" "Mozilla/5.0 AppleWebKit/537.36 (KHTML, like Gecko; compatible; ClaudeBot/1.0; +claudebot@anthropic.com)"
57.141.0.12 - - [18/Dec/2025:00:47:05 +0000] "GET /2025/03/07/page/6/?path=//sys/class/pci_bus/0000:0f/subsystem/0000:02/subsystem/0000:07/subsystem/0000:13/subsystem/0000:0c/device/0000:00:03.2:pcie002 HTTP/1.1" 200 262248 "-" "meta-externalagent/1.1 (+https://developers.facebook.com/docs/sharing/webmasters/crawler)"
57.141.0.22 - - [18/Dec/2025:00:47:06 +0000] "GET /2025/03/07/page/6/?path=//sys/class/pci_bus/0000:03/subsystem/0000:10/subsystem/0000:0b/subsystem/0000:06/subsystem/0000:01/power HTTP/1.1" 200 262264 "-" "meta-externalagent/1.1 (+https://developers.facebook.com/docs/sharing/webmasters/crawler)"
216.73.216.56 - - [18/Dec/2025:00:47:07 +0000] "GET /entity/204815640.htm HTTP/1.1" 301 5 "-" "Mozilla/5.0 AppleWebKit/537.36 (KHTML, like Gecko; compatible; ClaudeBot/1.0; +claudebot@anthropic.com)"
216.73.216.56 - - [18/Dec/2025:00:47:08 +0000] "GET /entity/204815640.htm/ HTTP/1.1" 200 45436 "https://datainsightnow.com/entity/204815640.htm" "Mozilla/5.0 AppleWebKit/537.36 (KHTML, like Gecko; compatible; ClaudeBot/1.0; +claudebot@anthropic.com)"
57.141.0.2 - - [18/Dec/2025:00:47:08 +0000] "GET /moneysense-self-help-guide-to-the-ideal-profile/?fileloc=//sys/class/pci_bus/0000:0d/subsystem/0000:0c/device/driver/0000:00:02.3/dma_mask_bits&path=//sys/class/pci_bus/0000:0d/subsystem/0000:0c/device/driver/0000:00:02.3 HTTP/1.1" 200 262264 "-" "meta-externalagent/1.1 (+https://developers.facebook.com/docs/sharing/webmasters/crawler)"
57.141.0.45 - - [18/Dec/2025:00:47:09 +0000] "GET /2025/03/07/page/6/?path=//sys/class/pci_bus/0000:01/device/driver/0000:00:02.7/subsystem/devices/0000:00:02.7/0000:00:02.7:pcie001/driver/0000:00:03.2:pcie001 HTTP/1.1" 200 262248 "-" "meta-externalagent/1.1 (+https://developers.facebook.com/docs/sharing/webmasters/crawler)"
57.141.0.5 - - [18/Dec/2025:00:47:09 +0000] "GET /2025/03/06/page/39/?path=//sys/class/pci_bus/0000:03/subsystem/0000:08/device/0000:00:02.6:pcie001/driver/0000:00:02.1:pcie001/subsystem/devices/0000:00:02.5:pcie010 HTTP/1.1" 200 262209 "-" "meta-externalagent/1.1 (+https://developers.facebook.com/docs/sharing/webmasters/crawler)"
57.141.0.47 - - [18/Dec/2025:00:47:10 +0000] "GET /2025/03/07/page/6/?path=//sys/class/pci_bus/0000:12/subsystem/0000:0b/device/driver/0000:00:03.6/driver/0000:00:02.7/0000:00:02.7:pcie002/subsystem HTTP/1.1" 200 262209 "-" "meta-externalagent/1.1 (+https://developers.facebook.com/docs/sharing/webmasters/crawler)"
216.73.216.56 - - [18/Dec/2025:00:47:10 +0000] "GET /entity/204659465.htm HTTP/1.1" 301 5 "-" "Mozilla/5.0 AppleWebKit/537.36 (KHTML, like Gecko; compatible; ClaudeBot/1.0; +claudebot@anthropic.com)"
57.141.0.52 - - [18/Dec/2025:00:47:10 +0000] "GET /karamba-spielsaal-erfahrungen-angeschlossen-testbericht-werfen-sie-einen-blick-auf-den-link-within-2025-pro-teutonia/?fileloc=//sys/class/pci_bus/0000:06/subsystem/0000:04/subsystem/0000:00/subsystem/0000:03/device/subsystem/slots/0-8/latch&path=//sys/class/pci_bus/0000:06/subsystem/0000:04/subsystem/0000:00/subsystem/0000:03/device/subsystem/slots/0-8 HTTP/1.1" 200 262209 "-" "meta-externalagent/1.1 (+https://developers.facebook.com/docs/sharing/webmasters/crawler)"
216.73.216.56 - - [18/Dec/2025:00:47:10 +0000] "GET /entity/204659465.htm/ HTTP/1.1" 200 45436 "https://datainsightnow.com/entity/204659465.htm" "Mozilla/5.0 AppleWebKit/537.36 (KHTML, like Gecko; compatible; ClaudeBot/1.0; +claudebot@anthropic.com)"
216.73.216.56 - - [18/Dec/2025:00:47:13 +0000] "GET /entity/204814604.htm HTTP/1.1" 301 5 "-" "Mozilla/5.0 AppleWebKit/537.36 (KHTML, like Gecko; compatible; ClaudeBot/1.0; +claudebot@anthropic.com)"
66.249.77.98 - - [18/Dec/2025:00:47:13 +0000] "GET /?path=//sys/class/sound/card0/device/subsystem/devices/0000:00:02.2/subsystem/devices/0000:00:03.4/driver/0000:00:02.2/driver/0000:00:03.1/driver/0000:00:03.2/driver/0000:00:02.7/driver/0000:00:02.4/subsystem/slots/31 HTTP/1.1" 200 45438 "-" "Mozilla/5.0 (Linux; Android 6.0.1; Nexus 5X Build/MMB29P) AppleWebKit/537.36 (KHTML, like Gecko) Chrome/141.0.7390.122 Mobile Safari/537.36 (compatible; Googlebot/2.1; +http://www.google.com/bot.html)"
57.141.0.73 - - [18/Dec/2025:00:47:14 +0000] "GET /entity/393620424.htm/ HTTP/1.1" 200 262248 "-" "meta-externalagent/1.1 (+https://developers.facebook.com/docs/sharing/webmasters/crawler)"
216.73.216.56 - - [18/Dec/2025:00:47:14 +0000] "GET /entity/204814604.htm/ HTTP/1.1" 200 45436 "https://datainsightnow.com/entity/204814604.htm" "Mozilla/5.0 AppleWebKit/537.36 (KHTML, like Gecko; compatible; ClaudeBot/1.0; +claudebot@anthropic.com)"
216.73.216.56 - - [18/Dec/2025:00:47:16 +0000] "GET /entity/204592900.htm HTTP/1.1" 301 5 "-" "Mozilla/5.0 AppleWebKit/537.36 (KHTML, like Gecko; compatible; ClaudeBot/1.0; +claudebot@anthropic.com)"
216.73.216.56 - - [18/Dec/2025:00:47:16 +0000] "GET /entity/204592900.htm/ HTTP/1.1" 200 45436 "https://datainsightnow.com/entity/204592900.htm" "Mozilla/5.0 AppleWebKit/537.36 (KHTML, like Gecko; compatible; ClaudeBot/1.0; +claudebot@anthropic.com)"
216.73.216.56 - - [18/Dec/2025:00:47:19 +0000] "GET /entity/204778866.htm HTTP/1.1" 301 5 "-" "Mozilla/5.0 AppleWebKit/537.36 (KHTML, like Gecko; compatible; ClaudeBot/1.0; +claudebot@anthropic.com)"
216.73.216.56 - - [18/Dec/2025:00:47:19 +0000] "GET /entity/204778866.htm/ HTTP/1.1" 200 45436 "https://datainsightnow.com/entity/204778866.htm" "Mozilla/5.0 AppleWebKit/537.36 (KHTML, like Gecko; compatible; ClaudeBot/1.0; +claudebot@anthropic.com)"
114.119.153.242 - - [18/Dec/2025:00:47:21 +0000] "GET /zodiac-kasino-erfahrungen-2024-480-bonus-80-freispiele/?path=//sys/dev/char/4:81/subsystem/tty49/power HTTP/1.1" 200 45438 "https://datainsightnow.com/zodiac-kasino-erfahrungen-2024-480-bonus-80-freispiele/?path=//sys/dev/char/4%3A81/subsystem/tty49" "Mozilla/5.0 (Linux; Android 7.0;) AppleWebKit/537.36 (KHTML, like Gecko) Mobile Safari/537.36 (compatible; PetalBot;+https://webmaster.petalsearch.com/site/petalbot)"
216.73.216.56 - - [18/Dec/2025:00:47:22 +0000] "GET /entity/320135133.htm HTTP/1.1" 301 5 "-" "Mozilla/5.0 AppleWebKit/537.36 (KHTML, like Gecko; compatible; ClaudeBot/1.0; +claudebot@anthropic.com)"
216.73.216.56 - - [18/Dec/2025:00:47:22 +0000] "GET /entity/320135133.htm/ HTTP/1.1" 200 45436 "https://datainsightnow.com/entity/320135133.htm" "Mozilla/5.0 AppleWebKit/537.36 (KHTML, like Gecko; compatible; ClaudeBot/1.0; +claudebot@anthropic.com)"
57.141.0.18 - - [18/Dec/2025:00:47:24 +0000] "GET /karamba-spielsaal-erfahrungen-angeschlossen-testbericht-werfen-sie-einen-blick-auf-den-link-within-2025-pro-teutonia/?fileloc=//sys/class/pci_bus/0000:06/subsystem/0000:0f/subsystem/0000:13/device/subsystem/drivers/pwm-lpss/new_id&path=//sys/class/pci_bus/0000:06/subsystem/0000:0f/subsystem/0000:13/device/subsystem/drivers/pwm-lpss HTTP/1.1" 200 262264 "-" "meta-externalagent/1.1 (+https://developers.facebook.com/docs/sharing/webmasters/crawler)"
216.73.216.56 - - [18/Dec/2025:00:47:25 +0000] "GET /entity/320112080.htm HTTP/1.1" 301 5 "-" "Mozilla/5.0 AppleWebKit/537.36 (KHTML, like Gecko; compatible; ClaudeBot/1.0; +claudebot@anthropic.com)"
216.73.216.56 - - [18/Dec/2025:00:47:25 +0000] "GET /entity/320112080.htm/ HTTP/1.1" 200 45436 "https://datainsightnow.com/entity/320112080.htm" "Mozilla/5.0 AppleWebKit/537.36 (KHTML, like Gecko; compatible; ClaudeBot/1.0; +claudebot@anthropic.com)"
185.191.171.12 - - [18/Dec/2025:00:47:27 +0000] "GET /?p=33295 HTTP/1.1" 200 43983 "-" "Mozilla/5.0 (compatible; SemrushBot/7~bl; +http://www.semrush.com/bot.html)"
57.141.0.13 - - [18/Dec/2025:00:47:27 +0000] "GET /karamba-spielsaal-erfahrungen-angeschlossen-testbericht-werfen-sie-einen-blick-auf-den-link-within-2025-pro-teutonia/?path=//sys/class/pci_bus/0000:0b/subsystem/0000:11/subsystem/0000:00/subsystem/0000:0d/device/firmware_node/physical_node HTTP/1.1" 200 262248 "-" "meta-externalagent/1.1 (+https://developers.facebook.com/docs/sharing/webmasters/crawler)"
57.141.0.6 - - [18/Dec/2025:00:47:28 +0000] "GET /karamba-spielsaal-erfahrungen-angeschlossen-testbericht-werfen-sie-einen-blick-auf-den-link-within-2025-pro-teutonia/?fileloc=//sys/class/pci_bus/0000:04/device/driver/0000:00:03.0/subsystem/drivers/pcieport/0000:00:02.1/uevent&path=//sys/class/pci_bus/0000:04/device/driver/0000:00:03.0/subsystem/drivers/pcieport/0000:00:02.1 HTTP/1.1" 200 262248 "-" "meta-externalagent/1.1 (+https://developers.facebook.com/docs/sharing/webmasters/crawler)"
216.73.216.56 - - [18/Dec/2025:00:47:28 +0000] "GET /entity/204663609.htm HTTP/1.1" 301 5 "-" "Mozilla/5.0 AppleWebKit/537.36 (KHTML, like Gecko; compatible; ClaudeBot/1.0; +claudebot@anthropic.com)"
216.73.216.56 - - [18/Dec/2025:00:47:28 +0000] "GET /entity/204663609.htm/ HTTP/1.1" 200 45436 "https://datainsightnow.com/entity/204663609.htm" "Mozilla/5.0 AppleWebKit/537.36 (KHTML, like Gecko; compatible; ClaudeBot/1.0; +claudebot@anthropic.com)"
216.73.216.56 - - [18/Dec/2025:00:47:31 +0000] "GET /entity/320142909.htm HTTP/1.1" 301 5 "-" "Mozilla/5.0 AppleWebKit/537.36 (KHTML, like Gecko; compatible; ClaudeBot/1.0; +claudebot@anthropic.com)"
216.73.216.56 - - [18/Dec/2025:00:47:31 +0000] "GET /entity/320142909.htm/ HTTP/1.1" 200 45436 "https://datainsightnow.com/entity/320142909.htm" "Mozilla/5.0 AppleWebKit/537.36 (KHTML, like Gecko; compatible; ClaudeBot/1.0; +claudebot@anthropic.com)"
66.249.77.98 - - [18/Dec/2025:00:47:32 +0000] "GET /?path=//sys/class/sound/card0/device/subsystem/devices/0000:00:02.2/subsystem/devices/0000:00:03.4/driver/0000:00:02.2/driver/0000:00:03.1/driver/0000:00:03.2/driver/0000:00:02.7/driver/0000:00:02.4/subsystem/slots/0-17 HTTP/1.1" 200 45438 "-" "Mozilla/5.0 (Linux; Android 6.0.1; Nexus 5X Build/MMB29P) AppleWebKit/537.36 (KHTML, like Gecko) Chrome/141.0.7390.122 Mobile Safari/537.36 (compatible; Googlebot/2.1; +http://www.google.com/bot.html)"
57.141.0.13 - - [18/Dec/2025:00:47:32 +0000] "GET /2025/03/07/page/6/?path=//sys/class/pci_bus/0000:0c/device/driver/0000:00:03.5/driver/0000:00:02.7/0000:00:02.7:pcie002/driver/0000:00:03.7:pcie002 HTTP/1.1" 200 262248 "-" "meta-externalagent/1.1 (+https://developers.facebook.com/docs/sharing/webmasters/crawler)"
216.73.216.56 - - [18/Dec/2025:00:47:34 +0000] "GET /entity/204779129.htm HTTP/1.1" 301 5 "-" "Mozilla/5.0 AppleWebKit/537.36 (KHTML, like Gecko; compatible; ClaudeBot/1.0; +claudebot@anthropic.com)"
216.73.216.56 - - [18/Dec/2025:00:47:34 +0000] "GET /entity/204779129.htm/ HTTP/1.1" 200 45436 "https://datainsightnow.com/entity/204779129.htm" "Mozilla/5.0 AppleWebKit/537.36 (KHTML, like Gecko; compatible; ClaudeBot/1.0; +claudebot@anthropic.com)"
198.244.168.234 - - [18/Dec/2025:00:47:36 +0000] "GET /?p=27925 HTTP/1.1" 200 43761 "-" "Mozilla/5.0 (compatible; AhrefsBot/7.0; +http://ahrefs.com/robot/)"
216.73.216.56 - - [18/Dec/2025:00:47:37 +0000] "GET /entity/204646007.htm HTTP/1.1" 301 5 "-" "Mozilla/5.0 AppleWebKit/537.36 (KHTML, like Gecko; compatible; ClaudeBot/1.0; +claudebot@anthropic.com)"
216.73.216.56 - - [18/Dec/2025:00:47:37 +0000] "GET /entity/204646007.htm/ HTTP/1.1" 200 45436 "https://datainsightnow.com/entity/204646007.htm" "Mozilla/5.0 AppleWebKit/537.36 (KHTML, like Gecko; compatible; ClaudeBot/1.0; +claudebot@anthropic.com)"
57.141.0.14 - - [18/Dec/2025:00:47:39 +0000] "GET /karamba-spielsaal-erfahrungen-angeschlossen-testbericht-werfen-sie-einen-blick-auf-den-link-within-2025-pro-teutonia/?fileloc=//sys/class/pci_bus/0000:06/subsystem/0000:05/subsystem/0000:00/device/0000:00:03.1/subsystem/devices/0000:07:00.0/reset_method&path=//sys/class/pci_bus/0000:06/subsystem/0000:05/subsystem/0000:00/device/0000:00:03.1/subsystem/devices/0000:07:00.0 HTTP/1.1" 200 262264 "-" "meta-externalagent/1.1 (+https://developers.facebook.com/docs/sharing/webmasters/crawler)"
66.249.77.98 - - [18/Dec/2025:00:47:40 +0000] "GET /?fileloc=//sys/class/sound/card0/device/subsystem/devices/0000:00:02.2/subsystem/devices/0000:00:03.4/driver/0000:00:02.1/driver/0000:00:02.2/driver/0000:00:02.2/subsystem/devices/0000:00:00.0/consistent_dma_mask_bits&path=//sys/class/sound/card0/device/subsystem/devices/0000:00:02.2/subsystem/devices/0000:00:03.4/driver/0000:00:02.1/driver/0000:00:02.2/driver/0000:00:02.2/subsystem/devices/0000:00:00.0 HTTP/1.1" 200 45438 "-" "Mozilla/5.0 (Linux; Android 6.0.1; Nexus 5X Build/MMB29P) AppleWebKit/537.36 (KHTML, like Gecko) Chrome/141.0.7390.122 Mobile Safari/537.36 (compatible; Googlebot/2.1; +http://www.google.com/bot.html)"
216.73.216.56 - - [18/Dec/2025:00:47:40 +0000] "GET /entity/204770056.htm HTTP/1.1" 301 5 "-" "Mozilla/5.0 AppleWebKit/537.36 (KHTML, like Gecko; compatible; ClaudeBot/1.0; +claudebot@anthropic.com)"
52.167.144.227 - - [18/Dec/2025:00:47:40 +0000] "GET /?718888688?entity=0716113314 HTTP/1.1" 200 29607 "-" "Mozilla/5.0 AppleWebKit/537.36 (KHTML, like Gecko; compatible; bingbot/2.0; +http://www.bing.com/bingbot.htm) Chrome/116.0.1938.76 Safari/537.36"
216.73.216.56 - - [18/Dec/2025:00:47:41 +0000] "GET /entity/204770056.htm/ HTTP/1.1" 200 45436 "https://datainsightnow.com/entity/204770056.htm" "Mozilla/5.0 AppleWebKit/537.36 (KHTML, like Gecko; compatible; ClaudeBot/1.0; +claudebot@anthropic.com)"
216.73.216.56 - - [18/Dec/2025:00:47:43 +0000] "GET /entity/204739498.htm HTTP/1.1" 301 5 "-" "Mozilla/5.0 AppleWebKit/537.36 (KHTML, like Gecko; compatible; ClaudeBot/1.0; +claudebot@anthropic.com)"
216.73.216.56 - - [18/Dec/2025:00:47:43 +0000] "GET /entity/204739498.htm/ HTTP/1.1" 200 45436 "https://datainsightnow.com/entity/204739498.htm" "Mozilla/5.0 AppleWebKit/537.36 (KHTML, like Gecko; compatible; ClaudeBot/1.0; +claudebot@anthropic.com)"
216.73.216.56 - - [18/Dec/2025:00:47:46 +0000] "GET /entity/204752968.htm HTTP/1.1" 301 5 "-" "Mozilla/5.0 AppleWebKit/537.36 (KHTML, like Gecko; compatible; ClaudeBot/1.0; +claudebot@anthropic.com)"
216.73.216.56 - - [18/Dec/2025:00:47:46 +0000] "GET /entity/204752968.htm/ HTTP/1.1" 200 45436 "https://datainsightnow.com/entity/204752968.htm" "Mozilla/5.0 AppleWebKit/537.36 (KHTML, like Gecko; compatible; ClaudeBot/1.0; +claudebot@anthropic.com)"
216.73.216.56 - - [18/Dec/2025:00:47:49 +0000] "GET /entity/204785867.htm HTTP/1.1" 301 5 "-" "Mozilla/5.0 AppleWebKit/537.36 (KHTML, like Gecko; compatible; ClaudeBot/1.0; +claudebot@anthropic.com)"
216.73.216.56 - - [18/Dec/2025:00:47:49 +0000] "GET /entity/204785867.htm/ HTTP/1.1" 200 45436 "https://datainsightnow.com/entity/204785867.htm" "Mozilla/5.0 AppleWebKit/537.36 (KHTML, like Gecko; compatible; ClaudeBot/1.0; +claudebot@anthropic.com)"
66.135.21.75 - - [18/Dec/2025:00:47:51 +0000] "POST /wp-cron.php?doing_wp_cron=1766018871.0157809257507324218750 HTTP/1.1" 200 31 "-" "WordPress/6.3.1; https://datainsightnow.com"
66.249.77.98 - - [18/Dec/2025:00:47:51 +0000] "GET /?fileloc=//sys/class/sound/card0/device/subsystem/devices/0000:00:02.2/driver/0000:00:03.4/driver/0000:00:02.6/driver/0000:00:03.0/subsystem/devices/0000:00:02.1/driver/0000:00:02.7/firmware_node/subsystem/devices/device:09/subsystem/devices/device:01/subsystem/drivers_autoprobe&path=//sys/class/sound/card0/device/subsystem/devices/0000:00:02.2/driver/0000:00:03.4/driver/0000:00:02.6/driver/0000:00:03.0/subsystem/devices/0000:00:02.1/driver/0000:00:02.7/firmware_node/subsystem/devices/device:09/subsystem/devices/device:01/subsystem HTTP/1.1" 200 45438 "-" "Mozilla/5.0 (Linux; Android 6.0.1; Nexus 5X Build/MMB29P) AppleWebKit/537.36 (KHTML, like Gecko) Chrome/141.0.7390.122 Mobile Safari/537.36 (compatible; Googlebot/2.1; +http://www.google.com/bot.html)"
216.73.216.56 - - [18/Dec/2025:00:47:52 +0000] "GET /entity/204604818.htm HTTP/1.1" 301 5 "-" "Mozilla/5.0 AppleWebKit/537.36 (KHTML, like Gecko; compatible; ClaudeBot/1.0; +claudebot@anthropic.com)"
216.73.216.56 - - [18/Dec/2025:00:47:52 +0000] "GET /entity/204604818.htm/ HTTP/1.1" 200 45436 "https://datainsightnow.com/entity/204604818.htm" "Mozilla/5.0 AppleWebKit/537.36 (KHTML, like Gecko; compatible; ClaudeBot/1.0; +claudebot@anthropic.com)"
216.73.216.56 - - [18/Dec/2025:00:47:55 +0000] "GET /entity/204735617.htm HTTP/1.1" 301 5 "-" "Mozilla/5.0 AppleWebKit/537.36 (KHTML, like Gecko; compatible; ClaudeBot/1.0; +claudebot@anthropic.com)"
216.73.216.56 - - [18/Dec/2025:00:47:55 +0000] "GET /entity/204735617.htm/ HTTP/1.1" 200 45436 "https://datainsightnow.com/entity/204735617.htm" "Mozilla/5.0 AppleWebKit/537.36 (KHTML, like Gecko; compatible; ClaudeBot/1.0; +claudebot@anthropic.com)"
216.73.216.56 - - [18/Dec/2025:00:47:58 +0000] "GET /entity/204679934.htm HTTP/1.1" 301 5 "-" "Mozilla/5.0 AppleWebKit/537.36 (KHTML, like Gecko; compatible; ClaudeBot/1.0; +claudebot@anthropic.com)"
216.73.216.56 - - [18/Dec/2025:00:47:58 +0000] "GET /entity/204679934.htm/ HTTP/1.1" 200 45436 "https://datainsightnow.com/entity/204679934.htm" "Mozilla/5.0 AppleWebKit/537.36 (KHTML, like Gecko; compatible; ClaudeBot/1.0; +claudebot@anthropic.com)"
216.73.216.56 - - [18/Dec/2025:00:48:01 +0000] "GET /entity/204707643.htm HTTP/1.1" 301 5 "-" "Mozilla/5.0 AppleWebKit/537.36 (KHTML, like Gecko; compatible; ClaudeBot/1.0; +claudebot@anthropic.com)"
216.73.216.56 - - [18/Dec/2025:00:48:01 +0000] "GET /entity/204707643.htm/ HTTP/1.1" 200 45436 "https://datainsightnow.com/entity/204707643.htm" "Mozilla/5.0 AppleWebKit/537.36 (KHTML, like Gecko; compatible; ClaudeBot/1.0; +claudebot@anthropic.com)"
216.73.216.56 - - [18/Dec/2025:00:48:04 +0000] "GET /entity/204737940.htm HTTP/1.1" 301 5 "-" "Mozilla/5.0 AppleWebKit/537.36 (KHTML, like Gecko; compatible; ClaudeBot/1.0; +claudebot@anthropic.com)"
57.141.0.79 - - [18/Dec/2025:00:48:04 +0000] "GET /karamba-spielsaal-erfahrungen-angeschlossen-testbericht-werfen-sie-einen-blick-auf-den-link-within-2025-pro-teutonia/?fileloc=//sys/class/pci_bus/0000:01/subsystem/0000:0e/subsystem/0000:02/subsystem/0000:05/device/0000:05:00.0/resource&path=//sys/class/pci_bus/0000:01/subsystem/0000:0e/subsystem/0000:02/subsystem/0000:05/device/0000:05:00.0 HTTP/1.1" 200 262215 "-" "meta-externalagent/1.1 (+https://developers.facebook.com/docs/sharing/webmasters/crawler)"
216.73.216.56 - - [18/Dec/2025:00:48:05 +0000] "GET /entity/204737940.htm/ HTTP/1.1" 200 45436 "https://datainsightnow.com/entity/204737940.htm" "Mozilla/5.0 AppleWebKit/537.36 (KHTML, like Gecko; compatible; ClaudeBot/1.0; +claudebot@anthropic.com)"
57.141.0.48 - - [18/Dec/2025:00:48:05 +0000] "GET /karamba-spielsaal-erfahrungen-angeschlossen-testbericht-werfen-sie-einen-blick-auf-den-link-within-2025-pro-teutonia/?fileloc=//sys/class/pci_bus/0000:06/subsystem/0000:0b/subsystem/0000:11/subsystem/0000:10/device/modalias&path=//sys/class/pci_bus/0000:06/subsystem/0000:0b/subsystem/0000:11/subsystem/0000:10/device HTTP/1.1" 200 262209 "-" "meta-externalagent/1.1 (+https://developers.facebook.com/docs/sharing/webmasters/crawler)"
57.141.0.1 - - [18/Dec/2025:00:48:06 +0000] "GET /karamba-spielsaal-erfahrungen-angeschlossen-testbericht-werfen-sie-einen-blick-auf-den-link-within-2025-pro-teutonia/?fileloc=//sys/class/pci_bus/0000:06/subsystem/0000:05/subsystem/0000:03/device/0000:03:01.0/config&path=//sys/class/pci_bus/0000:06/subsystem/0000:05/subsystem/0000:03/device/0000:03:01.0 HTTP/1.1" 200 262217 "-" "meta-externalagent/1.1 (+https://developers.facebook.com/docs/sharing/webmasters/crawler)"
57.141.0.23 - - [18/Dec/2025:00:48:07 +0000] "GET /2025/03/07/page/6/?path=//sys/class/pci_bus/0000:0d/device/driver/0000:00:02.3/driver/0000:00:02.0/firmware_node/power HTTP/1.1" 200 262264 "-" "meta-externalagent/1.1 (+https://developers.facebook.com/docs/sharing/webmasters/crawler)"
