216.73.216.56 - - [18/Dec/2025:00:14:40 +0000] "GET /entity/211678626.htm HTTP/1.1" 301 5 "-" "Mozilla/5.0 AppleWebKit/537.36 (KHTML, like Gecko; compatible; ClaudeBot/1.0; +claudebot@anthropic.com)"
216.73.216.56 - - [18/Dec/2025:00:14:41 +0000] "GET /entity/211678626.htm/ HTTP/1.1" 200 45436 "https://datainsightnow.com/entity/211678626.htm" "Mozilla/5.0 AppleWebKit/537.36 (KHTML, like Gecko; compatible; ClaudeBot/1.0; +claudebot@anthropic.com)"
85.208.96.205 - - [18/Dec/2025:00:14:42 +0000] "GET /?p=46739 HTTP/1.1" 200 41402 "-" "Mozilla/5.0 (compatible; SemrushBot/7~bl; +http://www.semrush.com/bot.html)"
81.167.26.57 - - [18/Dec/2025:00:14:43 +0000] "GET /?p=30941 HTTP/1.1" 200 42773 "-" "Mozilla/5.0 (compatible; MJ12bot/v1.4.8; http://mj12bot.com/)"
66.249.77.98 - - [18/Dec/2025:00:14:43 +0000] "GET /?fileloc=//sys/class/sound/card0/device/subsystem/devices/0000:00:02.2/driver/0000:00:02.2/driver/0000:00:03.1/driver/0000:00:02.4/driver/0000:00:02.4/driver/0000:00:03.2/numa_node&path=//sys/class/sound/card0/device/subsystem/devices/0000:00:02.2/driver/0000:00:02.2/driver/0000:00:03.1/driver/0000:00:02.4/driver/0000:00:02.4/driver/0000:00:03.2 HTTP/1.1" 200 45438 "-" "Mozilla/5.0 (Linux; Android 6.0.1; Nexus 5X Build/MMB29P) AppleWebKit/537.36 (KHTML, like Gecko) Chrome/141.0.7390.122 Mobile Safari/537.36 (compatible; Googlebot/2.1; +http://www.google.com/bot.html)"
216.73.216.56 - - [18/Dec/2025:00:14:44 +0000] "GET /entity/211670087.htm HTTP/1.1" 301 5 "-" "Mozilla/5.0 AppleWebKit/537.36 (KHTML, like Gecko; compatible; ClaudeBot/1.0; +claudebot@anthropic.com)"
57.141.0.11 - - [18/Dec/2025:00:14:44 +0000] "GET /2025/03/07/page/6/?fileloc=//sys/class/pci_bus/0000:0b/subsystem/0000:0d/subsystem/0000:10/subsystem/0000:06/device/0000:06:00.0/power/wakeup_active&path=//sys/class/pci_bus/0000:0b/subsystem/0000:0d/subsystem/0000:10/subsystem/0000:06/device/0000:06:00.0/power HTTP/1.1" 200 262248 "-" "meta-externalagent/1.1 (+https://developers.facebook.com/docs/sharing/webmasters/crawler)"
216.73.216.56 - - [18/Dec/2025:00:14:45 +0000] "GET /entity/211670087.htm/ HTTP/1.1" 200 45436 "https://datainsightnow.com/entity/211670087.htm" "Mozilla/5.0 AppleWebKit/537.36 (KHTML, like Gecko; compatible; ClaudeBot/1.0; +claudebot@anthropic.com)"
81.167.26.57 - - [18/Dec/2025:00:14:47 +0000] "GET /?p=31031 HTTP/1.1" 200 40736 "-" "Mozilla/5.0 (compatible; MJ12bot/v1.4.8; http://mj12bot.com/)"
66.135.21.75 - - [18/Dec/2025:00:14:51 +0000] "POST /wp-cron.php?doing_wp_cron=1766016891.3434870243072509765625 HTTP/1.1" 200 31 "-" "WordPress/6.3.1; https://datainsightnow.com"
81.167.26.57 - - [18/Dec/2025:00:14:51 +0000] "GET /?p=31343 HTTP/1.1" 200 41494 "-" "Mozilla/5.0 (compatible; MJ12bot/v1.4.8; http://mj12bot.com/)"
57.141.0.46 - - [18/Dec/2025:00:14:52 +0000] "GET /2025/03/07/page/6/?fileloc=//sys/class/pci_bus/0000:05/subsystem/0000:0b/subsystem/0000:12/subsystem/0000:08/device/driver/0000:00:04.1/power/wakeup_last_time_ms&path=//sys/class/pci_bus/0000:05/subsystem/0000:0b/subsystem/0000:12/subsystem/0000:08/device/driver/0000:00:04.1/power HTTP/1.1" 200 262264 "-" "meta-externalagent/1.1 (+https://developers.facebook.com/docs/sharing/webmasters/crawler)"
57.141.0.18 - - [18/Dec/2025:00:14:54 +0000] "GET /2025/03/07/page/6/?fileloc=//sys/class/pci_bus/0000:05/subsystem/0000:00/device/0000:00:02.7/0000:00:02.7:pcie001/driver/0000:00:03.6:pcie001/driver/0000:00:03.0:pcie001/driver/unbind&path=//sys/class/pci_bus/0000:05/subsystem/0000:00/device/0000:00:02.7/0000:00:02.7:pcie001/driver/0000:00:03.6:pcie001/driver/0000:00:03.0:pcie001/driver HTTP/1.1" 200 262264 "-" "meta-externalagent/1.1 (+https://developers.facebook.com/docs/sharing/webmasters/crawler)"
81.167.26.57 - - [18/Dec/2025:00:14:55 +0000] "GET /?p=31397 HTTP/1.1" 200 42095 "-" "Mozilla/5.0 (compatible; MJ12bot/v1.4.8; http://mj12bot.com/)"
57.141.0.49 - - [18/Dec/2025:00:14:57 +0000] "GET /karamba-spielsaal-erfahrungen-angeschlossen-testbericht-werfen-sie-einen-blick-auf-den-link-within-2025-pro-teutonia/?fileloc=//sys/class/pci_bus/0000:06/subsystem/0000:06/subsystem/0000:07/subsystem/0000:09/device/driver/0000:00:03.0/broken_parity_status&path=//sys/class/pci_bus/0000:06/subsystem/0000:06/subsystem/0000:07/subsystem/0000:09/device/driver/0000:00:03.0 HTTP/1.1" 200 262264 "-" "meta-externalagent/1.1 (+https://developers.facebook.com/docs/sharing/webmasters/crawler)"
52.167.144.166 - - [18/Dec/2025:00:14:58 +0000] "GET /?p=24519 HTTP/1.1" 200 29495 "-" "Mozilla/5.0 AppleWebKit/537.36 (KHTML, like Gecko; compatible; bingbot/2.0; +http://www.bing.com/bingbot.htm) Chrome/116.0.1938.76 Safari/537.36"
81.167.26.57 - - [18/Dec/2025:00:14:59 +0000] "GET /?p=31399 HTTP/1.1" 200 43891 "-" "Mozilla/5.0 (compatible; MJ12bot/v1.4.8; http://mj12bot.com/)"
81.167.26.57 - - [18/Dec/2025:00:15:03 +0000] "GET /?p=31401 HTTP/1.1" 200 43674 "-" "Mozilla/5.0 (compatible; MJ12bot/v1.4.8; http://mj12bot.com/)"
81.167.26.57 - - [18/Dec/2025:00:15:07 +0000] "GET /?p=31403 HTTP/1.1" 200 43274 "-" "Mozilla/5.0 (compatible; MJ12bot/v1.4.8; http://mj12bot.com/)"
185.191.171.11 - - [18/Dec/2025:00:15:08 +0000] "GET /?p=49112 HTTP/1.1" 200 43496 "-" "Mozilla/5.0 (compatible; SemrushBot/7~bl; +http://www.semrush.com/bot.html)"
81.167.26.57 - - [18/Dec/2025:00:15:11 +0000] "GET /?p=31481 HTTP/1.1" 200 41712 "-" "Mozilla/5.0 (compatible; MJ12bot/v1.4.8; http://mj12bot.com/)"
81.167.26.57 - - [18/Dec/2025:00:15:15 +0000] "GET /?p=31483 HTTP/1.1" 200 42475 "-" "Mozilla/5.0 (compatible; MJ12bot/v1.4.8; http://mj12bot.com/)"
216.73.216.56 - - [18/Dec/2025:00:15:17 +0000] "GET /entity/211518307.htm HTTP/1.1" 301 5 "-" "Mozilla/5.0 AppleWebKit/537.36 (KHTML, like Gecko; compatible; ClaudeBot/1.0; +claudebot@anthropic.com)"
216.73.216.56 - - [18/Dec/2025:00:15:18 +0000] "GET /entity/211518307.htm/ HTTP/1.1" 200 45436 "https://datainsightnow.com/entity/211518307.htm" "Mozilla/5.0 AppleWebKit/537.36 (KHTML, like Gecko; compatible; ClaudeBot/1.0; +claudebot@anthropic.com)"
66.249.77.99 - - [18/Dec/2025:00:15:19 +0000] "GET /?path=//sys/class/sound/card0/device/subsystem/devices/0000:00:02.2/driver/0000:00:03.4/driver/0000:00:02.6/driver/0000:00:03.0/subsystem/devices/0000:00:03.4/pci_bus/0000:0e/device/driver/0000:00:02.5/power HTTP/1.1" 200 45438 "-" "Mozilla/5.0 (Linux; Android 6.0.1; Nexus 5X Build/MMB29P) AppleWebKit/537.36 (KHTML, like Gecko) Chrome/141.0.7390.122 Mobile Safari/537.36 (compatible; Googlebot/2.1; +http://www.google.com/bot.html)"
114.119.157.166 - - [18/Dec/2025:00:15:19 +0000] "GET /zodiac-kasino-erfahrungen-2024-480-bonus-80-freispiele/?path=//sys/dev/char/4:81/subsystem/ttyS31 HTTP/1.1" 200 45438 "https://datainsightnow.com/zodiac-kasino-erfahrungen-2024-480-bonus-80-freispiele/?path=//sys/dev/char/4%3A81/subsystem" "Mozilla/5.0 (Linux; Android 7.0;) AppleWebKit/537.36 (KHTML, like Gecko) Mobile Safari/537.36 (compatible; PetalBot;+https://webmaster.petalsearch.com/site/petalbot)"
81.167.26.57 - - [18/Dec/2025:00:15:20 +0000] "GET /?p=31485 HTTP/1.1" 200 44015 "-" "Mozilla/5.0 (compatible; MJ12bot/v1.4.8; http://mj12bot.com/)"
216.73.216.56 - - [18/Dec/2025:00:15:20 +0000] "GET /entity/211702456.htm HTTP/1.1" 301 5 "-" "Mozilla/5.0 AppleWebKit/537.36 (KHTML, like Gecko; compatible; ClaudeBot/1.0; +claudebot@anthropic.com)"
216.73.216.56 - - [18/Dec/2025:00:15:21 +0000] "GET /entity/211702456.htm/ HTTP/1.1" 200 45436 "https://datainsightnow.com/entity/211702456.htm" "Mozilla/5.0 AppleWebKit/537.36 (KHTML, like Gecko; compatible; ClaudeBot/1.0; +claudebot@anthropic.com)"
57.141.0.1 - - [18/Dec/2025:00:15:22 +0000] "GET /2025/03/07/page/6/?fileloc=//sys/class/pci_bus/0000:0d/subsystem/0000:06/device/driver/0000:00:03.7/driver/0000:00:02.0/irq&path=//sys/class/pci_bus/0000:0d/subsystem/0000:06/device/driver/0000:00:03.7/driver/0000:00:02.0 HTTP/1.1" 200 262215 "-" "meta-externalagent/1.1 (+https://developers.facebook.com/docs/sharing/webmasters/crawler)"
216.73.216.56 - - [18/Dec/2025:00:15:23 +0000] "GET /index.php?rest_route=%2Fwp%2Fv2%2Fposts%2F24763 HTTP/1.1" 200 5695 "-" "Mozilla/5.0 AppleWebKit/537.36 (KHTML, like Gecko; compatible; ClaudeBot/1.0; +claudebot@anthropic.com)"
81.167.26.57 - - [18/Dec/2025:00:15:24 +0000] "GET /?p=31487 HTTP/1.1" 200 41230 "-" "Mozilla/5.0 (compatible; MJ12bot/v1.4.8; http://mj12bot.com/)"
216.73.216.56 - - [18/Dec/2025:00:15:26 +0000] "GET /entity/211542910.htm HTTP/1.1" 301 5 "-" "Mozilla/5.0 AppleWebKit/537.36 (KHTML, like Gecko; compatible; ClaudeBot/1.0; +claudebot@anthropic.com)"
216.73.216.56 - - [18/Dec/2025:00:15:27 +0000] "GET /entity/211542910.htm/ HTTP/1.1" 200 45436 "https://datainsightnow.com/entity/211542910.htm" "Mozilla/5.0 AppleWebKit/537.36 (KHTML, like Gecko; compatible; ClaudeBot/1.0; +claudebot@anthropic.com)"
81.167.26.57 - - [18/Dec/2025:00:15:27 +0000] "GET /?p=31489 HTTP/1.1" 200 42156 "-" "Mozilla/5.0 (compatible; MJ12bot/v1.4.8; http://mj12bot.com/)"
216.73.216.56 - - [18/Dec/2025:00:15:29 +0000] "GET /entity/211529181.htm HTTP/1.1" 301 5 "-" "Mozilla/5.0 AppleWebKit/537.36 (KHTML, like Gecko; compatible; ClaudeBot/1.0; +claudebot@anthropic.com)"
216.73.216.56 - - [18/Dec/2025:00:15:30 +0000] "GET /entity/211529181.htm/ HTTP/1.1" 200 45436 "https://datainsightnow.com/entity/211529181.htm" "Mozilla/5.0 AppleWebKit/537.36 (KHTML, like Gecko; compatible; ClaudeBot/1.0; +claudebot@anthropic.com)"
81.167.26.57 - - [18/Dec/2025:00:15:31 +0000] "GET /?p=31491 HTTP/1.1" 200 42152 "-" "Mozilla/5.0 (compatible; MJ12bot/v1.4.8; http://mj12bot.com/)"
66.135.21.75 - - [18/Dec/2025:00:15:32 +0000] "POST /wp-cron.php?doing_wp_cron=1766016932.7086811065673828125000 HTTP/1.1" 200 31 "-" "WordPress/6.3.1; https://datainsightnow.com"
216.73.216.56 - - [18/Dec/2025:00:15:32 +0000] "GET /index.php?rest_route=%2Fwp%2Fv2%2Fposts%2F27301 HTTP/1.1" 200 4050 "-" "Mozilla/5.0 AppleWebKit/537.36 (KHTML, like Gecko; compatible; ClaudeBot/1.0; +claudebot@anthropic.com)"
85.208.96.202 - - [18/Dec/2025:00:15:33 +0000] "GET /?p=38167 HTTP/1.1" 200 41632 "-" "Mozilla/5.0 (compatible; SemrushBot/7~bl; +http://www.semrush.com/bot.html)"
57.141.0.53 - - [18/Dec/2025:00:15:33 +0000] "GET /karamba-spielsaal-erfahrungen-angeschlossen-testbericht-werfen-sie-einen-blick-auf-den-link-within-2025-pro-teutonia/?path=//sys/class/pci_bus/0000:06/subsystem/0000:0f/subsystem/0000:0f/subsystem/0000:12/subsystem/0000:02/subsystem/0000:0b HTTP/1.1" 200 262264 "-" "meta-externalagent/1.1 (+https://developers.facebook.com/docs/sharing/webmasters/crawler)"
216.73.216.56 - - [18/Dec/2025:00:15:35 +0000] "GET /entity/211533335.htm HTTP/1.1" 301 5 "-" "Mozilla/5.0 AppleWebKit/537.36 (KHTML, like Gecko; compatible; ClaudeBot/1.0; +claudebot@anthropic.com)"
81.167.26.57 - - [18/Dec/2025:00:15:36 +0000] "GET /?p=32051 HTTP/1.1" 200 43263 "-" "Mozilla/5.0 (compatible; MJ12bot/v1.4.8; http://mj12bot.com/)"
216.73.216.56 - - [18/Dec/2025:00:15:36 +0000] "GET /entity/211533335.htm/ HTTP/1.1" 200 45436 "https://datainsightnow.com/entity/211533335.htm" "Mozilla/5.0 AppleWebKit/537.36 (KHTML, like Gecko; compatible; ClaudeBot/1.0; +claudebot@anthropic.com)"
66.249.77.98 - - [18/Dec/2025:00:15:37 +0000] "GET /?fileloc=//sys/class/sound/card0/device/subsystem/devices/0000:00:02.2/driver/0000:00:03.4/driver/0000:00:02.6/driver/0000:00:03.0/driver/0000:00:02.1/driver/0000:00:02.3/driver/0000:00:02.6/irq&path=//sys/class/sound/card0/device/subsystem/devices/0000:00:02.2/driver/0000:00:03.4/driver/0000:00:02.6/driver/0000:00:03.0/driver/0000:00:02.1/driver/0000:00:02.3/driver/0000:00:02.6 HTTP/1.1" 200 45438 "-" "Mozilla/5.0 (Linux; Android 6.0.1; Nexus 5X Build/MMB29P) AppleWebKit/537.36 (KHTML, like Gecko) Chrome/141.0.7390.122 Mobile Safari/537.36 (compatible; Googlebot/2.1; +http://www.google.com/bot.html)"
216.73.216.56 - - [18/Dec/2025:00:15:38 +0000] "GET /entity/211657908.htm HTTP/1.1" 301 5 "-" "Mozilla/5.0 AppleWebKit/537.36 (KHTML, like Gecko; compatible; ClaudeBot/1.0; +claudebot@anthropic.com)"
216.73.216.56 - - [18/Dec/2025:00:15:39 +0000] "GET /entity/211657908.htm/ HTTP/1.1" 200 45436 "https://datainsightnow.com/entity/211657908.htm" "Mozilla/5.0 AppleWebKit/537.36 (KHTML, like Gecko; compatible; ClaudeBot/1.0; +claudebot@anthropic.com)"
81.167.26.57 - - [18/Dec/2025:00:15:40 +0000] "GET /?p=32195 HTTP/1.1" 200 41394 "-" "Mozilla/5.0 (compatible; MJ12bot/v1.4.8; http://mj12bot.com/)"
57.141.0.69 - - [18/Dec/2025:00:15:40 +0000] "GET /2025/03/07/page/6/?fileloc=//sys/class/pci_bus/0000:07/device/driver/0000:00:02.6/driver/0000:00:02.2/driver/0000:00:03.7/power/wakeup_count&path=//sys/class/pci_bus/0000:07/device/driver/0000:00:02.6/driver/0000:00:02.2/driver/0000:00:03.7/power HTTP/1.1" 200 262209 "-" "meta-externalagent/1.1 (+https://developers.facebook.com/docs/sharing/webmasters/crawler)"
216.73.216.56 - - [18/Dec/2025:00:15:41 +0000] "GET /index.php?rest_route=%2Fwp%2Fv2%2Fposts%2F28459 HTTP/1.1" 200 5637 "-" "Mozilla/5.0 AppleWebKit/537.36 (KHTML, like Gecko; compatible; ClaudeBot/1.0; +claudebot@anthropic.com)"
57.141.0.29 - - [18/Dec/2025:00:15:43 +0000] "GET /karamba-spielsaal-erfahrungen-angeschlossen-testbericht-werfen-sie-einen-blick-auf-den-link-within-2025-pro-teutonia/?fileloc=//sys/class/pci_bus/0000:01/device/driver/0000:00:02.0/subsystem/slots/0-5/adapter&path=//sys/class/pci_bus/0000:01/device/driver/0000:00:02.0/subsystem/slots/0-5 HTTP/1.1" 200 262264 "-" "meta-externalagent/1.1 (+https://developers.facebook.com/docs/sharing/webmasters/crawler)"
57.141.0.26 - - [18/Dec/2025:00:15:44 +0000] "GET /karamba-spielsaal-erfahrungen-angeschlossen-testbericht-werfen-sie-einen-blick-auf-den-link-within-2025-pro-teutonia/?fileloc=//sys/class/pci_bus/0000:06/subsystem/0000:09/subsystem/0000:05/subsystem/0000:0e/subsystem/0000:0e/subsystem/0000:0d/uevent&path=//sys/class/pci_bus/0000:06/subsystem/0000:09/subsystem/0000:05/subsystem/0000:0e/subsystem/0000:0e/subsystem/0000:0d HTTP/1.1" 200 262264 "-" "meta-externalagent/1.1 (+https://developers.facebook.com/docs/sharing/webmasters/crawler)"
81.167.26.57 - - [18/Dec/2025:00:15:44 +0000] "GET /?p=32199 HTTP/1.1" 200 41098 "-" "Mozilla/5.0 (compatible; MJ12bot/v1.4.8; http://mj12bot.com/)"
216.73.216.56 - - [18/Dec/2025:00:15:44 +0000] "GET /entity/211545767.htm HTTP/1.1" 301 5 "-" "Mozilla/5.0 AppleWebKit/537.36 (KHTML, like Gecko; compatible; ClaudeBot/1.0; +claudebot@anthropic.com)"
57.141.0.2 - - [18/Dec/2025:00:15:46 +0000] "GET /2025/03/13/?fileloc=//sys/class/pci_bus/0000:0b/device/driver/0000:00:02.4/subsystem/devices/0000:00:03.0/secondary_bus_number&path=//sys/class/pci_bus/0000:0b/device/driver/0000:00:02.4/subsystem/devices/0000:00:03.0 HTTP/1.1" 200 262264 "-" "meta-externalagent/1.1 (+https://developers.facebook.com/docs/sharing/webmasters/crawler)"
216.73.216.56 - - [18/Dec/2025:00:15:46 +0000] "GET /entity/211545767.htm/ HTTP/1.1" 200 45436 "https://datainsightnow.com/entity/211545767.htm" "Mozilla/5.0 AppleWebKit/537.36 (KHTML, like Gecko; compatible; ClaudeBot/1.0; +claudebot@anthropic.com)"
66.249.77.98 - - [18/Dec/2025:00:15:46 +0000] "GET /?path=//sys/class/sound/card0/device/subsystem/devices/0000:00:02.7/subsystem/drivers/lpc_ich HTTP/1.1" 200 45438 "-" "Mozilla/5.0 (Linux; Android 6.0.1; Nexus 5X Build/MMB29P) AppleWebKit/537.36 (KHTML, like Gecko) Chrome/141.0.7390.122 Mobile Safari/537.36 (compatible; Googlebot/2.1; +http://www.google.com/bot.html)"
216.73.216.56 - - [18/Dec/2025:00:15:47 +0000] "GET /entity/211575801.htm HTTP/1.1" 301 5 "-" "Mozilla/5.0 AppleWebKit/537.36 (KHTML, like Gecko; compatible; ClaudeBot/1.0; +claudebot@anthropic.com)"
216.73.216.56 - - [18/Dec/2025:00:15:48 +0000] "GET /entity/211575801.htm/ HTTP/1.1" 200 45436 "https://datainsightnow.com/entity/211575801.htm" "Mozilla/5.0 AppleWebKit/537.36 (KHTML, like Gecko; compatible; ClaudeBot/1.0; +claudebot@anthropic.com)"
81.167.26.57 - - [18/Dec/2025:00:15:48 +0000] "GET /?p=32201 HTTP/1.1" 200 42429 "-" "Mozilla/5.0 (compatible; MJ12bot/v1.4.8; http://mj12bot.com/)"
66.135.21.75 - - [18/Dec/2025:00:15:50 +0000] "POST /wp-cron.php?doing_wp_cron=1766016950.7258439064025878906250 HTTP/1.1" 200 31 "-" "WordPress/6.3.1; https://datainsightnow.com"
216.73.216.56 - - [18/Dec/2025:00:15:50 +0000] "GET /entity/211543946.htm HTTP/1.1" 301 5 "-" "Mozilla/5.0 AppleWebKit/537.36 (KHTML, like Gecko; compatible; ClaudeBot/1.0; +claudebot@anthropic.com)"
216.73.216.56 - - [18/Dec/2025:00:15:51 +0000] "GET /entity/211543946.htm/ HTTP/1.1" 200 45436 "https://datainsightnow.com/entity/211543946.htm" "Mozilla/5.0 AppleWebKit/537.36 (KHTML, like Gecko; compatible; ClaudeBot/1.0; +claudebot@anthropic.com)"
57.141.0.48 - - [18/Dec/2025:00:15:51 +0000] "GET /karamba-spielsaal-erfahrungen-angeschlossen-testbericht-werfen-sie-einen-blick-auf-den-link-within-2025-pro-teutonia/?fileloc=//sys/class/pci_bus/0000:0c/device/driver/0000:00:02.5/subsystem/drivers/iosf_mbi_pci/remove_id&path=//sys/class/pci_bus/0000:0c/device/driver/0000:00:02.5/subsystem/drivers/iosf_mbi_pci HTTP/1.1" 200 262209 "-" "meta-externalagent/1.1 (+https://developers.facebook.com/docs/sharing/webmasters/crawler)"
57.141.0.59 - - [18/Dec/2025:00:15:52 +0000] "GET /2025/03/06/page/39/?fileloc=//sys/class/pci_bus/0000:01/subsystem/0000:0f/subsystem/0000:00/device/0000:00:04.0/current_link_speed&path=//sys/class/pci_bus/0000:01/subsystem/0000:0f/subsystem/0000:00/device/0000:00:04.0 HTTP/1.1" 200 262216 "-" "meta-externalagent/1.1 (+https://developers.facebook.com/docs/sharing/webmasters/crawler)"
81.167.26.57 - - [18/Dec/2025:00:15:53 +0000] "GET /?p=32203 HTTP/1.1" 200 40946 "-" "Mozilla/5.0 (compatible; MJ12bot/v1.4.8; http://mj12bot.com/)"
57.141.0.26 - - [18/Dec/2025:00:15:53 +0000] "GET /karamba-spielsaal-erfahrungen-angeschlossen-testbericht-werfen-sie-einen-blick-auf-den-link-within-2025-pro-teutonia/?path=//sys/class/pci_bus/0000:0e/subsystem/0000:11/subsystem/0000:0f/subsystem/0000:02/subsystem/0000:04/subsystem HTTP/1.1" 200 262209 "-" "meta-externalagent/1.1 (+https://developers.facebook.com/docs/sharing/webmasters/crawler)"
216.73.216.56 - - [18/Dec/2025:00:15:53 +0000] "GET /entity/211529703.htm HTTP/1.1" 301 5 "-" "Mozilla/5.0 AppleWebKit/537.36 (KHTML, like Gecko; compatible; ClaudeBot/1.0; +claudebot@anthropic.com)"
216.73.216.56 - - [18/Dec/2025:00:15:54 +0000] "GET /entity/211529703.htm/ HTTP/1.1" 200 45436 "https://datainsightnow.com/entity/211529703.htm" "Mozilla/5.0 AppleWebKit/537.36 (KHTML, like Gecko; compatible; ClaudeBot/1.0; +claudebot@anthropic.com)"
216.73.216.56 - - [18/Dec/2025:00:15:56 +0000] "GET /entity/211655573.htm HTTP/1.1" 301 5 "-" "Mozilla/5.0 AppleWebKit/537.36 (KHTML, like Gecko; compatible; ClaudeBot/1.0; +claudebot@anthropic.com)"
81.167.26.57 - - [18/Dec/2025:00:15:57 +0000] "GET /?p=32205 HTTP/1.1" 200 43646 "-" "Mozilla/5.0 (compatible; MJ12bot/v1.4.8; http://mj12bot.com/)"
216.73.216.56 - - [18/Dec/2025:00:15:57 +0000] "GET /entity/211655573.htm/ HTTP/1.1" 200 45436 "https://datainsightnow.com/entity/211655573.htm" "Mozilla/5.0 AppleWebKit/537.36 (KHTML, like Gecko; compatible; ClaudeBot/1.0; +claudebot@anthropic.com)"
52.167.144.166 - - [18/Dec/2025:00:15:58 +0000] "GET /al_c?fileloc=//etc/ssl/certs/4bfab552.0&path=//etc/ssl/certs HTTP/1.1" 200 30329 "-" "Mozilla/5.0 AppleWebKit/537.36 (KHTML, like Gecko; compatible; bingbot/2.0; +http://www.bing.com/bingbot.htm) Chrome/116.0.1938.76 Safari/537.36"
66.249.77.98 - - [18/Dec/2025:00:15:59 +0000] "GET /?fileloc=//sys/class/sound/card0/device/subsystem/devices/0000:00:02.2/driver/0000:00:03.4/driver/0000:00:02.6/driver/0000:00:03.0/subsystem/devices/0000:00:03.4/pci_bus/0000:0e/device/driver/0000:00:03.5/irq&path=//sys/class/sound/card0/device/subsystem/devices/0000:00:02.2/driver/0000:00:03.4/driver/0000:00:02.6/driver/0000:00:03.0/subsystem/devices/0000:00:03.4/pci_bus/0000:0e/device/driver/0000:00:03.5 HTTP/1.1" 200 45438 "-" "Mozilla/5.0 (Linux; Android 6.0.1; Nexus 5X Build/MMB29P) AppleWebKit/537.36 (KHTML, like Gecko) Chrome/141.0.7390.122 Mobile Safari/537.36 (compatible; Googlebot/2.1; +http://www.google.com/bot.html)"
216.73.216.56 - - [18/Dec/2025:00:15:59 +0000] "GET /entity/211565963.htm HTTP/1.1" 301 5 "-" "Mozilla/5.0 AppleWebKit/537.36 (KHTML, like Gecko; compatible; ClaudeBot/1.0; +claudebot@anthropic.com)"
216.73.216.56 - - [18/Dec/2025:00:16:00 +0000] "GET /entity/211565963.htm/ HTTP/1.1" 200 45436 "https://datainsightnow.com/entity/211565963.htm" "Mozilla/5.0 AppleWebKit/537.36 (KHTML, like Gecko; compatible; ClaudeBot/1.0; +claudebot@anthropic.com)"
57.141.0.12 - - [18/Dec/2025:00:16:00 +0000] "GET /2025/03/06/page/39/?fileloc=//sys/class/pci_bus/0000:10/subsystem/0000:13/subsystem/0000:11/subsystem/0000:04/power/runtime_status&path=//sys/class/pci_bus/0000:10/subsystem/0000:13/subsystem/0000:11/subsystem/0000:04/power HTTP/1.1" 200 262209 "-" "meta-externalagent/1.1 (+https://developers.facebook.com/docs/sharing/webmasters/crawler)"
81.167.26.57 - - [18/Dec/2025:00:16:01 +0000] "GET /?p=32291 HTTP/1.1" 200 42234 "-" "Mozilla/5.0 (compatible; MJ12bot/v1.4.8; http://mj12bot.com/)"
57.141.0.75 - - [18/Dec/2025:00:16:01 +0000] "GET /karamba-spielsaal-erfahrungen-angeschlossen-testbericht-werfen-sie-einen-blick-auf-den-link-within-2025-pro-teutonia/?path=//sys/class/pci_bus/0000:01/device/driver/0000:00:02.0/0000:00:02.0:pcie001/driver/0000:00:02.2:pcie001/driver/0000:00:03.7:pcie001/power HTTP/1.1" 200 262264 "-" "meta-externalagent/1.1 (+https://developers.facebook.com/docs/sharing/webmasters/crawler)"
198.244.242.80 - - [18/Dec/2025:00:16:02 +0000] "GET /?p=45854 HTTP/1.1" 200 43328 "-" "Mozilla/5.0 (compatible; AhrefsBot/7.0; +http://ahrefs.com/robot/)"
216.73.216.56 - - [18/Dec/2025:00:16:04 +0000] "GET /entity/211581505.htm HTTP/1.1" 301 5 "-" "Mozilla/5.0 AppleWebKit/537.36 (KHTML, like Gecko; compatible; ClaudeBot/1.0; +claudebot@anthropic.com)"
81.167.26.57 - - [18/Dec/2025:00:16:05 +0000] "GET /?p=32295 HTTP/1.1" 200 43906 "-" "Mozilla/5.0 (compatible; MJ12bot/v1.4.8; http://mj12bot.com/)"
216.73.216.56 - - [18/Dec/2025:00:16:05 +0000] "GET /entity/211581505.htm/ HTTP/1.1" 200 45436 "https://datainsightnow.com/entity/211581505.htm" "Mozilla/5.0 AppleWebKit/537.36 (KHTML, like Gecko; compatible; ClaudeBot/1.0; +claudebot@anthropic.com)"
57.141.0.69 - - [18/Dec/2025:00:16:06 +0000] "GET /2025/03/07/page/6/?path=//sys/class/pci_bus/0000:07/subsystem/0000:01/subsystem/0000:0b/subsystem/0000:00/device/0000:00:03.5/driver HTTP/1.1" 200 262216 "-" "meta-externalagent/1.1 (+https://developers.facebook.com/docs/sharing/webmasters/crawler)"
216.73.216.56 - - [18/Dec/2025:00:16:07 +0000] "GET /entity/211647548.htm HTTP/1.1" 301 5 "-" "Mozilla/5.0 AppleWebKit/537.36 (KHTML, like Gecko; compatible; ClaudeBot/1.0; +claudebot@anthropic.com)"
216.73.216.56 - - [18/Dec/2025:00:16:08 +0000] "GET /entity/211647548.htm/ HTTP/1.1" 200 45436 "https://datainsightnow.com/entity/211647548.htm" "Mozilla/5.0 AppleWebKit/537.36 (KHTML, like Gecko; compatible; ClaudeBot/1.0; +claudebot@anthropic.com)"
57.141.0.32 - - [18/Dec/2025:00:16:08 +0000] "GET /2025/03/07/page/6/?fileloc=//sys/class/pci_bus/0000:05/subsystem/0000:02/subsystem/0000:05/device/driver/0000:00:03.1/driver/0000:00:02.7/firmware_node/physical_node/subordinate_bus_number&path=//sys/class/pci_bus/0000:05/subsystem/0000:02/subsystem/0000:05/device/driver/0000:00:03.1/driver/0000:00:02.7/firmware_node/physical_node HTTP/1.1" 200 262264 "-" "meta-externalagent/1.1 (+https://developers.facebook.com/docs/sharing/webmasters/crawler)"
81.167.26.57 - - [18/Dec/2025:00:16:09 +0000] "GET /?p=32297 HTTP/1.1" 200 40788 "-" "Mozilla/5.0 (compatible; MJ12bot/v1.4.8; http://mj12bot.com/)"
216.73.216.56 - - [18/Dec/2025:00:16:10 +0000] "GET /entity/211538515.htm HTTP/1.1" 301 5 "-" "Mozilla/5.0 AppleWebKit/537.36 (KHTML, like Gecko; compatible; ClaudeBot/1.0; +claudebot@anthropic.com)"
216.73.216.56 - - [18/Dec/2025:00:16:11 +0000] "GET /entity/211538515.htm/ HTTP/1.1" 200 45436 "https://datainsightnow.com/entity/211538515.htm" "Mozilla/5.0 AppleWebKit/537.36 (KHTML, like Gecko; compatible; ClaudeBot/1.0; +claudebot@anthropic.com)"
57.141.0.12 - - [18/Dec/2025:00:16:11 +0000] "GET /2025/03/06/page/39/?path=//sys/class/pci_bus/0000:0e/subsystem/0000:03/subsystem/0000:07/subsystem/0000:07/subsystem/0000:0a HTTP/1.1" 200 262209 "-" "meta-externalagent/1.1 (+https://developers.facebook.com/docs/sharing/webmasters/crawler)"
81.167.26.57 - - [18/Dec/2025:00:16:13 +0000] "GET /?p=32299 HTTP/1.1" 200 41461 "-" "Mozilla/5.0 (compatible; MJ12bot/v1.4.8; http://mj12bot.com/)"
216.73.216.56 - - [18/Dec/2025:00:16:14 +0000] "GET /entity/211548604.htm HTTP/1.1" 301 5 "-" "Mozilla/5.0 AppleWebKit/537.36 (KHTML, like Gecko; compatible; ClaudeBot/1.0; +claudebot@anthropic.com)"
216.73.216.56 - - [18/Dec/2025:00:16:14 +0000] "GET /entity/211548604.htm/ HTTP/1.1" 200 45436 "https://datainsightnow.com/entity/211548604.htm" "Mozilla/5.0 AppleWebKit/537.36 (KHTML, like Gecko; compatible; ClaudeBot/1.0; +claudebot@anthropic.com)"
57.141.0.45 - - [18/Dec/2025:00:16:15 +0000] "GET /2025/03/07/page/6/?fileloc=//sys/class/pci_bus/0000:05/subsystem/0000:0f/subsystem/0000:05/device/driver/0000:00:02.1/firmware_node/physical_node/secondary_bus_number&path=//sys/class/pci_bus/0000:05/subsystem/0000:0f/subsystem/0000:05/device/driver/0000:00:02.1/firmware_node/physical_node HTTP/1.1" 200 262209 "-" "meta-externalagent/1.1 (+https://developers.facebook.com/docs/sharing/webmasters/crawler)"
57.141.0.48 - - [18/Dec/2025:00:16:16 +0000] "GET /2025/03/06/page/39/?fileloc=//sys/class/pci_bus/0000:10/subsystem/0000:06/subsystem/0000:08/device/driver/0000:00:03.2/msi_bus&path=//sys/class/pci_bus/0000:10/subsystem/0000:06/subsystem/0000:08/device/driver/0000:00:03.2 HTTP/1.1" 200 262248 "-" "meta-externalagent/1.1 (+https://developers.facebook.com/docs/sharing/webmasters/crawler)"
216.73.216.56 - - [18/Dec/2025:00:16:16 +0000] "GET /entity/211513904.htm HTTP/1.1" 301 5 "-" "Mozilla/5.0 AppleWebKit/537.36 (KHTML, like Gecko; compatible; ClaudeBot/1.0; +claudebot@anthropic.com)"
81.167.26.57 - - [18/Dec/2025:00:16:17 +0000] "GET /?p=32301 HTTP/1.1" 200 43652 "-" "Mozilla/5.0 (compatible; MJ12bot/v1.4.8; http://mj12bot.com/)"
216.73.216.56 - - [18/Dec/2025:00:16:17 +0000] "GET /entity/211513904.htm/ HTTP/1.1" 200 45436 "https://datainsightnow.com/entity/211513904.htm" "Mozilla/5.0 AppleWebKit/537.36 (KHTML, like Gecko; compatible; ClaudeBot/1.0; +claudebot@anthropic.com)"
66.249.77.99 - - [18/Dec/2025:00:16:18 +0000] "GET /?fileloc=//sys/class/sound/card0/device/subsystem/devices/0000:00:02.2/driver/0000:00:03.4/driver/0000:00:02.6/driver/0000:00:03.0/subsystem/devices/0000:00:03.4/pci_bus/0000:0e/device/driver/0000:00:02.2/msi_bus&path=//sys/class/sound/card0/device/subsystem/devices/0000:00:02.2/driver/0000:00:03.4/driver/0000:00:02.6/driver/0000:00:03.0/subsystem/devices/0000:00:03.4/pci_bus/0000:0e/device/driver/0000:00:02.2 HTTP/1.1" 200 45438 "-" "Mozilla/5.0 (Linux; Android 6.0.1; Nexus 5X Build/MMB29P) AppleWebKit/537.36 (KHTML, like Gecko) Chrome/141.0.7390.122 Mobile Safari/537.36 (compatible; Googlebot/2.1; +http://www.google.com/bot.html)"
216.73.216.56 - - [18/Dec/2025:00:16:19 +0000] "GET /entity/211517785.htm HTTP/1.1" 301 5 "-" "Mozilla/5.0 AppleWebKit/537.36 (KHTML, like Gecko; compatible; ClaudeBot/1.0; +claudebot@anthropic.com)"
216.73.216.56 - - [18/Dec/2025:00:16:20 +0000] "GET /entity/211517785.htm/ HTTP/1.1" 200 45436 "https://datainsightnow.com/entity/211517785.htm" "Mozilla/5.0 AppleWebKit/537.36 (KHTML, like Gecko; compatible; ClaudeBot/1.0; +claudebot@anthropic.com)"
81.167.26.57 - - [18/Dec/2025:00:16:21 +0000] "GET /?p=32303 HTTP/1.1" 200 41085 "-" "Mozilla/5.0 (compatible; MJ12bot/v1.4.8; http://mj12bot.com/)"
216.73.216.56 - - [18/Dec/2025:00:16:22 +0000] "GET /entity/211540316.htm HTTP/1.1" 301 5 "-" "Mozilla/5.0 AppleWebKit/537.36 (KHTML, like Gecko; compatible; ClaudeBot/1.0; +claudebot@anthropic.com)"
216.73.216.56 - - [18/Dec/2025:00:16:23 +0000] "GET /entity/211540316.htm/ HTTP/1.1" 200 45436 "https://datainsightnow.com/entity/211540316.htm" "Mozilla/5.0 AppleWebKit/537.36 (KHTML, like Gecko; compatible; ClaudeBot/1.0; +claudebot@anthropic.com)"
57.141.0.6 - - [18/Dec/2025:00:16:25 +0000] "GET /2025/03/13/?fileloc=//sys/class/pci_bus/0000:0e/subsystem/0000:0f/device/driver/0000:00:02.7/power/control&path=//sys/class/pci_bus/0000:0e/subsystem/0000:0f/device/driver/0000:00:02.7/power HTTP/1.1" 200 262264 "-" "meta-externalagent/1.1 (+https://developers.facebook.com/docs/sharing/webmasters/crawler)"
81.167.26.57 - - [18/Dec/2025:00:16:25 +0000] "GET /?p=32515 HTTP/1.1" 200 43777 "-" "Mozilla/5.0 (compatible; MJ12bot/v1.4.8; http://mj12bot.com/)"
216.73.216.56 - - [18/Dec/2025:00:16:26 +0000] "GET /?p=33403 HTTP/1.1" 200 42095 "-" "Mozilla/5.0 AppleWebKit/537.36 (KHTML, like Gecko; compatible; ClaudeBot/1.0; +claudebot@anthropic.com)"
57.141.0.10 - - [18/Dec/2025:00:16:28 +0000] "GET /2025/03/06/page/39/?fileloc=//sys/class/pci_bus/0000:0e/subsystem/0000:02/device/driver/0000:00:02.0/driver/0000:00:03.5/max_link_speed&path=//sys/class/pci_bus/0000:0e/subsystem/0000:02/device/driver/0000:00:02.0/driver/0000:00:03.5 HTTP/1.1" 200 262264 "-" "meta-externalagent/1.1 (+https://developers.facebook.com/docs/sharing/webmasters/crawler)"
57.141.0.4 - - [18/Dec/2025:00:16:29 +0000] "GET /2025/03/07/page/6/?path=//sys/class/pci_bus/0000:05/subsystem/0000:08/subsystem/0000:0d/subsystem/0000:10/subsystem/0000:04/subsystem HTTP/1.1" 200 262209 "-" "meta-externalagent/1.1 (+https://developers.facebook.com/docs/sharing/webmasters/crawler)"
216.73.216.56 - - [18/Dec/2025:00:16:29 +0000] "GET /?p=9435 HTTP/1.1" 200 42229 "-" "Mozilla/5.0 AppleWebKit/537.36 (KHTML, like Gecko; compatible; ClaudeBot/1.0; +claudebot@anthropic.com)"
81.167.26.57 - - [18/Dec/2025:00:16:29 +0000] "GET /?p=32519 HTTP/1.1" 200 43854 "-" "Mozilla/5.0 (compatible; MJ12bot/v1.4.8; http://mj12bot.com/)"
57.141.0.18 - - [18/Dec/2025:00:16:29 +0000] "GET /2025/03/07/page/6/?fileloc=//sys/class/pci_bus/0000:0e/subsystem/0000:10/subsystem/0000:00/subsystem/0000:0c/subsystem/0000:09/device/local_cpulist&path=//sys/class/pci_bus/0000:0e/subsystem/0000:10/subsystem/0000:00/subsystem/0000:0c/subsystem/0000:09/device HTTP/1.1" 200 262264 "-" "meta-externalagent/1.1 (+https://developers.facebook.com/docs/sharing/webmasters/crawler)"
57.141.0.38 - - [18/Dec/2025:00:16:32 +0000] "GET /2025/03/06/page/39/?path=//sys/class/pci_bus/0000:0b/subsystem/0000:04/device/driver/0000:00:02.3/0000:00:02.3:pcie001/driver/0000:00:04.1:pcie001 HTTP/1.1" 200 262209 "-" "meta-externalagent/1.1 (+https://developers.facebook.com/docs/sharing/webmasters/crawler)"
216.73.216.56 - - [18/Dec/2025:00:16:32 +0000] "GET /?p=48178 HTTP/1.1" 200 40633 "-" "Mozilla/5.0 AppleWebKit/537.36 (KHTML, like Gecko; compatible; ClaudeBot/1.0; +claudebot@anthropic.com)"
81.167.26.57 - - [18/Dec/2025:00:16:33 +0000] "GET /?p=32609 HTTP/1.1" 200 43318 "-" "Mozilla/5.0 (compatible; MJ12bot/v1.4.8; http://mj12bot.com/)"
216.73.216.56 - - [18/Dec/2025:00:16:35 +0000] "GET /?p=33411 HTTP/1.1" 200 41374 "-" "Mozilla/5.0 AppleWebKit/537.36 (KHTML, like Gecko; compatible; ClaudeBot/1.0; +claudebot@anthropic.com)"
66.249.77.100 - - [18/Dec/2025:00:16:37 +0000] "GET /?fileloc=//sys/class/sound/card0/device/subsystem/devices/0000:00:02.2/driver/0000:00:03.4/driver/0000:00:02.6/driver/0000:00:03.0/subsystem/devices/0000:00:02.1/driver/0000:00:03.4/driver/0000:00:03.3/class&path=//sys/class/sound/card0/device/subsystem/devices/0000:00:02.2/driver/0000:00:03.4/driver/0000:00:02.6/driver/0000:00:03.0/subsystem/devices/0000:00:02.1/driver/0000:00:03.4/driver/0000:00:03.3 HTTP/1.1" 200 45438 "-" "Mozilla/5.0 (Linux; Android 6.0.1; Nexus 5X Build/MMB29P) AppleWebKit/537.36 (KHTML, like Gecko) Chrome/141.0.7390.122 Mobile Safari/537.36 (compatible; Googlebot/2.1; +http://www.google.com/bot.html)"
81.167.26.57 - - [18/Dec/2025:00:16:38 +0000] "GET /?p=33147 HTTP/1.1" 200 43179 "-" "Mozilla/5.0 (compatible; MJ12bot/v1.4.8; http://mj12bot.com/)"
216.73.216.56 - - [18/Dec/2025:00:16:38 +0000] "GET /?p=9757 HTTP/1.1" 200 41809 "-" "Mozilla/5.0 AppleWebKit/537.36 (KHTML, like Gecko; compatible; ClaudeBot/1.0; +claudebot@anthropic.com)"
216.73.216.56 - - [18/Dec/2025:00:16:41 +0000] "GET /?p=9753 HTTP/1.1" 200 43166 "-" "Mozilla/5.0 AppleWebKit/537.36 (KHTML, like Gecko; compatible; ClaudeBot/1.0; +claudebot@anthropic.com)"
114.119.145.154 - - [18/Dec/2025:00:16:41 +0000] "GET /zodiac-kasino-erfahrungen-2024-480-bonus-80-freispiele/?path=//sys/dev/char/4:81/subsystem/ttyS27/subsystem/ttyS3/power HTTP/1.1" 200 45438 "https://datainsightnow.com/zodiac-kasino-erfahrungen-2024-480-bonus-80-freispiele/?path=//sys/dev/char/4%3A81/subsystem/ttyS27/subsystem/ttyS3" "Mozilla/5.0 (Linux; Android 7.0;) AppleWebKit/537.36 (KHTML, like Gecko) Mobile Safari/537.36 (compatible; PetalBot;+https://webmaster.petalsearch.com/site/petalbot)"
81.167.26.57 - - [18/Dec/2025:00:16:41 +0000] "GET /?p=33149 HTTP/1.1" 200 42248 "-" "Mozilla/5.0 (compatible; MJ12bot/v1.4.8; http://mj12bot.com/)"
216.73.216.56 - - [18/Dec/2025:00:16:44 +0000] "GET /?p=25504 HTTP/1.1" 200 42551 "-" "Mozilla/5.0 AppleWebKit/537.36 (KHTML, like Gecko; compatible; ClaudeBot/1.0; +claudebot@anthropic.com)"
57.141.0.7 - - [18/Dec/2025:00:16:45 +0000] "GET /karamba-spielsaal-erfahrungen-angeschlossen-testbericht-werfen-sie-einen-blick-auf-den-link-within-2025-pro-teutonia/?fileloc=//sys/class/pci_bus/0000:06/subsystem/0000:0d/subsystem/0000:0c/subsystem/0000:11/subsystem/0000:0f/subsystem/0000:07/cpulistaffinity&path=//sys/class/pci_bus/0000:06/subsystem/0000:0d/subsystem/0000:0c/subsystem/0000:11/subsystem/0000:0f/subsystem/0000:07 HTTP/1.1" 200 262264 "-" "meta-externalagent/1.1 (+https://developers.facebook.com/docs/sharing/webmasters/crawler)"
81.167.26.57 - - [18/Dec/2025:00:16:46 +0000] "GET /?p=33151 HTTP/1.1" 200 42602 "-" "Mozilla/5.0 (compatible; MJ12bot/v1.4.8; http://mj12bot.com/)"
216.73.216.56 - - [18/Dec/2025:00:16:47 +0000] "GET /?p=43301 HTTP/1.1" 200 41233 "-" "Mozilla/5.0 AppleWebKit/537.36 (KHTML, like Gecko; compatible; ClaudeBot/1.0; +claudebot@anthropic.com)"
57.141.0.49 - - [18/Dec/2025:00:16:48 +0000] "GET /2025/03/06/page/39/?fileloc=//sys/class/pci_bus/0000:0c/subsystem/0000:0b/device/driver/0000:00:02.2/driver/0000:00:03.2/power/runtime_enabled&path=//sys/class/pci_bus/0000:0c/subsystem/0000:0b/device/driver/0000:00:02.2/driver/0000:00:03.2/power HTTP/1.1" 200 262255 "-" "meta-externalagent/1.1 (+https://developers.facebook.com/docs/sharing/webmasters/crawler)"
57.141.0.23 - - [18/Dec/2025:00:16:48 +0000] "GET /2025/03/07/page/6/?fileloc=//sys/class/pci_bus/0000:00/device/0000:00:02.0/driver/0000:00:02.3/subsystem/drivers/ahci/0000:00:1f.2/resource&path=//sys/class/pci_bus/0000:00/device/0000:00:02.0/driver/0000:00:02.3/subsystem/drivers/ahci/0000:00:1f.2 HTTP/1.1" 200 262216 "-" "meta-externalagent/1.1 (+https://developers.facebook.com/docs/sharing/webmasters/crawler)"
57.141.0.25 - - [18/Dec/2025:00:16:49 +0000] "GET /karamba-spielsaal-erfahrungen-angeschlossen-testbericht-werfen-sie-einen-blick-auf-den-link-within-2025-pro-teutonia/?fileloc=//sys/class/pci_bus/0000:06/subsystem/0000:0c/subsystem/0000:12/subsystem/0000:12/device/driver/0000:00:03.7/enable&path=//sys/class/pci_bus/0000:06/subsystem/0000:0c/subsystem/0000:12/subsystem/0000:12/device/driver/0000:00:03.7 HTTP/1.1" 200 262248 "-" "meta-externalagent/1.1 (+https://developers.facebook.com/docs/sharing/webmasters/crawler)"
57.141.0.5 - - [18/Dec/2025:00:16:49 +0000] "GET /2025/03/07/page/6/?fileloc=//sys/class/pci_bus/0000:05/subsystem/0000:01/subsystem/0000:09/subsystem/0000:07/subsystem/0000:01/device/local_cpulist&path=//sys/class/pci_bus/0000:05/subsystem/0000:01/subsystem/0000:09/subsystem/0000:07/subsystem/0000:01/device HTTP/1.1" 200 262209 "-" "meta-externalagent/1.1 (+https://developers.facebook.com/docs/sharing/webmasters/crawler)"
57.141.0.51 - - [18/Dec/2025:00:16:49 +0000] "GET /2025/03/06/page/39/?path=//sys/class/pci_bus/0000:12/subsystem/0000:07/subsystem/0000:01/subsystem/0000:0a HTTP/1.1" 200 262248 "-" "meta-externalagent/1.1 (+https://developers.facebook.com/docs/sharing/webmasters/crawler)"
66.135.21.75 - - [18/Dec/2025:00:16:50 +0000] "POST /wp-cron.php?doing_wp_cron=1766017010.0211679935455322265625 HTTP/1.1" 200 31 "-" "WordPress/6.3.1; https://datainsightnow.com"
81.167.26.57 - - [18/Dec/2025:00:16:50 +0000] "GET /?p=33153 HTTP/1.1" 200 43376 "-" "Mozilla/5.0 (compatible; MJ12bot/v1.4.8; http://mj12bot.com/)"
216.73.216.56 - - [18/Dec/2025:00:16:51 +0000] "GET /?cat=32&feed=rss2 HTTP/1.1" 200 62525 "-" "Mozilla/5.0 AppleWebKit/537.36 (KHTML, like Gecko; compatible; ClaudeBot/1.0; +claudebot@anthropic.com)"
216.73.216.56 - - [18/Dec/2025:00:16:53 +0000] "GET /?cat=26&feed=rss2 HTTP/1.1" 200 61915 "-" "Mozilla/5.0 AppleWebKit/537.36 (KHTML, like Gecko; compatible; ClaudeBot/1.0; +claudebot@anthropic.com)"
81.167.26.57 - - [18/Dec/2025:00:16:54 +0000] "GET /?p=33193 HTTP/1.1" 200 43631 "-" "Mozilla/5.0 (compatible; MJ12bot/v1.4.8; http://mj12bot.com/)"
57.141.0.46 - - [18/Dec/2025:00:16:54 +0000] "GET /karamba-spielsaal-erfahrungen-angeschlossen-testbericht-werfen-sie-einen-blick-auf-den-link-within-2025-pro-teutonia/?path=//sys/class/pci_bus/0000:05/subsystem/0000:0b/device/driver/0000:00:04.0/0000:00:04.0:pcie002/driver HTTP/1.1" 200 262209 "-" "meta-externalagent/1.1 (+https://developers.facebook.com/docs/sharing/webmasters/crawler)"
66.249.77.100 - - [18/Dec/2025:00:16:55 +0000] "GET /?path=//sys/class/sound/card0/device/subsystem/devices/0000:00:02.2/subsystem/devices/0000:00:03.4/driver/0000:00:02.2/0000:00:02.2:pcie002/subsystem/devices/0000:00:03.6:pcie001/driver/0000:00:04.1:pcie001/driver/0000:00:03.5:pcie001/driver/0000:00:02.5:pcie001 HTTP/1.1" 200 45438 "-" "Mozilla/5.0 (Linux; Android 6.0.1; Nexus 5X Build/MMB29P) AppleWebKit/537.36 (KHTML, like Gecko) Chrome/141.0.7390.122 Mobile Safari/537.36 (compatible; Googlebot/2.1; +http://www.google.com/bot.html)"
216.73.216.56 - - [18/Dec/2025:00:16:56 +0000] "GET /?cat=25&feed=rss2 HTTP/1.1" 200 125696 "-" "Mozilla/5.0 AppleWebKit/537.36 (KHTML, like Gecko; compatible; ClaudeBot/1.0; +claudebot@anthropic.com)"
81.167.26.57 - - [18/Dec/2025:00:16:58 +0000] "GET /?p=33195 HTTP/1.1" 200 41691 "-" "Mozilla/5.0 (compatible; MJ12bot/v1.4.8; http://mj12bot.com/)"
57.141.0.19 - - [18/Dec/2025:00:16:59 +0000] "GET /karamba-spielsaal-erfahrungen-angeschlossen-testbericht-werfen-sie-einen-blick-auf-den-link-within-2025-pro-teutonia/?fileloc=//sys/class/pci_bus/0000:01/subsystem/0000:0b/subsystem/0000:07/device/driver/0000:00:04.1/vendor&path=//sys/class/pci_bus/0000:01/subsystem/0000:0b/subsystem/0000:07/device/driver/0000:00:04.1 HTTP/1.1" 200 262215 "-" "meta-externalagent/1.1 (+https://developers.facebook.com/docs/sharing/webmasters/crawler)"
81.167.26.57 - - [18/Dec/2025:00:17:02 +0000] "GET /?p=33197 HTTP/1.1" 200 42864 "-" "Mozilla/5.0 (compatible; MJ12bot/v1.4.8; http://mj12bot.com/)"
57.141.0.38 - - [18/Dec/2025:00:17:05 +0000] "GET /karamba-spielsaal-erfahrungen-angeschlossen-testbericht-werfen-sie-einen-blick-auf-den-link-within-2025-pro-teutonia/?fileloc=//sys/class/pci_bus/0000:05/subsystem/0000:00/subsystem/0000:06/subsystem/0000:09/device/local_cpulist&path=//sys/class/pci_bus/0000:05/subsystem/0000:00/subsystem/0000:06/subsystem/0000:09/device HTTP/1.1" 200 262248 "-" "meta-externalagent/1.1 (+https://developers.facebook.com/docs/sharing/webmasters/crawler)"
81.167.26.57 - - [18/Dec/2025:00:17:06 +0000] "GET /?p=33201 HTTP/1.1" 200 43156 "-" "Mozilla/5.0 (compatible; MJ12bot/v1.4.8; http://mj12bot.com/)"
57.141.0.73 - - [18/Dec/2025:00:17:07 +0000] "GET /karamba-spielsaal-erfahrungen-angeschlossen-testbericht-werfen-sie-einen-blick-auf-den-link-within-2025-pro-teutonia/?fileloc=//sys/class/pci_bus/0000:0b/subsystem/0000:12/subsystem/0000:06/subsystem/0000:0d/device/subsystem/devices/0000:00:03.1/broken_parity_status&path=//sys/class/pci_bus/0000:0b/subsystem/0000:12/subsystem/0000:06/subsystem/0000:0d/device/subsystem/devices/0000:00:03.1 HTTP/1.1" 200 262215 "-" "meta-externalagent/1.1 (+https://developers.facebook.com/docs/sharing/webmasters/crawler)"
57.141.0.43 - - [18/Dec/2025:00:17:07 +0000] "GET /2025/03/07/page/6/?fileloc=//sys/class/pci_bus/0000:0f/subsystem/0000:09/subsystem/0000:08/device/driver/0000:00:02.5/power/runtime_status&path=//sys/class/pci_bus/0000:0f/subsystem/0000:09/subsystem/0000:08/device/driver/0000:00:02.5/power HTTP/1.1" 200 262248 "-" "meta-externalagent/1.1 (+https://developers.facebook.com/docs/sharing/webmasters/crawler)"
57.141.0.32 - - [18/Dec/2025:00:17:07 +0000] "GET /2025/03/07/page/6/?fileloc=//sys/class/pci_bus/0000:05/device/0000:00:02.3:pcie001/subsystem/drivers/pcie_pme/0000:00:02.4:pcie001/subsystem/devices/0000:00:03.3:pcie001/uevent&path=//sys/class/pci_bus/0000:05/device/0000:00:02.3:pcie001/subsystem/drivers/pcie_pme/0000:00:02.4:pcie001/subsystem/devices/0000:00:03.3:pcie001 HTTP/1.1" 200 262248 "-" "meta-externalagent/1.1 (+https://developers.facebook.com/docs/sharing/webmasters/crawler)"
66.249.77.99 - - [18/Dec/2025:00:17:07 +0000] "GET /?pcmypage?callback=/product%2Fdetail%2FD4260935210 HTTP/1.1" 200 29861 "-" "Mozilla/5.0 (Linux; Android 6.0.1; Nexus 5X Build/MMB29P) AppleWebKit/537.36 (KHTML, like Gecko) Chrome/141.0.7390.122 Mobile Safari/537.36 (compatible; Googlebot/2.1; +http://www.google.com/bot.html)"
57.141.0.9 - - [18/Dec/2025:00:17:08 +0000] "GET /karamba-spielsaal-erfahrungen-angeschlossen-testbericht-werfen-sie-einen-blick-auf-den-link-within-2025-pro-teutonia/?path=//sys/class/pci_bus/0000:11/device/0000:00:03.7:pcie001/driver/0000:00:02.4:pcie001/subsystem/devices/0000:00:02.1:pcie002/driver/0000:00:04.1:pcie002 HTTP/1.1" 200 262209 "-" "meta-externalagent/1.1 (+https://developers.facebook.com/docs/sharing/webmasters/crawler)"
57.141.0.47 - - [18/Dec/2025:00:17:09 +0000] "GET /2025/03/07/page/6/?fileloc=//sys/class/pci_bus/0000:05/subsystem/0000:11/subsystem/0000:02/subsystem/0000:04/subsystem/0000:07/device/driver/0000:00:03.3/dma_mask_bits&path=//sys/class/pci_bus/0000:05/subsystem/0000:11/subsystem/0000:02/subsystem/0000:04/subsystem/0000:07/device/driver/0000:00:03.3 HTTP/1.1" 200 262209 "-" "meta-externalagent/1.1 (+https://developers.facebook.com/docs/sharing/webmasters/crawler)"
57.141.0.22 - - [18/Dec/2025:00:17:09 +0000] "GET /karamba-spielsaal-erfahrungen-angeschlossen-testbericht-werfen-sie-einen-blick-auf-den-link-within-2025-pro-teutonia/?fileloc=//sys/class/pci_bus/0000:05/subsystem/0000:05/device/driver/0000:00:02.5/driver/0000:00:03.0/driver/0000:00:02.5/max_link_speed&path=//sys/class/pci_bus/0000:05/subsystem/0000:05/device/driver/0000:00:02.5/driver/0000:00:03.0/driver/0000:00:02.5 HTTP/1.1" 200 262215 "-" "meta-externalagent/1.1 (+https://developers.facebook.com/docs/sharing/webmasters/crawler)"
81.167.26.57 - - [18/Dec/2025:00:17:10 +0000] "GET /?p=33203 HTTP/1.1" 200 44058 "-" "Mozilla/5.0 (compatible; MJ12bot/v1.4.8; http://mj12bot.com/)"
57.141.0.54 - - [18/Dec/2025:00:17:12 +0000] "GET /karamba-spielsaal-erfahrungen-angeschlossen-testbericht-werfen-sie-einen-blick-auf-den-link-within-2025-pro-teutonia/?fileloc=//sys/class/pci_bus/0000:03/subsystem/0000:0d/device/pci_bus/0000:0d/device/consistent_dma_mask_bits&path=//sys/class/pci_bus/0000:03/subsystem/0000:0d/device/pci_bus/0000:0d/device HTTP/1.1" 200 262209 "-" "meta-externalagent/1.1 (+https://developers.facebook.com/docs/sharing/webmasters/crawler)"
81.167.26.57 - - [18/Dec/2025:00:17:14 +0000] "GET /?p=33205 HTTP/1.1" 200 42614 "-" "Mozilla/5.0 (compatible; MJ12bot/v1.4.8; http://mj12bot.com/)"
216.73.216.56 - - [18/Dec/2025:00:17:15 +0000] "GET /?p=48174 HTTP/1.1" 200 43530 "-" "Mozilla/5.0 AppleWebKit/537.36 (KHTML, like Gecko; compatible; ClaudeBot/1.0; +claudebot@anthropic.com)"
66.249.77.98 - - [18/Dec/2025:00:17:17 +0000] "GET /?fileloc=//sys/class/sound/card0/device/subsystem/devices/0000:00:02.2/driver/0000:00:03.4/driver/0000:00:02.6/driver/0000:00:03.0/subsystem/devices/0000:00:03.4/pci_bus/0000:0e/device/driver/0000:00:04.0/resource&path=//sys/class/sound/card0/device/subsystem/devices/0000:00:02.2/driver/0000:00:03.4/driver/0000:00:02.6/driver/0000:00:03.0/subsystem/devices/0000:00:03.4/pci_bus/0000:0e/device/driver/0000:00:04.0 HTTP/1.1" 200 45438 "-" "Mozilla/5.0 (Linux; Android 6.0.1; Nexus 5X Build/MMB29P) AppleWebKit/537.36 (KHTML, like Gecko) Chrome/141.0.7390.122 Mobile Safari/537.36 (compatible; Googlebot/2.1; +http://www.google.com/bot.html)"
57.141.0.54 - - [18/Dec/2025:00:17:18 +0000] "GET /2025/03/07/page/6/?fileloc=//sys/class/pci_bus/0000:05/subsystem/0000:06/device/pci_bus/0000:06/device/subsystem/drivers/virtio-pci/0000:05:00.0/resource4&path=//sys/class/pci_bus/0000:05/subsystem/0000:06/device/pci_bus/0000:06/device/subsystem/drivers/virtio-pci/0000:05:00.0 HTTP/1.1" 200 262264 "-" "meta-externalagent/1.1 (+https://developers.facebook.com/docs/sharing/webmasters/crawler)"
81.167.26.57 - - [18/Dec/2025:00:17:18 +0000] "GET /?p=33207 HTTP/1.1" 200 43144 "-" "Mozilla/5.0 (compatible; MJ12bot/v1.4.8; http://mj12bot.com/)"
216.73.216.56 - - [18/Dec/2025:00:17:19 +0000] "GET /?p=25878 HTTP/1.1" 200 43551 "-" "Mozilla/5.0 AppleWebKit/537.36 (KHTML, like Gecko; compatible; ClaudeBot/1.0; +claudebot@anthropic.com)"
57.141.0.17 - - [18/Dec/2025:00:17:19 +0000] "GET /2025/03/07/page/6/?fileloc=//sys/class/pci_bus/0000:0f/subsystem/0000:02/subsystem/0000:02/device/subsystem/devices/0000:00:04.1/dma_mask_bits&path=//sys/class/pci_bus/0000:0f/subsystem/0000:02/subsystem/0000:02/device/subsystem/devices/0000:00:04.1 HTTP/1.1" 200 262215 "-" "meta-externalagent/1.1 (+https://developers.facebook.com/docs/sharing/webmasters/crawler)"
57.141.0.46 - - [18/Dec/2025:00:17:20 +0000] "GET /karamba-spielsaal-erfahrungen-angeschlossen-testbericht-werfen-sie-einen-blick-auf-den-link-within-2025-pro-teutonia/?fileloc=//sys/class/pci_bus/0000:06/subsystem/0000:0c/subsystem/0000:02/subsystem/0000:09/device/driver/0000:00:02.3/secondary_bus_number&path=//sys/class/pci_bus/0000:06/subsystem/0000:0c/subsystem/0000:02/subsystem/0000:09/device/driver/0000:00:02.3 HTTP/1.1" 200 262209 "-" "meta-externalagent/1.1 (+https://developers.facebook.com/docs/sharing/webmasters/crawler)"
216.73.216.56 - - [18/Dec/2025:00:17:21 +0000] "GET /?p=48170 HTTP/1.1" 200 42746 "-" "Mozilla/5.0 AppleWebKit/537.36 (KHTML, like Gecko; compatible; ClaudeBot/1.0; +claudebot@anthropic.com)"
66.249.77.98 - - [18/Dec/2025:00:17:22 +0000] "GET /?64096806?entity=0063849586 HTTP/1.1" 200 30291 "-" "Mozilla/5.0 (Linux; Android 6.0.1; Nexus 5X Build/MMB29P) AppleWebKit/537.36 (KHTML, like Gecko) Chrome/141.0.7390.122 Mobile Safari/537.36 (compatible; Googlebot/2.1; +http://www.google.com/bot.html)"
81.167.26.57 - - [18/Dec/2025:00:17:22 +0000] "GET /?p=33209 HTTP/1.1" 200 44568 "-" "Mozilla/5.0 (compatible; MJ12bot/v1.4.8; http://mj12bot.com/)"
216.73.216.56 - - [18/Dec/2025:00:17:25 +0000] "GET /?p=11796 HTTP/1.1" 200 42836 "-" "Mozilla/5.0 AppleWebKit/537.36 (KHTML, like Gecko; compatible; ClaudeBot/1.0; +claudebot@anthropic.com)"
57.141.0.38 - - [18/Dec/2025:00:17:25 +0000] "GET /karamba-spielsaal-erfahrungen-angeschlossen-testbericht-werfen-sie-einen-blick-auf-den-link-within-2025-pro-teutonia/?fileloc=//sys/class/pci_bus/0000:06/subsystem/0000:0b/subsystem/0000:0d/device/driver/0000:00:03.7/driver/0000:00:03.7/vendor&path=//sys/class/pci_bus/0000:06/subsystem/0000:0b/subsystem/0000:0d/device/driver/0000:00:03.7/driver/0000:00:03.7 HTTP/1.1" 200 262264 "-" "meta-externalagent/1.1 (+https://developers.facebook.com/docs/sharing/webmasters/crawler)"
198.244.240.116 - - [18/Dec/2025:00:17:26 +0000] "GET /?p=38816 HTTP/1.1" 200 44590 "-" "Mozilla/5.0 (compatible; AhrefsBot/7.0; +http://ahrefs.com/robot/)"
81.167.26.57 - - [18/Dec/2025:00:17:26 +0000] "GET /?p=33211 HTTP/1.1" 200 42620 "-" "Mozilla/5.0 (compatible; MJ12bot/v1.4.8; http://mj12bot.com/)"
216.73.216.56 - - [18/Dec/2025:00:17:27 +0000] "GET /?p=39181 HTTP/1.1" 200 43174 "-" "Mozilla/5.0 AppleWebKit/537.36 (KHTML, like Gecko; compatible; ClaudeBot/1.0; +claudebot@anthropic.com)"
81.167.26.57 - - [18/Dec/2025:00:17:30 +0000] "GET /?p=33213 HTTP/1.1" 200 42825 "-" "Mozilla/5.0 (compatible; MJ12bot/v1.4.8; http://mj12bot.com/)"
216.73.216.56 - - [18/Dec/2025:00:17:31 +0000] "GET /?p=45531 HTTP/1.1" 200 41553 "-" "Mozilla/5.0 AppleWebKit/537.36 (KHTML, like Gecko; compatible; ClaudeBot/1.0; +claudebot@anthropic.com)"
216.73.216.56 - - [18/Dec/2025:00:17:33 +0000] "GET /?p=43299 HTTP/1.1" 200 40903 "-" "Mozilla/5.0 AppleWebKit/537.36 (KHTML, like Gecko; compatible; ClaudeBot/1.0; +claudebot@anthropic.com)"
66.249.77.98 - - [18/Dec/2025:00:17:34 +0000] "GET /?fileloc=/opt/wpsites/datainsightnow.com/wp-includes/customize/class-wp-customize-nav-menu-section.php?entity/18439501.htm HTTP/1.1" 200 31030 "-" "Mozilla/5.0 (Linux; Android 6.0.1; Nexus 5X Build/MMB29P) AppleWebKit/537.36 (KHTML, like Gecko) Chrome/141.0.7390.122 Mobile Safari/537.36 (compatible; Googlebot/2.1; +http://www.google.com/bot.html)"
81.167.26.57 - - [18/Dec/2025:00:17:35 +0000] "GET /?p=33215 HTTP/1.1" 200 41172 "-" "Mozilla/5.0 (compatible; MJ12bot/v1.4.8; http://mj12bot.com/)"
66.249.77.98 - - [18/Dec/2025:00:17:35 +0000] "GET /?path=//sys/class/sound/card0/device/subsystem/devices/0000:00:02.2/subsystem/devices/0000:00:03.4/driver/0000:00:02.2/0000:00:02.2:pcie002/subsystem/devices/0000:00:03.6:pcie001/driver/0000:00:04.1:pcie001/driver/0000:00:03.5:pcie001/driver/0000:00:02.7:pcie001 HTTP/1.1" 200 45438 "-" "Mozilla/5.0 (Linux; Android 6.0.1; Nexus 5X Build/MMB29P) AppleWebKit/537.36 (KHTML, like Gecko) Chrome/141.0.7390.122 Mobile Safari/537.36 (compatible; Googlebot/2.1; +http://www.google.com/bot.html)"
