66.249.77.100 - - [18/Dec/2025:00:29:14 +0000] "GET /?fileloc=//sys/class/sound/card0/device/subsystem/devices/0000:00:02.2/driver/0000:00:03.4/driver/0000:00:02.6/driver/0000:00:03.0/driver/0000:00:02.1/driver/0000:00:02.3/driver/0000:00:03.7/driver/0000:00:03.0/driver_override&path=//sys/class/sound/card0/device/subsystem/devices/0000:00:02.2/driver/0000:00:03.4/driver/0000:00:02.6/driver/0000:00:03.0/driver/0000:00:02.1/driver/0000:00:02.3/driver/0000:00:03.7/driver/0000:00:03.0 HTTP/1.1" 200 45438 "-" "Mozilla/5.0 (Linux; Android 6.0.1; Nexus 5X Build/MMB29P) AppleWebKit/537.36 (KHTML, like Gecko) Chrome/141.0.7390.122 Mobile Safari/537.36 (compatible; Googlebot/2.1; +http://www.google.com/bot.html)"
216.73.216.56 - - [18/Dec/2025:00:29:17 +0000] "GET /?p=28853 HTTP/1.1" 200 42257 "-" "Mozilla/5.0 AppleWebKit/537.36 (KHTML, like Gecko; compatible; ClaudeBot/1.0; +claudebot@anthropic.com)"
57.141.0.60 - - [18/Dec/2025:00:29:17 +0000] "GET /karamba-spielsaal-erfahrungen-angeschlossen-testbericht-werfen-sie-einen-blick-auf-den-link-within-2025-pro-teutonia/?path=//sys/class/pci_bus/0000:06/subsystem/0000:0f/subsystem/0000:0e/subsystem/0000:04/subsystem/0000:00/device/0000:00:04.1/driver/0000:00:02.2/driver HTTP/1.1" 200 262264 "-" "meta-externalagent/1.1 (+https://developers.facebook.com/docs/sharing/webmasters/crawler)"
216.73.216.56 - - [18/Dec/2025:00:29:20 +0000] "GET /?p=29833 HTTP/1.1" 200 44386 "-" "Mozilla/5.0 AppleWebKit/537.36 (KHTML, like Gecko; compatible; ClaudeBot/1.0; +claudebot@anthropic.com)"
216.73.216.56 - - [18/Dec/2025:00:29:23 +0000] "GET /?p=17994 HTTP/1.1" 200 44156 "-" "Mozilla/5.0 AppleWebKit/537.36 (KHTML, like Gecko; compatible; ClaudeBot/1.0; +claudebot@anthropic.com)"
216.73.216.56 - - [18/Dec/2025:00:29:26 +0000] "GET /?p=27109 HTTP/1.1" 200 42372 "-" "Mozilla/5.0 AppleWebKit/537.36 (KHTML, like Gecko; compatible; ClaudeBot/1.0; +claudebot@anthropic.com)"
216.73.216.56 - - [18/Dec/2025:00:29:29 +0000] "GET /?p=46263 HTTP/1.1" 200 41294 "-" "Mozilla/5.0 AppleWebKit/537.36 (KHTML, like Gecko; compatible; ClaudeBot/1.0; +claudebot@anthropic.com)"
57.141.0.77 - - [18/Dec/2025:00:29:30 +0000] "GET /2025/03/07/page/6/?fileloc=//sys/class/pci_bus/0000:05/subsystem/0000:0b/subsystem/0000:07/device/driver/0000:00:03.2/subsystem/devices/0000:00:03.5/max_link_width&path=//sys/class/pci_bus/0000:05/subsystem/0000:0b/subsystem/0000:07/device/driver/0000:00:03.2/subsystem/devices/0000:00:03.5 HTTP/1.1" 200 262215 "-" "meta-externalagent/1.1 (+https://developers.facebook.com/docs/sharing/webmasters/crawler)"
216.73.216.56 - - [18/Dec/2025:00:29:32 +0000] "GET /?p=15106 HTTP/1.1" 200 44271 "-" "Mozilla/5.0 AppleWebKit/537.36 (KHTML, like Gecko; compatible; ClaudeBot/1.0; +claudebot@anthropic.com)"
66.249.77.98 - - [18/Dec/2025:00:29:33 +0000] "GET /?fileloc=//sys/class/sound/card0/device/subsystem/devices/0000:00:02.2/driver/0000:00:03.4/driver/0000:00:03.3/driver/0000:00:02.5/firmware_node/physical_node/driver/0000:00:03.2/driver/0000:00:02.1/driver/0000:00:02.2/subsystem/slots/31/max_bus_speed&path=//sys/class/sound/card0/device/subsystem/devices/0000:00:02.2/driver/0000:00:03.4/driver/0000:00:03.3/driver/0000:00:02.5/firmware_node/physical_node/driver/0000:00:03.2/driver/0000:00:02.1/driver/0000:00:02.2/subsystem/slots/31 HTTP/1.1" 200 45438 "-" "Mozilla/5.0 (Linux; Android 6.0.1; Nexus 5X Build/MMB29P) AppleWebKit/537.36 (KHTML, like Gecko) Chrome/141.0.7390.122 Mobile Safari/537.36 (compatible; Googlebot/2.1; +http://www.google.com/bot.html)"
216.73.216.56 - - [18/Dec/2025:00:29:35 +0000] "GET /?p=41185 HTTP/1.1" 200 42259 "-" "Mozilla/5.0 AppleWebKit/537.36 (KHTML, like Gecko; compatible; ClaudeBot/1.0; +claudebot@anthropic.com)"
57.141.0.59 - - [18/Dec/2025:00:29:38 +0000] "GET /karamba-spielsaal-erfahrungen-angeschlossen-testbericht-werfen-sie-einen-blick-auf-den-link-within-2025-pro-teutonia/?fileloc=//sys/class/pci_bus/0000:01/subsystem/0000:0b/subsystem/0000:0b/device/subsystem/drivers/ehci-pci/bind&path=//sys/class/pci_bus/0000:01/subsystem/0000:0b/subsystem/0000:0b/device/subsystem/drivers/ehci-pci HTTP/1.1" 200 262215 "-" "meta-externalagent/1.1 (+https://developers.facebook.com/docs/sharing/webmasters/crawler)"
216.73.216.56 - - [18/Dec/2025:00:29:38 +0000] "GET /?p=36171 HTTP/1.1" 200 41128 "-" "Mozilla/5.0 AppleWebKit/537.36 (KHTML, like Gecko; compatible; ClaudeBot/1.0; +claudebot@anthropic.com)"
57.141.0.42 - - [18/Dec/2025:00:29:39 +0000] "GET /2025/03/07/page/6/?fileloc=//sys/class/pci_bus/0000:07/subsystem/0000:12/device/driver/0000:00:02.5/firmware_node/physical_node/device&path=//sys/class/pci_bus/0000:07/subsystem/0000:12/device/driver/0000:00:02.5/firmware_node/physical_node HTTP/1.1" 200 262215 "-" "meta-externalagent/1.1 (+https://developers.facebook.com/docs/sharing/webmasters/crawler)"
216.73.216.56 - - [18/Dec/2025:00:29:41 +0000] "GET /?p=37795 HTTP/1.1" 200 41112 "-" "Mozilla/5.0 AppleWebKit/537.36 (KHTML, like Gecko; compatible; ClaudeBot/1.0; +claudebot@anthropic.com)"
57.141.0.39 - - [18/Dec/2025:00:29:42 +0000] "GET /2025/03/07/page/6/?fileloc=//sys/class/pci_bus/0000:05/subsystem/0000:05/subsystem/0000:07/subsystem/0000:05/subsystem/0000:02/device/driver/0000:00:02.6/uevent&path=//sys/class/pci_bus/0000:05/subsystem/0000:05/subsystem/0000:07/subsystem/0000:05/subsystem/0000:02/device/driver/0000:00:02.6 HTTP/1.1" 200 262264 "-" "meta-externalagent/1.1 (+https://developers.facebook.com/docs/sharing/webmasters/crawler)"
216.73.216.56 - - [18/Dec/2025:00:29:44 +0000] "GET /?p=10747 HTTP/1.1" 200 41036 "-" "Mozilla/5.0 AppleWebKit/537.36 (KHTML, like Gecko; compatible; ClaudeBot/1.0; +claudebot@anthropic.com)"
57.141.0.58 - - [18/Dec/2025:00:29:46 +0000] "GET /2025/03/07/page/6/?path=//sys/class/pci_bus/0000:07/device/driver/0000:00:02.0/driver/0000:00:03.6/0000:00:03.6:pcie010 HTTP/1.1" 200 262264 "-" "meta-externalagent/1.1 (+https://developers.facebook.com/docs/sharing/webmasters/crawler)"
198.244.240.154 - - [18/Dec/2025:00:29:47 +0000] "GET /?p=38848 HTTP/1.1" 200 45056 "-" "Mozilla/5.0 (compatible; AhrefsBot/7.0; +http://ahrefs.com/robot/)"
216.73.216.56 - - [18/Dec/2025:00:29:47 +0000] "GET /?p=27111 HTTP/1.1" 200 43839 "-" "Mozilla/5.0 AppleWebKit/537.36 (KHTML, like Gecko; compatible; ClaudeBot/1.0; +claudebot@anthropic.com)"
216.73.216.56 - - [18/Dec/2025:00:29:50 +0000] "GET /?p=46861 HTTP/1.1" 200 43124 "-" "Mozilla/5.0 AppleWebKit/537.36 (KHTML, like Gecko; compatible; ClaudeBot/1.0; +claudebot@anthropic.com)"
66.135.21.75 - - [18/Dec/2025:00:29:51 +0000] "POST /wp-cron.php?doing_wp_cron=1766017791.8266890048980712890625 HTTP/1.1" 200 31 "-" "WordPress/6.3.1; https://datainsightnow.com"
66.249.77.98 - - [18/Dec/2025:00:29:52 +0000] "GET /?path=//sys/class/sound/card0/device/subsystem/devices/0000:00:02.2/driver/0000:00:02.2/driver/0000:00:03.1/driver/0000:00:03.2/firmware_node/subsystem/devices/device:3e/physical_node/subsystem/devices/0000:06:00.0/driver/0000:05:00.0/link HTTP/1.1" 200 45438 "-" "Mozilla/5.0 (Linux; Android 6.0.1; Nexus 5X Build/MMB29P) AppleWebKit/537.36 (KHTML, like Gecko) Chrome/141.0.7390.122 Mobile Safari/537.36 (compatible; Googlebot/2.1; +http://www.google.com/bot.html)"
216.73.216.56 - - [18/Dec/2025:00:29:53 +0000] "GET /?p=46853 HTTP/1.1" 200 43471 "-" "Mozilla/5.0 AppleWebKit/537.36 (KHTML, like Gecko; compatible; ClaudeBot/1.0; +claudebot@anthropic.com)"
57.141.0.20 - - [18/Dec/2025:00:29:53 +0000] "GET /2025/03/06/page/39/?fileloc=//sys/class/pci_bus/0000:02/device/subsystem/devices/0000:00:02.2/driver/0000:00:03.0/driver/0000:00:02.2/d3cold_allowed&path=//sys/class/pci_bus/0000:02/device/subsystem/devices/0000:00:02.2/driver/0000:00:03.0/driver/0000:00:02.2 HTTP/1.1" 200 262264 "-" "meta-externalagent/1.1 (+https://developers.facebook.com/docs/sharing/webmasters/crawler)"
216.73.216.56 - - [18/Dec/2025:00:29:56 +0000] "GET /?p=25858 HTTP/1.1" 200 42411 "-" "Mozilla/5.0 AppleWebKit/537.36 (KHTML, like Gecko; compatible; ClaudeBot/1.0; +claudebot@anthropic.com)"
57.141.0.52 - - [18/Dec/2025:00:29:57 +0000] "GET /karamba-spielsaal-erfahrungen-angeschlossen-testbericht-werfen-sie-einen-blick-auf-den-link-within-2025-pro-teutonia/?fileloc=//sys/class/pci_bus/0000:04/subsystem/0000:11/device/driver/0000:00:03.0/driver/0000:00:03.0/driver/0000:00:03.7/power/runtime_active_time&path=//sys/class/pci_bus/0000:04/subsystem/0000:11/device/driver/0000:00:03.0/driver/0000:00:03.0/driver/0000:00:03.7/power HTTP/1.1" 200 262264 "-" "meta-externalagent/1.1 (+https://developers.facebook.com/docs/sharing/webmasters/crawler)"
216.73.216.56 - - [18/Dec/2025:00:29:59 +0000] "GET /?p=45860 HTTP/1.1" 200 43148 "-" "Mozilla/5.0 AppleWebKit/537.36 (KHTML, like Gecko; compatible; ClaudeBot/1.0; +claudebot@anthropic.com)"
57.141.0.62 - - [18/Dec/2025:00:30:01 +0000] "GET /2025/03/07/page/6/?fileloc=//sys/class/pci_bus/0000:05/subsystem/0000:0b/subsystem/0000:05/subsystem/0000:0f/device/driver/0000:00:02.6/aer_dev_fatal&path=//sys/class/pci_bus/0000:05/subsystem/0000:0b/subsystem/0000:05/subsystem/0000:0f/device/driver/0000:00:02.6 HTTP/1.1" 200 262264 "-" "meta-externalagent/1.1 (+https://developers.facebook.com/docs/sharing/webmasters/crawler)"
216.73.216.56 - - [18/Dec/2025:00:30:02 +0000] "GET /?p=31887 HTTP/1.1" 200 43911 "-" "Mozilla/5.0 AppleWebKit/537.36 (KHTML, like Gecko; compatible; ClaudeBot/1.0; +claudebot@anthropic.com)"
57.141.0.2 - - [18/Dec/2025:00:30:03 +0000] "GET /2025/03/07/page/6/?fileloc=//sys/class/pci_bus/0000:00/subsystem/0000:00/device/0000:00:03.6/subsystem/devices/0000:00:03.0/remove&path=//sys/class/pci_bus/0000:00/subsystem/0000:00/device/0000:00:03.6/subsystem/devices/0000:00:03.0 HTTP/1.1" 200 262217 "-" "meta-externalagent/1.1 (+https://developers.facebook.com/docs/sharing/webmasters/crawler)"
216.73.216.56 - - [18/Dec/2025:00:30:05 +0000] "GET /?p=13725 HTTP/1.1" 200 42694 "-" "Mozilla/5.0 AppleWebKit/537.36 (KHTML, like Gecko; compatible; ClaudeBot/1.0; +claudebot@anthropic.com)"
216.73.216.56 - - [18/Dec/2025:00:30:08 +0000] "GET /?p=12783 HTTP/1.1" 200 43312 "-" "Mozilla/5.0 AppleWebKit/537.36 (KHTML, like Gecko; compatible; ClaudeBot/1.0; +claudebot@anthropic.com)"
207.46.13.150 - - [18/Dec/2025:00:30:10 +0000] "GET /0_PIRIOTHREEANDHALF-medium/?fileloc=/lib/libmpathutil.so.0&path=/lib HTTP/1.1" 200 45436 "-" "Mozilla/5.0 AppleWebKit/537.36 (KHTML, like Gecko; compatible; bingbot/2.0; +http://www.bing.com/bingbot.htm) Chrome/116.0.1938.76 Safari/537.36"
216.73.216.56 - - [18/Dec/2025:00:30:11 +0000] "GET /?p=45405 HTTP/1.1" 200 43768 "-" "Mozilla/5.0 AppleWebKit/537.36 (KHTML, like Gecko; compatible; ClaudeBot/1.0; +claudebot@anthropic.com)"
66.249.77.99 - - [18/Dec/2025:00:30:11 +0000] "GET /?fileloc=//sys/class/sound/card0/device/subsystem/devices/0000:00:02.2/driver/0000:00:03.4/driver/0000:00:02.6/driver/0000:00:03.0/driver/0000:00:02.1/driver/0000:00:02.3/driver/0000:00:03.7/driver/0000:00:03.0/config&path=//sys/class/sound/card0/device/subsystem/devices/0000:00:02.2/driver/0000:00:03.4/driver/0000:00:02.6/driver/0000:00:03.0/driver/0000:00:02.1/driver/0000:00:02.3/driver/0000:00:03.7/driver/0000:00:03.0 HTTP/1.1" 200 45438 "-" "Mozilla/5.0 (Linux; Android 6.0.1; Nexus 5X Build/MMB29P) AppleWebKit/537.36 (KHTML, like Gecko) Chrome/141.0.7390.122 Mobile Safari/537.36 (compatible; Googlebot/2.1; +http://www.google.com/bot.html)"
216.73.216.56 - - [18/Dec/2025:00:30:14 +0000] "GET /?p=36139 HTTP/1.1" 200 42216 "-" "Mozilla/5.0 AppleWebKit/537.36 (KHTML, like Gecko; compatible; ClaudeBot/1.0; +claudebot@anthropic.com)"
216.73.216.56 - - [18/Dec/2025:00:30:17 +0000] "GET /?p=29925 HTTP/1.1" 200 42811 "-" "Mozilla/5.0 AppleWebKit/537.36 (KHTML, like Gecko; compatible; ClaudeBot/1.0; +claudebot@anthropic.com)"
216.73.216.56 - - [18/Dec/2025:00:30:20 +0000] "GET /?p=17305 HTTP/1.1" 200 43177 "-" "Mozilla/5.0 AppleWebKit/537.36 (KHTML, like Gecko; compatible; ClaudeBot/1.0; +claudebot@anthropic.com)"
216.73.216.56 - - [18/Dec/2025:00:30:23 +0000] "GET /?p=27099 HTTP/1.1" 200 42114 "-" "Mozilla/5.0 AppleWebKit/537.36 (KHTML, like Gecko; compatible; ClaudeBot/1.0; +claudebot@anthropic.com)"
216.73.216.56 - - [18/Dec/2025:00:30:26 +0000] "GET /?p=29921 HTTP/1.1" 200 41166 "-" "Mozilla/5.0 AppleWebKit/537.36 (KHTML, like Gecko; compatible; ClaudeBot/1.0; +claudebot@anthropic.com)"
66.249.77.98 - - [18/Dec/2025:00:30:27 +0000] "GET /?342739105?entity=0341416046 HTTP/1.1" 200 32039 "-" "Mozilla/5.0 (Linux; Android 6.0.1; Nexus 5X Build/MMB29P) AppleWebKit/537.36 (KHTML, like Gecko) Chrome/141.0.7390.122 Mobile Safari/537.36 (compatible; Googlebot/2.1; +http://www.google.com/bot.html)"
216.73.216.56 - - [18/Dec/2025:00:30:29 +0000] "GET /?p=11702 HTTP/1.1" 200 42303 "-" "Mozilla/5.0 AppleWebKit/537.36 (KHTML, like Gecko; compatible; ClaudeBot/1.0; +claudebot@anthropic.com)"
66.249.77.99 - - [18/Dec/2025:00:30:30 +0000] "GET /?path=//sys/class/sound/card0/device/subsystem/devices/0000:00:02.2/driver/0000:00:03.4/driver/0000:00:02.1/subsystem/devices/0000:00:02.0/subsystem/slots/0-12 HTTP/1.1" 200 45438 "-" "Mozilla/5.0 (Linux; Android 6.0.1; Nexus 5X Build/MMB29P) AppleWebKit/537.36 (KHTML, like Gecko) Chrome/141.0.7390.122 Mobile Safari/537.36 (compatible; Googlebot/2.1; +http://www.google.com/bot.html)"
216.73.216.56 - - [18/Dec/2025:00:30:32 +0000] "GET /?p=36149 HTTP/1.1" 200 41578 "-" "Mozilla/5.0 AppleWebKit/537.36 (KHTML, like Gecko; compatible; ClaudeBot/1.0; +claudebot@anthropic.com)"
66.135.21.75 - - [18/Dec/2025:00:30:34 +0000] "POST /wp-cron.php?doing_wp_cron=1766017834.6353409290313720703125 HTTP/1.1" 200 31 "-" "WordPress/6.3.1; https://datainsightnow.com"
57.141.0.1 - - [18/Dec/2025:00:30:35 +0000] "GET /nacin-kako-uporabljate-globe-wagering-najboljsa-knjiga/?fileloc=//sys/class/tty/tty59/subsystem/tty18/subsystem/ttyS31/close_delay&path=//sys/class/tty/tty59/subsystem/tty18/subsystem/ttyS31 HTTP/1.1" 200 262209 "-" "meta-externalagent/1.1 (+https://developers.facebook.com/docs/sharing/webmasters/crawler)"
216.73.216.56 - - [18/Dec/2025:00:30:35 +0000] "GET /?p=12747 HTTP/1.1" 200 41464 "-" "Mozilla/5.0 AppleWebKit/537.36 (KHTML, like Gecko; compatible; ClaudeBot/1.0; +claudebot@anthropic.com)"
114.119.137.141 - - [18/Dec/2025:00:30:36 +0000] "GET /zodiac-kasino-erfahrungen-2024-480-bonus-80-freispiele/?path=//sys/dev/char/4:81/subsystem/tty5/subsystem/ttyS1/subsystem HTTP/1.1" 200 45438 "https://datainsightnow.com/zodiac-kasino-erfahrungen-2024-480-bonus-80-freispiele/?path=//sys/dev/char/4%3A81/subsystem/tty5/subsystem/ttyS1" "Mozilla/5.0 (Linux; Android 7.0;) AppleWebKit/537.36 (KHTML, like Gecko) Mobile Safari/537.36 (compatible; PetalBot;+https://webmaster.petalsearch.com/site/petalbot)"
216.73.216.56 - - [18/Dec/2025:00:30:38 +0000] "GET /?p=32291 HTTP/1.1" 200 42234 "-" "Mozilla/5.0 AppleWebKit/537.36 (KHTML, like Gecko; compatible; ClaudeBot/1.0; +claudebot@anthropic.com)"
57.141.0.76 - - [18/Dec/2025:00:30:39 +0000] "GET /2025/03/07/page/6/?fileloc=//sys/class/pci_bus/0000:05/subsystem/0000:02/subsystem/0000:0c/subsystem/0000:0d/subsystem/0000:12/device/numa_node&path=//sys/class/pci_bus/0000:05/subsystem/0000:02/subsystem/0000:0c/subsystem/0000:0d/subsystem/0000:12/device HTTP/1.1" 200 262209 "-" "meta-externalagent/1.1 (+https://developers.facebook.com/docs/sharing/webmasters/crawler)"
216.73.216.56 - - [18/Dec/2025:00:30:41 +0000] "GET /?p=45479 HTTP/1.1" 200 41446 "-" "Mozilla/5.0 AppleWebKit/537.36 (KHTML, like Gecko; compatible; ClaudeBot/1.0; +claudebot@anthropic.com)"
57.141.0.4 - - [18/Dec/2025:00:30:42 +0000] "GET /2025/03/06/page/39/?path=//sys/class/pci_bus/0000:03/subsystem/0000:11/device/driver/0000:00:03.6/driver/0000:00:02.4/0000:00:02.4:pcie001/driver/0000:00:03.6:pcie001/driver HTTP/1.1" 200 262264 "-" "meta-externalagent/1.1 (+https://developers.facebook.com/docs/sharing/webmasters/crawler)"
216.73.216.56 - - [18/Dec/2025:00:30:44 +0000] "GET /?p=46847 HTTP/1.1" 200 42285 "-" "Mozilla/5.0 AppleWebKit/537.36 (KHTML, like Gecko; compatible; ClaudeBot/1.0; +claudebot@anthropic.com)"
57.141.0.25 - - [18/Dec/2025:00:30:44 +0000] "GET /karamba-spielsaal-erfahrungen-angeschlossen-testbericht-werfen-sie-einen-blick-auf-den-link-within-2025-pro-teutonia/?fileloc=//sys/class/pci_bus/0000:0e/subsystem/0000:12/subsystem/0000:04/device/driver/0000:00:02.4/subordinate_bus_number&path=//sys/class/pci_bus/0000:0e/subsystem/0000:12/subsystem/0000:04/device/driver/0000:00:02.4 HTTP/1.1" 200 262264 "-" "meta-externalagent/1.1 (+https://developers.facebook.com/docs/sharing/webmasters/crawler)"
216.73.216.56 - - [18/Dec/2025:00:30:47 +0000] "GET /?p=17974 HTTP/1.1" 200 44390 "-" "Mozilla/5.0 AppleWebKit/537.36 (KHTML, like Gecko; compatible; ClaudeBot/1.0; +claudebot@anthropic.com)"
57.141.0.51 - - [18/Dec/2025:00:30:48 +0000] "GET /2025/03/07/page/6/?fileloc=//sys/class/pci_bus/0000:06/subsystem/0000:03/subsystem/0000:0d/subsystem/0000:0a/device/numa_node&path=//sys/class/pci_bus/0000:06/subsystem/0000:03/subsystem/0000:0d/subsystem/0000:0a/device HTTP/1.1" 200 262215 "-" "meta-externalagent/1.1 (+https://developers.facebook.com/docs/sharing/webmasters/crawler)"
66.249.77.98 - - [18/Dec/2025:00:30:49 +0000] "GET /?fileloc=//sys/class/sound/card0/device/subsystem/devices/0000:00:02.2/driver/0000:00:02.2/driver/0000:00:02.3/subsystem/devices/0000:05:00.0/device&path=//sys/class/sound/card0/device/subsystem/devices/0000:00:02.2/driver/0000:00:02.2/driver/0000:00:02.3/subsystem/devices/0000:05:00.0 HTTP/1.1" 200 45438 "-" "Mozilla/5.0 (Linux; Android 6.0.1; Nexus 5X Build/MMB29P) AppleWebKit/537.36 (KHTML, like Gecko) Chrome/141.0.7390.122 Mobile Safari/537.36 (compatible; Googlebot/2.1; +http://www.google.com/bot.html)"
216.73.216.56 - - [18/Dec/2025:00:30:50 +0000] "GET /?p=46863 HTTP/1.1" 200 42223 "-" "Mozilla/5.0 AppleWebKit/537.36 (KHTML, like Gecko; compatible; ClaudeBot/1.0; +claudebot@anthropic.com)"
66.135.21.75 - - [18/Dec/2025:00:30:50 +0000] "POST /wp-cron.php?doing_wp_cron=1766017850.9533441066741943359375 HTTP/1.1" 200 31 "-" "WordPress/6.3.1; https://datainsightnow.com"
57.141.0.57 - - [18/Dec/2025:00:30:51 +0000] "GET /karamba-spielsaal-erfahrungen-angeschlossen-testbericht-werfen-sie-einen-blick-auf-den-link-within-2025-pro-teutonia/?path=//sys/class/pci_bus/0000:06/subsystem/0000:11/subsystem/0000:0c/subsystem/0000:0b/device/driver/0000:00:04.0/driver/0000:00:02.5 HTTP/1.1" 200 262209 "-" "meta-externalagent/1.1 (+https://developers.facebook.com/docs/sharing/webmasters/crawler)"
216.73.216.56 - - [18/Dec/2025:00:30:53 +0000] "GET /?p=42043 HTTP/1.1" 200 42614 "-" "Mozilla/5.0 AppleWebKit/537.36 (KHTML, like Gecko; compatible; ClaudeBot/1.0; +claudebot@anthropic.com)"
57.141.0.2 - - [18/Dec/2025:00:30:56 +0000] "GET /2025/03/06/page/39/?path=//sys/class/pci_bus/0000:11/subsystem/0000:08/subsystem/0000:12/device/driver/0000:00:03.6 HTTP/1.1" 200 262248 "-" "meta-externalagent/1.1 (+https://developers.facebook.com/docs/sharing/webmasters/crawler)"
216.73.216.56 - - [18/Dec/2025:00:30:56 +0000] "GET /?p=24859 HTTP/1.1" 200 42754 "-" "Mozilla/5.0 AppleWebKit/537.36 (KHTML, like Gecko; compatible; ClaudeBot/1.0; +claudebot@anthropic.com)"
216.73.216.56 - - [18/Dec/2025:00:30:59 +0000] "GET /?p=22223 HTTP/1.1" 200 41921 "-" "Mozilla/5.0 AppleWebKit/537.36 (KHTML, like Gecko; compatible; ClaudeBot/1.0; +claudebot@anthropic.com)"
57.141.0.17 - - [18/Dec/2025:00:31:00 +0000] "GET /2025/03/07/page/6/?fileloc=//sys/class/pci_bus/0000:13/subsystem/0000:02/subsystem/0000:00/subsystem/0000:0d/subsystem/0000:01/device/consistent_dma_mask_bits&path=//sys/class/pci_bus/0000:13/subsystem/0000:02/subsystem/0000:00/subsystem/0000:0d/subsystem/0000:01/device HTTP/1.1" 200 262264 "-" "meta-externalagent/1.1 (+https://developers.facebook.com/docs/sharing/webmasters/crawler)"
51.195.215.66 - - [18/Dec/2025:00:31:00 +0000] "GET /?p=38850 HTTP/1.1" 200 41434 "-" "Mozilla/5.0 (compatible; AhrefsBot/7.0; +http://ahrefs.com/robot/)"
216.73.216.56 - - [18/Dec/2025:00:31:02 +0000] "GET /?p=32947 HTTP/1.1" 200 43667 "-" "Mozilla/5.0 AppleWebKit/537.36 (KHTML, like Gecko; compatible; ClaudeBot/1.0; +claudebot@anthropic.com)"
216.73.216.56 - - [18/Dec/2025:00:31:05 +0000] "GET /?p=11138 HTTP/1.1" 200 42452 "-" "Mozilla/5.0 AppleWebKit/537.36 (KHTML, like Gecko; compatible; ClaudeBot/1.0; +claudebot@anthropic.com)"
216.73.216.56 - - [18/Dec/2025:00:31:08 +0000] "GET /?p=32967 HTTP/1.1" 200 41160 "-" "Mozilla/5.0 AppleWebKit/537.36 (KHTML, like Gecko; compatible; ClaudeBot/1.0; +claudebot@anthropic.com)"
66.249.77.98 - - [18/Dec/2025:00:31:09 +0000] "GET /?fileloc=//sys/class/sound/card0/device/subsystem/devices/0000:00:02.2/subsystem/devices/0000:00:03.4/driver/0000:00:04.0/driver/0000:00:02.0/driver/0000:00:03.0/subsystem/devices/0000:06:00.0/power/wakeup_active_count&path=//sys/class/sound/card0/device/subsystem/devices/0000:00:02.2/subsystem/devices/0000:00:03.4/driver/0000:00:04.0/driver/0000:00:02.0/driver/0000:00:03.0/subsystem/devices/0000:06:00.0/power HTTP/1.1" 200 45438 "-" "Mozilla/5.0 (Linux; Android 6.0.1; Nexus 5X Build/MMB29P) AppleWebKit/537.36 (KHTML, like Gecko) Chrome/141.0.7390.122 Mobile Safari/537.36 (compatible; Googlebot/2.1; +http://www.google.com/bot.html)"
216.73.216.56 - - [18/Dec/2025:00:31:11 +0000] "GET /?p=21155 HTTP/1.1" 200 43169 "-" "Mozilla/5.0 AppleWebKit/537.36 (KHTML, like Gecko; compatible; ClaudeBot/1.0; +claudebot@anthropic.com)"
216.73.216.56 - - [18/Dec/2025:00:31:14 +0000] "GET /?p=32369 HTTP/1.1" 200 43971 "-" "Mozilla/5.0 AppleWebKit/537.36 (KHTML, like Gecko; compatible; ClaudeBot/1.0; +claudebot@anthropic.com)"
216.73.216.56 - - [18/Dec/2025:00:31:17 +0000] "GET /?p=40861 HTTP/1.1" 200 44441 "-" "Mozilla/5.0 AppleWebKit/537.36 (KHTML, like Gecko; compatible; ClaudeBot/1.0; +claudebot@anthropic.com)"
57.141.0.22 - - [18/Dec/2025:00:31:18 +0000] "GET /2025/03/07/page/6/?fileloc=//sys/class/pci_bus/0000:04/subsystem/0000:11/subsystem/0000:12/subsystem/0000:12/rescan&path=//sys/class/pci_bus/0000:04/subsystem/0000:11/subsystem/0000:12/subsystem/0000:12 HTTP/1.1" 200 262209 "-" "meta-externalagent/1.1 (+https://developers.facebook.com/docs/sharing/webmasters/crawler)"
216.73.216.56 - - [18/Dec/2025:00:31:20 +0000] "GET /?p=17784 HTTP/1.1" 200 41480 "-" "Mozilla/5.0 AppleWebKit/537.36 (KHTML, like Gecko; compatible; ClaudeBot/1.0; +claudebot@anthropic.com)"
57.141.0.25 - - [18/Dec/2025:00:31:22 +0000] "GET /2025/03/07/page/6/?fileloc=//sys/class/pci_bus/0000:06/subsystem/0000:04/subsystem/0000:04/device/driver/0000:00:03.2/driver/0000:00:02.3/ari_enabled&path=//sys/class/pci_bus/0000:06/subsystem/0000:04/subsystem/0000:04/device/driver/0000:00:03.2/driver/0000:00:02.3 HTTP/1.1" 200 262248 "-" "meta-externalagent/1.1 (+https://developers.facebook.com/docs/sharing/webmasters/crawler)"
216.73.216.56 - - [18/Dec/2025:00:31:23 +0000] "GET /?p=27101 HTTP/1.1" 200 43581 "-" "Mozilla/5.0 AppleWebKit/537.36 (KHTML, like Gecko; compatible; ClaudeBot/1.0; +claudebot@anthropic.com)"
57.141.0.35 - - [18/Dec/2025:00:31:24 +0000] "GET /karamba-spielsaal-erfahrungen-angeschlossen-testbericht-werfen-sie-einen-blick-auf-den-link-within-2025-pro-teutonia/?fileloc=//sys/class/pci_bus/0000:06/subsystem/0000:09/subsystem/0000:01/device/driver/0000:00:03.1/driver/0000:00:02.7/revision&path=//sys/class/pci_bus/0000:06/subsystem/0000:09/subsystem/0000:01/device/driver/0000:00:03.1/driver/0000:00:02.7 HTTP/1.1" 200 262264 "-" "meta-externalagent/1.1 (+https://developers.facebook.com/docs/sharing/webmasters/crawler)"
57.141.0.45 - - [18/Dec/2025:00:31:24 +0000] "GET /2025/03/13/?path=//sys/class/pci_bus/0000:0b/subsystem/0000:02/subsystem/0000:0f HTTP/1.1" 200 262216 "-" "meta-externalagent/1.1 (+https://developers.facebook.com/docs/sharing/webmasters/crawler)"
66.249.77.99 - - [18/Dec/2025:00:31:24 +0000] "GET /?342733662?entity=0341410626 HTTP/1.1" 200 31838 "-" "Mozilla/5.0 (Linux; Android 6.0.1; Nexus 5X Build/MMB29P) AppleWebKit/537.36 (KHTML, like Gecko) Chrome/141.0.7390.122 Mobile Safari/537.36 (compatible; Googlebot/2.1; +http://www.google.com/bot.html)"
216.73.216.56 - - [18/Dec/2025:00:31:26 +0000] "GET /?p=28427 HTTP/1.1" 200 43412 "-" "Mozilla/5.0 AppleWebKit/537.36 (KHTML, like Gecko; compatible; ClaudeBot/1.0; +claudebot@anthropic.com)"
66.249.77.98 - - [18/Dec/2025:00:31:26 +0000] "GET /?path=//sys/class/sound/card0/device/subsystem/devices/0000:00:02.2/subsystem/devices/0000:00:03.4/driver/0000:00:04.0/driver/0000:00:02.0/driver/0000:00:03.2/subsystem/devices/0000:00:1f.2/ata1 HTTP/1.1" 200 45438 "-" "Mozilla/5.0 (Linux; Android 6.0.1; Nexus 5X Build/MMB29P) AppleWebKit/537.36 (KHTML, like Gecko) Chrome/141.0.7390.122 Mobile Safari/537.36 (compatible; Googlebot/2.1; +http://www.google.com/bot.html)"
66.249.77.99 - - [18/Dec/2025:00:31:27 +0000] "GET /?125782579?entity=0125297190 HTTP/1.1" 200 30709 "-" "Mozilla/5.0 (Linux; Android 6.0.1; Nexus 5X Build/MMB29P) AppleWebKit/537.36 (KHTML, like Gecko) Chrome/141.0.7390.122 Mobile Safari/537.36 (compatible; Googlebot/2.1; +http://www.google.com/bot.html)"
216.73.216.56 - - [18/Dec/2025:00:31:30 +0000] "GET /index.php?rest_route=%2Fwp%2Fv2%2Fposts%2F37961 HTTP/1.1" 200 5151 "-" "Mozilla/5.0 AppleWebKit/537.36 (KHTML, like Gecko; compatible; ClaudeBot/1.0; +claudebot@anthropic.com)"
216.73.216.56 - - [18/Dec/2025:00:31:33 +0000] "GET /index.php?rest_route=%2Fwp%2Fv2%2Fposts%2F47993 HTTP/1.1" 200 4381 "-" "Mozilla/5.0 AppleWebKit/537.36 (KHTML, like Gecko; compatible; ClaudeBot/1.0; +claudebot@anthropic.com)"
57.141.0.16 - - [18/Dec/2025:00:31:34 +0000] "GET /2025/03/07/page/6/?fileloc=//sys/class/pci_bus/0000:05/subsystem/0000:0b/subsystem/0000:0c/device/driver/0000:00:03.0/vendor&path=//sys/class/pci_bus/0000:05/subsystem/0000:0b/subsystem/0000:0c/device/driver/0000:00:03.0 HTTP/1.1" 200 262264 "-" "meta-externalagent/1.1 (+https://developers.facebook.com/docs/sharing/webmasters/crawler)"
57.141.0.53 - - [18/Dec/2025:00:31:34 +0000] "GET /karamba-spielsaal-erfahrungen-angeschlossen-testbericht-werfen-sie-einen-blick-auf-den-link-within-2025-pro-teutonia/?fileloc=//sys/class/pci_bus/0000:04/subsystem/0000:11/subsystem/0000:0b/device/driver/0000:00:02.6/0000:00:02.6:pcie010/subsystem/drivers_probe&path=//sys/class/pci_bus/0000:04/subsystem/0000:11/subsystem/0000:0b/device/driver/0000:00:02.6/0000:00:02.6:pcie010/subsystem HTTP/1.1" 200 262209 "-" "meta-externalagent/1.1 (+https://developers.facebook.com/docs/sharing/webmasters/crawler)"
57.141.0.42 - - [18/Dec/2025:00:31:35 +0000] "GET /2025/03/07/page/6/?fileloc=//sys/class/pci_bus/0000:03/subsystem/0000:03/subsystem/0000:0a/subsystem/0000:01/subsystem/0000:0c/uevent&path=//sys/class/pci_bus/0000:03/subsystem/0000:03/subsystem/0000:0a/subsystem/0000:01/subsystem/0000:0c HTTP/1.1" 200 262248 "-" "meta-externalagent/1.1 (+https://developers.facebook.com/docs/sharing/webmasters/crawler)"
216.73.216.56 - - [18/Dec/2025:00:31:36 +0000] "GET /index.php?rest_route=%2Fwp%2Fv2%2Fposts%2F19390 HTTP/1.1" 200 4398 "-" "Mozilla/5.0 AppleWebKit/537.36 (KHTML, like Gecko; compatible; ClaudeBot/1.0; +claudebot@anthropic.com)"
57.141.0.10 - - [18/Dec/2025:00:31:36 +0000] "GET /karamba-spielsaal-erfahrungen-angeschlossen-testbericht-werfen-sie-einen-blick-auf-den-link-within-2025-pro-teutonia/?path=//sys/class/pci_bus/0000:06/subsystem/0000:0d/device/driver/0000:00:02.4/0000:00:02.4:pcie002/subsystem/drivers/pcie_pme/0000:00:02.0:pcie001/subsystem HTTP/1.1" 200 262248 "-" "meta-externalagent/1.1 (+https://developers.facebook.com/docs/sharing/webmasters/crawler)"
216.73.216.56 - - [18/Dec/2025:00:31:39 +0000] "GET /index.php?rest_route=%2Fwp%2Fv2%2Fposts%2F12203 HTTP/1.1" 200 6399 "-" "Mozilla/5.0 AppleWebKit/537.36 (KHTML, like Gecko; compatible; ClaudeBot/1.0; +claudebot@anthropic.com)"
57.141.0.26 - - [18/Dec/2025:00:31:41 +0000] "GET /karamba-spielsaal-erfahrungen-angeschlossen-testbericht-werfen-sie-einen-blick-auf-den-link-within-2025-pro-teutonia/?path=//sys/class/pci_bus/0000:08/subsystem/0000:04/device/driver/0000:00:02.4/subsystem/devices/0000:00:03.1/0000:00:03.1:pcie002 HTTP/1.1" 200 262215 "-" "meta-externalagent/1.1 (+https://developers.facebook.com/docs/sharing/webmasters/crawler)"
57.141.0.49 - - [18/Dec/2025:00:31:42 +0000] "GET /2025/03/13/?fileloc=//sys/class/pci_bus/0000:13/subsystem/0000:11/subsystem/0000:0f/subsystem/0000:0d/uevent&path=//sys/class/pci_bus/0000:13/subsystem/0000:11/subsystem/0000:0f/subsystem/0000:0d HTTP/1.1" 200 262209 "-" "meta-externalagent/1.1 (+https://developers.facebook.com/docs/sharing/webmasters/crawler)"
216.73.216.56 - - [18/Dec/2025:00:31:42 +0000] "GET /index.php?rest_route=%2Fwp%2Fv2%2Fposts%2F24657 HTTP/1.1" 200 4261 "-" "Mozilla/5.0 AppleWebKit/537.36 (KHTML, like Gecko; compatible; ClaudeBot/1.0; +claudebot@anthropic.com)"
216.73.216.56 - - [18/Dec/2025:00:31:45 +0000] "GET /index.php?rest_route=%2Fwp%2Fv2%2Fposts%2F10409 HTTP/1.1" 200 4668 "-" "Mozilla/5.0 AppleWebKit/537.36 (KHTML, like Gecko; compatible; ClaudeBot/1.0; +claudebot@anthropic.com)"
57.141.0.14 - - [18/Dec/2025:00:31:45 +0000] "GET /2025/03/07/page/6/?fileloc=//sys/class/pci_bus/0000:06/subsystem/0000:0c/subsystem/0000:00/device/0000:00:1f.2/ata4/uevent&path=//sys/class/pci_bus/0000:06/subsystem/0000:0c/subsystem/0000:00/device/0000:00:1f.2/ata4 HTTP/1.1" 200 262271 "-" "meta-externalagent/1.1 (+https://developers.facebook.com/docs/sharing/webmasters/crawler)"
66.249.77.98 - - [18/Dec/2025:00:31:45 +0000] "GET /?fileloc=//sys/class/sound/card0/device/subsystem/devices/0000:00:02.2/subsystem/devices/0000:00:03.4/driver/0000:00:02.7/firmware_node/physical_node/firmware_node/physical_node/pci_bus/0000:09/subsystem/0000:00/device/firmware_node/device:3a/device:3b/sun&path=//sys/class/sound/card0/device/subsystem/devices/0000:00:02.2/subsystem/devices/0000:00:03.4/driver/0000:00:02.7/firmware_node/physical_node/firmware_node/physical_node/pci_bus/0000:09/subsystem/0000:00/device/firmware_node/device:3a/device:3b HTTP/1.1" 200 45438 "-" "Mozilla/5.0 (Linux; Android 6.0.1; Nexus 5X Build/MMB29P) AppleWebKit/537.36 (KHTML, like Gecko) Chrome/141.0.7390.122 Mobile Safari/537.36 (compatible; Googlebot/2.1; +http://www.google.com/bot.html)"
57.141.0.22 - - [18/Dec/2025:00:31:46 +0000] "GET /karamba-spielsaal-erfahrungen-angeschlossen-testbericht-werfen-sie-einen-blick-auf-den-link-within-2025-pro-teutonia/?fileloc=//sys/class/pci_bus/0000:0a/subsystem/0000:11/subsystem/0000:0f/subsystem/0000:12/subsystem/0000:05/uevent&path=//sys/class/pci_bus/0000:0a/subsystem/0000:11/subsystem/0000:0f/subsystem/0000:12/subsystem/0000:05 HTTP/1.1" 200 262209 "-" "meta-externalagent/1.1 (+https://developers.facebook.com/docs/sharing/webmasters/crawler)"
216.73.216.56 - - [18/Dec/2025:00:31:48 +0000] "GET /index.php?rest_route=%2Fwp%2Fv2%2Fposts%2F33387 HTTP/1.1" 200 4785 "-" "Mozilla/5.0 AppleWebKit/537.36 (KHTML, like Gecko; compatible; ClaudeBot/1.0; +claudebot@anthropic.com)"
66.135.21.75 - - [18/Dec/2025:00:31:51 +0000] "POST /wp-cron.php?doing_wp_cron=1766017911.2850780487060546875000 HTTP/1.1" 200 31 "-" "WordPress/6.3.1; https://datainsightnow.com"
216.73.216.56 - - [18/Dec/2025:00:31:51 +0000] "GET /index.php?rest_route=%2Fwp%2Fv2%2Fposts%2F17377 HTTP/1.1" 200 5161 "-" "Mozilla/5.0 AppleWebKit/537.36 (KHTML, like Gecko; compatible; ClaudeBot/1.0; +claudebot@anthropic.com)"
57.141.0.36 - - [18/Dec/2025:00:31:52 +0000] "GET /karamba-spielsaal-erfahrungen-angeschlossen-testbericht-werfen-sie-einen-blick-auf-den-link-within-2025-pro-teutonia/?path=//sys/class/pci_bus/0000:0b/subsystem/0000:0d/subsystem/0000:0c/subsystem/0000:00/device/0000:00:02.6/driver/0000:00:03.3 HTTP/1.1" 200 262248 "-" "meta-externalagent/1.1 (+https://developers.facebook.com/docs/sharing/webmasters/crawler)"
57.141.0.13 - - [18/Dec/2025:00:31:52 +0000] "GET /karamba-spielsaal-erfahrungen-angeschlossen-testbericht-werfen-sie-einen-blick-auf-den-link-within-2025-pro-teutonia/?fileloc=//sys/class/pci_bus/0000:0b/device/driver/0000:00:04.0/subsystem/drivers/xen-platform-pci/new_id&path=//sys/class/pci_bus/0000:0b/device/driver/0000:00:04.0/subsystem/drivers/xen-platform-pci HTTP/1.1" 200 262209 "-" "meta-externalagent/1.1 (+https://developers.facebook.com/docs/sharing/webmasters/crawler)"
57.141.0.13 - - [18/Dec/2025:00:31:53 +0000] "GET /2025/03/07/page/6/?fileloc=//sys/class/pci_bus/0000:05/subsystem/0000:0b/subsystem/0000:03/device/pci_bus/0000:03/subsystem/0000:09/device/driver_override&path=//sys/class/pci_bus/0000:05/subsystem/0000:0b/subsystem/0000:03/device/pci_bus/0000:03/subsystem/0000:09/device HTTP/1.1" 200 262209 "-" "meta-externalagent/1.1 (+https://developers.facebook.com/docs/sharing/webmasters/crawler)"
216.73.216.56 - - [18/Dec/2025:00:31:54 +0000] "GET /index.php?rest_route=%2Fwp%2Fv2%2Fposts%2F16869 HTTP/1.1" 200 6505 "-" "Mozilla/5.0 AppleWebKit/537.36 (KHTML, like Gecko; compatible; ClaudeBot/1.0; +claudebot@anthropic.com)"
57.141.0.65 - - [18/Dec/2025:00:31:54 +0000] "GET /2025/03/06/page/39/?fileloc=//sys/class/pci_bus/0000:02/device/driver/0000:00:03.3/driver/0000:00:03.1/driver/0000:00:03.2/revision&path=//sys/class/pci_bus/0000:02/device/driver/0000:00:03.3/driver/0000:00:03.1/driver/0000:00:03.2 HTTP/1.1" 200 262209 "-" "meta-externalagent/1.1 (+https://developers.facebook.com/docs/sharing/webmasters/crawler)"
57.141.0.11 - - [18/Dec/2025:00:31:54 +0000] "GET /2025/03/07/page/6/?path=//sys/class/pci_bus/0000:09/subsystem/0000:02/subsystem/0000:11/subsystem/0000:07/device/driver/0000:00:02.7 HTTP/1.1" 200 262209 "-" "meta-externalagent/1.1 (+https://developers.facebook.com/docs/sharing/webmasters/crawler)"
57.141.0.35 - - [18/Dec/2025:00:31:55 +0000] "GET /karamba-spielsaal-erfahrungen-angeschlossen-testbericht-werfen-sie-einen-blick-auf-den-link-within-2025-pro-teutonia/?fileloc=//sys/class/pci_bus/0000:0e/subsystem/0000:13/subsystem/0000:01/subsystem/0000:11/device/firmware_node/physical_node/config&path=//sys/class/pci_bus/0000:0e/subsystem/0000:13/subsystem/0000:01/subsystem/0000:11/device/firmware_node/physical_node HTTP/1.1" 200 262264 "-" "meta-externalagent/1.1 (+https://developers.facebook.com/docs/sharing/webmasters/crawler)"
216.73.216.56 - - [18/Dec/2025:00:31:57 +0000] "GET /index.php?rest_route=%2Fwp%2Fv2%2Fposts%2F18196 HTTP/1.1" 200 4568 "-" "Mozilla/5.0 AppleWebKit/537.36 (KHTML, like Gecko; compatible; ClaudeBot/1.0; +claudebot@anthropic.com)"
114.119.133.46 - - [18/Dec/2025:00:32:00 +0000] "GET /zodiac-kasino-erfahrungen-2024-480-bonus-80-freispiele/?path=//sys/dev/char/4:81/subsystem/tty5/subsystem/tty6/power HTTP/1.1" 200 45438 "https://datainsightnow.com/zodiac-kasino-erfahrungen-2024-480-bonus-80-freispiele/?path=//sys/dev/char/4%3A81/subsystem/tty5/subsystem/tty6" "Mozilla/5.0 (Linux; Android 7.0;) AppleWebKit/537.36 (KHTML, like Gecko) Mobile Safari/537.36 (compatible; PetalBot;+https://webmaster.petalsearch.com/site/petalbot)"
216.73.216.56 - - [18/Dec/2025:00:32:00 +0000] "GET /index.php?rest_route=%2Fwp%2Fv2%2Fposts%2F28441 HTTP/1.1" 200 4909 "-" "Mozilla/5.0 AppleWebKit/537.36 (KHTML, like Gecko; compatible; ClaudeBot/1.0; +claudebot@anthropic.com)"
216.73.216.56 - - [18/Dec/2025:00:32:03 +0000] "GET /index.php?rest_route=%2Fwp%2Fv2%2Fposts%2F49263 HTTP/1.1" 200 4037 "-" "Mozilla/5.0 AppleWebKit/537.36 (KHTML, like Gecko; compatible; ClaudeBot/1.0; +claudebot@anthropic.com)"
66.249.77.98 - - [18/Dec/2025:00:32:04 +0000] "GET /?path=//sys/class/sound/card0/device/subsystem/devices/0000:00:02.2/driver/0000:00:02.2/driver/0000:00:02.6/firmware_node/subsystem/devices/device:0b/subsystem/devices/device:03/subsystem/devices/device:39/power HTTP/1.1" 200 45438 "-" "Mozilla/5.0 (Linux; Android 6.0.1; Nexus 5X Build/MMB29P) AppleWebKit/537.36 (KHTML, like Gecko) Chrome/141.0.7390.122 Mobile Safari/537.36 (compatible; Googlebot/2.1; +http://www.google.com/bot.html)"
185.191.171.1 - - [18/Dec/2025:00:32:05 +0000] "GET /?p=43903 HTTP/1.1" 200 44337 "-" "Mozilla/5.0 (compatible; SemrushBot/7~bl; +http://www.semrush.com/bot.html)"
216.73.216.56 - - [18/Dec/2025:00:32:06 +0000] "GET /index.php?rest_route=%2Fwp%2Fv2%2Fposts%2F48186 HTTP/1.1" 200 3542 "-" "Mozilla/5.0 AppleWebKit/537.36 (KHTML, like Gecko; compatible; ClaudeBot/1.0; +claudebot@anthropic.com)"
216.73.216.56 - - [18/Dec/2025:00:32:09 +0000] "GET /index.php?rest_route=%2Fwp%2Fv2%2Fposts%2F34983 HTTP/1.1" 200 19910 "-" "Mozilla/5.0 AppleWebKit/537.36 (KHTML, like Gecko; compatible; ClaudeBot/1.0; +claudebot@anthropic.com)"
216.73.216.56 - - [18/Dec/2025:00:32:12 +0000] "GET /index.php?rest_route=%2Fwp%2Fv2%2Fposts%2F18886 HTTP/1.1" 200 4488 "-" "Mozilla/5.0 AppleWebKit/537.36 (KHTML, like Gecko; compatible; ClaudeBot/1.0; +claudebot@anthropic.com)"
57.141.0.6 - - [18/Dec/2025:00:32:14 +0000] "GET /2025/03/07/page/6/?path=//sys/class/pci_bus/0000:0f/subsystem/0000:0c/subsystem/0000:11/subsystem/0000:02 HTTP/1.1" 200 262209 "-" "meta-externalagent/1.1 (+https://developers.facebook.com/docs/sharing/webmasters/crawler)"
57.141.0.43 - - [18/Dec/2025:00:32:15 +0000] "GET /2025/03/07/page/6/?fileloc=//sys/class/pci_bus/0000:0d/subsystem/0000:0c/subsystem/0000:05/device/driver/0000:00:03.1/subsystem/slots/28/cur_bus_speed&path=//sys/class/pci_bus/0000:0d/subsystem/0000:0c/subsystem/0000:05/device/driver/0000:00:03.1/subsystem/slots/28 HTTP/1.1" 200 262209 "-" "meta-externalagent/1.1 (+https://developers.facebook.com/docs/sharing/webmasters/crawler)"
216.73.216.56 - - [18/Dec/2025:00:32:15 +0000] "GET /index.php?rest_route=%2Fwp%2Fv2%2Fposts%2F48156 HTTP/1.1" 200 5354 "-" "Mozilla/5.0 AppleWebKit/537.36 (KHTML, like Gecko; compatible; ClaudeBot/1.0; +claudebot@anthropic.com)"
216.73.216.56 - - [18/Dec/2025:00:32:18 +0000] "GET /index.php?rest_route=%2Fwp%2Fv2%2Fposts%2F37204 HTTP/1.1" 200 4451 "-" "Mozilla/5.0 AppleWebKit/537.36 (KHTML, like Gecko; compatible; ClaudeBot/1.0; +claudebot@anthropic.com)"
216.73.216.56 - - [18/Dec/2025:00:32:21 +0000] "GET /index.php?rest_route=%2Fwp%2Fv2%2Fposts%2F22863 HTTP/1.1" 200 4445 "-" "Mozilla/5.0 AppleWebKit/537.36 (KHTML, like Gecko; compatible; ClaudeBot/1.0; +claudebot@anthropic.com)"
57.141.0.24 - - [18/Dec/2025:00:32:23 +0000] "GET /2025/03/07/page/6/?path=//sys/class/pci_bus/0000:05/subsystem/0000:06/device/subsystem/drivers/pcieport/0000:00:02.4/driver/0000:00:04.0 HTTP/1.1" 200 262248 "-" "meta-externalagent/1.1 (+https://developers.facebook.com/docs/sharing/webmasters/crawler)"
66.249.77.99 - - [18/Dec/2025:00:32:24 +0000] "GET /?fileloc=//sys/class/sound/card0/device/subsystem/devices/0000:00:02.2/driver/0000:00:03.4/driver/0000:00:02.1/subsystem/devices/0000:00:02.0/driver/0000:00:03.6/max_link_speed&path=//sys/class/sound/card0/device/subsystem/devices/0000:00:02.2/driver/0000:00:03.4/driver/0000:00:02.1/subsystem/devices/0000:00:02.0/driver/0000:00:03.6 HTTP/1.1" 200 45438 "-" "Mozilla/5.0 (Linux; Android 6.0.1; Nexus 5X Build/MMB29P) AppleWebKit/537.36 (KHTML, like Gecko) Chrome/141.0.7390.122 Mobile Safari/537.36 (compatible; Googlebot/2.1; +http://www.google.com/bot.html)"
216.73.216.56 - - [18/Dec/2025:00:32:24 +0000] "GET /index.php?rest_route=%2Fwp%2Fv2%2Fposts%2F24426 HTTP/1.1" 200 5453 "-" "Mozilla/5.0 AppleWebKit/537.36 (KHTML, like Gecko; compatible; ClaudeBot/1.0; +claudebot@anthropic.com)"
57.141.0.54 - - [18/Dec/2025:00:32:24 +0000] "GET /2025/03/07/page/6/?path=//sys/class/pci_bus/0000:09/device/driver/0000:00:04.1/driver/0000:00:02.3/pci_bus/0000:05/subsystem/0000:01 HTTP/1.1" 200 262248 "-" "meta-externalagent/1.1 (+https://developers.facebook.com/docs/sharing/webmasters/crawler)"
198.244.183.193 - - [18/Dec/2025:00:32:26 +0000] "GET /?p=38852 HTTP/1.1" 200 43413 "-" "Mozilla/5.0 (compatible; AhrefsBot/7.0; +http://ahrefs.com/robot/)"
216.73.216.56 - - [18/Dec/2025:00:32:27 +0000] "GET /index.php?rest_route=%2Fwp%2Fv2%2Fposts%2F46231 HTTP/1.1" 200 5654 "-" "Mozilla/5.0 AppleWebKit/537.36 (KHTML, like Gecko; compatible; ClaudeBot/1.0; +claudebot@anthropic.com)"
66.249.77.98 - - [18/Dec/2025:00:32:27 +0000] "GET /?125791632?entity=0125306210 HTTP/1.1" 200 29821 "-" "Mozilla/5.0 (Linux; Android 6.0.1; Nexus 5X Build/MMB29P) AppleWebKit/537.36 (KHTML, like Gecko) Chrome/141.0.7390.122 Mobile Safari/537.36 (compatible; Googlebot/2.1; +http://www.google.com/bot.html)"
57.141.0.17 - - [18/Dec/2025:00:32:28 +0000] "GET /moneysense-self-help-guide-to-the-ideal-profile/?fileloc=//sys/class/pci_bus/0000:05/subsystem/0000:0b/subsystem/0000:0d/subsystem/0000:0e/device/numa_node&path=//sys/class/pci_bus/0000:05/subsystem/0000:0b/subsystem/0000:0d/subsystem/0000:0e/device HTTP/1.1" 200 262216 "-" "meta-externalagent/1.1 (+https://developers.facebook.com/docs/sharing/webmasters/crawler)"
216.73.216.56 - - [18/Dec/2025:00:32:30 +0000] "GET /index.php?rest_route=%2Fwp%2Fv2%2Fposts%2F17319 HTTP/1.1" 200 4702 "-" "Mozilla/5.0 AppleWebKit/537.36 (KHTML, like Gecko; compatible; ClaudeBot/1.0; +claudebot@anthropic.com)"
216.73.216.56 - - [18/Dec/2025:00:32:33 +0000] "GET /index.php?rest_route=%2Fwp%2Fv2%2Fposts%2F21441 HTTP/1.1" 200 8226 "-" "Mozilla/5.0 AppleWebKit/537.36 (KHTML, like Gecko; compatible; ClaudeBot/1.0; +claudebot@anthropic.com)"
57.141.0.42 - - [18/Dec/2025:00:32:35 +0000] "GET /2025/03/07/page/6/?path=//sys/class/pci_bus/0000:05/subsystem/0000:02/device/driver/0000:00:02.2/0000:04:00.0/subsystem/devices/0000:07:00.0/firmware_node HTTP/1.1" 200 262248 "-" "meta-externalagent/1.1 (+https://developers.facebook.com/docs/sharing/webmasters/crawler)"
57.141.0.4 - - [18/Dec/2025:00:32:35 +0000] "GET /2025/03/07/page/6/?fileloc=//sys/class/pci_bus/0000:07/subsystem/0000:01/subsystem/0000:12/device/0000:00:04.0:pcie002/subsystem/uevent&path=//sys/class/pci_bus/0000:07/subsystem/0000:01/subsystem/0000:12/device/0000:00:04.0:pcie002/subsystem HTTP/1.1" 200 262264 "-" "meta-externalagent/1.1 (+https://developers.facebook.com/docs/sharing/webmasters/crawler)"
216.73.216.56 - - [18/Dec/2025:00:32:36 +0000] "GET /index.php?rest_route=%2Fwp%2Fv2%2Fposts%2F29923 HTTP/1.1" 200 4371 "-" "Mozilla/5.0 AppleWebKit/537.36 (KHTML, like Gecko; compatible; ClaudeBot/1.0; +claudebot@anthropic.com)"
216.73.216.56 - - [18/Dec/2025:00:32:39 +0000] "GET /index.php?rest_route=%2Fwp%2Fv2%2Fposts%2F36303 HTTP/1.1" 200 6036 "-" "Mozilla/5.0 AppleWebKit/537.36 (KHTML, like Gecko; compatible; ClaudeBot/1.0; +claudebot@anthropic.com)"
216.73.216.56 - - [18/Dec/2025:00:32:42 +0000] "GET /index.php?rest_route=%2Fwp%2Fv2%2Fposts%2F9298 HTTP/1.1" 200 6452 "-" "Mozilla/5.0 AppleWebKit/537.36 (KHTML, like Gecko; compatible; ClaudeBot/1.0; +claudebot@anthropic.com)"
66.249.77.98 - - [18/Dec/2025:00:32:42 +0000] "GET /?fileloc=//sys/class/sound/card0/device/subsystem/devices/0000:00:02.2/driver/0000:00:03.4/driver/0000:00:02.1/subsystem/devices/0000:00:02.0/driver/0000:00:03.6/reset_subordinate&path=//sys/class/sound/card0/device/subsystem/devices/0000:00:02.2/driver/0000:00:03.4/driver/0000:00:02.1/subsystem/devices/0000:00:02.0/driver/0000:00:03.6 HTTP/1.1" 200 45438 "-" "Mozilla/5.0 (Linux; Android 6.0.1; Nexus 5X Build/MMB29P) AppleWebKit/537.36 (KHTML, like Gecko) Chrome/141.0.7390.122 Mobile Safari/537.36 (compatible; Googlebot/2.1; +http://www.google.com/bot.html)"
57.141.0.11 - - [18/Dec/2025:00:32:45 +0000] "GET /2025/03/13/?fileloc=//sys/class/pci_bus/0000:05/subsystem/0000:05/subsystem/0000:02/subsystem/0000:00/device/0000:00:02.6/consistent_dma_mask_bits&path=//sys/class/pci_bus/0000:05/subsystem/0000:05/subsystem/0000:02/subsystem/0000:00/device/0000:00:02.6 HTTP/1.1" 200 262264 "-" "meta-externalagent/1.1 (+https://developers.facebook.com/docs/sharing/webmasters/crawler)"
216.73.216.56 - - [18/Dec/2025:00:32:45 +0000] "GET /index.php?rest_route=%2Fwp%2Fv2%2Fposts%2F12317 HTTP/1.1" 200 4282 "-" "Mozilla/5.0 AppleWebKit/537.36 (KHTML, like Gecko; compatible; ClaudeBot/1.0; +claudebot@anthropic.com)"
57.141.0.45 - - [18/Dec/2025:00:32:45 +0000] "GET /karamba-spielsaal-erfahrungen-angeschlossen-testbericht-werfen-sie-einen-blick-auf-den-link-within-2025-pro-teutonia/?fileloc=//sys/class/pci_bus/0000:0b/subsystem/0000:0f/subsystem/0000:00/device/0000:00:02.7/local_cpulist&path=//sys/class/pci_bus/0000:0b/subsystem/0000:0f/subsystem/0000:00/device/0000:00:02.7 HTTP/1.1" 200 262209 "-" "meta-externalagent/1.1 (+https://developers.facebook.com/docs/sharing/webmasters/crawler)"
57.141.0.42 - - [18/Dec/2025:00:32:45 +0000] "GET /karamba-spielsaal-erfahrungen-angeschlossen-testbericht-werfen-sie-einen-blick-auf-den-link-within-2025-pro-teutonia/?path=//sys/class/pci_bus/0000:02/device/driver/0000:00:02.0/subsystem/devices/0000:00:03.0/subsystem/drivers/pcieport/0000:00:03.6/subsystem/devices HTTP/1.1" 200 262215 "-" "meta-externalagent/1.1 (+https://developers.facebook.com/docs/sharing/webmasters/crawler)"
216.73.216.56 - - [18/Dec/2025:00:32:48 +0000] "GET /index.php?rest_route=%2Fwp%2Fv2%2Fposts%2F9547 HTTP/1.1" 200 4236 "-" "Mozilla/5.0 AppleWebKit/537.36 (KHTML, like Gecko; compatible; ClaudeBot/1.0; +claudebot@anthropic.com)"
66.135.21.75 - - [18/Dec/2025:00:32:50 +0000] "POST /wp-cron.php?doing_wp_cron=1766017970.1488780975341796875000 HTTP/1.1" 200 31 "-" "WordPress/6.3.1; https://datainsightnow.com"
57.141.0.52 - - [18/Dec/2025:00:32:50 +0000] "GET /karamba-spielsaal-erfahrungen-angeschlossen-testbericht-werfen-sie-einen-blick-auf-den-link-within-2025-pro-teutonia/?fileloc=//sys/class/pci_bus/0000:0f/subsystem/0000:0b/subsystem/0000:0a/subsystem/0000:0d/subsystem/0000:09/power/runtime_status&path=//sys/class/pci_bus/0000:0f/subsystem/0000:0b/subsystem/0000:0a/subsystem/0000:0d/subsystem/0000:09/power HTTP/1.1" 200 262264 "-" "meta-externalagent/1.1 (+https://developers.facebook.com/docs/sharing/webmasters/crawler)"
57.141.0.51 - - [18/Dec/2025:00:32:52 +0000] "GET /2025/03/07/page/6/?path=//sys/class/pci_bus/0000:0d/subsystem/0000:00/subsystem/0000:09/device/0000:00:02.7:pcie002/driver/0000:00:03.1:pcie002/driver/0000:00:02.1:pcie002 HTTP/1.1" 200 262215 "-" "meta-externalagent/1.1 (+https://developers.facebook.com/docs/sharing/webmasters/crawler)"
57.141.0.15 - - [18/Dec/2025:00:32:52 +0000] "GET /2025/03/07/page/6/?fileloc=//sys/class/pci_bus/0000:09/subsystem/0000:11/subsystem/0000:11/device/driver/0000:00:03.5/aer_dev_fatal&path=//sys/class/pci_bus/0000:09/subsystem/0000:11/subsystem/0000:11/device/driver/0000:00:03.5 HTTP/1.1" 200 262216 "-" "meta-externalagent/1.1 (+https://developers.facebook.com/docs/sharing/webmasters/crawler)"
57.141.0.59 - - [18/Dec/2025:00:32:52 +0000] "GET /2025/03/07/page/6/?fileloc=//sys/class/pci_bus/0000:07/subsystem/0000:00/device/0000:00:03.1/firmware_node/physical_node/local_cpulist&path=//sys/class/pci_bus/0000:07/subsystem/0000:00/device/0000:00:03.1/firmware_node/physical_node HTTP/1.1" 200 262264 "-" "meta-externalagent/1.1 (+https://developers.facebook.com/docs/sharing/webmasters/crawler)"
57.141.0.7 - - [18/Dec/2025:00:32:53 +0000] "GET /karamba-spielsaal-erfahrungen-angeschlossen-testbericht-werfen-sie-einen-blick-auf-den-link-within-2025-pro-teutonia/?fileloc=//sys/class/pci_bus/0000:06/subsystem/0000:13/subsystem/0000:05/device/pci_bus/0000:05/device/driver/0000:00:02.4/msi_bus&path=//sys/class/pci_bus/0000:06/subsystem/0000:13/subsystem/0000:05/device/pci_bus/0000:05/device/driver/0000:00:02.4 HTTP/1.1" 200 262215 "-" "meta-externalagent/1.1 (+https://developers.facebook.com/docs/sharing/webmasters/crawler)"
216.73.216.56 - - [18/Dec/2025:00:32:54 +0000] "GET /index.php?rest_route=%2Fwp%2Fv2%2Fposts%2F19146 HTTP/1.1" 200 5269 "-" "Mozilla/5.0 AppleWebKit/537.36 (KHTML, like Gecko; compatible; ClaudeBot/1.0; +claudebot@anthropic.com)"
57.141.0.76 - - [18/Dec/2025:00:32:55 +0000] "GET /2025/03/06/page/39/?path=//sys/class/pci_bus/0000:01/subsystem/0000:02/device/0000:00:02.1:pcie001/driver/0000:00:04.1:pcie001/power HTTP/1.1" 200 262264 "-" "meta-externalagent/1.1 (+https://developers.facebook.com/docs/sharing/webmasters/crawler)"
57.141.0.16 - - [18/Dec/2025:00:32:56 +0000] "GET /2025/03/07/page/6/?fileloc=//sys/class/pci_bus/0000:03/subsystem/0000:01/device/driver/0000:00:02.2/subsystem/devices/0000:00:02.1/uevent&path=//sys/class/pci_bus/0000:03/subsystem/0000:01/device/driver/0000:00:02.2/subsystem/devices/0000:00:02.1 HTTP/1.1" 200 262264 "-" "meta-externalagent/1.1 (+https://developers.facebook.com/docs/sharing/webmasters/crawler)"
57.141.0.22 - - [18/Dec/2025:00:32:56 +0000] "GET /karamba-spielsaal-erfahrungen-angeschlossen-testbericht-werfen-sie-einen-blick-auf-den-link-within-2025-pro-teutonia/?fileloc=//sys/class/pci_bus/0000:06/subsystem/0000:0c/device/driver/0000:00:03.2/firmware_node/physical_node/subsystem/drivers/pcieport/0000:00:02.4/subsystem_device&path=//sys/class/pci_bus/0000:06/subsystem/0000:0c/device/driver/0000:00:03.2/firmware_node/physical_node/subsystem/drivers/pcieport/0000:00:02.4 HTTP/1.1" 200 262209 "-" "meta-externalagent/1.1 (+https://developers.facebook.com/docs/sharing/webmasters/crawler)"
216.73.216.56 - - [18/Dec/2025:00:32:57 +0000] "GET /index.php?rest_route=%2Fwp%2Fv2%2Fposts%2F11180 HTTP/1.1" 200 5718 "-" "Mozilla/5.0 AppleWebKit/537.36 (KHTML, like Gecko; compatible; ClaudeBot/1.0; +claudebot@anthropic.com)"
57.141.0.8 - - [18/Dec/2025:00:32:57 +0000] "GET /karamba-spielsaal-erfahrungen-angeschlossen-testbericht-werfen-sie-einen-blick-auf-den-link-within-2025-pro-teutonia/?path=//sys/class/pci_bus/0000:06/subsystem/0000:00/subsystem/0000:09/device/0000:09:00.0/subsystem/drivers/bochs-drm/0000:00:01.0 HTTP/1.1" 200 262215 "-" "meta-externalagent/1.1 (+https://developers.facebook.com/docs/sharing/webmasters/crawler)"
216.73.216.56 - - [18/Dec/2025:00:33:00 +0000] "GET /index.php?rest_route=%2Fwp%2Fv2%2Fposts%2F17461 HTTP/1.1" 200 4880 "-" "Mozilla/5.0 AppleWebKit/537.36 (KHTML, like Gecko; compatible; ClaudeBot/1.0; +claudebot@anthropic.com)"
66.249.77.99 - - [18/Dec/2025:00:33:00 +0000] "GET /?125787759?entity=0125302350 HTTP/1.1" 200 30769 "-" "Mozilla/5.0 (Linux; Android 6.0.1; Nexus 5X Build/MMB29P) AppleWebKit/537.36 (KHTML, like Gecko) Chrome/141.0.7390.122 Mobile Safari/537.36 (compatible; Googlebot/2.1; +http://www.google.com/bot.html)"
