57.141.0.48 - - [18/Dec/2025:01:22:14 +0000] "GET /2025/03/07/page/6/?fileloc=//sys/class/pci_bus/0000:0b/subsystem/0000:12/subsystem/0000:08/subsystem/0000:02/subsystem/0000:12/power/runtime_active_time&path=//sys/class/pci_bus/0000:0b/subsystem/0000:12/subsystem/0000:08/subsystem/0000:02/subsystem/0000:12/power HTTP/1.1" 200 262209 "-" "meta-externalagent/1.1 (+https://developers.facebook.com/docs/sharing/webmasters/crawler)"
217.182.195.140 - - [18/Dec/2025:01:22:15 +0000] "GET /?p=29871 HTTP/1.1" 200 42931 "-" "Mozilla/5.0 (compatible; MJ12bot/v1.4.8; http://mj12bot.com/)"
66.249.77.99 - - [18/Dec/2025:01:22:15 +0000] "GET /?fileloc=//sys/class/sound/card0/device/subsystem/devices/0000:00:02.4/driver/0000:00:02.2/driver/0000:00:03.4/consistent_dma_mask_bits&path=//sys/class/sound/card0/device/subsystem/devices/0000:00:02.4/driver/0000:00:02.2/driver/0000:00:03.4 HTTP/1.1" 200 45438 "-" "Mozilla/5.0 (Linux; Android 6.0.1; Nexus 5X Build/MMB29P) AppleWebKit/537.36 (KHTML, like Gecko) Chrome/141.0.7390.122 Mobile Safari/537.36 (compatible; Googlebot/2.1; +http://www.google.com/bot.html)"
57.141.0.11 - - [18/Dec/2025:01:22:15 +0000] "GET /2025/03/13/?path=//sys/class/pci_bus/0000:08/device/driver/0000:00:02.5/firmware_node/subsystem/devices/device:2f/power HTTP/1.1" 200 262264 "-" "meta-externalagent/1.1 (+https://developers.facebook.com/docs/sharing/webmasters/crawler)"
216.73.216.56 - - [18/Dec/2025:01:22:16 +0000] "GET /?p=32763 HTTP/1.1" 200 42324 "-" "Mozilla/5.0 AppleWebKit/537.36 (KHTML, like Gecko; compatible; ClaudeBot/1.0; +claudebot@anthropic.com)"
57.141.0.47 - - [18/Dec/2025:01:22:17 +0000] "GET /2025/03/06/page/39/?path=//sys/class/pci_bus/0000:0c/subsystem/0000:10/subsystem/0000:0a/subsystem/0000:0e HTTP/1.1" 200 262215 "-" "meta-externalagent/1.1 (+https://developers.facebook.com/docs/sharing/webmasters/crawler)"
57.141.0.32 - - [18/Dec/2025:01:22:19 +0000] "GET /karamba-spielsaal-erfahrungen-angeschlossen-testbericht-werfen-sie-einen-blick-auf-den-link-within-2025-pro-teutonia/?fileloc=//sys/class/pci_bus/0000:0b/subsystem/0000:0d/subsystem/0000:0f/device/driver/0000:00:03.3/driver/0000:00:02.7/aer_rootport_total_err_cor&path=//sys/class/pci_bus/0000:0b/subsystem/0000:0d/subsystem/0000:0f/device/driver/0000:00:03.3/driver/0000:00:02.7 HTTP/1.1" 200 262209 "-" "meta-externalagent/1.1 (+https://developers.facebook.com/docs/sharing/webmasters/crawler)"
216.73.216.56 - - [18/Dec/2025:01:22:19 +0000] "GET /?p=36275 HTTP/1.1" 200 43310 "-" "Mozilla/5.0 AppleWebKit/537.36 (KHTML, like Gecko; compatible; ClaudeBot/1.0; +claudebot@anthropic.com)"
217.182.195.140 - - [18/Dec/2025:01:22:19 +0000] "GET /?p=29873 HTTP/1.1" 200 43185 "-" "Mozilla/5.0 (compatible; MJ12bot/v1.4.8; http://mj12bot.com/)"
57.141.0.39 - - [18/Dec/2025:01:22:20 +0000] "GET /2025/03/07/page/6/?fileloc=//sys/class/pci_bus/0000:13/subsystem/0000:13/device/driver/0000:00:02.7/driver/0000:00:03.2/dma_mask_bits&path=//sys/class/pci_bus/0000:13/subsystem/0000:13/device/driver/0000:00:02.7/driver/0000:00:03.2 HTTP/1.1" 200 262264 "-" "meta-externalagent/1.1 (+https://developers.facebook.com/docs/sharing/webmasters/crawler)"
57.141.0.17 - - [18/Dec/2025:01:22:22 +0000] "GET /karamba-spielsaal-erfahrungen-angeschlossen-testbericht-werfen-sie-einen-blick-auf-den-link-within-2025-pro-teutonia/?fileloc=//sys/class/pci_bus/0000:06/subsystem/0000:10/subsystem/0000:0d/subsystem/0000:00/device/power/runtime_status&path=//sys/class/pci_bus/0000:06/subsystem/0000:10/subsystem/0000:0d/subsystem/0000:00/device/power HTTP/1.1" 200 262209 "-" "meta-externalagent/1.1 (+https://developers.facebook.com/docs/sharing/webmasters/crawler)"
57.141.0.79 - - [18/Dec/2025:01:22:22 +0000] "GET /karamba-spielsaal-erfahrungen-angeschlossen-testbericht-werfen-sie-einen-blick-auf-den-link-within-2025-pro-teutonia/?fileloc=//sys/class/pci_bus/0000:11/subsystem/0000:0d/subsystem/0000:0f/subsystem/0000:13/subsystem/0000:13/subsystem/0000:06/cpuaffinity&path=//sys/class/pci_bus/0000:11/subsystem/0000:0d/subsystem/0000:0f/subsystem/0000:13/subsystem/0000:13/subsystem/0000:06 HTTP/1.1" 200 262209 "-" "meta-externalagent/1.1 (+https://developers.facebook.com/docs/sharing/webmasters/crawler)"
216.73.216.56 - - [18/Dec/2025:01:22:22 +0000] "GET /?p=40041 HTTP/1.1" 200 42718 "-" "Mozilla/5.0 AppleWebKit/537.36 (KHTML, like Gecko; compatible; ClaudeBot/1.0; +claudebot@anthropic.com)"
57.141.0.3 - - [18/Dec/2025:01:22:23 +0000] "GET /2025/03/07/page/6/?fileloc=//sys/class/pci_bus/0000:03/subsystem/0000:09/subsystem/0000:03/subsystem/0000:0b/subsystem/0000:02/device/aer_dev_correctable&path=//sys/class/pci_bus/0000:03/subsystem/0000:09/subsystem/0000:03/subsystem/0000:0b/subsystem/0000:02/device HTTP/1.1" 200 262215 "-" "meta-externalagent/1.1 (+https://developers.facebook.com/docs/sharing/webmasters/crawler)"
57.141.0.5 - - [18/Dec/2025:01:22:23 +0000] "GET /2025/03/07/page/6/?path=//sys/class/pci_bus/0000:0b/subsystem/0000:12/subsystem/0000:0b/subsystem/0000:0d/subsystem/0000:02/device/pci_bus HTTP/1.1" 200 262264 "-" "meta-externalagent/1.1 (+https://developers.facebook.com/docs/sharing/webmasters/crawler)"
217.182.195.140 - - [18/Dec/2025:01:22:24 +0000] "GET /?p=29981 HTTP/1.1" 200 43750 "-" "Mozilla/5.0 (compatible; MJ12bot/v1.4.8; http://mj12bot.com/)"
216.73.216.56 - - [18/Dec/2025:01:22:25 +0000] "GET /?p=45870 HTTP/1.1" 200 43248 "-" "Mozilla/5.0 AppleWebKit/537.36 (KHTML, like Gecko; compatible; ClaudeBot/1.0; +claudebot@anthropic.com)"
57.141.0.46 - - [18/Dec/2025:01:22:27 +0000] "GET /2025/03/06/page/39/?fileloc=//sys/class/pci_bus/0000:0b/subsystem/0000:00/device/0000:00:02.0/driver/0000:00:03.3/subsystem_vendor&path=//sys/class/pci_bus/0000:0b/subsystem/0000:00/device/0000:00:02.0/driver/0000:00:03.3 HTTP/1.1" 200 262209 "-" "meta-externalagent/1.1 (+https://developers.facebook.com/docs/sharing/webmasters/crawler)"
216.73.216.56 - - [18/Dec/2025:01:22:28 +0000] "GET /?p=21589 HTTP/1.1" 200 42403 "-" "Mozilla/5.0 AppleWebKit/537.36 (KHTML, like Gecko; compatible; ClaudeBot/1.0; +claudebot@anthropic.com)"
217.182.195.140 - - [18/Dec/2025:01:22:29 +0000] "GET /?p=29983 HTTP/1.1" 200 42320 "-" "Mozilla/5.0 (compatible; MJ12bot/v1.4.8; http://mj12bot.com/)"
66.249.77.98 - - [18/Dec/2025:01:22:29 +0000] "GET /entity/76232249.htm HTTP/1.1" 200 29635 "-" "Mozilla/5.0 (Linux; Android 6.0.1; Nexus 5X Build/MMB29P) AppleWebKit/537.36 (KHTML, like Gecko) Chrome/141.0.7390.122 Mobile Safari/537.36 (compatible; Googlebot/2.1; +http://www.google.com/bot.html)"
216.73.216.56 - - [18/Dec/2025:01:22:31 +0000] "GET /?p=46619 HTTP/1.1" 200 41380 "-" "Mozilla/5.0 AppleWebKit/537.36 (KHTML, like Gecko; compatible; ClaudeBot/1.0; +claudebot@anthropic.com)"
217.182.195.140 - - [18/Dec/2025:01:22:33 +0000] "GET /?p=29985 HTTP/1.1" 200 43095 "-" "Mozilla/5.0 (compatible; MJ12bot/v1.4.8; http://mj12bot.com/)"
216.73.216.56 - - [18/Dec/2025:01:22:34 +0000] "GET /?p=40931 HTTP/1.1" 200 43020 "-" "Mozilla/5.0 AppleWebKit/537.36 (KHTML, like Gecko; compatible; ClaudeBot/1.0; +claudebot@anthropic.com)"
217.182.195.140 - - [18/Dec/2025:01:22:37 +0000] "GET /?p=29987 HTTP/1.1" 200 42757 "-" "Mozilla/5.0 (compatible; MJ12bot/v1.4.8; http://mj12bot.com/)"
57.141.0.18 - - [18/Dec/2025:01:22:38 +0000] "GET /2025/03/07/page/6/?fileloc=//sys/class/pci_bus/0000:06/subsystem/0000:02/subsystem/0000:11/device/driver/0000:00:02.5/driver/0000:00:03.2/driver/0000:00:03.0/subordinate_bus_number&path=//sys/class/pci_bus/0000:06/subsystem/0000:02/subsystem/0000:11/device/driver/0000:00:02.5/driver/0000:00:03.2/driver/0000:00:03.0 HTTP/1.1" 200 262209 "-" "meta-externalagent/1.1 (+https://developers.facebook.com/docs/sharing/webmasters/crawler)"
57.141.0.57 - - [18/Dec/2025:01:22:39 +0000] "GET /2025/03/06/page/39/?fileloc=//sys/class/pci_bus/0000:02/subsystem/0000:03/subsystem/0000:01/subsystem/0000:05/uevent&path=//sys/class/pci_bus/0000:02/subsystem/0000:03/subsystem/0000:01/subsystem/0000:05 HTTP/1.1" 200 262209 "-" "meta-externalagent/1.1 (+https://developers.facebook.com/docs/sharing/webmasters/crawler)"
57.141.0.69 - - [18/Dec/2025:01:22:40 +0000] "GET /2025/03/07/page/6/?path=//sys/class/pci_bus/0000:05/subsystem/0000:06/subsystem/0000:12/subsystem/0000:00/device/0000:00:04.1/driver/0000:00:03.1/pci_bus HTTP/1.1" 200 262248 "-" "meta-externalagent/1.1 (+https://developers.facebook.com/docs/sharing/webmasters/crawler)"
216.73.216.56 - - [18/Dec/2025:01:22:41 +0000] "GET /?p=39313 HTTP/1.1" 200 41463 "-" "Mozilla/5.0 AppleWebKit/537.36 (KHTML, like Gecko; compatible; ClaudeBot/1.0; +claudebot@anthropic.com)"
217.182.195.140 - - [18/Dec/2025:01:22:41 +0000] "GET /?p=29989 HTTP/1.1" 200 44819 "-" "Mozilla/5.0 (compatible; MJ12bot/v1.4.8; http://mj12bot.com/)"
216.73.216.56 - - [18/Dec/2025:01:22:43 +0000] "GET /?p=31973 HTTP/1.1" 200 44330 "-" "Mozilla/5.0 AppleWebKit/537.36 (KHTML, like Gecko; compatible; ClaudeBot/1.0; +claudebot@anthropic.com)"
216.73.216.56 - - [18/Dec/2025:01:22:46 +0000] "GET /?p=27315 HTTP/1.1" 200 42394 "-" "Mozilla/5.0 AppleWebKit/537.36 (KHTML, like Gecko; compatible; ClaudeBot/1.0; +claudebot@anthropic.com)"
217.182.195.140 - - [18/Dec/2025:01:22:46 +0000] "GET /?p=30035 HTTP/1.1" 200 40875 "-" "Mozilla/5.0 (compatible; MJ12bot/v1.4.8; http://mj12bot.com/)"
57.141.0.31 - - [18/Dec/2025:01:22:48 +0000] "GET /karamba-spielsaal-erfahrungen-angeschlossen-testbericht-werfen-sie-einen-blick-auf-den-link-within-2025-pro-teutonia/?fileloc=//sys/class/pci_bus/0000:06/subsystem/0000:01/subsystem/0000:0b/device/driver/0000:00:03.2/driver/0000:00:04.1/subsystem_vendor&path=//sys/class/pci_bus/0000:06/subsystem/0000:01/subsystem/0000:0b/device/driver/0000:00:03.2/driver/0000:00:04.1 HTTP/1.1" 200 262209 "-" "meta-externalagent/1.1 (+https://developers.facebook.com/docs/sharing/webmasters/crawler)"
216.73.216.56 - - [18/Dec/2025:01:22:49 +0000] "GET /?p=31513 HTTP/1.1" 200 40985 "-" "Mozilla/5.0 AppleWebKit/537.36 (KHTML, like Gecko; compatible; ClaudeBot/1.0; +claudebot@anthropic.com)"
57.141.0.27 - - [18/Dec/2025:01:22:49 +0000] "GET /2025/03/07/page/6/?fileloc=//sys/class/pci_bus/0000:10/subsystem/0000:0c/subsystem/0000:12/device/driver/0000:00:03.0/driver/0000:00:02.7/max_link_width&path=//sys/class/pci_bus/0000:10/subsystem/0000:0c/subsystem/0000:12/device/driver/0000:00:03.0/driver/0000:00:02.7 HTTP/1.1" 200 262264 "-" "meta-externalagent/1.1 (+https://developers.facebook.com/docs/sharing/webmasters/crawler)"
57.141.0.38 - - [18/Dec/2025:01:22:50 +0000] "GET /karamba-spielsaal-erfahrungen-angeschlossen-testbericht-werfen-sie-einen-blick-auf-den-link-within-2025-pro-teutonia/?fileloc=//sys/class/pci_bus/0000:0b/subsystem/0000:0f/device/driver/0000:00:02.0/driver/0000:00:02.6/current_link_speed&path=//sys/class/pci_bus/0000:0b/subsystem/0000:0f/device/driver/0000:00:02.0/driver/0000:00:02.6 HTTP/1.1" 200 262264 "-" "meta-externalagent/1.1 (+https://developers.facebook.com/docs/sharing/webmasters/crawler)"
66.135.21.75 - - [18/Dec/2025:01:22:50 +0000] "POST /wp-cron.php?doing_wp_cron=1766020970.7528131008148193359375 HTTP/1.1" 200 31 "-" "WordPress/6.3.1; https://datainsightnow.com"
217.182.195.140 - - [18/Dec/2025:01:22:50 +0000] "GET /?p=30037 HTTP/1.1" 200 41855 "-" "Mozilla/5.0 (compatible; MJ12bot/v1.4.8; http://mj12bot.com/)"
216.73.216.56 - - [18/Dec/2025:01:22:52 +0000] "GET /?p=16554 HTTP/1.1" 200 43915 "-" "Mozilla/5.0 AppleWebKit/537.36 (KHTML, like Gecko; compatible; ClaudeBot/1.0; +claudebot@anthropic.com)"
57.141.0.8 - - [18/Dec/2025:01:22:53 +0000] "GET /karamba-spielsaal-erfahrungen-angeschlossen-testbericht-werfen-sie-einen-blick-auf-den-link-within-2025-pro-teutonia/?path=//sys/class/pci_bus/0000:06/subsystem/0000:0f/subsystem/0000:08/subsystem/0000:04/subsystem/0000:12/subsystem HTTP/1.1" 200 262264 "-" "meta-externalagent/1.1 (+https://developers.facebook.com/docs/sharing/webmasters/crawler)"
57.141.0.29 - - [18/Dec/2025:01:22:54 +0000] "GET /karamba-spielsaal-erfahrungen-angeschlossen-testbericht-werfen-sie-einen-blick-auf-den-link-within-2025-pro-teutonia/?fileloc=//sys/class/pci_bus/0000:09/subsystem/0000:0d/subsystem/0000:0d/subsystem/0000:13/device/driver/0000:00:02.3/aer_dev_nonfatal&path=//sys/class/pci_bus/0000:09/subsystem/0000:0d/subsystem/0000:0d/subsystem/0000:13/device/driver/0000:00:02.3 HTTP/1.1" 200 262209 "-" "meta-externalagent/1.1 (+https://developers.facebook.com/docs/sharing/webmasters/crawler)"
216.73.216.56 - - [18/Dec/2025:01:22:55 +0000] "GET /?p=26402 HTTP/1.1" 200 41415 "-" "Mozilla/5.0 AppleWebKit/537.36 (KHTML, like Gecko; compatible; ClaudeBot/1.0; +claudebot@anthropic.com)"
217.182.195.140 - - [18/Dec/2025:01:22:55 +0000] "GET /?p=30043 HTTP/1.1" 200 41834 "-" "Mozilla/5.0 (compatible; MJ12bot/v1.4.8; http://mj12bot.com/)"
57.141.0.65 - - [18/Dec/2025:01:22:55 +0000] "GET /karamba-spielsaal-erfahrungen-angeschlossen-testbericht-werfen-sie-einen-blick-auf-den-link-within-2025-pro-teutonia/?fileloc=//sys/class/pci_bus/0000:0d/subsystem/0000:01/device/driver/0000:00:02.0/driver/0000:00:02.4/driver_override&path=//sys/class/pci_bus/0000:0d/subsystem/0000:01/device/driver/0000:00:02.0/driver/0000:00:02.4 HTTP/1.1" 200 262255 "-" "meta-externalagent/1.1 (+https://developers.facebook.com/docs/sharing/webmasters/crawler)"
216.73.216.56 - - [18/Dec/2025:01:22:58 +0000] "GET /?p=29717 HTTP/1.1" 200 40707 "-" "Mozilla/5.0 AppleWebKit/537.36 (KHTML, like Gecko; compatible; ClaudeBot/1.0; +claudebot@anthropic.com)"
57.141.0.33 - - [18/Dec/2025:01:22:58 +0000] "GET /2025/03/07/page/6/?fileloc=//sys/class/pci_bus/0000:01/subsystem/0000:00/device/0000:00:02.1/driver/0000:00:03.7/power/wakeup_active_count&path=//sys/class/pci_bus/0000:01/subsystem/0000:00/device/0000:00:02.1/driver/0000:00:03.7/power HTTP/1.1" 200 262264 "-" "meta-externalagent/1.1 (+https://developers.facebook.com/docs/sharing/webmasters/crawler)"
66.249.77.98 - - [18/Dec/2025:01:22:59 +0000] "GET /?472666198?entity=0470841490 HTTP/1.1" 200 29630 "-" "Mozilla/5.0 (Linux; Android 6.0.1; Nexus 5X Build/MMB29P) AppleWebKit/537.36 (KHTML, like Gecko) Chrome/141.0.7390.122 Mobile Safari/537.36 (compatible; Googlebot/2.1; +http://www.google.com/bot.html)"
57.141.0.52 - - [18/Dec/2025:01:22:59 +0000] "GET /karamba-spielsaal-erfahrungen-angeschlossen-testbericht-werfen-sie-einen-blick-auf-den-link-within-2025-pro-teutonia/?path=//sys/class/pci_bus/0000:0e/subsystem/0000:01/device/0000:00:02.0:pcie001/driver/0000:00:03.1:pcie001/driver/0000:00:03.2:pcie001/subsystem/devices/0000:00:02.4:pcie002 HTTP/1.1" 200 262216 "-" "meta-externalagent/1.1 (+https://developers.facebook.com/docs/sharing/webmasters/crawler)"
57.141.0.43 - - [18/Dec/2025:01:23:00 +0000] "GET /2025/03/07/page/6/?fileloc=//sys/class/pci_bus/0000:12/subsystem/0000:00/device/0000:00:03.0/driver/0000:00:04.1/driver/0000:00:02.0/current_link_width&path=//sys/class/pci_bus/0000:12/subsystem/0000:00/device/0000:00:03.0/driver/0000:00:04.1/driver/0000:00:02.0 HTTP/1.1" 200 262209 "-" "meta-externalagent/1.1 (+https://developers.facebook.com/docs/sharing/webmasters/crawler)"
217.182.195.140 - - [18/Dec/2025:01:23:00 +0000] "GET /?p=30421 HTTP/1.1" 200 43989 "-" "Mozilla/5.0 (compatible; MJ12bot/v1.4.8; http://mj12bot.com/)"
216.73.216.56 - - [18/Dec/2025:01:23:01 +0000] "GET /?p=24797 HTTP/1.1" 200 42393 "-" "Mozilla/5.0 AppleWebKit/537.36 (KHTML, like Gecko; compatible; ClaudeBot/1.0; +claudebot@anthropic.com)"
57.141.0.68 - - [18/Dec/2025:01:23:01 +0000] "GET /2025/03/07/page/6/?path=//sys/class/pci_bus/0000:05/subsystem/0000:02/subsystem/0000:08/subsystem/0000:0d/device/driver/0000:00:03.0/msi_irqs HTTP/1.1" 200 262264 "-" "meta-externalagent/1.1 (+https://developers.facebook.com/docs/sharing/webmasters/crawler)"
217.182.195.140 - - [18/Dec/2025:01:23:04 +0000] "GET /?p=31495 HTTP/1.1" 200 43434 "-" "Mozilla/5.0 (compatible; MJ12bot/v1.4.8; http://mj12bot.com/)"
216.73.216.56 - - [18/Dec/2025:01:23:04 +0000] "GET /?p=34923 HTTP/1.1" 200 42716 "-" "Mozilla/5.0 AppleWebKit/537.36 (KHTML, like Gecko; compatible; ClaudeBot/1.0; +claudebot@anthropic.com)"
216.73.216.56 - - [18/Dec/2025:01:23:07 +0000] "GET /?p=39392 HTTP/1.1" 200 41837 "-" "Mozilla/5.0 AppleWebKit/537.36 (KHTML, like Gecko; compatible; ClaudeBot/1.0; +claudebot@anthropic.com)"
66.249.77.98 - - [18/Dec/2025:01:23:07 +0000] "GET /?fileloc=//sys/class/sound/card0/device/subsystem/devices/0000:00:02.2/driver/0000:00:03.4/driver/0000:00:02.1/subsystem/devices/0000:00:1b.0/consistent_dma_mask_bits&path=//sys/class/sound/card0/device/subsystem/devices/0000:00:02.2/driver/0000:00:03.4/driver/0000:00:02.1/subsystem/devices/0000:00:1b.0 HTTP/1.1" 200 45438 "-" "Mozilla/5.0 (Linux; Android 6.0.1; Nexus 5X Build/MMB29P) AppleWebKit/537.36 (KHTML, like Gecko) Chrome/141.0.7390.122 Mobile Safari/537.36 (compatible; Googlebot/2.1; +http://www.google.com/bot.html)"
57.141.0.79 - - [18/Dec/2025:01:23:08 +0000] "GET /2025/03/07/page/6/?fileloc=//sys/class/pci_bus/0000:09/subsystem/0000:01/subsystem/0000:05/subsystem/0000:0f/power/async&path=//sys/class/pci_bus/0000:09/subsystem/0000:01/subsystem/0000:05/subsystem/0000:0f/power HTTP/1.1" 200 262215 "-" "meta-externalagent/1.1 (+https://developers.facebook.com/docs/sharing/webmasters/crawler)"
57.141.0.25 - - [18/Dec/2025:01:23:08 +0000] "GET /karamba-spielsaal-erfahrungen-angeschlossen-testbericht-werfen-sie-einen-blick-auf-den-link-within-2025-pro-teutonia/?path=//sys/class/pci_bus/0000:08/device/driver/0000:00:02.4/driver/0000:00:02.4/0000:06:00.0/subsystem HTTP/1.1" 200 262264 "-" "meta-externalagent/1.1 (+https://developers.facebook.com/docs/sharing/webmasters/crawler)"
217.182.195.140 - - [18/Dec/2025:01:23:08 +0000] "GET /?p=31503 HTTP/1.1" 200 43489 "-" "Mozilla/5.0 (compatible; MJ12bot/v1.4.8; http://mj12bot.com/)"
57.141.0.5 - - [18/Dec/2025:01:23:10 +0000] "GET /2025/03/07/page/6/?path=//sys/class/pci_bus/0000:05/subsystem/0000:00/subsystem/0000:0a/subsystem/0000:0e/subsystem/0000:06/power HTTP/1.1" 200 262264 "-" "meta-externalagent/1.1 (+https://developers.facebook.com/docs/sharing/webmasters/crawler)"
216.73.216.56 - - [18/Dec/2025:01:23:10 +0000] "GET /?p=18698 HTTP/1.1" 200 42864 "-" "Mozilla/5.0 AppleWebKit/537.36 (KHTML, like Gecko; compatible; ClaudeBot/1.0; +claudebot@anthropic.com)"
57.141.0.17 - - [18/Dec/2025:01:23:11 +0000] "GET /2025/03/06/page/39/?path=//sys/class/pci_bus/0000:01/subsystem/0000:02/device/driver/0000:00:02.6/firmware_node/device:2f/subsystem/devices/device:00 HTTP/1.1" 200 262264 "-" "meta-externalagent/1.1 (+https://developers.facebook.com/docs/sharing/webmasters/crawler)"
217.182.195.140 - - [18/Dec/2025:01:23:12 +0000] "GET /?p=31545 HTTP/1.1" 200 41005 "-" "Mozilla/5.0 (compatible; MJ12bot/v1.4.8; http://mj12bot.com/)"
216.73.216.56 - - [18/Dec/2025:01:23:13 +0000] "GET /?p=41975 HTTP/1.1" 200 40926 "-" "Mozilla/5.0 AppleWebKit/537.36 (KHTML, like Gecko; compatible; ClaudeBot/1.0; +claudebot@anthropic.com)"
216.73.216.56 - - [18/Dec/2025:01:23:16 +0000] "GET /?p=31925 HTTP/1.1" 200 47591 "-" "Mozilla/5.0 AppleWebKit/537.36 (KHTML, like Gecko; compatible; ClaudeBot/1.0; +claudebot@anthropic.com)"
217.182.195.140 - - [18/Dec/2025:01:23:16 +0000] "GET /?p=31547 HTTP/1.1" 200 41243 "-" "Mozilla/5.0 (compatible; MJ12bot/v1.4.8; http://mj12bot.com/)"
66.249.77.98 - - [18/Dec/2025:01:23:16 +0000] "GET /?path=//sys/class/sound/card0/device/subsystem/devices/0000:00:02.2/subsystem/devices/0000:00:03.4/driver/0000:00:02.1/driver/0000:00:02.5/0000:00:02.5:pcie010/subsystem/drivers/aer/0000:00:02.0:pcie002/subsystem HTTP/1.1" 200 45438 "-" "Mozilla/5.0 (Linux; Android 6.0.1; Nexus 5X Build/MMB29P) AppleWebKit/537.36 (KHTML, like Gecko) Chrome/141.0.7390.122 Mobile Safari/537.36 (compatible; Googlebot/2.1; +http://www.google.com/bot.html)"
57.141.0.18 - - [18/Dec/2025:01:23:18 +0000] "GET /2025/03/07/page/6/?path=//sys/class/pci_bus/0000:05/subsystem/0000:02/subsystem/0000:05/subsystem/0000:0b/subsystem/0000:11/subsystem/0000:05 HTTP/1.1" 200 262264 "-" "meta-externalagent/1.1 (+https://developers.facebook.com/docs/sharing/webmasters/crawler)"
217.182.195.140 - - [18/Dec/2025:01:23:21 +0000] "GET /?p=31549 HTTP/1.1" 200 42166 "-" "Mozilla/5.0 (compatible; MJ12bot/v1.4.8; http://mj12bot.com/)"
216.73.216.56 - - [18/Dec/2025:01:23:21 +0000] "GET /?p=46341 HTTP/1.1" 200 43497 "-" "Mozilla/5.0 AppleWebKit/537.36 (KHTML, like Gecko; compatible; ClaudeBot/1.0; +claudebot@anthropic.com)"
52.167.144.211 - - [18/Dec/2025:01:23:21 +0000] "GET /usm_0.66_1.00_0.01/?fileloc=/proc/sysrq-trigger&path=/proc HTTP/1.1" 200 45436 "-" "Mozilla/5.0 AppleWebKit/537.36 (KHTML, like Gecko; compatible; bingbot/2.0; +http://www.bing.com/bingbot.htm) Chrome/116.0.1938.76 Safari/537.36"
52.167.144.211 - - [18/Dec/2025:01:23:23 +0000] "GET /AmazonEmber/?path=/sys/module/btrfs HTTP/1.1" 200 29779 "-" "Mozilla/5.0 AppleWebKit/537.36 (KHTML, like Gecko; compatible; bingbot/2.0; +http://www.bing.com/bingbot.htm) Chrome/116.0.1938.76 Safari/537.36"
216.73.216.56 - - [18/Dec/2025:01:23:23 +0000] "GET /?p=46321 HTTP/1.1" 200 44430 "-" "Mozilla/5.0 AppleWebKit/537.36 (KHTML, like Gecko; compatible; ClaudeBot/1.0; +claudebot@anthropic.com)"
217.182.195.140 - - [18/Dec/2025:01:23:24 +0000] "GET /?p=31551 HTTP/1.1" 200 41500 "-" "Mozilla/5.0 (compatible; MJ12bot/v1.4.8; http://mj12bot.com/)"
216.73.216.56 - - [18/Dec/2025:01:23:26 +0000] "GET /?p=23681 HTTP/1.1" 200 43628 "-" "Mozilla/5.0 AppleWebKit/537.36 (KHTML, like Gecko; compatible; ClaudeBot/1.0; +claudebot@anthropic.com)"
57.141.0.27 - - [18/Dec/2025:01:23:27 +0000] "GET /karamba-spielsaal-erfahrungen-angeschlossen-testbericht-werfen-sie-einen-blick-auf-den-link-within-2025-pro-teutonia/?fileloc=//sys/class/pci_bus/0000:06/subsystem/0000:0b/subsystem/0000:12/subsystem/0000:00/subsystem/0000:07/device/uevent&path=//sys/class/pci_bus/0000:06/subsystem/0000:0b/subsystem/0000:12/subsystem/0000:00/subsystem/0000:07/device HTTP/1.1" 200 262248 "-" "meta-externalagent/1.1 (+https://developers.facebook.com/docs/sharing/webmasters/crawler)"
217.182.195.140 - - [18/Dec/2025:01:23:28 +0000] "GET /?p=31555 HTTP/1.1" 200 41215 "-" "Mozilla/5.0 (compatible; MJ12bot/v1.4.8; http://mj12bot.com/)"
216.73.216.56 - - [18/Dec/2025:01:23:29 +0000] "GET /?p=45868 HTTP/1.1" 200 41317 "-" "Mozilla/5.0 AppleWebKit/537.36 (KHTML, like Gecko; compatible; ClaudeBot/1.0; +claudebot@anthropic.com)"
114.119.145.154 - - [18/Dec/2025:01:23:31 +0000] "GET /zodiac-kasino-erfahrungen-2024-480-bonus-80-freispiele/?path=//sys/dev/char/4:80/subsystem/ttyS23/subsystem/ttyS5 HTTP/1.1" 200 45438 "https://datainsightnow.com/zodiac-kasino-erfahrungen-2024-480-bonus-80-freispiele/?path=//sys/dev/char/4%3A80/subsystem/ttyS23/subsystem" "Mozilla/5.0 (Linux; Android 7.0;) AppleWebKit/537.36 (KHTML, like Gecko) Mobile Safari/537.36 (compatible; PetalBot;+https://webmaster.petalsearch.com/site/petalbot)"
57.141.0.69 - - [18/Dec/2025:01:23:31 +0000] "GET /2025/03/07/page/6/?fileloc=//sys/class/pci_bus/0000:0a/device/driver/0000:00:02.4/driver/0000:00:02.1/driver/0000:00:02.4/resource0&path=//sys/class/pci_bus/0000:0a/device/driver/0000:00:02.4/driver/0000:00:02.1/driver/0000:00:02.4 HTTP/1.1" 200 262215 "-" "meta-externalagent/1.1 (+https://developers.facebook.com/docs/sharing/webmasters/crawler)"
217.182.195.140 - - [18/Dec/2025:01:23:32 +0000] "GET /?p=31557 HTTP/1.1" 200 40495 "-" "Mozilla/5.0 (compatible; MJ12bot/v1.4.8; http://mj12bot.com/)"
216.73.216.56 - - [18/Dec/2025:01:23:32 +0000] "GET /?p=47651 HTTP/1.1" 200 43103 "-" "Mozilla/5.0 AppleWebKit/537.36 (KHTML, like Gecko; compatible; ClaudeBot/1.0; +claudebot@anthropic.com)"
57.141.0.52 - - [18/Dec/2025:01:23:34 +0000] "GET /karamba-spielsaal-erfahrungen-angeschlossen-testbericht-werfen-sie-einen-blick-auf-den-link-within-2025-pro-teutonia/?fileloc=//sys/class/pci_bus/0000:06/subsystem/0000:00/device/0000:00:02.4/driver/0000:00:03.4/power/wakeup_last_time_ms&path=//sys/class/pci_bus/0000:06/subsystem/0000:00/device/0000:00:02.4/driver/0000:00:03.4/power HTTP/1.1" 200 262209 "-" "meta-externalagent/1.1 (+https://developers.facebook.com/docs/sharing/webmasters/crawler)"
216.73.216.56 - - [18/Dec/2025:01:23:35 +0000] "GET /?p=21959 HTTP/1.1" 200 42994 "-" "Mozilla/5.0 AppleWebKit/537.36 (KHTML, like Gecko; compatible; ClaudeBot/1.0; +claudebot@anthropic.com)"
57.141.0.4 - - [18/Dec/2025:01:23:36 +0000] "GET /2025/03/07/page/6/?path=//sys/class/pci_bus/0000:05/subsystem/0000:0b/subsystem/0000:0d/device/driver/0000:00:03.6/subsystem/slots/0-9 HTTP/1.1" 200 262264 "-" "meta-externalagent/1.1 (+https://developers.facebook.com/docs/sharing/webmasters/crawler)"
217.182.195.140 - - [18/Dec/2025:01:23:36 +0000] "GET /?p=31559 HTTP/1.1" 200 43600 "-" "Mozilla/5.0 (compatible; MJ12bot/v1.4.8; http://mj12bot.com/)"
57.141.0.25 - - [18/Dec/2025:01:23:37 +0000] "GET /karamba-spielsaal-erfahrungen-angeschlossen-testbericht-werfen-sie-einen-blick-auf-den-link-within-2025-pro-teutonia/?path=//sys/class/pci_bus/0000:06/subsystem/0000:00/subsystem/0000:07/device/driver/0000:00:03.3/msi_irqs HTTP/1.1" 200 262264 "-" "meta-externalagent/1.1 (+https://developers.facebook.com/docs/sharing/webmasters/crawler)"
216.73.216.56 - - [18/Dec/2025:01:23:38 +0000] "GET /?p=37234 HTTP/1.1" 200 41924 "-" "Mozilla/5.0 AppleWebKit/537.36 (KHTML, like Gecko; compatible; ClaudeBot/1.0; +claudebot@anthropic.com)"
217.182.195.140 - - [18/Dec/2025:01:23:40 +0000] "GET /?p=31561 HTTP/1.1" 200 42728 "-" "Mozilla/5.0 (compatible; MJ12bot/v1.4.8; http://mj12bot.com/)"
216.73.216.56 - - [18/Dec/2025:01:23:41 +0000] "GET /?p=27459 HTTP/1.1" 200 43748 "-" "Mozilla/5.0 AppleWebKit/537.36 (KHTML, like Gecko; compatible; ClaudeBot/1.0; +claudebot@anthropic.com)"
66.249.77.99 - - [18/Dec/2025:01:23:42 +0000] "GET /?fileloc=//sys/class/sound/card0/device/subsystem/devices/0000:00:02.2/driver/0000:00:03.4/driver/0000:00:02.6/driver/0000:00:03.0/subsystem/devices/0000:00:03.4/driver/0000:00:03.7/driver/0000:00:04.1/driver/0000:00:03.0/numa_node&path=//sys/class/sound/card0/device/subsystem/devices/0000:00:02.2/driver/0000:00:03.4/driver/0000:00:02.6/driver/0000:00:03.0/subsystem/devices/0000:00:03.4/driver/0000:00:03.7/driver/0000:00:04.1/driver/0000:00:03.0 HTTP/1.1" 200 45438 "-" "Mozilla/5.0 (Linux; Android 6.0.1; Nexus 5X Build/MMB29P) AppleWebKit/537.36 (KHTML, like Gecko) Chrome/141.0.7390.122 Mobile Safari/537.36 (compatible; Googlebot/2.1; +http://www.google.com/bot.html)"
57.141.0.21 - - [18/Dec/2025:01:23:43 +0000] "GET /2025/03/07/page/6/?fileloc=//sys/class/pci_bus/0000:05/subsystem/0000:09/subsystem/0000:0d/subsystem/0000:00/subsystem/0000:0e/device/consistent_dma_mask_bits&path=//sys/class/pci_bus/0000:05/subsystem/0000:09/subsystem/0000:0d/subsystem/0000:00/subsystem/0000:0e/device HTTP/1.1" 200 262248 "-" "meta-externalagent/1.1 (+https://developers.facebook.com/docs/sharing/webmasters/crawler)"
217.182.195.140 - - [18/Dec/2025:01:23:44 +0000] "GET /?p=31563 HTTP/1.1" 200 42198 "-" "Mozilla/5.0 (compatible; MJ12bot/v1.4.8; http://mj12bot.com/)"
216.73.216.56 - - [18/Dec/2025:01:23:44 +0000] "GET /?p=38426 HTTP/1.1" 200 43876 "-" "Mozilla/5.0 AppleWebKit/537.36 (KHTML, like Gecko; compatible; ClaudeBot/1.0; +claudebot@anthropic.com)"
216.73.216.56 - - [18/Dec/2025:01:23:47 +0000] "GET /?p=14960 HTTP/1.1" 200 42629 "-" "Mozilla/5.0 AppleWebKit/537.36 (KHTML, like Gecko; compatible; ClaudeBot/1.0; +claudebot@anthropic.com)"
217.182.195.140 - - [18/Dec/2025:01:23:48 +0000] "GET /?p=31565 HTTP/1.1" 200 42780 "-" "Mozilla/5.0 (compatible; MJ12bot/v1.4.8; http://mj12bot.com/)"
198.244.226.128 - - [18/Dec/2025:01:23:48 +0000] "GET /?p=36843 HTTP/1.1" 200 42998 "-" "Mozilla/5.0 (compatible; AhrefsBot/7.0; +http://ahrefs.com/robot/)"
66.135.21.75 - - [18/Dec/2025:01:23:50 +0000] "POST /wp-cron.php?doing_wp_cron=1766021030.5377240180969238281250 HTTP/1.1" 200 31 "-" "WordPress/6.3.1; https://datainsightnow.com"
216.73.216.56 - - [18/Dec/2025:01:23:50 +0000] "GET /?p=24535 HTTP/1.1" 200 42735 "-" "Mozilla/5.0 AppleWebKit/537.36 (KHTML, like Gecko; compatible; ClaudeBot/1.0; +claudebot@anthropic.com)"
66.249.77.98 - - [18/Dec/2025:01:23:52 +0000] "GET /?fileloc=//sys/class/sound/card0/device/subsystem/devices/0000:00:02.2/driver/0000:00:03.4/driver/0000:00:02.1/subsystem/devices/0000:00:1b.0/local_cpus&path=//sys/class/sound/card0/device/subsystem/devices/0000:00:02.2/driver/0000:00:03.4/driver/0000:00:02.1/subsystem/devices/0000:00:1b.0 HTTP/1.1" 200 45438 "-" "Mozilla/5.0 (Linux; Android 6.0.1; Nexus 5X Build/MMB29P) AppleWebKit/537.36 (KHTML, like Gecko) Chrome/141.0.7390.122 Mobile Safari/537.36 (compatible; Googlebot/2.1; +http://www.google.com/bot.html)"
217.182.195.140 - - [18/Dec/2025:01:23:52 +0000] "GET /?p=31567 HTTP/1.1" 200 42443 "-" "Mozilla/5.0 (compatible; MJ12bot/v1.4.8; http://mj12bot.com/)"
216.73.216.56 - - [18/Dec/2025:01:23:53 +0000] "GET /?m=20240624 HTTP/1.1" 200 34385 "-" "Mozilla/5.0 AppleWebKit/537.36 (KHTML, like Gecko; compatible; ClaudeBot/1.0; +claudebot@anthropic.com)"
217.182.195.140 - - [18/Dec/2025:01:23:56 +0000] "GET /?p=31615 HTTP/1.1" 200 41345 "-" "Mozilla/5.0 (compatible; MJ12bot/v1.4.8; http://mj12bot.com/)"
216.73.216.56 - - [18/Dec/2025:01:23:56 +0000] "GET /?p=32301 HTTP/1.1" 200 43652 "-" "Mozilla/5.0 AppleWebKit/537.36 (KHTML, like Gecko; compatible; ClaudeBot/1.0; +claudebot@anthropic.com)"
216.73.216.56 - - [18/Dec/2025:01:23:59 +0000] "GET /?p=21315 HTTP/1.1" 200 41997 "-" "Mozilla/5.0 AppleWebKit/537.36 (KHTML, like Gecko; compatible; ClaudeBot/1.0; +claudebot@anthropic.com)"
217.182.195.140 - - [18/Dec/2025:01:24:00 +0000] "GET /?p=31617 HTTP/1.1" 200 42615 "-" "Mozilla/5.0 (compatible; MJ12bot/v1.4.8; http://mj12bot.com/)"
66.249.77.100 - - [18/Dec/2025:01:24:01 +0000] "GET /?fileloc=//sys/class/sound/card0/device/subsystem/devices/0000:00:02.2/0000:04:00.0/subsystem/devices/0000:00:03.7/subsystem/devices/0000:06:00.0/uevent&path=//sys/class/sound/card0/device/subsystem/devices/0000:00:02.2/0000:04:00.0/subsystem/devices/0000:00:03.7/subsystem/devices/0000:06:00.0 HTTP/1.1" 200 45438 "-" "Mozilla/5.0 (Linux; Android 6.0.1; Nexus 5X Build/MMB29P) AppleWebKit/537.36 (KHTML, like Gecko) Chrome/141.0.7390.122 Mobile Safari/537.36 (compatible; Googlebot/2.1; +http://www.google.com/bot.html)"
216.73.216.56 - - [18/Dec/2025:01:24:02 +0000] "GET /?p=19282 HTTP/1.1" 200 42029 "-" "Mozilla/5.0 AppleWebKit/537.36 (KHTML, like Gecko; compatible; ClaudeBot/1.0; +claudebot@anthropic.com)"
217.182.195.140 - - [18/Dec/2025:01:24:03 +0000] "GET /?p=31661 HTTP/1.1" 200 40887 "-" "Mozilla/5.0 (compatible; MJ12bot/v1.4.8; http://mj12bot.com/)"
217.182.195.140 - - [18/Dec/2025:01:24:07 +0000] "GET /?p=31663 HTTP/1.1" 200 42100 "-" "Mozilla/5.0 (compatible; MJ12bot/v1.4.8; http://mj12bot.com/)"
57.141.0.49 - - [18/Dec/2025:01:24:09 +0000] "GET /2025/03/06/page/39/?fileloc=//sys/class/pci_bus/0000:0b/subsystem/0000:08/subsystem/0000:00/device/0000:00:03.1/aer_rootport_total_err_nonfatal&path=//sys/class/pci_bus/0000:0b/subsystem/0000:08/subsystem/0000:00/device/0000:00:03.1 HTTP/1.1" 200 262216 "-" "meta-externalagent/1.1 (+https://developers.facebook.com/docs/sharing/webmasters/crawler)"
57.141.0.24 - - [18/Dec/2025:01:24:10 +0000] "GET /2025/03/07/page/6/?fileloc=//sys/class/pci_bus/0000:05/subsystem/0000:11/subsystem/0000:06/device/0000:06:00.0/subsystem/devices/0000:00:03.1/driver/0000:00:02.7/device&path=//sys/class/pci_bus/0000:05/subsystem/0000:11/subsystem/0000:06/device/0000:06:00.0/subsystem/devices/0000:00:03.1/driver/0000:00:02.7 HTTP/1.1" 200 262264 "-" "meta-externalagent/1.1 (+https://developers.facebook.com/docs/sharing/webmasters/crawler)"
57.141.0.65 - - [18/Dec/2025:01:24:11 +0000] "GET /karamba-spielsaal-erfahrungen-angeschlossen-testbericht-werfen-sie-einen-blick-auf-den-link-within-2025-pro-teutonia/?fileloc=//sys/class/pci_bus/0000:06/subsystem/0000:13/subsystem/0000:0d/device/driver/0000:00:03.6/driver/0000:00:02.5/reset_subordinate&path=//sys/class/pci_bus/0000:06/subsystem/0000:13/subsystem/0000:0d/device/driver/0000:00:03.6/driver/0000:00:02.5 HTTP/1.1" 200 262264 "-" "meta-externalagent/1.1 (+https://developers.facebook.com/docs/sharing/webmasters/crawler)"
66.249.77.99 - - [18/Dec/2025:01:24:11 +0000] "GET /?fileloc=//sys/class/sound/card0/device/subsystem/devices/0000:00:02.2/driver/0000:00:03.4/driver/0000:00:02.1/subsystem/devices/0000:00:02.5/enable&path=//sys/class/sound/card0/device/subsystem/devices/0000:00:02.2/driver/0000:00:03.4/driver/0000:00:02.1/subsystem/devices/0000:00:02.5 HTTP/1.1" 200 45438 "-" "Mozilla/5.0 (Linux; Android 6.0.1; Nexus 5X Build/MMB29P) AppleWebKit/537.36 (KHTML, like Gecko) Chrome/141.0.7390.122 Mobile Safari/537.36 (compatible; Googlebot/2.1; +http://www.google.com/bot.html)"
217.182.195.140 - - [18/Dec/2025:01:24:11 +0000] "GET /?p=31665 HTTP/1.1" 200 42424 "-" "Mozilla/5.0 (compatible; MJ12bot/v1.4.8; http://mj12bot.com/)"
57.141.0.75 - - [18/Dec/2025:01:24:12 +0000] "GET /2025/03/07/page/6/?fileloc=//sys/class/pci_bus/0000:12/subsystem/0000:09/subsystem/0000:07/device/driver/0000:00:03.2/current_link_speed&path=//sys/class/pci_bus/0000:12/subsystem/0000:09/subsystem/0000:07/device/driver/0000:00:03.2 HTTP/1.1" 200 262264 "-" "meta-externalagent/1.1 (+https://developers.facebook.com/docs/sharing/webmasters/crawler)"
216.73.216.56 - - [18/Dec/2025:01:24:19 +0000] "GET /?p=36899 HTTP/1.1" 200 42090 "-" "Mozilla/5.0 AppleWebKit/537.36 (KHTML, like Gecko; compatible; ClaudeBot/1.0; +claudebot@anthropic.com)"
217.182.195.140 - - [18/Dec/2025:01:24:20 +0000] "GET /?p=31667 HTTP/1.1" 200 41200 "-" "Mozilla/5.0 (compatible; MJ12bot/v1.4.8; http://mj12bot.com/)"
57.141.0.65 - - [18/Dec/2025:01:24:20 +0000] "GET /2025/03/07/page/6/?path=//sys/class/pci_bus/0000:0b/subsystem/0000:11/subsystem/0000:08/device/driver/0000:00:03.4 HTTP/1.1" 200 262264 "-" "meta-externalagent/1.1 (+https://developers.facebook.com/docs/sharing/webmasters/crawler)"
57.141.0.42 - - [18/Dec/2025:01:24:20 +0000] "GET /2025/03/07/page/6/?path=//sys/class/pci_bus/0000:04/subsystem/0000:00/subsystem/0000:0f/subsystem/0000:00/device/0000:00:02.2/link HTTP/1.1" 200 262264 "-" "meta-externalagent/1.1 (+https://developers.facebook.com/docs/sharing/webmasters/crawler)"
57.141.0.39 - - [18/Dec/2025:01:24:21 +0000] "GET /karamba-spielsaal-erfahrungen-angeschlossen-testbericht-werfen-sie-einen-blick-auf-den-link-within-2025-pro-teutonia/?fileloc=//sys/class/pci_bus/0000:11/subsystem/0000:0d/subsystem/0000:06/subsystem/0000:12/device/reset_subordinate&path=//sys/class/pci_bus/0000:11/subsystem/0000:0d/subsystem/0000:06/subsystem/0000:12/device HTTP/1.1" 200 262209 "-" "meta-externalagent/1.1 (+https://developers.facebook.com/docs/sharing/webmasters/crawler)"
57.141.0.38 - - [18/Dec/2025:01:24:21 +0000] "GET /2025/03/06/page/39/?path=//sys/class/pci_bus/0000:0a/device/driver/0000:00:02.1/driver/0000:00:02.5 HTTP/1.1" 200 262264 "-" "meta-externalagent/1.1 (+https://developers.facebook.com/docs/sharing/webmasters/crawler)"
216.73.216.56 - - [18/Dec/2025:01:24:23 +0000] "GET /?p=46323 HTTP/1.1" 200 44405 "-" "Mozilla/5.0 AppleWebKit/537.36 (KHTML, like Gecko; compatible; ClaudeBot/1.0; +claudebot@anthropic.com)"
66.249.77.98 - - [18/Dec/2025:01:24:23 +0000] "GET /?284937555?entity=0283837670 HTTP/1.1" 200 34688 "-" "Mozilla/5.0 (Linux; Android 6.0.1; Nexus 5X Build/MMB29P) AppleWebKit/537.36 (KHTML, like Gecko) Chrome/141.0.7390.122 Mobile Safari/537.36 (compatible; Googlebot/2.1; +http://www.google.com/bot.html)"
217.182.195.140 - - [18/Dec/2025:01:24:24 +0000] "GET /?p=31669 HTTP/1.1" 200 44081 "-" "Mozilla/5.0 (compatible; MJ12bot/v1.4.8; http://mj12bot.com/)"
216.73.216.56 - - [18/Dec/2025:01:24:26 +0000] "GET /?p=31893 HTTP/1.1" 200 43237 "-" "Mozilla/5.0 AppleWebKit/537.36 (KHTML, like Gecko; compatible; ClaudeBot/1.0; +claudebot@anthropic.com)"
57.141.0.77 - - [18/Dec/2025:01:24:26 +0000] "GET /2025/03/07/page/6/?path=//sys/class/pci_bus/0000:0d/subsystem/0000:06/subsystem/0000:11/device/0000:00:03.7:pcie001/driver/0000:00:04.0:pcie001/power HTTP/1.1" 200 262264 "-" "meta-externalagent/1.1 (+https://developers.facebook.com/docs/sharing/webmasters/crawler)"
217.182.195.140 - - [18/Dec/2025:01:24:27 +0000] "GET /?p=31671 HTTP/1.1" 200 42724 "-" "Mozilla/5.0 (compatible; MJ12bot/v1.4.8; http://mj12bot.com/)"
216.73.216.56 - - [18/Dec/2025:01:24:29 +0000] "GET /?p=41091 HTTP/1.1" 200 42373 "-" "Mozilla/5.0 AppleWebKit/537.36 (KHTML, like Gecko; compatible; ClaudeBot/1.0; +claudebot@anthropic.com)"
57.141.0.59 - - [18/Dec/2025:01:24:29 +0000] "GET /2025/03/07/page/6/?fileloc=//sys/class/pci_bus/0000:00/device/0000:00:02.5/driver/0000:00:02.4/subsystem/devices/0000:06:00.0/current_link_speed&path=//sys/class/pci_bus/0000:00/device/0000:00:02.5/driver/0000:00:02.4/subsystem/devices/0000:06:00.0 HTTP/1.1" 200 262209 "-" "meta-externalagent/1.1 (+https://developers.facebook.com/docs/sharing/webmasters/crawler)"
217.182.195.140 - - [18/Dec/2025:01:24:31 +0000] "GET /?p=31673 HTTP/1.1" 200 41853 "-" "Mozilla/5.0 (compatible; MJ12bot/v1.4.8; http://mj12bot.com/)"
216.73.216.56 - - [18/Dec/2025:01:24:32 +0000] "GET /?p=27217 HTTP/1.1" 200 41434 "-" "Mozilla/5.0 AppleWebKit/537.36 (KHTML, like Gecko; compatible; ClaudeBot/1.0; +claudebot@anthropic.com)"
57.141.0.60 - - [18/Dec/2025:01:24:33 +0000] "GET /2025/03/07/page/6/?fileloc=//sys/class/pci_bus/0000:0e/device/driver/0000:00:03.2/driver/0000:00:03.6/driver/0000:00:02.2/consistent_dma_mask_bits&path=//sys/class/pci_bus/0000:0e/device/driver/0000:00:03.2/driver/0000:00:03.6/driver/0000:00:02.2 HTTP/1.1" 200 262215 "-" "meta-externalagent/1.1 (+https://developers.facebook.com/docs/sharing/webmasters/crawler)"
57.141.0.12 - - [18/Dec/2025:01:24:34 +0000] "GET /karamba-spielsaal-erfahrungen-angeschlossen-testbericht-werfen-sie-einen-blick-auf-den-link-within-2025-pro-teutonia/?path=//sys/class/pci_bus/0000:0b/subsystem/0000:07/device/driver/0000:00:03.0/driver/0000:00:03.6/subsystem/drivers/mlx5_core HTTP/1.1" 200 262264 "-" "meta-externalagent/1.1 (+https://developers.facebook.com/docs/sharing/webmasters/crawler)"
216.73.216.56 - - [18/Dec/2025:01:24:35 +0000] "GET /?p=34901 HTTP/1.1" 200 43536 "-" "Mozilla/5.0 AppleWebKit/537.36 (KHTML, like Gecko; compatible; ClaudeBot/1.0; +claudebot@anthropic.com)"
217.182.195.140 - - [18/Dec/2025:01:24:35 +0000] "GET /?p=31677 HTTP/1.1" 200 44269 "-" "Mozilla/5.0 (compatible; MJ12bot/v1.4.8; http://mj12bot.com/)"
216.73.216.56 - - [18/Dec/2025:01:24:38 +0000] "GET /?p=31797 HTTP/1.1" 200 37822 "-" "Mozilla/5.0 AppleWebKit/537.36 (KHTML, like Gecko; compatible; ClaudeBot/1.0; +claudebot@anthropic.com)"
217.182.195.140 - - [18/Dec/2025:01:24:39 +0000] "GET /?p=31679 HTTP/1.1" 200 42922 "-" "Mozilla/5.0 (compatible; MJ12bot/v1.4.8; http://mj12bot.com/)"
85.208.96.202 - - [18/Dec/2025:01:24:40 +0000] "GET /robots.txt HTTP/1.1" 200 109 "-" "Mozilla/5.0 (compatible; SemrushBot/7~bl; +http://www.semrush.com/bot.html)"
85.208.96.212 - - [18/Dec/2025:01:24:40 +0000] "GET /?p=14303 HTTP/1.1" 200 43748 "-" "Mozilla/5.0 (compatible; SemrushBot/7~bl; +http://www.semrush.com/bot.html)"
216.73.216.56 - - [18/Dec/2025:01:24:41 +0000] "GET /?p=39707 HTTP/1.1" 200 43312 "-" "Mozilla/5.0 AppleWebKit/537.36 (KHTML, like Gecko; compatible; ClaudeBot/1.0; +claudebot@anthropic.com)"
57.141.0.37 - - [18/Dec/2025:01:24:41 +0000] "GET /karamba-spielsaal-erfahrungen-angeschlossen-testbericht-werfen-sie-einen-blick-auf-den-link-within-2025-pro-teutonia/?path=//sys/class/pci_bus/0000:08/subsystem/0000:05/device/subsystem/drivers/pcieport/0000:00:02.1/driver/0000:00:02.3/driver HTTP/1.1" 200 262248 "-" "meta-externalagent/1.1 (+https://developers.facebook.com/docs/sharing/webmasters/crawler)"
217.182.195.140 - - [18/Dec/2025:01:24:43 +0000] "GET /?p=31681 HTTP/1.1" 200 43527 "-" "Mozilla/5.0 (compatible; MJ12bot/v1.4.8; http://mj12bot.com/)"
216.73.216.56 - - [18/Dec/2025:01:24:44 +0000] "GET /?p=36317 HTTP/1.1" 200 42125 "-" "Mozilla/5.0 AppleWebKit/537.36 (KHTML, like Gecko; compatible; ClaudeBot/1.0; +claudebot@anthropic.com)"
217.182.195.140 - - [18/Dec/2025:01:24:46 +0000] "GET /?p=31683 HTTP/1.1" 200 42717 "-" "Mozilla/5.0 (compatible; MJ12bot/v1.4.8; http://mj12bot.com/)"
216.73.216.56 - - [18/Dec/2025:01:24:47 +0000] "GET /?p=34937 HTTP/1.1" 200 42615 "-" "Mozilla/5.0 AppleWebKit/537.36 (KHTML, like Gecko; compatible; ClaudeBot/1.0; +claudebot@anthropic.com)"
216.73.216.56 - - [18/Dec/2025:01:24:50 +0000] "GET /?p=23987 HTTP/1.1" 200 42663 "-" "Mozilla/5.0 AppleWebKit/537.36 (KHTML, like Gecko; compatible; ClaudeBot/1.0; +claudebot@anthropic.com)"
66.135.21.75 - - [18/Dec/2025:01:24:50 +0000] "POST /wp-cron.php?doing_wp_cron=1766021090.4049160480499267578125 HTTP/1.1" 200 31 "-" "WordPress/6.3.1; https://datainsightnow.com"
217.182.195.140 - - [18/Dec/2025:01:24:51 +0000] "GET /?p=31685 HTTP/1.1" 200 43019 "-" "Mozilla/5.0 (compatible; MJ12bot/v1.4.8; http://mj12bot.com/)"
57.141.0.21 - - [18/Dec/2025:01:24:51 +0000] "GET /karamba-spielsaal-erfahrungen-angeschlossen-testbericht-werfen-sie-einen-blick-auf-den-link-within-2025-pro-teutonia/?path=//sys/class/pci_bus/0000:0a/subsystem/0000:02/subsystem/0000:0b/device/subsystem/drivers/snd_hda_intel HTTP/1.1" 200 262264 "-" "meta-externalagent/1.1 (+https://developers.facebook.com/docs/sharing/webmasters/crawler)"
57.141.0.6 - - [18/Dec/2025:01:24:52 +0000] "GET /2025/03/06/page/39/?fileloc=//sys/class/pci_bus/0000:09/subsystem/0000:00/subsystem/0000:05/subsystem/0000:01/device/driver_override&path=//sys/class/pci_bus/0000:09/subsystem/0000:00/subsystem/0000:05/subsystem/0000:01/device HTTP/1.1" 200 262215 "-" "meta-externalagent/1.1 (+https://developers.facebook.com/docs/sharing/webmasters/crawler)"
216.73.216.56 - - [18/Dec/2025:01:24:53 +0000] "GET /?p=47289 HTTP/1.1" 200 42662 "-" "Mozilla/5.0 AppleWebKit/537.36 (KHTML, like Gecko; compatible; ClaudeBot/1.0; +claudebot@anthropic.com)"
114.119.157.166 - - [18/Dec/2025:01:24:55 +0000] "GET /zodiac-kasino-erfahrungen-2024-480-bonus-80-freispiele/?path=//sys/dev/char/4:80/subsystem/ttyS23/subsystem/tty7 HTTP/1.1" 200 45438 "https://datainsightnow.com/zodiac-kasino-erfahrungen-2024-480-bonus-80-freispiele/?path=//sys/dev/char/4%3A80/subsystem/ttyS23/subsystem" "Mozilla/5.0 (Linux; Android 7.0;) AppleWebKit/537.36 (KHTML, like Gecko) Mobile Safari/537.36 (compatible; PetalBot;+https://webmaster.petalsearch.com/site/petalbot)"
216.73.216.56 - - [18/Dec/2025:01:24:56 +0000] "GET /?p=27991 HTTP/1.1" 200 40388 "-" "Mozilla/5.0 AppleWebKit/537.36 (KHTML, like Gecko; compatible; ClaudeBot/1.0; +claudebot@anthropic.com)"
216.73.216.56 - - [18/Dec/2025:01:24:59 +0000] "GET /?p=28011 HTTP/1.1" 200 41628 "-" "Mozilla/5.0 AppleWebKit/537.36 (KHTML, like Gecko; compatible; ClaudeBot/1.0; +claudebot@anthropic.com)"
85.208.96.206 - - [18/Dec/2025:01:25:00 +0000] "GET /?p=35969 HTTP/1.1" 200 43652 "-" "Mozilla/5.0 (compatible; SemrushBot/7~bl; +http://www.semrush.com/bot.html)"
57.141.0.8 - - [18/Dec/2025:01:25:01 +0000] "GET /2025/03/07/page/6/?fileloc=//sys/class/pci_bus/0000:05/subsystem/0000:06/subsystem/0000:04/subsystem/0000:0c/subsystem/0000:0e/uevent&path=//sys/class/pci_bus/0000:05/subsystem/0000:06/subsystem/0000:04/subsystem/0000:0c/subsystem/0000:0e HTTP/1.1" 200 262255 "-" "meta-externalagent/1.1 (+https://developers.facebook.com/docs/sharing/webmasters/crawler)"
57.141.0.40 - - [18/Dec/2025:01:25:01 +0000] "GET /2025/03/06/page/39/?path=//sys/class/pci_bus/0000:05/device/driver/0000:00:03.1/subsystem/devices/0000:00:02.6 HTTP/1.1" 200 262209 "-" "meta-externalagent/1.1 (+https://developers.facebook.com/docs/sharing/webmasters/crawler)"
216.73.216.56 - - [18/Dec/2025:01:25:02 +0000] "GET /?p=34931 HTTP/1.1" 200 42708 "-" "Mozilla/5.0 AppleWebKit/537.36 (KHTML, like Gecko; compatible; ClaudeBot/1.0; +claudebot@anthropic.com)"
57.141.0.51 - - [18/Dec/2025:01:25:02 +0000] "GET /2025/03/07/page/6/?fileloc=//sys/class/pci_bus/0000:0e/subsystem/0000:07/subsystem/0000:07/device/driver/0000:00:03.6/secondary_bus_number&path=//sys/class/pci_bus/0000:0e/subsystem/0000:07/subsystem/0000:07/device/driver/0000:00:03.6 HTTP/1.1" 200 262264 "-" "meta-externalagent/1.1 (+https://developers.facebook.com/docs/sharing/webmasters/crawler)"
57.141.0.40 - - [18/Dec/2025:01:25:03 +0000] "GET /2025/03/06/page/39/?fileloc=//sys/class/pci_bus/0000:10/subsystem/0000:06/subsystem/0000:09/subsystem/0000:0c/power/async&path=//sys/class/pci_bus/0000:10/subsystem/0000:06/subsystem/0000:09/subsystem/0000:0c/power HTTP/1.1" 200 262248 "-" "meta-externalagent/1.1 (+https://developers.facebook.com/docs/sharing/webmasters/crawler)"
57.141.0.26 - - [18/Dec/2025:01:25:04 +0000] "GET /karamba-spielsaal-erfahrungen-angeschlossen-testbericht-werfen-sie-einen-blick-auf-den-link-within-2025-pro-teutonia/?path=//sys/class/pci_bus/0000:0e/subsystem/0000:06/device/0000:00:02.4:pcie002/driver/0000:00:03.5:pcie002/subsystem/drivers/pcie_pme/0000:00:03.1:pcie001 HTTP/1.1" 200 262215 "-" "meta-externalagent/1.1 (+https://developers.facebook.com/docs/sharing/webmasters/crawler)"
216.73.216.56 - - [18/Dec/2025:01:25:05 +0000] "GET /?p=23607 HTTP/1.1" 200 45110 "-" "Mozilla/5.0 AppleWebKit/537.36 (KHTML, like Gecko; compatible; ClaudeBot/1.0; +claudebot@anthropic.com)"
185.191.171.16 - - [18/Dec/2025:01:25:05 +0000] "GET /?p=11764 HTTP/1.1" 200 43286 "-" "Mozilla/5.0 (compatible; SemrushBot/7~bl; +http://www.semrush.com/bot.html)"
216.73.216.56 - - [18/Dec/2025:01:25:08 +0000] "GET /?p=48938 HTTP/1.1" 200 41316 "-" "Mozilla/5.0 AppleWebKit/537.36 (KHTML, like Gecko; compatible; ClaudeBot/1.0; +claudebot@anthropic.com)"
57.141.0.36 - - [18/Dec/2025:01:25:11 +0000] "GET /2025/03/07/page/6/?fileloc=//sys/class/pci_bus/0000:0d/subsystem/0000:06/subsystem/0000:0d/subsystem/0000:00/subsystem/0000:07/device/power_state&path=//sys/class/pci_bus/0000:0d/subsystem/0000:06/subsystem/0000:0d/subsystem/0000:00/subsystem/0000:07/device HTTP/1.1" 200 262264 "-" "meta-externalagent/1.1 (+https://developers.facebook.com/docs/sharing/webmasters/crawler)"
216.73.216.56 - - [18/Dec/2025:01:25:11 +0000] "GET /?p=21185 HTTP/1.1" 200 42122 "-" "Mozilla/5.0 AppleWebKit/537.36 (KHTML, like Gecko; compatible; ClaudeBot/1.0; +claudebot@anthropic.com)"
57.141.0.60 - - [18/Dec/2025:01:25:13 +0000] "GET /karamba-spielsaal-erfahrungen-angeschlossen-testbericht-werfen-sie-einen-blick-auf-den-link-within-2025-pro-teutonia/?fileloc=//sys/class/pci_bus/0000:0b/subsystem/0000:07/subsystem/0000:05/subsystem/0000:00/subsystem/0000:0f/device/enable&path=//sys/class/pci_bus/0000:0b/subsystem/0000:07/subsystem/0000:05/subsystem/0000:00/subsystem/0000:0f/device HTTP/1.1" 200 262264 "-" "meta-externalagent/1.1 (+https://developers.facebook.com/docs/sharing/webmasters/crawler)"
51.195.183.167 - - [18/Dec/2025:01:25:14 +0000] "GET /?p=38832 HTTP/1.1" 200 43317 "-" "Mozilla/5.0 (compatible; AhrefsBot/7.0; +http://ahrefs.com/robot/)"
216.73.216.56 - - [18/Dec/2025:01:25:16 +0000] "GET /index.php?rest_route=%2Fwp%2Fv2%2Fposts%2F30053 HTTP/1.1" 200 6051 "-" "Mozilla/5.0 AppleWebKit/537.36 (KHTML, like Gecko; compatible; ClaudeBot/1.0; +claudebot@anthropic.com)"
57.141.0.35 - - [18/Dec/2025:01:25:17 +0000] "GET /karamba-spielsaal-erfahrungen-angeschlossen-testbericht-werfen-sie-einen-blick-auf-den-link-within-2025-pro-teutonia/?path=//sys/class/pci_bus/0000:06/subsystem/0000:0b/subsystem/0000:0b/subsystem/0000:06/subsystem/0000:00/device/0000:00:03.4/subsystem HTTP/1.1" 200 262209 "-" "meta-externalagent/1.1 (+https://developers.facebook.com/docs/sharing/webmasters/crawler)"
216.73.216.56 - - [18/Dec/2025:01:25:17 +0000] "GET /index.php?rest_route=%2Fwp%2Fv2%2Fposts%2F29807 HTTP/1.1" 200 6179 "-" "Mozilla/5.0 AppleWebKit/537.36 (KHTML, like Gecko; compatible; ClaudeBot/1.0; +claudebot@anthropic.com)"
66.249.77.98 - - [18/Dec/2025:01:25:18 +0000] "GET /?fileloc=//sys/class/sound/card0/device/subsystem/devices/0000:00:02.2/driver/0000:00:03.4/driver/0000:00:02.6/driver/0000:00:03.0/subsystem/devices/0000:00:03.4/driver/0000:00:03.7/driver/0000:00:04.1/driver/0000:00:02.5/resource0&path=//sys/class/sound/card0/device/subsystem/devices/0000:00:02.2/driver/0000:00:03.4/driver/0000:00:02.6/driver/0000:00:03.0/subsystem/devices/0000:00:03.4/driver/0000:00:03.7/driver/0000:00:04.1/driver/0000:00:02.5 HTTP/1.1" 200 45438 "-" "Mozilla/5.0 (Linux; Android 6.0.1; Nexus 5X Build/MMB29P) AppleWebKit/537.36 (KHTML, like Gecko) Chrome/141.0.7390.122 Mobile Safari/537.36 (compatible; Googlebot/2.1; +http://www.google.com/bot.html)"
57.141.0.8 - - [18/Dec/2025:01:25:18 +0000] "GET /karamba-spielsaal-erfahrungen-angeschlossen-testbericht-werfen-sie-einen-blick-auf-den-link-within-2025-pro-teutonia/?fileloc=//sys/class/pci_bus/0000:0a/subsystem/0000:11/device/driver/0000:00:02.5/driver/0000:00:02.0/uevent&path=//sys/class/pci_bus/0000:0a/subsystem/0000:11/device/driver/0000:00:02.5/driver/0000:00:02.0 HTTP/1.1" 200 262209 "-" "meta-externalagent/1.1 (+https://developers.facebook.com/docs/sharing/webmasters/crawler)"
216.73.216.56 - - [18/Dec/2025:01:25:20 +0000] "GET /index.php?rest_route=%2Fwp%2Fv2%2Fposts%2F24003 HTTP/1.1" 200 4209 "-" "Mozilla/5.0 AppleWebKit/537.36 (KHTML, like Gecko; compatible; ClaudeBot/1.0; +claudebot@anthropic.com)"
57.141.0.73 - - [18/Dec/2025:01:25:21 +0000] "GET /karamba-spielsaal-erfahrungen-angeschlossen-testbericht-werfen-sie-einen-blick-auf-den-link-within-2025-pro-teutonia/?fileloc=//sys/class/pci_bus/0000:05/subsystem/0000:01/subsystem/0000:02/subsystem/0000:05/device/driver/0000:00:04.1/max_link_width&path=//sys/class/pci_bus/0000:05/subsystem/0000:01/subsystem/0000:02/subsystem/0000:05/device/driver/0000:00:04.1 HTTP/1.1" 200 262216 "-" "meta-externalagent/1.1 (+https://developers.facebook.com/docs/sharing/webmasters/crawler)"
193.24.211.66 - - [18/Dec/2025:01:25:22 +0000] "POST /xmlrpc.php HTTP/1.1" 200 223 "-" "Mozilla/5.0 (Windows NT 10.0; Win64; x64; rv:127.0) Gecko/20100101 Firefox/127.0"
