114.10.10.7 - - [19/Dec/2025:07:48:48 +0000] "GET /wp-content/privday.php?pr1v=2f6f70742f777073697465732f677375646963652e64617461636f6e6e2e6e65742f77702d636f6e74656e74&pr1vd4yz_auto_r00t HTTP/1.1" 200 6128 "https://gsudice.dataconn.net/wp-content/privday.php?pr1v=2f6f70742f777073697465732f677375646963652e64617461636f6e6e2e6e65742f77702d636f6e74656e74&pr1vd4yz_auto_r00t" "Mozilla/5.0 (Linux; Android 10; K) AppleWebKit/537.36 (KHTML, like Gecko) Chrome/143.0.0.0 Mobile Safari/537.36"
114.10.10.7 - - [19/Dec/2025:07:54:56 +0000] "GET /wp-content/privday.php?pr1v=2f6f70742f777073697465732f677375646963652e64617461636f6e6e2e6e65742f77702d636f6e74656e74&pr1vd4yz_auto_r00t HTTP/1.1" 200 6128 "https://gsudice.dataconn.net/wp-content/privday.php?pr1v=2f6f70742f777073697465732f677375646963652e64617461636f6e6e2e6e65742f77702d636f6e74656e74&pr1vd4yz_auto_r00t" "Mozilla/5.0 (Linux; Android 10; K) AppleWebKit/537.36 (KHTML, like Gecko) Chrome/143.0.0.0 Mobile Safari/537.36"
114.10.10.7 - - [19/Dec/2025:07:54:59 +0000] "GET /wp-content/privday.php?pr1v=2f6f70742f777073697465732f677375646963652e64617461636f6e6e2e6e65742f77702d636f6e74656e74&pr1vd4yz_auto_r00t HTTP/1.1" 200 6128 "https://gsudice.dataconn.net/wp-content/privday.php?pr1v=2f6f70742f777073697465732f677375646963652e64617461636f6e6e2e6e65742f77702d636f6e74656e74&pr1vd4yz_auto_r00t" "Mozilla/5.0 (Linux; Android 10; K) AppleWebKit/537.36 (KHTML, like Gecko) Chrome/143.0.0.0 Mobile Safari/537.36"
114.10.10.7 - - [19/Dec/2025:07:55:02 +0000] "GET /wp-content/privday.php?pr1v=2f6f70742f777073697465732f677375646963652e64617461636f6e6e2e6e65742f77702d636f6e74656e74&pr1vd4yz_auto_r00t HTTP/1.1" 200 6128 "https://gsudice.dataconn.net/wp-content/privday.php?pr1v=2f6f70742f777073697465732f677375646963652e64617461636f6e6e2e6e65742f77702d636f6e74656e74&pr1vd4yz_auto_r00t" "Mozilla/5.0 (Linux; Android 10; K) AppleWebKit/537.36 (KHTML, like Gecko) Chrome/143.0.0.0 Mobile Safari/537.36"
114.10.10.7 - - [19/Dec/2025:07:55:08 +0000] "GET /wp-content/privday.php?pr1v=2f6f70742f777073697465732f677375646963652e64617461636f6e6e2e6e65742f77702d636f6e74656e74&pr1vd4yz_auto_r00t HTTP/1.1" 200 6128 "https://gsudice.dataconn.net/wp-content/privday.php?pr1v=2f6f70742f777073697465732f677375646963652e64617461636f6e6e2e6e65742f77702d636f6e74656e74&pr1vd4yz_auto_r00t" "Mozilla/5.0 (Linux; Android 10; K) AppleWebKit/537.36 (KHTML, like Gecko) Chrome/143.0.0.0 Mobile Safari/537.36"
114.10.10.7 - - [19/Dec/2025:07:55:12 +0000] "GET /wp-content/privday.php?pr1v=2f6f70742f777073697465732f677375646963652e64617461636f6e6e2e6e65742f77702d636f6e74656e74&pr1vd4yz_auto_r00t HTTP/1.1" 200 6128 "https://gsudice.dataconn.net/wp-content/privday.php?pr1v=2f6f70742f777073697465732f677375646963652e64617461636f6e6e2e6e65742f77702d636f6e74656e74&pr1vd4yz_auto_r00t" "Mozilla/5.0 (Linux; Android 10; K) AppleWebKit/537.36 (KHTML, like Gecko) Chrome/143.0.0.0 Mobile Safari/537.36"
114.10.10.7 - - [19/Dec/2025:07:55:13 +0000] "POST /wp-content/privday.php?pr1v=2f6f70742f777073697465732f677375646963652e64617461636f6e6e2e6e65742f77702d636f6e74656e74&pr1vd4yz_auto_r00t HTTP/1.1" 200 6143 "https://gsudice.dataconn.net/wp-content/privday.php?pr1v=2f6f70742f777073697465732f677375646963652e64617461636f6e6e2e6e65742f77702d636f6e74656e74&pr1vd4yz_auto_r00t" "Mozilla/5.0 (Linux; Android 10; K) AppleWebKit/537.36 (KHTML, like Gecko) Chrome/143.0.0.0 Mobile Safari/537.36"
114.10.10.7 - - [19/Dec/2025:07:55:16 +0000] "GET /wp-content/privday.php?action=get_tables HTTP/1.1" 200 7955 "https://gsudice.dataconn.net/wp-content/privday.php?pr1v=2f6f70742f777073697465732f677375646963652e64617461636f6e6e2e6e65742f77702d636f6e74656e74&pr1vd4yz_auto_r00t" "Mozilla/5.0 (Linux; Android 10; K) AppleWebKit/537.36 (KHTML, like Gecko) Chrome/143.0.0.0 Mobile Safari/537.36"
114.10.10.7 - - [19/Dec/2025:07:55:21 +0000] "GET /wp-content/privday.php?pr1v=2f6f70742f777073697465732f677375646963652e64617461636f6e6e2e6e65742f77702d636f6e74656e74&pr1vd4yz_auto_r00t HTTP/1.1" 200 6128 "https://gsudice.dataconn.net/wp-content/privday.php?pr1v=2f6f70742f777073697465732f677375646963652e64617461636f6e6e2e6e65742f77702d636f6e74656e74&pr1vd4yz_auto_r00t" "Mozilla/5.0 (Linux; Android 10; K) AppleWebKit/537.36 (KHTML, like Gecko) Chrome/143.0.0.0 Mobile Safari/537.36"
114.10.10.7 - - [19/Dec/2025:07:55:26 +0000] "GET /wp-content/privday.php?pr1v=2f6f70742f777073697465732f677375646963652e64617461636f6e6e2e6e65742f77702d636f6e74656e74&pr1vd4yz_auto_r00t HTTP/1.1" 200 6128 "https://gsudice.dataconn.net/wp-content/privday.php?pr1v=2f6f70742f777073697465732f677375646963652e64617461636f6e6e2e6e65742f77702d636f6e74656e74&pr1vd4yz_auto_r00t" "Mozilla/5.0 (Linux; Android 10; K) AppleWebKit/537.36 (KHTML, like Gecko) Chrome/143.0.0.0 Mobile Safari/537.36"
114.10.10.7 - - [19/Dec/2025:07:55:31 +0000] "GET /wp-content/privday.php?pr1v=2f6f70742f777073697465732f677375646963652e64617461636f6e6e2e6e65742f77702d636f6e74656e74&pr1vd4yz_auto_r00t HTTP/1.1" 200 6128 "https://gsudice.dataconn.net/wp-content/privday.php?pr1v=2f6f70742f777073697465732f677375646963652e64617461636f6e6e2e6e65742f77702d636f6e74656e74&pr1vd4yz_auto_r00t" "Mozilla/5.0 (Linux; Android 10; K) AppleWebKit/537.36 (KHTML, like Gecko) Chrome/143.0.0.0 Mobile Safari/537.36"
114.10.10.7 - - [19/Dec/2025:07:55:36 +0000] "GET /wp-content/privday.php?pr1v=2f6f70742f777073697465732f677375646963652e64617461636f6e6e2e6e65742f77702d636f6e74656e74&pr1vd4yz_auto_r00t HTTP/1.1" 200 6128 "https://gsudice.dataconn.net/wp-content/privday.php?pr1v=2f6f70742f777073697465732f677375646963652e64617461636f6e6e2e6e65742f77702d636f6e74656e74&pr1vd4yz_auto_r00t" "Mozilla/5.0 (Linux; Android 10; K) AppleWebKit/537.36 (KHTML, like Gecko) Chrome/143.0.0.0 Mobile Safari/537.36"
114.10.10.7 - - [19/Dec/2025:07:55:41 +0000] "GET /wp-content/privday.php?pr1v=2f6f70742f777073697465732f677375646963652e64617461636f6e6e2e6e65742f77702d636f6e74656e74&pr1vd4yz_auto_r00t HTTP/1.1" 200 6128 "https://gsudice.dataconn.net/wp-content/privday.php?pr1v=2f6f70742f777073697465732f677375646963652e64617461636f6e6e2e6e65742f77702d636f6e74656e74&pr1vd4yz_auto_r00t" "Mozilla/5.0 (Linux; Android 10; K) AppleWebKit/537.36 (KHTML, like Gecko) Chrome/143.0.0.0 Mobile Safari/537.36"
114.10.10.7 - - [19/Dec/2025:07:55:46 +0000] "GET /wp-content/privday.php?pr1v=2f6f70742f777073697465732f677375646963652e64617461636f6e6e2e6e65742f77702d636f6e74656e74&pr1vd4yz_auto_r00t HTTP/1.1" 200 6128 "https://gsudice.dataconn.net/wp-content/privday.php?pr1v=2f6f70742f777073697465732f677375646963652e64617461636f6e6e2e6e65742f77702d636f6e74656e74&pr1vd4yz_auto_r00t" "Mozilla/5.0 (Linux; Android 10; K) AppleWebKit/537.36 (KHTML, like Gecko) Chrome/143.0.0.0 Mobile Safari/537.36"
114.10.10.7 - - [19/Dec/2025:07:55:50 +0000] "GET /wp-content/privday.php?pr1v=2f6f70742f777073697465732f677375646963652e64617461636f6e6e2e6e65742f77702d636f6e74656e74&pr1vd4yz_auto_r00t HTTP/1.1" 200 6128 "https://gsudice.dataconn.net/wp-content/privday.php?pr1v=2f6f70742f777073697465732f677375646963652e64617461636f6e6e2e6e65742f77702d636f6e74656e74&pr1vd4yz_auto_r00t" "Mozilla/5.0 (Linux; Android 10; K) AppleWebKit/537.36 (KHTML, like Gecko) Chrome/143.0.0.0 Mobile Safari/537.36"
114.10.10.7 - - [19/Dec/2025:07:55:56 +0000] "GET /wp-content/privday.php?pr1v=2f6f70742f777073697465732f677375646963652e64617461636f6e6e2e6e65742f77702d636f6e74656e74&pr1vd4yz_auto_r00t HTTP/1.1" 200 6128 "https://gsudice.dataconn.net/wp-content/privday.php?pr1v=2f6f70742f777073697465732f677375646963652e64617461636f6e6e2e6e65742f77702d636f6e74656e74&pr1vd4yz_auto_r00t" "Mozilla/5.0 (Linux; Android 10; K) AppleWebKit/537.36 (KHTML, like Gecko) Chrome/143.0.0.0 Mobile Safari/537.36"
114.10.10.7 - - [19/Dec/2025:07:55:57 +0000] "POST /wp-content/privday.php?pr1v=2f6f70742f777073697465732f677375646963652e64617461636f6e6e2e6e65742f77702d636f6e74656e74&pr1vd4yz_auto_r00t HTTP/1.1" 200 6149 "https://gsudice.dataconn.net/wp-content/privday.php?pr1v=2f6f70742f777073697465732f677375646963652e64617461636f6e6e2e6e65742f77702d636f6e74656e74&pr1vd4yz_auto_r00t" "Mozilla/5.0 (Linux; Android 10; K) AppleWebKit/537.36 (KHTML, like Gecko) Chrome/143.0.0.0 Mobile Safari/537.36"
114.10.10.7 - - [19/Dec/2025:07:55:59 +0000] "GET /wp-content/privday.php?action=get_tables HTTP/1.1" 200 7955 "https://gsudice.dataconn.net/wp-content/privday.php?pr1v=2f6f70742f777073697465732f677375646963652e64617461636f6e6e2e6e65742f77702d636f6e74656e74&pr1vd4yz_auto_r00t" "Mozilla/5.0 (Linux; Android 10; K) AppleWebKit/537.36 (KHTML, like Gecko) Chrome/143.0.0.0 Mobile Safari/537.36"
114.10.10.7 - - [19/Dec/2025:07:56:03 +0000] "GET /wp-content/privday.php?pr1v=2f6f70742f777073697465732f677375646963652e64617461636f6e6e2e6e65742f77702d636f6e74656e74&pr1vd4yz_auto_r00t HTTP/1.1" 200 6128 "https://gsudice.dataconn.net/wp-content/privday.php?pr1v=2f6f70742f777073697465732f677375646963652e64617461636f6e6e2e6e65742f77702d636f6e74656e74&pr1vd4yz_auto_r00t" "Mozilla/5.0 (Linux; Android 10; K) AppleWebKit/537.36 (KHTML, like Gecko) Chrome/143.0.0.0 Mobile Safari/537.36"
114.10.10.7 - - [19/Dec/2025:07:56:09 +0000] "GET /wp-content/privday.php?pr1v=2f6f70742f777073697465732f677375646963652e64617461636f6e6e2e6e65742f77702d636f6e74656e74&pr1vd4yz_auto_r00t HTTP/1.1" 200 6128 "https://gsudice.dataconn.net/wp-content/privday.php?pr1v=2f6f70742f777073697465732f677375646963652e64617461636f6e6e2e6e65742f77702d636f6e74656e74&pr1vd4yz_auto_r00t" "Mozilla/5.0 (Linux; Android 10; K) AppleWebKit/537.36 (KHTML, like Gecko) Chrome/143.0.0.0 Mobile Safari/537.36"
114.10.10.7 - - [19/Dec/2025:07:56:10 +0000] "POST /wp-content/privday.php?pr1v=2f6f70742f777073697465732f677375646963652e64617461636f6e6e2e6e65742f77702d636f6e74656e74&pr1vd4yz_auto_r00t HTTP/1.1" 200 6173 "https://gsudice.dataconn.net/wp-content/privday.php?pr1v=2f6f70742f777073697465732f677375646963652e64617461636f6e6e2e6e65742f77702d636f6e74656e74&pr1vd4yz_auto_r00t" "Mozilla/5.0 (Linux; Android 10; K) AppleWebKit/537.36 (KHTML, like Gecko) Chrome/143.0.0.0 Mobile Safari/537.36"
114.10.10.7 - - [19/Dec/2025:07:56:11 +0000] "GET /wp-content/privday.php?action=get_tables HTTP/1.1" 200 7955 "https://gsudice.dataconn.net/wp-content/privday.php?pr1v=2f6f70742f777073697465732f677375646963652e64617461636f6e6e2e6e65742f77702d636f6e74656e74&pr1vd4yz_auto_r00t" "Mozilla/5.0 (Linux; Android 10; K) AppleWebKit/537.36 (KHTML, like Gecko) Chrome/143.0.0.0 Mobile Safari/537.36"
114.10.10.7 - - [19/Dec/2025:07:56:16 +0000] "GET /wp-content/privday.php?pr1v=2f6f70742f777073697465732f677375646963652e64617461636f6e6e2e6e65742f77702d636f6e74656e74&pr1vd4yz_auto_r00t HTTP/1.1" 200 6128 "https://gsudice.dataconn.net/wp-content/privday.php?pr1v=2f6f70742f777073697465732f677375646963652e64617461636f6e6e2e6e65742f77702d636f6e74656e74&pr1vd4yz_auto_r00t" "Mozilla/5.0 (Linux; Android 10; K) AppleWebKit/537.36 (KHTML, like Gecko) Chrome/143.0.0.0 Mobile Safari/537.36"
114.10.10.7 - - [19/Dec/2025:07:56:22 +0000] "GET /wp-content/privday.php?pr1v=2f6f70742f777073697465732f677375646963652e64617461636f6e6e2e6e65742f77702d636f6e74656e74&pr1vd4yz_auto_r00t HTTP/1.1" 200 6128 "https://gsudice.dataconn.net/wp-content/privday.php?pr1v=2f6f70742f777073697465732f677375646963652e64617461636f6e6e2e6e65742f77702d636f6e74656e74&pr1vd4yz_auto_r00t" "Mozilla/5.0 (Linux; Android 10; K) AppleWebKit/537.36 (KHTML, like Gecko) Chrome/143.0.0.0 Mobile Safari/537.36"
114.10.10.7 - - [19/Dec/2025:07:56:26 +0000] "GET /wp-content/privday.php?pr1v=2f6f70742f777073697465732f677375646963652e64617461636f6e6e2e6e65742f77702d636f6e74656e74&pr1vd4yz_auto_r00t HTTP/1.1" 200 6128 "https://gsudice.dataconn.net/wp-content/privday.php?pr1v=2f6f70742f777073697465732f677375646963652e64617461636f6e6e2e6e65742f77702d636f6e74656e74&pr1vd4yz_auto_r00t" "Mozilla/5.0 (Linux; Android 10; K) AppleWebKit/537.36 (KHTML, like Gecko) Chrome/143.0.0.0 Mobile Safari/537.36"
114.10.10.7 - - [19/Dec/2025:07:56:29 +0000] "POST /wp-content/privday.php?pr1v=2f6f70742f777073697465732f677375646963652e64617461636f6e6e2e6e65742f77702d636f6e74656e74&pr1vd4yz_auto_r00t HTTP/1.1" 200 6147 "https://gsudice.dataconn.net/wp-content/privday.php?pr1v=2f6f70742f777073697465732f677375646963652e64617461636f6e6e2e6e65742f77702d636f6e74656e74&pr1vd4yz_auto_r00t" "Mozilla/5.0 (Linux; Android 10; K) AppleWebKit/537.36 (KHTML, like Gecko) Chrome/143.0.0.0 Mobile Safari/537.36"
114.10.10.7 - - [19/Dec/2025:07:56:31 +0000] "GET /wp-content/privday.php?pr1v=2f6f70742f777073697465732f677375646963652e64617461636f6e6e2e6e65742f77702d636f6e74656e74&pr1vd4yz_auto_r00t HTTP/1.1" 200 6128 "https://gsudice.dataconn.net/wp-content/privday.php?pr1v=2f6f70742f777073697465732f677375646963652e64617461636f6e6e2e6e65742f77702d636f6e74656e74&pr1vd4yz_auto_r00t" "Mozilla/5.0 (Linux; Android 10; K) AppleWebKit/537.36 (KHTML, like Gecko) Chrome/143.0.0.0 Mobile Safari/537.36"
114.10.10.7 - - [19/Dec/2025:07:56:33 +0000] "GET /wp-content/privday.php?action=get_tables HTTP/1.1" 200 7955 "https://gsudice.dataconn.net/wp-content/privday.php?pr1v=2f6f70742f777073697465732f677375646963652e64617461636f6e6e2e6e65742f77702d636f6e74656e74&pr1vd4yz_auto_r00t" "Mozilla/5.0 (Linux; Android 10; K) AppleWebKit/537.36 (KHTML, like Gecko) Chrome/143.0.0.0 Mobile Safari/537.36"
114.10.10.7 - - [19/Dec/2025:07:56:40 +0000] "GET /wp-content/privday.php?pr1v=2f6f70742f777073697465732f677375646963652e64617461636f6e6e2e6e65742f77702d636f6e74656e74&pr1vd4yz_auto_r00t HTTP/1.1" 200 6128 "https://gsudice.dataconn.net/wp-content/privday.php?pr1v=2f6f70742f777073697465732f677375646963652e64617461636f6e6e2e6e65742f77702d636f6e74656e74&pr1vd4yz_auto_r00t" "Mozilla/5.0 (Linux; Android 10; K) AppleWebKit/537.36 (KHTML, like Gecko) Chrome/143.0.0.0 Mobile Safari/537.36"
114.10.10.7 - - [19/Dec/2025:07:56:44 +0000] "GET /wp-content/privday.php?pr1v=2f6f70742f777073697465732f677375646963652e64617461636f6e6e2e6e65742f77702d636f6e74656e74&pr1vd4yz_auto_r00t HTTP/1.1" 200 6128 "https://gsudice.dataconn.net/wp-content/privday.php?pr1v=2f6f70742f777073697465732f677375646963652e64617461636f6e6e2e6e65742f77702d636f6e74656e74&pr1vd4yz_auto_r00t" "Mozilla/5.0 (Linux; Android 10; K) AppleWebKit/537.36 (KHTML, like Gecko) Chrome/143.0.0.0 Mobile Safari/537.36"
114.10.10.7 - - [19/Dec/2025:07:56:49 +0000] "GET /wp-content/privday.php?pr1v=2f6f70742f777073697465732f677375646963652e64617461636f6e6e2e6e65742f77702d636f6e74656e74&pr1vd4yz_auto_r00t HTTP/1.1" 200 6128 "https://gsudice.dataconn.net/wp-content/privday.php?pr1v=2f6f70742f777073697465732f677375646963652e64617461636f6e6e2e6e65742f77702d636f6e74656e74&pr1vd4yz_auto_r00t" "Mozilla/5.0 (Linux; Android 10; K) AppleWebKit/537.36 (KHTML, like Gecko) Chrome/143.0.0.0 Mobile Safari/537.36"
114.10.10.7 - - [19/Dec/2025:07:56:51 +0000] "GET /wp-content/privday.php?pr1v=2f6f70742f777073697465732f677375646963652e64617461636f6e6e2e6e65742f77702d636f6e74656e74&backconnect HTTP/1.1" 200 8637 "https://gsudice.dataconn.net/wp-content/privday.php?pr1v=2f6f70742f777073697465732f677375646963652e64617461636f6e6e2e6e65742f77702d636f6e74656e74&pr1vd4yz_auto_r00t" "Mozilla/5.0 (Linux; Android 10; K) AppleWebKit/537.36 (KHTML, like Gecko) Chrome/143.0.0.0 Mobile Safari/537.36"
114.10.10.7 - - [19/Dec/2025:07:56:53 +0000] "GET /wp-content/privday.php?pr1v=2f6f70742f777073697465732f677375646963652e64617461636f6e6e2e6e65742f77702d636f6e74656e74&pr1vd4yz_auto_r00t HTTP/1.1" 499 0 "https://gsudice.dataconn.net/wp-content/privday.php?pr1v=2f6f70742f777073697465732f677375646963652e64617461636f6e6e2e6e65742f77702d636f6e74656e74&pr1vd4yz_auto_r00t" "Mozilla/5.0 (Linux; Android 10; K) AppleWebKit/537.36 (KHTML, like Gecko) Chrome/143.0.0.0 Mobile Safari/537.36"
114.10.10.7 - - [19/Dec/2025:07:56:57 +0000] "GET /wp-content/privday.php?action=get_tables HTTP/1.1" 200 7955 "https://gsudice.dataconn.net/wp-content/privday.php?pr1v=2f6f70742f777073697465732f677375646963652e64617461636f6e6e2e6e65742f77702d636f6e74656e74&backconnect" "Mozilla/5.0 (Linux; Android 10; K) AppleWebKit/537.36 (KHTML, like Gecko) Chrome/143.0.0.0 Mobile Safari/537.36"
114.10.10.7 - - [19/Dec/2025:07:57:02 +0000] "GET /wp-content/privday.php?pr1v=2f6f70742f777073697465732f677375646963652e64617461636f6e6e2e6e65742f77702d636f6e74656e74&backconnect HTTP/1.1" 200 8637 "https://gsudice.dataconn.net/wp-content/privday.php?pr1v=2f6f70742f777073697465732f677375646963652e64617461636f6e6e2e6e65742f77702d636f6e74656e74&backconnect" "Mozilla/5.0 (Linux; Android 10; K) AppleWebKit/537.36 (KHTML, like Gecko) Chrome/143.0.0.0 Mobile Safari/537.36"
114.10.10.7 - - [19/Dec/2025:07:57:05 +0000] "GET /wp-content/privday.php?pr1v=2f6f70742f777073697465732f677375646963652e64617461636f6e6e2e6e65742f77702d636f6e74656e74&backconnect HTTP/1.1" 200 8637 "https://gsudice.dataconn.net/wp-content/privday.php?pr1v=2f6f70742f777073697465732f677375646963652e64617461636f6e6e2e6e65742f77702d636f6e74656e74&backconnect" "Mozilla/5.0 (Linux; Android 10; K) AppleWebKit/537.36 (KHTML, like Gecko) Chrome/143.0.0.0 Mobile Safari/537.36"
114.10.10.7 - - [19/Dec/2025:07:57:10 +0000] "GET /wp-content/privday.php?pr1v=2f6f70742f777073697465732f677375646963652e64617461636f6e6e2e6e65742f77702d636f6e74656e74&backconnect HTTP/1.1" 499 0 "https://gsudice.dataconn.net/wp-content/privday.php?pr1v=2f6f70742f777073697465732f677375646963652e64617461636f6e6e2e6e65742f77702d636f6e74656e74&backconnect" "Mozilla/5.0 (Linux; Android 10; K) AppleWebKit/537.36 (KHTML, like Gecko) Chrome/143.0.0.0 Mobile Safari/537.36"
114.10.10.7 - - [19/Dec/2025:07:59:31 +0000] "GET /wp-content/privday.php?pr1v=2f6f70742f777073697465732f677375646963652e64617461636f6e6e2e6e65742f77702d636f6e74656e74&backconnect HTTP/1.1" 200 8637 "https://gsudice.dataconn.net/wp-content/privday.php?pr1v=2f6f70742f777073697465732f677375646963652e64617461636f6e6e2e6e65742f77702d636f6e74656e74&pr1vd4yz_auto_r00t" "Mozilla/5.0 (Linux; Android 10; K) AppleWebKit/537.36 (KHTML, like Gecko) Chrome/143.0.0.0 Mobile Safari/537.36"
114.10.10.7 - - [19/Dec/2025:07:59:40 +0000] "GET /wp-content/privday.php?pr1v=2f6f70742f777073697465732f677375646963652e64617461636f6e6e2e6e65742f77702d636f6e74656e74&backconnect HTTP/1.1" 200 8637 "https://gsudice.dataconn.net/wp-content/privday.php?pr1v=2f6f70742f777073697465732f677375646963652e64617461636f6e6e2e6e65742f77702d636f6e74656e74&backconnect" "Mozilla/5.0 (Linux; Android 10; K) AppleWebKit/537.36 (KHTML, like Gecko) Chrome/143.0.0.0 Mobile Safari/537.36"
114.10.10.7 - - [19/Dec/2025:07:59:47 +0000] "GET /wp-content/privday.php?pr1v=2f6f70742f777073697465732f677375646963652e64617461636f6e6e2e6e65742f77702d636f6e74656e74&backconnect HTTP/1.1" 200 8637 "https://gsudice.dataconn.net/wp-content/privday.php?pr1v=2f6f70742f777073697465732f677375646963652e64617461636f6e6e2e6e65742f77702d636f6e74656e74&backconnect" "Mozilla/5.0 (Linux; Android 10; K) AppleWebKit/537.36 (KHTML, like Gecko) Chrome/143.0.0.0 Mobile Safari/537.36"
114.10.10.7 - - [19/Dec/2025:08:00:03 +0000] "GET /wp-content/privday.php?pr1v=2f6f70742f777073697465732f677375646963652e64617461636f6e6e2e6e65742f77702d636f6e74656e74&backconnect HTTP/1.1" 200 8637 "https://gsudice.dataconn.net/wp-content/privday.php?pr1v=2f6f70742f777073697465732f677375646963652e64617461636f6e6e2e6e65742f77702d636f6e74656e74&backconnect" "Mozilla/5.0 (Linux; Android 10; K) AppleWebKit/537.36 (KHTML, like Gecko) Chrome/143.0.0.0 Mobile Safari/537.36"
114.10.10.7 - - [19/Dec/2025:08:00:05 +0000] "GET /wp-content/privday.php?pr1v=2f6f70742f777073697465732f677375646963652e64617461636f6e6e2e6e65742f77702d636f6e74656e74&backconnect HTTP/1.1" 200 8637 "https://gsudice.dataconn.net/wp-content/privday.php?pr1v=2f6f70742f777073697465732f677375646963652e64617461636f6e6e2e6e65742f77702d636f6e74656e74&backconnect" "Mozilla/5.0 (Linux; Android 10; K) AppleWebKit/537.36 (KHTML, like Gecko) Chrome/143.0.0.0 Mobile Safari/537.36"
114.10.10.7 - - [19/Dec/2025:08:00:16 +0000] "GET /wp-content/privday.php?pr1v=2f6f70742f777073697465732f677375646963652e64617461636f6e6e2e6e65742f77702d636f6e74656e74&backconnect HTTP/1.1" 200 8637 "https://gsudice.dataconn.net/wp-content/privday.php?pr1v=2f6f70742f777073697465732f677375646963652e64617461636f6e6e2e6e65742f77702d636f6e74656e74&backconnect" "Mozilla/5.0 (Linux; Android 10; K) AppleWebKit/537.36 (KHTML, like Gecko) Chrome/143.0.0.0 Mobile Safari/537.36"
114.10.10.7 - - [19/Dec/2025:08:00:21 +0000] "GET /wp-content/privday.php?pr1v=2f6f70742f777073697465732f677375646963652e64617461636f6e6e2e6e65742f77702d636f6e74656e74&backconnect HTTP/1.1" 200 8637 "https://gsudice.dataconn.net/wp-content/privday.php?pr1v=2f6f70742f777073697465732f677375646963652e64617461636f6e6e2e6e65742f77702d636f6e74656e74&backconnect" "Mozilla/5.0 (Linux; Android 10; K) AppleWebKit/537.36 (KHTML, like Gecko) Chrome/143.0.0.0 Mobile Safari/537.36"
114.10.10.7 - - [19/Dec/2025:08:00:31 +0000] "GET /wp-content/privday.php?pr1v=2f6f70742f777073697465732f677375646963652e64617461636f6e6e2e6e65742f77702d636f6e74656e74&backconnect HTTP/1.1" 200 8637 "https://gsudice.dataconn.net/wp-content/privday.php?pr1v=2f6f70742f777073697465732f677375646963652e64617461636f6e6e2e6e65742f77702d636f6e74656e74&backconnect" "Mozilla/5.0 (Linux; Android 10; K) AppleWebKit/537.36 (KHTML, like Gecko) Chrome/143.0.0.0 Mobile Safari/537.36"
114.10.10.7 - - [19/Dec/2025:08:00:35 +0000] "GET /wp-content/privday.php?pr1v=2f6f70742f777073697465732f677375646963652e64617461636f6e6e2e6e65742f77702d636f6e74656e74&backconnect HTTP/1.1" 200 8637 "https://gsudice.dataconn.net/wp-content/privday.php?pr1v=2f6f70742f777073697465732f677375646963652e64617461636f6e6e2e6e65742f77702d636f6e74656e74&backconnect" "Mozilla/5.0 (Linux; Android 10; K) AppleWebKit/537.36 (KHTML, like Gecko) Chrome/143.0.0.0 Mobile Safari/537.36"
114.10.10.7 - - [19/Dec/2025:08:00:42 +0000] "GET /wp-content/privday.php?pr1v=2f6f70742f777073697465732f677375646963652e64617461636f6e6e2e6e65742f77702d636f6e74656e74&backconnect HTTP/1.1" 200 8637 "https://gsudice.dataconn.net/wp-content/privday.php?pr1v=2f6f70742f777073697465732f677375646963652e64617461636f6e6e2e6e65742f77702d636f6e74656e74&backconnect" "Mozilla/5.0 (Linux; Android 10; K) AppleWebKit/537.36 (KHTML, like Gecko) Chrome/143.0.0.0 Mobile Safari/537.36"
114.10.10.7 - - [19/Dec/2025:08:00:46 +0000] "GET /wp-content/privday.php?pr1v=2f6f70742f777073697465732f677375646963652e64617461636f6e6e2e6e65742f77702d636f6e74656e74&backconnect HTTP/1.1" 200 8637 "https://gsudice.dataconn.net/wp-content/privday.php?pr1v=2f6f70742f777073697465732f677375646963652e64617461636f6e6e2e6e65742f77702d636f6e74656e74&backconnect" "Mozilla/5.0 (Linux; Android 10; K) AppleWebKit/537.36 (KHTML, like Gecko) Chrome/143.0.0.0 Mobile Safari/537.36"
114.10.10.7 - - [19/Dec/2025:08:00:46 +0000] "GET /wp-content/privday.php?pr1v=2f6f70742f777073697465732f677375646963652e64617461636f6e6e2e6e65742f77702d636f6e74656e74&backconnect HTTP/1.1" 200 8637 "https://gsudice.dataconn.net/wp-content/privday.php?pr1v=2f6f70742f777073697465732f677375646963652e64617461636f6e6e2e6e65742f77702d636f6e74656e74&backconnect" "Mozilla/5.0 (Linux; Android 10; K) AppleWebKit/537.36 (KHTML, like Gecko) Chrome/143.0.0.0 Mobile Safari/537.36"
114.10.10.7 - - [19/Dec/2025:08:00:47 +0000] "GET /wp-content/privday.php?pr1v=2f6f70742f777073697465732f677375646963652e64617461636f6e6e2e6e65742f77702d636f6e74656e74&backconnect HTTP/1.1" 200 8637 "https://gsudice.dataconn.net/wp-content/privday.php?pr1v=2f6f70742f777073697465732f677375646963652e64617461636f6e6e2e6e65742f77702d636f6e74656e74&backconnect" "Mozilla/5.0 (Linux; Android 10; K) AppleWebKit/537.36 (KHTML, like Gecko) Chrome/143.0.0.0 Mobile Safari/537.36"
114.10.10.7 - - [19/Dec/2025:08:00:57 +0000] "GET /wp-content/privday.php?pr1v=2f6f70742f777073697465732f677375646963652e64617461636f6e6e2e6e65742f77702d636f6e74656e74&backconnect HTTP/1.1" 200 8637 "https://gsudice.dataconn.net/wp-content/privday.php?pr1v=2f6f70742f777073697465732f677375646963652e64617461636f6e6e2e6e65742f77702d636f6e74656e74&backconnect" "Mozilla/5.0 (Linux; Android 10; K) AppleWebKit/537.36 (KHTML, like Gecko) Chrome/143.0.0.0 Mobile Safari/537.36"
114.10.10.7 - - [19/Dec/2025:08:01:00 +0000] "GET /wp-content/privday.php?pr1v=2f6f70742f777073697465732f677375646963652e64617461636f6e6e2e6e65742f77702d636f6e74656e74&backconnect HTTP/1.1" 200 8637 "https://gsudice.dataconn.net/wp-content/privday.php?pr1v=2f6f70742f777073697465732f677375646963652e64617461636f6e6e2e6e65742f77702d636f6e74656e74&backconnect" "Mozilla/5.0 (Linux; Android 10; K) AppleWebKit/537.36 (KHTML, like Gecko) Chrome/143.0.0.0 Mobile Safari/537.36"
114.10.10.7 - - [19/Dec/2025:08:01:45 +0000] "GET /wp-content/privday.php?pr1v=2f6f70742f777073697465732f677375646963652e64617461636f6e6e2e6e65742f77702d636f6e74656e74&backconnect HTTP/1.1" 200 8637 "https://gsudice.dataconn.net/wp-content/privday.php?pr1v=2f6f70742f777073697465732f677375646963652e64617461636f6e6e2e6e65742f77702d636f6e74656e74&backconnect" "Mozilla/5.0 (Linux; Android 10; K) AppleWebKit/537.36 (KHTML, like Gecko) Chrome/143.0.0.0 Mobile Safari/537.36"
114.10.10.7 - - [19/Dec/2025:08:01:49 +0000] "GET /wp-content/privday.php?pr1v=2f6f70742f777073697465732f677375646963652e64617461636f6e6e2e6e65742f77702d636f6e74656e74&backconnect HTTP/1.1" 200 8637 "https://gsudice.dataconn.net/wp-content/privday.php?pr1v=2f6f70742f777073697465732f677375646963652e64617461636f6e6e2e6e65742f77702d636f6e74656e74&backconnect" "Mozilla/5.0 (Linux; Android 10; K) AppleWebKit/537.36 (KHTML, like Gecko) Chrome/143.0.0.0 Mobile Safari/537.36"
114.10.10.7 - - [19/Dec/2025:08:01:51 +0000] "GET /wp-content/privday.php?pr1v=2f6f70742f777073697465732f677375646963652e64617461636f6e6e2e6e65742f77702d636f6e74656e74&backconnect HTTP/1.1" 200 8637 "https://gsudice.dataconn.net/wp-content/privday.php?pr1v=2f6f70742f777073697465732f677375646963652e64617461636f6e6e2e6e65742f77702d636f6e74656e74&backconnect" "Mozilla/5.0 (Linux; Android 10; K) AppleWebKit/537.36 (KHTML, like Gecko) Chrome/143.0.0.0 Mobile Safari/537.36"
114.10.10.7 - - [19/Dec/2025:08:01:52 +0000] "GET /wp-content/privday.php?pr1v=2f6f70742f777073697465732f677375646963652e64617461636f6e6e2e6e65742f77702d636f6e74656e74&backconnect HTTP/1.1" 200 8637 "https://gsudice.dataconn.net/wp-content/privday.php?pr1v=2f6f70742f777073697465732f677375646963652e64617461636f6e6e2e6e65742f77702d636f6e74656e74&backconnect" "Mozilla/5.0 (Linux; Android 10; K) AppleWebKit/537.36 (KHTML, like Gecko) Chrome/143.0.0.0 Mobile Safari/537.36"
114.10.10.7 - - [19/Dec/2025:08:01:56 +0000] "GET /wp-content/minipas2.php?dir=%2F%2Fproc HTTP/1.1" 200 403768 "https://gsudice.dataconn.net/wp-content/minipas2.php?dir=%2F" "Mozilla/5.0 (Linux; Android 10; K) AppleWebKit/537.36 (KHTML, like Gecko) Chrome/143.0.0.0 Mobile Safari/537.36"
114.10.10.7 - - [19/Dec/2025:08:01:56 +0000] "GET /wp-content/privday.php?pr1v=2f6f70742f777073697465732f677375646963652e64617461636f6e6e2e6e65742f77702d636f6e74656e74&backconnect HTTP/1.1" 200 8637 "https://gsudice.dataconn.net/wp-content/privday.php?pr1v=2f6f70742f777073697465732f677375646963652e64617461636f6e6e2e6e65742f77702d636f6e74656e74&backconnect" "Mozilla/5.0 (Linux; Android 10; K) AppleWebKit/537.36 (KHTML, like Gecko) Chrome/143.0.0.0 Mobile Safari/537.36"
66.135.21.75 - - [19/Dec/2025:08:01:58 +0000] "POST /wp-cron.php?doing_wp_cron=1766131317.5198359489440917968750 HTTP/1.1" 499 0 "-" "WordPress/6.3.1; https://gsudice.dataconn.net"
43.153.135.208 - - [19/Dec/2025:08:01:58 +0000] "GET / HTTP/1.1" 200 115835 "http://gsudice.dataconn.net" "Mozilla/5.0 (iPhone; CPU iPhone OS 13_2_3 like Mac OS X) AppleWebKit/605.1.15 (KHTML, like Gecko) Version/13.0.3 Mobile/15E148 Safari/604.1"
114.10.10.7 - - [19/Dec/2025:08:01:59 +0000] "GET /wp-content/privday.php?pr1v=2f6f70742f777073697465732f677375646963652e64617461636f6e6e2e6e65742f77702d636f6e74656e74&backconnect HTTP/1.1" 200 8637 "https://gsudice.dataconn.net/wp-content/privday.php?pr1v=2f6f70742f777073697465732f677375646963652e64617461636f6e6e2e6e65742f77702d636f6e74656e74&backconnect" "Mozilla/5.0 (Linux; Android 10; K) AppleWebKit/537.36 (KHTML, like Gecko) Chrome/143.0.0.0 Mobile Safari/537.36"
114.10.10.7 - - [19/Dec/2025:08:01:59 +0000] "GET /wp-content/privday.php?pr1v=2f6f70742f777073697465732f677375646963652e64617461636f6e6e2e6e65742f77702d636f6e74656e74&backconnect HTTP/1.1" 200 8637 "https://gsudice.dataconn.net/wp-content/privday.php?pr1v=2f6f70742f777073697465732f677375646963652e64617461636f6e6e2e6e65742f77702d636f6e74656e74&backconnect" "Mozilla/5.0 (Linux; Android 10; K) AppleWebKit/537.36 (KHTML, like Gecko) Chrome/143.0.0.0 Mobile Safari/537.36"
114.10.10.7 - - [19/Dec/2025:08:02:02 +0000] "GET /wp-content/privday.php?pr1v=2f6f70742f777073697465732f677375646963652e64617461636f6e6e2e6e65742f77702d636f6e74656e74&backconnect HTTP/1.1" 200 8637 "https://gsudice.dataconn.net/wp-content/privday.php?pr1v=2f6f70742f777073697465732f677375646963652e64617461636f6e6e2e6e65742f77702d636f6e74656e74&backconnect" "Mozilla/5.0 (Linux; Android 10; K) AppleWebKit/537.36 (KHTML, like Gecko) Chrome/143.0.0.0 Mobile Safari/537.36"
114.10.10.7 - - [19/Dec/2025:08:02:59 +0000] "POST /wp-content/minipas2.php?dir=%2F%2Fproc HTTP/1.1" 200 405866 "https://gsudice.dataconn.net/wp-content/minipas2.php?dir=%2F%2Fproc" "Mozilla/5.0 (Linux; Android 10; K) AppleWebKit/537.36 (KHTML, like Gecko) Chrome/143.0.0.0 Mobile Safari/537.36"
114.10.10.7 - - [19/Dec/2025:08:03:05 +0000] "GET /wp-content/privday.php?pr1v=2f6f70742f777073697465732f677375646963652e64617461636f6e6e2e6e65742f77702d636f6e74656e74&backconnect HTTP/1.1" 504 578 "https://gsudice.dataconn.net/wp-content/privday.php?pr1v=2f6f70742f777073697465732f677375646963652e64617461636f6e6e2e6e65742f77702d636f6e74656e74&backconnect" "Mozilla/5.0 (Linux; Android 10; K) AppleWebKit/537.36 (KHTML, like Gecko) Chrome/143.0.0.0 Mobile Safari/537.36"
114.10.10.7 - - [19/Dec/2025:08:03:08 +0000] "GET /wp-content/privday.php?pr1v=2f6f70742f777073697465732f677375646963652e64617461636f6e6e2e6e65742f77702d636f6e74656e74&backconnect HTTP/1.1" 200 8637 "https://gsudice.dataconn.net/wp-content/privday.php?pr1v=2f6f70742f777073697465732f677375646963652e64617461636f6e6e2e6e65742f77702d636f6e74656e74&backconnect" "Mozilla/5.0 (Linux; Android 10; K) AppleWebKit/537.36 (KHTML, like Gecko) Chrome/143.0.0.0 Mobile Safari/537.36"
114.10.10.7 - - [19/Dec/2025:08:03:08 +0000] "GET /wp-content/privday.php?pr1v=2f6f70742f777073697465732f677375646963652e64617461636f6e6e2e6e65742f77702d636f6e74656e74&backconnect HTTP/1.1" 200 8637 "https://gsudice.dataconn.net/wp-content/privday.php?pr1v=2f6f70742f777073697465732f677375646963652e64617461636f6e6e2e6e65742f77702d636f6e74656e74&backconnect" "Mozilla/5.0 (Linux; Android 10; K) AppleWebKit/537.36 (KHTML, like Gecko) Chrome/143.0.0.0 Mobile Safari/537.36"
66.135.21.75 - - [19/Dec/2025:08:35:36 +0000] "POST /wp-cron.php?doing_wp_cron=1766133335.7013859748840332031250 HTTP/1.1" 499 0 "-" "WordPress/6.3.1; https://gsudice.dataconn.net"
74.7.228.8 - - [19/Dec/2025:08:35:36 +0000] "GET /robots.txt HTTP/1.1" 301 5 "-" "Mozilla/5.0 (Macintosh; Intel Mac OS X 10_15_7) AppleWebKit/537.36 (KHTML, like Gecko) Chrome/131.0.0.0 Safari/537.36; compatible; OAI-SearchBot/1.3; robots.txt; +https://openai.com/searchbot"
74.7.228.8 - - [19/Dec/2025:08:35:37 +0000] "GET /robots.txt/ HTTP/1.1" 200 115835 "https://gsudice.dataconn.net/robots.txt" "Mozilla/5.0 (Macintosh; Intel Mac OS X 10_15_7) AppleWebKit/537.36 (KHTML, like Gecko) Chrome/131.0.0.0 Safari/537.36; compatible; OAI-SearchBot/1.3; robots.txt; +https://openai.com/searchbot"
66.135.21.75 - - [19/Dec/2025:08:39:27 +0000] "POST /wp-cron.php?doing_wp_cron=1766133566.7332909107208251953125 HTTP/1.1" 499 0 "-" "WordPress/6.3.1; https://gsudice.dataconn.net"
66.249.77.229 - - [19/Dec/2025:08:39:27 +0000] "GET /?page_id=185 HTTP/1.1" 200 18119 "-" "Mozilla/5.0 (Linux; Android 6.0.1; Nexus 5X Build/MMB29P) AppleWebKit/537.36 (KHTML, like Gecko) Chrome/141.0.7390.122 Mobile Safari/537.36 (compatible; Googlebot/2.1; +http://www.google.com/bot.html)"
66.249.77.229 - - [19/Dec/2025:08:39:28 +0000] "GET /?page_id=608 HTTP/1.1" 200 21854 "-" "Mozilla/5.0 (Linux; Android 6.0.1; Nexus 5X Build/MMB29P) AppleWebKit/537.36 (KHTML, like Gecko) Chrome/141.0.7390.122 Mobile Safari/537.36 (compatible; Googlebot/2.1; +http://www.google.com/bot.html)"
66.135.21.75 - - [19/Dec/2025:09:08:17 +0000] "POST /wp-cron.php?doing_wp_cron=1766135296.0434229373931884765625 HTTP/1.1" 499 0 "-" "WordPress/6.3.1; https://gsudice.dataconn.net"
74.7.228.8 - - [19/Dec/2025:09:08:17 +0000] "GET /robots.txt HTTP/1.1" 301 5 "-" "Mozilla/5.0 (Macintosh; Intel Mac OS X 10_15_7) AppleWebKit/537.36 (KHTML, like Gecko) Chrome/131.0.0.0 Safari/537.36; compatible; OAI-SearchBot/1.3; robots.txt; +https://openai.com/searchbot"
74.7.228.8 - - [19/Dec/2025:09:08:17 +0000] "GET /robots.txt/ HTTP/1.1" 200 115835 "https://gsudice.dataconn.net/robots.txt" "Mozilla/5.0 (Macintosh; Intel Mac OS X 10_15_7) AppleWebKit/537.36 (KHTML, like Gecko) Chrome/131.0.0.0 Safari/537.36; compatible; OAI-SearchBot/1.3; robots.txt; +https://openai.com/searchbot"
66.135.21.75 - - [19/Dec/2025:09:13:59 +0000] "POST /wp-cron.php?doing_wp_cron=1766135638.5140750408172607421875 HTTP/1.1" 499 0 "-" "WordPress/6.3.1; https://gsudice.dataconn.net"
107.172.195.100 - - [19/Dec/2025:09:13:59 +0000] "GET / HTTP/1.1" 200 115835 "-" "Mozilla/5.0 (Windows NT 10.0; Win64; x64) AppleWebKit/537.36 (KHTML, like Gecko) Chrome/117.0.0.0 Safari/537.36"
104.164.173.98 - - [19/Dec/2025:09:14:00 +0000] "GET / HTTP/1.1" 200 115835 "-" "Mozilla/5.0 (X11; Linux x86_64) AppleWebKit/537.36 (KHTML, like Gecko) Chrome/116.0.0.0 Safari/537.36"
66.135.21.75 - - [19/Dec/2025:09:14:24 +0000] "POST /wp-cron.php?doing_wp_cron=1766135663.5143470764160156250000 HTTP/1.1" 499 0 "-" "WordPress/6.3.1; https://gsudice.dataconn.net"
104.164.173.98 - - [19/Dec/2025:09:14:24 +0000] "GET / HTTP/1.1" 200 115835 "-" "Mozilla/5.0 (X11; Linux x86_64) AppleWebKit/537.36 (KHTML, like Gecko) Chrome/117.0.0.0 Safari/537.36"
66.135.21.75 - - [19/Dec/2025:09:51:27 +0000] "POST /wp-cron.php?doing_wp_cron=1766137886.4450960159301757812500 HTTP/1.1" 499 0 "-" "WordPress/6.3.1; https://gsudice.dataconn.net"
150.109.12.53 - - [19/Dec/2025:09:51:27 +0000] "GET /robots.txt HTTP/1.1" 301 5 "-" "Mozilla/5.0 (X11; Linux x86_64) AppleWebKit/537.36 (KHTML, like Gecko) Chrome/123.0.0.0 Safari/537.36"
66.135.21.75 - - [19/Dec/2025:09:51:30 +0000] "GET / HTTP/1.1" 200 115835 "-" "WordPress/6.3.1; https://gsudice.dataconn.net"
129.226.197.201 - - [19/Dec/2025:09:51:31 +0000] "GET /robots.txt HTTP/1.1" 301 5 "-" "Mozilla/5.0 (X11; Linux x86_64) AppleWebKit/537.36 (KHTML, like Gecko) Chrome/123.0.0.0 Safari/537.36"
150.109.12.53 - - [19/Dec/2025:09:51:33 +0000] "GET /robots.txt/ HTTP/1.1" 200 115835 "-" "Mozilla/5.0 (X11; Linux x86_64) AppleWebKit/537.36 (KHTML, like Gecko) Chrome/123.0.0.0 Safari/537.36"
66.135.21.75 - - [19/Dec/2025:09:52:17 +0000] "POST /wp-cron.php?doing_wp_cron=1766137936.7857789993286132812500 HTTP/1.1" 499 0 "-" "WordPress/6.3.1; https://gsudice.dataconn.net"
43.173.175.25 - - [19/Dec/2025:09:52:17 +0000] "GET /?page_id=1573 HTTP/1.1" 200 17951 "-" "Mozilla/5.0 (Windows NT 6.1; Win64; x64) AppleWebKit/537.36 (KHTML, like Gecko) Chrome/126.0.6478.114 Safari/537.36"
66.135.21.75 - - [19/Dec/2025:10:31:04 +0000] "POST /wp-cron.php?doing_wp_cron=1766140264.2735960483551025390625 HTTP/1.1" 200 31 "-" "WordPress/6.3.1; https://gsudice.dataconn.net"
47.128.63.135 - - [19/Dec/2025:10:31:04 +0000] "GET /4:40%20PM%20%20%20%20%20%20%20https:/www.linkedin.com/in/mdraiyanhaque/ HTTP/1.1" 200 115835 "-" "Mozilla/5.0 (Linux; Android 5.0) AppleWebKit/537.36 (KHTML, like Gecko) Mobile Safari/537.36 (compatible; Bytespider; spider-feedback@bytedance.com)"
66.135.21.75 - - [19/Dec/2025:10:31:46 +0000] "POST /wp-cron.php?doing_wp_cron=1766140306.5385160446166992187500 HTTP/1.1" 200 31 "-" "WordPress/6.3.1; https://gsudice.dataconn.net"
47.128.43.236 - - [19/Dec/2025:10:31:46 +0000] "GET /robots.txt HTTP/1.1" 301 5 "-" "Mozilla/5.0 (Linux; Android 5.0) AppleWebKit/537.36 (KHTML, like Gecko) Mobile Safari/537.36 (compatible; Bytespider; spider-feedback@bytedance.com)"
47.128.43.236 - - [19/Dec/2025:10:31:52 +0000] "GET /robots.txt/ HTTP/1.1" 200 115835 "-" "Mozilla/5.0 (Linux; Android 5.0) AppleWebKit/537.36 (KHTML, like Gecko) Mobile Safari/537.36 (compatible; Bytespider; spider-feedback@bytedance.com)"
66.135.21.75 - - [19/Dec/2025:10:33:32 +0000] "POST /wp-cron.php?doing_wp_cron=1766140412.3131229877471923828125 HTTP/1.1" 200 31 "-" "WordPress/6.3.1; https://gsudice.dataconn.net"
47.128.59.63 - - [19/Dec/2025:10:33:32 +0000] "GET /robots.txt HTTP/1.1" 301 5 "-" "Mozilla/5.0 (Linux; Android 5.0) AppleWebKit/537.36 (KHTML, like Gecko) Mobile Safari/537.36 (compatible; Bytespider; spider-feedback@bytedance.com)"
47.128.59.63 - - [19/Dec/2025:10:33:33 +0000] "GET /robots.txt/ HTTP/1.1" 200 115835 "-" "Mozilla/5.0 (Linux; Android 5.0) AppleWebKit/537.36 (KHTML, like Gecko) Mobile Safari/537.36 (compatible; Bytespider; spider-feedback@bytedance.com)"
114.119.143.114 - - [19/Dec/2025:10:33:51 +0000] "GET /?page_id=449 HTTP/1.1" 200 18018 "https://gsudice.dataconn.net/?page_id=449" "Mozilla/5.0 (Linux; Android 7.0;) AppleWebKit/537.36 (KHTML, like Gecko) Mobile Safari/537.36 (compatible; PetalBot;+https://webmaster.petalsearch.com/site/petalbot)"
66.135.21.75 - - [19/Dec/2025:10:43:55 +0000] "POST /wp-cron.php?doing_wp_cron=1766141034.9279949665069580078125 HTTP/1.1" 499 0 "-" "WordPress/6.3.1; https://gsudice.dataconn.net"
44.243.89.192 - - [19/Dec/2025:10:43:55 +0000] "GET /robots.txt HTTP/1.1" 301 5 "-" "Mozilla/5.0 (compatible; wpbot/1.3; +https://forms.gle/ajBaxygz9jSR8p8G9)"
44.243.89.192 - - [19/Dec/2025:10:43:56 +0000] "GET /enhancecp HTTP/1.1" 301 5 "-" "Mozilla/5.0 (compatible; wpbot/1.3; +https://forms.gle/ajBaxygz9jSR8p8G9)"
66.135.21.75 - - [19/Dec/2025:11:45:33 +0000] "POST /wp-cron.php?doing_wp_cron=1766144732.5494260787963867187500 HTTP/1.1" 499 0 "-" "WordPress/6.3.1; https://gsudice.dataconn.net"
140.245.127.44 - - [19/Dec/2025:11:45:33 +0000] "GET /wp-login.php HTTP/1.1" 200 2168 "https://www.google.com/search?q=wordpress" "Mozilla/5.0 (X11; Ubuntu; Linux x86_64) AppleWebKit/537.36 (KHTML, like Gecko) Chrome/118.0.0.0 Safari/537.36"
140.245.127.44 - - [19/Dec/2025:11:45:38 +0000] "GET /?author=1 HTTP/1.1" 499 0 "https://www.bing.com/" "Mozilla/5.0 (X11; Linux x86_64) AppleWebKit/537.36 (KHTML, like Gecko) Chrome/118.0.0.0 Safari/537.36"
140.245.127.44 - - [19/Dec/2025:11:45:42 +0000] "GET /wp-json/wp/v2/users HTTP/1.1" 301 5 "https://www.google.com/search?q=wordpress" "Mozilla/5.0 (Macintosh; Intel Mac OS X 13_6_1) AppleWebKit/537.36 (KHTML, like Gecko) Chrome/121.0.0.0 Safari/537.36"
140.245.127.44 - - [19/Dec/2025:11:45:45 +0000] "GET /wp-json/wp/v2/users/ HTTP/1.1" 200 115835 "https://www.google.com/search?q=wordpress" "Mozilla/5.0 (Macintosh; Intel Mac OS X 13_6_1) AppleWebKit/537.36 (KHTML, like Gecko) Chrome/121.0.0.0 Safari/537.36"
140.245.127.44 - - [19/Dec/2025:11:45:46 +0000] "GET / HTTP/1.1" 200 115835 "-" "Mozilla/5.0 (Windows NT 10.0; Win64; x64) AppleWebKit/537.36 (KHTML, like Gecko) Chrome/120.0.0.0 Safari/537.36"
140.245.127.44 - - [19/Dec/2025:11:45:47 +0000] "POST /wp-login.php HTTP/1.1" 200 2344 "https://gsudice.dataconn.net/wp-login.php" "Mozilla/5.0 (Windows NT 10.0; Win64; x64) AppleWebKit/537.36 (KHTML, like Gecko) Chrome/118.0.0.0 Safari/537.36"
140.245.127.44 - - [19/Dec/2025:11:45:48 +0000] "GET /wp-admin/index.php HTTP/1.1" 302 5 "https://gsudice.dataconn.net/wp-login.php" "Mozilla/5.0 (Windows NT 10.0; Win64; x64; rv:121.0) Gecko/20100101 Firefox/121.0"
140.245.127.44 - - [19/Dec/2025:11:45:49 +0000] "GET /wp-login.php?redirect_to=https%3A%2F%2Fgsudice.dataconn.net%2Fwp-admin%2Findex.php&reauth=1 HTTP/1.1" 200 2179 "https://gsudice.dataconn.net/wp-login.php" "Mozilla/5.0 (Windows NT 10.0; Win64; x64; rv:121.0) Gecko/20100101 Firefox/121.0"
140.245.127.44 - - [19/Dec/2025:11:45:50 +0000] "POST /wp-login.php HTTP/1.1" 200 2334 "https://gsudice.dataconn.net/wp-login.php" "Mozilla/5.0 (Macintosh; Intel Mac OS X 13_6_1; rv:118.0) Gecko/20100101 Firefox/118.0"
140.245.127.44 - - [19/Dec/2025:11:45:52 +0000] "GET /wp-admin/index.php HTTP/1.1" 302 5 "https://gsudice.dataconn.net/wp-login.php" "Mozilla/5.0 (X11; Ubuntu; Linux x86_64) AppleWebKit/537.36 (KHTML, like Gecko) Chrome/118.0.0.0 Safari/537.36"
140.245.127.44 - - [19/Dec/2025:11:45:55 +0000] "GET /wp-login.php?redirect_to=https%3A%2F%2Fgsudice.dataconn.net%2Fwp-admin%2Findex.php&reauth=1 HTTP/1.1" 200 2179 "https://gsudice.dataconn.net/wp-login.php" "Mozilla/5.0 (X11; Ubuntu; Linux x86_64) AppleWebKit/537.36 (KHTML, like Gecko) Chrome/118.0.0.0 Safari/537.36"
140.245.127.44 - - [19/Dec/2025:11:45:57 +0000] "POST /wp-login.php HTTP/1.1" 200 2335 "https://gsudice.dataconn.net/wp-login.php" "Mozilla/5.0 (Macintosh; Intel Mac OS X 13_6_1) AppleWebKit/537.36 (KHTML, like Gecko) Chrome/118.0.0.0 Safari/537.36"
66.135.21.75 - - [19/Dec/2025:11:46:00 +0000] "POST /wp-cron.php?doing_wp_cron=1766144759.3355150222778320312500 HTTP/1.1" 499 0 "-" "WordPress/6.3.1; https://gsudice.dataconn.net"
140.245.127.44 - - [19/Dec/2025:11:46:00 +0000] "GET /wp-admin/index.php HTTP/1.1" 302 5 "https://gsudice.dataconn.net/wp-login.php" "Mozilla/5.0 (Macintosh; Intel Mac OS X 10_15_7) AppleWebKit/537.36 (KHTML, like Gecko) Chrome/120.0.0.0 Safari/537.36"
140.245.127.44 - - [19/Dec/2025:11:46:03 +0000] "GET /wp-login.php?redirect_to=https%3A%2F%2Fgsudice.dataconn.net%2Fwp-admin%2Findex.php&reauth=1 HTTP/1.1" 200 2179 "https://gsudice.dataconn.net/wp-login.php" "Mozilla/5.0 (Macintosh; Intel Mac OS X 10_15_7) AppleWebKit/537.36 (KHTML, like Gecko) Chrome/120.0.0.0 Safari/537.36"
140.245.127.44 - - [19/Dec/2025:11:46:06 +0000] "POST /wp-login.php HTTP/1.1" 200 2337 "https://gsudice.dataconn.net/wp-login.php" "Mozilla/5.0 (Macintosh; Intel Mac OS X 13_6_1) AppleWebKit/605.1.15 (KHTML, like Gecko) Version/16.6 Safari/605.1.15"
140.245.127.44 - - [19/Dec/2025:11:46:09 +0000] "GET /wp-admin/index.php HTTP/1.1" 302 5 "https://gsudice.dataconn.net/wp-login.php" "Mozilla/5.0 (X11; Linux x86_64) AppleWebKit/537.36 (KHTML, like Gecko) Chrome/118.0.0.0 Safari/537.36"
66.135.21.75 - - [19/Dec/2025:11:46:13 +0000] "POST /wp-cron.php?doing_wp_cron=1766144772.2976579666137695312500 HTTP/1.1" 499 0 "-" "WordPress/6.3.1; https://gsudice.dataconn.net"
140.245.127.44 - - [19/Dec/2025:11:46:13 +0000] "GET /wp-login.php?redirect_to=https%3A%2F%2Fgsudice.dataconn.net%2Fwp-admin%2Findex.php&reauth=1 HTTP/1.1" 200 2179 "https://gsudice.dataconn.net/wp-login.php" "Mozilla/5.0 (X11; Linux x86_64) AppleWebKit/537.36 (KHTML, like Gecko) Chrome/118.0.0.0 Safari/537.36"
140.245.127.44 - - [19/Dec/2025:11:46:17 +0000] "POST /wp-login.php HTTP/1.1" 200 2337 "https://gsudice.dataconn.net/wp-login.php" "Mozilla/5.0 (Macintosh; Intel Mac OS X 10_15_7; rv:120.0) Gecko/20100101 Firefox/120.0"
140.245.127.44 - - [19/Dec/2025:11:46:20 +0000] "GET /wp-admin/index.php HTTP/1.1" 302 5 "https://gsudice.dataconn.net/wp-login.php" "Mozilla/5.0 (Macintosh; Intel Mac OS X 10_15_7) AppleWebKit/537.36 (KHTML, like Gecko) Chrome/121.0.0.0 Safari/537.36"
140.245.127.44 - - [19/Dec/2025:11:46:23 +0000] "GET /wp-login.php?redirect_to=https%3A%2F%2Fgsudice.dataconn.net%2Fwp-admin%2Findex.php&reauth=1 HTTP/1.1" 200 2179 "https://gsudice.dataconn.net/wp-login.php" "Mozilla/5.0 (Macintosh; Intel Mac OS X 10_15_7) AppleWebKit/537.36 (KHTML, like Gecko) Chrome/121.0.0.0 Safari/537.36"
140.245.127.44 - - [19/Dec/2025:11:46:27 +0000] "POST /wp-login.php HTTP/1.1" 200 2335 "https://gsudice.dataconn.net/wp-login.php" "Mozilla/5.0 (Macintosh; Intel Mac OS X 10_15_7) AppleWebKit/537.36 (KHTML, like Gecko) Chrome/120.0.0.0 Safari/537.36"
140.245.127.44 - - [19/Dec/2025:11:46:31 +0000] "GET /wp-admin/index.php HTTP/1.1" 302 5 "https://gsudice.dataconn.net/wp-login.php" "Mozilla/5.0 (X11; Ubuntu; Linux x86_64) AppleWebKit/537.36 (KHTML, like Gecko) Chrome/119.0.0.0 Safari/537.36"
140.245.127.44 - - [19/Dec/2025:11:46:34 +0000] "GET /wp-login.php?redirect_to=https%3A%2F%2Fgsudice.dataconn.net%2Fwp-admin%2Findex.php&reauth=1 HTTP/1.1" 200 2179 "https://gsudice.dataconn.net/wp-login.php" "Mozilla/5.0 (X11; Ubuntu; Linux x86_64) AppleWebKit/537.36 (KHTML, like Gecko) Chrome/119.0.0.0 Safari/537.36"
140.245.127.44 - - [19/Dec/2025:11:46:35 +0000] "POST /wp-login.php HTTP/1.1" 200 2343 "https://gsudice.dataconn.net/wp-login.php" "Mozilla/5.0 (Windows NT 11.0; Win64; x64; rv:119.0) Gecko/20100101 Firefox/119.0"
140.245.127.44 - - [19/Dec/2025:11:46:37 +0000] "GET /wp-admin/index.php HTTP/1.1" 302 5 "https://gsudice.dataconn.net/wp-login.php" "Mozilla/5.0 (Windows NT 10.0; Win64; x64) AppleWebKit/537.36 (KHTML, like Gecko) Chrome/119.0.0.0 Safari/537.36"
140.245.127.44 - - [19/Dec/2025:11:46:39 +0000] "GET /wp-login.php?redirect_to=https%3A%2F%2Fgsudice.dataconn.net%2Fwp-admin%2Findex.php&reauth=1 HTTP/1.1" 200 2179 "https://gsudice.dataconn.net/wp-login.php" "Mozilla/5.0 (Windows NT 10.0; Win64; x64) AppleWebKit/537.36 (KHTML, like Gecko) Chrome/119.0.0.0 Safari/537.36"
140.245.127.44 - - [19/Dec/2025:11:46:40 +0000] "POST /wp-login.php HTTP/1.1" 200 2338 "https://gsudice.dataconn.net/wp-login.php" "Mozilla/5.0 (Macintosh; Intel Mac OS X 10_15_7) AppleWebKit/537.36 (KHTML, like Gecko) Chrome/119.0.0.0 Safari/537.36"
140.245.127.44 - - [19/Dec/2025:11:46:41 +0000] "GET /wp-admin/index.php HTTP/1.1" 302 5 "https://gsudice.dataconn.net/wp-login.php" "Mozilla/5.0 (Windows NT 10.0; Win64; x64; rv:119.0) Gecko/20100101 Firefox/119.0"
140.245.127.44 - - [19/Dec/2025:11:46:42 +0000] "GET /wp-login.php?redirect_to=https%3A%2F%2Fgsudice.dataconn.net%2Fwp-admin%2Findex.php&reauth=1 HTTP/1.1" 200 2179 "https://gsudice.dataconn.net/wp-login.php" "Mozilla/5.0 (Windows NT 10.0; Win64; x64; rv:119.0) Gecko/20100101 Firefox/119.0"
140.245.127.44 - - [19/Dec/2025:11:46:44 +0000] "POST /wp-login.php HTTP/1.1" 200 2271 "https://gsudice.dataconn.net/wp-login.php" "Mozilla/5.0 (Windows NT 10.0; Win64; x64; rv:119.0) Gecko/20100101 Firefox/119.0"
140.245.127.44 - - [19/Dec/2025:11:46:46 +0000] "GET /wp-admin/index.php HTTP/1.1" 302 5 "https://gsudice.dataconn.net/wp-login.php" "Mozilla/5.0 (Windows NT 11.0; Win64; x64; rv:120.0) Gecko/20100101 Firefox/120.0"
140.245.127.44 - - [19/Dec/2025:11:46:48 +0000] "GET /wp-login.php?redirect_to=https%3A%2F%2Fgsudice.dataconn.net%2Fwp-admin%2Findex.php&reauth=1 HTTP/1.1" 200 2179 "https://gsudice.dataconn.net/wp-login.php" "Mozilla/5.0 (Windows NT 11.0; Win64; x64; rv:120.0) Gecko/20100101 Firefox/120.0"
140.245.127.44 - - [19/Dec/2025:11:46:53 +0000] "POST /wp-login.php HTTP/1.1" 200 2334 "https://gsudice.dataconn.net/wp-login.php" "Mozilla/5.0 (Macintosh; Intel Mac OS X 13_6_1) AppleWebKit/605.1.15 (KHTML, like Gecko) Version/17.1 Safari/605.1.15"
140.245.127.44 - - [19/Dec/2025:11:46:57 +0000] "GET /wp-admin/index.php HTTP/1.1" 302 5 "https://gsudice.dataconn.net/wp-login.php" "Mozilla/5.0 (Macintosh; Intel Mac OS X 13_6_1) AppleWebKit/605.1.15 (KHTML, like Gecko) Version/17.2 Safari/605.1.15"
66.135.21.75 - - [19/Dec/2025:11:47:01 +0000] "POST /wp-cron.php?doing_wp_cron=1766144820.3497660160064697265625 HTTP/1.1" 499 0 "-" "WordPress/6.3.1; https://gsudice.dataconn.net"
140.245.127.44 - - [19/Dec/2025:11:47:01 +0000] "GET /wp-login.php?redirect_to=https%3A%2F%2Fgsudice.dataconn.net%2Fwp-admin%2Findex.php&reauth=1 HTTP/1.1" 200 2179 "https://gsudice.dataconn.net/wp-login.php" "Mozilla/5.0 (Macintosh; Intel Mac OS X 13_6_1) AppleWebKit/605.1.15 (KHTML, like Gecko) Version/17.2 Safari/605.1.15"
140.245.127.44 - - [19/Dec/2025:11:47:06 +0000] "POST /wp-login.php HTTP/1.1" 200 2339 "https://gsudice.dataconn.net/wp-login.php" "Mozilla/5.0 (Windows NT 11.0; Win64; x64; rv:120.0) Gecko/20100101 Firefox/120.0"
140.245.127.44 - - [19/Dec/2025:11:47:10 +0000] "GET /wp-admin/index.php HTTP/1.1" 302 5 "https://gsudice.dataconn.net/wp-login.php" "Mozilla/5.0 (Windows NT 11.0; Win64; x64; rv:119.0) Gecko/20100101 Firefox/119.0"
66.135.21.75 - - [19/Dec/2025:11:47:13 +0000] "POST /wp-cron.php?doing_wp_cron=1766144832.1981580257415771484375 HTTP/1.1" 200 31 "-" "WordPress/6.3.1; https://gsudice.dataconn.net"
140.245.127.44 - - [19/Dec/2025:11:47:13 +0000] "GET /wp-login.php?redirect_to=https%3A%2F%2Fgsudice.dataconn.net%2Fwp-admin%2Findex.php&reauth=1 HTTP/1.1" 200 2179 "https://gsudice.dataconn.net/wp-login.php" "Mozilla/5.0 (Windows NT 11.0; Win64; x64; rv:119.0) Gecko/20100101 Firefox/119.0"
140.245.127.44 - - [19/Dec/2025:11:47:14 +0000] "POST /wp-login.php HTTP/1.1" 200 2271 "https://gsudice.dataconn.net/wp-login.php" "Mozilla/5.0 (Windows NT 11.0; Win64; x64) AppleWebKit/537.36 (KHTML, like Gecko) Chrome/120.0.0.0 Safari/537.36"
140.245.127.44 - - [19/Dec/2025:11:47:14 +0000] "GET /wp-admin/index.php HTTP/1.1" 302 5 "https://gsudice.dataconn.net/wp-login.php" "Mozilla/5.0 (Macintosh; Intel Mac OS X 10_15_7) AppleWebKit/605.1.15 (KHTML, like Gecko) Version/17.0 Safari/605.1.15"
140.245.127.44 - - [19/Dec/2025:11:47:15 +0000] "GET /wp-login.php?redirect_to=https%3A%2F%2Fgsudice.dataconn.net%2Fwp-admin%2Findex.php&reauth=1 HTTP/1.1" 200 2179 "https://gsudice.dataconn.net/wp-login.php" "Mozilla/5.0 (Macintosh; Intel Mac OS X 10_15_7) AppleWebKit/605.1.15 (KHTML, like Gecko) Version/17.0 Safari/605.1.15"
140.245.127.44 - - [19/Dec/2025:11:47:16 +0000] "POST /wp-login.php HTTP/1.1" 200 2271 "https://gsudice.dataconn.net/wp-login.php" "Mozilla/5.0 (Windows NT 10.0; Win64; x64) AppleWebKit/537.36 (KHTML, like Gecko) Chrome/119.0.0.0 Safari/537.36"
140.245.127.44 - - [19/Dec/2025:11:47:16 +0000] "GET /wp-admin/index.php HTTP/1.1" 302 5 "https://gsudice.dataconn.net/wp-login.php" "Mozilla/5.0 (Macintosh; Intel Mac OS X 10_15_7) AppleWebKit/605.1.15 (KHTML, like Gecko) Version/17.2 Safari/605.1.15"
