57.141.0.44 - - [20/Dec/2025:01:02:23 +0000] "GET /2025/03/07/page/6/?fileloc=//sys/class/pci_bus/0000:06/subsystem/0000:13/subsystem/0000:06/subsystem/0000:10/subsystem/0000:10/device/vendor&path=//sys/class/pci_bus/0000:06/subsystem/0000:13/subsystem/0000:06/subsystem/0000:10/subsystem/0000:10/device HTTP/1.1" 200 276788 "-" "meta-externalagent/1.1 (+https://developers.facebook.com/docs/sharing/webmasters/crawler)"
45.154.98.70 - - [20/Dec/2025:01:02:23 +0000] "POST //xmlrpc.php HTTP/1.1" 200 7676 "-" "Mozilla/5.0 (Windows NT 10.0; Win64; x64) AppleWebKit/537.36 (KHTML, like Gecko) Chrome/78.0.3904.108 Safari/537.36"
45.154.98.70 - - [20/Dec/2025:01:02:23 +0000] "POST //xmlrpc.php HTTP/1.1" 200 7676 "-" "Mozilla/5.0 (Windows NT 10.0; Win64; x64) AppleWebKit/537.36 (KHTML, like Gecko) Chrome/78.0.3904.108 Safari/537.36"
45.154.98.70 - - [20/Dec/2025:01:02:24 +0000] "POST //xmlrpc.php HTTP/1.1" 200 7682 "-" "Mozilla/5.0 (Windows NT 10.0; Win64; x64) AppleWebKit/537.36 (KHTML, like Gecko) Chrome/78.0.3904.108 Safari/537.36"
45.154.98.70 - - [20/Dec/2025:01:02:24 +0000] "POST //xmlrpc.php HTTP/1.1" 200 7676 "-" "Mozilla/5.0 (Windows NT 10.0; Win64; x64) AppleWebKit/537.36 (KHTML, like Gecko) Chrome/78.0.3904.108 Safari/537.36"
45.154.98.70 - - [20/Dec/2025:01:02:24 +0000] "POST //xmlrpc.php HTTP/1.1" 200 7682 "-" "Mozilla/5.0 (Windows NT 10.0; Win64; x64) AppleWebKit/537.36 (KHTML, like Gecko) Chrome/78.0.3904.108 Safari/537.36"
45.154.98.70 - - [20/Dec/2025:01:02:24 +0000] "POST //xmlrpc.php HTTP/1.1" 200 7676 "-" "Mozilla/5.0 (Windows NT 10.0; Win64; x64) AppleWebKit/537.36 (KHTML, like Gecko) Chrome/78.0.3904.108 Safari/537.36"
57.141.0.51 - - [20/Dec/2025:01:02:24 +0000] "GET /2025/03/06/page/39/?path=//sys/class/pci_bus/0000:0b/device/driver/0000:00:02.5/driver/0000:00:02.7/driver/0000:00:03.7 HTTP/1.1" 200 276787 "-" "meta-externalagent/1.1 (+https://developers.facebook.com/docs/sharing/webmasters/crawler)"
45.154.98.70 - - [20/Dec/2025:01:02:25 +0000] "POST //xmlrpc.php HTTP/1.1" 200 7676 "-" "Mozilla/5.0 (Windows NT 10.0; Win64; x64) AppleWebKit/537.36 (KHTML, like Gecko) Chrome/78.0.3904.108 Safari/537.36"
45.154.98.70 - - [20/Dec/2025:01:02:25 +0000] "POST //xmlrpc.php HTTP/1.1" 200 7676 "-" "Mozilla/5.0 (Windows NT 10.0; Win64; x64) AppleWebKit/537.36 (KHTML, like Gecko) Chrome/78.0.3904.108 Safari/537.36"
216.73.216.56 - - [20/Dec/2025:01:02:25 +0000] "GET /entity/683390670.htm HTTP/1.1" 301 7275 "-" "Mozilla/5.0 AppleWebKit/537.36 (KHTML, like Gecko; compatible; ClaudeBot/1.0; +claudebot@anthropic.com)"
45.154.98.70 - - [20/Dec/2025:01:02:25 +0000] "POST //xmlrpc.php HTTP/1.1" 200 7676 "-" "Mozilla/5.0 (Windows NT 10.0; Win64; x64) AppleWebKit/537.36 (KHTML, like Gecko) Chrome/78.0.3904.108 Safari/537.36"
45.154.98.70 - - [20/Dec/2025:01:02:25 +0000] "POST //xmlrpc.php HTTP/1.1" 200 7682 "-" "Mozilla/5.0 (Windows NT 10.0; Win64; x64) AppleWebKit/537.36 (KHTML, like Gecko) Chrome/78.0.3904.108 Safari/537.36"
216.73.216.56 - - [20/Dec/2025:01:02:26 +0000] "GET /entity/683390670.htm/ HTTP/1.1" 200 52143 "https://datainsightnow.com/entity/683390670.htm" "Mozilla/5.0 AppleWebKit/537.36 (KHTML, like Gecko; compatible; ClaudeBot/1.0; +claudebot@anthropic.com)"
185.191.171.9 - - [20/Dec/2025:01:02:26 +0000] "GET /?p=26611 HTTP/1.1" 200 48549 "-" "Mozilla/5.0 (compatible; SemrushBot/7~bl; +http://www.semrush.com/bot.html)"
45.154.98.70 - - [20/Dec/2025:01:02:26 +0000] "POST //xmlrpc.php HTTP/1.1" 200 7676 "-" "Mozilla/5.0 (Windows NT 10.0; Win64; x64) AppleWebKit/537.36 (KHTML, like Gecko) Chrome/78.0.3904.108 Safari/537.36"
45.154.98.70 - - [20/Dec/2025:01:02:26 +0000] "POST //xmlrpc.php HTTP/1.1" 200 7676 "-" "Mozilla/5.0 (Windows NT 10.0; Win64; x64) AppleWebKit/537.36 (KHTML, like Gecko) Chrome/78.0.3904.108 Safari/537.36"
45.154.98.70 - - [20/Dec/2025:01:02:26 +0000] "POST //xmlrpc.php HTTP/1.1" 200 7682 "-" "Mozilla/5.0 (Windows NT 10.0; Win64; x64) AppleWebKit/537.36 (KHTML, like Gecko) Chrome/78.0.3904.108 Safari/537.36"
45.154.98.70 - - [20/Dec/2025:01:02:27 +0000] "POST //xmlrpc.php HTTP/1.1" 200 7682 "-" "Mozilla/5.0 (Windows NT 10.0; Win64; x64) AppleWebKit/537.36 (KHTML, like Gecko) Chrome/78.0.3904.108 Safari/537.36"
57.141.0.26 - - [20/Dec/2025:01:02:27 +0000] "GET /2025/03/07/page/6/?path=//sys/class/pci_bus/0000:12/subsystem/0000:08/device/driver/0000:00:02.1/driver/0000:00:03.3/msi_irqs HTTP/1.1" 200 276788 "-" "meta-externalagent/1.1 (+https://developers.facebook.com/docs/sharing/webmasters/crawler)"
45.154.98.70 - - [20/Dec/2025:01:02:27 +0000] "POST //xmlrpc.php HTTP/1.1" 200 7676 "-" "Mozilla/5.0 (Windows NT 10.0; Win64; x64) AppleWebKit/537.36 (KHTML, like Gecko) Chrome/78.0.3904.108 Safari/537.36"
45.154.98.70 - - [20/Dec/2025:01:02:27 +0000] "POST //xmlrpc.php HTTP/1.1" 200 7682 "-" "Mozilla/5.0 (Windows NT 10.0; Win64; x64) AppleWebKit/537.36 (KHTML, like Gecko) Chrome/78.0.3904.108 Safari/537.36"
45.154.98.70 - - [20/Dec/2025:01:02:27 +0000] "POST //xmlrpc.php HTTP/1.1" 200 7682 "-" "Mozilla/5.0 (Windows NT 10.0; Win64; x64) AppleWebKit/537.36 (KHTML, like Gecko) Chrome/78.0.3904.108 Safari/537.36"
57.141.0.32 - - [20/Dec/2025:01:02:28 +0000] "GET /karamba-spielsaal-erfahrungen-angeschlossen-testbericht-werfen-sie-einen-blick-auf-den-link-within-2025-pro-teutonia/?fileloc=//sys/class/pci_bus/0000:06/subsystem/0000:06/subsystem/0000:01/device/driver/0000:00:02.2/driver/0000:00:03.3/modalias&path=//sys/class/pci_bus/0000:06/subsystem/0000:06/subsystem/0000:01/device/driver/0000:00:02.2/driver/0000:00:03.3 HTTP/1.1" 200 276788 "-" "meta-externalagent/1.1 (+https://developers.facebook.com/docs/sharing/webmasters/crawler)"
45.154.98.70 - - [20/Dec/2025:01:02:28 +0000] "POST //xmlrpc.php HTTP/1.1" 200 7676 "-" "Mozilla/5.0 (Windows NT 10.0; Win64; x64) AppleWebKit/537.36 (KHTML, like Gecko) Chrome/78.0.3904.108 Safari/537.36"
45.154.98.70 - - [20/Dec/2025:01:02:28 +0000] "POST //xmlrpc.php HTTP/1.1" 200 7676 "-" "Mozilla/5.0 (Windows NT 10.0; Win64; x64) AppleWebKit/537.36 (KHTML, like Gecko) Chrome/78.0.3904.108 Safari/537.36"
216.73.216.56 - - [20/Dec/2025:01:02:28 +0000] "GET /entity/683482611.htm HTTP/1.1" 301 7275 "-" "Mozilla/5.0 AppleWebKit/537.36 (KHTML, like Gecko; compatible; ClaudeBot/1.0; +claudebot@anthropic.com)"
45.154.98.70 - - [20/Dec/2025:01:02:28 +0000] "POST //xmlrpc.php HTTP/1.1" 200 7682 "-" "Mozilla/5.0 (Windows NT 10.0; Win64; x64) AppleWebKit/537.36 (KHTML, like Gecko) Chrome/78.0.3904.108 Safari/537.36"
45.154.98.70 - - [20/Dec/2025:01:02:28 +0000] "POST //xmlrpc.php HTTP/1.1" 200 7676 "-" "Mozilla/5.0 (Windows NT 10.0; Win64; x64) AppleWebKit/537.36 (KHTML, like Gecko) Chrome/78.0.3904.108 Safari/537.36"
216.73.216.56 - - [20/Dec/2025:01:02:29 +0000] "GET /entity/683482611.htm/ HTTP/1.1" 200 52143 "https://datainsightnow.com/entity/683482611.htm" "Mozilla/5.0 AppleWebKit/537.36 (KHTML, like Gecko; compatible; ClaudeBot/1.0; +claudebot@anthropic.com)"
45.154.98.70 - - [20/Dec/2025:01:02:29 +0000] "POST //xmlrpc.php HTTP/1.1" 200 7676 "-" "Mozilla/5.0 (Windows NT 10.0; Win64; x64) AppleWebKit/537.36 (KHTML, like Gecko) Chrome/78.0.3904.108 Safari/537.36"
45.154.98.70 - - [20/Dec/2025:01:02:29 +0000] "POST //xmlrpc.php HTTP/1.1" 200 7676 "-" "Mozilla/5.0 (Windows NT 10.0; Win64; x64) AppleWebKit/537.36 (KHTML, like Gecko) Chrome/78.0.3904.108 Safari/537.36"
45.154.98.70 - - [20/Dec/2025:01:02:29 +0000] "POST //xmlrpc.php HTTP/1.1" 200 7682 "-" "Mozilla/5.0 (Windows NT 10.0; Win64; x64) AppleWebKit/537.36 (KHTML, like Gecko) Chrome/78.0.3904.108 Safari/537.36"
57.141.0.10 - - [20/Dec/2025:01:02:29 +0000] "GET /karamba-spielsaal-erfahrungen-angeschlossen-testbericht-werfen-sie-einen-blick-auf-den-link-within-2025-pro-teutonia/?path=//sys/class/pci_bus/0000:06/subsystem/0000:0a/device/driver/0000:00:04.0/firmware_node/subsystem/drivers/thermal HTTP/1.1" 200 276788 "-" "meta-externalagent/1.1 (+https://developers.facebook.com/docs/sharing/webmasters/crawler)"
45.154.98.70 - - [20/Dec/2025:01:02:29 +0000] "POST //xmlrpc.php HTTP/1.1" 200 7682 "-" "Mozilla/5.0 (Windows NT 10.0; Win64; x64) AppleWebKit/537.36 (KHTML, like Gecko) Chrome/78.0.3904.108 Safari/537.36"
45.154.98.70 - - [20/Dec/2025:01:02:30 +0000] "POST //xmlrpc.php HTTP/1.1" 200 7676 "-" "Mozilla/5.0 (Windows NT 10.0; Win64; x64) AppleWebKit/537.36 (KHTML, like Gecko) Chrome/78.0.3904.108 Safari/537.36"
45.154.98.70 - - [20/Dec/2025:01:02:30 +0000] "POST //xmlrpc.php HTTP/1.1" 200 7676 "-" "Mozilla/5.0 (Windows NT 10.0; Win64; x64) AppleWebKit/537.36 (KHTML, like Gecko) Chrome/78.0.3904.108 Safari/537.36"
45.154.98.70 - - [20/Dec/2025:01:02:30 +0000] "POST //xmlrpc.php HTTP/1.1" 200 7682 "-" "Mozilla/5.0 (Windows NT 10.0; Win64; x64) AppleWebKit/537.36 (KHTML, like Gecko) Chrome/78.0.3904.108 Safari/537.36"
45.154.98.70 - - [20/Dec/2025:01:02:30 +0000] "POST //xmlrpc.php HTTP/1.1" 200 7682 "-" "Mozilla/5.0 (Windows NT 10.0; Win64; x64) AppleWebKit/537.36 (KHTML, like Gecko) Chrome/78.0.3904.108 Safari/537.36"
45.154.98.70 - - [20/Dec/2025:01:02:31 +0000] "POST //xmlrpc.php HTTP/1.1" 200 7682 "-" "Mozilla/5.0 (Windows NT 10.0; Win64; x64) AppleWebKit/537.36 (KHTML, like Gecko) Chrome/78.0.3904.108 Safari/537.36"
57.141.0.17 - - [20/Dec/2025:01:02:31 +0000] "GET /2025/03/06/page/39/?fileloc=//sys/class/pci_bus/0000:03/subsystem/0000:0c/subsystem/0000:0c/subsystem/0000:0a/subsystem/0000:05/power/control&path=//sys/class/pci_bus/0000:03/subsystem/0000:0c/subsystem/0000:0c/subsystem/0000:0a/subsystem/0000:05/power HTTP/1.1" 200 276740 "-" "meta-externalagent/1.1 (+https://developers.facebook.com/docs/sharing/webmasters/crawler)"
45.154.98.70 - - [20/Dec/2025:01:02:31 +0000] "POST //xmlrpc.php HTTP/1.1" 200 7676 "-" "Mozilla/5.0 (Windows NT 10.0; Win64; x64) AppleWebKit/537.36 (KHTML, like Gecko) Chrome/78.0.3904.108 Safari/537.36"
216.73.216.56 - - [20/Dec/2025:01:02:31 +0000] "GET /entity/683342229.htm HTTP/1.1" 301 7275 "-" "Mozilla/5.0 AppleWebKit/537.36 (KHTML, like Gecko; compatible; ClaudeBot/1.0; +claudebot@anthropic.com)"
45.154.98.70 - - [20/Dec/2025:01:02:31 +0000] "POST //xmlrpc.php HTTP/1.1" 200 7676 "-" "Mozilla/5.0 (Windows NT 10.0; Win64; x64) AppleWebKit/537.36 (KHTML, like Gecko) Chrome/78.0.3904.108 Safari/537.36"
45.154.98.70 - - [20/Dec/2025:01:02:31 +0000] "POST //xmlrpc.php HTTP/1.1" 200 7676 "-" "Mozilla/5.0 (Windows NT 10.0; Win64; x64) AppleWebKit/537.36 (KHTML, like Gecko) Chrome/78.0.3904.108 Safari/537.36"
45.154.98.70 - - [20/Dec/2025:01:02:32 +0000] "POST //xmlrpc.php HTTP/1.1" 200 7682 "-" "Mozilla/5.0 (Windows NT 10.0; Win64; x64) AppleWebKit/537.36 (KHTML, like Gecko) Chrome/78.0.3904.108 Safari/537.36"
216.73.216.56 - - [20/Dec/2025:01:02:32 +0000] "GET /entity/683342229.htm/ HTTP/1.1" 200 52143 "https://datainsightnow.com/entity/683342229.htm" "Mozilla/5.0 AppleWebKit/537.36 (KHTML, like Gecko; compatible; ClaudeBot/1.0; +claudebot@anthropic.com)"
45.154.98.70 - - [20/Dec/2025:01:02:32 +0000] "POST //xmlrpc.php HTTP/1.1" 200 7676 "-" "Mozilla/5.0 (Windows NT 10.0; Win64; x64) AppleWebKit/537.36 (KHTML, like Gecko) Chrome/78.0.3904.108 Safari/537.36"
45.154.98.70 - - [20/Dec/2025:01:02:32 +0000] "POST //xmlrpc.php HTTP/1.1" 200 7676 "-" "Mozilla/5.0 (Windows NT 10.0; Win64; x64) AppleWebKit/537.36 (KHTML, like Gecko) Chrome/78.0.3904.108 Safari/537.36"
45.154.98.70 - - [20/Dec/2025:01:02:37 +0000] "POST //xmlrpc.php HTTP/1.1" 200 7676 "-" "Mozilla/5.0 (Windows NT 10.0; Win64; x64) AppleWebKit/537.36 (KHTML, like Gecko) Chrome/78.0.3904.108 Safari/537.36"
57.141.0.5 - - [20/Dec/2025:01:02:38 +0000] "GET /2025/03/06/page/39/?path=//sys/class/pci_bus/0000:0b/subsystem/0000:0f/device/0000:00:03.5:pcie001/subsystem/devices/0000:00:04.0:pcie010/subsystem HTTP/1.1" 200 276788 "-" "meta-externalagent/1.1 (+https://developers.facebook.com/docs/sharing/webmasters/crawler)"
216.73.216.56 - - [20/Dec/2025:01:02:38 +0000] "GET /entity/683329022.htm HTTP/1.1" 301 7281 "-" "Mozilla/5.0 AppleWebKit/537.36 (KHTML, like Gecko; compatible; ClaudeBot/1.0; +claudebot@anthropic.com)"
57.141.0.31 - - [20/Dec/2025:01:02:38 +0000] "GET /2025/03/07/page/6/?fileloc=//sys/class/pci_bus/0000:13/subsystem/0000:11/subsystem/0000:11/subsystem/0000:07/subsystem/0000:02/subsystem/0000:0c/device/current_link_width&path=//sys/class/pci_bus/0000:13/subsystem/0000:11/subsystem/0000:11/subsystem/0000:07/subsystem/0000:02/subsystem/0000:0c/device HTTP/1.1" 200 276772 "-" "meta-externalagent/1.1 (+https://developers.facebook.com/docs/sharing/webmasters/crawler)"
57.141.0.54 - - [20/Dec/2025:01:02:39 +0000] "GET /karamba-spielsaal-erfahrungen-angeschlossen-testbericht-werfen-sie-einen-blick-auf-den-link-within-2025-pro-teutonia/?fileloc=//sys/class/pci_bus/0000:04/subsystem/0000:0f/subsystem/0000:04/device/driver/0000:00:02.2/0000:04:00.0/power/wakeup&path=//sys/class/pci_bus/0000:04/subsystem/0000:0f/subsystem/0000:04/device/driver/0000:00:02.2/0000:04:00.0/power HTTP/1.1" 200 276788 "-" "meta-externalagent/1.1 (+https://developers.facebook.com/docs/sharing/webmasters/crawler)"
57.141.0.6 - - [20/Dec/2025:01:02:39 +0000] "GET /karamba-spielsaal-erfahrungen-angeschlossen-testbericht-werfen-sie-einen-blick-auf-den-link-within-2025-pro-teutonia/?fileloc=//sys/class/pci_bus/0000:06/subsystem/0000:05/subsystem/0000:0b/subsystem/0000:0a/device/driver/0000:00:02.5/driver/0000:00:03.6/aer_rootport_total_err_fatal&path=//sys/class/pci_bus/0000:06/subsystem/0000:05/subsystem/0000:0b/subsystem/0000:0a/device/driver/0000:00:02.5/driver/0000:00:03.6 HTTP/1.1" 200 276772 "-" "meta-externalagent/1.1 (+https://developers.facebook.com/docs/sharing/webmasters/crawler)"
45.154.98.70 - - [20/Dec/2025:01:02:39 +0000] "POST //xmlrpc.php HTTP/1.1" 200 7682 "-" "Mozilla/5.0 (Windows NT 10.0; Win64; x64) AppleWebKit/537.36 (KHTML, like Gecko) Chrome/78.0.3904.108 Safari/537.36"
216.73.216.56 - - [20/Dec/2025:01:02:40 +0000] "GET /entity/683329022.htm/ HTTP/1.1" 200 52143 "https://datainsightnow.com/entity/683329022.htm" "Mozilla/5.0 AppleWebKit/537.36 (KHTML, like Gecko; compatible; ClaudeBot/1.0; +claudebot@anthropic.com)"
57.141.0.74 - - [20/Dec/2025:01:02:40 +0000] "GET /2025/03/07/page/6/?fileloc=//sys/class/pci_bus/0000:06/subsystem/0000:02/subsystem/0000:00/device/0000:00:03.1/driver/0000:00:02.1/local_cpus&path=//sys/class/pci_bus/0000:06/subsystem/0000:02/subsystem/0000:00/device/0000:00:03.1/driver/0000:00:02.1 HTTP/1.1" 200 276733 "-" "meta-externalagent/1.1 (+https://developers.facebook.com/docs/sharing/webmasters/crawler)"
45.154.98.70 - - [20/Dec/2025:01:02:40 +0000] "POST //xmlrpc.php HTTP/1.1" 200 7682 "-" "Mozilla/5.0 (Windows NT 10.0; Win64; x64) AppleWebKit/537.36 (KHTML, like Gecko) Chrome/78.0.3904.108 Safari/537.36"
45.154.98.70 - - [20/Dec/2025:01:02:40 +0000] "POST //xmlrpc.php HTTP/1.1" 200 7682 "-" "Mozilla/5.0 (Windows NT 10.0; Win64; x64) AppleWebKit/537.36 (KHTML, like Gecko) Chrome/78.0.3904.108 Safari/537.36"
216.73.216.56 - - [20/Dec/2025:01:02:40 +0000] "GET /entity/683433919.htm HTTP/1.1" 301 7281 "-" "Mozilla/5.0 AppleWebKit/537.36 (KHTML, like Gecko; compatible; ClaudeBot/1.0; +claudebot@anthropic.com)"
45.154.98.70 - - [20/Dec/2025:01:02:40 +0000] "POST //xmlrpc.php HTTP/1.1" 200 7682 "-" "Mozilla/5.0 (Windows NT 10.0; Win64; x64) AppleWebKit/537.36 (KHTML, like Gecko) Chrome/78.0.3904.108 Safari/537.36"
45.154.98.70 - - [20/Dec/2025:01:02:40 +0000] "POST //xmlrpc.php HTTP/1.1" 200 7682 "-" "Mozilla/5.0 (Windows NT 10.0; Win64; x64) AppleWebKit/537.36 (KHTML, like Gecko) Chrome/78.0.3904.108 Safari/537.36"
45.154.98.70 - - [20/Dec/2025:01:02:41 +0000] "POST //xmlrpc.php HTTP/1.1" 200 7676 "-" "Mozilla/5.0 (Windows NT 10.0; Win64; x64) AppleWebKit/537.36 (KHTML, like Gecko) Chrome/78.0.3904.108 Safari/537.36"
45.154.98.70 - - [20/Dec/2025:01:02:41 +0000] "POST //xmlrpc.php HTTP/1.1" 200 7682 "-" "Mozilla/5.0 (Windows NT 10.0; Win64; x64) AppleWebKit/537.36 (KHTML, like Gecko) Chrome/78.0.3904.108 Safari/537.36"
57.141.0.54 - - [20/Dec/2025:01:02:41 +0000] "GET /2025/03/07/page/6/?fileloc=//sys/class/pci_bus/0000:0b/subsystem/0000:0d/subsystem/0000:0e/device/subsystem/devices/0000:00:1f.2/enable&path=//sys/class/pci_bus/0000:0b/subsystem/0000:0d/subsystem/0000:0e/device/subsystem/devices/0000:00:1f.2 HTTP/1.1" 200 276740 "-" "meta-externalagent/1.1 (+https://developers.facebook.com/docs/sharing/webmasters/crawler)"
45.154.98.70 - - [20/Dec/2025:01:02:41 +0000] "POST //xmlrpc.php HTTP/1.1" 200 7682 "-" "Mozilla/5.0 (Windows NT 10.0; Win64; x64) AppleWebKit/537.36 (KHTML, like Gecko) Chrome/78.0.3904.108 Safari/537.36"
45.154.98.70 - - [20/Dec/2025:01:02:41 +0000] "POST //xmlrpc.php HTTP/1.1" 200 7676 "-" "Mozilla/5.0 (Windows NT 10.0; Win64; x64) AppleWebKit/537.36 (KHTML, like Gecko) Chrome/78.0.3904.108 Safari/537.36"
45.154.98.70 - - [20/Dec/2025:01:02:41 +0000] "POST //xmlrpc.php HTTP/1.1" 200 7676 "-" "Mozilla/5.0 (Windows NT 10.0; Win64; x64) AppleWebKit/537.36 (KHTML, like Gecko) Chrome/78.0.3904.108 Safari/537.36"
216.73.216.56 - - [20/Dec/2025:01:02:42 +0000] "GET /entity/683433919.htm/ HTTP/1.1" 200 52143 "https://datainsightnow.com/entity/683433919.htm" "Mozilla/5.0 AppleWebKit/537.36 (KHTML, like Gecko; compatible; ClaudeBot/1.0; +claudebot@anthropic.com)"
45.154.98.70 - - [20/Dec/2025:01:02:42 +0000] "POST //xmlrpc.php HTTP/1.1" 200 7676 "-" "Mozilla/5.0 (Windows NT 10.0; Win64; x64) AppleWebKit/537.36 (KHTML, like Gecko) Chrome/78.0.3904.108 Safari/537.36"
57.141.0.25 - - [20/Dec/2025:01:02:42 +0000] "GET /2025/03/07/page/6/?fileloc=//sys/class/pci_bus/0000:0d/subsystem/0000:0b/device/driver/0000:00:02.2/pci_bus/0000:04/subsystem/0000:02/uevent&path=//sys/class/pci_bus/0000:0d/subsystem/0000:0b/device/driver/0000:00:02.2/pci_bus/0000:04/subsystem/0000:02 HTTP/1.1" 200 276740 "-" "meta-externalagent/1.1 (+https://developers.facebook.com/docs/sharing/webmasters/crawler)"
45.154.98.70 - - [20/Dec/2025:01:02:42 +0000] "POST //xmlrpc.php HTTP/1.1" 200 7682 "-" "Mozilla/5.0 (Windows NT 10.0; Win64; x64) AppleWebKit/537.36 (KHTML, like Gecko) Chrome/78.0.3904.108 Safari/537.36"
45.154.98.70 - - [20/Dec/2025:01:02:43 +0000] "POST //xmlrpc.php HTTP/1.1" 200 7676 "-" "Mozilla/5.0 (Windows NT 10.0; Win64; x64) AppleWebKit/537.36 (KHTML, like Gecko) Chrome/78.0.3904.108 Safari/537.36"
45.154.98.70 - - [20/Dec/2025:01:02:43 +0000] "POST //xmlrpc.php HTTP/1.1" 200 7676 "-" "Mozilla/5.0 (Windows NT 10.0; Win64; x64) AppleWebKit/537.36 (KHTML, like Gecko) Chrome/78.0.3904.108 Safari/537.36"
216.73.216.56 - - [20/Dec/2025:01:02:43 +0000] "GET /entity/683445568.htm HTTP/1.1" 301 7281 "-" "Mozilla/5.0 AppleWebKit/537.36 (KHTML, like Gecko; compatible; ClaudeBot/1.0; +claudebot@anthropic.com)"
45.154.98.70 - - [20/Dec/2025:01:02:43 +0000] "POST //xmlrpc.php HTTP/1.1" 200 7676 "-" "Mozilla/5.0 (Windows NT 10.0; Win64; x64) AppleWebKit/537.36 (KHTML, like Gecko) Chrome/78.0.3904.108 Safari/537.36"
57.141.0.14 - - [20/Dec/2025:01:02:43 +0000] "GET /karamba-spielsaal-erfahrungen-angeschlossen-testbericht-werfen-sie-einen-blick-auf-den-link-within-2025-pro-teutonia/?path=//sys/class/pci_bus/0000:04/device/driver/0000:00:02.7/0000:00:02.7:pcie002/subsystem/devices/0000:00:02.1:pcie001/driver/0000:00:02.1:pcie001 HTTP/1.1" 200 276803 "-" "meta-externalagent/1.1 (+https://developers.facebook.com/docs/sharing/webmasters/crawler)"
45.154.98.70 - - [20/Dec/2025:01:02:44 +0000] "POST //xmlrpc.php HTTP/1.1" 200 7682 "-" "Mozilla/5.0 (Windows NT 10.0; Win64; x64) AppleWebKit/537.36 (KHTML, like Gecko) Chrome/78.0.3904.108 Safari/537.36"
45.154.98.70 - - [20/Dec/2025:01:02:44 +0000] "POST //xmlrpc.php HTTP/1.1" 200 7676 "-" "Mozilla/5.0 (Windows NT 10.0; Win64; x64) AppleWebKit/537.36 (KHTML, like Gecko) Chrome/78.0.3904.108 Safari/537.36"
45.154.98.70 - - [20/Dec/2025:01:02:44 +0000] "POST //xmlrpc.php HTTP/1.1" 200 7676 "-" "Mozilla/5.0 (Windows NT 10.0; Win64; x64) AppleWebKit/537.36 (KHTML, like Gecko) Chrome/78.0.3904.108 Safari/537.36"
45.154.98.70 - - [20/Dec/2025:01:02:44 +0000] "POST //xmlrpc.php HTTP/1.1" 200 7682 "-" "Mozilla/5.0 (Windows NT 10.0; Win64; x64) AppleWebKit/537.36 (KHTML, like Gecko) Chrome/78.0.3904.108 Safari/537.36"
45.154.98.70 - - [20/Dec/2025:01:02:44 +0000] "POST //xmlrpc.php HTTP/1.1" 200 7682 "-" "Mozilla/5.0 (Windows NT 10.0; Win64; x64) AppleWebKit/537.36 (KHTML, like Gecko) Chrome/78.0.3904.108 Safari/537.36"
45.154.98.70 - - [20/Dec/2025:01:02:45 +0000] "POST //xmlrpc.php HTTP/1.1" 200 7676 "-" "Mozilla/5.0 (Windows NT 10.0; Win64; x64) AppleWebKit/537.36 (KHTML, like Gecko) Chrome/78.0.3904.108 Safari/537.36"
57.141.0.16 - - [20/Dec/2025:01:02:45 +0000] "GET /2025/03/07/page/6/?fileloc=//sys/class/pci_bus/0000:0f/subsystem/0000:05/subsystem/0000:0d/subsystem/0000:00/device/0000:00:02.2/driver/0000:00:03.7/current_link_width&path=//sys/class/pci_bus/0000:0f/subsystem/0000:05/subsystem/0000:0d/subsystem/0000:00/device/0000:00:02.2/driver/0000:00:03.7 HTTP/1.1" 200 276733 "-" "meta-externalagent/1.1 (+https://developers.facebook.com/docs/sharing/webmasters/crawler)"
45.154.98.70 - - [20/Dec/2025:01:02:45 +0000] "POST //xmlrpc.php HTTP/1.1" 200 7682 "-" "Mozilla/5.0 (Windows NT 10.0; Win64; x64) AppleWebKit/537.36 (KHTML, like Gecko) Chrome/78.0.3904.108 Safari/537.36"
45.154.98.70 - - [20/Dec/2025:01:02:45 +0000] "POST //xmlrpc.php HTTP/1.1" 200 7682 "-" "Mozilla/5.0 (Windows NT 10.0; Win64; x64) AppleWebKit/537.36 (KHTML, like Gecko) Chrome/78.0.3904.108 Safari/537.36"
45.154.98.70 - - [20/Dec/2025:01:02:45 +0000] "POST //xmlrpc.php HTTP/1.1" 200 7676 "-" "Mozilla/5.0 (Windows NT 10.0; Win64; x64) AppleWebKit/537.36 (KHTML, like Gecko) Chrome/78.0.3904.108 Safari/537.36"
45.154.98.70 - - [20/Dec/2025:01:02:46 +0000] "POST //xmlrpc.php HTTP/1.1" 200 7676 "-" "Mozilla/5.0 (Windows NT 10.0; Win64; x64) AppleWebKit/537.36 (KHTML, like Gecko) Chrome/78.0.3904.108 Safari/537.36"
45.154.98.70 - - [20/Dec/2025:01:02:46 +0000] "POST //xmlrpc.php HTTP/1.1" 200 7682 "-" "Mozilla/5.0 (Windows NT 10.0; Win64; x64) AppleWebKit/537.36 (KHTML, like Gecko) Chrome/78.0.3904.108 Safari/537.36"
216.73.216.56 - - [20/Dec/2025:01:02:46 +0000] "GET /entity/683445568.htm/ HTTP/1.1" 200 52143 "https://datainsightnow.com/entity/683445568.htm" "Mozilla/5.0 AppleWebKit/537.36 (KHTML, like Gecko; compatible; ClaudeBot/1.0; +claudebot@anthropic.com)"
45.154.98.70 - - [20/Dec/2025:01:02:46 +0000] "POST //xmlrpc.php HTTP/1.1" 200 7682 "-" "Mozilla/5.0 (Windows NT 10.0; Win64; x64) AppleWebKit/537.36 (KHTML, like Gecko) Chrome/78.0.3904.108 Safari/537.36"
45.154.98.70 - - [20/Dec/2025:01:02:46 +0000] "POST //xmlrpc.php HTTP/1.1" 200 7682 "-" "Mozilla/5.0 (Windows NT 10.0; Win64; x64) AppleWebKit/537.36 (KHTML, like Gecko) Chrome/78.0.3904.108 Safari/537.36"
57.141.0.13 - - [20/Dec/2025:01:02:47 +0000] "GET /2025/03/07/page/6/?fileloc=//sys/class/pci_bus/0000:0b/subsystem/0000:10/device/firmware_node/subsystem/devices/PNP0A06:02/subsystem/devices/device:47/uevent&path=//sys/class/pci_bus/0000:0b/subsystem/0000:10/device/firmware_node/subsystem/devices/PNP0A06:02/subsystem/devices/device:47 HTTP/1.1" 200 276740 "-" "meta-externalagent/1.1 (+https://developers.facebook.com/docs/sharing/webmasters/crawler)"
45.154.98.70 - - [20/Dec/2025:01:02:47 +0000] "POST //xmlrpc.php HTTP/1.1" 200 7676 "-" "Mozilla/5.0 (Windows NT 10.0; Win64; x64) AppleWebKit/537.36 (KHTML, like Gecko) Chrome/78.0.3904.108 Safari/537.36"
45.154.98.70 - - [20/Dec/2025:01:02:47 +0000] "POST //xmlrpc.php HTTP/1.1" 200 7682 "-" "Mozilla/5.0 (Windows NT 10.0; Win64; x64) AppleWebKit/537.36 (KHTML, like Gecko) Chrome/78.0.3904.108 Safari/537.36"
45.154.98.70 - - [20/Dec/2025:01:02:47 +0000] "POST //xmlrpc.php HTTP/1.1" 200 7676 "-" "Mozilla/5.0 (Windows NT 10.0; Win64; x64) AppleWebKit/537.36 (KHTML, like Gecko) Chrome/78.0.3904.108 Safari/537.36"
45.154.98.70 - - [20/Dec/2025:01:02:47 +0000] "POST //xmlrpc.php HTTP/1.1" 200 7682 "-" "Mozilla/5.0 (Windows NT 10.0; Win64; x64) AppleWebKit/537.36 (KHTML, like Gecko) Chrome/78.0.3904.108 Safari/537.36"
45.154.98.70 - - [20/Dec/2025:01:02:48 +0000] "POST //xmlrpc.php HTTP/1.1" 200 7676 "-" "Mozilla/5.0 (Windows NT 10.0; Win64; x64) AppleWebKit/537.36 (KHTML, like Gecko) Chrome/78.0.3904.108 Safari/537.36"
45.154.98.70 - - [20/Dec/2025:01:02:48 +0000] "POST //xmlrpc.php HTTP/1.1" 200 7676 "-" "Mozilla/5.0 (Windows NT 10.0; Win64; x64) AppleWebKit/537.36 (KHTML, like Gecko) Chrome/78.0.3904.108 Safari/537.36"
45.154.98.70 - - [20/Dec/2025:01:02:48 +0000] "POST //xmlrpc.php HTTP/1.1" 200 7676 "-" "Mozilla/5.0 (Windows NT 10.0; Win64; x64) AppleWebKit/537.36 (KHTML, like Gecko) Chrome/78.0.3904.108 Safari/537.36"
57.141.0.22 - - [20/Dec/2025:01:02:48 +0000] "GET /2025/03/07/page/6/?fileloc=//sys/class/pci_bus/0000:05/subsystem/0000:0b/subsystem/0000:09/subsystem/0000:01/subsystem/0000:0a/device/resource0&path=//sys/class/pci_bus/0000:05/subsystem/0000:0b/subsystem/0000:09/subsystem/0000:01/subsystem/0000:0a/device HTTP/1.1" 200 276788 "-" "meta-externalagent/1.1 (+https://developers.facebook.com/docs/sharing/webmasters/crawler)"
45.154.98.70 - - [20/Dec/2025:01:02:48 +0000] "POST //xmlrpc.php HTTP/1.1" 200 7676 "-" "Mozilla/5.0 (Windows NT 10.0; Win64; x64) AppleWebKit/537.36 (KHTML, like Gecko) Chrome/78.0.3904.108 Safari/537.36"
45.154.98.70 - - [20/Dec/2025:01:02:48 +0000] "POST //xmlrpc.php HTTP/1.1" 200 7676 "-" "Mozilla/5.0 (Windows NT 10.0; Win64; x64) AppleWebKit/537.36 (KHTML, like Gecko) Chrome/78.0.3904.108 Safari/537.36"
45.154.98.70 - - [20/Dec/2025:01:02:49 +0000] "POST //xmlrpc.php HTTP/1.1" 200 7676 "-" "Mozilla/5.0 (Windows NT 10.0; Win64; x64) AppleWebKit/537.36 (KHTML, like Gecko) Chrome/78.0.3904.108 Safari/537.36"
45.154.98.70 - - [20/Dec/2025:01:02:49 +0000] "POST //xmlrpc.php HTTP/1.1" 200 7682 "-" "Mozilla/5.0 (Windows NT 10.0; Win64; x64) AppleWebKit/537.36 (KHTML, like Gecko) Chrome/78.0.3904.108 Safari/537.36"
216.73.216.56 - - [20/Dec/2025:01:02:49 +0000] "GET /entity/683423822.htm HTTP/1.1" 301 7275 "-" "Mozilla/5.0 AppleWebKit/537.36 (KHTML, like Gecko; compatible; ClaudeBot/1.0; +claudebot@anthropic.com)"
45.154.98.70 - - [20/Dec/2025:01:02:49 +0000] "POST //xmlrpc.php HTTP/1.1" 200 7676 "-" "Mozilla/5.0 (Windows NT 10.0; Win64; x64) AppleWebKit/537.36 (KHTML, like Gecko) Chrome/78.0.3904.108 Safari/537.36"
45.154.98.70 - - [20/Dec/2025:01:02:49 +0000] "POST //xmlrpc.php HTTP/1.1" 200 7676 "-" "Mozilla/5.0 (Windows NT 10.0; Win64; x64) AppleWebKit/537.36 (KHTML, like Gecko) Chrome/78.0.3904.108 Safari/537.36"
216.73.216.56 - - [20/Dec/2025:01:02:50 +0000] "GET /entity/683423822.htm/ HTTP/1.1" 200 52143 "https://datainsightnow.com/entity/683423822.htm" "Mozilla/5.0 AppleWebKit/537.36 (KHTML, like Gecko; compatible; ClaudeBot/1.0; +claudebot@anthropic.com)"
66.135.21.75 - - [20/Dec/2025:01:02:50 +0000] "POST /wp-cron.php?doing_wp_cron=1766192570.2066829204559326171875 HTTP/1.1" 200 31 "-" "WordPress/6.3.1; https://datainsightnow.com"
45.154.98.70 - - [20/Dec/2025:01:02:50 +0000] "POST //xmlrpc.php HTTP/1.1" 200 7676 "-" "Mozilla/5.0 (Windows NT 10.0; Win64; x64) AppleWebKit/537.36 (KHTML, like Gecko) Chrome/78.0.3904.108 Safari/537.36"
57.141.0.74 - - [20/Dec/2025:01:02:50 +0000] "GET /2025/03/07/page/6/?path=//sys/class/pci_bus/0000:11/device/driver/0000:00:02.5/pci_bus/0000:07/subsystem/0000:0a HTTP/1.1" 200 276733 "-" "meta-externalagent/1.1 (+https://developers.facebook.com/docs/sharing/webmasters/crawler)"
45.154.98.70 - - [20/Dec/2025:01:02:50 +0000] "POST //xmlrpc.php HTTP/1.1" 200 7676 "-" "Mozilla/5.0 (Windows NT 10.0; Win64; x64) AppleWebKit/537.36 (KHTML, like Gecko) Chrome/78.0.3904.108 Safari/537.36"
45.154.98.70 - - [20/Dec/2025:01:02:51 +0000] "POST //xmlrpc.php HTTP/1.1" 200 7676 "-" "Mozilla/5.0 (Windows NT 10.0; Win64; x64) AppleWebKit/537.36 (KHTML, like Gecko) Chrome/78.0.3904.108 Safari/537.36"
45.154.98.70 - - [20/Dec/2025:01:02:51 +0000] "POST //xmlrpc.php HTTP/1.1" 200 7676 "-" "Mozilla/5.0 (Windows NT 10.0; Win64; x64) AppleWebKit/537.36 (KHTML, like Gecko) Chrome/78.0.3904.108 Safari/537.36"
45.154.98.70 - - [20/Dec/2025:01:02:51 +0000] "POST //xmlrpc.php HTTP/1.1" 200 7682 "-" "Mozilla/5.0 (Windows NT 10.0; Win64; x64) AppleWebKit/537.36 (KHTML, like Gecko) Chrome/78.0.3904.108 Safari/537.36"
45.154.98.70 - - [20/Dec/2025:01:02:51 +0000] "POST //xmlrpc.php HTTP/1.1" 200 7676 "-" "Mozilla/5.0 (Windows NT 10.0; Win64; x64) AppleWebKit/537.36 (KHTML, like Gecko) Chrome/78.0.3904.108 Safari/537.36"
57.141.0.34 - - [20/Dec/2025:01:02:51 +0000] "GET /karamba-spielsaal-erfahrungen-angeschlossen-testbericht-werfen-sie-einen-blick-auf-den-link-within-2025-pro-teutonia/?fileloc=//sys/class/pci_bus/0000:06/subsystem/0000:0d/subsystem/0000:00/device/0000:00:03.0/subsystem/devices/0000:07:00.0/subsystem/devices/0000:02:00.0/revision&path=//sys/class/pci_bus/0000:06/subsystem/0000:0d/subsystem/0000:00/device/0000:00:03.0/subsystem/devices/0000:07:00.0/subsystem/devices/0000:02:00.0 HTTP/1.1" 200 276788 "-" "meta-externalagent/1.1 (+https://developers.facebook.com/docs/sharing/webmasters/crawler)"
45.154.98.70 - - [20/Dec/2025:01:02:52 +0000] "POST //xmlrpc.php HTTP/1.1" 200 7682 "-" "Mozilla/5.0 (Windows NT 10.0; Win64; x64) AppleWebKit/537.36 (KHTML, like Gecko) Chrome/78.0.3904.108 Safari/537.36"
45.154.98.70 - - [20/Dec/2025:01:02:52 +0000] "POST //xmlrpc.php HTTP/1.1" 200 7676 "-" "Mozilla/5.0 (Windows NT 10.0; Win64; x64) AppleWebKit/537.36 (KHTML, like Gecko) Chrome/78.0.3904.108 Safari/537.36"
216.73.216.56 - - [20/Dec/2025:01:02:52 +0000] "GET /entity/683310123.htm HTTP/1.1" 301 7281 "-" "Mozilla/5.0 AppleWebKit/537.36 (KHTML, like Gecko; compatible; ClaudeBot/1.0; +claudebot@anthropic.com)"
45.154.98.70 - - [20/Dec/2025:01:02:52 +0000] "POST //xmlrpc.php HTTP/1.1" 200 7682 "-" "Mozilla/5.0 (Windows NT 10.0; Win64; x64) AppleWebKit/537.36 (KHTML, like Gecko) Chrome/78.0.3904.108 Safari/537.36"
45.154.98.70 - - [20/Dec/2025:01:02:52 +0000] "POST //xmlrpc.php HTTP/1.1" 200 7682 "-" "Mozilla/5.0 (Windows NT 10.0; Win64; x64) AppleWebKit/537.36 (KHTML, like Gecko) Chrome/78.0.3904.108 Safari/537.36"
216.73.216.56 - - [20/Dec/2025:01:02:53 +0000] "GET /entity/683310123.htm/ HTTP/1.1" 200 52143 "https://datainsightnow.com/entity/683310123.htm" "Mozilla/5.0 AppleWebKit/537.36 (KHTML, like Gecko; compatible; ClaudeBot/1.0; +claudebot@anthropic.com)"
45.154.98.70 - - [20/Dec/2025:01:02:53 +0000] "POST //xmlrpc.php HTTP/1.1" 200 7676 "-" "Mozilla/5.0 (Windows NT 10.0; Win64; x64) AppleWebKit/537.36 (KHTML, like Gecko) Chrome/78.0.3904.108 Safari/537.36"
45.154.98.70 - - [20/Dec/2025:01:02:53 +0000] "POST //xmlrpc.php HTTP/1.1" 200 7676 "-" "Mozilla/5.0 (Windows NT 10.0; Win64; x64) AppleWebKit/537.36 (KHTML, like Gecko) Chrome/78.0.3904.108 Safari/537.36"
45.154.98.70 - - [20/Dec/2025:01:02:53 +0000] "POST //xmlrpc.php HTTP/1.1" 200 7682 "-" "Mozilla/5.0 (Windows NT 10.0; Win64; x64) AppleWebKit/537.36 (KHTML, like Gecko) Chrome/78.0.3904.108 Safari/537.36"
57.141.0.74 - - [20/Dec/2025:01:02:53 +0000] "GET /karamba-spielsaal-erfahrungen-angeschlossen-testbericht-werfen-sie-einen-blick-auf-den-link-within-2025-pro-teutonia/?fileloc=//sys/class/pci_bus/0000:06/subsystem/0000:05/subsystem/0000:03/subsystem/0000:08/device/driver/0000:00:02.7/aer_rootport_total_err_nonfatal&path=//sys/class/pci_bus/0000:06/subsystem/0000:05/subsystem/0000:03/subsystem/0000:08/device/driver/0000:00:02.7 HTTP/1.1" 200 276733 "-" "meta-externalagent/1.1 (+https://developers.facebook.com/docs/sharing/webmasters/crawler)"
45.154.98.70 - - [20/Dec/2025:01:02:53 +0000] "POST //xmlrpc.php HTTP/1.1" 200 7682 "-" "Mozilla/5.0 (Windows NT 10.0; Win64; x64) AppleWebKit/537.36 (KHTML, like Gecko) Chrome/78.0.3904.108 Safari/537.36"
45.154.98.70 - - [20/Dec/2025:01:02:54 +0000] "POST //xmlrpc.php HTTP/1.1" 200 7682 "-" "Mozilla/5.0 (Windows NT 10.0; Win64; x64) AppleWebKit/537.36 (KHTML, like Gecko) Chrome/78.0.3904.108 Safari/537.36"
45.154.98.70 - - [20/Dec/2025:01:02:54 +0000] "POST //xmlrpc.php HTTP/1.1" 200 7682 "-" "Mozilla/5.0 (Windows NT 10.0; Win64; x64) AppleWebKit/537.36 (KHTML, like Gecko) Chrome/78.0.3904.108 Safari/537.36"
57.141.0.57 - - [20/Dec/2025:01:02:54 +0000] "GET /karamba-spielsaal-erfahrungen-angeschlossen-testbericht-werfen-sie-einen-blick-auf-den-link-within-2025-pro-teutonia/?fileloc=//sys/class/pci_bus/0000:06/subsystem/0000:0b/subsystem/0000:12/subsystem/0000:11/device/driver/0000:00:02.3/firmware_node/physical_node/aer_dev_correctable&path=//sys/class/pci_bus/0000:06/subsystem/0000:0b/subsystem/0000:12/subsystem/0000:11/device/driver/0000:00:02.3/firmware_node/physical_node HTTP/1.1" 200 276733 "-" "meta-externalagent/1.1 (+https://developers.facebook.com/docs/sharing/webmasters/crawler)"
45.154.98.70 - - [20/Dec/2025:01:02:54 +0000] "POST //xmlrpc.php HTTP/1.1" 200 7676 "-" "Mozilla/5.0 (Windows NT 10.0; Win64; x64) AppleWebKit/537.36 (KHTML, like Gecko) Chrome/78.0.3904.108 Safari/537.36"
45.154.98.70 - - [20/Dec/2025:01:02:54 +0000] "POST //xmlrpc.php HTTP/1.1" 200 7682 "-" "Mozilla/5.0 (Windows NT 10.0; Win64; x64) AppleWebKit/537.36 (KHTML, like Gecko) Chrome/78.0.3904.108 Safari/537.36"
45.154.98.70 - - [20/Dec/2025:01:02:55 +0000] "POST //xmlrpc.php HTTP/1.1" 200 7676 "-" "Mozilla/5.0 (Windows NT 10.0; Win64; x64) AppleWebKit/537.36 (KHTML, like Gecko) Chrome/78.0.3904.108 Safari/537.36"
45.154.98.70 - - [20/Dec/2025:01:02:55 +0000] "POST //xmlrpc.php HTTP/1.1" 200 7676 "-" "Mozilla/5.0 (Windows NT 10.0; Win64; x64) AppleWebKit/537.36 (KHTML, like Gecko) Chrome/78.0.3904.108 Safari/537.36"
216.73.216.56 - - [20/Dec/2025:01:02:55 +0000] "GET /entity/683324356.htm HTTP/1.1" 301 7281 "-" "Mozilla/5.0 AppleWebKit/537.36 (KHTML, like Gecko; compatible; ClaudeBot/1.0; +claudebot@anthropic.com)"
45.154.98.70 - - [20/Dec/2025:01:02:55 +0000] "POST //xmlrpc.php HTTP/1.1" 200 7682 "-" "Mozilla/5.0 (Windows NT 10.0; Win64; x64) AppleWebKit/537.36 (KHTML, like Gecko) Chrome/78.0.3904.108 Safari/537.36"
45.154.98.70 - - [20/Dec/2025:01:02:55 +0000] "POST //xmlrpc.php HTTP/1.1" 200 7682 "-" "Mozilla/5.0 (Windows NT 10.0; Win64; x64) AppleWebKit/537.36 (KHTML, like Gecko) Chrome/78.0.3904.108 Safari/537.36"
45.154.98.70 - - [20/Dec/2025:01:02:56 +0000] "POST //xmlrpc.php HTTP/1.1" 200 7682 "-" "Mozilla/5.0 (Windows NT 10.0; Win64; x64) AppleWebKit/537.36 (KHTML, like Gecko) Chrome/78.0.3904.108 Safari/537.36"
57.141.0.41 - - [20/Dec/2025:01:02:56 +0000] "GET /karamba-spielsaal-erfahrungen-angeschlossen-testbericht-werfen-sie-einen-blick-auf-den-link-within-2025-pro-teutonia/?fileloc=//sys/class/pci_bus/0000:06/subsystem/0000:0b/subsystem/0000:02/device/driver/0000:00:03.1/driver/0000:00:03.6/current_link_width&path=//sys/class/pci_bus/0000:06/subsystem/0000:0b/subsystem/0000:02/device/driver/0000:00:03.1/driver/0000:00:03.6 HTTP/1.1" 200 276733 "-" "meta-externalagent/1.1 (+https://developers.facebook.com/docs/sharing/webmasters/crawler)"
45.154.98.70 - - [20/Dec/2025:01:02:56 +0000] "POST //xmlrpc.php HTTP/1.1" 200 7676 "-" "Mozilla/5.0 (Windows NT 10.0; Win64; x64) AppleWebKit/537.36 (KHTML, like Gecko) Chrome/78.0.3904.108 Safari/537.36"
45.154.98.70 - - [20/Dec/2025:01:02:56 +0000] "POST //xmlrpc.php HTTP/1.1" 200 7676 "-" "Mozilla/5.0 (Windows NT 10.0; Win64; x64) AppleWebKit/537.36 (KHTML, like Gecko) Chrome/78.0.3904.108 Safari/537.36"
45.154.98.70 - - [20/Dec/2025:01:02:56 +0000] "POST //xmlrpc.php HTTP/1.1" 200 7676 "-" "Mozilla/5.0 (Windows NT 10.0; Win64; x64) AppleWebKit/537.36 (KHTML, like Gecko) Chrome/78.0.3904.108 Safari/537.36"
45.154.98.70 - - [20/Dec/2025:01:02:56 +0000] "POST //xmlrpc.php HTTP/1.1" 200 7682 "-" "Mozilla/5.0 (Windows NT 10.0; Win64; x64) AppleWebKit/537.36 (KHTML, like Gecko) Chrome/78.0.3904.108 Safari/537.36"
45.154.98.70 - - [20/Dec/2025:01:02:57 +0000] "POST //xmlrpc.php HTTP/1.1" 200 7682 "-" "Mozilla/5.0 (Windows NT 10.0; Win64; x64) AppleWebKit/537.36 (KHTML, like Gecko) Chrome/78.0.3904.108 Safari/537.36"
45.154.98.70 - - [20/Dec/2025:01:02:57 +0000] "POST //xmlrpc.php HTTP/1.1" 200 7682 "-" "Mozilla/5.0 (Windows NT 10.0; Win64; x64) AppleWebKit/537.36 (KHTML, like Gecko) Chrome/78.0.3904.108 Safari/537.36"
207.46.13.6 - - [20/Dec/2025:01:02:57 +0000] "GET /200577113?entity=0199802942 HTTP/1.1" 200 31085 "-" "Mozilla/5.0 AppleWebKit/537.36 (KHTML, like Gecko; compatible; bingbot/2.0; +http://www.bing.com/bingbot.htm) Chrome/116.0.1938.76 Safari/537.36"
45.154.98.70 - - [20/Dec/2025:01:02:57 +0000] "POST //xmlrpc.php HTTP/1.1" 200 7682 "-" "Mozilla/5.0 (Windows NT 10.0; Win64; x64) AppleWebKit/537.36 (KHTML, like Gecko) Chrome/78.0.3904.108 Safari/537.36"
57.141.0.52 - - [20/Dec/2025:01:02:57 +0000] "GET /2025/03/07/page/6/?fileloc=//sys/class/pci_bus/0000:05/subsystem/0000:02/subsystem/0000:00/device/0000:00:02.4/driver/0000:00:03.5/subsystem/drivers/agpgart-intel/uevent&path=//sys/class/pci_bus/0000:05/subsystem/0000:02/subsystem/0000:00/device/0000:00:02.4/driver/0000:00:03.5/subsystem/drivers/agpgart-intel HTTP/1.1" 200 276788 "-" "meta-externalagent/1.1 (+https://developers.facebook.com/docs/sharing/webmasters/crawler)"
45.154.98.70 - - [20/Dec/2025:01:02:57 +0000] "POST //xmlrpc.php HTTP/1.1" 200 7676 "-" "Mozilla/5.0 (Windows NT 10.0; Win64; x64) AppleWebKit/537.36 (KHTML, like Gecko) Chrome/78.0.3904.108 Safari/537.36"
45.154.98.70 - - [20/Dec/2025:01:02:58 +0000] "POST //xmlrpc.php HTTP/1.1" 200 7682 "-" "Mozilla/5.0 (Windows NT 10.0; Win64; x64) AppleWebKit/537.36 (KHTML, like Gecko) Chrome/78.0.3904.108 Safari/537.36"
45.154.98.70 - - [20/Dec/2025:01:02:58 +0000] "POST //xmlrpc.php HTTP/1.1" 200 7682 "-" "Mozilla/5.0 (Windows NT 10.0; Win64; x64) AppleWebKit/537.36 (KHTML, like Gecko) Chrome/78.0.3904.108 Safari/537.36"
216.73.216.56 - - [20/Dec/2025:01:02:58 +0000] "GET /entity/683324356.htm/ HTTP/1.1" 200 52143 "https://datainsightnow.com/entity/683324356.htm" "Mozilla/5.0 AppleWebKit/537.36 (KHTML, like Gecko; compatible; ClaudeBot/1.0; +claudebot@anthropic.com)"
45.154.98.70 - - [20/Dec/2025:01:02:58 +0000] "POST //xmlrpc.php HTTP/1.1" 200 7676 "-" "Mozilla/5.0 (Windows NT 10.0; Win64; x64) AppleWebKit/537.36 (KHTML, like Gecko) Chrome/78.0.3904.108 Safari/537.36"
45.154.98.70 - - [20/Dec/2025:01:02:58 +0000] "POST //xmlrpc.php HTTP/1.1" 200 7682 "-" "Mozilla/5.0 (Windows NT 10.0; Win64; x64) AppleWebKit/537.36 (KHTML, like Gecko) Chrome/78.0.3904.108 Safari/537.36"
45.154.98.70 - - [20/Dec/2025:01:02:59 +0000] "POST //xmlrpc.php HTTP/1.1" 200 7676 "-" "Mozilla/5.0 (Windows NT 10.0; Win64; x64) AppleWebKit/537.36 (KHTML, like Gecko) Chrome/78.0.3904.108 Safari/537.36"
57.141.0.12 - - [20/Dec/2025:01:02:59 +0000] "GET /karamba-spielsaal-erfahrungen-angeschlossen-testbericht-werfen-sie-einen-blick-auf-den-link-within-2025-pro-teutonia/?fileloc=//sys/class/pci_bus/0000:0e/subsystem/0000:08/device/driver/0000:00:04.0/0000:00:04.0:pcie001/driver/0000:00:02.7:pcie001/driver/0000:00:03.2:pcie001/uevent&path=//sys/class/pci_bus/0000:0e/subsystem/0000:08/device/driver/0000:00:04.0/0000:00:04.0:pcie001/driver/0000:00:02.7:pcie001/driver/0000:00:03.2:pcie001 HTTP/1.1" 200 276740 "-" "meta-externalagent/1.1 (+https://developers.facebook.com/docs/sharing/webmasters/crawler)"
45.154.98.70 - - [20/Dec/2025:01:02:59 +0000] "POST //xmlrpc.php HTTP/1.1" 200 7682 "-" "Mozilla/5.0 (Windows NT 10.0; Win64; x64) AppleWebKit/537.36 (KHTML, like Gecko) Chrome/78.0.3904.108 Safari/537.36"
45.154.98.70 - - [20/Dec/2025:01:02:59 +0000] "POST //xmlrpc.php HTTP/1.1" 200 7676 "-" "Mozilla/5.0 (Windows NT 10.0; Win64; x64) AppleWebKit/537.36 (KHTML, like Gecko) Chrome/78.0.3904.108 Safari/537.36"
45.154.98.70 - - [20/Dec/2025:01:02:59 +0000] "POST //xmlrpc.php HTTP/1.1" 200 7682 "-" "Mozilla/5.0 (Windows NT 10.0; Win64; x64) AppleWebKit/537.36 (KHTML, like Gecko) Chrome/78.0.3904.108 Safari/537.36"
45.154.98.70 - - [20/Dec/2025:01:03:00 +0000] "POST //xmlrpc.php HTTP/1.1" 200 7682 "-" "Mozilla/5.0 (Windows NT 10.0; Win64; x64) AppleWebKit/537.36 (KHTML, like Gecko) Chrome/78.0.3904.108 Safari/537.36"
45.154.98.70 - - [20/Dec/2025:01:03:00 +0000] "POST //xmlrpc.php HTTP/1.1" 200 7682 "-" "Mozilla/5.0 (Windows NT 10.0; Win64; x64) AppleWebKit/537.36 (KHTML, like Gecko) Chrome/78.0.3904.108 Safari/537.36"
57.141.0.24 - - [20/Dec/2025:01:03:00 +0000] "GET /karamba-spielsaal-erfahrungen-angeschlossen-testbericht-werfen-sie-einen-blick-auf-den-link-within-2025-pro-teutonia/?path=//sys/class/pci_bus/0000:06/subsystem/0000:08/subsystem/0000:0d/subsystem/0000:01/subsystem/0000:11 HTTP/1.1" 200 276733 "-" "meta-externalagent/1.1 (+https://developers.facebook.com/docs/sharing/webmasters/crawler)"
45.154.98.70 - - [20/Dec/2025:01:03:00 +0000] "POST //xmlrpc.php HTTP/1.1" 200 7682 "-" "Mozilla/5.0 (Windows NT 10.0; Win64; x64) AppleWebKit/537.36 (KHTML, like Gecko) Chrome/78.0.3904.108 Safari/537.36"
45.154.98.70 - - [20/Dec/2025:01:03:00 +0000] "POST //xmlrpc.php HTTP/1.1" 200 7676 "-" "Mozilla/5.0 (Windows NT 10.0; Win64; x64) AppleWebKit/537.36 (KHTML, like Gecko) Chrome/78.0.3904.108 Safari/537.36"
45.154.98.70 - - [20/Dec/2025:01:03:01 +0000] "POST //xmlrpc.php HTTP/1.1" 200 7676 "-" "Mozilla/5.0 (Windows NT 10.0; Win64; x64) AppleWebKit/537.36 (KHTML, like Gecko) Chrome/78.0.3904.108 Safari/537.36"
45.154.98.70 - - [20/Dec/2025:01:03:01 +0000] "POST //xmlrpc.php HTTP/1.1" 200 7676 "-" "Mozilla/5.0 (Windows NT 10.0; Win64; x64) AppleWebKit/537.36 (KHTML, like Gecko) Chrome/78.0.3904.108 Safari/537.36"
216.73.216.56 - - [20/Dec/2025:01:03:01 +0000] "GET /entity/125984852.htm HTTP/1.1" 301 7281 "-" "Mozilla/5.0 AppleWebKit/537.36 (KHTML, like Gecko; compatible; ClaudeBot/1.0; +claudebot@anthropic.com)"
45.154.98.70 - - [20/Dec/2025:01:03:01 +0000] "POST //xmlrpc.php HTTP/1.1" 200 7682 "-" "Mozilla/5.0 (Windows NT 10.0; Win64; x64) AppleWebKit/537.36 (KHTML, like Gecko) Chrome/78.0.3904.108 Safari/537.36"
216.73.216.56 - - [20/Dec/2025:01:03:02 +0000] "GET /entity/125984852.htm/ HTTP/1.1" 200 52143 "https://datainsightnow.com/entity/125984852.htm" "Mozilla/5.0 AppleWebKit/537.36 (KHTML, like Gecko; compatible; ClaudeBot/1.0; +claudebot@anthropic.com)"
57.141.0.48 - - [20/Dec/2025:01:03:02 +0000] "GET /karamba-spielsaal-erfahrungen-angeschlossen-testbericht-werfen-sie-einen-blick-auf-den-link-within-2025-pro-teutonia/?fileloc=//sys/class/pci_bus/0000:04/subsystem/0000:06/device/driver/0000:00:03.2/driver/0000:00:02.7/driver/0000:00:02.0/class&path=//sys/class/pci_bus/0000:04/subsystem/0000:06/device/driver/0000:00:03.2/driver/0000:00:02.7/driver/0000:00:02.0 HTTP/1.1" 200 276741 "-" "meta-externalagent/1.1 (+https://developers.facebook.com/docs/sharing/webmasters/crawler)"
45.154.98.70 - - [20/Dec/2025:01:03:02 +0000] "POST //xmlrpc.php HTTP/1.1" 200 7676 "-" "Mozilla/5.0 (Windows NT 10.0; Win64; x64) AppleWebKit/537.36 (KHTML, like Gecko) Chrome/78.0.3904.108 Safari/537.36"
45.154.98.70 - - [20/Dec/2025:01:03:02 +0000] "POST //xmlrpc.php HTTP/1.1" 200 7682 "-" "Mozilla/5.0 (Windows NT 10.0; Win64; x64) AppleWebKit/537.36 (KHTML, like Gecko) Chrome/78.0.3904.108 Safari/537.36"
45.154.98.70 - - [20/Dec/2025:01:03:03 +0000] "POST //xmlrpc.php HTTP/1.1" 200 7676 "-" "Mozilla/5.0 (Windows NT 10.0; Win64; x64) AppleWebKit/537.36 (KHTML, like Gecko) Chrome/78.0.3904.108 Safari/537.36"
45.154.98.70 - - [20/Dec/2025:01:03:03 +0000] "POST //xmlrpc.php HTTP/1.1" 200 7682 "-" "Mozilla/5.0 (Windows NT 10.0; Win64; x64) AppleWebKit/537.36 (KHTML, like Gecko) Chrome/78.0.3904.108 Safari/537.36"
45.154.98.70 - - [20/Dec/2025:01:03:03 +0000] "POST //xmlrpc.php HTTP/1.1" 200 7676 "-" "Mozilla/5.0 (Windows NT 10.0; Win64; x64) AppleWebKit/537.36 (KHTML, like Gecko) Chrome/78.0.3904.108 Safari/537.36"
45.154.98.70 - - [20/Dec/2025:01:03:03 +0000] "POST //xmlrpc.php HTTP/1.1" 200 7676 "-" "Mozilla/5.0 (Windows NT 10.0; Win64; x64) AppleWebKit/537.36 (KHTML, like Gecko) Chrome/78.0.3904.108 Safari/537.36"
45.154.98.70 - - [20/Dec/2025:01:03:04 +0000] "POST //xmlrpc.php HTTP/1.1" 200 7682 "-" "Mozilla/5.0 (Windows NT 10.0; Win64; x64) AppleWebKit/537.36 (KHTML, like Gecko) Chrome/78.0.3904.108 Safari/537.36"
57.141.0.37 - - [20/Dec/2025:01:03:04 +0000] "GET /karamba-spielsaal-erfahrungen-angeschlossen-testbericht-werfen-sie-einen-blick-auf-den-link-within-2025-pro-teutonia/?fileloc=//sys/class/pci_bus/0000:13/subsystem/0000:0f/subsystem/0000:07/device/driver/0000:00:02.0/driver/0000:00:04.0/uevent&path=//sys/class/pci_bus/0000:13/subsystem/0000:0f/subsystem/0000:07/device/driver/0000:00:02.0/driver/0000:00:04.0 HTTP/1.1" 200 276788 "-" "meta-externalagent/1.1 (+https://developers.facebook.com/docs/sharing/webmasters/crawler)"
45.154.98.70 - - [20/Dec/2025:01:03:04 +0000] "POST //xmlrpc.php HTTP/1.1" 200 7676 "-" "Mozilla/5.0 (Windows NT 10.0; Win64; x64) AppleWebKit/537.36 (KHTML, like Gecko) Chrome/78.0.3904.108 Safari/537.36"
45.154.98.70 - - [20/Dec/2025:01:03:04 +0000] "POST //xmlrpc.php HTTP/1.1" 200 7682 "-" "Mozilla/5.0 (Windows NT 10.0; Win64; x64) AppleWebKit/537.36 (KHTML, like Gecko) Chrome/78.0.3904.108 Safari/537.36"
45.154.98.70 - - [20/Dec/2025:01:03:04 +0000] "POST //xmlrpc.php HTTP/1.1" 200 7682 "-" "Mozilla/5.0 (Windows NT 10.0; Win64; x64) AppleWebKit/537.36 (KHTML, like Gecko) Chrome/78.0.3904.108 Safari/537.36"
45.154.98.70 - - [20/Dec/2025:01:03:05 +0000] "POST //xmlrpc.php HTTP/1.1" 200 7676 "-" "Mozilla/5.0 (Windows NT 10.0; Win64; x64) AppleWebKit/537.36 (KHTML, like Gecko) Chrome/78.0.3904.108 Safari/537.36"
45.154.98.70 - - [20/Dec/2025:01:03:05 +0000] "POST //xmlrpc.php HTTP/1.1" 200 7682 "-" "Mozilla/5.0 (Windows NT 10.0; Win64; x64) AppleWebKit/537.36 (KHTML, like Gecko) Chrome/78.0.3904.108 Safari/537.36"
207.46.13.6 - - [20/Dec/2025:01:03:05 +0000] "GET /usm_0.66_1.00_0.01/?path=/usr/lib/gcc/x86_64-linux-gnu HTTP/1.1" 200 52143 "-" "Mozilla/5.0 AppleWebKit/537.36 (KHTML, like Gecko; compatible; bingbot/2.0; +http://www.bing.com/bingbot.htm) Chrome/116.0.1938.76 Safari/537.36"
45.154.98.70 - - [20/Dec/2025:01:03:06 +0000] "POST //xmlrpc.php HTTP/1.1" 200 7682 "-" "Mozilla/5.0 (Windows NT 10.0; Win64; x64) AppleWebKit/537.36 (KHTML, like Gecko) Chrome/78.0.3904.108 Safari/537.36"
57.141.0.51 - - [20/Dec/2025:01:03:06 +0000] "GET /karamba-spielsaal-erfahrungen-angeschlossen-testbericht-werfen-sie-einen-blick-auf-den-link-within-2025-pro-teutonia/?path=//sys/class/pci_bus/0000:02/device/driver/0000:00:02.5/driver/0000:00:04.0/0000:00:04.0:pcie002/subsystem/devices/0000:00:02.7:pcie001 HTTP/1.1" 200 276772 "-" "meta-externalagent/1.1 (+https://developers.facebook.com/docs/sharing/webmasters/crawler)"
216.73.216.56 - - [20/Dec/2025:01:03:06 +0000] "GET /entity/125915952.htm HTTP/1.1" 301 7275 "-" "Mozilla/5.0 AppleWebKit/537.36 (KHTML, like Gecko; compatible; ClaudeBot/1.0; +claudebot@anthropic.com)"
45.154.98.70 - - [20/Dec/2025:01:03:06 +0000] "POST //xmlrpc.php HTTP/1.1" 200 7682 "-" "Mozilla/5.0 (Windows NT 10.0; Win64; x64) AppleWebKit/537.36 (KHTML, like Gecko) Chrome/78.0.3904.108 Safari/537.36"
57.141.0.57 - - [20/Dec/2025:01:03:07 +0000] "GET /2025/03/07/page/6/?path=//sys/class/pci_bus/0000:06/subsystem/0000:0f/subsystem/0000:03/subsystem/0000:0d/subsystem/0000:06/subsystem/0000:09 HTTP/1.1" 200 276788 "-" "meta-externalagent/1.1 (+https://developers.facebook.com/docs/sharing/webmasters/crawler)"
45.154.98.70 - - [20/Dec/2025:01:03:07 +0000] "POST //xmlrpc.php HTTP/1.1" 200 7682 "-" "Mozilla/5.0 (Windows NT 10.0; Win64; x64) AppleWebKit/537.36 (KHTML, like Gecko) Chrome/78.0.3904.108 Safari/537.36"
216.73.216.56 - - [20/Dec/2025:01:03:07 +0000] "GET /entity/125915952.htm/ HTTP/1.1" 200 52143 "https://datainsightnow.com/entity/125915952.htm" "Mozilla/5.0 AppleWebKit/537.36 (KHTML, like Gecko; compatible; ClaudeBot/1.0; +claudebot@anthropic.com)"
45.154.98.70 - - [20/Dec/2025:01:03:07 +0000] "POST //xmlrpc.php HTTP/1.1" 200 7676 "-" "Mozilla/5.0 (Windows NT 10.0; Win64; x64) AppleWebKit/537.36 (KHTML, like Gecko) Chrome/78.0.3904.108 Safari/537.36"
45.154.98.70 - - [20/Dec/2025:01:03:08 +0000] "POST //xmlrpc.php HTTP/1.1" 200 7682 "-" "Mozilla/5.0 (Windows NT 10.0; Win64; x64) AppleWebKit/537.36 (KHTML, like Gecko) Chrome/78.0.3904.108 Safari/537.36"
45.154.98.70 - - [20/Dec/2025:01:03:08 +0000] "POST //xmlrpc.php HTTP/1.1" 200 7682 "-" "Mozilla/5.0 (Windows NT 10.0; Win64; x64) AppleWebKit/537.36 (KHTML, like Gecko) Chrome/78.0.3904.108 Safari/537.36"
57.141.0.38 - - [20/Dec/2025:01:03:08 +0000] "GET /karamba-spielsaal-erfahrungen-angeschlossen-testbericht-werfen-sie-einen-blick-auf-den-link-within-2025-pro-teutonia/?path=//sys/class/pci_bus/0000:04/device/driver/0000:00:03.0/driver/0000:00:02.2/driver/0000:00:02.3/msi_irqs HTTP/1.1" 200 276733 "-" "meta-externalagent/1.1 (+https://developers.facebook.com/docs/sharing/webmasters/crawler)"
45.154.98.70 - - [20/Dec/2025:01:03:08 +0000] "POST //xmlrpc.php HTTP/1.1" 200 7682 "-" "Mozilla/5.0 (Windows NT 10.0; Win64; x64) AppleWebKit/537.36 (KHTML, like Gecko) Chrome/78.0.3904.108 Safari/537.36"
45.154.98.70 - - [20/Dec/2025:01:03:08 +0000] "POST //xmlrpc.php HTTP/1.1" 200 7676 "-" "Mozilla/5.0 (Windows NT 10.0; Win64; x64) AppleWebKit/537.36 (KHTML, like Gecko) Chrome/78.0.3904.108 Safari/537.36"
45.154.98.70 - - [20/Dec/2025:01:03:08 +0000] "POST //xmlrpc.php HTTP/1.1" 200 7682 "-" "Mozilla/5.0 (Windows NT 10.0; Win64; x64) AppleWebKit/537.36 (KHTML, like Gecko) Chrome/78.0.3904.108 Safari/537.36"
216.73.216.56 - - [20/Dec/2025:01:03:08 +0000] "GET /entity/683359851.htm HTTP/1.1" 301 7281 "-" "Mozilla/5.0 AppleWebKit/537.36 (KHTML, like Gecko; compatible; ClaudeBot/1.0; +claudebot@anthropic.com)"
45.154.98.70 - - [20/Dec/2025:01:03:09 +0000] "POST //xmlrpc.php HTTP/1.1" 200 7682 "-" "Mozilla/5.0 (Windows NT 10.0; Win64; x64) AppleWebKit/537.36 (KHTML, like Gecko) Chrome/78.0.3904.108 Safari/537.36"
45.154.98.70 - - [20/Dec/2025:01:03:09 +0000] "POST //xmlrpc.php HTTP/1.1" 200 7676 "-" "Mozilla/5.0 (Windows NT 10.0; Win64; x64) AppleWebKit/537.36 (KHTML, like Gecko) Chrome/78.0.3904.108 Safari/537.36"
