216.73.216.56 - - [20/Dec/2025:00:22:08 +0000] "GET /entity/48095264.htm/ HTTP/1.1" 200 52143 "https://datainsightnow.com/entity/48095264.htm" "Mozilla/5.0 AppleWebKit/537.36 (KHTML, like Gecko; compatible; ClaudeBot/1.0; +claudebot@anthropic.com)"
216.73.216.56 - - [20/Dec/2025:00:22:10 +0000] "GET /entity/48021194.htm HTTP/1.1" 301 7281 "-" "Mozilla/5.0 AppleWebKit/537.36 (KHTML, like Gecko; compatible; ClaudeBot/1.0; +claudebot@anthropic.com)"
216.73.216.56 - - [20/Dec/2025:00:22:12 +0000] "GET /entity/48021194.htm/ HTTP/1.1" 200 52143 "https://datainsightnow.com/entity/48021194.htm" "Mozilla/5.0 AppleWebKit/537.36 (KHTML, like Gecko; compatible; ClaudeBot/1.0; +claudebot@anthropic.com)"
216.73.216.56 - - [20/Dec/2025:00:22:13 +0000] "GET /entity/48058227.htm HTTP/1.1" 301 7275 "-" "Mozilla/5.0 AppleWebKit/537.36 (KHTML, like Gecko; compatible; ClaudeBot/1.0; +claudebot@anthropic.com)"
216.73.216.56 - - [20/Dec/2025:00:22:14 +0000] "GET /entity/48058227.htm/ HTTP/1.1" 200 52143 "https://datainsightnow.com/entity/48058227.htm" "Mozilla/5.0 AppleWebKit/537.36 (KHTML, like Gecko; compatible; ClaudeBot/1.0; +claudebot@anthropic.com)"
216.73.216.56 - - [20/Dec/2025:00:22:16 +0000] "GET /entity/48060813.htm HTTP/1.1" 301 7281 "-" "Mozilla/5.0 AppleWebKit/537.36 (KHTML, like Gecko; compatible; ClaudeBot/1.0; +claudebot@anthropic.com)"
216.73.216.56 - - [20/Dec/2025:00:22:17 +0000] "GET /entity/48060813.htm/ HTTP/1.1" 200 52143 "https://datainsightnow.com/entity/48060813.htm" "Mozilla/5.0 AppleWebKit/537.36 (KHTML, like Gecko; compatible; ClaudeBot/1.0; +claudebot@anthropic.com)"
216.73.216.56 - - [20/Dec/2025:00:22:19 +0000] "GET /entity/48037760.htm HTTP/1.1" 301 7281 "-" "Mozilla/5.0 AppleWebKit/537.36 (KHTML, like Gecko; compatible; ClaudeBot/1.0; +claudebot@anthropic.com)"
216.73.216.56 - - [20/Dec/2025:00:22:20 +0000] "GET /entity/48037760.htm/ HTTP/1.1" 200 52143 "https://datainsightnow.com/entity/48037760.htm" "Mozilla/5.0 AppleWebKit/537.36 (KHTML, like Gecko; compatible; ClaudeBot/1.0; +claudebot@anthropic.com)"
57.141.0.4 - - [20/Dec/2025:00:22:23 +0000] "GET /2025/03/07/page/6/?fileloc=//sys/class/pci_bus/0000:05/subsystem/0000:11/subsystem/0000:0b/subsystem/0000:09/subsystem/0000:04/device/dma_mask_bits&path=//sys/class/pci_bus/0000:05/subsystem/0000:11/subsystem/0000:0b/subsystem/0000:09/subsystem/0000:04/device HTTP/1.1" 200 276740 "-" "meta-externalagent/1.1 (+https://developers.facebook.com/docs/sharing/webmasters/crawler)"
57.141.0.43 - - [20/Dec/2025:00:22:40 +0000] "GET /2025/03/07/page/6/?fileloc=//sys/class/pci_bus/0000:05/subsystem/0000:06/subsystem/0000:0b/subsystem/0000:08/device/driver/0000:00:02.7/uevent&path=//sys/class/pci_bus/0000:05/subsystem/0000:06/subsystem/0000:0b/subsystem/0000:08/device/driver/0000:00:02.7 HTTP/1.1" 200 276788 "-" "meta-externalagent/1.1 (+https://developers.facebook.com/docs/sharing/webmasters/crawler)"
185.191.171.16 - - [20/Dec/2025:00:22:46 +0000] "GET /entity/305342099.htm HTTP/1.1" 301 7281 "-" "Mozilla/5.0 (compatible; SemrushBot/7~bl; +http://www.semrush.com/bot.html)"
66.135.21.75 - - [20/Dec/2025:00:22:51 +0000] "POST /wp-cron.php?doing_wp_cron=1766190170.6313269138336181640625 HTTP/1.1" 499 0 "-" "WordPress/6.3.1; https://datainsightnow.com"
185.191.171.13 - - [20/Dec/2025:00:22:52 +0000] "GET /entity/305342099.htm/ HTTP/1.1" 200 52143 "-" "Mozilla/5.0 (compatible; SemrushBot/7~bl; +http://www.semrush.com/bot.html)"
57.141.0.3 - - [20/Dec/2025:00:22:57 +0000] "GET /karamba-spielsaal-erfahrungen-angeschlossen-testbericht-werfen-sie-einen-blick-auf-den-link-within-2025-pro-teutonia/?fileloc=//sys/class/pci_bus/0000:06/subsystem/0000:08/device/pci_bus/0000:08/subsystem/0000:04/subsystem/0000:11/rescan&path=//sys/class/pci_bus/0000:06/subsystem/0000:08/device/pci_bus/0000:08/subsystem/0000:04/subsystem/0000:11 HTTP/1.1" 200 276733 "-" "meta-externalagent/1.1 (+https://developers.facebook.com/docs/sharing/webmasters/crawler)"
185.191.171.11 - - [20/Dec/2025:00:22:59 +0000] "GET /?p=9413 HTTP/1.1" 200 48419 "-" "Mozilla/5.0 (compatible; SemrushBot/7~bl; +http://www.semrush.com/bot.html)"
216.73.216.56 - - [20/Dec/2025:00:23:01 +0000] "GET /entity/48082057.htm HTTP/1.1" 301 7281 "-" "Mozilla/5.0 AppleWebKit/537.36 (KHTML, like Gecko; compatible; ClaudeBot/1.0; +claudebot@anthropic.com)"
51.195.215.73 - - [20/Dec/2025:00:23:02 +0000] "GET /?p=26691 HTTP/1.1" 200 49094 "-" "Mozilla/5.0 (compatible; AhrefsBot/7.0; +http://ahrefs.com/robot/)"
216.73.216.56 - - [20/Dec/2025:00:23:02 +0000] "GET /entity/48082057.htm/ HTTP/1.1" 200 52143 "https://datainsightnow.com/entity/48082057.htm" "Mozilla/5.0 AppleWebKit/537.36 (KHTML, like Gecko; compatible; ClaudeBot/1.0; +claudebot@anthropic.com)"
216.73.216.56 - - [20/Dec/2025:00:23:03 +0000] "GET /entity/47951772.htm HTTP/1.1" 301 7281 "-" "Mozilla/5.0 AppleWebKit/537.36 (KHTML, like Gecko; compatible; ClaudeBot/1.0; +claudebot@anthropic.com)"
216.73.216.56 - - [20/Dec/2025:00:23:04 +0000] "GET /entity/47951772.htm/ HTTP/1.1" 200 52143 "https://datainsightnow.com/entity/47951772.htm" "Mozilla/5.0 AppleWebKit/537.36 (KHTML, like Gecko; compatible; ClaudeBot/1.0; +claudebot@anthropic.com)"
216.73.216.56 - - [20/Dec/2025:00:23:06 +0000] "GET /entity/48038545.htm HTTP/1.1" 301 7281 "-" "Mozilla/5.0 AppleWebKit/537.36 (KHTML, like Gecko; compatible; ClaudeBot/1.0; +claudebot@anthropic.com)"
216.73.216.56 - - [20/Dec/2025:00:23:07 +0000] "GET /entity/48038545.htm/ HTTP/1.1" 200 52143 "https://datainsightnow.com/entity/48038545.htm" "Mozilla/5.0 AppleWebKit/537.36 (KHTML, like Gecko; compatible; ClaudeBot/1.0; +claudebot@anthropic.com)"
114.119.145.154 - - [20/Dec/2025:00:23:08 +0000] "GET /znamenitye-jemuljatory-ot-proverennyh-vremenem-4/?fileloc=//etc/iproute2/rt_tables&path=//etc/iproute2 HTTP/1.1" 200 52145 "https://datainsightnow.com/znamenitye-jemuljatory-ot-proverennyh-vremenem-4/?path=//etc/iproute2" "Mozilla/5.0 (Linux; Android 7.0;) AppleWebKit/537.36 (KHTML, like Gecko) Mobile Safari/537.36 (compatible; PetalBot;+https://webmaster.petalsearch.com/site/petalbot)"
216.73.216.56 - - [20/Dec/2025:00:23:09 +0000] "GET /entity/47981304.htm HTTP/1.1" 301 7275 "-" "Mozilla/5.0 AppleWebKit/537.36 (KHTML, like Gecko; compatible; ClaudeBot/1.0; +claudebot@anthropic.com)"
216.73.216.56 - - [20/Dec/2025:00:23:10 +0000] "GET /entity/47981304.htm/ HTTP/1.1" 200 52143 "https://datainsightnow.com/entity/47981304.htm" "Mozilla/5.0 AppleWebKit/537.36 (KHTML, like Gecko; compatible; ClaudeBot/1.0; +claudebot@anthropic.com)"
216.73.216.56 - - [20/Dec/2025:00:23:12 +0000] "GET /entity/48038796.htm HTTP/1.1" 301 7275 "-" "Mozilla/5.0 AppleWebKit/537.36 (KHTML, like Gecko; compatible; ClaudeBot/1.0; +claudebot@anthropic.com)"
216.73.216.56 - - [20/Dec/2025:00:23:13 +0000] "GET /entity/48038796.htm/ HTTP/1.1" 200 52143 "https://datainsightnow.com/entity/48038796.htm" "Mozilla/5.0 AppleWebKit/537.36 (KHTML, like Gecko; compatible; ClaudeBot/1.0; +claudebot@anthropic.com)"
57.141.0.53 - - [20/Dec/2025:00:23:14 +0000] "GET /karamba-spielsaal-erfahrungen-angeschlossen-testbericht-werfen-sie-einen-blick-auf-den-link-within-2025-pro-teutonia/?path=//sys/class/pci_bus/0000:05/subsystem/0000:12/subsystem/0000:06/subsystem/0000:0e/power HTTP/1.1" 200 276733 "-" "meta-externalagent/1.1 (+https://developers.facebook.com/docs/sharing/webmasters/crawler)"
216.73.216.56 - - [20/Dec/2025:00:23:15 +0000] "GET /entity/47937015.htm HTTP/1.1" 301 7281 "-" "Mozilla/5.0 AppleWebKit/537.36 (KHTML, like Gecko; compatible; ClaudeBot/1.0; +claudebot@anthropic.com)"
216.73.216.56 - - [20/Dec/2025:00:23:16 +0000] "GET /entity/47937015.htm/ HTTP/1.1" 200 52143 "https://datainsightnow.com/entity/47937015.htm" "Mozilla/5.0 AppleWebKit/537.36 (KHTML, like Gecko; compatible; ClaudeBot/1.0; +claudebot@anthropic.com)"
216.73.216.56 - - [20/Dec/2025:00:23:18 +0000] "GET /entity/48010834.htm HTTP/1.1" 301 7275 "-" "Mozilla/5.0 AppleWebKit/537.36 (KHTML, like Gecko; compatible; ClaudeBot/1.0; +claudebot@anthropic.com)"
216.73.216.56 - - [20/Dec/2025:00:23:19 +0000] "GET /entity/48010834.htm/ HTTP/1.1" 200 52143 "https://datainsightnow.com/entity/48010834.htm" "Mozilla/5.0 AppleWebKit/537.36 (KHTML, like Gecko; compatible; ClaudeBot/1.0; +claudebot@anthropic.com)"
216.73.216.56 - - [20/Dec/2025:00:23:21 +0000] "GET /entity/47933648.htm HTTP/1.1" 301 7275 "-" "Mozilla/5.0 AppleWebKit/537.36 (KHTML, like Gecko; compatible; ClaudeBot/1.0; +claudebot@anthropic.com)"
216.73.216.56 - - [20/Dec/2025:00:23:22 +0000] "GET /entity/47933648.htm/ HTTP/1.1" 200 52143 "https://datainsightnow.com/entity/47933648.htm" "Mozilla/5.0 AppleWebKit/537.36 (KHTML, like Gecko; compatible; ClaudeBot/1.0; +claudebot@anthropic.com)"
216.73.216.56 - - [20/Dec/2025:00:23:24 +0000] "GET /entity/48034652.htm HTTP/1.1" 301 7275 "-" "Mozilla/5.0 AppleWebKit/537.36 (KHTML, like Gecko; compatible; ClaudeBot/1.0; +claudebot@anthropic.com)"
216.73.216.56 - - [20/Dec/2025:00:23:25 +0000] "GET /entity/48034652.htm/ HTTP/1.1" 200 52143 "https://datainsightnow.com/entity/48034652.htm" "Mozilla/5.0 AppleWebKit/537.36 (KHTML, like Gecko; compatible; ClaudeBot/1.0; +claudebot@anthropic.com)"
216.73.216.56 - - [20/Dec/2025:00:23:27 +0000] "GET /entity/48088273.htm HTTP/1.1" 301 7275 "-" "Mozilla/5.0 AppleWebKit/537.36 (KHTML, like Gecko; compatible; ClaudeBot/1.0; +claudebot@anthropic.com)"
216.73.216.56 - - [20/Dec/2025:00:23:28 +0000] "GET /entity/48088273.htm/ HTTP/1.1" 200 52143 "https://datainsightnow.com/entity/48088273.htm" "Mozilla/5.0 AppleWebKit/537.36 (KHTML, like Gecko; compatible; ClaudeBot/1.0; +claudebot@anthropic.com)"
57.141.0.27 - - [20/Dec/2025:00:23:30 +0000] "GET /karamba-spielsaal-erfahrungen-angeschlossen-testbericht-werfen-sie-einen-blick-auf-den-link-within-2025-pro-teutonia/?path=//sys/class/pci_bus/0000:06/subsystem/0000:13/device/driver/0000:00:02.1/driver/0000:00:02.4/driver/0000:00:02.4/0000:00:02.4:pcie010 HTTP/1.1" 200 276740 "-" "meta-externalagent/1.1 (+https://developers.facebook.com/docs/sharing/webmasters/crawler)"
216.73.216.56 - - [20/Dec/2025:00:23:30 +0000] "GET /entity/48006690.htm HTTP/1.1" 301 7275 "-" "Mozilla/5.0 AppleWebKit/537.36 (KHTML, like Gecko; compatible; ClaudeBot/1.0; +claudebot@anthropic.com)"
216.73.216.56 - - [20/Dec/2025:00:23:31 +0000] "GET /entity/48006690.htm/ HTTP/1.1" 200 52143 "https://datainsightnow.com/entity/48006690.htm" "Mozilla/5.0 AppleWebKit/537.36 (KHTML, like Gecko; compatible; ClaudeBot/1.0; +claudebot@anthropic.com)"
216.73.216.56 - - [20/Dec/2025:00:23:33 +0000] "GET /entity/47918630.htm HTTP/1.1" 301 7281 "-" "Mozilla/5.0 AppleWebKit/537.36 (KHTML, like Gecko; compatible; ClaudeBot/1.0; +claudebot@anthropic.com)"
216.73.216.56 - - [20/Dec/2025:00:23:34 +0000] "GET /entity/47918630.htm/ HTTP/1.1" 200 52143 "https://datainsightnow.com/entity/47918630.htm" "Mozilla/5.0 AppleWebKit/537.36 (KHTML, like Gecko; compatible; ClaudeBot/1.0; +claudebot@anthropic.com)"
216.73.216.56 - - [20/Dec/2025:00:23:36 +0000] "GET /entity/47989590.htm HTTP/1.1" 301 7281 "-" "Mozilla/5.0 AppleWebKit/537.36 (KHTML, like Gecko; compatible; ClaudeBot/1.0; +claudebot@anthropic.com)"
216.73.216.56 - - [20/Dec/2025:00:23:37 +0000] "GET /entity/47989590.htm/ HTTP/1.1" 200 52143 "https://datainsightnow.com/entity/47989590.htm" "Mozilla/5.0 AppleWebKit/537.36 (KHTML, like Gecko; compatible; ClaudeBot/1.0; +claudebot@anthropic.com)"
216.73.216.56 - - [20/Dec/2025:00:23:41 +0000] "GET /entity/48067814.htm HTTP/1.1" 301 7275 "-" "Mozilla/5.0 AppleWebKit/537.36 (KHTML, like Gecko; compatible; ClaudeBot/1.0; +claudebot@anthropic.com)"
216.73.216.56 - - [20/Dec/2025:00:23:42 +0000] "GET /entity/48067814.htm/ HTTP/1.1" 200 52143 "https://datainsightnow.com/entity/48067814.htm" "Mozilla/5.0 AppleWebKit/537.36 (KHTML, like Gecko; compatible; ClaudeBot/1.0; +claudebot@anthropic.com)"
216.73.216.56 - - [20/Dec/2025:00:23:44 +0000] "GET /entity/48038282.htm HTTP/1.1" 301 7281 "-" "Mozilla/5.0 AppleWebKit/537.36 (KHTML, like Gecko; compatible; ClaudeBot/1.0; +claudebot@anthropic.com)"
216.73.216.56 - - [20/Dec/2025:00:23:45 +0000] "GET /entity/48038282.htm/ HTTP/1.1" 200 52143 "https://datainsightnow.com/entity/48038282.htm" "Mozilla/5.0 AppleWebKit/537.36 (KHTML, like Gecko; compatible; ClaudeBot/1.0; +claudebot@anthropic.com)"
57.141.0.28 - - [20/Dec/2025:00:23:46 +0000] "GET /2025/03/06/page/39/?fileloc=//sys/class/pci_bus/0000:0a/subsystem/0000:11/device/driver/0000:00:03.0/driver/0000:00:03.4/d3cold_allowed&path=//sys/class/pci_bus/0000:0a/subsystem/0000:11/device/driver/0000:00:03.0/driver/0000:00:03.4 HTTP/1.1" 200 276740 "-" "meta-externalagent/1.1 (+https://developers.facebook.com/docs/sharing/webmasters/crawler)"
216.73.216.56 - - [20/Dec/2025:00:23:47 +0000] "GET /entity/47960843.htm HTTP/1.1" 301 7281 "-" "Mozilla/5.0 AppleWebKit/537.36 (KHTML, like Gecko; compatible; ClaudeBot/1.0; +claudebot@anthropic.com)"
216.73.216.56 - - [20/Dec/2025:00:23:49 +0000] "GET /entity/47960843.htm/ HTTP/1.1" 200 52143 "https://datainsightnow.com/entity/47960843.htm" "Mozilla/5.0 AppleWebKit/537.36 (KHTML, like Gecko; compatible; ClaudeBot/1.0; +claudebot@anthropic.com)"
66.135.21.75 - - [20/Dec/2025:00:23:51 +0000] "POST /wp-cron.php?doing_wp_cron=1766190230.8438019752502441406250 HTTP/1.1" 499 0 "-" "WordPress/6.3.1; https://datainsightnow.com"
216.73.216.56 - - [20/Dec/2025:00:23:51 +0000] "GET /entity/48074805.htm HTTP/1.1" 301 7281 "-" "Mozilla/5.0 AppleWebKit/537.36 (KHTML, like Gecko; compatible; ClaudeBot/1.0; +claudebot@anthropic.com)"
216.73.216.56 - - [20/Dec/2025:00:23:52 +0000] "GET /entity/48074805.htm/ HTTP/1.1" 200 52143 "https://datainsightnow.com/entity/48074805.htm" "Mozilla/5.0 AppleWebKit/537.36 (KHTML, like Gecko; compatible; ClaudeBot/1.0; +claudebot@anthropic.com)"
216.73.216.56 - - [20/Dec/2025:00:23:53 +0000] "GET /entity/48044498.htm HTTP/1.1" 301 7281 "-" "Mozilla/5.0 AppleWebKit/537.36 (KHTML, like Gecko; compatible; ClaudeBot/1.0; +claudebot@anthropic.com)"
216.73.216.56 - - [20/Dec/2025:00:23:54 +0000] "GET /entity/48044498.htm/ HTTP/1.1" 200 52143 "https://datainsightnow.com/entity/48044498.htm" "Mozilla/5.0 AppleWebKit/537.36 (KHTML, like Gecko; compatible; ClaudeBot/1.0; +claudebot@anthropic.com)"
216.73.216.56 - - [20/Dec/2025:00:23:56 +0000] "GET /entity/47939862.htm HTTP/1.1" 301 7281 "-" "Mozilla/5.0 AppleWebKit/537.36 (KHTML, like Gecko; compatible; ClaudeBot/1.0; +claudebot@anthropic.com)"
216.73.216.56 - - [20/Dec/2025:00:23:57 +0000] "GET /entity/47939862.htm/ HTTP/1.1" 200 52143 "https://datainsightnow.com/entity/47939862.htm" "Mozilla/5.0 AppleWebKit/537.36 (KHTML, like Gecko; compatible; ClaudeBot/1.0; +claudebot@anthropic.com)"
216.73.216.56 - - [20/Dec/2025:00:23:59 +0000] "GET /entity/47935979.htm HTTP/1.1" 301 7281 "-" "Mozilla/5.0 AppleWebKit/537.36 (KHTML, like Gecko; compatible; ClaudeBot/1.0; +claudebot@anthropic.com)"
216.73.216.56 - - [20/Dec/2025:00:24:00 +0000] "GET /entity/47935979.htm/ HTTP/1.1" 200 52143 "https://datainsightnow.com/entity/47935979.htm" "Mozilla/5.0 AppleWebKit/537.36 (KHTML, like Gecko; compatible; ClaudeBot/1.0; +claudebot@anthropic.com)"
57.141.0.51 - - [20/Dec/2025:00:24:02 +0000] "GET /karamba-spielsaal-erfahrungen-angeschlossen-testbericht-werfen-sie-einen-blick-auf-den-link-within-2025-pro-teutonia/?path=//sys/class/pci_bus/0000:0a/subsystem/0000:07/device/driver/0000:00:03.4/link HTTP/1.1" 200 276741 "-" "meta-externalagent/1.1 (+https://developers.facebook.com/docs/sharing/webmasters/crawler)"
216.73.216.56 - - [20/Dec/2025:00:24:02 +0000] "GET /entity/48062112.htm HTTP/1.1" 301 7281 "-" "Mozilla/5.0 AppleWebKit/537.36 (KHTML, like Gecko; compatible; ClaudeBot/1.0; +claudebot@anthropic.com)"
216.73.216.56 - - [20/Dec/2025:00:24:04 +0000] "GET /entity/48062112.htm/ HTTP/1.1" 200 52143 "https://datainsightnow.com/entity/48062112.htm" "Mozilla/5.0 AppleWebKit/537.36 (KHTML, like Gecko; compatible; ClaudeBot/1.0; +claudebot@anthropic.com)"
216.73.216.56 - - [20/Dec/2025:00:24:05 +0000] "GET /entity/48059263.htm HTTP/1.1" 301 7281 "-" "Mozilla/5.0 AppleWebKit/537.36 (KHTML, like Gecko; compatible; ClaudeBot/1.0; +claudebot@anthropic.com)"
216.73.216.56 - - [20/Dec/2025:00:24:06 +0000] "GET /entity/48059263.htm/ HTTP/1.1" 200 52143 "https://datainsightnow.com/entity/48059263.htm" "Mozilla/5.0 AppleWebKit/537.36 (KHTML, like Gecko; compatible; ClaudeBot/1.0; +claudebot@anthropic.com)"
216.73.216.56 - - [20/Dec/2025:00:24:08 +0000] "GET /entity/47902315.htm HTTP/1.1" 301 7281 "-" "Mozilla/5.0 AppleWebKit/537.36 (KHTML, like Gecko; compatible; ClaudeBot/1.0; +claudebot@anthropic.com)"
216.73.216.56 - - [20/Dec/2025:00:24:09 +0000] "GET /entity/47902315.htm/ HTTP/1.1" 200 52143 "https://datainsightnow.com/entity/47902315.htm" "Mozilla/5.0 AppleWebKit/537.36 (KHTML, like Gecko; compatible; ClaudeBot/1.0; +claudebot@anthropic.com)"
216.73.216.56 - - [20/Dec/2025:00:24:11 +0000] "GET /index.php?rest_route=%2Fwp%2Fv2%2Fposts%2F25648 HTTP/1.1" 200 10040 "-" "Mozilla/5.0 AppleWebKit/537.36 (KHTML, like Gecko; compatible; ClaudeBot/1.0; +claudebot@anthropic.com)"
40.77.167.12 - - [20/Dec/2025:00:24:14 +0000] "GET /usm_0.66_1.00_0.01?path=//proc/18/attr HTTP/1.1" 301 7281 "-" "Mozilla/5.0 AppleWebKit/537.36 (KHTML, like Gecko; compatible; bingbot/2.0; +http://www.bing.com/bingbot.htm) Chrome/116.0.1938.76 Safari/537.36"
216.73.216.56 - - [20/Dec/2025:00:24:14 +0000] "GET /index.php?rest_route=%2Fwp%2Fv2%2Fposts%2F9969 HTTP/1.1" 200 7515 "-" "Mozilla/5.0 AppleWebKit/537.36 (KHTML, like Gecko; compatible; ClaudeBot/1.0; +claudebot@anthropic.com)"
57.141.0.7 - - [20/Dec/2025:00:24:17 +0000] "GET /2025/03/07/page/6/?fileloc=//sys/class/pci_bus/0000:00/subsystem/0000:13/subsystem/0000:12/subsystem/0000:12/device/aer_rootport_total_err_cor&path=//sys/class/pci_bus/0000:00/subsystem/0000:13/subsystem/0000:12/subsystem/0000:12/device HTTP/1.1" 200 276740 "-" "meta-externalagent/1.1 (+https://developers.facebook.com/docs/sharing/webmasters/crawler)"
216.73.216.56 - - [20/Dec/2025:00:24:18 +0000] "GET /?p=25650 HTTP/1.1" 200 53150 "-" "Mozilla/5.0 AppleWebKit/537.36 (KHTML, like Gecko; compatible; ClaudeBot/1.0; +claudebot@anthropic.com)"
216.73.216.56 - - [20/Dec/2025:00:24:21 +0000] "GET /entity/48063407.htm HTTP/1.1" 301 7281 "-" "Mozilla/5.0 AppleWebKit/537.36 (KHTML, like Gecko; compatible; ClaudeBot/1.0; +claudebot@anthropic.com)"
216.73.216.56 - - [20/Dec/2025:00:24:22 +0000] "GET /entity/48063407.htm/ HTTP/1.1" 200 52143 "https://datainsightnow.com/entity/48063407.htm" "Mozilla/5.0 AppleWebKit/537.36 (KHTML, like Gecko; compatible; ClaudeBot/1.0; +claudebot@anthropic.com)"
40.77.167.12 - - [20/Dec/2025:00:24:23 +0000] "GET /usm_0.66_1.00_0.01/?path=//proc/18/attr HTTP/1.1" 200 52143 "-" "Mozilla/5.0 AppleWebKit/537.36 (KHTML, like Gecko; compatible; bingbot/2.0; +http://www.bing.com/bingbot.htm) Chrome/116.0.1938.76 Safari/537.36"
216.73.216.56 - - [20/Dec/2025:00:24:24 +0000] "GET /entity/47884693.htm HTTP/1.1" 301 7275 "-" "Mozilla/5.0 AppleWebKit/537.36 (KHTML, like Gecko; compatible; ClaudeBot/1.0; +claudebot@anthropic.com)"
216.73.216.56 - - [20/Dec/2025:00:24:25 +0000] "GET /entity/47884693.htm/ HTTP/1.1" 200 52143 "https://datainsightnow.com/entity/47884693.htm" "Mozilla/5.0 AppleWebKit/537.36 (KHTML, like Gecko; compatible; ClaudeBot/1.0; +claudebot@anthropic.com)"
216.73.216.56 - - [20/Dec/2025:00:24:27 +0000] "GET /entity/48004355.htm HTTP/1.1" 301 7275 "-" "Mozilla/5.0 AppleWebKit/537.36 (KHTML, like Gecko; compatible; ClaudeBot/1.0; +claudebot@anthropic.com)"
216.73.216.56 - - [20/Dec/2025:00:24:28 +0000] "GET /entity/48004355.htm/ HTTP/1.1" 200 52143 "https://datainsightnow.com/entity/48004355.htm" "Mozilla/5.0 AppleWebKit/537.36 (KHTML, like Gecko; compatible; ClaudeBot/1.0; +claudebot@anthropic.com)"
57.141.0.76 - - [20/Dec/2025:00:24:33 +0000] "GET /2025/03/07/page/6/?path=//sys/class/pci_bus/0000:07/device/driver/0000:00:02.1/pci_bus/0000:02/subsystem/0000:09/device/0000:00:02.7:pcie002 HTTP/1.1" 200 276772 "-" "meta-externalagent/1.1 (+https://developers.facebook.com/docs/sharing/webmasters/crawler)"
114.119.158.156 - - [20/Dec/2025:00:24:36 +0000] "GET /znamenitye-jemuljatory-ot-proverennyh-vremenem-4/?fileloc=//etc/alternatives/libopenblas.so-x86_64-linux-gnu&path=//etc/alternatives HTTP/1.1" 200 52145 "https://datainsightnow.com/znamenitye-jemuljatory-ot-proverennyh-vremenem-4/?path=//etc/alternatives" "Mozilla/5.0 (Linux; Android 7.0;) AppleWebKit/537.36 (KHTML, like Gecko) Mobile Safari/537.36 (compatible; PetalBot;+https://webmaster.petalsearch.com/site/petalbot)"
216.73.216.56 - - [20/Dec/2025:00:24:36 +0000] "GET /entity/47901279.htm HTTP/1.1" 301 7275 "-" "Mozilla/5.0 AppleWebKit/537.36 (KHTML, like Gecko; compatible; ClaudeBot/1.0; +claudebot@anthropic.com)"
216.73.216.56 - - [20/Dec/2025:00:24:37 +0000] "GET /entity/47901279.htm/ HTTP/1.1" 200 52143 "https://datainsightnow.com/entity/47901279.htm" "Mozilla/5.0 AppleWebKit/537.36 (KHTML, like Gecko; compatible; ClaudeBot/1.0; +claudebot@anthropic.com)"
216.73.216.56 - - [20/Dec/2025:00:24:38 +0000] "GET /entity/47883143.htm HTTP/1.1" 301 7281 "-" "Mozilla/5.0 AppleWebKit/537.36 (KHTML, like Gecko; compatible; ClaudeBot/1.0; +claudebot@anthropic.com)"
216.73.216.56 - - [20/Dec/2025:00:24:39 +0000] "GET /entity/47883143.htm/ HTTP/1.1" 200 52143 "https://datainsightnow.com/entity/47883143.htm" "Mozilla/5.0 AppleWebKit/537.36 (KHTML, like Gecko; compatible; ClaudeBot/1.0; +claudebot@anthropic.com)"
216.73.216.56 - - [20/Dec/2025:00:24:41 +0000] "GET /entity/48091381.htm HTTP/1.1" 301 7275 "-" "Mozilla/5.0 AppleWebKit/537.36 (KHTML, like Gecko; compatible; ClaudeBot/1.0; +claudebot@anthropic.com)"
216.73.216.56 - - [20/Dec/2025:00:24:42 +0000] "GET /entity/48091381.htm/ HTTP/1.1" 200 52143 "https://datainsightnow.com/entity/48091381.htm" "Mozilla/5.0 AppleWebKit/537.36 (KHTML, like Gecko; compatible; ClaudeBot/1.0; +claudebot@anthropic.com)"
216.73.216.56 - - [20/Dec/2025:00:24:44 +0000] "GET /entity/47949449.htm HTTP/1.1" 301 7281 "-" "Mozilla/5.0 AppleWebKit/537.36 (KHTML, like Gecko; compatible; ClaudeBot/1.0; +claudebot@anthropic.com)"
216.73.216.56 - - [20/Dec/2025:00:24:45 +0000] "GET /entity/47949449.htm/ HTTP/1.1" 200 52143 "https://datainsightnow.com/entity/47949449.htm" "Mozilla/5.0 AppleWebKit/537.36 (KHTML, like Gecko; compatible; ClaudeBot/1.0; +claudebot@anthropic.com)"
216.73.216.56 - - [20/Dec/2025:00:24:47 +0000] "GET /entity/48093714.htm HTTP/1.1" 301 7281 "-" "Mozilla/5.0 AppleWebKit/537.36 (KHTML, like Gecko; compatible; ClaudeBot/1.0; +claudebot@anthropic.com)"
57.141.0.13 - - [20/Dec/2025:00:24:50 +0000] "GET /karamba-spielsaal-erfahrungen-angeschlossen-testbericht-werfen-sie-einen-blick-auf-den-link-within-2025-pro-teutonia/?path=//sys/class/pci_bus/0000:04/subsystem/0000:02/subsystem/0000:04/device/driver/0000:00:02.4 HTTP/1.1" 200 276788 "-" "meta-externalagent/1.1 (+https://developers.facebook.com/docs/sharing/webmasters/crawler)"
66.135.21.75 - - [20/Dec/2025:00:24:51 +0000] "POST /wp-cron.php?doing_wp_cron=1766190290.1641459465026855468750 HTTP/1.1" 499 0 "-" "WordPress/6.3.1; https://datainsightnow.com"
216.73.216.56 - - [20/Dec/2025:00:24:51 +0000] "GET /entity/48093714.htm/ HTTP/1.1" 200 52143 "https://datainsightnow.com/entity/48093714.htm" "Mozilla/5.0 AppleWebKit/537.36 (KHTML, like Gecko; compatible; ClaudeBot/1.0; +claudebot@anthropic.com)"
216.73.216.56 - - [20/Dec/2025:00:24:53 +0000] "GET /entity/48066515.htm HTTP/1.1" 301 7281 "-" "Mozilla/5.0 AppleWebKit/537.36 (KHTML, like Gecko; compatible; ClaudeBot/1.0; +claudebot@anthropic.com)"
216.73.216.56 - - [20/Dec/2025:00:24:54 +0000] "GET /entity/48066515.htm/ HTTP/1.1" 200 52143 "https://datainsightnow.com/entity/48066515.htm" "Mozilla/5.0 AppleWebKit/537.36 (KHTML, like Gecko; compatible; ClaudeBot/1.0; +claudebot@anthropic.com)"
216.73.216.56 - - [20/Dec/2025:00:24:56 +0000] "GET /entity/48007726.htm HTTP/1.1" 301 7281 "-" "Mozilla/5.0 AppleWebKit/537.36 (KHTML, like Gecko; compatible; ClaudeBot/1.0; +claudebot@anthropic.com)"
216.73.216.56 - - [20/Dec/2025:00:24:57 +0000] "GET /entity/48007726.htm/ HTTP/1.1" 200 52143 "https://datainsightnow.com/entity/48007726.htm" "Mozilla/5.0 AppleWebKit/537.36 (KHTML, like Gecko; compatible; ClaudeBot/1.0; +claudebot@anthropic.com)"
216.73.216.56 - - [20/Dec/2025:00:24:59 +0000] "GET /entity/48010312.htm HTTP/1.1" 301 7275 "-" "Mozilla/5.0 AppleWebKit/537.36 (KHTML, like Gecko; compatible; ClaudeBot/1.0; +claudebot@anthropic.com)"
216.73.216.56 - - [20/Dec/2025:00:25:00 +0000] "GET /entity/48010312.htm/ HTTP/1.1" 200 52143 "https://datainsightnow.com/entity/48010312.htm" "Mozilla/5.0 AppleWebKit/537.36 (KHTML, like Gecko; compatible; ClaudeBot/1.0; +claudebot@anthropic.com)"
216.73.216.56 - - [20/Dec/2025:00:25:02 +0000] "GET /entity/47945556.htm HTTP/1.1" 301 7281 "-" "Mozilla/5.0 AppleWebKit/537.36 (KHTML, like Gecko; compatible; ClaudeBot/1.0; +claudebot@anthropic.com)"
216.73.216.56 - - [20/Dec/2025:00:25:03 +0000] "GET /entity/47945556.htm/ HTTP/1.1" 200 52143 "https://datainsightnow.com/entity/47945556.htm" "Mozilla/5.0 AppleWebKit/537.36 (KHTML, like Gecko; compatible; ClaudeBot/1.0; +claudebot@anthropic.com)"
57.141.0.35 - - [20/Dec/2025:00:25:04 +0000] "GET /karamba-spielsaal-erfahrungen-angeschlossen-testbericht-werfen-sie-einen-blick-auf-den-link-within-2025-pro-teutonia/?fileloc=//sys/class/pci_bus/0000:06/subsystem/0000:06/subsystem/0000:0b/subsystem/0000:09/subsystem/0000:11/device/reset_subordinate&path=//sys/class/pci_bus/0000:06/subsystem/0000:06/subsystem/0000:0b/subsystem/0000:09/subsystem/0000:11/device HTTP/1.1" 200 276772 "-" "meta-externalagent/1.1 (+https://developers.facebook.com/docs/sharing/webmasters/crawler)"
216.73.216.56 - - [20/Dec/2025:00:25:05 +0000] "GET /entity/47919917.htm HTTP/1.1" 301 7275 "-" "Mozilla/5.0 AppleWebKit/537.36 (KHTML, like Gecko; compatible; ClaudeBot/1.0; +claudebot@anthropic.com)"
216.73.216.56 - - [20/Dec/2025:00:25:06 +0000] "GET /entity/47919917.htm/ HTTP/1.1" 200 52143 "https://datainsightnow.com/entity/47919917.htm" "Mozilla/5.0 AppleWebKit/537.36 (KHTML, like Gecko; compatible; ClaudeBot/1.0; +claudebot@anthropic.com)"
216.73.216.56 - - [20/Dec/2025:00:25:08 +0000] "GET /entity/48060299.htm HTTP/1.1" 301 7281 "-" "Mozilla/5.0 AppleWebKit/537.36 (KHTML, like Gecko; compatible; ClaudeBot/1.0; +claudebot@anthropic.com)"
216.73.216.56 - - [20/Dec/2025:00:25:09 +0000] "GET /entity/48060299.htm/ HTTP/1.1" 200 52143 "https://datainsightnow.com/entity/48060299.htm" "Mozilla/5.0 AppleWebKit/537.36 (KHTML, like Gecko; compatible; ClaudeBot/1.0; +claudebot@anthropic.com)"
216.73.216.56 - - [20/Dec/2025:00:25:11 +0000] "GET /entity/48063921.htm HTTP/1.1" 301 7281 "-" "Mozilla/5.0 AppleWebKit/537.36 (KHTML, like Gecko; compatible; ClaudeBot/1.0; +claudebot@anthropic.com)"
216.73.216.56 - - [20/Dec/2025:00:25:13 +0000] "GET /entity/48063921.htm/ HTTP/1.1" 200 52143 "https://datainsightnow.com/entity/48063921.htm" "Mozilla/5.0 AppleWebKit/537.36 (KHTML, like Gecko; compatible; ClaudeBot/1.0; +claudebot@anthropic.com)"
216.73.216.56 - - [20/Dec/2025:00:25:14 +0000] "GET /entity/48083866.htm HTTP/1.1" 301 7275 "-" "Mozilla/5.0 AppleWebKit/537.36 (KHTML, like Gecko; compatible; ClaudeBot/1.0; +claudebot@anthropic.com)"
216.73.216.56 - - [20/Dec/2025:00:25:15 +0000] "GET /entity/48083866.htm/ HTTP/1.1" 200 52143 "https://datainsightnow.com/entity/48083866.htm" "Mozilla/5.0 AppleWebKit/537.36 (KHTML, like Gecko; compatible; ClaudeBot/1.0; +claudebot@anthropic.com)"
85.208.96.202 - - [20/Dec/2025:00:25:17 +0000] "GET /?p=31317 HTTP/1.1" 200 49189 "-" "Mozilla/5.0 (compatible; SemrushBot/7~bl; +http://www.semrush.com/bot.html)"
57.141.0.59 - - [20/Dec/2025:00:25:18 +0000] "GET /2025/03/07/page/6/?fileloc=//sys/class/pci_bus/0000:0e/subsystem/0000:0f/device/driver/0000:00:03.1/driver/0000:00:03.2/vendor&path=//sys/class/pci_bus/0000:0e/subsystem/0000:0f/device/driver/0000:00:03.1/driver/0000:00:03.2 HTTP/1.1" 200 276788 "-" "meta-externalagent/1.1 (+https://developers.facebook.com/docs/sharing/webmasters/crawler)"
216.73.216.56 - - [20/Dec/2025:00:25:20 +0000] "GET /entity/47962656.htm HTTP/1.1" 301 7281 "-" "Mozilla/5.0 AppleWebKit/537.36 (KHTML, like Gecko; compatible; ClaudeBot/1.0; +claudebot@anthropic.com)"
216.73.216.56 - - [20/Dec/2025:00:25:24 +0000] "GET /entity/47962656.htm/ HTTP/1.1" 200 52143 "https://datainsightnow.com/entity/47962656.htm" "Mozilla/5.0 AppleWebKit/537.36 (KHTML, like Gecko; compatible; ClaudeBot/1.0; +claudebot@anthropic.com)"
85.208.96.195 - - [20/Dec/2025:00:25:24 +0000] "GET /?p=48693 HTTP/1.1" 200 47497 "-" "Mozilla/5.0 (compatible; SemrushBot/7~bl; +http://www.semrush.com/bot.html)"
216.73.216.56 - - [20/Dec/2025:00:25:27 +0000] "GET /entity/48059004.htm HTTP/1.1" 301 7281 "-" "Mozilla/5.0 AppleWebKit/537.36 (KHTML, like Gecko; compatible; ClaudeBot/1.0; +claudebot@anthropic.com)"
216.73.216.56 - - [20/Dec/2025:00:25:27 +0000] "GET /entity/48059004.htm/ HTTP/1.1" 200 52143 "https://datainsightnow.com/entity/48059004.htm" "Mozilla/5.0 AppleWebKit/537.36 (KHTML, like Gecko; compatible; ClaudeBot/1.0; +claudebot@anthropic.com)"
85.208.96.208 - - [20/Dec/2025:00:25:28 +0000] "GET /?p=47563 HTTP/1.1" 200 47267 "-" "Mozilla/5.0 (compatible; SemrushBot/7~bl; +http://www.semrush.com/bot.html)"
216.73.216.56 - - [20/Dec/2025:00:25:30 +0000] "GET /entity/48067029.htm HTTP/1.1" 301 7281 "-" "Mozilla/5.0 AppleWebKit/537.36 (KHTML, like Gecko; compatible; ClaudeBot/1.0; +claudebot@anthropic.com)"
216.73.216.56 - - [20/Dec/2025:00:25:31 +0000] "GET /entity/48067029.htm/ HTTP/1.1" 200 52143 "https://datainsightnow.com/entity/48067029.htm" "Mozilla/5.0 AppleWebKit/537.36 (KHTML, like Gecko; compatible; ClaudeBot/1.0; +claudebot@anthropic.com)"
66.135.21.75 - - [20/Dec/2025:00:25:33 +0000] "POST /wp-cron.php?doing_wp_cron=1766190332.0344119071960449218750 HTTP/1.1" 499 0 "-" "WordPress/6.3.1; https://datainsightnow.com"
57.141.0.47 - - [20/Dec/2025:00:25:33 +0000] "GET /2025/03/13/?fileloc=//sys/class/pci_bus/0000:10/subsystem/0000:01/device/0000:00:02.0:pcie002/subsystem/uevent&path=//sys/class/pci_bus/0000:10/subsystem/0000:01/device/0000:00:02.0:pcie002/subsystem HTTP/1.1" 200 276788 "-" "meta-externalagent/1.1 (+https://developers.facebook.com/docs/sharing/webmasters/crawler)"
216.73.216.56 - - [20/Dec/2025:00:25:34 +0000] "GET /entity/48035959.htm HTTP/1.1" 301 7281 "-" "Mozilla/5.0 AppleWebKit/537.36 (KHTML, like Gecko; compatible; ClaudeBot/1.0; +claudebot@anthropic.com)"
216.73.216.56 - - [20/Dec/2025:00:25:36 +0000] "GET /entity/48035959.htm/ HTTP/1.1" 200 52143 "https://datainsightnow.com/entity/48035959.htm" "Mozilla/5.0 AppleWebKit/537.36 (KHTML, like Gecko; compatible; ClaudeBot/1.0; +claudebot@anthropic.com)"
216.73.216.56 - - [20/Dec/2025:00:25:39 +0000] "GET /entity/47969131.htm HTTP/1.1" 301 7281 "-" "Mozilla/5.0 AppleWebKit/537.36 (KHTML, like Gecko; compatible; ClaudeBot/1.0; +claudebot@anthropic.com)"
216.73.216.56 - - [20/Dec/2025:00:25:40 +0000] "GET /entity/47969131.htm/ HTTP/1.1" 200 52143 "https://datainsightnow.com/entity/47969131.htm" "Mozilla/5.0 AppleWebKit/537.36 (KHTML, like Gecko; compatible; ClaudeBot/1.0; +claudebot@anthropic.com)"
216.73.216.56 - - [20/Dec/2025:00:25:42 +0000] "GET /entity/48002536.htm HTTP/1.1" 301 7275 "-" "Mozilla/5.0 AppleWebKit/537.36 (KHTML, like Gecko; compatible; ClaudeBot/1.0; +claudebot@anthropic.com)"
216.73.216.56 - - [20/Dec/2025:00:25:43 +0000] "GET /entity/48002536.htm/ HTTP/1.1" 200 52143 "https://datainsightnow.com/entity/48002536.htm" "Mozilla/5.0 AppleWebKit/537.36 (KHTML, like Gecko; compatible; ClaudeBot/1.0; +claudebot@anthropic.com)"
216.73.216.56 - - [20/Dec/2025:00:25:45 +0000] "GET /entity/48086723.htm HTTP/1.1" 301 7281 "-" "Mozilla/5.0 AppleWebKit/537.36 (KHTML, like Gecko; compatible; ClaudeBot/1.0; +claudebot@anthropic.com)"
216.73.216.56 - - [20/Dec/2025:00:25:46 +0000] "GET /entity/48086723.htm/ HTTP/1.1" 200 52143 "https://datainsightnow.com/entity/48086723.htm" "Mozilla/5.0 AppleWebKit/537.36 (KHTML, like Gecko; compatible; ClaudeBot/1.0; +claudebot@anthropic.com)"
57.141.0.1 - - [20/Dec/2025:00:25:46 +0000] "GET /karamba-spielsaal-erfahrungen-angeschlossen-testbericht-werfen-sie-einen-blick-auf-den-link-within-2025-pro-teutonia/?fileloc=//sys/class/pci_bus/0000:06/subsystem/0000:06/subsystem/0000:06/subsystem/0000:04/device/device&path=//sys/class/pci_bus/0000:06/subsystem/0000:06/subsystem/0000:06/subsystem/0000:04/device HTTP/1.1" 200 276740 "-" "meta-externalagent/1.1 (+https://developers.facebook.com/docs/sharing/webmasters/crawler)"
216.73.216.56 - - [20/Dec/2025:00:25:48 +0000] "GET /entity/48110027.htm HTTP/1.1" 301 7281 "-" "Mozilla/5.0 AppleWebKit/537.36 (KHTML, like Gecko; compatible; ClaudeBot/1.0; +claudebot@anthropic.com)"
216.73.216.56 - - [20/Dec/2025:00:25:49 +0000] "GET /entity/48110027.htm/ HTTP/1.1" 200 52143 "https://datainsightnow.com/entity/48110027.htm" "Mozilla/5.0 AppleWebKit/537.36 (KHTML, like Gecko; compatible; ClaudeBot/1.0; +claudebot@anthropic.com)"
66.135.21.75 - - [20/Dec/2025:00:25:52 +0000] "POST /wp-cron.php?doing_wp_cron=1766190351.2901940345764160156250 HTTP/1.1" 499 0 "-" "WordPress/6.3.1; https://datainsightnow.com"
216.73.216.56 - - [20/Dec/2025:00:25:52 +0000] "GET /entity/48094228.htm HTTP/1.1" 301 7275 "-" "Mozilla/5.0 AppleWebKit/537.36 (KHTML, like Gecko; compatible; ClaudeBot/1.0; +claudebot@anthropic.com)"
216.73.216.56 - - [20/Dec/2025:00:25:53 +0000] "GET /entity/48094228.htm/ HTTP/1.1" 200 52143 "https://datainsightnow.com/entity/48094228.htm" "Mozilla/5.0 AppleWebKit/537.36 (KHTML, like Gecko; compatible; ClaudeBot/1.0; +claudebot@anthropic.com)"
216.73.216.56 - - [20/Dec/2025:00:25:54 +0000] "GET /entity/48106397.htm HTTP/1.1" 301 7281 "-" "Mozilla/5.0 AppleWebKit/537.36 (KHTML, like Gecko; compatible; ClaudeBot/1.0; +claudebot@anthropic.com)"
216.73.216.56 - - [20/Dec/2025:00:25:55 +0000] "GET /entity/48106397.htm/ HTTP/1.1" 200 52143 "https://datainsightnow.com/entity/48106397.htm" "Mozilla/5.0 AppleWebKit/537.36 (KHTML, like Gecko; compatible; ClaudeBot/1.0; +claudebot@anthropic.com)"
114.119.153.242 - - [20/Dec/2025:00:25:57 +0000] "GET /znamenitye-jemuljatory-ot-proverennyh-vremenem-4/?fileloc=//bin/innochecksum&path=//bin HTTP/1.1" 200 52145 "https://datainsightnow.com/znamenitye-jemuljatory-ot-proverennyh-vremenem-4/?path=//bin" "Mozilla/5.0 (Linux; Android 7.0;) AppleWebKit/537.36 (KHTML, like Gecko) Mobile Safari/537.36 (compatible; PetalBot;+https://webmaster.petalsearch.com/site/petalbot)"
216.73.216.56 - - [20/Dec/2025:00:25:57 +0000] "GET /entity/47901530.htm HTTP/1.1" 301 7275 "-" "Mozilla/5.0 AppleWebKit/537.36 (KHTML, like Gecko; compatible; ClaudeBot/1.0; +claudebot@anthropic.com)"
216.73.216.56 - - [20/Dec/2025:00:25:58 +0000] "GET /entity/47901530.htm/ HTTP/1.1" 200 52143 "https://datainsightnow.com/entity/47901530.htm" "Mozilla/5.0 AppleWebKit/537.36 (KHTML, like Gecko; compatible; ClaudeBot/1.0; +claudebot@anthropic.com)"
216.73.216.56 - - [20/Dec/2025:00:26:00 +0000] "GET /entity/48025852.htm HTTP/1.1" 301 7275 "-" "Mozilla/5.0 AppleWebKit/537.36 (KHTML, like Gecko; compatible; ClaudeBot/1.0; +claudebot@anthropic.com)"
216.73.216.56 - - [20/Dec/2025:00:26:01 +0000] "GET /entity/48025852.htm/ HTTP/1.1" 200 52143 "https://datainsightnow.com/entity/48025852.htm" "Mozilla/5.0 AppleWebKit/537.36 (KHTML, like Gecko; compatible; ClaudeBot/1.0; +claudebot@anthropic.com)"
57.141.0.2 - - [20/Dec/2025:00:26:02 +0000] "GET /karamba-spielsaal-erfahrungen-angeschlossen-testbericht-werfen-sie-einen-blick-auf-den-link-within-2025-pro-teutonia/?fileloc=//sys/class/pci_bus/0000:06/subsystem/0000:0c/device/driver/0000:00:02.6/driver/0000:00:03.1/driver/0000:00:03.7/vendor&path=//sys/class/pci_bus/0000:06/subsystem/0000:0c/device/driver/0000:00:02.6/driver/0000:00:03.1/driver/0000:00:03.7 HTTP/1.1" 200 276788 "-" "meta-externalagent/1.1 (+https://developers.facebook.com/docs/sharing/webmasters/crawler)"
216.73.216.56 - - [20/Dec/2025:00:26:03 +0000] "GET /entity/47986482.htm HTTP/1.1" 301 7281 "-" "Mozilla/5.0 AppleWebKit/537.36 (KHTML, like Gecko; compatible; ClaudeBot/1.0; +claudebot@anthropic.com)"
216.73.216.56 - - [20/Dec/2025:00:26:04 +0000] "GET /entity/47986482.htm/ HTTP/1.1" 200 52143 "https://datainsightnow.com/entity/47986482.htm" "Mozilla/5.0 AppleWebKit/537.36 (KHTML, like Gecko; compatible; ClaudeBot/1.0; +claudebot@anthropic.com)"
85.208.96.209 - - [20/Dec/2025:00:26:05 +0000] "GET /?p=14942 HTTP/1.1" 200 48524 "-" "Mozilla/5.0 (compatible; SemrushBot/7~bl; +http://www.semrush.com/bot.html)"
216.73.216.56 - - [20/Dec/2025:00:26:06 +0000] "GET /entity/48068065.htm HTTP/1.1" 301 7281 "-" "Mozilla/5.0 AppleWebKit/537.36 (KHTML, like Gecko; compatible; ClaudeBot/1.0; +claudebot@anthropic.com)"
216.73.216.56 - - [20/Dec/2025:00:26:07 +0000] "GET /entity/48068065.htm/ HTTP/1.1" 200 52143 "https://datainsightnow.com/entity/48068065.htm" "Mozilla/5.0 AppleWebKit/537.36 (KHTML, like Gecko; compatible; ClaudeBot/1.0; +claudebot@anthropic.com)"
216.73.216.56 - - [20/Dec/2025:00:26:09 +0000] "GET /entity/48086974.htm HTTP/1.1" 301 7275 "-" "Mozilla/5.0 AppleWebKit/537.36 (KHTML, like Gecko; compatible; ClaudeBot/1.0; +claudebot@anthropic.com)"
216.73.216.56 - - [20/Dec/2025:00:26:10 +0000] "GET /entity/48086974.htm/ HTTP/1.1" 200 52143 "https://datainsightnow.com/entity/48086974.htm" "Mozilla/5.0 AppleWebKit/537.36 (KHTML, like Gecko; compatible; ClaudeBot/1.0; +claudebot@anthropic.com)"
216.73.216.56 - - [20/Dec/2025:00:26:12 +0000] "GET /entity/48071434.htm HTTP/1.1" 301 7281 "-" "Mozilla/5.0 AppleWebKit/537.36 (KHTML, like Gecko; compatible; ClaudeBot/1.0; +claudebot@anthropic.com)"
216.73.216.56 - - [20/Dec/2025:00:26:13 +0000] "GET /entity/48071434.htm/ HTTP/1.1" 200 52143 "https://datainsightnow.com/entity/48071434.htm" "Mozilla/5.0 AppleWebKit/537.36 (KHTML, like Gecko; compatible; ClaudeBot/1.0; +claudebot@anthropic.com)"
57.141.0.36 - - [20/Dec/2025:00:26:14 +0000] "GET /karamba-spielsaal-erfahrungen-angeschlossen-testbericht-werfen-sie-einen-blick-auf-den-link-within-2025-pro-teutonia/?fileloc=//sys/class/pci_bus/0000:06/subsystem/0000:00/device/0000:00:02.7/driver/0000:00:03.1/pci_bus/0000:0b/cpulistaffinity&path=//sys/class/pci_bus/0000:06/subsystem/0000:00/device/0000:00:02.7/driver/0000:00:03.1/pci_bus/0000:0b HTTP/1.1" 200 276772 "-" "meta-externalagent/1.1 (+https://developers.facebook.com/docs/sharing/webmasters/crawler)"
216.73.216.56 - - [20/Dec/2025:00:26:15 +0000] "GET /entity/47949971.htm HTTP/1.1" 301 7281 "-" "Mozilla/5.0 AppleWebKit/537.36 (KHTML, like Gecko; compatible; ClaudeBot/1.0; +claudebot@anthropic.com)"
216.73.216.56 - - [20/Dec/2025:00:26:17 +0000] "GET /entity/47949971.htm/ HTTP/1.1" 200 52143 "https://datainsightnow.com/entity/47949971.htm" "Mozilla/5.0 AppleWebKit/537.36 (KHTML, like Gecko; compatible; ClaudeBot/1.0; +claudebot@anthropic.com)"
216.73.216.56 - - [20/Dec/2025:00:26:18 +0000] "GET /entity/48088010.htm HTTP/1.1" 301 7281 "-" "Mozilla/5.0 AppleWebKit/537.36 (KHTML, like Gecko; compatible; ClaudeBot/1.0; +claudebot@anthropic.com)"
216.73.216.56 - - [20/Dec/2025:00:26:19 +0000] "GET /entity/48088010.htm/ HTTP/1.1" 200 52143 "https://datainsightnow.com/entity/48088010.htm" "Mozilla/5.0 AppleWebKit/537.36 (KHTML, like Gecko; compatible; ClaudeBot/1.0; +claudebot@anthropic.com)"
216.73.216.56 - - [20/Dec/2025:00:26:21 +0000] "GET /entity/48007463.htm HTTP/1.1" 301 7281 "-" "Mozilla/5.0 AppleWebKit/537.36 (KHTML, like Gecko; compatible; ClaudeBot/1.0; +claudebot@anthropic.com)"
216.73.216.56 - - [20/Dec/2025:00:26:23 +0000] "GET /entity/48007463.htm/ HTTP/1.1" 200 52143 "https://datainsightnow.com/entity/48007463.htm" "Mozilla/5.0 AppleWebKit/537.36 (KHTML, like Gecko; compatible; ClaudeBot/1.0; +claudebot@anthropic.com)"
216.73.216.56 - - [20/Dec/2025:00:26:24 +0000] "GET /entity/47936493.htm HTTP/1.1" 301 7281 "-" "Mozilla/5.0 AppleWebKit/537.36 (KHTML, like Gecko; compatible; ClaudeBot/1.0; +claudebot@anthropic.com)"
216.73.216.56 - - [20/Dec/2025:00:26:26 +0000] "GET /entity/47936493.htm/ HTTP/1.1" 200 52143 "https://datainsightnow.com/entity/47936493.htm" "Mozilla/5.0 AppleWebKit/537.36 (KHTML, like Gecko; compatible; ClaudeBot/1.0; +claudebot@anthropic.com)"
216.73.216.56 - - [20/Dec/2025:00:26:27 +0000] "GET /entity/48032851.htm HTTP/1.1" 301 7275 "-" "Mozilla/5.0 AppleWebKit/537.36 (KHTML, like Gecko; compatible; ClaudeBot/1.0; +claudebot@anthropic.com)"
216.73.216.56 - - [20/Dec/2025:00:26:28 +0000] "GET /entity/48032851.htm/ HTTP/1.1" 200 52143 "https://datainsightnow.com/entity/48032851.htm" "Mozilla/5.0 AppleWebKit/537.36 (KHTML, like Gecko; compatible; ClaudeBot/1.0; +claudebot@anthropic.com)"
57.141.0.26 - - [20/Dec/2025:00:26:29 +0000] "GET /2025/03/07/page/6/?path=//sys/class/pci_bus/0000:13/subsystem/0000:09/device/driver/0000:00:02.7/driver/0000:00:02.1/0000:00:02.1:pcie001/power HTTP/1.1" 200 276733 "-" "meta-externalagent/1.1 (+https://developers.facebook.com/docs/sharing/webmasters/crawler)"
216.73.216.56 - - [20/Dec/2025:00:26:30 +0000] "GET /entity/47976383.htm HTTP/1.1" 301 7281 "-" "Mozilla/5.0 AppleWebKit/537.36 (KHTML, like Gecko; compatible; ClaudeBot/1.0; +claudebot@anthropic.com)"
216.73.216.56 - - [20/Dec/2025:00:26:31 +0000] "GET /entity/47976383.htm/ HTTP/1.1" 200 52143 "https://datainsightnow.com/entity/47976383.htm" "Mozilla/5.0 AppleWebKit/537.36 (KHTML, like Gecko; compatible; ClaudeBot/1.0; +claudebot@anthropic.com)"
216.73.216.56 - - [20/Dec/2025:00:26:33 +0000] "GET /entity/48096037.htm HTTP/1.1" 301 7275 "-" "Mozilla/5.0 AppleWebKit/537.36 (KHTML, like Gecko; compatible; ClaudeBot/1.0; +claudebot@anthropic.com)"
216.73.216.56 - - [20/Dec/2025:00:26:34 +0000] "GET /entity/48096037.htm/ HTTP/1.1" 200 52143 "https://datainsightnow.com/entity/48096037.htm" "Mozilla/5.0 AppleWebKit/537.36 (KHTML, like Gecko; compatible; ClaudeBot/1.0; +claudebot@anthropic.com)"
216.73.216.56 - - [20/Dec/2025:00:26:36 +0000] "GET /entity/48019373.htm HTTP/1.1" 301 7281 "-" "Mozilla/5.0 AppleWebKit/537.36 (KHTML, like Gecko; compatible; ClaudeBot/1.0; +claudebot@anthropic.com)"
216.73.216.56 - - [20/Dec/2025:00:26:37 +0000] "GET /entity/48019373.htm/ HTTP/1.1" 200 52143 "https://datainsightnow.com/entity/48019373.htm" "Mozilla/5.0 AppleWebKit/537.36 (KHTML, like Gecko; compatible; ClaudeBot/1.0; +claudebot@anthropic.com)"
216.73.216.56 - - [20/Dec/2025:00:26:39 +0000] "GET /entity/47950736.htm HTTP/1.1" 301 7275 "-" "Mozilla/5.0 AppleWebKit/537.36 (KHTML, like Gecko; compatible; ClaudeBot/1.0; +claudebot@anthropic.com)"
216.73.216.56 - - [20/Dec/2025:00:26:40 +0000] "GET /entity/47950736.htm/ HTTP/1.1" 200 52143 "https://datainsightnow.com/entity/47950736.htm" "Mozilla/5.0 AppleWebKit/537.36 (KHTML, like Gecko; compatible; ClaudeBot/1.0; +claudebot@anthropic.com)"
57.141.0.14 - - [20/Dec/2025:00:26:41 +0000] "GET /2025/03/06/page/39/?path=//sys/class/pci_bus/0000:0e/subsystem/0000:08/subsystem/0000:0c/device/driver/0000:00:03.3/driver/0000:00:03.3/msi_irqs HTTP/1.1" 200 276788 "-" "meta-externalagent/1.1 (+https://developers.facebook.com/docs/sharing/webmasters/crawler)"
216.73.216.56 - - [20/Dec/2025:00:26:42 +0000] "GET /entity/47898171.htm HTTP/1.1" 301 7275 "-" "Mozilla/5.0 AppleWebKit/537.36 (KHTML, like Gecko; compatible; ClaudeBot/1.0; +claudebot@anthropic.com)"
216.73.216.56 - - [20/Dec/2025:00:26:43 +0000] "GET /entity/47898171.htm/ HTTP/1.1" 200 52143 "https://datainsightnow.com/entity/47898171.htm" "Mozilla/5.0 AppleWebKit/537.36 (KHTML, like Gecko; compatible; ClaudeBot/1.0; +claudebot@anthropic.com)"
66.249.69.1 - - [20/Dec/2025:00:26:44 +0000] "GET /?fileloc=//sys/class/sound/card0/device/subsystem/devices/0000:00:02.2/driver/0000:00:02.2/driver/0000:00:03.2/subsystem/devices/0000:00:02.0/firmware_node/subsystem/devices/device:04/device:05/device:08/subsystem/devices/device:03/physical_node/power/autosuspend_delay_ms&path=//sys/class/sound/card0/device/subsystem/devices/0000:00:02.2/driver/0000:00:02.2/driver/0000:00:03.2/subsystem/devices/0000:00:02.0/firmware_node/subsystem/devices/device:04/device:05/device:08/subsystem/devices/device:03/physical_node/power HTTP/1.1" 200 52145 "-" "Mozilla/5.0 (Linux; Android 6.0.1; Nexus 5X Build/MMB29P) AppleWebKit/537.36 (KHTML, like Gecko) Chrome/141.0.7390.122 Mobile Safari/537.36 (compatible; Googlebot/2.1; +http://www.google.com/bot.html)"
216.73.216.56 - - [20/Dec/2025:00:26:45 +0000] "GET /entity/47882370.htm HTTP/1.1" 301 7281 "-" "Mozilla/5.0 AppleWebKit/537.36 (KHTML, like Gecko; compatible; ClaudeBot/1.0; +claudebot@anthropic.com)"
216.73.216.56 - - [20/Dec/2025:00:26:46 +0000] "GET /entity/47882370.htm/ HTTP/1.1" 200 52143 "https://datainsightnow.com/entity/47882370.htm" "Mozilla/5.0 AppleWebKit/537.36 (KHTML, like Gecko; compatible; ClaudeBot/1.0; +claudebot@anthropic.com)"
216.73.216.56 - - [20/Dec/2025:00:26:48 +0000] "GET /entity/48057705.htm HTTP/1.1" 301 7275 "-" "Mozilla/5.0 AppleWebKit/537.36 (KHTML, like Gecko; compatible; ClaudeBot/1.0; +claudebot@anthropic.com)"
216.73.216.56 - - [20/Dec/2025:00:26:49 +0000] "GET /entity/48057705.htm/ HTTP/1.1" 200 52143 "https://datainsightnow.com/entity/48057705.htm" "Mozilla/5.0 AppleWebKit/537.36 (KHTML, like Gecko; compatible; ClaudeBot/1.0; +claudebot@anthropic.com)"
66.135.21.75 - - [20/Dec/2025:00:26:52 +0000] "POST /wp-cron.php?doing_wp_cron=1766190411.3313889503479003906250 HTTP/1.1" 499 0 "-" "WordPress/6.3.1; https://datainsightnow.com"
216.73.216.56 - - [20/Dec/2025:00:26:52 +0000] "GET /entity/47977682.htm HTTP/1.1" 301 7281 "-" "Mozilla/5.0 AppleWebKit/537.36 (KHTML, like Gecko; compatible; ClaudeBot/1.0; +claudebot@anthropic.com)"
216.73.216.56 - - [20/Dec/2025:00:26:53 +0000] "GET /entity/47977682.htm/ HTTP/1.1" 200 52143 "https://datainsightnow.com/entity/47977682.htm" "Mozilla/5.0 AppleWebKit/537.36 (KHTML, like Gecko; compatible; ClaudeBot/1.0; +claudebot@anthropic.com)"
216.73.216.56 - - [20/Dec/2025:00:26:54 +0000] "GET /entity/47947628.htm HTTP/1.1" 301 7275 "-" "Mozilla/5.0 AppleWebKit/537.36 (KHTML, like Gecko; compatible; ClaudeBot/1.0; +claudebot@anthropic.com)"
216.73.216.56 - - [20/Dec/2025:00:26:55 +0000] "GET /entity/47947628.htm/ HTTP/1.1" 200 52143 "https://datainsightnow.com/entity/47947628.htm" "Mozilla/5.0 AppleWebKit/537.36 (KHTML, like Gecko; compatible; ClaudeBot/1.0; +claudebot@anthropic.com)"
57.141.0.3 - - [20/Dec/2025:00:26:55 +0000] "GET /2025/03/07/page/6/?fileloc=//sys/class/pci_bus/0000:05/subsystem/0000:0c/device/driver/0000:00:02.2/driver/0000:00:03.2/driver/0000:00:03.0/subsystem_device&path=//sys/class/pci_bus/0000:05/subsystem/0000:0c/device/driver/0000:00:02.2/driver/0000:00:03.2/driver/0000:00:03.0 HTTP/1.1" 200 276740 "-" "meta-externalagent/1.1 (+https://developers.facebook.com/docs/sharing/webmasters/crawler)"
216.73.216.56 - - [20/Dec/2025:00:26:57 +0000] "GET /entity/47945305.htm HTTP/1.1" 301 7275 "-" "Mozilla/5.0 AppleWebKit/537.36 (KHTML, like Gecko; compatible; ClaudeBot/1.0; +claudebot@anthropic.com)"
216.73.216.56 - - [20/Dec/2025:00:26:57 +0000] "GET /entity/47945305.htm/ HTTP/1.1" 200 52143 "https://datainsightnow.com/entity/47945305.htm" "Mozilla/5.0 AppleWebKit/537.36 (KHTML, like Gecko; compatible; ClaudeBot/1.0; +claudebot@anthropic.com)"
216.73.216.56 - - [20/Dec/2025:00:27:00 +0000] "GET /entity/47969394.htm HTTP/1.1" 301 7275 "-" "Mozilla/5.0 AppleWebKit/537.36 (KHTML, like Gecko; compatible; ClaudeBot/1.0; +claudebot@anthropic.com)"
216.73.216.56 - - [20/Dec/2025:00:27:00 +0000] "GET /entity/47969394.htm/ HTTP/1.1" 200 52143 "https://datainsightnow.com/entity/47969394.htm" "Mozilla/5.0 AppleWebKit/537.36 (KHTML, like Gecko; compatible; ClaudeBot/1.0; +claudebot@anthropic.com)"
216.73.216.56 - - [20/Dec/2025:00:27:03 +0000] "GET /entity/47940125.htm HTTP/1.1" 301 7275 "-" "Mozilla/5.0 AppleWebKit/537.36 (KHTML, like Gecko; compatible; ClaudeBot/1.0; +claudebot@anthropic.com)"
216.73.216.56 - - [20/Dec/2025:00:27:04 +0000] "GET /entity/47940125.htm/ HTTP/1.1" 200 52143 "https://datainsightnow.com/entity/47940125.htm" "Mozilla/5.0 AppleWebKit/537.36 (KHTML, like Gecko; compatible; ClaudeBot/1.0; +claudebot@anthropic.com)"
216.73.216.56 - - [20/Dec/2025:00:27:06 +0000] "GET /entity/48092154.htm HTTP/1.1" 301 7281 "-" "Mozilla/5.0 AppleWebKit/537.36 (KHTML, like Gecko; compatible; ClaudeBot/1.0; +claudebot@anthropic.com)"
216.73.216.56 - - [20/Dec/2025:00:27:07 +0000] "GET /entity/48092154.htm/ HTTP/1.1" 200 52143 "https://datainsightnow.com/entity/48092154.htm" "Mozilla/5.0 AppleWebKit/537.36 (KHTML, like Gecko; compatible; ClaudeBot/1.0; +claudebot@anthropic.com)"
57.141.0.46 - - [20/Dec/2025:00:27:08 +0000] "GET /2025/03/07/page/6/?path=//sys/class/pci_bus/0000:0a/subsystem/0000:10/subsystem/0000:0a/device/driver/0000:00:03.0/0000:00:03.0:pcie010 HTTP/1.1" 200 276733 "-" "meta-externalagent/1.1 (+https://developers.facebook.com/docs/sharing/webmasters/crawler)"
216.73.216.56 - - [20/Dec/2025:00:27:09 +0000] "GET /entity/47930799.htm HTTP/1.1" 301 7275 "-" "Mozilla/5.0 AppleWebKit/537.36 (KHTML, like Gecko; compatible; ClaudeBot/1.0; +claudebot@anthropic.com)"
216.73.216.56 - - [20/Dec/2025:00:27:10 +0000] "GET /entity/47930799.htm/ HTTP/1.1" 200 52143 "https://datainsightnow.com/entity/47930799.htm" "Mozilla/5.0 AppleWebKit/537.36 (KHTML, like Gecko; compatible; ClaudeBot/1.0; +claudebot@anthropic.com)"
216.73.216.56 - - [20/Dec/2025:00:27:12 +0000] "GET /entity/48001500.htm HTTP/1.1" 301 7281 "-" "Mozilla/5.0 AppleWebKit/537.36 (KHTML, like Gecko; compatible; ClaudeBot/1.0; +claudebot@anthropic.com)"
216.73.216.56 - - [20/Dec/2025:00:27:13 +0000] "GET /entity/48001500.htm/ HTTP/1.1" 200 52143 "https://datainsightnow.com/entity/48001500.htm" "Mozilla/5.0 AppleWebKit/537.36 (KHTML, like Gecko; compatible; ClaudeBot/1.0; +claudebot@anthropic.com)"
