216.73.216.56 - - [20/Dec/2025:00:27:15 +0000] "GET /entity/47964465.htm HTTP/1.1" 301 7281 "-" "Mozilla/5.0 AppleWebKit/537.36 (KHTML, like Gecko; compatible; ClaudeBot/1.0; +claudebot@anthropic.com)"
40.77.167.12 - - [20/Dec/2025:00:27:16 +0000] "GET /?293330705?entity=0292198414 HTTP/1.1" 200 32222 "-" "Mozilla/5.0 AppleWebKit/537.36 (KHTML, like Gecko; compatible; bingbot/2.0; +http://www.bing.com/bingbot.htm) Chrome/116.0.1938.76 Safari/537.36"
216.73.216.56 - - [20/Dec/2025:00:27:16 +0000] "GET /entity/47964465.htm/ HTTP/1.1" 200 52143 "https://datainsightnow.com/entity/47964465.htm" "Mozilla/5.0 AppleWebKit/537.36 (KHTML, like Gecko; compatible; ClaudeBot/1.0; +claudebot@anthropic.com)"
216.73.216.56 - - [20/Dec/2025:00:27:18 +0000] "GET /entity/48064184.htm HTTP/1.1" 301 7281 "-" "Mozilla/5.0 AppleWebKit/537.36 (KHTML, like Gecko; compatible; ClaudeBot/1.0; +claudebot@anthropic.com)"
216.73.216.56 - - [20/Dec/2025:00:27:20 +0000] "GET /entity/48064184.htm/ HTTP/1.1" 200 52143 "https://datainsightnow.com/entity/48064184.htm" "Mozilla/5.0 AppleWebKit/537.36 (KHTML, like Gecko; compatible; ClaudeBot/1.0; +claudebot@anthropic.com)"
57.141.0.15 - - [20/Dec/2025:00:27:22 +0000] "GET /2025/03/07/page/6/?path=//sys/class/pci_bus/0000:05/subsystem/0000:09/subsystem/0000:00/device/0000:00:03.5/driver/0000:00:02.3/driver/0000:00:03.0 HTTP/1.1" 200 276788 "-" "meta-externalagent/1.1 (+https://developers.facebook.com/docs/sharing/webmasters/crawler)"
216.73.216.56 - - [20/Dec/2025:00:27:22 +0000] "GET /entity/48023517.htm HTTP/1.1" 301 7275 "-" "Mozilla/5.0 AppleWebKit/537.36 (KHTML, like Gecko; compatible; ClaudeBot/1.0; +claudebot@anthropic.com)"
114.119.133.46 - - [20/Dec/2025:00:27:23 +0000] "GET /znamenitye-jemuljatory-ot-proverennyh-vremenem-4/?fileloc=//bin/grops&path=//bin HTTP/1.1" 200 52145 "https://datainsightnow.com/znamenitye-jemuljatory-ot-proverennyh-vremenem-4/?path=//bin" "Mozilla/5.0 (Linux; Android 7.0;) AppleWebKit/537.36 (KHTML, like Gecko) Mobile Safari/537.36 (compatible; PetalBot;+https://webmaster.petalsearch.com/site/petalbot)"
216.73.216.56 - - [20/Dec/2025:00:27:23 +0000] "GET /entity/48023517.htm/ HTTP/1.1" 200 52143 "https://datainsightnow.com/entity/48023517.htm" "Mozilla/5.0 AppleWebKit/537.36 (KHTML, like Gecko; compatible; ClaudeBot/1.0; +claudebot@anthropic.com)"
216.73.216.56 - - [20/Dec/2025:00:27:24 +0000] "GET /entity/47917331.htm HTTP/1.1" 301 7281 "-" "Mozilla/5.0 AppleWebKit/537.36 (KHTML, like Gecko; compatible; ClaudeBot/1.0; +claudebot@anthropic.com)"
216.73.216.56 - - [20/Dec/2025:00:27:25 +0000] "GET /entity/47917331.htm/ HTTP/1.1" 200 52143 "https://datainsightnow.com/entity/47917331.htm" "Mozilla/5.0 AppleWebKit/537.36 (KHTML, like Gecko; compatible; ClaudeBot/1.0; +claudebot@anthropic.com)"
216.73.216.56 - - [20/Dec/2025:00:27:27 +0000] "GET /entity/48039832.htm HTTP/1.1" 301 7281 "-" "Mozilla/5.0 AppleWebKit/537.36 (KHTML, like Gecko; compatible; ClaudeBot/1.0; +claudebot@anthropic.com)"
216.73.216.56 - - [20/Dec/2025:00:27:28 +0000] "GET /entity/48039832.htm/ HTTP/1.1" 200 52143 "https://datainsightnow.com/entity/48039832.htm" "Mozilla/5.0 AppleWebKit/537.36 (KHTML, like Gecko; compatible; ClaudeBot/1.0; +claudebot@anthropic.com)"
47.128.111.2 - - [20/Dec/2025:00:27:30 +0000] "GET /?fileloc=%2F%2Fproc%2F151%2Fenviron&path=%2F%2Fproc%2F151 HTTP/1.1" 200 52145 "-" "Mozilla/5.0 (Linux; Android 5.0) AppleWebKit/537.36 (KHTML, like Gecko) Mobile Safari/537.36 (compatible; Bytespider; spider-feedback@bytedance.com)"
216.73.216.56 - - [20/Dec/2025:00:27:30 +0000] "GET /entity/47957474.htm HTTP/1.1" 301 7281 "-" "Mozilla/5.0 AppleWebKit/537.36 (KHTML, like Gecko; compatible; ClaudeBot/1.0; +claudebot@anthropic.com)"
207.46.13.102 - - [20/Dec/2025:00:27:30 +0000] "GET /enc_avif?fileloc=//proc/self/root/bin/make-first-existing-target&path=//proc/self/root/bin HTTP/1.1" 200 30539 "-" "Mozilla/5.0 AppleWebKit/537.36 (KHTML, like Gecko; compatible; bingbot/2.0; +http://www.bing.com/bingbot.htm) Chrome/116.0.1938.76 Safari/537.36"
216.73.216.56 - - [20/Dec/2025:00:27:31 +0000] "GET /entity/47957474.htm/ HTTP/1.1" 200 52143 "https://datainsightnow.com/entity/47957474.htm" "Mozilla/5.0 AppleWebKit/537.36 (KHTML, like Gecko; compatible; ClaudeBot/1.0; +claudebot@anthropic.com)"
216.73.216.56 - - [20/Dec/2025:00:27:33 +0000] "GET /entity/47955402.htm HTTP/1.1" 301 7275 "-" "Mozilla/5.0 AppleWebKit/537.36 (KHTML, like Gecko; compatible; ClaudeBot/1.0; +claudebot@anthropic.com)"
216.73.216.56 - - [20/Dec/2025:00:27:34 +0000] "GET /entity/47955402.htm/ HTTP/1.1" 200 52143 "https://datainsightnow.com/entity/47955402.htm" "Mozilla/5.0 AppleWebKit/537.36 (KHTML, like Gecko; compatible; ClaudeBot/1.0; +claudebot@anthropic.com)"
57.141.0.43 - - [20/Dec/2025:00:27:34 +0000] "GET /karamba-spielsaal-erfahrungen-angeschlossen-testbericht-werfen-sie-einen-blick-auf-den-link-within-2025-pro-teutonia/?fileloc=//sys/class/pci_bus/0000:06/subsystem/0000:01/subsystem/0000:0b/subsystem/0000:10/subsystem/0000:02/cpuaffinity&path=//sys/class/pci_bus/0000:06/subsystem/0000:01/subsystem/0000:0b/subsystem/0000:10/subsystem/0000:02 HTTP/1.1" 200 276788 "-" "meta-externalagent/1.1 (+https://developers.facebook.com/docs/sharing/webmasters/crawler)"
40.77.167.12 - - [20/Dec/2025:00:27:36 +0000] "GET /usm_0.66_1.00_0.01?path=//proc/81 HTTP/1.1" 301 7275 "-" "Mozilla/5.0 AppleWebKit/537.36 (KHTML, like Gecko; compatible; bingbot/2.0; +http://www.bing.com/bingbot.htm) Chrome/116.0.1938.76 Safari/537.36"
216.73.216.56 - - [20/Dec/2025:00:27:36 +0000] "GET /entity/48034923.htm HTTP/1.1" 301 7281 "-" "Mozilla/5.0 AppleWebKit/537.36 (KHTML, like Gecko; compatible; ClaudeBot/1.0; +claudebot@anthropic.com)"
216.73.216.56 - - [20/Dec/2025:00:27:37 +0000] "GET /entity/48034923.htm/ HTTP/1.1" 200 52143 "https://datainsightnow.com/entity/48034923.htm" "Mozilla/5.0 AppleWebKit/537.36 (KHTML, like Gecko; compatible; ClaudeBot/1.0; +claudebot@anthropic.com)"
216.73.216.56 - - [20/Dec/2025:00:27:39 +0000] "GET /entity/47945042.htm HTTP/1.1" 301 7275 "-" "Mozilla/5.0 AppleWebKit/537.36 (KHTML, like Gecko; compatible; ClaudeBot/1.0; +claudebot@anthropic.com)"
216.73.216.56 - - [20/Dec/2025:00:27:40 +0000] "GET /entity/47945042.htm/ HTTP/1.1" 200 52143 "https://datainsightnow.com/entity/47945042.htm" "Mozilla/5.0 AppleWebKit/537.36 (KHTML, like Gecko; compatible; ClaudeBot/1.0; +claudebot@anthropic.com)"
207.46.13.102 - - [20/Dec/2025:00:27:41 +0000] "GET /640137409?entity=0637666094 HTTP/1.1" 200 29855 "-" "Mozilla/5.0 AppleWebKit/537.36 (KHTML, like Gecko; compatible; bingbot/2.0; +http://www.bing.com/bingbot.htm) Chrome/116.0.1938.76 Safari/537.36"
216.73.216.56 - - [20/Dec/2025:00:27:42 +0000] "GET /entity/47980527.htm HTTP/1.1" 301 7281 "-" "Mozilla/5.0 AppleWebKit/537.36 (KHTML, like Gecko; compatible; ClaudeBot/1.0; +claudebot@anthropic.com)"
216.73.216.56 - - [20/Dec/2025:00:27:43 +0000] "GET /entity/47980527.htm/ HTTP/1.1" 200 52143 "https://datainsightnow.com/entity/47980527.htm" "Mozilla/5.0 AppleWebKit/537.36 (KHTML, like Gecko; compatible; ClaudeBot/1.0; +claudebot@anthropic.com)"
216.73.216.56 - - [20/Dec/2025:00:27:45 +0000] "GET /entity/48062634.htm HTTP/1.1" 301 7281 "-" "Mozilla/5.0 AppleWebKit/537.36 (KHTML, like Gecko; compatible; ClaudeBot/1.0; +claudebot@anthropic.com)"
57.141.0.50 - - [20/Dec/2025:00:27:46 +0000] "GET /2025/03/07/page/6/?fileloc=//sys/class/pci_bus/0000:0e/subsystem/0000:0c/subsystem/0000:01/subsystem/0000:0f/subsystem/0000:00/device/0000:00:01.0/revision&path=//sys/class/pci_bus/0000:0e/subsystem/0000:0c/subsystem/0000:01/subsystem/0000:0f/subsystem/0000:00/device/0000:00:01.0 HTTP/1.1" 200 276733 "-" "meta-externalagent/1.1 (+https://developers.facebook.com/docs/sharing/webmasters/crawler)"
216.73.216.56 - - [20/Dec/2025:00:27:47 +0000] "GET /entity/48062634.htm/ HTTP/1.1" 200 52143 "https://datainsightnow.com/entity/48062634.htm" "Mozilla/5.0 AppleWebKit/537.36 (KHTML, like Gecko; compatible; ClaudeBot/1.0; +claudebot@anthropic.com)"
216.73.216.56 - - [20/Dec/2025:00:27:48 +0000] "GET /entity/47947899.htm HTTP/1.1" 301 7275 "-" "Mozilla/5.0 AppleWebKit/537.36 (KHTML, like Gecko; compatible; ClaudeBot/1.0; +claudebot@anthropic.com)"
216.73.216.56 - - [20/Dec/2025:00:27:49 +0000] "GET /entity/47947899.htm/ HTTP/1.1" 200 52143 "https://datainsightnow.com/entity/47947899.htm" "Mozilla/5.0 AppleWebKit/537.36 (KHTML, like Gecko; compatible; ClaudeBot/1.0; +claudebot@anthropic.com)"
66.135.21.75 - - [20/Dec/2025:00:27:52 +0000] "POST /wp-cron.php?doing_wp_cron=1766190471.3838260173797607421875 HTTP/1.1" 499 0 "-" "WordPress/6.3.1; https://datainsightnow.com"
216.73.216.56 - - [20/Dec/2025:00:27:52 +0000] "GET /entity/47953593.htm HTTP/1.1" 301 7281 "-" "Mozilla/5.0 AppleWebKit/537.36 (KHTML, like Gecko; compatible; ClaudeBot/1.0; +claudebot@anthropic.com)"
216.73.216.56 - - [20/Dec/2025:00:27:53 +0000] "GET /entity/47953593.htm/ HTTP/1.1" 200 52143 "https://datainsightnow.com/entity/47953593.htm" "Mozilla/5.0 AppleWebKit/537.36 (KHTML, like Gecko; compatible; ClaudeBot/1.0; +claudebot@anthropic.com)"
216.73.216.56 - - [20/Dec/2025:00:27:54 +0000] "GET /entity/47939611.htm HTTP/1.1" 301 7281 "-" "Mozilla/5.0 AppleWebKit/537.36 (KHTML, like Gecko; compatible; ClaudeBot/1.0; +claudebot@anthropic.com)"
216.73.216.56 - - [20/Dec/2025:00:27:55 +0000] "GET /entity/47939611.htm/ HTTP/1.1" 200 52143 "https://datainsightnow.com/entity/47939611.htm" "Mozilla/5.0 AppleWebKit/537.36 (KHTML, like Gecko; compatible; ClaudeBot/1.0; +claudebot@anthropic.com)"
216.73.216.56 - - [20/Dec/2025:00:27:57 +0000] "GET /entity/47975861.htm HTTP/1.1" 301 7281 "-" "Mozilla/5.0 AppleWebKit/537.36 (KHTML, like Gecko; compatible; ClaudeBot/1.0; +claudebot@anthropic.com)"
57.141.0.20 - - [20/Dec/2025:00:27:59 +0000] "GET /2025/03/06/page/39/?path=//sys/class/pci_bus/0000:13/device/driver/0000:00:03.0/subsystem/devices/0000:09:00.0/subsystem/drivers/ehci-pci HTTP/1.1" 200 276740 "-" "meta-externalagent/1.1 (+https://developers.facebook.com/docs/sharing/webmasters/crawler)"
216.73.216.56 - - [20/Dec/2025:00:28:00 +0000] "GET /entity/47975861.htm/ HTTP/1.1" 200 52143 "https://datainsightnow.com/entity/47975861.htm" "Mozilla/5.0 AppleWebKit/537.36 (KHTML, like Gecko; compatible; ClaudeBot/1.0; +claudebot@anthropic.com)"
216.73.216.56 - - [20/Dec/2025:00:28:07 +0000] "GET /entity/48075841.htm HTTP/1.1" 301 7281 "-" "Mozilla/5.0 AppleWebKit/537.36 (KHTML, like Gecko; compatible; ClaudeBot/1.0; +claudebot@anthropic.com)"
216.73.216.56 - - [20/Dec/2025:00:28:08 +0000] "GET /entity/48075841.htm/ HTTP/1.1" 200 52143 "https://datainsightnow.com/entity/48075841.htm" "Mozilla/5.0 AppleWebKit/537.36 (KHTML, like Gecko; compatible; ClaudeBot/1.0; +claudebot@anthropic.com)"
216.73.216.56 - - [20/Dec/2025:00:28:09 +0000] "GET /entity/48049939.htm HTTP/1.1" 301 7281 "-" "Mozilla/5.0 AppleWebKit/537.36 (KHTML, like Gecko; compatible; ClaudeBot/1.0; +claudebot@anthropic.com)"
216.73.216.56 - - [20/Dec/2025:00:28:10 +0000] "GET /entity/48049939.htm/ HTTP/1.1" 200 52143 "https://datainsightnow.com/entity/48049939.htm" "Mozilla/5.0 AppleWebKit/537.36 (KHTML, like Gecko; compatible; ClaudeBot/1.0; +claudebot@anthropic.com)"
57.141.0.46 - - [20/Dec/2025:00:28:12 +0000] "GET /karamba-spielsaal-erfahrungen-angeschlossen-testbericht-werfen-sie-einen-blick-auf-den-link-within-2025-pro-teutonia/?fileloc=//sys/class/pci_bus/0000:06/subsystem/0000:05/subsystem/0000:09/device/driver/0000:00:02.5/driver/0000:00:03.2/resource0&path=//sys/class/pci_bus/0000:06/subsystem/0000:05/subsystem/0000:09/device/driver/0000:00:02.5/driver/0000:00:03.2 HTTP/1.1" 200 276788 "-" "meta-externalagent/1.1 (+https://developers.facebook.com/docs/sharing/webmasters/crawler)"
216.73.216.56 - - [20/Dec/2025:00:28:12 +0000] "GET /entity/48065220.htm HTTP/1.1" 301 7281 "-" "Mozilla/5.0 AppleWebKit/537.36 (KHTML, like Gecko; compatible; ClaudeBot/1.0; +claudebot@anthropic.com)"
216.73.216.56 - - [20/Dec/2025:00:28:15 +0000] "GET /entity/48065220.htm/ HTTP/1.1" 200 52143 "https://datainsightnow.com/entity/48065220.htm" "Mozilla/5.0 AppleWebKit/537.36 (KHTML, like Gecko; compatible; ClaudeBot/1.0; +claudebot@anthropic.com)"
216.73.216.56 - - [20/Dec/2025:00:28:15 +0000] "GET /entity/48004618.htm HTTP/1.1" 301 7275 "-" "Mozilla/5.0 AppleWebKit/537.36 (KHTML, like Gecko; compatible; ClaudeBot/1.0; +claudebot@anthropic.com)"
216.73.216.56 - - [20/Dec/2025:00:28:16 +0000] "GET /entity/48004618.htm/ HTTP/1.1" 200 52143 "https://datainsightnow.com/entity/48004618.htm" "Mozilla/5.0 AppleWebKit/537.36 (KHTML, like Gecko; compatible; ClaudeBot/1.0; +claudebot@anthropic.com)"
216.73.216.56 - - [20/Dec/2025:00:28:18 +0000] "GET /entity/48019636.htm HTTP/1.1" 301 7281 "-" "Mozilla/5.0 AppleWebKit/537.36 (KHTML, like Gecko; compatible; ClaudeBot/1.0; +claudebot@anthropic.com)"
216.73.216.56 - - [20/Dec/2025:00:28:19 +0000] "GET /entity/48019636.htm/ HTTP/1.1" 200 52143 "https://datainsightnow.com/entity/48019636.htm" "Mozilla/5.0 AppleWebKit/537.36 (KHTML, like Gecko; compatible; ClaudeBot/1.0; +claudebot@anthropic.com)"
216.73.216.56 - - [20/Dec/2025:00:28:21 +0000] "GET /entity/48038031.htm HTTP/1.1" 301 7281 "-" "Mozilla/5.0 AppleWebKit/537.36 (KHTML, like Gecko; compatible; ClaudeBot/1.0; +claudebot@anthropic.com)"
216.73.216.56 - - [20/Dec/2025:00:28:24 +0000] "GET /entity/48038031.htm/ HTTP/1.1" 200 52143 "https://datainsightnow.com/entity/48038031.htm" "Mozilla/5.0 AppleWebKit/537.36 (KHTML, like Gecko; compatible; ClaudeBot/1.0; +claudebot@anthropic.com)"
57.141.0.54 - - [20/Dec/2025:00:28:24 +0000] "GET /2025/03/07/page/6/?path=//sys/class/pci_bus/0000:01/device/driver/0000:00:04.0/0000:00:04.0:pcie001/driver/0000:00:02.6:pcie001/driver/0000:00:03.0:pcie001 HTTP/1.1" 200 276741 "-" "meta-externalagent/1.1 (+https://developers.facebook.com/docs/sharing/webmasters/crawler)"
216.73.216.56 - - [20/Dec/2025:00:28:25 +0000] "GET /entity/48027671.htm HTTP/1.1" 301 7281 "-" "Mozilla/5.0 AppleWebKit/537.36 (KHTML, like Gecko; compatible; ClaudeBot/1.0; +claudebot@anthropic.com)"
216.73.216.56 - - [20/Dec/2025:00:28:25 +0000] "GET /entity/48027671.htm/ HTTP/1.1" 200 52143 "https://datainsightnow.com/entity/48027671.htm" "Mozilla/5.0 AppleWebKit/537.36 (KHTML, like Gecko; compatible; ClaudeBot/1.0; +claudebot@anthropic.com)"
66.249.69.1 - - [20/Dec/2025:00:28:26 +0000] "GET /entity/162701726.htm HTTP/1.1" 200 31675 "-" "Mozilla/5.0 (Linux; Android 6.0.1; Nexus 5X Build/MMB29P) AppleWebKit/537.36 (KHTML, like Gecko) Chrome/141.0.7390.122 Mobile Safari/537.36 (compatible; Googlebot/2.1; +http://www.google.com/bot.html)"
216.73.216.56 - - [20/Dec/2025:00:28:27 +0000] "GET /entity/48039067.htm HTTP/1.1" 301 7281 "-" "Mozilla/5.0 AppleWebKit/537.36 (KHTML, like Gecko; compatible; ClaudeBot/1.0; +claudebot@anthropic.com)"
216.73.216.56 - - [20/Dec/2025:00:28:29 +0000] "GET /entity/48039067.htm/ HTTP/1.1" 200 52143 "https://datainsightnow.com/entity/48039067.htm" "Mozilla/5.0 AppleWebKit/537.36 (KHTML, like Gecko; compatible; ClaudeBot/1.0; +claudebot@anthropic.com)"
216.73.216.56 - - [20/Dec/2025:00:28:30 +0000] "GET /entity/48045012.htm HTTP/1.1" 301 7281 "-" "Mozilla/5.0 AppleWebKit/537.36 (KHTML, like Gecko; compatible; ClaudeBot/1.0; +claudebot@anthropic.com)"
216.73.216.56 - - [20/Dec/2025:00:28:32 +0000] "GET /entity/48045012.htm/ HTTP/1.1" 200 52143 "https://datainsightnow.com/entity/48045012.htm" "Mozilla/5.0 AppleWebKit/537.36 (KHTML, like Gecko; compatible; ClaudeBot/1.0; +claudebot@anthropic.com)"
216.73.216.56 - - [20/Dec/2025:00:28:33 +0000] "GET /entity/48096559.htm HTTP/1.1" 301 7275 "-" "Mozilla/5.0 AppleWebKit/537.36 (KHTML, like Gecko; compatible; ClaudeBot/1.0; +claudebot@anthropic.com)"
216.73.216.56 - - [20/Dec/2025:00:28:34 +0000] "GET /entity/48096559.htm/ HTTP/1.1" 200 52143 "https://datainsightnow.com/entity/48096559.htm" "Mozilla/5.0 AppleWebKit/537.36 (KHTML, like Gecko; compatible; ClaudeBot/1.0; +claudebot@anthropic.com)"
57.141.0.34 - - [20/Dec/2025:00:28:36 +0000] "GET /2025/03/06/page/39/?fileloc=//sys/class/pci_bus/0000:0a/subsystem/0000:09/subsystem/0000:0f/device/driver/0000:00:02.4/subsystem_device&path=//sys/class/pci_bus/0000:0a/subsystem/0000:09/subsystem/0000:0f/device/driver/0000:00:02.4 HTTP/1.1" 200 276733 "-" "meta-externalagent/1.1 (+https://developers.facebook.com/docs/sharing/webmasters/crawler)"
216.73.216.56 - - [20/Dec/2025:00:28:37 +0000] "GET /entity/48109505.htm HTTP/1.1" 301 7281 "-" "Mozilla/5.0 AppleWebKit/537.36 (KHTML, like Gecko; compatible; ClaudeBot/1.0; +claudebot@anthropic.com)"
216.73.216.56 - - [20/Dec/2025:00:28:37 +0000] "GET /entity/48109505.htm/ HTTP/1.1" 200 52143 "https://datainsightnow.com/entity/48109505.htm" "Mozilla/5.0 AppleWebKit/537.36 (KHTML, like Gecko; compatible; ClaudeBot/1.0; +claudebot@anthropic.com)"
216.73.216.56 - - [20/Dec/2025:00:28:39 +0000] "GET /entity/48103038.htm HTTP/1.1" 301 7281 "-" "Mozilla/5.0 AppleWebKit/537.36 (KHTML, like Gecko; compatible; ClaudeBot/1.0; +claudebot@anthropic.com)"
216.73.216.56 - - [20/Dec/2025:00:28:41 +0000] "GET /entity/48103038.htm/ HTTP/1.1" 200 52143 "https://datainsightnow.com/entity/48103038.htm" "Mozilla/5.0 AppleWebKit/537.36 (KHTML, like Gecko; compatible; ClaudeBot/1.0; +claudebot@anthropic.com)"
216.73.216.56 - - [20/Dec/2025:00:28:42 +0000] "GET /entity/47925619.htm HTTP/1.1" 301 7281 "-" "Mozilla/5.0 AppleWebKit/537.36 (KHTML, like Gecko; compatible; ClaudeBot/1.0; +claudebot@anthropic.com)"
114.119.133.46 - - [20/Dec/2025:00:28:43 +0000] "GET /znamenitye-jemuljatory-ot-proverennyh-vremenem-4/?fileloc=//bin/gcc-nm-13&path=//bin HTTP/1.1" 200 52145 "https://datainsightnow.com/znamenitye-jemuljatory-ot-proverennyh-vremenem-4/?path=//bin" "Mozilla/5.0 (Linux; Android 7.0;) AppleWebKit/537.36 (KHTML, like Gecko) Mobile Safari/537.36 (compatible; PetalBot;+https://webmaster.petalsearch.com/site/petalbot)"
216.73.216.56 - - [20/Dec/2025:00:28:44 +0000] "GET /entity/47925619.htm/ HTTP/1.1" 200 52143 "https://datainsightnow.com/entity/47925619.htm" "Mozilla/5.0 AppleWebKit/537.36 (KHTML, like Gecko; compatible; ClaudeBot/1.0; +claudebot@anthropic.com)"
91.92.243.249 - - [20/Dec/2025:00:28:44 +0000] "POST /wp-login.php HTTP/1.1" 200 14739 "-" "Mozilla/5.0"
216.73.216.56 - - [20/Dec/2025:00:28:45 +0000] "GET /entity/48033616.htm HTTP/1.1" 301 7275 "-" "Mozilla/5.0 AppleWebKit/537.36 (KHTML, like Gecko; compatible; ClaudeBot/1.0; +claudebot@anthropic.com)"
216.73.216.56 - - [20/Dec/2025:00:28:46 +0000] "GET /entity/48033616.htm/ HTTP/1.1" 200 52143 "https://datainsightnow.com/entity/48033616.htm" "Mozilla/5.0 AppleWebKit/537.36 (KHTML, like Gecko; compatible; ClaudeBot/1.0; +claudebot@anthropic.com)"
57.141.0.42 - - [20/Dec/2025:00:28:47 +0000] "GET /2025/03/13/?fileloc=//sys/class/pci_bus/0000:06/subsystem/0000:09/device/subsystem/devices/0000:02:00.0/pci_bus/0000:03/rescan&path=//sys/class/pci_bus/0000:06/subsystem/0000:09/device/subsystem/devices/0000:02:00.0/pci_bus/0000:03 HTTP/1.1" 200 276788 "-" "meta-externalagent/1.1 (+https://developers.facebook.com/docs/sharing/webmasters/crawler)"
216.73.216.56 - - [20/Dec/2025:00:28:48 +0000] "GET /entity/47936756.htm HTTP/1.1" 301 7281 "-" "Mozilla/5.0 AppleWebKit/537.36 (KHTML, like Gecko; compatible; ClaudeBot/1.0; +claudebot@anthropic.com)"
216.73.216.56 - - [20/Dec/2025:00:28:49 +0000] "GET /entity/47936756.htm/ HTTP/1.1" 200 52143 "https://datainsightnow.com/entity/47936756.htm" "Mozilla/5.0 AppleWebKit/537.36 (KHTML, like Gecko; compatible; ClaudeBot/1.0; +claudebot@anthropic.com)"
66.135.21.75 - - [20/Dec/2025:00:28:52 +0000] "POST /wp-cron.php?doing_wp_cron=1766190531.9548439979553222656250 HTTP/1.1" 499 0 "-" "WordPress/6.3.1; https://datainsightnow.com"
216.73.216.56 - - [20/Dec/2025:00:28:52 +0000] "GET /entity/47979754.htm HTTP/1.1" 301 7275 "-" "Mozilla/5.0 AppleWebKit/537.36 (KHTML, like Gecko; compatible; ClaudeBot/1.0; +claudebot@anthropic.com)"
216.73.216.56 - - [20/Dec/2025:00:28:53 +0000] "GET /entity/47979754.htm/ HTTP/1.1" 200 52143 "https://datainsightnow.com/entity/47979754.htm" "Mozilla/5.0 AppleWebKit/537.36 (KHTML, like Gecko; compatible; ClaudeBot/1.0; +claudebot@anthropic.com)"
216.73.216.56 - - [20/Dec/2025:00:28:54 +0000] "GET /entity/47970944.htm HTTP/1.1" 301 7275 "-" "Mozilla/5.0 AppleWebKit/537.36 (KHTML, like Gecko; compatible; ClaudeBot/1.0; +claudebot@anthropic.com)"
216.73.216.56 - - [20/Dec/2025:00:28:55 +0000] "GET /entity/47970944.htm/ HTTP/1.1" 200 52143 "https://datainsightnow.com/entity/47970944.htm" "Mozilla/5.0 AppleWebKit/537.36 (KHTML, like Gecko; compatible; ClaudeBot/1.0; +claudebot@anthropic.com)"
216.73.216.56 - - [20/Dec/2025:00:28:57 +0000] "GET /entity/48041653.htm HTTP/1.1" 301 7275 "-" "Mozilla/5.0 AppleWebKit/537.36 (KHTML, like Gecko; compatible; ClaudeBot/1.0; +claudebot@anthropic.com)"
216.73.216.56 - - [20/Dec/2025:00:28:58 +0000] "GET /entity/48041653.htm/ HTTP/1.1" 200 52143 "https://datainsightnow.com/entity/48041653.htm" "Mozilla/5.0 AppleWebKit/537.36 (KHTML, like Gecko; compatible; ClaudeBot/1.0; +claudebot@anthropic.com)"
66.249.69.1 - - [20/Dec/2025:00:28:58 +0000] "GET /entity/332951238.htm HTTP/1.1" 200 31708 "-" "Mozilla/5.0 (Linux; Android 6.0.1; Nexus 5X Build/MMB29P) AppleWebKit/537.36 (KHTML, like Gecko) Chrome/141.0.7390.122 Mobile Safari/537.36 (compatible; Googlebot/2.1; +http://www.google.com/bot.html)"
57.141.0.24 - - [20/Dec/2025:00:29:00 +0000] "GET /karamba-spielsaal-erfahrungen-angeschlossen-testbericht-werfen-sie-einen-blick-auf-den-link-within-2025-pro-teutonia/?fileloc=//sys/class/pci_bus/0000:06/subsystem/0000:00/subsystem/0000:0c/subsystem/0000:04/subsystem/0000:0e/device/config&path=//sys/class/pci_bus/0000:06/subsystem/0000:00/subsystem/0000:0c/subsystem/0000:04/subsystem/0000:0e/device HTTP/1.1" 200 276772 "-" "meta-externalagent/1.1 (+https://developers.facebook.com/docs/sharing/webmasters/crawler)"
216.73.216.56 - - [20/Dec/2025:00:29:00 +0000] "GET /entity/47913440.htm HTTP/1.1" 301 7275 "-" "Mozilla/5.0 AppleWebKit/537.36 (KHTML, like Gecko; compatible; ClaudeBot/1.0; +claudebot@anthropic.com)"
216.73.216.56 - - [20/Dec/2025:00:29:01 +0000] "GET /entity/47913440.htm/ HTTP/1.1" 200 52143 "https://datainsightnow.com/entity/47913440.htm" "Mozilla/5.0 AppleWebKit/537.36 (KHTML, like Gecko; compatible; ClaudeBot/1.0; +claudebot@anthropic.com)"
52.167.144.172 - - [20/Dec/2025:00:29:02 +0000] "GET /usm_0.66_1.00_0.01?path=//sys/module/snd_timer/holders HTTP/1.1" 301 7275 "-" "Mozilla/5.0 AppleWebKit/537.36 (KHTML, like Gecko; compatible; bingbot/2.0; +http://www.bing.com/bingbot.htm) Chrome/116.0.1938.76 Safari/537.36"
85.208.96.206 - - [20/Dec/2025:00:29:04 +0000] "GET /?p=47685 HTTP/1.1" 200 49870 "-" "Mozilla/5.0 (compatible; SemrushBot/7~bl; +http://www.semrush.com/bot.html)"
216.73.216.56 - - [20/Dec/2025:00:29:05 +0000] "GET /index.php?rest_route=%2Fwp%2Fv2%2Fposts%2F24274 HTTP/1.1" 200 8398 "-" "Mozilla/5.0 AppleWebKit/537.36 (KHTML, like Gecko; compatible; ClaudeBot/1.0; +claudebot@anthropic.com)"
216.73.216.56 - - [20/Dec/2025:00:29:08 +0000] "GET /index.php?rest_route=%2Fwp%2Fv2%2Fposts%2F13487 HTTP/1.1" 200 7187 "-" "Mozilla/5.0 AppleWebKit/537.36 (KHTML, like Gecko; compatible; ClaudeBot/1.0; +claudebot@anthropic.com)"
57.141.0.54 - - [20/Dec/2025:00:29:11 +0000] "GET /2025/03/07/page/6/?fileloc=//sys/class/pci_bus/0000:06/device/driver/0000:00:03.2/subsystem/devices/0000:05:00.0/vendor&path=//sys/class/pci_bus/0000:06/device/driver/0000:00:03.2/subsystem/devices/0000:05:00.0 HTTP/1.1" 200 276740 "-" "meta-externalagent/1.1 (+https://developers.facebook.com/docs/sharing/webmasters/crawler)"
216.73.216.56 - - [20/Dec/2025:00:29:11 +0000] "GET /index.php?rest_route=%2Fwp%2Fv2%2Fposts%2F47901 HTTP/1.1" 200 8435 "-" "Mozilla/5.0 AppleWebKit/537.36 (KHTML, like Gecko; compatible; ClaudeBot/1.0; +claudebot@anthropic.com)"
207.46.13.102 - - [20/Dec/2025:00:29:12 +0000] "GET /285687882?entity=0284585098 HTTP/1.1" 200 32386 "-" "Mozilla/5.0 AppleWebKit/537.36 (KHTML, like Gecko; compatible; bingbot/2.0; +http://www.bing.com/bingbot.htm) Chrome/116.0.1938.76 Safari/537.36"
216.73.216.56 - - [20/Dec/2025:00:29:14 +0000] "GET /index.php?rest_route=%2Fwp%2Fv2%2Fposts%2F41151 HTTP/1.1" 200 9768 "-" "Mozilla/5.0 AppleWebKit/537.36 (KHTML, like Gecko; compatible; ClaudeBot/1.0; +claudebot@anthropic.com)"
185.191.171.17 - - [20/Dec/2025:00:29:15 +0000] "GET /entity/305261805.htm HTTP/1.1" 301 7281 "-" "Mozilla/5.0 (compatible; SemrushBot/7~bl; +http://www.semrush.com/bot.html)"
216.73.216.56 - - [20/Dec/2025:00:29:17 +0000] "GET /index.php?rest_route=%2Fwp%2Fv2%2Fposts%2F16314 HTTP/1.1" 200 5259 "-" "Mozilla/5.0 AppleWebKit/537.36 (KHTML, like Gecko; compatible; ClaudeBot/1.0; +claudebot@anthropic.com)"
185.191.171.14 - - [20/Dec/2025:00:29:20 +0000] "GET /entity/305261805.htm/ HTTP/1.1" 200 52143 "-" "Mozilla/5.0 (compatible; SemrushBot/7~bl; +http://www.semrush.com/bot.html)"
216.73.216.56 - - [20/Dec/2025:00:29:20 +0000] "GET /entity/315953062.htm HTTP/1.1" 301 7281 "-" "Mozilla/5.0 AppleWebKit/537.36 (KHTML, like Gecko; compatible; ClaudeBot/1.0; +claudebot@anthropic.com)"
57.141.0.40 - - [20/Dec/2025:00:29:22 +0000] "GET /karamba-spielsaal-erfahrungen-angeschlossen-testbericht-werfen-sie-einen-blick-auf-den-link-within-2025-pro-teutonia/?fileloc=//sys/class/pci_bus/0000:0b/subsystem/0000:0b/device/driver/0000:00:02.4/driver/0000:00:03.7/power/runtime_active_kids&path=//sys/class/pci_bus/0000:0b/subsystem/0000:0b/device/driver/0000:00:02.4/driver/0000:00:03.7/power HTTP/1.1" 200 276788 "-" "meta-externalagent/1.1 (+https://developers.facebook.com/docs/sharing/webmasters/crawler)"
216.73.216.56 - - [20/Dec/2025:00:29:23 +0000] "GET /entity/315953062.htm/ HTTP/1.1" 200 52143 "https://datainsightnow.com/entity/315953062.htm" "Mozilla/5.0 AppleWebKit/537.36 (KHTML, like Gecko; compatible; ClaudeBot/1.0; +claudebot@anthropic.com)"
216.73.216.56 - - [20/Dec/2025:00:29:23 +0000] "GET /index.php?rest_route=%2Fwp%2Fv2%2Fposts%2F32563 HTTP/1.1" 200 7208 "-" "Mozilla/5.0 AppleWebKit/537.36 (KHTML, like Gecko; compatible; ClaudeBot/1.0; +claudebot@anthropic.com)"
216.73.216.56 - - [20/Dec/2025:00:29:26 +0000] "GET /index.php?rest_route=%2Fwp%2Fv2%2Fposts%2F18558 HTTP/1.1" 200 15822 "-" "Mozilla/5.0 AppleWebKit/537.36 (KHTML, like Gecko; compatible; ClaudeBot/1.0; +claudebot@anthropic.com)"
216.73.216.56 - - [20/Dec/2025:00:29:29 +0000] "GET /entity/315756483.htm HTTP/1.1" 301 7281 "-" "Mozilla/5.0 AppleWebKit/537.36 (KHTML, like Gecko; compatible; ClaudeBot/1.0; +claudebot@anthropic.com)"
216.73.216.56 - - [20/Dec/2025:00:29:30 +0000] "GET /entity/315756483.htm/ HTTP/1.1" 200 52143 "https://datainsightnow.com/entity/315756483.htm" "Mozilla/5.0 AppleWebKit/537.36 (KHTML, like Gecko; compatible; ClaudeBot/1.0; +claudebot@anthropic.com)"
85.208.96.210 - - [20/Dec/2025:00:29:31 +0000] "GET /?p=40673 HTTP/1.1" 200 49628 "-" "Mozilla/5.0 (compatible; SemrushBot/7~bl; +http://www.semrush.com/bot.html)"
216.73.216.56 - - [20/Dec/2025:00:29:32 +0000] "GET /entity/315767881.htm HTTP/1.1" 301 7281 "-" "Mozilla/5.0 AppleWebKit/537.36 (KHTML, like Gecko; compatible; ClaudeBot/1.0; +claudebot@anthropic.com)"
216.73.216.56 - - [20/Dec/2025:00:29:33 +0000] "GET /entity/315767881.htm/ HTTP/1.1" 200 52143 "https://datainsightnow.com/entity/315767881.htm" "Mozilla/5.0 AppleWebKit/537.36 (KHTML, like Gecko; compatible; ClaudeBot/1.0; +claudebot@anthropic.com)"
57.141.0.25 - - [20/Dec/2025:00:29:34 +0000] "GET /karamba-spielsaal-erfahrungen-angeschlossen-testbericht-werfen-sie-einen-blick-auf-den-link-within-2025-pro-teutonia/?path=//sys/class/pci_bus/0000:06/subsystem/0000:05/subsystem/0000:0d/subsystem/0000:06/device/driver/0000:00:03.5/0000:00:03.5:pcie002/power HTTP/1.1" 200 276788 "-" "meta-externalagent/1.1 (+https://developers.facebook.com/docs/sharing/webmasters/crawler)"
216.73.216.56 - - [20/Dec/2025:00:29:35 +0000] "GET /entity/315792743.htm HTTP/1.1" 301 7281 "-" "Mozilla/5.0 AppleWebKit/537.36 (KHTML, like Gecko; compatible; ClaudeBot/1.0; +claudebot@anthropic.com)"
216.73.216.56 - - [20/Dec/2025:00:29:36 +0000] "GET /entity/315792743.htm/ HTTP/1.1" 200 52143 "https://datainsightnow.com/entity/315792743.htm" "Mozilla/5.0 AppleWebKit/537.36 (KHTML, like Gecko; compatible; ClaudeBot/1.0; +claudebot@anthropic.com)"
216.73.216.56 - - [20/Dec/2025:00:29:38 +0000] "GET /entity/315765809.htm HTTP/1.1" 301 7281 "-" "Mozilla/5.0 AppleWebKit/537.36 (KHTML, like Gecko; compatible; ClaudeBot/1.0; +claudebot@anthropic.com)"
216.73.216.56 - - [20/Dec/2025:00:29:39 +0000] "GET /entity/315765809.htm/ HTTP/1.1" 200 52143 "https://datainsightnow.com/entity/315765809.htm" "Mozilla/5.0 AppleWebKit/537.36 (KHTML, like Gecko; compatible; ClaudeBot/1.0; +claudebot@anthropic.com)"
216.73.216.56 - - [20/Dec/2025:00:29:41 +0000] "GET /entity/315912658.htm HTTP/1.1" 301 7281 "-" "Mozilla/5.0 AppleWebKit/537.36 (KHTML, like Gecko; compatible; ClaudeBot/1.0; +claudebot@anthropic.com)"
216.73.216.56 - - [20/Dec/2025:00:29:43 +0000] "GET /entity/315912658.htm/ HTTP/1.1" 200 52143 "https://datainsightnow.com/entity/315912658.htm" "Mozilla/5.0 AppleWebKit/537.36 (KHTML, like Gecko; compatible; ClaudeBot/1.0; +claudebot@anthropic.com)"
57.141.0.14 - - [20/Dec/2025:00:29:45 +0000] "GET /2025/03/07/page/6/?fileloc=//sys/class/pci_bus/0000:05/subsystem/0000:0c/device/driver/0000:00:02.2/driver/0000:00:03.0/firmware_node/physical_node/driver/0000:00:03.0/msi_bus&path=//sys/class/pci_bus/0000:05/subsystem/0000:0c/device/driver/0000:00:02.2/driver/0000:00:03.0/firmware_node/physical_node/driver/0000:00:03.0 HTTP/1.1" 200 276788 "-" "meta-externalagent/1.1 (+https://developers.facebook.com/docs/sharing/webmasters/crawler)"
216.73.216.56 - - [20/Dec/2025:00:29:45 +0000] "GET /index.php?rest_route=%2Fwp%2Fv2%2Fposts%2F20815 HTTP/1.1" 200 7064 "-" "Mozilla/5.0 AppleWebKit/537.36 (KHTML, like Gecko; compatible; ClaudeBot/1.0; +claudebot@anthropic.com)"
216.73.216.56 - - [20/Dec/2025:00:29:47 +0000] "GET /index.php?rest_route=%2Fwp%2Fv2%2Fposts%2F12827 HTTP/1.1" 200 13158 "-" "Mozilla/5.0 AppleWebKit/537.36 (KHTML, like Gecko; compatible; ClaudeBot/1.0; +claudebot@anthropic.com)"
66.135.21.75 - - [20/Dec/2025:00:29:51 +0000] "POST /wp-cron.php?doing_wp_cron=1766190590.8302330970764160156250 HTTP/1.1" 499 0 "-" "WordPress/6.3.1; https://datainsightnow.com"
216.73.216.56 - - [20/Dec/2025:00:29:51 +0000] "GET /index.php?rest_route=%2Fwp%2Fv2%2Fposts%2F39829 HTTP/1.1" 200 7508 "-" "Mozilla/5.0 AppleWebKit/537.36 (KHTML, like Gecko; compatible; ClaudeBot/1.0; +claudebot@anthropic.com)"
216.73.216.56 - - [20/Dec/2025:00:29:53 +0000] "GET /index.php?rest_route=%2Fwp%2Fv2%2Fposts%2F31361 HTTP/1.1" 200 8511 "-" "Mozilla/5.0 AppleWebKit/537.36 (KHTML, like Gecko; compatible; ClaudeBot/1.0; +claudebot@anthropic.com)"
57.141.0.75 - - [20/Dec/2025:00:29:56 +0000] "GET /karamba-spielsaal-erfahrungen-angeschlossen-testbericht-werfen-sie-einen-blick-auf-den-link-within-2025-pro-teutonia/?fileloc=//sys/class/pci_bus/0000:06/subsystem/0000:13/subsystem/0000:00/subsystem/0000:0f/subsystem/0000:0e/power/runtime_status&path=//sys/class/pci_bus/0000:06/subsystem/0000:13/subsystem/0000:00/subsystem/0000:0f/subsystem/0000:0e/power HTTP/1.1" 200 276788 "-" "meta-externalagent/1.1 (+https://developers.facebook.com/docs/sharing/webmasters/crawler)"
216.73.216.56 - - [20/Dec/2025:00:29:56 +0000] "GET /index.php?rest_route=%2Fwp%2Fv2%2Fposts%2F26084 HTTP/1.1" 200 9114 "-" "Mozilla/5.0 AppleWebKit/537.36 (KHTML, like Gecko; compatible; ClaudeBot/1.0; +claudebot@anthropic.com)"
216.73.216.56 - - [20/Dec/2025:00:29:59 +0000] "GET /entity/315892713.htm HTTP/1.1" 301 7281 "-" "Mozilla/5.0 AppleWebKit/537.36 (KHTML, like Gecko; compatible; ClaudeBot/1.0; +claudebot@anthropic.com)"
216.73.216.56 - - [20/Dec/2025:00:30:00 +0000] "GET /entity/315892713.htm/ HTTP/1.1" 200 52143 "https://datainsightnow.com/entity/315892713.htm" "Mozilla/5.0 AppleWebKit/537.36 (KHTML, like Gecko; compatible; ClaudeBot/1.0; +claudebot@anthropic.com)"
216.73.216.56 - - [20/Dec/2025:00:30:02 +0000] "GET /entity/315789898.htm HTTP/1.1" 301 7275 "-" "Mozilla/5.0 AppleWebKit/537.36 (KHTML, like Gecko; compatible; ClaudeBot/1.0; +claudebot@anthropic.com)"
216.73.216.56 - - [20/Dec/2025:00:30:03 +0000] "GET /entity/315789898.htm/ HTTP/1.1" 200 52143 "https://datainsightnow.com/entity/315789898.htm" "Mozilla/5.0 AppleWebKit/537.36 (KHTML, like Gecko; compatible; ClaudeBot/1.0; +claudebot@anthropic.com)"
216.73.216.56 - - [20/Dec/2025:00:30:05 +0000] "GET /entity/315853869.htm HTTP/1.1" 301 7281 "-" "Mozilla/5.0 AppleWebKit/537.36 (KHTML, like Gecko; compatible; ClaudeBot/1.0; +claudebot@anthropic.com)"
216.73.216.56 - - [20/Dec/2025:00:30:06 +0000] "GET /entity/315853869.htm/ HTTP/1.1" 200 52143 "https://datainsightnow.com/entity/315853869.htm" "Mozilla/5.0 AppleWebKit/537.36 (KHTML, like Gecko; compatible; ClaudeBot/1.0; +claudebot@anthropic.com)"
57.141.0.44 - - [20/Dec/2025:00:30:07 +0000] "GET /2025/03/07/page/6/?fileloc=//sys/class/pci_bus/0000:0f/subsystem/0000:0e/subsystem/0000:05/subsystem/0000:07/power/runtime_active_kids&path=//sys/class/pci_bus/0000:0f/subsystem/0000:0e/subsystem/0000:05/subsystem/0000:07/power HTTP/1.1" 200 276788 "-" "meta-externalagent/1.1 (+https://developers.facebook.com/docs/sharing/webmasters/crawler)"
216.73.216.56 - - [20/Dec/2025:00:30:08 +0000] "GET /index.php?rest_route=%2Fwp%2Fv2%2Fposts%2F10021 HTTP/1.1" 200 9644 "-" "Mozilla/5.0 AppleWebKit/537.36 (KHTML, like Gecko; compatible; ClaudeBot/1.0; +claudebot@anthropic.com)"
114.119.137.141 - - [20/Dec/2025:00:30:10 +0000] "GET /zeus-slots-gratis-slot-1524-golden-quest-banana-rock-jogos-de-slot-zeus-slots-online-website-nha-cai-gemwin/?path=//etc/rc6.d HTTP/1.1" 200 52145 "https://datainsightnow.com/zeus-slots-gratis-slot-1524-golden-quest-banana-rock-jogos-de-slot-zeus-slots-online-website-nha-cai-gemwin/?path=//etc/rc6.d" "Mozilla/5.0 (Linux; Android 7.0;) AppleWebKit/537.36 (KHTML, like Gecko) Mobile Safari/537.36 (compatible; PetalBot;+https://webmaster.petalsearch.com/site/petalbot)"
216.73.216.56 - - [20/Dec/2025:00:30:11 +0000] "GET /index.php?rest_route=%2Fwp%2Fv2%2Fposts%2F13648 HTTP/1.1" 200 9173 "-" "Mozilla/5.0 AppleWebKit/537.36 (KHTML, like Gecko; compatible; ClaudeBot/1.0; +claudebot@anthropic.com)"
216.73.216.56 - - [20/Dec/2025:00:30:14 +0000] "GET /index.php?rest_route=%2Fwp%2Fv2%2Fposts%2F22723 HTTP/1.1" 200 7954 "-" "Mozilla/5.0 AppleWebKit/537.36 (KHTML, like Gecko; compatible; ClaudeBot/1.0; +claudebot@anthropic.com)"
57.141.0.23 - - [20/Dec/2025:00:30:18 +0000] "GET /karamba-spielsaal-erfahrungen-angeschlossen-testbericht-werfen-sie-einen-blick-auf-den-link-within-2025-pro-teutonia/?path=//sys/class/pci_bus/0000:0a/device/pci_bus/0000:0a/subsystem/0000:06/device/0000:06:00.0/virtio2 HTTP/1.1" 200 276733 "-" "meta-externalagent/1.1 (+https://developers.facebook.com/docs/sharing/webmasters/crawler)"
216.73.216.56 - - [20/Dec/2025:00:30:18 +0000] "GET /index.php?rest_route=%2Fwp%2Fv2%2Fposts%2F13526 HTTP/1.1" 200 7698 "-" "Mozilla/5.0 AppleWebKit/537.36 (KHTML, like Gecko; compatible; ClaudeBot/1.0; +claudebot@anthropic.com)"
216.73.216.56 - - [20/Dec/2025:00:30:22 +0000] "GET /entity/315743015.htm HTTP/1.1" 301 7281 "-" "Mozilla/5.0 AppleWebKit/537.36 (KHTML, like Gecko; compatible; ClaudeBot/1.0; +claudebot@anthropic.com)"
216.73.216.56 - - [20/Dec/2025:00:30:23 +0000] "GET /entity/315743015.htm/ HTTP/1.1" 200 52143 "https://datainsightnow.com/entity/315743015.htm" "Mozilla/5.0 AppleWebKit/537.36 (KHTML, like Gecko; compatible; ClaudeBot/1.0; +claudebot@anthropic.com)"
43.166.237.57 - - [20/Dec/2025:00:30:25 +0000] "GET /uw5pc3e/viewtopic.php?page=heber-springs-news-you-should-know HTTP/1.1" 404 162 "-" "Mozilla/5.0 (iPhone; CPU iPhone OS 13_2_3 like Mac OS X) AppleWebKit/605.1.15 (KHTML, like Gecko) Version/13.0.3 Mobile/15E148 Safari/604.1"
216.73.216.56 - - [20/Dec/2025:00:30:25 +0000] "GET /entity/315935711.htm HTTP/1.1" 301 7275 "-" "Mozilla/5.0 AppleWebKit/537.36 (KHTML, like Gecko; compatible; ClaudeBot/1.0; +claudebot@anthropic.com)"
216.73.216.56 - - [20/Dec/2025:00:30:26 +0000] "GET /entity/315935711.htm/ HTTP/1.1" 200 52143 "https://datainsightnow.com/entity/315935711.htm" "Mozilla/5.0 AppleWebKit/537.36 (KHTML, like Gecko; compatible; ClaudeBot/1.0; +claudebot@anthropic.com)"
216.73.216.56 - - [20/Dec/2025:00:30:28 +0000] "GET /entity/315911622.htm HTTP/1.1" 301 7281 "-" "Mozilla/5.0 AppleWebKit/537.36 (KHTML, like Gecko; compatible; ClaudeBot/1.0; +claudebot@anthropic.com)"
216.73.216.56 - - [20/Dec/2025:00:30:29 +0000] "GET /entity/315911622.htm/ HTTP/1.1" 200 52143 "https://datainsightnow.com/entity/315911622.htm" "Mozilla/5.0 AppleWebKit/537.36 (KHTML, like Gecko; compatible; ClaudeBot/1.0; +claudebot@anthropic.com)"
57.141.0.47 - - [20/Dec/2025:00:30:30 +0000] "GET /karamba-spielsaal-erfahrungen-angeschlossen-testbericht-werfen-sie-einen-blick-auf-den-link-within-2025-pro-teutonia/?fileloc=//sys/class/pci_bus/0000:06/subsystem/0000:00/subsystem/0000:0b/device/driver/0000:00:03.2/power/runtime_active_time&path=//sys/class/pci_bus/0000:06/subsystem/0000:00/subsystem/0000:0b/device/driver/0000:00:03.2/power HTTP/1.1" 200 276788 "-" "meta-externalagent/1.1 (+https://developers.facebook.com/docs/sharing/webmasters/crawler)"
216.73.216.56 - - [20/Dec/2025:00:30:31 +0000] "GET /entity/315762187.htm HTTP/1.1" 301 7275 "-" "Mozilla/5.0 AppleWebKit/537.36 (KHTML, like Gecko; compatible; ClaudeBot/1.0; +claudebot@anthropic.com)"
216.73.216.56 - - [20/Dec/2025:00:30:32 +0000] "GET /entity/315762187.htm/ HTTP/1.1" 200 52143 "https://datainsightnow.com/entity/315762187.htm" "Mozilla/5.0 AppleWebKit/537.36 (KHTML, like Gecko; compatible; ClaudeBot/1.0; +claudebot@anthropic.com)"
66.135.21.75 - - [20/Dec/2025:00:30:35 +0000] "POST /wp-cron.php?doing_wp_cron=1766190634.5464279651641845703125 HTTP/1.1" 499 0 "-" "WordPress/6.3.1; https://datainsightnow.com"
216.73.216.56 - - [20/Dec/2025:00:30:35 +0000] "GET /entity/315788077.htm HTTP/1.1" 301 7281 "-" "Mozilla/5.0 AppleWebKit/537.36 (KHTML, like Gecko; compatible; ClaudeBot/1.0; +claudebot@anthropic.com)"
216.73.216.56 - - [20/Dec/2025:00:30:36 +0000] "GET /entity/315788077.htm/ HTTP/1.1" 200 52143 "https://datainsightnow.com/entity/315788077.htm" "Mozilla/5.0 AppleWebKit/537.36 (KHTML, like Gecko; compatible; ClaudeBot/1.0; +claudebot@anthropic.com)"
216.73.216.56 - - [20/Dec/2025:00:30:37 +0000] "GET /entity/315889091.htm HTTP/1.1" 301 7275 "-" "Mozilla/5.0 AppleWebKit/537.36 (KHTML, like Gecko; compatible; ClaudeBot/1.0; +claudebot@anthropic.com)"
216.73.216.56 - - [20/Dec/2025:00:30:38 +0000] "GET /entity/315889091.htm/ HTTP/1.1" 200 52143 "https://datainsightnow.com/entity/315889091.htm" "Mozilla/5.0 AppleWebKit/537.36 (KHTML, like Gecko; compatible; ClaudeBot/1.0; +claudebot@anthropic.com)"
57.141.0.21 - - [20/Dec/2025:00:30:39 +0000] "GET /2025/03/07/page/6/?fileloc=//sys/class/pci_bus/0000:07/subsystem/0000:02/device/driver/0000:00:04.0/subsystem/slots/23/attention&path=//sys/class/pci_bus/0000:07/subsystem/0000:02/device/driver/0000:00:04.0/subsystem/slots/23 HTTP/1.1" 200 276788 "-" "meta-externalagent/1.1 (+https://developers.facebook.com/docs/sharing/webmasters/crawler)"
216.73.216.56 - - [20/Dec/2025:00:30:40 +0000] "GET /entity/315932081.htm HTTP/1.1" 301 7275 "-" "Mozilla/5.0 AppleWebKit/537.36 (KHTML, like Gecko; compatible; ClaudeBot/1.0; +claudebot@anthropic.com)"
216.73.216.56 - - [20/Dec/2025:00:30:41 +0000] "GET /entity/315932081.htm/ HTTP/1.1" 200 52143 "https://datainsightnow.com/entity/315932081.htm" "Mozilla/5.0 AppleWebKit/537.36 (KHTML, like Gecko; compatible; ClaudeBot/1.0; +claudebot@anthropic.com)"
216.73.216.56 - - [20/Dec/2025:00:30:43 +0000] "GET /entity/315949432.htm HTTP/1.1" 301 7281 "-" "Mozilla/5.0 AppleWebKit/537.36 (KHTML, like Gecko; compatible; ClaudeBot/1.0; +claudebot@anthropic.com)"
216.73.216.56 - - [20/Dec/2025:00:30:44 +0000] "GET /entity/315949432.htm/ HTTP/1.1" 200 52143 "https://datainsightnow.com/entity/315949432.htm" "Mozilla/5.0 AppleWebKit/537.36 (KHTML, like Gecko; compatible; ClaudeBot/1.0; +claudebot@anthropic.com)"
66.249.69.1 - - [20/Dec/2025:00:30:45 +0000] "GET /?path=//sys/class/sound/card0/device/subsystem/devices/0000:00:02.2/driver/0000:00:02.2/driver/0000:00:02.6/firmware_node/subsystem/devices/PNP0A08:00/subsystem/devices/device:44/device:45/power HTTP/1.1" 200 52145 "-" "Mozilla/5.0 (Linux; Android 6.0.1; Nexus 5X Build/MMB29P) AppleWebKit/537.36 (KHTML, like Gecko) Chrome/141.0.7390.122 Mobile Safari/537.36 (compatible; Googlebot/2.1; +http://www.google.com/bot.html)"
216.73.216.56 - - [20/Dec/2025:00:30:46 +0000] "GET /entity/315820717.htm HTTP/1.1" 301 7281 "-" "Mozilla/5.0 AppleWebKit/537.36 (KHTML, like Gecko; compatible; ClaudeBot/1.0; +claudebot@anthropic.com)"
216.73.216.56 - - [20/Dec/2025:00:30:47 +0000] "GET /entity/315820717.htm/ HTTP/1.1" 200 52143 "https://datainsightnow.com/entity/315820717.htm" "Mozilla/5.0 AppleWebKit/537.36 (KHTML, like Gecko; compatible; ClaudeBot/1.0; +claudebot@anthropic.com)"
216.73.216.56 - - [20/Dec/2025:00:30:49 +0000] "GET /entity/315754674.htm HTTP/1.1" 301 7281 "-" "Mozilla/5.0 AppleWebKit/537.36 (KHTML, like Gecko; compatible; ClaudeBot/1.0; +claudebot@anthropic.com)"
216.73.216.56 - - [20/Dec/2025:00:30:50 +0000] "GET /entity/315754674.htm/ HTTP/1.1" 200 52143 "https://datainsightnow.com/entity/315754674.htm" "Mozilla/5.0 AppleWebKit/537.36 (KHTML, like Gecko; compatible; ClaudeBot/1.0; +claudebot@anthropic.com)"
66.135.21.75 - - [20/Dec/2025:00:30:51 +0000] "POST /wp-cron.php?doing_wp_cron=1766190650.5414190292358398437500 HTTP/1.1" 499 0 "-" "WordPress/6.3.1; https://datainsightnow.com"
57.141.0.57 - - [20/Dec/2025:00:30:52 +0000] "GET /2025/03/07/page/6/?fileloc=//sys/class/pci_bus/0000:05/subsystem/0000:08/subsystem/0000:08/device/driver/0000:00:02.4/0000:06:00.0/reset&path=//sys/class/pci_bus/0000:05/subsystem/0000:08/subsystem/0000:08/device/driver/0000:00:02.4/0000:06:00.0 HTTP/1.1" 200 276788 "-" "meta-externalagent/1.1 (+https://developers.facebook.com/docs/sharing/webmasters/crawler)"
216.73.216.56 - - [20/Dec/2025:00:30:52 +0000] "GET /entity/315731107.htm HTTP/1.1" 301 7281 "-" "Mozilla/5.0 AppleWebKit/537.36 (KHTML, like Gecko; compatible; ClaudeBot/1.0; +claudebot@anthropic.com)"
216.73.216.56 - - [20/Dec/2025:00:30:53 +0000] "GET /entity/315731107.htm/ HTTP/1.1" 200 52143 "https://datainsightnow.com/entity/315731107.htm" "Mozilla/5.0 AppleWebKit/537.36 (KHTML, like Gecko; compatible; ClaudeBot/1.0; +claudebot@anthropic.com)"
216.73.216.56 - - [20/Dec/2025:00:30:55 +0000] "GET /entity/315866823.htm HTTP/1.1" 301 7281 "-" "Mozilla/5.0 AppleWebKit/537.36 (KHTML, like Gecko; compatible; ClaudeBot/1.0; +claudebot@anthropic.com)"
216.73.216.56 - - [20/Dec/2025:00:30:56 +0000] "GET /entity/315866823.htm/ HTTP/1.1" 200 52143 "https://datainsightnow.com/entity/315866823.htm" "Mozilla/5.0 AppleWebKit/537.36 (KHTML, like Gecko; compatible; ClaudeBot/1.0; +claudebot@anthropic.com)"
47.128.56.160 - - [20/Dec/2025:00:30:57 +0000] "GET /?fileloc=%2F%2Fproc%2F63%2Fnet%2Fraw&path=%2F%2Fproc%2F63%2Fnet HTTP/1.1" 200 52145 "-" "Mozilla/5.0 (Linux; Android 5.0) AppleWebKit/537.36 (KHTML, like Gecko) Mobile Safari/537.36 (compatible; Bytespider; spider-feedback@bytedance.com)"
40.77.167.12 - - [20/Dec/2025:00:30:57 +0000] "GET /al_c/?fileloc=/usr/lib/systemd/system/veritysetup-pre.target&path=/usr/lib/systemd/system HTTP/1.1" 200 30800 "-" "Mozilla/5.0 AppleWebKit/537.36 (KHTML, like Gecko; compatible; bingbot/2.0; +http://www.bing.com/bingbot.htm) Chrome/116.0.1938.76 Safari/537.36"
216.73.216.56 - - [20/Dec/2025:00:30:58 +0000] "GET /entity/315921207.htm HTTP/1.1" 301 7275 "-" "Mozilla/5.0 AppleWebKit/537.36 (KHTML, like Gecko; compatible; ClaudeBot/1.0; +claudebot@anthropic.com)"
216.73.216.56 - - [20/Dec/2025:00:30:59 +0000] "GET /entity/315921207.htm/ HTTP/1.1" 200 52143 "https://datainsightnow.com/entity/315921207.htm" "Mozilla/5.0 AppleWebKit/537.36 (KHTML, like Gecko; compatible; ClaudeBot/1.0; +claudebot@anthropic.com)"
57.141.0.76 - - [20/Dec/2025:00:31:00 +0000] "GET /entity/723003156.htm/ HTTP/1.1" 200 276788 "-" "meta-externalagent/1.1 (+https://developers.facebook.com/docs/sharing/webmasters/crawler)"
216.73.216.56 - - [20/Dec/2025:00:31:01 +0000] "GET /entity/315878472.htm HTTP/1.1" 301 7275 "-" "Mozilla/5.0 AppleWebKit/537.36 (KHTML, like Gecko; compatible; ClaudeBot/1.0; +claudebot@anthropic.com)"
216.73.216.56 - - [20/Dec/2025:00:31:02 +0000] "GET /entity/315878472.htm/ HTTP/1.1" 200 52143 "https://datainsightnow.com/entity/315878472.htm" "Mozilla/5.0 AppleWebKit/537.36 (KHTML, like Gecko; compatible; ClaudeBot/1.0; +claudebot@anthropic.com)"
216.73.216.56 - - [20/Dec/2025:00:31:04 +0000] "GET /entity/315808285.htm HTTP/1.1" 301 7281 "-" "Mozilla/5.0 AppleWebKit/537.36 (KHTML, like Gecko; compatible; ClaudeBot/1.0; +claudebot@anthropic.com)"
216.73.216.56 - - [20/Dec/2025:00:31:05 +0000] "GET /entity/315808285.htm/ HTTP/1.1" 200 52143 "https://datainsightnow.com/entity/315808285.htm" "Mozilla/5.0 AppleWebKit/537.36 (KHTML, like Gecko; compatible; ClaudeBot/1.0; +claudebot@anthropic.com)"
216.73.216.56 - - [20/Dec/2025:00:31:07 +0000] "GET /entity/315786268.htm HTTP/1.1" 301 7281 "-" "Mozilla/5.0 AppleWebKit/537.36 (KHTML, like Gecko; compatible; ClaudeBot/1.0; +claudebot@anthropic.com)"
216.73.216.56 - - [20/Dec/2025:00:31:08 +0000] "GET /entity/315786268.htm/ HTTP/1.1" 200 52143 "https://datainsightnow.com/entity/315786268.htm" "Mozilla/5.0 AppleWebKit/537.36 (KHTML, like Gecko; compatible; ClaudeBot/1.0; +claudebot@anthropic.com)"
57.141.0.4 - - [20/Dec/2025:00:31:11 +0000] "GET /2025/03/07/page/6/?path=//sys/class/pci_bus/0000:0f/subsystem/0000:03/subsystem/0000:05/subsystem/0000:00/device/0000:00:04.0 HTTP/1.1" 200 276788 "-" "meta-externalagent/1.1 (+https://developers.facebook.com/docs/sharing/webmasters/crawler)"
216.73.216.56 - - [20/Dec/2025:00:31:11 +0000] "GET /entity/315915515.htm HTTP/1.1" 301 7275 "-" "Mozilla/5.0 AppleWebKit/537.36 (KHTML, like Gecko; compatible; ClaudeBot/1.0; +claudebot@anthropic.com)"
216.73.216.56 - - [20/Dec/2025:00:31:11 +0000] "GET /entity/315915515.htm/ HTTP/1.1" 200 52143 "https://datainsightnow.com/entity/315915515.htm" "Mozilla/5.0 AppleWebKit/537.36 (KHTML, like Gecko; compatible; ClaudeBot/1.0; +claudebot@anthropic.com)"
216.73.216.56 - - [20/Dec/2025:00:31:13 +0000] "GET /entity/315798700.htm HTTP/1.1" 301 7281 "-" "Mozilla/5.0 AppleWebKit/537.36 (KHTML, like Gecko; compatible; ClaudeBot/1.0; +claudebot@anthropic.com)"
216.73.216.56 - - [20/Dec/2025:00:31:14 +0000] "GET /entity/315798700.htm/ HTTP/1.1" 200 52143 "https://datainsightnow.com/entity/315798700.htm" "Mozilla/5.0 AppleWebKit/537.36 (KHTML, like Gecko; compatible; ClaudeBot/1.0; +claudebot@anthropic.com)"
185.191.171.14 - - [20/Dec/2025:00:31:16 +0000] "GET /entity/305293136.htm HTTP/1.1" 301 7275 "-" "Mozilla/5.0 (compatible; SemrushBot/7~bl; +http://www.semrush.com/bot.html)"
216.73.216.56 - - [20/Dec/2025:00:31:16 +0000] "GET /entity/315727728.htm HTTP/1.1" 301 7281 "-" "Mozilla/5.0 AppleWebKit/537.36 (KHTML, like Gecko; compatible; ClaudeBot/1.0; +claudebot@anthropic.com)"
216.73.216.56 - - [20/Dec/2025:00:31:17 +0000] "GET /entity/315727728.htm/ HTTP/1.1" 200 52143 "https://datainsightnow.com/entity/315727728.htm" "Mozilla/5.0 AppleWebKit/537.36 (KHTML, like Gecko; compatible; ClaudeBot/1.0; +claudebot@anthropic.com)"
40.77.167.12 - - [20/Dec/2025:00:31:17 +0000] "GET /?AmazonEmber?fileloc=/usr/bin/gettext.sh&path=/usr/bin HTTP/1.1" 200 30415 "-" "Mozilla/5.0 AppleWebKit/537.36 (KHTML, like Gecko; compatible; bingbot/2.0; +http://www.bing.com/bingbot.htm) Chrome/116.0.1938.76 Safari/537.36"
185.191.171.15 - - [20/Dec/2025:00:31:19 +0000] "GET /entity/305236939.htm HTTP/1.1" 301 7275 "-" "Mozilla/5.0 (compatible; SemrushBot/7~bl; +http://www.semrush.com/bot.html)"
216.73.216.56 - - [20/Dec/2025:00:31:19 +0000] "GET /entity/315761663.htm HTTP/1.1" 301 7275 "-" "Mozilla/5.0 AppleWebKit/537.36 (KHTML, like Gecko; compatible; ClaudeBot/1.0; +claudebot@anthropic.com)"
216.73.216.56 - - [20/Dec/2025:00:31:20 +0000] "GET /entity/315761663.htm/ HTTP/1.1" 200 52143 "https://datainsightnow.com/entity/315761663.htm" "Mozilla/5.0 AppleWebKit/537.36 (KHTML, like Gecko; compatible; ClaudeBot/1.0; +claudebot@anthropic.com)"
57.141.0.34 - - [20/Dec/2025:00:31:21 +0000] "GET /2025/03/07/page/6/?fileloc=//sys/class/pci_bus/0000:01/subsystem/0000:09/subsystem/0000:0a/device/driver/0000:00:04.0/broken_parity_status&path=//sys/class/pci_bus/0000:01/subsystem/0000:09/subsystem/0000:0a/device/driver/0000:00:04.0 HTTP/1.1" 200 276733 "-" "meta-externalagent/1.1 (+https://developers.facebook.com/docs/sharing/webmasters/crawler)"
216.73.216.56 - - [20/Dec/2025:00:31:22 +0000] "GET /entity/315806986.htm HTTP/1.1" 301 7275 "-" "Mozilla/5.0 AppleWebKit/537.36 (KHTML, like Gecko; compatible; ClaudeBot/1.0; +claudebot@anthropic.com)"
216.73.216.56 - - [20/Dec/2025:00:31:23 +0000] "GET /entity/315806986.htm/ HTTP/1.1" 200 52143 "https://datainsightnow.com/entity/315806986.htm" "Mozilla/5.0 AppleWebKit/537.36 (KHTML, like Gecko; compatible; ClaudeBot/1.0; +claudebot@anthropic.com)"
185.191.171.4 - - [20/Dec/2025:00:31:23 +0000] "GET /entity/305236939.htm/ HTTP/1.1" 200 52143 "-" "Mozilla/5.0 (compatible; SemrushBot/7~bl; +http://www.semrush.com/bot.html)"
216.73.216.56 - - [20/Dec/2025:00:31:26 +0000] "GET /entity/315949703.htm HTTP/1.1" 301 7281 "-" "Mozilla/5.0 AppleWebKit/537.36 (KHTML, like Gecko; compatible; ClaudeBot/1.0; +claudebot@anthropic.com)"
85.208.96.204 - - [20/Dec/2025:00:31:27 +0000] "GET /entity/305293136.htm/ HTTP/1.1" 200 52143 "-" "Mozilla/5.0 (compatible; SemrushBot/7~bl; +http://www.semrush.com/bot.html)"
