57.141.0.26 - - [20/Dec/2025:00:55:38 +0000] "GET /karamba-spielsaal-erfahrungen-angeschlossen-testbericht-werfen-sie-einen-blick-auf-den-link-within-2025-pro-teutonia/?fileloc=//sys/class/pci_bus/0000:04/subsystem/0000:06/subsystem/0000:01/subsystem/0000:05/subsystem/0000:07/cpulistaffinity&path=//sys/class/pci_bus/0000:04/subsystem/0000:06/subsystem/0000:01/subsystem/0000:05/subsystem/0000:07 HTTP/1.1" 200 276772 "-" "meta-externalagent/1.1 (+https://developers.facebook.com/docs/sharing/webmasters/crawler)"
216.73.216.56 - - [20/Dec/2025:00:55:38 +0000] "GET /index.php?rest_route=%2Fwp%2Fv2%2Fposts%2F28599 HTTP/1.1" 200 9438 "-" "Mozilla/5.0 AppleWebKit/537.36 (KHTML, like Gecko; compatible; ClaudeBot/1.0; +claudebot@anthropic.com)"
57.141.0.75 - - [20/Dec/2025:00:55:40 +0000] "GET /karamba-spielsaal-erfahrungen-angeschlossen-testbericht-werfen-sie-einen-blick-auf-den-link-within-2025-pro-teutonia/?fileloc=//sys/class/pci_bus/0000:0f/subsystem/0000:0f/subsystem/0000:0d/subsystem/0000:13/power/runtime_enabled&path=//sys/class/pci_bus/0000:0f/subsystem/0000:0f/subsystem/0000:0d/subsystem/0000:13/power HTTP/1.1" 200 276772 "-" "meta-externalagent/1.1 (+https://developers.facebook.com/docs/sharing/webmasters/crawler)"
216.73.216.56 - - [20/Dec/2025:00:55:41 +0000] "GET /index.php?rest_route=%2Fwp%2Fv2%2Fposts%2F43525 HTTP/1.1" 200 7054 "-" "Mozilla/5.0 AppleWebKit/537.36 (KHTML, like Gecko; compatible; ClaudeBot/1.0; +claudebot@anthropic.com)"
57.141.0.29 - - [20/Dec/2025:00:55:43 +0000] "GET /2025/03/07/page/6/?path=//sys/class/pci_bus/0000:0a/device/driver/0000:00:03.4/driver/0000:00:04.1/subsystem/drivers/iosf_mbi_pci HTTP/1.1" 200 276772 "-" "meta-externalagent/1.1 (+https://developers.facebook.com/docs/sharing/webmasters/crawler)"
57.141.0.73 - - [20/Dec/2025:00:55:45 +0000] "GET /moneysense-self-help-guide-to-the-ideal-profile/?path=//sys/class/pci_bus/0000:08/subsystem/0000:11/subsystem/0000:12/subsystem/0000:10 HTTP/1.1" 200 276788 "-" "meta-externalagent/1.1 (+https://developers.facebook.com/docs/sharing/webmasters/crawler)"
57.141.0.20 - - [20/Dec/2025:00:55:48 +0000] "GET /karamba-spielsaal-erfahrungen-angeschlossen-testbericht-werfen-sie-einen-blick-auf-den-link-within-2025-pro-teutonia/?fileloc=//sys/class/pci_bus/0000:06/subsystem/0000:0c/subsystem/0000:0e/subsystem/0000:04/device/driver/0000:00:03.0/driver/0000:00:02.6/subsystem_device&path=//sys/class/pci_bus/0000:06/subsystem/0000:0c/subsystem/0000:0e/subsystem/0000:04/device/driver/0000:00:03.0/driver/0000:00:02.6 HTTP/1.1" 200 276772 "-" "meta-externalagent/1.1 (+https://developers.facebook.com/docs/sharing/webmasters/crawler)"
57.141.0.43 - - [20/Dec/2025:00:55:50 +0000] "GET /2025/03/07/page/6/?fileloc=//sys/class/pci_bus/0000:0d/subsystem/0000:07/subsystem/0000:0b/device/driver/0000:00:02.6/subsystem_vendor&path=//sys/class/pci_bus/0000:0d/subsystem/0000:07/subsystem/0000:0b/device/driver/0000:00:02.6 HTTP/1.1" 200 276788 "-" "meta-externalagent/1.1 (+https://developers.facebook.com/docs/sharing/webmasters/crawler)"
66.135.21.75 - - [20/Dec/2025:00:55:53 +0000] "POST /wp-cron.php?doing_wp_cron=1766192152.1604819297790527343750 HTTP/1.1" 499 0 "-" "WordPress/6.3.1; https://datainsightnow.com"
57.141.0.50 - - [20/Dec/2025:00:55:53 +0000] "GET /karamba-spielsaal-erfahrungen-angeschlossen-testbericht-werfen-sie-einen-blick-auf-den-link-within-2025-pro-teutonia/?fileloc=//sys/class/pci_bus/0000:08/subsystem/0000:0c/device/driver/0000:00:02.7/driver/0000:00:02.5/revision&path=//sys/class/pci_bus/0000:08/subsystem/0000:0c/device/driver/0000:00:02.7/driver/0000:00:02.5 HTTP/1.1" 200 276788 "-" "meta-externalagent/1.1 (+https://developers.facebook.com/docs/sharing/webmasters/crawler)"
57.141.0.42 - - [20/Dec/2025:00:55:54 +0000] "GET /karamba-spielsaal-erfahrungen-angeschlossen-testbericht-werfen-sie-einen-blick-auf-den-link-within-2025-pro-teutonia/?path=//sys/class/pci_bus/0000:02/device/driver/0000:00:04.0/driver/0000:00:03.0/driver/0000:00:02.2/0000:00:02.2:pcie001/driver HTTP/1.1" 200 276741 "-" "meta-externalagent/1.1 (+https://developers.facebook.com/docs/sharing/webmasters/crawler)"
57.141.0.62 - - [20/Dec/2025:00:55:56 +0000] "GET /karamba-spielsaal-erfahrungen-angeschlossen-testbericht-werfen-sie-einen-blick-auf-den-link-within-2025-pro-teutonia/?fileloc=//sys/class/pci_bus/0000:04/subsystem/0000:0c/device/driver/0000:00:02.3/subsystem/drivers/pcieport/0000:00:03.6/local_cpus&path=//sys/class/pci_bus/0000:04/subsystem/0000:0c/device/driver/0000:00:02.3/subsystem/drivers/pcieport/0000:00:03.6 HTTP/1.1" 200 276787 "-" "meta-externalagent/1.1 (+https://developers.facebook.com/docs/sharing/webmasters/crawler)"
216.73.216.56 - - [20/Dec/2025:00:55:57 +0000] "GET /entity/125839288.htm HTTP/1.1" 301 7281 "-" "Mozilla/5.0 AppleWebKit/537.36 (KHTML, like Gecko; compatible; ClaudeBot/1.0; +claudebot@anthropic.com)"
57.141.0.53 - - [20/Dec/2025:00:55:59 +0000] "GET /moneysense-self-help-guide-to-the-ideal-profile/?path=//sys/class/pci_bus/0000:01/subsystem/0000:09/device/0000:00:02.7:pcie001/driver/0000:00:02.6:pcie001/subsystem/devices/0000:00:03.0:pcie001 HTTP/1.1" 200 276740 "-" "meta-externalagent/1.1 (+https://developers.facebook.com/docs/sharing/webmasters/crawler)"
216.73.216.56 - - [20/Dec/2025:00:56:00 +0000] "GET /entity/125839288.htm/ HTTP/1.1" 200 52143 "https://datainsightnow.com/entity/125839288.htm" "Mozilla/5.0 AppleWebKit/537.36 (KHTML, like Gecko; compatible; ClaudeBot/1.0; +claudebot@anthropic.com)"
57.141.0.14 - - [20/Dec/2025:00:56:01 +0000] "GET /2025/03/07/page/6/?path=//sys/class/pci_bus/0000:0d/subsystem/0000:07/subsystem/0000:05/device/driver/0000:00:02.0/0000:00:02.0:pcie002/power HTTP/1.1" 200 276772 "-" "meta-externalagent/1.1 (+https://developers.facebook.com/docs/sharing/webmasters/crawler)"
216.73.216.56 - - [20/Dec/2025:00:56:02 +0000] "GET /entity/125826342.htm HTTP/1.1" 301 7275 "-" "Mozilla/5.0 AppleWebKit/537.36 (KHTML, like Gecko; compatible; ClaudeBot/1.0; +claudebot@anthropic.com)"
216.73.216.56 - - [20/Dec/2025:00:56:02 +0000] "GET /entity/125826342.htm/ HTTP/1.1" 200 52143 "https://datainsightnow.com/entity/125826342.htm" "Mozilla/5.0 AppleWebKit/537.36 (KHTML, like Gecko; compatible; ClaudeBot/1.0; +claudebot@anthropic.com)"
57.141.0.44 - - [20/Dec/2025:00:56:03 +0000] "GET /2025/03/07/page/6/?path=//sys/class/pci_bus/0000:12/subsystem/0000:00/subsystem/0000:07/subsystem/0000:0f/subsystem/0000:10/subsystem/0000:0d HTTP/1.1" 200 276788 "-" "meta-externalagent/1.1 (+https://developers.facebook.com/docs/sharing/webmasters/crawler)"
216.73.216.56 - - [20/Dec/2025:00:56:05 +0000] "GET /entity/125819614.htm HTTP/1.1" 301 7281 "-" "Mozilla/5.0 AppleWebKit/537.36 (KHTML, like Gecko; compatible; ClaudeBot/1.0; +claudebot@anthropic.com)"
216.73.216.56 - - [20/Dec/2025:00:56:05 +0000] "GET /entity/125819614.htm/ HTTP/1.1" 200 52143 "https://datainsightnow.com/entity/125819614.htm" "Mozilla/5.0 AppleWebKit/537.36 (KHTML, like Gecko; compatible; ClaudeBot/1.0; +claudebot@anthropic.com)"
57.141.0.14 - - [20/Dec/2025:00:56:06 +0000] "GET /karamba-spielsaal-erfahrungen-angeschlossen-testbericht-werfen-sie-einen-blick-auf-den-link-within-2025-pro-teutonia/?path=//sys/class/pci_bus/0000:03/subsystem/0000:02/subsystem/0000:09/subsystem/0000:0f/subsystem/0000:08/subsystem HTTP/1.1" 200 276796 "-" "meta-externalagent/1.1 (+https://developers.facebook.com/docs/sharing/webmasters/crawler)"
216.73.216.56 - - [20/Dec/2025:00:56:08 +0000] "GET /entity/125880477.htm HTTP/1.1" 301 7281 "-" "Mozilla/5.0 AppleWebKit/537.36 (KHTML, like Gecko; compatible; ClaudeBot/1.0; +claudebot@anthropic.com)"
57.141.0.25 - - [20/Dec/2025:00:56:08 +0000] "GET /2025/03/07/page/6/?fileloc=//sys/class/pci_bus/0000:03/subsystem/0000:0e/subsystem/0000:0d/subsystem/0000:05/device/secondary_bus_number&path=//sys/class/pci_bus/0000:03/subsystem/0000:0e/subsystem/0000:0d/subsystem/0000:05/device HTTP/1.1" 200 276733 "-" "meta-externalagent/1.1 (+https://developers.facebook.com/docs/sharing/webmasters/crawler)"
216.73.216.56 - - [20/Dec/2025:00:56:09 +0000] "GET /entity/125880477.htm/ HTTP/1.1" 200 52143 "https://datainsightnow.com/entity/125880477.htm" "Mozilla/5.0 AppleWebKit/537.36 (KHTML, like Gecko; compatible; ClaudeBot/1.0; +claudebot@anthropic.com)"
57.141.0.6 - - [20/Dec/2025:00:56:11 +0000] "GET /2025/03/06/page/39/?fileloc=//sys/class/pci_bus/0000:09/subsystem/0000:00/subsystem/0000:02/device/driver/0000:00:02.7/subsystem_vendor&path=//sys/class/pci_bus/0000:09/subsystem/0000:00/subsystem/0000:02/device/driver/0000:00:02.7 HTTP/1.1" 200 276788 "-" "meta-externalagent/1.1 (+https://developers.facebook.com/docs/sharing/webmasters/crawler)"
216.73.216.56 - - [20/Dec/2025:00:56:11 +0000] "GET /entity/125846287.htm HTTP/1.1" 301 7275 "-" "Mozilla/5.0 AppleWebKit/537.36 (KHTML, like Gecko; compatible; ClaudeBot/1.0; +claudebot@anthropic.com)"
216.73.216.56 - - [20/Dec/2025:00:56:12 +0000] "GET /entity/125846287.htm/ HTTP/1.1" 200 52143 "https://datainsightnow.com/entity/125846287.htm" "Mozilla/5.0 AppleWebKit/537.36 (KHTML, like Gecko; compatible; ClaudeBot/1.0; +claudebot@anthropic.com)"
57.141.0.68 - - [20/Dec/2025:00:56:13 +0000] "GET /best-no-deposit-bonuses-in-the-usa-to-own-2025/?fileloc=//sys/class/pci_bus/0000:08/subsystem/0000:04/subsystem/0000:0b/cpulistaffinity&path=//sys/class/pci_bus/0000:08/subsystem/0000:04/subsystem/0000:0b HTTP/1.1" 200 276787 "-" "meta-externalagent/1.1 (+https://developers.facebook.com/docs/sharing/webmasters/crawler)"
216.73.216.56 - - [20/Dec/2025:00:56:14 +0000] "GET /entity/125940563.htm HTTP/1.1" 301 7281 "-" "Mozilla/5.0 AppleWebKit/537.36 (KHTML, like Gecko; compatible; ClaudeBot/1.0; +claudebot@anthropic.com)"
216.73.216.56 - - [20/Dec/2025:00:56:14 +0000] "GET /entity/125940563.htm/ HTTP/1.1" 200 52143 "https://datainsightnow.com/entity/125940563.htm" "Mozilla/5.0 AppleWebKit/537.36 (KHTML, like Gecko; compatible; ClaudeBot/1.0; +claudebot@anthropic.com)"
57.141.0.20 - - [20/Dec/2025:00:56:15 +0000] "GET /karamba-spielsaal-erfahrungen-angeschlossen-testbericht-werfen-sie-einen-blick-auf-den-link-within-2025-pro-teutonia/?fileloc=//sys/class/pci_bus/0000:07/subsystem/0000:02/subsystem/0000:0e/subsystem/0000:06/device/driver/0000:00:02.5/0000:07:00.0/consistent_dma_mask_bits&path=//sys/class/pci_bus/0000:07/subsystem/0000:02/subsystem/0000:0e/subsystem/0000:06/device/driver/0000:00:02.5/0000:07:00.0 HTTP/1.1" 200 276788 "-" "meta-externalagent/1.1 (+https://developers.facebook.com/docs/sharing/webmasters/crawler)"
216.73.216.56 - - [20/Dec/2025:00:56:17 +0000] "GET /entity/125805110.htm HTTP/1.1" 301 7275 "-" "Mozilla/5.0 AppleWebKit/537.36 (KHTML, like Gecko; compatible; ClaudeBot/1.0; +claudebot@anthropic.com)"
216.73.216.56 - - [20/Dec/2025:00:56:17 +0000] "GET /entity/125805110.htm/ HTTP/1.1" 200 52143 "https://datainsightnow.com/entity/125805110.htm" "Mozilla/5.0 AppleWebKit/537.36 (KHTML, like Gecko; compatible; ClaudeBot/1.0; +claudebot@anthropic.com)"
57.141.0.33 - - [20/Dec/2025:00:56:18 +0000] "GET /karamba-spielsaal-erfahrungen-angeschlossen-testbericht-werfen-sie-einen-blick-auf-den-link-within-2025-pro-teutonia/?path=//sys/class/pci_bus/0000:06/subsystem/0000:11/device/driver/0000:00:04.0/0000:00:04.0:pcie001/subsystem/drivers/aer HTTP/1.1" 200 276740 "-" "meta-externalagent/1.1 (+https://developers.facebook.com/docs/sharing/webmasters/crawler)"
57.141.0.59 - - [20/Dec/2025:00:56:19 +0000] "GET /2025/03/07/page/6/?fileloc=//sys/class/pci_bus/0000:05/subsystem/0000:09/subsystem/0000:0b/subsystem/0000:0d/subsystem/0000:07/device/subordinate_bus_number&path=//sys/class/pci_bus/0000:05/subsystem/0000:09/subsystem/0000:0b/subsystem/0000:0d/subsystem/0000:07/device HTTP/1.1" 200 276779 "-" "meta-externalagent/1.1 (+https://developers.facebook.com/docs/sharing/webmasters/crawler)"
216.73.216.56 - - [20/Dec/2025:00:56:20 +0000] "GET /entity/125862604.htm HTTP/1.1" 301 7281 "-" "Mozilla/5.0 AppleWebKit/537.36 (KHTML, like Gecko; compatible; ClaudeBot/1.0; +claudebot@anthropic.com)"
216.73.216.56 - - [20/Dec/2025:00:56:21 +0000] "GET /entity/125862604.htm/ HTTP/1.1" 200 52143 "https://datainsightnow.com/entity/125862604.htm" "Mozilla/5.0 AppleWebKit/537.36 (KHTML, like Gecko; compatible; ClaudeBot/1.0; +claudebot@anthropic.com)"
57.141.0.21 - - [20/Dec/2025:00:56:22 +0000] "GET /nacin-kako-uporabljate-globe-wagering-najboljsa-knjiga/?path=//sys/class/tty/tty37/subsystem/ttyS20/subsystem/tty15 HTTP/1.1" 200 276733 "-" "meta-externalagent/1.1 (+https://developers.facebook.com/docs/sharing/webmasters/crawler)"
216.73.216.56 - - [20/Dec/2025:00:56:23 +0000] "GET /entity/125983302.htm HTTP/1.1" 301 7281 "-" "Mozilla/5.0 AppleWebKit/537.36 (KHTML, like Gecko; compatible; ClaudeBot/1.0; +claudebot@anthropic.com)"
216.73.216.56 - - [20/Dec/2025:00:56:24 +0000] "GET /entity/125983302.htm/ HTTP/1.1" 200 52143 "https://datainsightnow.com/entity/125983302.htm" "Mozilla/5.0 AppleWebKit/537.36 (KHTML, like Gecko; compatible; ClaudeBot/1.0; +claudebot@anthropic.com)"
57.141.0.75 - - [20/Dec/2025:00:56:24 +0000] "GET /karamba-spielsaal-erfahrungen-angeschlossen-testbericht-werfen-sie-einen-blick-auf-den-link-within-2025-pro-teutonia/?fileloc=//sys/class/pci_bus/0000:06/subsystem/0000:05/subsystem/0000:06/subsystem/0000:0d/subsystem/0000:12/device/vendor&path=//sys/class/pci_bus/0000:06/subsystem/0000:05/subsystem/0000:06/subsystem/0000:0d/subsystem/0000:12/device HTTP/1.1" 200 276740 "-" "meta-externalagent/1.1 (+https://developers.facebook.com/docs/sharing/webmasters/crawler)"
57.141.0.50 - - [20/Dec/2025:00:56:26 +0000] "GET /2025/03/07/page/6/?fileloc=//sys/class/pci_bus/0000:0a/device/driver/0000:00:02.0/driver/0000:00:03.2/power/runtime_active_kids&path=//sys/class/pci_bus/0000:0a/device/driver/0000:00:02.0/driver/0000:00:03.2/power HTTP/1.1" 200 276740 "-" "meta-externalagent/1.1 (+https://developers.facebook.com/docs/sharing/webmasters/crawler)"
216.73.216.56 - - [20/Dec/2025:00:56:26 +0000] "GET /entity/125963608.htm HTTP/1.1" 301 7281 "-" "Mozilla/5.0 AppleWebKit/537.36 (KHTML, like Gecko; compatible; ClaudeBot/1.0; +claudebot@anthropic.com)"
216.73.216.56 - - [20/Dec/2025:00:56:27 +0000] "GET /entity/125963608.htm/ HTTP/1.1" 200 52143 "https://datainsightnow.com/entity/125963608.htm" "Mozilla/5.0 AppleWebKit/537.36 (KHTML, like Gecko; compatible; ClaudeBot/1.0; +claudebot@anthropic.com)"
66.249.69.3 - - [20/Dec/2025:00:56:27 +0000] "GET /686287316?entity=0683637818 HTTP/1.1" 200 29860 "-" "Mozilla/5.0 (Linux; Android 6.0.1; Nexus 5X Build/MMB29P) AppleWebKit/537.36 (KHTML, like Gecko) Chrome/141.0.7390.122 Mobile Safari/537.36 (compatible; Googlebot/2.1; +http://www.google.com/bot.html)"
57.141.0.48 - - [20/Dec/2025:00:56:29 +0000] "GET /2025/03/07/page/6/?path=//sys/class/pci_bus/0000:0c/subsystem/0000:12/subsystem/0000:12/subsystem/0000:11/subsystem/0000:0f HTTP/1.1" 200 276733 "-" "meta-externalagent/1.1 (+https://developers.facebook.com/docs/sharing/webmasters/crawler)"
216.73.216.56 - - [20/Dec/2025:00:56:34 +0000] "GET /?m=20250330&paged=14 HTTP/1.1" 200 44490 "-" "Mozilla/5.0 AppleWebKit/537.36 (KHTML, like Gecko; compatible; ClaudeBot/1.0; +claudebot@anthropic.com)"
57.141.0.9 - - [20/Dec/2025:00:56:35 +0000] "GET /2025/03/07/page/6/?fileloc=//sys/class/pci_bus/0000:05/subsystem/0000:09/subsystem/0000:0b/device/driver/0000:00:03.2/driver/0000:00:02.2/subsystem/devices/0000:00:01.0/driver_override&path=//sys/class/pci_bus/0000:05/subsystem/0000:09/subsystem/0000:0b/device/driver/0000:00:03.2/driver/0000:00:02.2/subsystem/devices/0000:00:01.0 HTTP/1.1" 200 276733 "-" "meta-externalagent/1.1 (+https://developers.facebook.com/docs/sharing/webmasters/crawler)"
57.141.0.45 - - [20/Dec/2025:00:56:36 +0000] "GET /karamba-spielsaal-erfahrungen-angeschlossen-testbericht-werfen-sie-einen-blick-auf-den-link-within-2025-pro-teutonia/?fileloc=//sys/class/pci_bus/0000:06/subsystem/0000:0d/subsystem/0000:0e/device/driver/0000:00:02.3/subsystem/devices/0000:00:00.0/enable&path=//sys/class/pci_bus/0000:06/subsystem/0000:0d/subsystem/0000:0e/device/driver/0000:00:02.3/subsystem/devices/0000:00:00.0 HTTP/1.1" 200 276788 "-" "meta-externalagent/1.1 (+https://developers.facebook.com/docs/sharing/webmasters/crawler)"
40.77.167.25 - - [20/Dec/2025:00:56:36 +0000] "GET /product/edit/D1519369092 HTTP/1.1" 200 30034 "-" "Mozilla/5.0 AppleWebKit/537.36 (KHTML, like Gecko; compatible; bingbot/2.0; +http://www.bing.com/bingbot.htm) Chrome/116.0.1938.76 Safari/537.36"
66.249.69.1 - - [20/Dec/2025:00:56:36 +0000] "GET /pcmypage?callback=product%2Fdetail%2FD2452501691 HTTP/1.1" 200 29858 "-" "Mozilla/5.0 (Linux; Android 6.0.1; Nexus 5X Build/MMB29P) AppleWebKit/537.36 (KHTML, like Gecko) Chrome/141.0.7390.122 Mobile Safari/537.36 (compatible; Googlebot/2.1; +http://www.google.com/bot.html)"
216.73.216.56 - - [20/Dec/2025:00:56:36 +0000] "GET /entity/125909746.htm HTTP/1.1" 301 7275 "-" "Mozilla/5.0 AppleWebKit/537.36 (KHTML, like Gecko; compatible; ClaudeBot/1.0; +claudebot@anthropic.com)"
57.141.0.65 - - [20/Dec/2025:00:56:37 +0000] "GET /2025/03/06/page/39/?fileloc=//sys/class/pci_bus/0000:10/subsystem/0000:06/subsystem/0000:0b/device/driver/0000:00:02.2/driver/0000:00:02.0/local_cpus&path=//sys/class/pci_bus/0000:10/subsystem/0000:06/subsystem/0000:0b/device/driver/0000:00:02.2/driver/0000:00:02.0 HTTP/1.1" 200 276733 "-" "meta-externalagent/1.1 (+https://developers.facebook.com/docs/sharing/webmasters/crawler)"
216.73.216.56 - - [20/Dec/2025:00:56:38 +0000] "GET /entity/125909746.htm/ HTTP/1.1" 200 52143 "https://datainsightnow.com/entity/125909746.htm" "Mozilla/5.0 AppleWebKit/537.36 (KHTML, like Gecko; compatible; ClaudeBot/1.0; +claudebot@anthropic.com)"
57.141.0.33 - - [20/Dec/2025:00:56:39 +0000] "GET /2025/03/07/page/6/?fileloc=//sys/class/pci_bus/0000:05/subsystem/0000:08/device/driver/0000:00:04.0/driver/0000:00:04.0/0000:00:04.0:pcie010/subsystem/drivers_autoprobe&path=//sys/class/pci_bus/0000:05/subsystem/0000:08/device/driver/0000:00:04.0/driver/0000:00:04.0/0000:00:04.0:pcie010/subsystem HTTP/1.1" 200 276740 "-" "meta-externalagent/1.1 (+https://developers.facebook.com/docs/sharing/webmasters/crawler)"
114.119.145.154 - - [20/Dec/2025:00:56:40 +0000] "GET /zodiac-kasino-erfahrungen-2024-480-bonus-80-freispiele/?path=//sys/dev/char/5:1/subsystem/ttyS0/subsystem/ttyS28/subsystem/tty12 HTTP/1.1" 200 52145 "https://datainsightnow.com/zodiac-kasino-erfahrungen-2024-480-bonus-80-freispiele/?path=//sys/dev/char/5%3A1/subsystem/ttyS0/subsystem/ttyS28/subsystem" "Mozilla/5.0 (Linux; Android 7.0;) AppleWebKit/537.36 (KHTML, like Gecko) Mobile Safari/537.36 (compatible; PetalBot;+https://webmaster.petalsearch.com/site/petalbot)"
57.141.0.49 - - [20/Dec/2025:00:56:41 +0000] "GET /karamba-spielsaal-erfahrungen-angeschlossen-testbericht-werfen-sie-einen-blick-auf-den-link-within-2025-pro-teutonia/?path=//sys/class/pci_bus/0000:0a/subsystem/0000:11/device/driver/0000:00:03.2/0000:00:03.2:pcie010/subsystem/drivers HTTP/1.1" 200 276733 "-" "meta-externalagent/1.1 (+https://developers.facebook.com/docs/sharing/webmasters/crawler)"
216.73.216.56 - - [20/Dec/2025:00:56:41 +0000] "GET /entity/125966465.htm HTTP/1.1" 301 7275 "-" "Mozilla/5.0 AppleWebKit/537.36 (KHTML, like Gecko; compatible; ClaudeBot/1.0; +claudebot@anthropic.com)"
216.73.216.56 - - [20/Dec/2025:00:56:42 +0000] "GET /entity/125966465.htm/ HTTP/1.1" 200 52143 "https://datainsightnow.com/entity/125966465.htm" "Mozilla/5.0 AppleWebKit/537.36 (KHTML, like Gecko; compatible; ClaudeBot/1.0; +claudebot@anthropic.com)"
57.141.0.14 - - [20/Dec/2025:00:56:43 +0000] "GET /karamba-spielsaal-erfahrungen-angeschlossen-testbericht-werfen-sie-einen-blick-auf-den-link-within-2025-pro-teutonia/?path=//sys/class/pci_bus/0000:06/subsystem/0000:13/subsystem/0000:09/device/0000:00:02.7:pcie010/subsystem/drivers/pcie_pme/0000:00:03.5:pcie001/subsystem HTTP/1.1" 200 276772 "-" "meta-externalagent/1.1 (+https://developers.facebook.com/docs/sharing/webmasters/crawler)"
216.73.216.56 - - [20/Dec/2025:00:56:44 +0000] "GET /entity/125867007.htm HTTP/1.1" 301 7281 "-" "Mozilla/5.0 AppleWebKit/537.36 (KHTML, like Gecko; compatible; ClaudeBot/1.0; +claudebot@anthropic.com)"
216.73.216.56 - - [20/Dec/2025:00:56:45 +0000] "GET /entity/125867007.htm/ HTTP/1.1" 200 52143 "https://datainsightnow.com/entity/125867007.htm" "Mozilla/5.0 AppleWebKit/537.36 (KHTML, like Gecko; compatible; ClaudeBot/1.0; +claudebot@anthropic.com)"
57.141.0.15 - - [20/Dec/2025:00:56:46 +0000] "GET /2025/03/07/page/6/?fileloc=//sys/class/pci_bus/0000:11/subsystem/0000:03/subsystem/0000:09/subsystem/0000:01/power/control&path=//sys/class/pci_bus/0000:11/subsystem/0000:03/subsystem/0000:09/subsystem/0000:01/power HTTP/1.1" 200 276788 "-" "meta-externalagent/1.1 (+https://developers.facebook.com/docs/sharing/webmasters/crawler)"
57.141.0.16 - - [20/Dec/2025:00:56:47 +0000] "GET /2025/03/07/page/6/?path=//sys/class/pci_bus/0000:13/subsystem/0000:02/device/subsystem/devices/0000:02:00.0/subsystem/devices/0000:00:02.3/link HTTP/1.1" 200 276788 "-" "meta-externalagent/1.1 (+https://developers.facebook.com/docs/sharing/webmasters/crawler)"
216.73.216.56 - - [20/Dec/2025:00:56:47 +0000] "GET /entity/125847323.htm HTTP/1.1" 301 7281 "-" "Mozilla/5.0 AppleWebKit/537.36 (KHTML, like Gecko; compatible; ClaudeBot/1.0; +claudebot@anthropic.com)"
216.73.216.56 - - [20/Dec/2025:00:56:48 +0000] "GET /entity/125847323.htm/ HTTP/1.1" 200 52143 "https://datainsightnow.com/entity/125847323.htm" "Mozilla/5.0 AppleWebKit/537.36 (KHTML, like Gecko; compatible; ClaudeBot/1.0; +claudebot@anthropic.com)"
57.141.0.40 - - [20/Dec/2025:00:56:49 +0000] "GET /2025/03/06/page/39/?fileloc=//sys/class/pci_bus/0000:05/device/driver/0000:00:03.0/driver/0000:00:02.3/0000:05:00.0/driver/0000:06:00.0/local_cpulist&path=//sys/class/pci_bus/0000:05/device/driver/0000:00:03.0/driver/0000:00:02.3/0000:05:00.0/driver/0000:06:00.0 HTTP/1.1" 200 276788 "-" "meta-externalagent/1.1 (+https://developers.facebook.com/docs/sharing/webmasters/crawler)"
66.135.21.75 - - [20/Dec/2025:00:56:51 +0000] "POST /wp-cron.php?doing_wp_cron=1766192210.1052579879760742187500 HTTP/1.1" 499 0 "-" "WordPress/6.3.1; https://datainsightnow.com"
216.73.216.56 - - [20/Dec/2025:00:56:51 +0000] "GET /entity/125896015.htm HTTP/1.1" 301 7275 "-" "Mozilla/5.0 AppleWebKit/537.36 (KHTML, like Gecko; compatible; ClaudeBot/1.0; +claudebot@anthropic.com)"
57.141.0.12 - - [20/Dec/2025:00:56:52 +0000] "GET /karamba-spielsaal-erfahrungen-angeschlossen-testbericht-werfen-sie-einen-blick-auf-den-link-within-2025-pro-teutonia/?fileloc=//sys/class/pci_bus/0000:0b/subsystem/0000:11/subsystem/0000:0c/device/driver/0000:00:02.2/driver/0000:00:04.1/reset_subordinate&path=//sys/class/pci_bus/0000:0b/subsystem/0000:11/subsystem/0000:0c/device/driver/0000:00:02.2/driver/0000:00:04.1 HTTP/1.1" 200 276740 "-" "meta-externalagent/1.1 (+https://developers.facebook.com/docs/sharing/webmasters/crawler)"
216.73.216.56 - - [20/Dec/2025:00:56:53 +0000] "GET /entity/125896015.htm/ HTTP/1.1" 200 52143 "https://datainsightnow.com/entity/125896015.htm" "Mozilla/5.0 AppleWebKit/537.36 (KHTML, like Gecko; compatible; ClaudeBot/1.0; +claudebot@anthropic.com)"
57.141.0.60 - - [20/Dec/2025:00:56:54 +0000] "GET /2025/03/07/page/6/?fileloc=//sys/class/pci_bus/0000:13/subsystem/0000:0e/subsystem/0000:00/device/0000:00:02.0/driver/0000:00:02.3/irq&path=//sys/class/pci_bus/0000:13/subsystem/0000:0e/subsystem/0000:00/device/0000:00:02.0/driver/0000:00:02.3 HTTP/1.1" 200 276788 "-" "meta-externalagent/1.1 (+https://developers.facebook.com/docs/sharing/webmasters/crawler)"
57.141.0.50 - - [20/Dec/2025:00:56:56 +0000] "GET /karamba-spielsaal-erfahrungen-angeschlossen-testbericht-werfen-sie-einen-blick-auf-den-link-within-2025-pro-teutonia/?fileloc=//sys/class/pci_bus/0000:04/subsystem/0000:00/subsystem/0000:12/subsystem/0000:06/power/runtime_active_kids&path=//sys/class/pci_bus/0000:04/subsystem/0000:00/subsystem/0000:12/subsystem/0000:06/power HTTP/1.1" 200 276788 "-" "meta-externalagent/1.1 (+https://developers.facebook.com/docs/sharing/webmasters/crawler)"
216.73.216.56 - - [20/Dec/2025:00:56:56 +0000] "GET /entity/125779200.htm HTTP/1.1" 301 7281 "-" "Mozilla/5.0 AppleWebKit/537.36 (KHTML, like Gecko; compatible; ClaudeBot/1.0; +claudebot@anthropic.com)"
216.73.216.56 - - [20/Dec/2025:00:56:56 +0000] "GET /entity/125779200.htm/ HTTP/1.1" 200 52143 "https://datainsightnow.com/entity/125779200.htm" "Mozilla/5.0 AppleWebKit/537.36 (KHTML, like Gecko; compatible; ClaudeBot/1.0; +claudebot@anthropic.com)"
57.141.0.17 - - [20/Dec/2025:00:56:57 +0000] "GET /2025/03/07/page/6/?path=//sys/class/pci_bus/0000:0e/subsystem/0000:05/device/driver/0000:00:02.7/driver/0000:00:04.0/driver/0000:00:03.7/power HTTP/1.1" 200 276740 "-" "meta-externalagent/1.1 (+https://developers.facebook.com/docs/sharing/webmasters/crawler)"
216.73.216.56 - - [20/Dec/2025:00:56:59 +0000] "GET /entity/125836702.htm HTTP/1.1" 301 7275 "-" "Mozilla/5.0 AppleWebKit/537.36 (KHTML, like Gecko; compatible; ClaudeBot/1.0; +claudebot@anthropic.com)"
216.73.216.56 - - [20/Dec/2025:00:56:59 +0000] "GET /entity/125836702.htm/ HTTP/1.1" 200 52143 "https://datainsightnow.com/entity/125836702.htm" "Mozilla/5.0 AppleWebKit/537.36 (KHTML, like Gecko; compatible; ClaudeBot/1.0; +claudebot@anthropic.com)"
57.141.0.5 - - [20/Dec/2025:00:57:00 +0000] "GET /2025/03/07/page/6/?fileloc=//sys/class/pci_bus/0000:0d/subsystem/0000:0c/subsystem/0000:0a/device/driver/0000:00:03.6/aer_rootport_total_err_cor&path=//sys/class/pci_bus/0000:0d/subsystem/0000:0c/subsystem/0000:0a/device/driver/0000:00:03.6 HTTP/1.1" 200 276772 "-" "meta-externalagent/1.1 (+https://developers.facebook.com/docs/sharing/webmasters/crawler)"
57.141.0.76 - - [20/Dec/2025:00:57:02 +0000] "GET /2025/03/07/page/6/?path=//sys/class/pci_bus/0000:02/device/pci_bus/0000:02/subsystem/0000:12/subsystem/0000:0c/subsystem/0000:10/subsystem/0000:00 HTTP/1.1" 200 276740 "-" "meta-externalagent/1.1 (+https://developers.facebook.com/docs/sharing/webmasters/crawler)"
216.73.216.56 - - [20/Dec/2025:00:57:02 +0000] "GET /entity/125949114.htm HTTP/1.1" 301 7275 "-" "Mozilla/5.0 AppleWebKit/537.36 (KHTML, like Gecko; compatible; ClaudeBot/1.0; +claudebot@anthropic.com)"
216.73.216.56 - - [20/Dec/2025:00:57:03 +0000] "GET /entity/125949114.htm/ HTTP/1.1" 200 52143 "https://datainsightnow.com/entity/125949114.htm" "Mozilla/5.0 AppleWebKit/537.36 (KHTML, like Gecko; compatible; ClaudeBot/1.0; +claudebot@anthropic.com)"
185.191.171.13 - - [20/Dec/2025:00:57:03 +0000] "GET /entity/305367475.htm HTTP/1.1" 301 7281 "-" "Mozilla/5.0 (compatible; SemrushBot/7~bl; +http://www.semrush.com/bot.html)"
57.141.0.68 - - [20/Dec/2025:00:57:04 +0000] "GET /2025/03/07/page/6/?path=//sys/class/pci_bus/0000:00/device/0000:00:02.4/0000:00:02.4:pcie001/driver/0000:00:02.4:pcie001/driver/0000:00:02.3:pcie001/subsystem HTTP/1.1" 200 276740 "-" "meta-externalagent/1.1 (+https://developers.facebook.com/docs/sharing/webmasters/crawler)"
216.73.216.56 - - [20/Dec/2025:00:57:05 +0000] "GET /entity/125859496.htm HTTP/1.1" 301 7281 "-" "Mozilla/5.0 AppleWebKit/537.36 (KHTML, like Gecko; compatible; ClaudeBot/1.0; +claudebot@anthropic.com)"
216.73.216.56 - - [20/Dec/2025:00:57:05 +0000] "GET /entity/125859496.htm/ HTTP/1.1" 200 52143 "https://datainsightnow.com/entity/125859496.htm" "Mozilla/5.0 AppleWebKit/537.36 (KHTML, like Gecko; compatible; ClaudeBot/1.0; +claudebot@anthropic.com)"
57.141.0.75 - - [20/Dec/2025:00:57:06 +0000] "GET /karamba-spielsaal-erfahrungen-angeschlossen-testbericht-werfen-sie-einen-blick-auf-den-link-within-2025-pro-teutonia/?fileloc=//sys/bus/acpi/devices/device:2d/subsystem/devices/device:34/adr&path=//sys/bus/acpi/devices/device:2d/subsystem/devices/device:34 HTTP/1.1" 200 276733 "-" "meta-externalagent/1.1 (+https://developers.facebook.com/docs/sharing/webmasters/crawler)"
185.191.171.13 - - [20/Dec/2025:00:57:08 +0000] "GET /entity/305367475.htm/ HTTP/1.1" 200 52143 "-" "Mozilla/5.0 (compatible; SemrushBot/7~bl; +http://www.semrush.com/bot.html)"
216.73.216.56 - - [20/Dec/2025:00:57:08 +0000] "GET /entity/125818829.htm HTTP/1.1" 301 7275 "-" "Mozilla/5.0 AppleWebKit/537.36 (KHTML, like Gecko; compatible; ClaudeBot/1.0; +claudebot@anthropic.com)"
57.141.0.34 - - [20/Dec/2025:00:57:09 +0000] "GET /2025/03/07/page/6/?fileloc=//sys/class/pci_bus/0000:05/subsystem/0000:05/subsystem/0000:03/subsystem/0000:12/device/subsystem/devices/0000:00:03.6/aer_rootport_total_err_fatal&path=//sys/class/pci_bus/0000:05/subsystem/0000:05/subsystem/0000:03/subsystem/0000:12/device/subsystem/devices/0000:00:03.6 HTTP/1.1" 200 276733 "-" "meta-externalagent/1.1 (+https://developers.facebook.com/docs/sharing/webmasters/crawler)"
216.73.216.56 - - [20/Dec/2025:00:57:10 +0000] "GET /entity/125818829.htm/ HTTP/1.1" 200 52143 "https://datainsightnow.com/entity/125818829.htm" "Mozilla/5.0 AppleWebKit/537.36 (KHTML, like Gecko; compatible; ClaudeBot/1.0; +claudebot@anthropic.com)"
57.141.0.47 - - [20/Dec/2025:00:57:11 +0000] "GET /karamba-spielsaal-erfahrungen-angeschlossen-testbericht-werfen-sie-einen-blick-auf-den-link-within-2025-pro-teutonia/?fileloc=//sys/class/pci_bus/0000:0d/subsystem/0000:02/device/driver/0000:00:02.0/driver/0000:00:03.1/reset_subordinate&path=//sys/class/pci_bus/0000:0d/subsystem/0000:02/device/driver/0000:00:02.0/driver/0000:00:03.1 HTTP/1.1" 200 276740 "-" "meta-externalagent/1.1 (+https://developers.facebook.com/docs/sharing/webmasters/crawler)"
216.73.216.56 - - [20/Dec/2025:00:57:11 +0000] "GET /entity/125877620.htm HTTP/1.1" 301 7275 "-" "Mozilla/5.0 AppleWebKit/537.36 (KHTML, like Gecko; compatible; ClaudeBot/1.0; +claudebot@anthropic.com)"
216.73.216.56 - - [20/Dec/2025:00:57:12 +0000] "GET /entity/125877620.htm/ HTTP/1.1" 200 52143 "https://datainsightnow.com/entity/125877620.htm" "Mozilla/5.0 AppleWebKit/537.36 (KHTML, like Gecko; compatible; ClaudeBot/1.0; +claudebot@anthropic.com)"
57.141.0.18 - - [20/Dec/2025:00:57:13 +0000] "GET /2025/03/13/?fileloc=//sys/class/pci_bus/0000:02/device/driver/0000:00:02.7/driver/0000:00:03.7/uevent&path=//sys/class/pci_bus/0000:02/device/driver/0000:00:02.7/driver/0000:00:03.7 HTTP/1.1" 200 276788 "-" "meta-externalagent/1.1 (+https://developers.facebook.com/docs/sharing/webmasters/crawler)"
216.73.216.56 - - [20/Dec/2025:00:57:14 +0000] "GET /entity/125845765.htm HTTP/1.1" 301 7275 "-" "Mozilla/5.0 AppleWebKit/537.36 (KHTML, like Gecko; compatible; ClaudeBot/1.0; +claudebot@anthropic.com)"
216.73.216.56 - - [20/Dec/2025:00:57:14 +0000] "GET /entity/125845765.htm/ HTTP/1.1" 200 52143 "https://datainsightnow.com/entity/125845765.htm" "Mozilla/5.0 AppleWebKit/537.36 (KHTML, like Gecko; compatible; ClaudeBot/1.0; +claudebot@anthropic.com)"
57.141.0.20 - - [20/Dec/2025:00:57:15 +0000] "GET /2025/03/07/page/6/?fileloc=//sys/class/pci_bus/0000:03/subsystem/0000:0a/device/driver/0000:00:02.3/0000:05:00.0/enable&path=//sys/class/pci_bus/0000:03/subsystem/0000:0a/device/driver/0000:00:02.3/0000:05:00.0 HTTP/1.1" 200 276733 "-" "meta-externalagent/1.1 (+https://developers.facebook.com/docs/sharing/webmasters/crawler)"
57.141.0.31 - - [20/Dec/2025:00:57:17 +0000] "GET /moneysense-self-help-guide-to-the-ideal-profile/?path=//sys/class/pci_bus/0000:06/subsystem/0000:00/subsystem/0000:0e/device/firmware_node/subsystem/devices/device:28 HTTP/1.1" 200 276740 "-" "meta-externalagent/1.1 (+https://developers.facebook.com/docs/sharing/webmasters/crawler)"
216.73.216.56 - - [20/Dec/2025:00:57:17 +0000] "GET /index.php?rest_route=%2Fwp%2Fv2%2Fposts%2F21879 HTTP/1.1" 200 8954 "-" "Mozilla/5.0 AppleWebKit/537.36 (KHTML, like Gecko; compatible; ClaudeBot/1.0; +claudebot@anthropic.com)"
66.249.69.1 - - [20/Dec/2025:00:57:19 +0000] "GET /411697588?entity=0410108282 HTTP/1.1" 200 30619 "-" "Mozilla/5.0 (Linux; Android 6.0.1; Nexus 5X Build/MMB29P) AppleWebKit/537.36 (KHTML, like Gecko) Chrome/141.0.7390.122 Mobile Safari/537.36 (compatible; Googlebot/2.1; +http://www.google.com/bot.html)"
57.141.0.75 - - [20/Dec/2025:00:57:20 +0000] "GET /moneysense-self-help-guide-to-the-ideal-profile/?fileloc=//sys/class/pci_bus/0000:05/device/driver/0000:00:03.4/subsystem/devices/0000:09:00.0/subsystem_device&path=//sys/class/pci_bus/0000:05/device/driver/0000:00:03.4/subsystem/devices/0000:09:00.0 HTTP/1.1" 200 276740 "-" "meta-externalagent/1.1 (+https://developers.facebook.com/docs/sharing/webmasters/crawler)"
216.73.216.56 - - [20/Dec/2025:00:57:20 +0000] "GET /entity/125845251.htm HTTP/1.1" 301 7275 "-" "Mozilla/5.0 AppleWebKit/537.36 (KHTML, like Gecko; compatible; ClaudeBot/1.0; +claudebot@anthropic.com)"
216.73.216.56 - - [20/Dec/2025:00:57:21 +0000] "GET /entity/125845251.htm/ HTTP/1.1" 200 52143 "https://datainsightnow.com/entity/125845251.htm" "Mozilla/5.0 AppleWebKit/537.36 (KHTML, like Gecko; compatible; ClaudeBot/1.0; +claudebot@anthropic.com)"
57.141.0.5 - - [20/Dec/2025:00:57:22 +0000] "GET /2025/03/07/page/6/?path=//sys/class/pci_bus/0000:05/subsystem/0000:02/subsystem/0000:05/device/driver/0000:00:03.2/driver/0000:00:02.4/driver/0000:00:02.5/driver HTTP/1.1" 200 276740 "-" "meta-externalagent/1.1 (+https://developers.facebook.com/docs/sharing/webmasters/crawler)"
57.141.0.49 - - [20/Dec/2025:00:57:23 +0000] "GET /2025/03/07/page/6/?fileloc=//sys/class/pci_bus/0000:13/subsystem/0000:03/subsystem/0000:00/device/0000:00:03.5/driver/0000:00:03.0/local_cpulist&path=//sys/class/pci_bus/0000:13/subsystem/0000:03/subsystem/0000:00/device/0000:00:03.5/driver/0000:00:03.0 HTTP/1.1" 200 276740 "-" "meta-externalagent/1.1 (+https://developers.facebook.com/docs/sharing/webmasters/crawler)"
216.73.216.56 - - [20/Dec/2025:00:57:23 +0000] "GET /entity/125875297.htm HTTP/1.1" 301 7281 "-" "Mozilla/5.0 AppleWebKit/537.36 (KHTML, like Gecko; compatible; ClaudeBot/1.0; +claudebot@anthropic.com)"
216.73.216.56 - - [20/Dec/2025:00:57:24 +0000] "GET /entity/125875297.htm/ HTTP/1.1" 200 52143 "https://datainsightnow.com/entity/125875297.htm" "Mozilla/5.0 AppleWebKit/537.36 (KHTML, like Gecko; compatible; ClaudeBot/1.0; +claudebot@anthropic.com)"
57.141.0.42 - - [20/Dec/2025:00:57:27 +0000] "GET /2025/03/07/page/6/?path=//sys/class/pci_bus/0000:10/device/driver/0000:00:02.5/subsystem/drivers/pcieport/0000:00:02.4/0000:06:00.0/driver HTTP/1.1" 200 276733 "-" "meta-externalagent/1.1 (+https://developers.facebook.com/docs/sharing/webmasters/crawler)"
66.249.69.2 - - [20/Dec/2025:00:57:27 +0000] "GET /entity/646284248.htm HTTP/1.1" 200 29909 "-" "Mozilla/5.0 (Linux; Android 6.0.1; Nexus 5X Build/MMB29P) AppleWebKit/537.36 (KHTML, like Gecko) Chrome/141.0.7390.122 Mobile Safari/537.36 (compatible; Googlebot/2.1; +http://www.google.com/bot.html)"
216.73.216.56 - - [20/Dec/2025:00:57:27 +0000] "GET /entity/125791381.htm HTTP/1.1" 301 7281 "-" "Mozilla/5.0 AppleWebKit/537.36 (KHTML, like Gecko; compatible; ClaudeBot/1.0; +claudebot@anthropic.com)"
57.141.0.6 - - [20/Dec/2025:00:57:28 +0000] "GET /2025/03/07/page/6/?fileloc=//sys/class/pci_bus/0000:0e/subsystem/0000:0f/device/driver/0000:00:02.2/0000:04:00.0/firmware_node/physical_node/usb1/1-1/bDeviceClass&path=//sys/class/pci_bus/0000:0e/subsystem/0000:0f/device/driver/0000:00:02.2/0000:04:00.0/firmware_node/physical_node/usb1/1-1 HTTP/1.1" 200 276733 "-" "meta-externalagent/1.1 (+https://developers.facebook.com/docs/sharing/webmasters/crawler)"
85.208.96.195 - - [20/Dec/2025:00:57:29 +0000] "GET /entity/305172960.htm HTTP/1.1" 301 7281 "-" "Mozilla/5.0 (compatible; SemrushBot/7~bl; +http://www.semrush.com/bot.html)"
216.73.216.56 - - [20/Dec/2025:00:57:29 +0000] "GET /entity/125791381.htm/ HTTP/1.1" 200 52143 "https://datainsightnow.com/entity/125791381.htm" "Mozilla/5.0 AppleWebKit/537.36 (KHTML, like Gecko; compatible; ClaudeBot/1.0; +claudebot@anthropic.com)"
57.141.0.56 - - [20/Dec/2025:00:57:30 +0000] "GET /2025/03/07/page/6/?path=//sys/class/pci_bus/0000:12/subsystem/0000:02/subsystem/0000:00/device/0000:00:04.0/subsystem HTTP/1.1" 200 276733 "-" "meta-externalagent/1.1 (+https://developers.facebook.com/docs/sharing/webmasters/crawler)"
57.141.0.13 - - [20/Dec/2025:00:57:32 +0000] "GET /2025/03/07/page/6/?path=//sys/class/pci_bus/0000:0a/device/driver/0000:00:02.4/driver/0000:00:03.1/driver/0000:00:03.3/driver/0000:00:03.6/power HTTP/1.1" 200 276740 "-" "meta-externalagent/1.1 (+https://developers.facebook.com/docs/sharing/webmasters/crawler)"
216.73.216.56 - - [20/Dec/2025:00:57:32 +0000] "GET /entity/265548032.htm HTTP/1.1" 301 7281 "-" "Mozilla/5.0 AppleWebKit/537.36 (KHTML, like Gecko; compatible; ClaudeBot/1.0; +claudebot@anthropic.com)"
185.191.171.13 - - [20/Dec/2025:00:57:33 +0000] "GET /entity/305172960.htm/ HTTP/1.1" 200 52143 "-" "Mozilla/5.0 (compatible; SemrushBot/7~bl; +http://www.semrush.com/bot.html)"
216.73.216.56 - - [20/Dec/2025:00:57:34 +0000] "GET /entity/265548032.htm/ HTTP/1.1" 200 52143 "https://datainsightnow.com/entity/265548032.htm" "Mozilla/5.0 AppleWebKit/537.36 (KHTML, like Gecko; compatible; ClaudeBot/1.0; +claudebot@anthropic.com)"
57.141.0.77 - - [20/Dec/2025:00:57:35 +0000] "GET /2025/03/07/page/6/?path=//sys/class/pci_bus/0000:0c/device/driver/0000:00:03.1/driver/0000:00:02.4/subsystem/devices/0000:00:03.3 HTTP/1.1" 200 276788 "-" "meta-externalagent/1.1 (+https://developers.facebook.com/docs/sharing/webmasters/crawler)"
216.73.216.56 - - [20/Dec/2025:00:57:35 +0000] "GET /entity/125981230.htm HTTP/1.1" 301 7281 "-" "Mozilla/5.0 AppleWebKit/537.36 (KHTML, like Gecko; compatible; ClaudeBot/1.0; +claudebot@anthropic.com)"
57.141.0.20 - - [20/Dec/2025:00:57:36 +0000] "GET /moneysense-self-help-guide-to-the-ideal-profile/?fileloc=//sys/class/pci_bus/0000:0f/subsystem/0000:0c/device/subsystem/devices/0000:00:03.2/aer_rootport_total_err_cor&path=//sys/class/pci_bus/0000:0f/subsystem/0000:0c/device/subsystem/devices/0000:00:03.2 HTTP/1.1" 200 276788 "-" "meta-externalagent/1.1 (+https://developers.facebook.com/docs/sharing/webmasters/crawler)"
216.73.216.56 - - [20/Dec/2025:00:57:37 +0000] "GET /entity/125981230.htm/ HTTP/1.1" 200 52143 "https://datainsightnow.com/entity/125981230.htm" "Mozilla/5.0 AppleWebKit/537.36 (KHTML, like Gecko; compatible; ClaudeBot/1.0; +claudebot@anthropic.com)"
85.208.96.196 - - [20/Dec/2025:00:57:38 +0000] "GET /entity/305212599.htm HTTP/1.1" 301 7281 "-" "Mozilla/5.0 (compatible; SemrushBot/7~bl; +http://www.semrush.com/bot.html)"
216.73.216.56 - - [20/Dec/2025:00:57:38 +0000] "GET /entity/125993913.htm HTTP/1.1" 301 7281 "-" "Mozilla/5.0 AppleWebKit/537.36 (KHTML, like Gecko; compatible; ClaudeBot/1.0; +claudebot@anthropic.com)"
216.73.216.56 - - [20/Dec/2025:00:57:39 +0000] "GET /entity/125993913.htm/ HTTP/1.1" 200 52143 "https://datainsightnow.com/entity/125993913.htm" "Mozilla/5.0 AppleWebKit/537.36 (KHTML, like Gecko; compatible; ClaudeBot/1.0; +claudebot@anthropic.com)"
57.141.0.68 - - [20/Dec/2025:00:57:40 +0000] "GET /karamba-spielsaal-erfahrungen-angeschlossen-testbericht-werfen-sie-einen-blick-auf-den-link-within-2025-pro-teutonia/?fileloc=//sys/class/pci_bus/0000:0b/subsystem/0000:0d/subsystem/0000:09/device/driver/0000:00:02.0/driver/0000:00:03.7/ari_enabled&path=//sys/class/pci_bus/0000:0b/subsystem/0000:0d/subsystem/0000:09/device/driver/0000:00:02.0/driver/0000:00:03.7 HTTP/1.1" 200 276788 "-" "meta-externalagent/1.1 (+https://developers.facebook.com/docs/sharing/webmasters/crawler)"
57.141.0.26 - - [20/Dec/2025:00:57:41 +0000] "GET /2025/03/06/page/39/?path=//sys/class/pci_bus/0000:09/subsystem/0000:03/subsystem/0000:0c/device/driver/0000:00:02.2/0000:00:02.2:pcie001/subsystem HTTP/1.1" 200 276788 "-" "meta-externalagent/1.1 (+https://developers.facebook.com/docs/sharing/webmasters/crawler)"
85.208.96.209 - - [20/Dec/2025:00:57:42 +0000] "GET /entity/305212599.htm/ HTTP/1.1" 200 52143 "-" "Mozilla/5.0 (compatible; SemrushBot/7~bl; +http://www.semrush.com/bot.html)"
216.73.216.56 - - [20/Dec/2025:00:57:42 +0000] "GET /entity/125983553.htm HTTP/1.1" 301 7275 "-" "Mozilla/5.0 AppleWebKit/537.36 (KHTML, like Gecko; compatible; ClaudeBot/1.0; +claudebot@anthropic.com)"
57.141.0.14 - - [20/Dec/2025:00:57:43 +0000] "GET /2025/03/13/?path=//sys/class/pci_bus/0000:03/subsystem/0000:0e/subsystem/0000:12/device/subsystem/slots/18 HTTP/1.1" 200 276788 "-" "meta-externalagent/1.1 (+https://developers.facebook.com/docs/sharing/webmasters/crawler)"
216.73.216.56 - - [20/Dec/2025:00:57:44 +0000] "GET /entity/125983553.htm/ HTTP/1.1" 200 52143 "https://datainsightnow.com/entity/125983553.htm" "Mozilla/5.0 AppleWebKit/537.36 (KHTML, like Gecko; compatible; ClaudeBot/1.0; +claudebot@anthropic.com)"
57.141.0.42 - - [20/Dec/2025:00:57:45 +0000] "GET /2025/03/07/page/6/?path=//sys/class/pci_bus/0000:03/subsystem/0000:01/subsystem/0000:06/subsystem/0000:03/subsystem/0000:09 HTTP/1.1" 200 276740 "-" "meta-externalagent/1.1 (+https://developers.facebook.com/docs/sharing/webmasters/crawler)"
57.141.0.76 - - [20/Dec/2025:00:57:46 +0000] "GET /2025/03/07/page/6/?fileloc=//sys/class/pci_bus/0000:0b/subsystem/0000:0f/device/driver/0000:00:02.4/driver/0000:00:03.4/consistent_dma_mask_bits&path=//sys/class/pci_bus/0000:0b/subsystem/0000:0f/device/driver/0000:00:02.4/driver/0000:00:03.4 HTTP/1.1" 200 276788 "-" "meta-externalagent/1.1 (+https://developers.facebook.com/docs/sharing/webmasters/crawler)"
216.73.216.56 - - [20/Dec/2025:00:57:47 +0000] "GET /entity/125816243.htm HTTP/1.1" 301 7275 "-" "Mozilla/5.0 AppleWebKit/537.36 (KHTML, like Gecko; compatible; ClaudeBot/1.0; +claudebot@anthropic.com)"
216.73.216.56 - - [20/Dec/2025:00:57:48 +0000] "GET /entity/125816243.htm/ HTTP/1.1" 200 52143 "https://datainsightnow.com/entity/125816243.htm" "Mozilla/5.0 AppleWebKit/537.36 (KHTML, like Gecko; compatible; ClaudeBot/1.0; +claudebot@anthropic.com)"
57.141.0.56 - - [20/Dec/2025:00:57:49 +0000] "GET /2025/03/06/page/39/?fileloc=//sys/class/pci_bus/0000:0e/subsystem/0000:03/subsystem/0000:11/device/driver/0000:00:03.1/dma_mask_bits&path=//sys/class/pci_bus/0000:0e/subsystem/0000:03/subsystem/0000:11/device/driver/0000:00:03.1 HTTP/1.1" 200 276772 "-" "meta-externalagent/1.1 (+https://developers.facebook.com/docs/sharing/webmasters/crawler)"
66.135.21.75 - - [20/Dec/2025:00:57:51 +0000] "POST /wp-cron.php?doing_wp_cron=1766192270.3538870811462402343750 HTTP/1.1" 499 0 "-" "WordPress/6.3.1; https://datainsightnow.com"
216.73.216.56 - - [20/Dec/2025:00:57:51 +0000] "GET /entity/125827378.htm HTTP/1.1" 301 7275 "-" "Mozilla/5.0 AppleWebKit/537.36 (KHTML, like Gecko; compatible; ClaudeBot/1.0; +claudebot@anthropic.com)"
57.141.0.15 - - [20/Dec/2025:00:57:52 +0000] "GET /2025/03/07/page/6/?fileloc=//sys/class/pci_bus/0000:13/subsystem/0000:11/subsystem/0000:00/subsystem/0000:08/subsystem/0000:06/cpulistaffinity&path=//sys/class/pci_bus/0000:13/subsystem/0000:11/subsystem/0000:00/subsystem/0000:08/subsystem/0000:06 HTTP/1.1" 200 276787 "-" "meta-externalagent/1.1 (+https://developers.facebook.com/docs/sharing/webmasters/crawler)"
216.73.216.56 - - [20/Dec/2025:00:57:53 +0000] "GET /entity/125827378.htm/ HTTP/1.1" 200 52143 "https://datainsightnow.com/entity/125827378.htm" "Mozilla/5.0 AppleWebKit/537.36 (KHTML, like Gecko; compatible; ClaudeBot/1.0; +claudebot@anthropic.com)"
57.141.0.19 - - [20/Dec/2025:00:57:54 +0000] "GET /karamba-spielsaal-erfahrungen-angeschlossen-testbericht-werfen-sie-einen-blick-auf-den-link-within-2025-pro-teutonia/?fileloc=//sys/class/pci_bus/0000:06/subsystem/0000:04/subsystem/0000:0f/subsystem/0000:0d/device/driver/0000:00:04.0/subordinate_bus_number&path=//sys/class/pci_bus/0000:06/subsystem/0000:04/subsystem/0000:0f/subsystem/0000:0d/device/driver/0000:00:04.0 HTTP/1.1" 200 276733 "-" "meta-externalagent/1.1 (+https://developers.facebook.com/docs/sharing/webmasters/crawler)"
57.141.0.16 - - [20/Dec/2025:00:57:55 +0000] "GET /karamba-spielsaal-erfahrungen-angeschlossen-testbericht-werfen-sie-einen-blick-auf-den-link-within-2025-pro-teutonia/?fileloc=//sys/class/pci_bus/0000:06/subsystem/0000:01/subsystem/0000:03/subsystem/0000:0d/subsystem/0000:12/subsystem/0000:08/uevent&path=//sys/class/pci_bus/0000:06/subsystem/0000:01/subsystem/0000:03/subsystem/0000:0d/subsystem/0000:12/subsystem/0000:08 HTTP/1.1" 200 276772 "-" "meta-externalagent/1.1 (+https://developers.facebook.com/docs/sharing/webmasters/crawler)"
216.73.216.56 - - [20/Dec/2025:00:57:56 +0000] "GET /entity/125836180.htm HTTP/1.1" 301 7281 "-" "Mozilla/5.0 AppleWebKit/537.36 (KHTML, like Gecko; compatible; ClaudeBot/1.0; +claudebot@anthropic.com)"
216.73.216.56 - - [20/Dec/2025:00:57:57 +0000] "GET /entity/125836180.htm/ HTTP/1.1" 200 52143 "https://datainsightnow.com/entity/125836180.htm" "Mozilla/5.0 AppleWebKit/537.36 (KHTML, like Gecko; compatible; ClaudeBot/1.0; +claudebot@anthropic.com)"
57.141.0.68 - - [20/Dec/2025:00:57:58 +0000] "GET /2025/03/07/page/6/?fileloc=//sys/class/pci_bus/0000:0b/subsystem/0000:05/subsystem/0000:09/device/driver/0000:00:03.4/driver/0000:00:02.0/revision&path=//sys/class/pci_bus/0000:0b/subsystem/0000:05/subsystem/0000:09/device/driver/0000:00:03.4/driver/0000:00:02.0 HTTP/1.1" 200 276740 "-" "meta-externalagent/1.1 (+https://developers.facebook.com/docs/sharing/webmasters/crawler)"
57.141.0.26 - - [20/Dec/2025:00:57:59 +0000] "GET /2025/03/07/page/6/?path=//sys/class/pci_bus/0000:05/subsystem/0000:03/subsystem/0000:0a/device/firmware_node/physical_node/driver/0000:00:04.0 HTTP/1.1" 200 276740 "-" "meta-externalagent/1.1 (+https://developers.facebook.com/docs/sharing/webmasters/crawler)"
216.73.216.56 - - [20/Dec/2025:00:57:59 +0000] "GET /entity/125847064.htm HTTP/1.1" 301 7281 "-" "Mozilla/5.0 AppleWebKit/537.36 (KHTML, like Gecko; compatible; ClaudeBot/1.0; +claudebot@anthropic.com)"
114.119.145.154 - - [20/Dec/2025:00:58:00 +0000] "GET /zodiac-casino-india-2025-bonus-100-percent-free-spins-comment/?path=//proc/thread-self/root/usr/bin HTTP/1.1" 200 52145 "https://datainsightnow.com/zodiac-casino-india-2025-bonus-100-percent-free-spins-comment/?path=//proc/thread-self/root/usr" "Mozilla/5.0 (Linux; Android 7.0;) AppleWebKit/537.36 (KHTML, like Gecko) Mobile Safari/537.36 (compatible; PetalBot;+https://webmaster.petalsearch.com/site/petalbot)"
57.141.0.20 - - [20/Dec/2025:00:58:01 +0000] "GET /karamba-spielsaal-erfahrungen-angeschlossen-testbericht-werfen-sie-einen-blick-auf-den-link-within-2025-pro-teutonia/?path=//sys/class/pci_bus/0000:06/subsystem/0000:0d/subsystem/0000:02/subsystem/0000:00/subsystem/0000:11/device/0000:00:03.7:pcie002/driver/0000:00:02.2:pcie002 HTTP/1.1" 200 276733 "-" "meta-externalagent/1.1 (+https://developers.facebook.com/docs/sharing/webmasters/crawler)"
216.73.216.56 - - [20/Dec/2025:00:58:02 +0000] "GET /entity/125847064.htm/ HTTP/1.1" 200 52143 "https://datainsightnow.com/entity/125847064.htm" "Mozilla/5.0 AppleWebKit/537.36 (KHTML, like Gecko; compatible; ClaudeBot/1.0; +claudebot@anthropic.com)"
57.141.0.39 - - [20/Dec/2025:00:58:03 +0000] "GET /karamba-spielsaal-erfahrungen-angeschlossen-testbericht-werfen-sie-einen-blick-auf-den-link-within-2025-pro-teutonia/?fileloc=//sys/class/pci_bus/0000:06/subsystem/0000:04/subsystem/0000:0b/subsystem/0000:11/subsystem/0000:08/subsystem/0000:05/cpuaffinity&path=//sys/class/pci_bus/0000:06/subsystem/0000:04/subsystem/0000:0b/subsystem/0000:11/subsystem/0000:08/subsystem/0000:05 HTTP/1.1" 200 276733 "-" "meta-externalagent/1.1 (+https://developers.facebook.com/docs/sharing/webmasters/crawler)"
57.141.0.48 - - [20/Dec/2025:00:58:05 +0000] "GET /2025/03/07/page/6/?fileloc=//sys/class/pci_bus/0000:0d/subsystem/0000:0c/subsystem/0000:06/subsystem/0000:00/device/0000:00:02.2/resource&path=//sys/class/pci_bus/0000:0d/subsystem/0000:0c/subsystem/0000:06/subsystem/0000:00/device/0000:00:02.2 HTTP/1.1" 200 276780 "-" "meta-externalagent/1.1 (+https://developers.facebook.com/docs/sharing/webmasters/crawler)"
216.73.216.56 - - [20/Dec/2025:00:58:05 +0000] "GET /entity/125814948.htm HTTP/1.1" 301 7281 "-" "Mozilla/5.0 AppleWebKit/537.36 (KHTML, like Gecko; compatible; ClaudeBot/1.0; +claudebot@anthropic.com)"
216.73.216.56 - - [20/Dec/2025:00:58:06 +0000] "GET /entity/125814948.htm/ HTTP/1.1" 200 52143 "https://datainsightnow.com/entity/125814948.htm" "Mozilla/5.0 AppleWebKit/537.36 (KHTML, like Gecko; compatible; ClaudeBot/1.0; +claudebot@anthropic.com)"
85.208.96.212 - - [20/Dec/2025:00:58:07 +0000] "GET /?p=34169 HTTP/1.1" 200 49464 "-" "Mozilla/5.0 (compatible; SemrushBot/7~bl; +http://www.semrush.com/bot.html)"
57.141.0.54 - - [20/Dec/2025:00:58:08 +0000] "GET /2025/03/07/page/6/?fileloc=//sys/class/pci_bus/0000:0f/subsystem/0000:0c/subsystem/0000:04/subsystem/0000:09/device/aer_dev_nonfatal&path=//sys/class/pci_bus/0000:0f/subsystem/0000:0c/subsystem/0000:04/subsystem/0000:09/device HTTP/1.1" 200 276788 "-" "meta-externalagent/1.1 (+https://developers.facebook.com/docs/sharing/webmasters/crawler)"
216.73.216.56 - - [20/Dec/2025:00:58:08 +0000] "GET /entity/125855611.htm HTTP/1.1" 301 7281 "-" "Mozilla/5.0 AppleWebKit/537.36 (KHTML, like Gecko; compatible; ClaudeBot/1.0; +claudebot@anthropic.com)"
216.73.216.56 - - [20/Dec/2025:00:58:09 +0000] "GET /entity/125855611.htm/ HTTP/1.1" 200 52143 "https://datainsightnow.com/entity/125855611.htm" "Mozilla/5.0 AppleWebKit/537.36 (KHTML, like Gecko; compatible; ClaudeBot/1.0; +claudebot@anthropic.com)"
57.141.0.20 - - [20/Dec/2025:00:58:10 +0000] "GET /karamba-spielsaal-erfahrungen-angeschlossen-testbericht-werfen-sie-einen-blick-auf-den-link-within-2025-pro-teutonia/?path=//sys/class/pci_bus/0000:06/subsystem/0000:09/subsystem/0000:0e/device/0000:00:03.4:pcie001/driver/0000:00:04.0:pcie001/driver/0000:00:03.3:pcie001 HTTP/1.1" 200 276772 "-" "meta-externalagent/1.1 (+https://developers.facebook.com/docs/sharing/webmasters/crawler)"
216.73.216.56 - - [20/Dec/2025:00:58:11 +0000] "GET /entity/125800966.htm HTTP/1.1" 301 7275 "-" "Mozilla/5.0 AppleWebKit/537.36 (KHTML, like Gecko; compatible; ClaudeBot/1.0; +claudebot@anthropic.com)"
