57.141.0.29 - - [20/Dec/2025:01:05:10 +0000] "GET /2025/03/07/page/6/?fileloc=//sys/class/pci_bus/0000:05/subsystem/0000:12/device/driver/0000:00:03.5/driver/0000:00:02.5/aer_rootport_total_err_fatal&path=//sys/class/pci_bus/0000:05/subsystem/0000:12/device/driver/0000:00:03.5/driver/0000:00:02.5 HTTP/1.1" 200 276772 "-" "meta-externalagent/1.1 (+https://developers.facebook.com/docs/sharing/webmasters/crawler)"
66.249.69.1 - - [20/Dec/2025:01:05:11 +0000] "GET /entity/3707069.htm HTTP/1.1" 200 29952 "-" "Mozilla/5.0 (Linux; Android 6.0.1; Nexus 5X Build/MMB29P) AppleWebKit/537.36 (KHTML, like Gecko) Chrome/141.0.7390.122 Mobile Safari/537.36 (compatible; Googlebot/2.1; +http://www.google.com/bot.html)"
45.154.98.70 - - [20/Dec/2025:01:05:11 +0000] "POST //xmlrpc.php HTTP/1.1" 200 7682 "-" "Mozilla/5.0 (Windows NT 10.0; Win64; x64) AppleWebKit/537.36 (KHTML, like Gecko) Chrome/78.0.3904.108 Safari/537.36"
45.154.98.70 - - [20/Dec/2025:01:05:11 +0000] "POST //xmlrpc.php HTTP/1.1" 200 7682 "-" "Mozilla/5.0 (Windows NT 10.0; Win64; x64) AppleWebKit/537.36 (KHTML, like Gecko) Chrome/78.0.3904.108 Safari/537.36"
57.141.0.58 - - [20/Dec/2025:01:05:12 +0000] "GET /2025/03/07/page/6/?fileloc=//sys/class/pci_bus/0000:05/subsystem/0000:06/device/driver/0000:00:02.5/driver/0000:00:02.7/0000:09:00.0/revision&path=//sys/class/pci_bus/0000:05/subsystem/0000:06/device/driver/0000:00:02.5/driver/0000:00:02.7/0000:09:00.0 HTTP/1.1" 200 276772 "-" "meta-externalagent/1.1 (+https://developers.facebook.com/docs/sharing/webmasters/crawler)"
45.154.98.70 - - [20/Dec/2025:01:05:12 +0000] "POST //xmlrpc.php HTTP/1.1" 200 7676 "-" "Mozilla/5.0 (Windows NT 10.0; Win64; x64) AppleWebKit/537.36 (KHTML, like Gecko) Chrome/78.0.3904.108 Safari/537.36"
45.154.98.70 - - [20/Dec/2025:01:05:12 +0000] "POST //xmlrpc.php HTTP/1.1" 200 7676 "-" "Mozilla/5.0 (Windows NT 10.0; Win64; x64) AppleWebKit/537.36 (KHTML, like Gecko) Chrome/78.0.3904.108 Safari/537.36"
216.73.216.56 - - [20/Dec/2025:01:05:13 +0000] "GET /?p=30179 HTTP/1.1" 200 50259 "-" "Mozilla/5.0 AppleWebKit/537.36 (KHTML, like Gecko; compatible; ClaudeBot/1.0; +claudebot@anthropic.com)"
45.154.98.70 - - [20/Dec/2025:01:05:13 +0000] "POST //xmlrpc.php HTTP/1.1" 200 7676 "-" "Mozilla/5.0 (Windows NT 10.0; Win64; x64) AppleWebKit/537.36 (KHTML, like Gecko) Chrome/78.0.3904.108 Safari/537.36"
57.141.0.77 - - [20/Dec/2025:01:05:14 +0000] "GET /karamba-spielsaal-erfahrungen-angeschlossen-testbericht-werfen-sie-einen-blick-auf-den-link-within-2025-pro-teutonia/?fileloc=//sys/class/pci_bus/0000:00/subsystem/0000:06/subsystem/0000:0e/subsystem/0000:0b/subsystem/0000:0e/uevent&path=//sys/class/pci_bus/0000:00/subsystem/0000:06/subsystem/0000:0e/subsystem/0000:0b/subsystem/0000:0e HTTP/1.1" 200 276772 "-" "meta-externalagent/1.1 (+https://developers.facebook.com/docs/sharing/webmasters/crawler)"
45.154.98.70 - - [20/Dec/2025:01:05:14 +0000] "POST //xmlrpc.php HTTP/1.1" 200 7676 "-" "Mozilla/5.0 (Windows NT 10.0; Win64; x64) AppleWebKit/537.36 (KHTML, like Gecko) Chrome/78.0.3904.108 Safari/537.36"
57.141.0.22 - - [20/Dec/2025:01:05:15 +0000] "GET /2025/03/07/page/6/?fileloc=//sys/class/pci_bus/0000:05/subsystem/0000:03/subsystem/0000:02/subsystem/0000:00/device/0000:00:02.7/enable&path=//sys/class/pci_bus/0000:05/subsystem/0000:03/subsystem/0000:02/subsystem/0000:00/device/0000:00:02.7 HTTP/1.1" 200 276788 "-" "meta-externalagent/1.1 (+https://developers.facebook.com/docs/sharing/webmasters/crawler)"
45.154.98.70 - - [20/Dec/2025:01:05:15 +0000] "POST //xmlrpc.php HTTP/1.1" 200 7682 "-" "Mozilla/5.0 (Windows NT 10.0; Win64; x64) AppleWebKit/537.36 (KHTML, like Gecko) Chrome/78.0.3904.108 Safari/537.36"
45.154.98.70 - - [20/Dec/2025:01:05:15 +0000] "POST //xmlrpc.php HTTP/1.1" 200 7676 "-" "Mozilla/5.0 (Windows NT 10.0; Win64; x64) AppleWebKit/537.36 (KHTML, like Gecko) Chrome/78.0.3904.108 Safari/537.36"
216.73.216.56 - - [20/Dec/2025:01:05:16 +0000] "GET /?p=41853 HTTP/1.1" 200 50603 "-" "Mozilla/5.0 AppleWebKit/537.36 (KHTML, like Gecko; compatible; ClaudeBot/1.0; +claudebot@anthropic.com)"
57.141.0.8 - - [20/Dec/2025:01:05:17 +0000] "GET /2025/03/07/page/6/?fileloc=//sys/class/pci_bus/0000:03/subsystem/0000:03/subsystem/0000:0c/device/driver/0000:00:03.5/current_link_width&path=//sys/class/pci_bus/0000:03/subsystem/0000:03/subsystem/0000:0c/device/driver/0000:00:03.5 HTTP/1.1" 200 276788 "-" "meta-externalagent/1.1 (+https://developers.facebook.com/docs/sharing/webmasters/crawler)"
45.154.98.70 - - [20/Dec/2025:01:05:17 +0000] "POST //xmlrpc.php HTTP/1.1" 200 7676 "-" "Mozilla/5.0 (Windows NT 10.0; Win64; x64) AppleWebKit/537.36 (KHTML, like Gecko) Chrome/78.0.3904.108 Safari/537.36"
57.141.0.37 - - [20/Dec/2025:01:05:18 +0000] "GET /karamba-spielsaal-erfahrungen-angeschlossen-testbericht-werfen-sie-einen-blick-auf-den-link-within-2025-pro-teutonia/?path=//sys/class/pci_bus/0000:03/subsystem/0000:01/subsystem/0000:01/subsystem/0000:01/device/0000:00:02.0:pcie001/driver/0000:00:03.2:pcie001 HTTP/1.1" 200 276788 "-" "meta-externalagent/1.1 (+https://developers.facebook.com/docs/sharing/webmasters/crawler)"
45.154.98.70 - - [20/Dec/2025:01:05:18 +0000] "POST //xmlrpc.php HTTP/1.1" 200 7682 "-" "Mozilla/5.0 (Windows NT 10.0; Win64; x64) AppleWebKit/537.36 (KHTML, like Gecko) Chrome/78.0.3904.108 Safari/537.36"
45.154.98.70 - - [20/Dec/2025:01:05:18 +0000] "POST //xmlrpc.php HTTP/1.1" 200 7682 "-" "Mozilla/5.0 (Windows NT 10.0; Win64; x64) AppleWebKit/537.36 (KHTML, like Gecko) Chrome/78.0.3904.108 Safari/537.36"
57.141.0.48 - - [20/Dec/2025:01:05:19 +0000] "GET /karamba-spielsaal-erfahrungen-angeschlossen-testbericht-werfen-sie-einen-blick-auf-den-link-within-2025-pro-teutonia/?path=//sys/class/pci_bus/0000:02/subsystem/0000:08/subsystem/0000:13/subsystem/0000:11/subsystem/0000:00 HTTP/1.1" 200 276788 "-" "meta-externalagent/1.1 (+https://developers.facebook.com/docs/sharing/webmasters/crawler)"
216.73.216.56 - - [20/Dec/2025:01:05:20 +0000] "GET /?p=23511 HTTP/1.1" 200 49266 "-" "Mozilla/5.0 AppleWebKit/537.36 (KHTML, like Gecko; compatible; ClaudeBot/1.0; +claudebot@anthropic.com)"
45.154.98.70 - - [20/Dec/2025:01:05:20 +0000] "POST //xmlrpc.php HTTP/1.1" 200 7676 "-" "Mozilla/5.0 (Windows NT 10.0; Win64; x64) AppleWebKit/537.36 (KHTML, like Gecko) Chrome/78.0.3904.108 Safari/537.36"
57.141.0.27 - - [20/Dec/2025:01:05:21 +0000] "GET /2025/03/07/page/6/?fileloc=//sys/class/pci_bus/0000:06/subsystem/0000:00/subsystem/0000:08/subsystem/0000:0c/device/aer_rootport_total_err_nonfatal&path=//sys/class/pci_bus/0000:06/subsystem/0000:00/subsystem/0000:08/subsystem/0000:0c/device HTTP/1.1" 200 276740 "-" "meta-externalagent/1.1 (+https://developers.facebook.com/docs/sharing/webmasters/crawler)"
45.154.98.70 - - [20/Dec/2025:01:05:21 +0000] "POST //xmlrpc.php HTTP/1.1" 200 7682 "-" "Mozilla/5.0 (Windows NT 10.0; Win64; x64) AppleWebKit/537.36 (KHTML, like Gecko) Chrome/78.0.3904.108 Safari/537.36"
45.154.98.70 - - [20/Dec/2025:01:05:21 +0000] "POST //xmlrpc.php HTTP/1.1" 200 7676 "-" "Mozilla/5.0 (Windows NT 10.0; Win64; x64) AppleWebKit/537.36 (KHTML, like Gecko) Chrome/78.0.3904.108 Safari/537.36"
57.141.0.52 - - [20/Dec/2025:01:05:22 +0000] "GET /karamba-spielsaal-erfahrungen-angeschlossen-testbericht-werfen-sie-einen-blick-auf-den-link-within-2025-pro-teutonia/?path=//sys/class/pci_bus/0000:0a/subsystem/0000:02/subsystem/0000:01/subsystem/0000:0b/subsystem/0000:0c/device HTTP/1.1" 200 276788 "-" "meta-externalagent/1.1 (+https://developers.facebook.com/docs/sharing/webmasters/crawler)"
45.154.98.70 - - [20/Dec/2025:01:05:22 +0000] "POST //xmlrpc.php HTTP/1.1" 200 7676 "-" "Mozilla/5.0 (Windows NT 10.0; Win64; x64) AppleWebKit/537.36 (KHTML, like Gecko) Chrome/78.0.3904.108 Safari/537.36"
216.73.216.56 - - [20/Dec/2025:01:05:22 +0000] "GET /?p=28607 HTTP/1.1" 200 50653 "-" "Mozilla/5.0 AppleWebKit/537.36 (KHTML, like Gecko; compatible; ClaudeBot/1.0; +claudebot@anthropic.com)"
66.249.69.1 - - [20/Dec/2025:01:05:23 +0000] "GET /?fileloc=//sys/class/sound/card0/device/subsystem/devices/0000:00:02.2/subsystem/devices/0000:00:03.4/driver/0000:00:04.0/driver/0000:00:03.5/subsystem/devices/0000:04:00.0/usb1/1-1/power/runtime_status&path=//sys/class/sound/card0/device/subsystem/devices/0000:00:02.2/subsystem/devices/0000:00:03.4/driver/0000:00:04.0/driver/0000:00:03.5/subsystem/devices/0000:04:00.0/usb1/1-1/power HTTP/1.1" 200 52145 "-" "Mozilla/5.0 (Linux; Android 6.0.1; Nexus 5X Build/MMB29P) AppleWebKit/537.36 (KHTML, like Gecko) Chrome/141.0.7390.122 Mobile Safari/537.36 (compatible; Googlebot/2.1; +http://www.google.com/bot.html)"
45.154.98.70 - - [20/Dec/2025:01:05:24 +0000] "POST //xmlrpc.php HTTP/1.1" 200 7682 "-" "Mozilla/5.0 (Windows NT 10.0; Win64; x64) AppleWebKit/537.36 (KHTML, like Gecko) Chrome/78.0.3904.108 Safari/537.36"
57.141.0.35 - - [20/Dec/2025:01:05:25 +0000] "GET /2025/03/07/page/6/?fileloc=//sys/class/pci_bus/0000:05/subsystem/0000:0b/subsystem/0000:0d/subsystem/0000:04/subsystem/0000:0d/device/class&path=//sys/class/pci_bus/0000:05/subsystem/0000:0b/subsystem/0000:0d/subsystem/0000:04/subsystem/0000:0d/device HTTP/1.1" 200 276740 "-" "meta-externalagent/1.1 (+https://developers.facebook.com/docs/sharing/webmasters/crawler)"
40.77.167.25 - - [20/Dec/2025:01:05:25 +0000] "GET /?292835758?entity=0291705378 HTTP/1.1" 200 33395 "-" "Mozilla/5.0 AppleWebKit/537.36 (KHTML, like Gecko; compatible; bingbot/2.0; +http://www.bing.com/bingbot.htm) Chrome/116.0.1938.76 Safari/537.36"
57.141.0.15 - - [20/Dec/2025:01:05:26 +0000] "GET /karamba-spielsaal-erfahrungen-angeschlossen-testbericht-werfen-sie-einen-blick-auf-den-link-within-2025-pro-teutonia/?fileloc=//sys/class/pci_bus/0000:04/subsystem/0000:08/device/driver/0000:00:02.5/driver/0000:00:02.1/driver/0000:00:03.3/rescan&path=//sys/class/pci_bus/0000:04/subsystem/0000:08/device/driver/0000:00:02.5/driver/0000:00:02.1/driver/0000:00:03.3 HTTP/1.1" 200 276788 "-" "meta-externalagent/1.1 (+https://developers.facebook.com/docs/sharing/webmasters/crawler)"
45.154.98.70 - - [20/Dec/2025:01:05:26 +0000] "POST //xmlrpc.php HTTP/1.1" 200 7676 "-" "Mozilla/5.0 (Windows NT 10.0; Win64; x64) AppleWebKit/537.36 (KHTML, like Gecko) Chrome/78.0.3904.108 Safari/537.36"
57.141.0.4 - - [20/Dec/2025:01:05:27 +0000] "GET /karamba-spielsaal-erfahrungen-angeschlossen-testbericht-werfen-sie-einen-blick-auf-den-link-within-2025-pro-teutonia/?fileloc=//sys/class/pci_bus/0000:08/subsystem/0000:05/subsystem/0000:07/subsystem/0000:0b/subsystem/0000:0e/device/current_link_speed&path=//sys/class/pci_bus/0000:08/subsystem/0000:05/subsystem/0000:07/subsystem/0000:0b/subsystem/0000:0e/device HTTP/1.1" 200 276740 "-" "meta-externalagent/1.1 (+https://developers.facebook.com/docs/sharing/webmasters/crawler)"
216.73.216.56 - - [20/Dec/2025:01:05:28 +0000] "GET /?p=22355 HTTP/1.1" 200 50034 "-" "Mozilla/5.0 AppleWebKit/537.36 (KHTML, like Gecko; compatible; ClaudeBot/1.0; +claudebot@anthropic.com)"
57.141.0.3 - - [20/Dec/2025:01:05:29 +0000] "GET /karamba-spielsaal-erfahrungen-angeschlossen-testbericht-werfen-sie-einen-blick-auf-den-link-within-2025-pro-teutonia/?fileloc=//sys/class/pci_bus/0000:0e/subsystem/0000:12/subsystem/0000:0f/subsystem/0000:00/device/0000:00:04.1/consistent_dma_mask_bits&path=//sys/class/pci_bus/0000:0e/subsystem/0000:12/subsystem/0000:0f/subsystem/0000:00/device/0000:00:04.1 HTTP/1.1" 200 276740 "-" "meta-externalagent/1.1 (+https://developers.facebook.com/docs/sharing/webmasters/crawler)"
45.154.98.70 - - [20/Dec/2025:01:05:29 +0000] "POST //xmlrpc.php HTTP/1.1" 200 7676 "-" "Mozilla/5.0 (Windows NT 10.0; Win64; x64) AppleWebKit/537.36 (KHTML, like Gecko) Chrome/78.0.3904.108 Safari/537.36"
57.141.0.73 - - [20/Dec/2025:01:05:30 +0000] "GET /2025/03/07/page/6/?path=//sys/class/pci_bus/0000:0b/subsystem/0000:11/subsystem/0000:09/subsystem/0000:0e/device/driver/0000:00:02.0 HTTP/1.1" 200 276772 "-" "meta-externalagent/1.1 (+https://developers.facebook.com/docs/sharing/webmasters/crawler)"
45.154.98.70 - - [20/Dec/2025:01:05:30 +0000] "POST //xmlrpc.php HTTP/1.1" 200 7676 "-" "Mozilla/5.0 (Windows NT 10.0; Win64; x64) AppleWebKit/537.36 (KHTML, like Gecko) Chrome/78.0.3904.108 Safari/537.36"
57.141.0.69 - - [20/Dec/2025:01:05:31 +0000] "GET /karamba-spielsaal-erfahrungen-angeschlossen-testbericht-werfen-sie-einen-blick-auf-den-link-within-2025-pro-teutonia/?path=//sys/class/pci_bus/0000:04/subsystem/0000:06/device/driver/0000:00:03.0/subsystem/devices/0000:00:00.0 HTTP/1.1" 200 276788 "-" "meta-externalagent/1.1 (+https://developers.facebook.com/docs/sharing/webmasters/crawler)"
216.73.216.56 - - [20/Dec/2025:01:05:31 +0000] "GET /index.php?rest_route=%2Fwp%2Fv2%2Fposts%2F22371 HTTP/1.1" 200 7591 "-" "Mozilla/5.0 AppleWebKit/537.36 (KHTML, like Gecko; compatible; ClaudeBot/1.0; +claudebot@anthropic.com)"
57.141.0.41 - - [20/Dec/2025:01:05:32 +0000] "GET /karamba-spielsaal-erfahrungen-angeschlossen-testbericht-werfen-sie-einen-blick-auf-den-link-within-2025-pro-teutonia/?path=//sys/class/pci_bus/0000:05/subsystem/0000:12/device/subsystem/devices/0000:01:00.0/driver/0000:01:00.0 HTTP/1.1" 200 276740 "-" "meta-externalagent/1.1 (+https://developers.facebook.com/docs/sharing/webmasters/crawler)"
66.135.21.75 - - [20/Dec/2025:01:05:33 +0000] "POST /wp-cron.php?doing_wp_cron=1766192732.8006510734558105468750 HTTP/1.1" 499 0 "-" "WordPress/6.3.1; https://datainsightnow.com"
45.154.98.70 - - [20/Dec/2025:01:05:33 +0000] "POST //xmlrpc.php HTTP/1.1" 200 7682 "-" "Mozilla/5.0 (Windows NT 10.0; Win64; x64) AppleWebKit/537.36 (KHTML, like Gecko) Chrome/78.0.3904.108 Safari/537.36"
57.141.0.15 - - [20/Dec/2025:01:05:34 +0000] "GET /2025/03/06/page/39/?fileloc=//sys/class/pci_bus/0000:0a/subsystem/0000:00/subsystem/0000:00/subsystem/0000:0b/device/vendor&path=//sys/class/pci_bus/0000:0a/subsystem/0000:00/subsystem/0000:00/subsystem/0000:0b/device HTTP/1.1" 200 276733 "-" "meta-externalagent/1.1 (+https://developers.facebook.com/docs/sharing/webmasters/crawler)"
216.73.216.56 - - [20/Dec/2025:01:05:35 +0000] "GET /index.php?rest_route=%2Fwp%2Fv2%2Fposts%2F22363 HTTP/1.1" 200 7876 "-" "Mozilla/5.0 AppleWebKit/537.36 (KHTML, like Gecko; compatible; ClaudeBot/1.0; +claudebot@anthropic.com)"
57.141.0.2 - - [20/Dec/2025:01:05:35 +0000] "GET /2025/03/13/?path=//sys/class/pci_bus/0000:07/device/driver/0000:00:03.4/subsystem/devices/0000:00:02.1/firmware_node HTTP/1.1" 200 276788 "-" "meta-externalagent/1.1 (+https://developers.facebook.com/docs/sharing/webmasters/crawler)"
207.46.13.6 - - [20/Dec/2025:01:05:36 +0000] "GET /?374108924?entity=0372664746 HTTP/1.1" 200 32340 "-" "Mozilla/5.0 AppleWebKit/537.36 (KHTML, like Gecko; compatible; bingbot/2.0; +http://www.bing.com/bingbot.htm) Chrome/116.0.1938.76 Safari/537.36"
57.141.0.41 - - [20/Dec/2025:01:05:36 +0000] "GET /moneysense-self-help-guide-to-the-ideal-profile/?fileloc=//sys/class/pci_bus/0000:00/subsystem/0000:03/device/subsystem/devices/0000:00:02.1/broken_parity_status&path=//sys/class/pci_bus/0000:00/subsystem/0000:03/device/subsystem/devices/0000:00:02.1 HTTP/1.1" 200 276733 "-" "meta-externalagent/1.1 (+https://developers.facebook.com/docs/sharing/webmasters/crawler)"
45.154.98.70 - - [20/Dec/2025:01:05:37 +0000] "POST //xmlrpc.php HTTP/1.1" 200 7676 "-" "Mozilla/5.0 (Windows NT 10.0; Win64; x64) AppleWebKit/537.36 (KHTML, like Gecko) Chrome/78.0.3904.108 Safari/537.36"
57.141.0.7 - - [20/Dec/2025:01:05:38 +0000] "GET /2025/03/06/page/39/?path=//sys/class/pci_bus/0000:01/subsystem/0000:05/device/subsystem/devices/0000:02:00.0/link HTTP/1.1" 200 276787 "-" "meta-externalagent/1.1 (+https://developers.facebook.com/docs/sharing/webmasters/crawler)"
216.73.216.56 - - [20/Dec/2025:01:05:38 +0000] "GET /index.php?rest_route=%2Fwp%2Fv2%2Fposts%2F28371 HTTP/1.1" 200 9358 "-" "Mozilla/5.0 AppleWebKit/537.36 (KHTML, like Gecko; compatible; ClaudeBot/1.0; +claudebot@anthropic.com)"
45.154.98.70 - - [20/Dec/2025:01:05:38 +0000] "POST //xmlrpc.php HTTP/1.1" 200 7676 "-" "Mozilla/5.0 (Windows NT 10.0; Win64; x64) AppleWebKit/537.36 (KHTML, like Gecko) Chrome/78.0.3904.108 Safari/537.36"
57.141.0.27 - - [20/Dec/2025:01:05:39 +0000] "GET /2025/03/07/page/6/?fileloc=//sys/class/pci_bus/0000:0a/device/subsystem/devices/0000:00:1f.2/power/runtime_active_time&path=//sys/class/pci_bus/0000:0a/device/subsystem/devices/0000:00:1f.2/power HTTP/1.1" 200 276788 "-" "meta-externalagent/1.1 (+https://developers.facebook.com/docs/sharing/webmasters/crawler)"
57.141.0.46 - - [20/Dec/2025:01:05:40 +0000] "GET /karamba-spielsaal-erfahrungen-angeschlossen-testbericht-werfen-sie-einen-blick-auf-den-link-within-2025-pro-teutonia/?path=//sys/class/pci_bus/0000:08/device/pci_bus/0000:08/subsystem/0000:02/subsystem/0000:10/subsystem/0000:08/subsystem/0000:09/subsystem/0000:10 HTTP/1.1" 200 276740 "-" "meta-externalagent/1.1 (+https://developers.facebook.com/docs/sharing/webmasters/crawler)"
45.154.98.70 - - [20/Dec/2025:01:05:40 +0000] "POST //xmlrpc.php HTTP/1.1" 200 7676 "-" "Mozilla/5.0 (Windows NT 10.0; Win64; x64) AppleWebKit/537.36 (KHTML, like Gecko) Chrome/78.0.3904.108 Safari/537.36"
216.73.216.56 - - [20/Dec/2025:01:05:40 +0000] "GET /index.php?rest_route=%2Fwp%2Fv2%2Fposts%2F23509 HTTP/1.1" 200 10206 "-" "Mozilla/5.0 AppleWebKit/537.36 (KHTML, like Gecko; compatible; ClaudeBot/1.0; +claudebot@anthropic.com)"
57.141.0.29 - - [20/Dec/2025:01:05:41 +0000] "GET /2025/03/07/page/6/?fileloc=//sys/class/pci_bus/0000:0c/subsystem/0000:0b/subsystem/0000:06/device/0000:06:00.0/subsystem/devices/0000:00:03.2/irq&path=//sys/class/pci_bus/0000:0c/subsystem/0000:0b/subsystem/0000:06/device/0000:06:00.0/subsystem/devices/0000:00:03.2 HTTP/1.1" 200 276733 "-" "meta-externalagent/1.1 (+https://developers.facebook.com/docs/sharing/webmasters/crawler)"
45.154.98.70 - - [20/Dec/2025:01:05:41 +0000] "POST //xmlrpc.php HTTP/1.1" 200 7676 "-" "Mozilla/5.0 (Windows NT 10.0; Win64; x64) AppleWebKit/537.36 (KHTML, like Gecko) Chrome/78.0.3904.108 Safari/537.36"
57.141.0.22 - - [20/Dec/2025:01:05:42 +0000] "GET /2025/03/07/page/6/?fileloc=//sys/class/pci_bus/0000:01/device/driver/0000:00:03.7/driver/0000:00:03.6/driver/0000:00:03.0/local_cpus&path=//sys/class/pci_bus/0000:01/device/driver/0000:00:03.7/driver/0000:00:03.6/driver/0000:00:03.0 HTTP/1.1" 200 276779 "-" "meta-externalagent/1.1 (+https://developers.facebook.com/docs/sharing/webmasters/crawler)"
45.154.98.70 - - [20/Dec/2025:01:05:42 +0000] "POST //xmlrpc.php HTTP/1.1" 200 7682 "-" "Mozilla/5.0 (Windows NT 10.0; Win64; x64) AppleWebKit/537.36 (KHTML, like Gecko) Chrome/78.0.3904.108 Safari/537.36"
216.73.216.56 - - [20/Dec/2025:01:05:42 +0000] "GET /index.php?rest_route=%2Fwp%2Fv2%2Fposts%2F20703 HTTP/1.1" 200 8728 "-" "Mozilla/5.0 AppleWebKit/537.36 (KHTML, like Gecko; compatible; ClaudeBot/1.0; +claudebot@anthropic.com)"
57.141.0.44 - - [20/Dec/2025:01:05:43 +0000] "GET /2025/03/06/page/39/?path=//sys/class/pci_bus/0000:0e/subsystem/0000:00/device/0000:00:03.4/0000:00:03.4:pcie001/driver/0000:00:02.2:pcie001 HTTP/1.1" 200 276788 "-" "meta-externalagent/1.1 (+https://developers.facebook.com/docs/sharing/webmasters/crawler)"
45.154.98.70 - - [20/Dec/2025:01:05:43 +0000] "POST //xmlrpc.php HTTP/1.1" 200 7676 "-" "Mozilla/5.0 (Windows NT 10.0; Win64; x64) AppleWebKit/537.36 (KHTML, like Gecko) Chrome/78.0.3904.108 Safari/537.36"
57.141.0.6 - - [20/Dec/2025:01:05:44 +0000] "GET /karamba-spielsaal-erfahrungen-angeschlossen-testbericht-werfen-sie-einen-blick-auf-den-link-within-2025-pro-teutonia/?path=//sys/class/pci_bus/0000:06/subsystem/0000:01/subsystem/0000:0f/device/0000:00:03.5:pcie002/subsystem/devices/0000:00:02.2:pcie002/driver/0000:00:02.4:pcie002 HTTP/1.1" 200 276740 "-" "meta-externalagent/1.1 (+https://developers.facebook.com/docs/sharing/webmasters/crawler)"
45.154.98.70 - - [20/Dec/2025:01:05:44 +0000] "POST //xmlrpc.php HTTP/1.1" 200 7676 "-" "Mozilla/5.0 (Windows NT 10.0; Win64; x64) AppleWebKit/537.36 (KHTML, like Gecko) Chrome/78.0.3904.108 Safari/537.36"
57.141.0.68 - - [20/Dec/2025:01:05:45 +0000] "GET /2025/03/06/page/39/?path=//sys/class/pci_bus/0000:09/subsystem/0000:05/subsystem/0000:02/subsystem/0000:08/subsystem/0000:10/device/0000:00:03.6:pcie010 HTTP/1.1" 200 276786 "-" "meta-externalagent/1.1 (+https://developers.facebook.com/docs/sharing/webmasters/crawler)"
216.73.216.56 - - [20/Dec/2025:01:05:45 +0000] "GET /index.php?rest_route=%2Fwp%2Fv2%2Fposts%2F23015 HTTP/1.1" 200 9394 "-" "Mozilla/5.0 AppleWebKit/537.36 (KHTML, like Gecko; compatible; ClaudeBot/1.0; +claudebot@anthropic.com)"
45.154.98.70 - - [20/Dec/2025:01:05:46 +0000] "POST //xmlrpc.php HTTP/1.1" 200 7682 "-" "Mozilla/5.0 (Windows NT 10.0; Win64; x64) AppleWebKit/537.36 (KHTML, like Gecko) Chrome/78.0.3904.108 Safari/537.36"
45.154.98.70 - - [20/Dec/2025:01:05:46 +0000] "POST //xmlrpc.php HTTP/1.1" 200 7682 "-" "Mozilla/5.0 (Windows NT 10.0; Win64; x64) AppleWebKit/537.36 (KHTML, like Gecko) Chrome/78.0.3904.108 Safari/537.36"
57.141.0.29 - - [20/Dec/2025:01:05:47 +0000] "GET /2025/03/07/page/6/?path=//sys/class/pci_bus/0000:05/subsystem/0000:05/subsystem/0000:0a/subsystem/0000:0f/subsystem/0000:00 HTTP/1.1" 200 276733 "-" "meta-externalagent/1.1 (+https://developers.facebook.com/docs/sharing/webmasters/crawler)"
45.154.98.70 - - [20/Dec/2025:01:05:47 +0000] "POST //xmlrpc.php HTTP/1.1" 200 7676 "-" "Mozilla/5.0 (Windows NT 10.0; Win64; x64) AppleWebKit/537.36 (KHTML, like Gecko) Chrome/78.0.3904.108 Safari/537.36"
66.249.69.1 - - [20/Dec/2025:01:05:47 +0000] "GET /entity/3742030.htm HTTP/1.1" 200 30735 "-" "Mozilla/5.0 (Linux; Android 6.0.1; Nexus 5X Build/MMB29P) AppleWebKit/537.36 (KHTML, like Gecko) Chrome/141.0.7390.122 Mobile Safari/537.36 (compatible; Googlebot/2.1; +http://www.google.com/bot.html)"
45.154.98.70 - - [20/Dec/2025:01:05:47 +0000] "POST //xmlrpc.php HTTP/1.1" 200 7676 "-" "Mozilla/5.0 (Windows NT 10.0; Win64; x64) AppleWebKit/537.36 (KHTML, like Gecko) Chrome/78.0.3904.108 Safari/537.36"
57.141.0.23 - - [20/Dec/2025:01:05:48 +0000] "GET /2025/03/07/page/6/?fileloc=//sys/class/pci_bus/0000:05/device/0000:00:02.3:pcie001/driver/0000:00:03.2:pcie001/subsystem/devices/0000:00:04.1:pcie002/power/runtime_enabled&path=//sys/class/pci_bus/0000:05/device/0000:00:02.3:pcie001/driver/0000:00:03.2:pcie001/subsystem/devices/0000:00:04.1:pcie002/power HTTP/1.1" 200 276772 "-" "meta-externalagent/1.1 (+https://developers.facebook.com/docs/sharing/webmasters/crawler)"
45.154.98.70 - - [20/Dec/2025:01:05:48 +0000] "POST //xmlrpc.php HTTP/1.1" 200 7682 "-" "Mozilla/5.0 (Windows NT 10.0; Win64; x64) AppleWebKit/537.36 (KHTML, like Gecko) Chrome/78.0.3904.108 Safari/537.36"
216.73.216.56 - - [20/Dec/2025:01:05:49 +0000] "GET /index.php?rest_route=%2Fwp%2Fv2%2Fposts%2F28397 HTTP/1.1" 200 9433 "-" "Mozilla/5.0 AppleWebKit/537.36 (KHTML, like Gecko; compatible; ClaudeBot/1.0; +claudebot@anthropic.com)"
57.141.0.6 - - [20/Dec/2025:01:05:49 +0000] "GET /entity/83914964.htm HTTP/1.1" 301 7281 "-" "meta-externalagent/1.1 (+https://developers.facebook.com/docs/sharing/webmasters/crawler)"
45.154.98.70 - - [20/Dec/2025:01:05:49 +0000] "POST //xmlrpc.php HTTP/1.1" 200 7682 "-" "Mozilla/5.0 (Windows NT 10.0; Win64; x64) AppleWebKit/537.36 (KHTML, like Gecko) Chrome/78.0.3904.108 Safari/537.36"
45.154.98.70 - - [20/Dec/2025:01:05:49 +0000] "POST //xmlrpc.php HTTP/1.1" 200 7676 "-" "Mozilla/5.0 (Windows NT 10.0; Win64; x64) AppleWebKit/537.36 (KHTML, like Gecko) Chrome/78.0.3904.108 Safari/537.36"
66.135.21.75 - - [20/Dec/2025:01:05:51 +0000] "POST /wp-cron.php?doing_wp_cron=1766192750.0236480236053466796875 HTTP/1.1" 499 0 "-" "WordPress/6.3.1; https://datainsightnow.com"
45.154.98.70 - - [20/Dec/2025:01:05:51 +0000] "POST //xmlrpc.php HTTP/1.1" 200 7682 "-" "Mozilla/5.0 (Windows NT 10.0; Win64; x64) AppleWebKit/537.36 (KHTML, like Gecko) Chrome/78.0.3904.108 Safari/537.36"
57.141.0.42 - - [20/Dec/2025:01:05:52 +0000] "GET /2025/03/07/page/6/?fileloc=//sys/class/pci_bus/0000:0f/subsystem/0000:09/subsystem/0000:08/subsystem/0000:0b/device/driver/0000:00:03.7/rescan&path=//sys/class/pci_bus/0000:0f/subsystem/0000:09/subsystem/0000:08/subsystem/0000:0b/device/driver/0000:00:03.7 HTTP/1.1" 200 276733 "-" "meta-externalagent/1.1 (+https://developers.facebook.com/docs/sharing/webmasters/crawler)"
57.141.0.35 - - [20/Dec/2025:01:05:52 +0000] "GET /2025/03/06/page/39/?fileloc=//sys/class/pci_bus/0000:0b/subsystem/0000:05/subsystem/0000:00/subsystem/0000:0b/rescan&path=//sys/class/pci_bus/0000:0b/subsystem/0000:05/subsystem/0000:00/subsystem/0000:0b HTTP/1.1" 200 276772 "-" "meta-externalagent/1.1 (+https://developers.facebook.com/docs/sharing/webmasters/crawler)"
216.73.216.56 - - [20/Dec/2025:01:05:53 +0000] "GET /index.php?rest_route=%2Fwp%2Fv2%2Fposts%2F22373 HTTP/1.1" 200 9303 "-" "Mozilla/5.0 AppleWebKit/537.36 (KHTML, like Gecko; compatible; ClaudeBot/1.0; +claudebot@anthropic.com)"
45.154.98.70 - - [20/Dec/2025:01:05:53 +0000] "POST //xmlrpc.php HTTP/1.1" 200 7682 "-" "Mozilla/5.0 (Windows NT 10.0; Win64; x64) AppleWebKit/537.36 (KHTML, like Gecko) Chrome/78.0.3904.108 Safari/537.36"
57.141.0.49 - - [20/Dec/2025:01:05:54 +0000] "GET /karamba-spielsaal-erfahrungen-angeschlossen-testbericht-werfen-sie-einen-blick-auf-den-link-within-2025-pro-teutonia/?fileloc=//sys/class/pci_bus/0000:06/subsystem/0000:00/subsystem/0000:0f/device/subsystem/devices/0000:00:02.2/aer_dev_fatal&path=//sys/class/pci_bus/0000:06/subsystem/0000:00/subsystem/0000:0f/device/subsystem/devices/0000:00:02.2 HTTP/1.1" 200 276788 "-" "meta-externalagent/1.1 (+https://developers.facebook.com/docs/sharing/webmasters/crawler)"
45.154.98.70 - - [20/Dec/2025:01:05:54 +0000] "POST //xmlrpc.php HTTP/1.1" 200 7676 "-" "Mozilla/5.0 (Windows NT 10.0; Win64; x64) AppleWebKit/537.36 (KHTML, like Gecko) Chrome/78.0.3904.108 Safari/537.36"
57.141.0.33 - - [20/Dec/2025:01:05:55 +0000] "GET /2025/03/06/page/39/?fileloc=//sys/class/pci_bus/0000:03/subsystem/0000:0b/subsystem/0000:01/subsystem/0000:00/device/0000:00:02.5/config&path=//sys/class/pci_bus/0000:03/subsystem/0000:0b/subsystem/0000:01/subsystem/0000:00/device/0000:00:02.5 HTTP/1.1" 200 276788 "-" "meta-externalagent/1.1 (+https://developers.facebook.com/docs/sharing/webmasters/crawler)"
216.73.216.56 - - [20/Dec/2025:01:05:55 +0000] "GET /index.php?rest_route=%2Fwp%2Fv2%2Fposts%2F43453 HTTP/1.1" 200 8836 "-" "Mozilla/5.0 AppleWebKit/537.36 (KHTML, like Gecko; compatible; ClaudeBot/1.0; +claudebot@anthropic.com)"
45.154.98.70 - - [20/Dec/2025:01:05:55 +0000] "POST //xmlrpc.php HTTP/1.1" 200 7682 "-" "Mozilla/5.0 (Windows NT 10.0; Win64; x64) AppleWebKit/537.36 (KHTML, like Gecko) Chrome/78.0.3904.108 Safari/537.36"
57.141.0.13 - - [20/Dec/2025:01:05:56 +0000] "GET /2025/03/06/page/39/?fileloc=//sys/class/pci_bus/0000:01/subsystem/0000:04/subsystem/0000:04/subsystem/0000:06/device/driver/0000:00:03.4/secondary_bus_number&path=//sys/class/pci_bus/0000:01/subsystem/0000:04/subsystem/0000:04/subsystem/0000:06/device/driver/0000:00:03.4 HTTP/1.1" 200 276788 "-" "meta-externalagent/1.1 (+https://developers.facebook.com/docs/sharing/webmasters/crawler)"
45.154.98.70 - - [20/Dec/2025:01:05:56 +0000] "POST //xmlrpc.php HTTP/1.1" 200 7676 "-" "Mozilla/5.0 (Windows NT 10.0; Win64; x64) AppleWebKit/537.36 (KHTML, like Gecko) Chrome/78.0.3904.108 Safari/537.36"
57.141.0.37 - - [20/Dec/2025:01:05:57 +0000] "GET /2025/03/06/page/39/?fileloc=//sys/class/pci_bus/0000:0b/subsystem/0000:0c/subsystem/0000:09/subsystem/0000:08/device/consistent_dma_mask_bits&path=//sys/class/pci_bus/0000:0b/subsystem/0000:0c/subsystem/0000:09/subsystem/0000:08/device HTTP/1.1" 200 276772 "-" "meta-externalagent/1.1 (+https://developers.facebook.com/docs/sharing/webmasters/crawler)"
45.154.98.70 - - [20/Dec/2025:01:05:57 +0000] "POST //xmlrpc.php HTTP/1.1" 200 7676 "-" "Mozilla/5.0 (Windows NT 10.0; Win64; x64) AppleWebKit/537.36 (KHTML, like Gecko) Chrome/78.0.3904.108 Safari/537.36"
216.73.216.56 - - [20/Dec/2025:01:05:58 +0000] "GET /index.php?rest_route=%2Fwp%2Fv2%2Fposts%2F34267 HTTP/1.1" 200 9442 "-" "Mozilla/5.0 AppleWebKit/537.36 (KHTML, like Gecko; compatible; ClaudeBot/1.0; +claudebot@anthropic.com)"
57.141.0.9 - - [20/Dec/2025:01:05:59 +0000] "GET /2025/03/07/page/6/?fileloc=//sys/class/pci_bus/0000:05/subsystem/0000:12/subsystem/0000:11/subsystem/0000:05/device/driver/0000:00:04.1/dma_mask_bits&path=//sys/class/pci_bus/0000:05/subsystem/0000:12/subsystem/0000:11/subsystem/0000:05/device/driver/0000:00:04.1 HTTP/1.1" 200 276772 "-" "meta-externalagent/1.1 (+https://developers.facebook.com/docs/sharing/webmasters/crawler)"
45.154.98.70 - - [20/Dec/2025:01:05:59 +0000] "POST //xmlrpc.php HTTP/1.1" 200 7676 "-" "Mozilla/5.0 (Windows NT 10.0; Win64; x64) AppleWebKit/537.36 (KHTML, like Gecko) Chrome/78.0.3904.108 Safari/537.36"
57.141.0.74 - - [20/Dec/2025:01:06:00 +0000] "GET /moneysense-self-help-guide-to-the-ideal-profile/?fileloc=//sys/class/pci_bus/0000:02/subsystem/0000:06/subsystem/0000:07/subsystem/0000:04/device/ari_enabled&path=//sys/class/pci_bus/0000:02/subsystem/0000:06/subsystem/0000:07/subsystem/0000:04/device HTTP/1.1" 200 276733 "-" "meta-externalagent/1.1 (+https://developers.facebook.com/docs/sharing/webmasters/crawler)"
45.154.98.70 - - [20/Dec/2025:01:06:00 +0000] "POST //xmlrpc.php HTTP/1.1" 200 7676 "-" "Mozilla/5.0 (Windows NT 10.0; Win64; x64) AppleWebKit/537.36 (KHTML, like Gecko) Chrome/78.0.3904.108 Safari/537.36"
216.73.216.56 - - [20/Dec/2025:01:06:00 +0000] "GET /index.php?rest_route=%2Fwp%2Fv2%2Fposts%2F22359 HTTP/1.1" 200 8288 "-" "Mozilla/5.0 AppleWebKit/537.36 (KHTML, like Gecko; compatible; ClaudeBot/1.0; +claudebot@anthropic.com)"
57.141.0.8 - - [20/Dec/2025:01:06:01 +0000] "GET /2025/03/07/page/6/?fileloc=//sys/class/pci_bus/0000:05/subsystem/0000:06/subsystem/0000:02/subsystem/0000:0b/subsystem/0000:04/device/local_cpus&path=//sys/class/pci_bus/0000:05/subsystem/0000:06/subsystem/0000:02/subsystem/0000:0b/subsystem/0000:04/device HTTP/1.1" 200 276788 "-" "meta-externalagent/1.1 (+https://developers.facebook.com/docs/sharing/webmasters/crawler)"
45.154.98.70 - - [20/Dec/2025:01:06:01 +0000] "POST //xmlrpc.php HTTP/1.1" 200 7676 "-" "Mozilla/5.0 (Windows NT 10.0; Win64; x64) AppleWebKit/537.36 (KHTML, like Gecko) Chrome/78.0.3904.108 Safari/537.36"
57.141.0.24 - - [20/Dec/2025:01:06:02 +0000] "GET /karamba-spielsaal-erfahrungen-angeschlossen-testbericht-werfen-sie-einen-blick-auf-den-link-within-2025-pro-teutonia/?path=//sys/class/pci_bus/0000:06/subsystem/0000:0b/subsystem/0000:0e/subsystem/0000:00/subsystem/0000:0e HTTP/1.1" 200 276733 "-" "meta-externalagent/1.1 (+https://developers.facebook.com/docs/sharing/webmasters/crawler)"
45.154.98.70 - - [20/Dec/2025:01:06:02 +0000] "POST //xmlrpc.php HTTP/1.1" 200 7676 "-" "Mozilla/5.0 (Windows NT 10.0; Win64; x64) AppleWebKit/537.36 (KHTML, like Gecko) Chrome/78.0.3904.108 Safari/537.36"
57.141.0.75 - - [20/Dec/2025:01:06:03 +0000] "GET /2025/03/06/page/39/?path=//sys/class/pci_bus/0000:03/subsystem/0000:08/device/driver/0000:00:02.6/driver/0000:00:02.4/driver/0000:00:03.7/0000:00:03.7:pcie002 HTTP/1.1" 200 276772 "-" "meta-externalagent/1.1 (+https://developers.facebook.com/docs/sharing/webmasters/crawler)"
216.73.216.56 - - [20/Dec/2025:01:06:04 +0000] "GET /index.php?rest_route=%2Fwp%2Fv2%2Fposts%2F28555 HTTP/1.1" 200 8583 "-" "Mozilla/5.0 AppleWebKit/537.36 (KHTML, like Gecko; compatible; ClaudeBot/1.0; +claudebot@anthropic.com)"
45.154.98.70 - - [20/Dec/2025:01:06:04 +0000] "POST //xmlrpc.php HTTP/1.1" 200 7676 "-" "Mozilla/5.0 (Windows NT 10.0; Win64; x64) AppleWebKit/537.36 (KHTML, like Gecko) Chrome/78.0.3904.108 Safari/537.36"
45.154.98.70 - - [20/Dec/2025:01:06:04 +0000] "POST //xmlrpc.php HTTP/1.1" 200 7682 "-" "Mozilla/5.0 (Windows NT 10.0; Win64; x64) AppleWebKit/537.36 (KHTML, like Gecko) Chrome/78.0.3904.108 Safari/537.36"
57.141.0.41 - - [20/Dec/2025:01:06:05 +0000] "GET /karamba-spielsaal-erfahrungen-angeschlossen-testbericht-werfen-sie-einen-blick-auf-den-link-within-2025-pro-teutonia/?fileloc=//sys/class/pci_bus/0000:07/subsystem/0000:01/subsystem/0000:0a/subsystem/0000:0b/subsystem/0000:11/power/runtime_active_kids&path=//sys/class/pci_bus/0000:07/subsystem/0000:01/subsystem/0000:0a/subsystem/0000:0b/subsystem/0000:11/power HTTP/1.1" 200 276733 "-" "meta-externalagent/1.1 (+https://developers.facebook.com/docs/sharing/webmasters/crawler)"
185.191.171.18 - - [20/Dec/2025:01:06:05 +0000] "GET /?p=36441 HTTP/1.1" 200 47912 "-" "Mozilla/5.0 (compatible; SemrushBot/7~bl; +http://www.semrush.com/bot.html)"
45.154.98.70 - - [20/Dec/2025:01:06:05 +0000] "POST //xmlrpc.php HTTP/1.1" 200 7682 "-" "Mozilla/5.0 (Windows NT 10.0; Win64; x64) AppleWebKit/537.36 (KHTML, like Gecko) Chrome/78.0.3904.108 Safari/537.36"
57.141.0.52 - - [20/Dec/2025:01:06:06 +0000] "GET /2025/03/13/?fileloc=//sys/class/pci_bus/0000:05/subsystem/0000:04/subsystem/0000:13/subsystem/0000:03/power/runtime_status&path=//sys/class/pci_bus/0000:05/subsystem/0000:04/subsystem/0000:13/subsystem/0000:03/power HTTP/1.1" 200 276779 "-" "meta-externalagent/1.1 (+https://developers.facebook.com/docs/sharing/webmasters/crawler)"
216.73.216.56 - - [20/Dec/2025:01:06:07 +0000] "GET /index.php?rest_route=%2Fwp%2Fv2%2Fposts%2F28399 HTTP/1.1" 200 7622 "-" "Mozilla/5.0 AppleWebKit/537.36 (KHTML, like Gecko; compatible; ClaudeBot/1.0; +claudebot@anthropic.com)"
45.154.98.70 - - [20/Dec/2025:01:06:07 +0000] "POST //xmlrpc.php HTTP/1.1" 200 7676 "-" "Mozilla/5.0 (Windows NT 10.0; Win64; x64) AppleWebKit/537.36 (KHTML, like Gecko) Chrome/78.0.3904.108 Safari/537.36"
57.141.0.42 - - [20/Dec/2025:01:06:08 +0000] "GET /2025/03/07/page/6/?path=//sys/class/pci_bus/0000:03/subsystem/0000:0e/subsystem/0000:02/device/subsystem/slots/0-5 HTTP/1.1" 200 276733 "-" "meta-externalagent/1.1 (+https://developers.facebook.com/docs/sharing/webmasters/crawler)"
45.154.98.70 - - [20/Dec/2025:01:06:08 +0000] "POST //xmlrpc.php HTTP/1.1" 200 7682 "-" "Mozilla/5.0 (Windows NT 10.0; Win64; x64) AppleWebKit/537.36 (KHTML, like Gecko) Chrome/78.0.3904.108 Safari/537.36"
57.141.0.37 - - [20/Dec/2025:01:06:09 +0000] "GET /karamba-spielsaal-erfahrungen-angeschlossen-testbericht-werfen-sie-einen-blick-auf-den-link-within-2025-pro-teutonia/?fileloc=//sys/class/pci_bus/0000:0a/subsystem/0000:11/subsystem/0000:0c/device/driver/0000:00:04.0/driver/0000:00:03.4/max_link_speed&path=//sys/class/pci_bus/0000:0a/subsystem/0000:11/subsystem/0000:0c/device/driver/0000:00:04.0/driver/0000:00:03.4 HTTP/1.1" 200 276788 "-" "meta-externalagent/1.1 (+https://developers.facebook.com/docs/sharing/webmasters/crawler)"
45.154.98.70 - - [20/Dec/2025:01:06:09 +0000] "POST //xmlrpc.php HTTP/1.1" 200 7682 "-" "Mozilla/5.0 (Windows NT 10.0; Win64; x64) AppleWebKit/537.36 (KHTML, like Gecko) Chrome/78.0.3904.108 Safari/537.36"
57.141.0.55 - - [20/Dec/2025:01:06:10 +0000] "GET /karamba-spielsaal-erfahrungen-angeschlossen-testbericht-werfen-sie-einen-blick-auf-den-link-within-2025-pro-teutonia/?fileloc=//sys/class/pci_bus/0000:02/subsystem/0000:07/subsystem/0000:0e/device/driver/0000:00:02.2/driver/0000:00:02.6/max_link_width&path=//sys/class/pci_bus/0000:02/subsystem/0000:07/subsystem/0000:0e/device/driver/0000:00:02.2/driver/0000:00:02.6 HTTP/1.1" 200 276788 "-" "meta-externalagent/1.1 (+https://developers.facebook.com/docs/sharing/webmasters/crawler)"
216.73.216.56 - - [20/Dec/2025:01:06:10 +0000] "GET /index.php?rest_route=%2Fwp%2Fv2%2Fposts%2F18112 HTTP/1.1" 200 14518 "-" "Mozilla/5.0 AppleWebKit/537.36 (KHTML, like Gecko; compatible; ClaudeBot/1.0; +claudebot@anthropic.com)"
45.154.98.70 - - [20/Dec/2025:01:06:10 +0000] "POST //xmlrpc.php HTTP/1.1" 200 7682 "-" "Mozilla/5.0 (Windows NT 10.0; Win64; x64) AppleWebKit/537.36 (KHTML, like Gecko) Chrome/78.0.3904.108 Safari/537.36"
185.191.171.9 - - [20/Dec/2025:01:06:11 +0000] "GET /?p=22453 HTTP/1.1" 200 49922 "-" "Mozilla/5.0 (compatible; SemrushBot/7~bl; +http://www.semrush.com/bot.html)"
57.141.0.11 - - [20/Dec/2025:01:06:12 +0000] "GET /2025/03/06/page/39/?fileloc=//sys/class/pci_bus/0000:06/subsystem/0000:13/subsystem/0000:0e/device/driver/0000:00:04.0/driver/0000:00:02.0/uevent&path=//sys/class/pci_bus/0000:06/subsystem/0000:13/subsystem/0000:0e/device/driver/0000:00:04.0/driver/0000:00:02.0 HTTP/1.1" 200 276788 "-" "meta-externalagent/1.1 (+https://developers.facebook.com/docs/sharing/webmasters/crawler)"
45.154.98.70 - - [20/Dec/2025:01:06:12 +0000] "POST //xmlrpc.php HTTP/1.1" 200 7682 "-" "Mozilla/5.0 (Windows NT 10.0; Win64; x64) AppleWebKit/537.36 (KHTML, like Gecko) Chrome/78.0.3904.108 Safari/537.36"
57.141.0.6 - - [20/Dec/2025:01:06:13 +0000] "GET /2025/03/07/page/6/?fileloc=//sys/class/pci_bus/0000:0b/subsystem/0000:09/device/0000:00:02.7:pcie001/driver/0000:00:02.5:pcie001/subsystem/drivers_probe&path=//sys/class/pci_bus/0000:0b/subsystem/0000:09/device/0000:00:02.7:pcie001/driver/0000:00:02.5:pcie001/subsystem HTTP/1.1" 200 276788 "-" "meta-externalagent/1.1 (+https://developers.facebook.com/docs/sharing/webmasters/crawler)"
216.73.216.56 - - [20/Dec/2025:01:06:13 +0000] "GET /index.php?rest_route=%2Fwp%2Fv2%2Fposts%2F17137 HTTP/1.1" 200 9680 "-" "Mozilla/5.0 AppleWebKit/537.36 (KHTML, like Gecko; compatible; ClaudeBot/1.0; +claudebot@anthropic.com)"
45.154.98.70 - - [20/Dec/2025:01:06:13 +0000] "POST //xmlrpc.php HTTP/1.1" 200 7682 "-" "Mozilla/5.0 (Windows NT 10.0; Win64; x64) AppleWebKit/537.36 (KHTML, like Gecko) Chrome/78.0.3904.108 Safari/537.36"
57.141.0.36 - - [20/Dec/2025:01:06:14 +0000] "GET /karamba-spielsaal-erfahrungen-angeschlossen-testbericht-werfen-sie-einen-blick-auf-den-link-within-2025-pro-teutonia/?fileloc=//sys/class/pci_bus/0000:0f/device/driver/0000:00:02.7/driver/0000:00:02.4/driver/0000:00:02.2/d3cold_allowed&path=//sys/class/pci_bus/0000:0f/device/driver/0000:00:02.7/driver/0000:00:02.4/driver/0000:00:02.2 HTTP/1.1" 200 276788 "-" "meta-externalagent/1.1 (+https://developers.facebook.com/docs/sharing/webmasters/crawler)"
45.154.98.70 - - [20/Dec/2025:01:06:15 +0000] "POST //xmlrpc.php HTTP/1.1" 200 7682 "-" "Mozilla/5.0 (Windows NT 10.0; Win64; x64) AppleWebKit/537.36 (KHTML, like Gecko) Chrome/78.0.3904.108 Safari/537.36"
57.141.0.30 - - [20/Dec/2025:01:06:16 +0000] "GET /karamba-spielsaal-erfahrungen-angeschlossen-testbericht-werfen-sie-einen-blick-auf-den-link-within-2025-pro-teutonia/?path=//sys/class/pci_bus/0000:04/subsystem/0000:11/subsystem/0000:08/subsystem/0000:07/subsystem/0000:0d HTTP/1.1" 200 276788 "-" "meta-externalagent/1.1 (+https://developers.facebook.com/docs/sharing/webmasters/crawler)"
40.77.167.25 - - [20/Dec/2025:01:06:16 +0000] "GET /0_PIRIOTHREEANDHALF-medium/?fileloc=/etc/ca-certificates.conf&path=/etc HTTP/1.1" 200 52143 "-" "Mozilla/5.0 AppleWebKit/537.36 (KHTML, like Gecko; compatible; bingbot/2.0; +http://www.bing.com/bingbot.htm) Chrome/116.0.1938.76 Safari/537.36"
57.141.0.18 - - [20/Dec/2025:01:06:17 +0000] "GET /2025/03/07/page/6/?path=//sys/class/pci_bus/0000:09/device/driver/0000:00:02.1/driver/0000:00:02.0/firmware_node/subsystem/devices/device:45 HTTP/1.1" 200 276741 "-" "meta-externalagent/1.1 (+https://developers.facebook.com/docs/sharing/webmasters/crawler)"
216.73.216.56 - - [20/Dec/2025:01:06:17 +0000] "GET /index.php?rest_route=%2Fwp%2Fv2%2Fposts%2F35104 HTTP/1.1" 200 9150 "-" "Mozilla/5.0 AppleWebKit/537.36 (KHTML, like Gecko; compatible; ClaudeBot/1.0; +claudebot@anthropic.com)"
45.154.98.70 - - [20/Dec/2025:01:06:17 +0000] "POST //xmlrpc.php HTTP/1.1" 200 7682 "-" "Mozilla/5.0 (Windows NT 10.0; Win64; x64) AppleWebKit/537.36 (KHTML, like Gecko) Chrome/78.0.3904.108 Safari/537.36"
57.141.0.36 - - [20/Dec/2025:01:06:18 +0000] "GET /karamba-spielsaal-erfahrungen-angeschlossen-testbericht-werfen-sie-einen-blick-auf-den-link-within-2025-pro-teutonia/?fileloc=//sys/class/pci_bus/0000:06/subsystem/0000:11/subsystem/0000:0b/device/driver/0000:00:03.0/ari_enabled&path=//sys/class/pci_bus/0000:06/subsystem/0000:11/subsystem/0000:0b/device/driver/0000:00:03.0 HTTP/1.1" 200 276788 "-" "meta-externalagent/1.1 (+https://developers.facebook.com/docs/sharing/webmasters/crawler)"
45.154.98.70 - - [20/Dec/2025:01:06:18 +0000] "POST //xmlrpc.php HTTP/1.1" 200 7682 "-" "Mozilla/5.0 (Windows NT 10.0; Win64; x64) AppleWebKit/537.36 (KHTML, like Gecko) Chrome/78.0.3904.108 Safari/537.36"
216.73.216.56 - - [20/Dec/2025:01:06:19 +0000] "GET /index.php?rest_route=%2Fwp%2Fv2%2Fposts%2F43203 HTTP/1.1" 200 7967 "-" "Mozilla/5.0 AppleWebKit/537.36 (KHTML, like Gecko; compatible; ClaudeBot/1.0; +claudebot@anthropic.com)"
57.141.0.60 - - [20/Dec/2025:01:06:19 +0000] "GET /karamba-spielsaal-erfahrungen-angeschlossen-testbericht-werfen-sie-einen-blick-auf-den-link-within-2025-pro-teutonia/?fileloc=//sys/class/pci_bus/0000:01/subsystem/0000:0b/device/subsystem/drivers/lpc_ich/0000:00:1f.0/enable&path=//sys/class/pci_bus/0000:01/subsystem/0000:0b/device/subsystem/drivers/lpc_ich/0000:00:1f.0 HTTP/1.1" 200 276788 "-" "meta-externalagent/1.1 (+https://developers.facebook.com/docs/sharing/webmasters/crawler)"
45.154.98.70 - - [20/Dec/2025:01:06:20 +0000] "POST //xmlrpc.php HTTP/1.1" 200 7682 "-" "Mozilla/5.0 (Windows NT 10.0; Win64; x64) AppleWebKit/537.36 (KHTML, like Gecko) Chrome/78.0.3904.108 Safari/537.36"
57.141.0.45 - - [20/Dec/2025:01:06:20 +0000] "GET /karamba-spielsaal-erfahrungen-angeschlossen-testbericht-werfen-sie-einen-blick-auf-den-link-within-2025-pro-teutonia/?path=//sys/class/pci_bus/0000:0b/subsystem/0000:07/subsystem/0000:11/subsystem/0000:0a/device/firmware_node HTTP/1.1" 200 276740 "-" "meta-externalagent/1.1 (+https://developers.facebook.com/docs/sharing/webmasters/crawler)"
114.119.133.46 - - [20/Dec/2025:01:06:21 +0000] "GET /zeus-slots-gratis-slot-1524-golden-quest-banana-rock-jogos-de-slot-zeus-slots-online-website-nha-cai-gemwin/?path=//tmp HTTP/1.1" 200 52145 "https://datainsightnow.com/zeus-slots-gratis-slot-1524-golden-quest-banana-rock-jogos-de-slot-zeus-slots-online-website-nha-cai-gemwin/?path=//tmp/snap-private-tmp" "Mozilla/5.0 (Linux; Android 7.0;) AppleWebKit/537.36 (KHTML, like Gecko) Mobile Safari/537.36 (compatible; PetalBot;+https://webmaster.petalsearch.com/site/petalbot)"
45.154.98.70 - - [20/Dec/2025:01:06:21 +0000] "POST //xmlrpc.php HTTP/1.1" 200 7676 "-" "Mozilla/5.0 (Windows NT 10.0; Win64; x64) AppleWebKit/537.36 (KHTML, like Gecko) Chrome/78.0.3904.108 Safari/537.36"
57.141.0.55 - - [20/Dec/2025:01:06:22 +0000] "GET /2025/03/07/page/6/?fileloc=//sys/class/pci_bus/0000:00/device/0000:00:02.7/driver/0000:00:03.0/subsystem/devices/0000:00:02.1/aer_dev_nonfatal&path=//sys/class/pci_bus/0000:00/device/0000:00:02.7/driver/0000:00:03.0/subsystem/devices/0000:00:02.1 HTTP/1.1" 200 276733 "-" "meta-externalagent/1.1 (+https://developers.facebook.com/docs/sharing/webmasters/crawler)"
216.73.216.56 - - [20/Dec/2025:01:06:23 +0000] "GET /index.php?rest_route=%2Fwp%2Fv2%2Fposts%2F47337 HTTP/1.1" 200 13207 "-" "Mozilla/5.0 AppleWebKit/537.36 (KHTML, like Gecko; compatible; ClaudeBot/1.0; +claudebot@anthropic.com)"
57.141.0.62 - - [20/Dec/2025:01:06:23 +0000] "GET /2025/03/07/page/6/?fileloc=//sys/class/pci_bus/0000:01/subsystem/0000:0f/subsystem/0000:0f/subsystem/0000:0b/device/driver/0000:00:03.5/subordinate_bus_number&path=//sys/class/pci_bus/0000:01/subsystem/0000:0f/subsystem/0000:0f/subsystem/0000:0b/device/driver/0000:00:03.5 HTTP/1.1" 200 276733 "-" "meta-externalagent/1.1 (+https://developers.facebook.com/docs/sharing/webmasters/crawler)"
45.154.98.70 - - [20/Dec/2025:01:06:24 +0000] "POST //xmlrpc.php HTTP/1.1" 200 7676 "-" "Mozilla/5.0 (Windows NT 10.0; Win64; x64) AppleWebKit/537.36 (KHTML, like Gecko) Chrome/78.0.3904.108 Safari/537.36"
57.141.0.75 - - [20/Dec/2025:01:06:25 +0000] "GET /karamba-spielsaal-erfahrungen-angeschlossen-testbericht-werfen-sie-einen-blick-auf-den-link-within-2025-pro-teutonia/?fileloc=//sys/class/pci_bus/0000:08/subsystem/0000:0c/device/0000:00:03.2:pcie001/driver/0000:00:03.5:pcie001/driver/0000:00:03.3:pcie001/uevent&path=//sys/class/pci_bus/0000:08/subsystem/0000:0c/device/0000:00:03.2:pcie001/driver/0000:00:03.5:pcie001/driver/0000:00:03.3:pcie001 HTTP/1.1" 200 276788 "-" "meta-externalagent/1.1 (+https://developers.facebook.com/docs/sharing/webmasters/crawler)"
57.141.0.28 - - [20/Dec/2025:01:06:26 +0000] "GET /karamba-spielsaal-erfahrungen-angeschlossen-testbericht-werfen-sie-einen-blick-auf-den-link-within-2025-pro-teutonia/?fileloc=//sys/class/pci_bus/0000:06/subsystem/0000:09/subsystem/0000:00/device/0000:00:02.6/subsystem/drivers/virtio-pci/0000:05:00.0/modalias&path=//sys/class/pci_bus/0000:06/subsystem/0000:09/subsystem/0000:00/device/0000:00:02.6/subsystem/drivers/virtio-pci/0000:05:00.0 HTTP/1.1" 200 276788 "-" "meta-externalagent/1.1 (+https://developers.facebook.com/docs/sharing/webmasters/crawler)"
216.73.216.56 - - [20/Dec/2025:01:06:26 +0000] "GET /index.php?rest_route=%2Fwp%2Fv2%2Fposts%2F34653 HTTP/1.1" 200 8326 "-" "Mozilla/5.0 AppleWebKit/537.36 (KHTML, like Gecko; compatible; ClaudeBot/1.0; +claudebot@anthropic.com)"
45.154.98.70 - - [20/Dec/2025:01:06:26 +0000] "POST //xmlrpc.php HTTP/1.1" 200 7676 "-" "Mozilla/5.0 (Windows NT 10.0; Win64; x64) AppleWebKit/537.36 (KHTML, like Gecko) Chrome/78.0.3904.108 Safari/537.36"
57.141.0.73 - - [20/Dec/2025:01:06:27 +0000] "GET /2025/03/07/page/6/?fileloc=//sys/class/pci_bus/0000:05/subsystem/0000:08/subsystem/0000:09/subsystem/0000:05/subsystem/0000:0d/power/async&path=//sys/class/pci_bus/0000:05/subsystem/0000:08/subsystem/0000:09/subsystem/0000:05/subsystem/0000:0d/power HTTP/1.1" 200 276779 "-" "meta-externalagent/1.1 (+https://developers.facebook.com/docs/sharing/webmasters/crawler)"
57.141.0.74 - - [20/Dec/2025:01:06:28 +0000] "GET /2025/03/07/page/6/?fileloc=//sys/class/pci_bus/0000:05/subsystem/0000:0b/subsystem/0000:01/subsystem/0000:10/subsystem/0000:12/subsystem/0000:00/device/0000:00:03.7/max_link_width&path=//sys/class/pci_bus/0000:05/subsystem/0000:0b/subsystem/0000:01/subsystem/0000:10/subsystem/0000:12/subsystem/0000:00/device/0000:00:03.7 HTTP/1.1" 200 276788 "-" "meta-externalagent/1.1 (+https://developers.facebook.com/docs/sharing/webmasters/crawler)"
45.154.98.70 - - [20/Dec/2025:01:06:28 +0000] "POST //xmlrpc.php HTTP/1.1" 200 7682 "-" "Mozilla/5.0 (Windows NT 10.0; Win64; x64) AppleWebKit/537.36 (KHTML, like Gecko) Chrome/78.0.3904.108 Safari/537.36"
216.73.216.56 - - [20/Dec/2025:01:06:28 +0000] "GET /index.php?rest_route=%2Fwp%2Fv2%2Fposts%2F28609 HTTP/1.1" 200 10038 "-" "Mozilla/5.0 AppleWebKit/537.36 (KHTML, like Gecko; compatible; ClaudeBot/1.0; +claudebot@anthropic.com)"
57.141.0.27 - - [20/Dec/2025:01:06:29 +0000] "GET /karamba-spielsaal-erfahrungen-angeschlossen-testbericht-werfen-sie-einen-blick-auf-den-link-within-2025-pro-teutonia/?path=//sys/class/pci_bus/0000:0e/subsystem/0000:03/subsystem/0000:0f/subsystem/0000:04/device/driver/0000:00:03.3/power HTTP/1.1" 200 276787 "-" "meta-externalagent/1.1 (+https://developers.facebook.com/docs/sharing/webmasters/crawler)"
45.154.98.70 - - [20/Dec/2025:01:06:29 +0000] "POST //xmlrpc.php HTTP/1.1" 200 7682 "-" "Mozilla/5.0 (Windows NT 10.0; Win64; x64) AppleWebKit/537.36 (KHTML, like Gecko) Chrome/78.0.3904.108 Safari/537.36"
57.141.0.48 - - [20/Dec/2025:01:06:30 +0000] "GET /karamba-spielsaal-erfahrungen-angeschlossen-testbericht-werfen-sie-einen-blick-auf-den-link-within-2025-pro-teutonia/?fileloc=//sys/class/pci_bus/0000:06/subsystem/0000:00/subsystem/0000:0b/subsystem/0000:10/subsystem/0000:0a/device/driver/0000:00:03.5/subsystem_vendor&path=//sys/class/pci_bus/0000:06/subsystem/0000:00/subsystem/0000:0b/subsystem/0000:10/subsystem/0000:0a/device/driver/0000:00:03.5 HTTP/1.1" 200 276788 "-" "meta-externalagent/1.1 (+https://developers.facebook.com/docs/sharing/webmasters/crawler)"
45.154.98.70 - - [20/Dec/2025:01:06:30 +0000] "POST //xmlrpc.php HTTP/1.1" 200 7676 "-" "Mozilla/5.0 (Windows NT 10.0; Win64; x64) AppleWebKit/537.36 (KHTML, like Gecko) Chrome/78.0.3904.108 Safari/537.36"
216.73.216.56 - - [20/Dec/2025:01:06:31 +0000] "GET /index.php?rest_route=%2Fwp%2Fv2%2Fposts%2F28579 HTTP/1.1" 200 9732 "-" "Mozilla/5.0 AppleWebKit/537.36 (KHTML, like Gecko; compatible; ClaudeBot/1.0; +claudebot@anthropic.com)"
85.208.96.196 - - [20/Dec/2025:01:06:31 +0000] "GET /?p=36823 HTTP/1.1" 200 49243 "-" "Mozilla/5.0 (compatible; SemrushBot/7~bl; +http://www.semrush.com/bot.html)"
57.141.0.74 - - [20/Dec/2025:01:06:32 +0000] "GET /2025/03/07/page/6/?fileloc=//sys/class/pci_bus/0000:0b/subsystem/0000:00/device/0000:00:02.7/driver/0000:00:02.7/subsystem/drivers/xen-platform-pci/uevent&path=//sys/class/pci_bus/0000:0b/subsystem/0000:00/device/0000:00:02.7/driver/0000:00:02.7/subsystem/drivers/xen-platform-pci HTTP/1.1" 200 276740 "-" "meta-externalagent/1.1 (+https://developers.facebook.com/docs/sharing/webmasters/crawler)"
45.154.98.70 - - [20/Dec/2025:01:06:32 +0000] "POST //xmlrpc.php HTTP/1.1" 200 7682 "-" "Mozilla/5.0 (Windows NT 10.0; Win64; x64) AppleWebKit/537.36 (KHTML, like Gecko) Chrome/78.0.3904.108 Safari/537.36"
57.141.0.59 - - [20/Dec/2025:01:06:33 +0000] "GET /karamba-spielsaal-erfahrungen-angeschlossen-testbericht-werfen-sie-einen-blick-auf-den-link-within-2025-pro-teutonia/?fileloc=//sys/class/pci_bus/0000:06/subsystem/0000:05/subsystem/0000:02/device/driver/0000:00:02.7/modalias&path=//sys/class/pci_bus/0000:06/subsystem/0000:05/subsystem/0000:02/device/driver/0000:00:02.7 HTTP/1.1" 200 276788 "-" "meta-externalagent/1.1 (+https://developers.facebook.com/docs/sharing/webmasters/crawler)"
57.141.0.33 - - [20/Dec/2025:01:06:35 +0000] "GET /2025/03/07/page/6/?path=//sys/class/pci_bus/0000:0a/device/driver/0000:00:02.4/driver/0000:00:02.7/pci_bus/0000:09/subsystem/0000:12/device HTTP/1.1" 200 276788 "-" "meta-externalagent/1.1 (+https://developers.facebook.com/docs/sharing/webmasters/crawler)"
45.154.98.70 - - [20/Dec/2025:01:06:35 +0000] "POST //xmlrpc.php HTTP/1.1" 200 7682 "-" "Mozilla/5.0 (Windows NT 10.0; Win64; x64) AppleWebKit/537.36 (KHTML, like Gecko) Chrome/78.0.3904.108 Safari/537.36"
