216.73.216.56 - - [20/Dec/2025:00:39:00 +0000] "GET /entity/47988554.htm HTTP/1.1" 301 7281 "-" "Mozilla/5.0 AppleWebKit/537.36 (KHTML, like Gecko; compatible; ClaudeBot/1.0; +claudebot@anthropic.com)"
216.73.216.56 - - [20/Dec/2025:00:39:01 +0000] "GET /entity/47988554.htm/ HTTP/1.1" 200 52143 "https://datainsightnow.com/entity/47988554.htm" "Mozilla/5.0 AppleWebKit/537.36 (KHTML, like Gecko; compatible; ClaudeBot/1.0; +claudebot@anthropic.com)"
216.73.216.56 - - [20/Dec/2025:00:39:03 +0000] "GET /entity/48040354.htm HTTP/1.1" 301 7281 "-" "Mozilla/5.0 AppleWebKit/537.36 (KHTML, like Gecko; compatible; ClaudeBot/1.0; +claudebot@anthropic.com)"
57.141.0.31 - - [20/Dec/2025:00:39:04 +0000] "GET /2025/03/06/page/39/?fileloc=//sys/class/pci_bus/0000:0c/subsystem/0000:01/subsystem/0000:13/subsystem/0000:03/subsystem/0000:0f/rescan&path=//sys/class/pci_bus/0000:0c/subsystem/0000:01/subsystem/0000:13/subsystem/0000:03/subsystem/0000:0f HTTP/1.1" 200 276788 "-" "meta-externalagent/1.1 (+https://developers.facebook.com/docs/sharing/webmasters/crawler)"
216.73.216.56 - - [20/Dec/2025:00:39:05 +0000] "GET /entity/48040354.htm/ HTTP/1.1" 200 52143 "https://datainsightnow.com/entity/48040354.htm" "Mozilla/5.0 AppleWebKit/537.36 (KHTML, like Gecko; compatible; ClaudeBot/1.0; +claudebot@anthropic.com)"
216.73.216.56 - - [20/Dec/2025:00:39:06 +0000] "GET /entity/47943484.htm HTTP/1.1" 301 7275 "-" "Mozilla/5.0 AppleWebKit/537.36 (KHTML, like Gecko; compatible; ClaudeBot/1.0; +claudebot@anthropic.com)"
216.73.216.56 - - [20/Dec/2025:00:39:07 +0000] "GET /entity/47943484.htm/ HTTP/1.1" 200 52143 "https://datainsightnow.com/entity/47943484.htm" "Mozilla/5.0 AppleWebKit/537.36 (KHTML, like Gecko; compatible; ClaudeBot/1.0; +claudebot@anthropic.com)"
216.73.216.56 - - [20/Dec/2025:00:39:09 +0000] "GET /entity/47889873.htm HTTP/1.1" 301 7275 "-" "Mozilla/5.0 AppleWebKit/537.36 (KHTML, like Gecko; compatible; ClaudeBot/1.0; +claudebot@anthropic.com)"
216.73.216.56 - - [20/Dec/2025:00:39:10 +0000] "GET /entity/47889873.htm/ HTTP/1.1" 200 52143 "https://datainsightnow.com/entity/47889873.htm" "Mozilla/5.0 AppleWebKit/537.36 (KHTML, like Gecko; compatible; ClaudeBot/1.0; +claudebot@anthropic.com)"
57.141.0.32 - - [20/Dec/2025:00:39:11 +0000] "GET /2025/03/05/page/6/?fileloc=//sys/class/pci_bus/0000:01/subsystem/0000:0c/device/driver/0000:00:02.3/power/wakeup_active&path=//sys/class/pci_bus/0000:01/subsystem/0000:0c/device/driver/0000:00:02.3/power HTTP/1.1" 200 276788 "-" "meta-externalagent/1.1 (+https://developers.facebook.com/docs/sharing/webmasters/crawler)"
216.73.216.56 - - [20/Dec/2025:00:39:12 +0000] "GET /entity/48048120.htm HTTP/1.1" 301 7281 "-" "Mozilla/5.0 AppleWebKit/537.36 (KHTML, like Gecko; compatible; ClaudeBot/1.0; +claudebot@anthropic.com)"
216.73.216.56 - - [20/Dec/2025:00:39:13 +0000] "GET /entity/48048120.htm/ HTTP/1.1" 200 52143 "https://datainsightnow.com/entity/48048120.htm" "Mozilla/5.0 AppleWebKit/537.36 (KHTML, like Gecko; compatible; ClaudeBot/1.0; +claudebot@anthropic.com)"
216.73.216.56 - - [20/Dec/2025:00:39:15 +0000] "GET /entity/47911890.htm HTTP/1.1" 301 7275 "-" "Mozilla/5.0 AppleWebKit/537.36 (KHTML, like Gecko; compatible; ClaudeBot/1.0; +claudebot@anthropic.com)"
216.73.216.56 - - [20/Dec/2025:00:39:16 +0000] "GET /entity/47911890.htm/ HTTP/1.1" 200 52143 "https://datainsightnow.com/entity/47911890.htm" "Mozilla/5.0 AppleWebKit/537.36 (KHTML, like Gecko; compatible; ClaudeBot/1.0; +claudebot@anthropic.com)"
57.141.0.62 - - [20/Dec/2025:00:39:17 +0000] "GET /2025/03/07/page/6/?fileloc=//sys/class/pci_bus/0000:11/device/driver/0000:00:02.5/driver/0000:00:03.4/driver/0000:00:02.7/power_state&path=//sys/class/pci_bus/0000:11/device/driver/0000:00:02.5/driver/0000:00:03.4/driver/0000:00:02.7 HTTP/1.1" 200 276788 "-" "meta-externalagent/1.1 (+https://developers.facebook.com/docs/sharing/webmasters/crawler)"
216.73.216.56 - - [20/Dec/2025:00:39:18 +0000] "GET /entity/48046319.htm HTTP/1.1" 301 7275 "-" "Mozilla/5.0 AppleWebKit/537.36 (KHTML, like Gecko; compatible; ClaudeBot/1.0; +claudebot@anthropic.com)"
216.73.216.56 - - [20/Dec/2025:00:39:19 +0000] "GET /entity/48046319.htm/ HTTP/1.1" 200 52143 "https://datainsightnow.com/entity/48046319.htm" "Mozilla/5.0 AppleWebKit/537.36 (KHTML, like Gecko; compatible; ClaudeBot/1.0; +claudebot@anthropic.com)"
66.249.69.1 - - [20/Dec/2025:00:39:19 +0000] "GET /entity/611673046.htm HTTP/1.1" 200 30417 "-" "Mozilla/5.0 (Linux; Android 6.0.1; Nexus 5X Build/MMB29P) AppleWebKit/537.36 (KHTML, like Gecko) Chrome/141.0.7390.122 Mobile Safari/537.36 (compatible; Googlebot/2.1; +http://www.google.com/bot.html)"
216.73.216.56 - - [20/Dec/2025:00:39:21 +0000] "GET /index.php?rest_route=%2Fwp%2Fv2%2Fposts%2F17897 HTTP/1.1" 200 8887 "-" "Mozilla/5.0 AppleWebKit/537.36 (KHTML, like Gecko; compatible; ClaudeBot/1.0; +claudebot@anthropic.com)"
57.141.0.16 - - [20/Dec/2025:00:39:23 +0000] "GET /karamba-spielsaal-erfahrungen-angeschlossen-testbericht-werfen-sie-einen-blick-auf-den-link-within-2025-pro-teutonia/?fileloc=//sys/class/pci_bus/0000:0f/subsystem/0000:06/subsystem/0000:02/subsystem/0000:0a/device/power/runtime_active_time&path=//sys/class/pci_bus/0000:0f/subsystem/0000:06/subsystem/0000:02/subsystem/0000:0a/device/power HTTP/1.1" 200 276733 "-" "meta-externalagent/1.1 (+https://developers.facebook.com/docs/sharing/webmasters/crawler)"
216.73.216.56 - - [20/Dec/2025:00:39:24 +0000] "GET /index.php?rest_route=%2Fwp%2Fv2%2Fposts%2F30183 HTTP/1.1" 200 8676 "-" "Mozilla/5.0 AppleWebKit/537.36 (KHTML, like Gecko; compatible; ClaudeBot/1.0; +claudebot@anthropic.com)"
216.73.216.56 - - [20/Dec/2025:00:39:27 +0000] "GET /index.php?rest_route=%2Fwp%2Fv2%2Fposts%2F28547 HTTP/1.1" 200 7189 "-" "Mozilla/5.0 AppleWebKit/537.36 (KHTML, like Gecko; compatible; ClaudeBot/1.0; +claudebot@anthropic.com)"
57.141.0.43 - - [20/Dec/2025:00:39:29 +0000] "GET /karamba-spielsaal-erfahrungen-angeschlossen-testbericht-werfen-sie-einen-blick-auf-den-link-within-2025-pro-teutonia/?path=//sys/class/pci_bus/0000:06/subsystem/0000:07/subsystem/0000:03/subsystem/0000:06/subsystem/0000:07 HTTP/1.1" 200 276788 "-" "meta-externalagent/1.1 (+https://developers.facebook.com/docs/sharing/webmasters/crawler)"
216.73.216.56 - - [20/Dec/2025:00:39:30 +0000] "GET /index.php?rest_route=%2Fwp%2Fv2%2Fposts%2F40817 HTTP/1.1" 200 9120 "-" "Mozilla/5.0 AppleWebKit/537.36 (KHTML, like Gecko; compatible; ClaudeBot/1.0; +claudebot@anthropic.com)"
216.73.216.56 - - [20/Dec/2025:00:39:33 +0000] "GET /index.php?rest_route=%2Fwp%2Fv2%2Fposts%2F21903 HTTP/1.1" 200 7860 "-" "Mozilla/5.0 AppleWebKit/537.36 (KHTML, like Gecko; compatible; ClaudeBot/1.0; +claudebot@anthropic.com)"
57.141.0.43 - - [20/Dec/2025:00:39:35 +0000] "GET /karamba-spielsaal-erfahrungen-angeschlossen-testbericht-werfen-sie-einen-blick-auf-den-link-within-2025-pro-teutonia/?path=//sys/class/pci_bus/0000:06/subsystem/0000:13/subsystem/0000:11/subsystem/0000:02/device/driver/0000:00:02.1/driver/0000:00:03.4 HTTP/1.1" 200 276741 "-" "meta-externalagent/1.1 (+https://developers.facebook.com/docs/sharing/webmasters/crawler)"
216.73.216.56 - - [20/Dec/2025:00:39:36 +0000] "GET /index.php?rest_route=%2Fwp%2Fv2%2Fposts%2F21811 HTTP/1.1" 200 7933 "-" "Mozilla/5.0 AppleWebKit/537.36 (KHTML, like Gecko; compatible; ClaudeBot/1.0; +claudebot@anthropic.com)"
216.73.216.56 - - [20/Dec/2025:00:39:39 +0000] "GET /entity/245300458.htm HTTP/1.1" 301 7275 "-" "Mozilla/5.0 AppleWebKit/537.36 (KHTML, like Gecko; compatible; ClaudeBot/1.0; +claudebot@anthropic.com)"
216.73.216.56 - - [20/Dec/2025:00:39:40 +0000] "GET /entity/245300458.htm/ HTTP/1.1" 200 52143 "https://datainsightnow.com/entity/245300458.htm" "Mozilla/5.0 AppleWebKit/537.36 (KHTML, like Gecko; compatible; ClaudeBot/1.0; +claudebot@anthropic.com)"
57.141.0.36 - - [20/Dec/2025:00:39:41 +0000] "GET /2025/03/07/page/6/?path=//sys/class/pci_bus/0000:0f/subsystem/0000:05/device/driver/0000:00:03.2/subsystem/devices/0000:00:03.7 HTTP/1.1" 200 276788 "-" "meta-externalagent/1.1 (+https://developers.facebook.com/docs/sharing/webmasters/crawler)"
40.77.167.19 - - [20/Dec/2025:00:39:44 +0000] "GET /usm_0.66_1.00_0.01/?path=/proc/46/attr/apparmor HTTP/1.1" 200 52143 "-" "Mozilla/5.0 AppleWebKit/537.36 (KHTML, like Gecko; compatible; bingbot/2.0; +http://www.bing.com/bingbot.htm) Chrome/116.0.1938.76 Safari/537.36"
216.73.216.56 - - [20/Dec/2025:00:39:46 +0000] "GET /entity/87840368.htm HTTP/1.1" 301 7281 "-" "Mozilla/5.0 AppleWebKit/537.36 (KHTML, like Gecko; compatible; ClaudeBot/1.0; +claudebot@anthropic.com)"
57.141.0.39 - - [20/Dec/2025:00:39:47 +0000] "GET /karamba-spielsaal-erfahrungen-angeschlossen-testbericht-werfen-sie-einen-blick-auf-den-link-within-2025-pro-teutonia/?path=//sys/class/pci_bus/0000:06/subsystem/0000:0d/subsystem/0000:09/device/driver/0000:00:03.3/0000:00:03.3:pcie002 HTTP/1.1" 200 276788 "-" "meta-externalagent/1.1 (+https://developers.facebook.com/docs/sharing/webmasters/crawler)"
216.73.216.56 - - [20/Dec/2025:00:39:48 +0000] "GET /entity/87840368.htm/ HTTP/1.1" 200 52143 "https://datainsightnow.com/entity/87840368.htm" "Mozilla/5.0 AppleWebKit/537.36 (KHTML, like Gecko; compatible; ClaudeBot/1.0; +claudebot@anthropic.com)"
216.73.216.56 - - [20/Dec/2025:00:39:49 +0000] "GET /entity/245121481.htm HTTP/1.1" 301 7281 "-" "Mozilla/5.0 AppleWebKit/537.36 (KHTML, like Gecko; compatible; ClaudeBot/1.0; +claudebot@anthropic.com)"
216.73.216.56 - - [20/Dec/2025:00:39:50 +0000] "GET /entity/245121481.htm/ HTTP/1.1" 200 52143 "https://datainsightnow.com/entity/245121481.htm" "Mozilla/5.0 AppleWebKit/537.36 (KHTML, like Gecko; compatible; ClaudeBot/1.0; +claudebot@anthropic.com)"
66.135.21.75 - - [20/Dec/2025:00:39:53 +0000] "POST /wp-cron.php?doing_wp_cron=1766191192.1157460212707519531250 HTTP/1.1" 499 0 "-" "WordPress/6.3.1; https://datainsightnow.com"
216.73.216.56 - - [20/Dec/2025:00:39:53 +0000] "GET /entity/245222748.htm HTTP/1.1" 301 7281 "-" "Mozilla/5.0 AppleWebKit/537.36 (KHTML, like Gecko; compatible; ClaudeBot/1.0; +claudebot@anthropic.com)"
114.119.137.141 - - [20/Dec/2025:00:39:54 +0000] "GET /zeus-slots-gratis-slot-1524-golden-quest-banana-rock-jogos-de-slot-zeus-slots-online-website-nha-cai-gemwin/?fileloc=//sbin/mkswap&path=//sbin HTTP/1.1" 200 52145 "https://datainsightnow.com/zeus-slots-gratis-slot-1524-golden-quest-banana-rock-jogos-de-slot-zeus-slots-online-website-nha-cai-gemwin/?path=//sbin" "Mozilla/5.0 (Linux; Android 7.0;) AppleWebKit/537.36 (KHTML, like Gecko) Mobile Safari/537.36 (compatible; PetalBot;+https://webmaster.petalsearch.com/site/petalbot)"
216.73.216.56 - - [20/Dec/2025:00:39:54 +0000] "GET /entity/245222748.htm/ HTTP/1.1" 200 52143 "https://datainsightnow.com/entity/245222748.htm" "Mozilla/5.0 AppleWebKit/537.36 (KHTML, like Gecko; compatible; ClaudeBot/1.0; +claudebot@anthropic.com)"
57.141.0.30 - - [20/Dec/2025:00:39:55 +0000] "GET /2025/03/07/page/6/?path=//sys/class/pci_bus/0000:05/subsystem/0000:06/subsystem/0000:11/subsystem/0000:03/subsystem/0000:00/device/0000:00:03.2 HTTP/1.1" 200 276733 "-" "meta-externalagent/1.1 (+https://developers.facebook.com/docs/sharing/webmasters/crawler)"
216.73.216.56 - - [20/Dec/2025:00:39:58 +0000] "GET /entity/87918066.htm HTTP/1.1" 301 7275 "-" "Mozilla/5.0 AppleWebKit/537.36 (KHTML, like Gecko; compatible; ClaudeBot/1.0; +claudebot@anthropic.com)"
216.73.216.56 - - [20/Dec/2025:00:39:58 +0000] "GET /entity/87918066.htm/ HTTP/1.1" 200 52143 "https://datainsightnow.com/entity/87918066.htm" "Mozilla/5.0 AppleWebKit/537.36 (KHTML, like Gecko; compatible; ClaudeBot/1.0; +claudebot@anthropic.com)"
57.141.0.36 - - [20/Dec/2025:00:40:00 +0000] "GET /2025/03/07/page/6/?fileloc=//sys/class/pci_bus/0000:13/subsystem/0000:01/subsystem/0000:04/subsystem/0000:04/device/local_cpus&path=//sys/class/pci_bus/0000:13/subsystem/0000:01/subsystem/0000:04/subsystem/0000:04/device HTTP/1.1" 200 276772 "-" "meta-externalagent/1.1 (+https://developers.facebook.com/docs/sharing/webmasters/crawler)"
216.73.216.56 - - [20/Dec/2025:00:40:01 +0000] "GET /entity/87867051.htm HTTP/1.1" 301 7281 "-" "Mozilla/5.0 AppleWebKit/537.36 (KHTML, like Gecko; compatible; ClaudeBot/1.0; +claudebot@anthropic.com)"
216.73.216.56 - - [20/Dec/2025:00:40:02 +0000] "GET /entity/87867051.htm/ HTTP/1.1" 200 52143 "https://datainsightnow.com/entity/87867051.htm" "Mozilla/5.0 AppleWebKit/537.36 (KHTML, like Gecko; compatible; ClaudeBot/1.0; +claudebot@anthropic.com)"
216.73.216.56 - - [20/Dec/2025:00:40:04 +0000] "GET /index.php?rest_route=%2Fwp%2Fv2%2Fposts%2F34067 HTTP/1.1" 200 9219 "-" "Mozilla/5.0 AppleWebKit/537.36 (KHTML, like Gecko; compatible; ClaudeBot/1.0; +claudebot@anthropic.com)"
57.141.0.16 - - [20/Dec/2025:00:40:06 +0000] "GET /2025/03/07/page/6/?fileloc=//sys/class/pci_bus/0000:13/subsystem/0000:11/subsystem/0000:0d/subsystem/0000:01/subsystem/0000:00/device/0000:00:02.7/aer_rootport_total_err_fatal&path=//sys/class/pci_bus/0000:13/subsystem/0000:11/subsystem/0000:0d/subsystem/0000:01/subsystem/0000:00/device/0000:00:02.7 HTTP/1.1" 200 276772 "-" "meta-externalagent/1.1 (+https://developers.facebook.com/docs/sharing/webmasters/crawler)"
216.73.216.56 - - [20/Dec/2025:00:40:07 +0000] "GET /index.php?rest_route=%2Fwp%2Fv2%2Fposts%2F21805 HTTP/1.1" 200 8696 "-" "Mozilla/5.0 AppleWebKit/537.36 (KHTML, like Gecko; compatible; ClaudeBot/1.0; +claudebot@anthropic.com)"
57.141.0.31 - - [20/Dec/2025:00:40:12 +0000] "GET /2025/03/07/page/6/?fileloc=//sys/class/pci_bus/0000:08/device/subsystem/devices/0000:00:03.4/driver/0000:00:04.0/driver/0000:00:02.0/driver/0000:00:03.1/aer_dev_correctable&path=//sys/class/pci_bus/0000:08/device/subsystem/devices/0000:00:03.4/driver/0000:00:04.0/driver/0000:00:02.0/driver/0000:00:03.1 HTTP/1.1" 200 276788 "-" "meta-externalagent/1.1 (+https://developers.facebook.com/docs/sharing/webmasters/crawler)"
185.191.171.13 - - [20/Dec/2025:00:40:13 +0000] "GET /entity/305374980.htm HTTP/1.1" 301 7275 "-" "Mozilla/5.0 (compatible; SemrushBot/7~bl; +http://www.semrush.com/bot.html)"
40.77.167.19 - - [20/Dec/2025:00:40:13 +0000] "GET /8073024?entity=0008042114 HTTP/1.1" 200 29820 "-" "Mozilla/5.0 AppleWebKit/537.36 (KHTML, like Gecko; compatible; bingbot/2.0; +http://www.bing.com/bingbot.htm) Chrome/116.0.1938.76 Safari/537.36"
66.249.69.2 - - [20/Dec/2025:00:40:16 +0000] "GET /549736300?entity=0547614026 HTTP/1.1" 200 30371 "-" "Mozilla/5.0 (Linux; Android 6.0.1; Nexus 5X Build/MMB29P) AppleWebKit/537.36 (KHTML, like Gecko) Chrome/141.0.7390.122 Mobile Safari/537.36 (compatible; Googlebot/2.1; +http://www.google.com/bot.html)"
45.119.135.157 - - [20/Dec/2025:00:40:17 +0000] "GET /jmrs5/archive.php?tag=compost-business-for-sale HTTP/1.1" 404 564 "-" "Mozilla/5.0 (Windows NT 10.0; Win64; x64) AppleWebKit/537.36 (KHTML, like Gecko) Chrome/129.0.0.0 Safari/537.36"
85.208.96.203 - - [20/Dec/2025:00:40:17 +0000] "GET /entity/305374980.htm/ HTTP/1.1" 200 52143 "-" "Mozilla/5.0 (compatible; SemrushBot/7~bl; +http://www.semrush.com/bot.html)"
66.249.69.1 - - [20/Dec/2025:00:40:18 +0000] "GET /entity/608713194.htm HTTP/1.1" 200 30444 "-" "Mozilla/5.0 (Linux; Android 6.0.1; Nexus 5X Build/MMB29P) AppleWebKit/537.36 (KHTML, like Gecko) Chrome/141.0.7390.122 Mobile Safari/537.36 (compatible; Googlebot/2.1; +http://www.google.com/bot.html)"
57.141.0.19 - - [20/Dec/2025:00:40:18 +0000] "GET /2025/03/07/page/6/?path=//sys/class/pci_bus/0000:0b/subsystem/0000:0d/subsystem/0000:0c/subsystem/0000:01/subsystem/0000:0f/subsystem/0000:00 HTTP/1.1" 200 276788 "-" "meta-externalagent/1.1 (+https://developers.facebook.com/docs/sharing/webmasters/crawler)"
57.141.0.44 - - [20/Dec/2025:00:40:23 +0000] "GET /karamba-spielsaal-erfahrungen-angeschlossen-testbericht-werfen-sie-einen-blick-auf-den-link-within-2025-pro-teutonia/?path=//sys/class/pci_bus/0000:04/subsystem/0000:0c/subsystem/0000:00/device/0000:00:02.4/driver/0000:00:03.0/firmware_node HTTP/1.1" 200 276788 "-" "meta-externalagent/1.1 (+https://developers.facebook.com/docs/sharing/webmasters/crawler)"
57.141.0.22 - - [20/Dec/2025:00:40:30 +0000] "GET /karamba-spielsaal-erfahrungen-angeschlossen-testbericht-werfen-sie-einen-blick-auf-den-link-within-2025-pro-teutonia/?fileloc=//sys/class/pci_bus/0000:0b/subsystem/0000:02/subsystem/0000:07/subsystem/0000:12/device/consistent_dma_mask_bits&path=//sys/class/pci_bus/0000:0b/subsystem/0000:02/subsystem/0000:07/subsystem/0000:12/device HTTP/1.1" 200 276788 "-" "meta-externalagent/1.1 (+https://developers.facebook.com/docs/sharing/webmasters/crawler)"
216.73.216.56 - - [20/Dec/2025:00:40:31 +0000] "GET /entity/245199181.htm HTTP/1.1" 301 7275 "-" "Mozilla/5.0 AppleWebKit/537.36 (KHTML, like Gecko; compatible; ClaudeBot/1.0; +claudebot@anthropic.com)"
216.73.216.56 - - [20/Dec/2025:00:40:32 +0000] "GET /entity/245199181.htm/ HTTP/1.1" 200 52143 "https://datainsightnow.com/entity/245199181.htm" "Mozilla/5.0 AppleWebKit/537.36 (KHTML, like Gecko; compatible; ClaudeBot/1.0; +claudebot@anthropic.com)"
66.135.21.75 - - [20/Dec/2025:00:40:33 +0000] "POST /wp-cron.php?doing_wp_cron=1766191232.7002530097961425781250 HTTP/1.1" 499 0 "-" "WordPress/6.3.1; https://datainsightnow.com"
52.71.46.142 - - [20/Dec/2025:00:40:34 +0000] "GET /?p=49117 HTTP/1.1" 200 49212 "-" "Mozilla/5.0 AppleWebKit/537.36 (KHTML, like Gecko; compatible; Amazonbot/0.1; +https://developer.amazon.com/support/amazonbot) Chrome/119.0.6045.214 Safari/537.36"
216.73.216.56 - - [20/Dec/2025:00:40:34 +0000] "GET /entity/245194523.htm HTTP/1.1" 301 7275 "-" "Mozilla/5.0 AppleWebKit/537.36 (KHTML, like Gecko; compatible; ClaudeBot/1.0; +claudebot@anthropic.com)"
216.73.216.56 - - [20/Dec/2025:00:40:35 +0000] "GET /entity/245194523.htm/ HTTP/1.1" 200 52143 "https://datainsightnow.com/entity/245194523.htm" "Mozilla/5.0 AppleWebKit/537.36 (KHTML, like Gecko; compatible; ClaudeBot/1.0; +claudebot@anthropic.com)"
57.141.0.40 - - [20/Dec/2025:00:40:36 +0000] "GET /karamba-spielsaal-erfahrungen-angeschlossen-testbericht-werfen-sie-einen-blick-auf-den-link-within-2025-pro-teutonia/?path=//sys/class/pci_bus/0000:09/subsystem/0000:06/device/driver/0000:00:02.4/subsystem/devices/0000:00:02.2/0000:04:00.0/subsystem HTTP/1.1" 200 276788 "-" "meta-externalagent/1.1 (+https://developers.facebook.com/docs/sharing/webmasters/crawler)"
216.73.216.56 - - [20/Dec/2025:00:40:37 +0000] "GET /entity/245134959.htm HTTP/1.1" 301 7281 "-" "Mozilla/5.0 AppleWebKit/537.36 (KHTML, like Gecko; compatible; ClaudeBot/1.0; +claudebot@anthropic.com)"
216.73.216.56 - - [20/Dec/2025:00:40:38 +0000] "GET /entity/245134959.htm/ HTTP/1.1" 200 52143 "https://datainsightnow.com/entity/245134959.htm" "Mozilla/5.0 AppleWebKit/537.36 (KHTML, like Gecko; compatible; ClaudeBot/1.0; +claudebot@anthropic.com)"
216.73.216.56 - - [20/Dec/2025:00:40:40 +0000] "GET /entity/245214982.htm HTTP/1.1" 301 7281 "-" "Mozilla/5.0 AppleWebKit/537.36 (KHTML, like Gecko; compatible; ClaudeBot/1.0; +claudebot@anthropic.com)"
216.73.216.56 - - [20/Dec/2025:00:40:41 +0000] "GET /entity/245214982.htm/ HTTP/1.1" 200 52143 "https://datainsightnow.com/entity/245214982.htm" "Mozilla/5.0 AppleWebKit/537.36 (KHTML, like Gecko; compatible; ClaudeBot/1.0; +claudebot@anthropic.com)"
57.141.0.26 - - [20/Dec/2025:00:40:42 +0000] "GET /2025/03/07/page/6/?fileloc=//sys/class/pci_bus/0000:0d/subsystem/0000:07/subsystem/0000:0b/subsystem/0000:0b/subsystem/0000:0b/device/remove&path=//sys/class/pci_bus/0000:0d/subsystem/0000:07/subsystem/0000:0b/subsystem/0000:0b/subsystem/0000:0b/device HTTP/1.1" 200 276788 "-" "meta-externalagent/1.1 (+https://developers.facebook.com/docs/sharing/webmasters/crawler)"
216.73.216.56 - - [20/Dec/2025:00:40:43 +0000] "GET /entity/245265746.htm HTTP/1.1" 301 7281 "-" "Mozilla/5.0 AppleWebKit/537.36 (KHTML, like Gecko; compatible; ClaudeBot/1.0; +claudebot@anthropic.com)"
216.73.216.56 - - [20/Dec/2025:00:40:44 +0000] "GET /entity/245265746.htm/ HTTP/1.1" 200 52143 "https://datainsightnow.com/entity/245265746.htm" "Mozilla/5.0 AppleWebKit/537.36 (KHTML, like Gecko; compatible; ClaudeBot/1.0; +claudebot@anthropic.com)"
216.73.216.56 - - [20/Dec/2025:00:40:46 +0000] "GET /entity/245185452.htm HTTP/1.1" 301 7281 "-" "Mozilla/5.0 AppleWebKit/537.36 (KHTML, like Gecko; compatible; ClaudeBot/1.0; +claudebot@anthropic.com)"
216.73.216.56 - - [20/Dec/2025:00:40:47 +0000] "GET /entity/245185452.htm/ HTTP/1.1" 200 52143 "https://datainsightnow.com/entity/245185452.htm" "Mozilla/5.0 AppleWebKit/537.36 (KHTML, like Gecko; compatible; ClaudeBot/1.0; +claudebot@anthropic.com)"
57.141.0.5 - - [20/Dec/2025:00:40:48 +0000] "GET /2025/03/07/page/6/?fileloc=//sys/class/pci_bus/0000:11/subsystem/0000:0e/subsystem/0000:12/device/0000:00:04.0:pcie001/subsystem/devices/0000:00:03.0:pcie001/uevent&path=//sys/class/pci_bus/0000:11/subsystem/0000:0e/subsystem/0000:12/device/0000:00:04.0:pcie001/subsystem/devices/0000:00:03.0:pcie001 HTTP/1.1" 200 276788 "-" "meta-externalagent/1.1 (+https://developers.facebook.com/docs/sharing/webmasters/crawler)"
66.249.69.1 - - [20/Dec/2025:00:40:48 +0000] "GET /entity/608701025.htm HTTP/1.1" 200 30154 "-" "Mozilla/5.0 (Linux; Android 6.0.1; Nexus 5X Build/MMB29P) AppleWebKit/537.36 (KHTML, like Gecko) Chrome/141.0.7390.122 Mobile Safari/537.36 (compatible; Googlebot/2.1; +http://www.google.com/bot.html)"
216.73.216.56 - - [20/Dec/2025:00:40:49 +0000] "GET /entity/245306150.htm HTTP/1.1" 301 7275 "-" "Mozilla/5.0 AppleWebKit/537.36 (KHTML, like Gecko; compatible; ClaudeBot/1.0; +claudebot@anthropic.com)"
216.73.216.56 - - [20/Dec/2025:00:40:50 +0000] "GET /entity/245306150.htm/ HTTP/1.1" 200 52143 "https://datainsightnow.com/entity/245306150.htm" "Mozilla/5.0 AppleWebKit/537.36 (KHTML, like Gecko; compatible; ClaudeBot/1.0; +claudebot@anthropic.com)"
66.135.21.75 - - [20/Dec/2025:00:40:51 +0000] "POST /wp-cron.php?doing_wp_cron=1766191250.6464500427246093750000 HTTP/1.1" 499 0 "-" "WordPress/6.3.1; https://datainsightnow.com"
91.92.243.249 - - [20/Dec/2025:00:40:51 +0000] "POST /wp-login.php HTTP/1.1" 200 14739 "-" "Mozilla/5.0"
57.141.0.46 - - [20/Dec/2025:00:40:53 +0000] "GET /2025/03/07/page/6/?fileloc=//sys/class/pci_bus/0000:05/device/driver/0000:00:02.1/driver/0000:00:02.7/subsystem/drivers/pcieport/0000:00:02.4/irq&path=//sys/class/pci_bus/0000:05/device/driver/0000:00:02.1/driver/0000:00:02.7/subsystem/drivers/pcieport/0000:00:02.4 HTTP/1.1" 200 276740 "-" "meta-externalagent/1.1 (+https://developers.facebook.com/docs/sharing/webmasters/crawler)"
216.73.216.56 - - [20/Dec/2025:00:40:55 +0000] "GET /entity/245105941.htm HTTP/1.1" 301 7275 "-" "Mozilla/5.0 AppleWebKit/537.36 (KHTML, like Gecko; compatible; ClaudeBot/1.0; +claudebot@anthropic.com)"
216.73.216.56 - - [20/Dec/2025:00:40:56 +0000] "GET /entity/245105941.htm/ HTTP/1.1" 200 52143 "https://datainsightnow.com/entity/245105941.htm" "Mozilla/5.0 AppleWebKit/537.36 (KHTML, like Gecko; compatible; ClaudeBot/1.0; +claudebot@anthropic.com)"
57.141.0.51 - - [20/Dec/2025:00:40:58 +0000] "GET /karamba-spielsaal-erfahrungen-angeschlossen-testbericht-werfen-sie-einen-blick-auf-den-link-within-2025-pro-teutonia/?fileloc=//sys/class/pci_bus/0000:0e/subsystem/0000:01/subsystem/0000:00/subsystem/0000:0b/rescan&path=//sys/class/pci_bus/0000:0e/subsystem/0000:01/subsystem/0000:00/subsystem/0000:0b HTTP/1.1" 200 276788 "-" "meta-externalagent/1.1 (+https://developers.facebook.com/docs/sharing/webmasters/crawler)"
216.73.216.56 - - [20/Dec/2025:00:40:58 +0000] "GET /entity/245138318.htm HTTP/1.1" 301 7281 "-" "Mozilla/5.0 AppleWebKit/537.36 (KHTML, like Gecko; compatible; ClaudeBot/1.0; +claudebot@anthropic.com)"
216.73.216.56 - - [20/Dec/2025:00:40:59 +0000] "GET /entity/245138318.htm/ HTTP/1.1" 200 52143 "https://datainsightnow.com/entity/245138318.htm" "Mozilla/5.0 AppleWebKit/537.36 (KHTML, like Gecko; compatible; ClaudeBot/1.0; +claudebot@anthropic.com)"
216.73.216.56 - - [20/Dec/2025:00:41:01 +0000] "GET /entity/245096105.htm HTTP/1.1" 301 7275 "-" "Mozilla/5.0 AppleWebKit/537.36 (KHTML, like Gecko; compatible; ClaudeBot/1.0; +claudebot@anthropic.com)"
216.73.216.56 - - [20/Dec/2025:00:41:02 +0000] "GET /entity/245096105.htm/ HTTP/1.1" 200 52143 "https://datainsightnow.com/entity/245096105.htm" "Mozilla/5.0 AppleWebKit/537.36 (KHTML, like Gecko; compatible; ClaudeBot/1.0; +claudebot@anthropic.com)"
216.73.216.56 - - [20/Dec/2025:00:41:04 +0000] "GET /entity/245111384.htm HTTP/1.1" 301 7281 "-" "Mozilla/5.0 AppleWebKit/537.36 (KHTML, like Gecko; compatible; ClaudeBot/1.0; +claudebot@anthropic.com)"
57.141.0.27 - - [20/Dec/2025:00:41:05 +0000] "GET /karamba-spielsaal-erfahrungen-angeschlossen-testbericht-werfen-sie-einen-blick-auf-den-link-within-2025-pro-teutonia/?fileloc=//sys/class/pci_bus/0000:03/subsystem/0000:04/subsystem/0000:0e/subsystem/0000:04/subsystem/0000:03/device/max_link_width&path=//sys/class/pci_bus/0000:03/subsystem/0000:04/subsystem/0000:0e/subsystem/0000:04/subsystem/0000:03/device HTTP/1.1" 200 276788 "-" "meta-externalagent/1.1 (+https://developers.facebook.com/docs/sharing/webmasters/crawler)"
216.73.216.56 - - [20/Dec/2025:00:41:06 +0000] "GET /entity/245111384.htm/ HTTP/1.1" 200 52143 "https://datainsightnow.com/entity/245111384.htm" "Mozilla/5.0 AppleWebKit/537.36 (KHTML, like Gecko; compatible; ClaudeBot/1.0; +claudebot@anthropic.com)"
216.73.216.56 - - [20/Dec/2025:00:41:07 +0000] "GET /entity/376894989.htm HTTP/1.1" 301 7275 "-" "Mozilla/5.0 AppleWebKit/537.36 (KHTML, like Gecko; compatible; ClaudeBot/1.0; +claudebot@anthropic.com)"
216.73.216.56 - - [20/Dec/2025:00:41:08 +0000] "GET /entity/376894989.htm/ HTTP/1.1" 200 52143 "https://datainsightnow.com/entity/376894989.htm" "Mozilla/5.0 AppleWebKit/537.36 (KHTML, like Gecko; compatible; ClaudeBot/1.0; +claudebot@anthropic.com)"
57.141.0.9 - - [20/Dec/2025:00:41:10 +0000] "GET /karamba-spielsaal-erfahrungen-angeschlossen-testbericht-werfen-sie-einen-blick-auf-den-link-within-2025-pro-teutonia/?path=//sys/class/pci_bus/0000:0b/subsystem/0000:12/subsystem/0000:0c/device/firmware_node/physical_node/msi_irqs HTTP/1.1" 200 276733 "-" "meta-externalagent/1.1 (+https://developers.facebook.com/docs/sharing/webmasters/crawler)"
216.73.216.56 - - [20/Dec/2025:00:41:10 +0000] "GET /entity/376820134.htm HTTP/1.1" 301 7275 "-" "Mozilla/5.0 AppleWebKit/537.36 (KHTML, like Gecko; compatible; ClaudeBot/1.0; +claudebot@anthropic.com)"
66.249.69.2 - - [20/Dec/2025:00:41:11 +0000] "GET /672029894?entity=0669435442 HTTP/1.1" 200 29290 "-" "Mozilla/5.0 (Linux; Android 6.0.1; Nexus 5X Build/MMB29P) AppleWebKit/537.36 (KHTML, like Gecko) Chrome/141.0.7390.122 Mobile Safari/537.36 (compatible; Googlebot/2.1; +http://www.google.com/bot.html)"
216.73.216.56 - - [20/Dec/2025:00:41:11 +0000] "GET /entity/376820134.htm/ HTTP/1.1" 200 52143 "https://datainsightnow.com/entity/376820134.htm" "Mozilla/5.0 AppleWebKit/537.36 (KHTML, like Gecko; compatible; ClaudeBot/1.0; +claudebot@anthropic.com)"
216.73.216.56 - - [20/Dec/2025:00:41:13 +0000] "GET /entity/245284918.htm HTTP/1.1" 301 7281 "-" "Mozilla/5.0 AppleWebKit/537.36 (KHTML, like Gecko; compatible; ClaudeBot/1.0; +claudebot@anthropic.com)"
216.73.216.56 - - [20/Dec/2025:00:41:14 +0000] "GET /entity/245284918.htm/ HTTP/1.1" 200 52143 "https://datainsightnow.com/entity/245284918.htm" "Mozilla/5.0 AppleWebKit/537.36 (KHTML, like Gecko; compatible; ClaudeBot/1.0; +claudebot@anthropic.com)"
185.191.171.12 - - [20/Dec/2025:00:41:14 +0000] "GET /entity/305335883.htm HTTP/1.1" 301 7275 "-" "Mozilla/5.0 (compatible; SemrushBot/7~bl; +http://www.semrush.com/bot.html)"
57.141.0.8 - - [20/Dec/2025:00:41:16 +0000] "GET /2025/03/06/page/39/?fileloc=//sys/class/pci_bus/0000:0b/subsystem/0000:00/device/0000:00:02.7/driver/0000:00:02.0/driver/0000:00:03.5/aer_dev_nonfatal&path=//sys/class/pci_bus/0000:0b/subsystem/0000:00/device/0000:00:02.7/driver/0000:00:02.0/driver/0000:00:03.5 HTTP/1.1" 200 276788 "-" "meta-externalagent/1.1 (+https://developers.facebook.com/docs/sharing/webmasters/crawler)"
216.73.216.56 - - [20/Dec/2025:00:41:16 +0000] "GET /entity/47926133.htm HTTP/1.1" 301 7275 "-" "Mozilla/5.0 AppleWebKit/537.36 (KHTML, like Gecko; compatible; ClaudeBot/1.0; +claudebot@anthropic.com)"
216.73.216.56 - - [20/Dec/2025:00:41:17 +0000] "GET /entity/47926133.htm/ HTTP/1.1" 200 52143 "https://datainsightnow.com/entity/47926133.htm" "Mozilla/5.0 AppleWebKit/537.36 (KHTML, like Gecko; compatible; ClaudeBot/1.0; +claudebot@anthropic.com)"
85.208.96.195 - - [20/Dec/2025:00:41:18 +0000] "GET /?p=40809 HTTP/1.1" 200 49042 "-" "Mozilla/5.0 (compatible; SemrushBot/7~bl; +http://www.semrush.com/bot.html)"
216.73.216.56 - - [20/Dec/2025:00:41:19 +0000] "GET /entity/48091632.htm HTTP/1.1" 301 7281 "-" "Mozilla/5.0 AppleWebKit/537.36 (KHTML, like Gecko; compatible; ClaudeBot/1.0; +claudebot@anthropic.com)"
216.73.216.56 - - [20/Dec/2025:00:41:20 +0000] "GET /entity/48091632.htm/ HTTP/1.1" 200 52143 "https://datainsightnow.com/entity/48091632.htm" "Mozilla/5.0 AppleWebKit/537.36 (KHTML, like Gecko; compatible; ClaudeBot/1.0; +claudebot@anthropic.com)"
114.119.159.33 - - [20/Dec/2025:00:41:21 +0000] "GET /zeus-slots-gratis-slot-1524-golden-quest-banana-rock-jogos-de-slot-zeus-slots-online-website-nha-cai-gemwin/?fileloc=//etc/vconsole.conf&path=//etc HTTP/1.1" 200 52145 "https://datainsightnow.com/zeus-slots-gratis-slot-1524-golden-quest-banana-rock-jogos-de-slot-zeus-slots-online-website-nha-cai-gemwin/?path=//etc" "Mozilla/5.0 (Linux; Android 7.0;) AppleWebKit/537.36 (KHTML, like Gecko) Mobile Safari/537.36 (compatible; PetalBot;+https://webmaster.petalsearch.com/site/petalbot)"
57.141.0.29 - - [20/Dec/2025:00:41:22 +0000] "GET /2025/03/07/page/6/?path=//sys/class/pci_bus/0000:01/device/0000:00:02.0:pcie001/driver/0000:00:02.2:pcie001/driver/0000:00:03.3:pcie001/driver/0000:00:03.1:pcie001/power HTTP/1.1" 200 276733 "-" "meta-externalagent/1.1 (+https://developers.facebook.com/docs/sharing/webmasters/crawler)"
185.191.171.1 - - [20/Dec/2025:00:41:23 +0000] "GET /entity/305335883.htm/ HTTP/1.1" 200 52143 "-" "Mozilla/5.0 (compatible; SemrushBot/7~bl; +http://www.semrush.com/bot.html)"
216.73.216.56 - - [20/Dec/2025:00:41:23 +0000] "GET /entity/47998392.htm HTTP/1.1" 301 7281 "-" "Mozilla/5.0 AppleWebKit/537.36 (KHTML, like Gecko; compatible; ClaudeBot/1.0; +claudebot@anthropic.com)"
216.73.216.56 - - [20/Dec/2025:00:41:24 +0000] "GET /entity/47998392.htm/ HTTP/1.1" 200 52143 "https://datainsightnow.com/entity/47998392.htm" "Mozilla/5.0 AppleWebKit/537.36 (KHTML, like Gecko; compatible; ClaudeBot/1.0; +claudebot@anthropic.com)"
216.73.216.56 - - [20/Dec/2025:00:41:25 +0000] "GET /entity/48031544.htm HTTP/1.1" 301 7275 "-" "Mozilla/5.0 AppleWebKit/537.36 (KHTML, like Gecko; compatible; ClaudeBot/1.0; +claudebot@anthropic.com)"
216.73.216.56 - - [20/Dec/2025:00:41:26 +0000] "GET /entity/48031544.htm/ HTTP/1.1" 200 52143 "https://datainsightnow.com/entity/48031544.htm" "Mozilla/5.0 AppleWebKit/537.36 (KHTML, like Gecko; compatible; ClaudeBot/1.0; +claudebot@anthropic.com)"
47.128.98.227 - - [20/Dec/2025:00:41:27 +0000] "GET /?fileloc=%2F%2Fusr%2Fshare%2Fdoc%2Flibsodium23%2Fchangelog.Debian.gz&path=%2F%2Fusr%2Fshare%2Fdoc%2Flibsodium23 HTTP/1.1" 200 52145 "-" "Mozilla/5.0 (Linux; Android 5.0) AppleWebKit/537.36 (KHTML, like Gecko) Mobile Safari/537.36 (compatible; Bytespider; spider-feedback@bytedance.com)"
57.141.0.57 - - [20/Dec/2025:00:41:28 +0000] "GET /2025/03/07/page/6/?path=//sys/class/pci_bus/0000:02/device/subsystem/devices/0000:06:00.0/subsystem/slots/0-17 HTTP/1.1" 200 276733 "-" "meta-externalagent/1.1 (+https://developers.facebook.com/docs/sharing/webmasters/crawler)"
185.191.171.3 - - [20/Dec/2025:00:41:28 +0000] "GET /entity/305199382.htm HTTP/1.1" 301 7281 "-" "Mozilla/5.0 (compatible; SemrushBot/7~bl; +http://www.semrush.com/bot.html)"
68.178.206.206 - - [20/Dec/2025:00:41:28 +0000] "GET /wp-login.php HTTP/1.1" 200 5744 "-" "Mozilla/5.0 (Windows NT 10.0; Win64; x64; Trident/7.0; rv:11.0) like Gecko"
216.73.216.56 - - [20/Dec/2025:00:41:28 +0000] "GET /entity/47958259.htm HTTP/1.1" 301 7281 "-" "Mozilla/5.0 AppleWebKit/537.36 (KHTML, like Gecko; compatible; ClaudeBot/1.0; +claudebot@anthropic.com)"
216.73.216.56 - - [20/Dec/2025:00:41:29 +0000] "GET /entity/47958259.htm/ HTTP/1.1" 200 52143 "https://datainsightnow.com/entity/47958259.htm" "Mozilla/5.0 AppleWebKit/537.36 (KHTML, like Gecko; compatible; ClaudeBot/1.0; +claudebot@anthropic.com)"
216.73.216.56 - - [20/Dec/2025:00:41:31 +0000] "GET /entity/47970430.htm HTTP/1.1" 301 7281 "-" "Mozilla/5.0 AppleWebKit/537.36 (KHTML, like Gecko; compatible; ClaudeBot/1.0; +claudebot@anthropic.com)"
216.73.216.56 - - [20/Dec/2025:00:41:32 +0000] "GET /entity/47970430.htm/ HTTP/1.1" 200 52143 "https://datainsightnow.com/entity/47970430.htm" "Mozilla/5.0 AppleWebKit/537.36 (KHTML, like Gecko; compatible; ClaudeBot/1.0; +claudebot@anthropic.com)"
57.141.0.23 - - [20/Dec/2025:00:41:33 +0000] "GET /2025/03/07/page/6/?fileloc=//sys/class/pci_bus/0000:0a/subsystem/0000:03/subsystem/0000:05/subsystem/0000:04/device/driver/0000:00:03.6/driver_override&path=//sys/class/pci_bus/0000:0a/subsystem/0000:03/subsystem/0000:05/subsystem/0000:04/device/driver/0000:00:03.6 HTTP/1.1" 200 276788 "-" "meta-externalagent/1.1 (+https://developers.facebook.com/docs/sharing/webmasters/crawler)"
85.208.96.212 - - [20/Dec/2025:00:41:34 +0000] "GET /entity/305199382.htm/ HTTP/1.1" 200 52143 "-" "Mozilla/5.0 (compatible; SemrushBot/7~bl; +http://www.semrush.com/bot.html)"
216.73.216.56 - - [20/Dec/2025:00:41:34 +0000] "GET /entity/245121744.htm HTTP/1.1" 301 7281 "-" "Mozilla/5.0 AppleWebKit/537.36 (KHTML, like Gecko; compatible; ClaudeBot/1.0; +claudebot@anthropic.com)"
68.178.206.206 - - [20/Dec/2025:00:41:35 +0000] "POST /wp-login.php HTTP/1.1" 200 5895 "https://datainsightnow.com/wp-login.php" "Mozilla/5.0 (Windows NT 10.0; Win64; x64; Trident/7.0; rv:11.0) like Gecko"
216.73.216.56 - - [20/Dec/2025:00:41:38 +0000] "GET /entity/245121744.htm/ HTTP/1.1" 200 52143 "https://datainsightnow.com/entity/245121744.htm" "Mozilla/5.0 AppleWebKit/537.36 (KHTML, like Gecko; compatible; ClaudeBot/1.0; +claudebot@anthropic.com)"
57.141.0.46 - - [20/Dec/2025:00:41:39 +0000] "GET /nacin-kako-uporabljate-globe-wagering-najboljsa-knjiga/?fileloc=//sys/class/pci_bus/0000:13/subsystem/0000:0c/device/driver/0000:00:02.5/subordinate_bus_number&path=//sys/class/pci_bus/0000:13/subsystem/0000:0c/device/driver/0000:00:02.5 HTTP/1.1" 200 276788 "-" "meta-externalagent/1.1 (+https://developers.facebook.com/docs/sharing/webmasters/crawler)"
216.73.216.56 - - [20/Dec/2025:00:41:42 +0000] "GET /entity/47904638.htm HTTP/1.1" 301 7281 "-" "Mozilla/5.0 AppleWebKit/537.36 (KHTML, like Gecko; compatible; ClaudeBot/1.0; +claudebot@anthropic.com)"
216.73.216.56 - - [20/Dec/2025:00:41:43 +0000] "GET /entity/47904638.htm/ HTTP/1.1" 200 52143 "https://datainsightnow.com/entity/47904638.htm" "Mozilla/5.0 AppleWebKit/537.36 (KHTML, like Gecko; compatible; ClaudeBot/1.0; +claudebot@anthropic.com)"
57.141.0.32 - - [20/Dec/2025:00:41:44 +0000] "GET /moneysense-self-help-guide-to-the-ideal-profile/?fileloc=//sys/class/pci_bus/0000:0c/device/driver/0000:00:03.0/driver/0000:00:03.7/driver/0000:00:02.2/power_state&path=//sys/class/pci_bus/0000:0c/device/driver/0000:00:03.0/driver/0000:00:03.7/driver/0000:00:02.2 HTTP/1.1" 200 276733 "-" "meta-externalagent/1.1 (+https://developers.facebook.com/docs/sharing/webmasters/crawler)"
216.73.216.56 - - [20/Dec/2025:00:41:44 +0000] "GET /entity/47935457.htm HTTP/1.1" 301 7275 "-" "Mozilla/5.0 AppleWebKit/537.36 (KHTML, like Gecko; compatible; ClaudeBot/1.0; +claudebot@anthropic.com)"
216.73.216.56 - - [20/Dec/2025:00:41:45 +0000] "GET /entity/47935457.htm/ HTTP/1.1" 200 52143 "https://datainsightnow.com/entity/47935457.htm" "Mozilla/5.0 AppleWebKit/537.36 (KHTML, like Gecko; compatible; ClaudeBot/1.0; +claudebot@anthropic.com)"
216.73.216.56 - - [20/Dec/2025:00:41:47 +0000] "GET /entity/47967836.htm HTTP/1.1" 301 7275 "-" "Mozilla/5.0 AppleWebKit/537.36 (KHTML, like Gecko; compatible; ClaudeBot/1.0; +claudebot@anthropic.com)"
216.73.216.56 - - [20/Dec/2025:00:41:48 +0000] "GET /entity/47967836.htm/ HTTP/1.1" 200 52143 "https://datainsightnow.com/entity/47967836.htm" "Mozilla/5.0 AppleWebKit/537.36 (KHTML, like Gecko; compatible; ClaudeBot/1.0; +claudebot@anthropic.com)"
57.141.0.68 - - [20/Dec/2025:00:41:49 +0000] "GET /2025/03/07/page/6/?path=//sys/class/pci_bus/0000:0c/subsystem/0000:04/device/0000:00:02.2:pcie002/driver/0000:00:02.0:pcie002/subsystem/devices/0000:00:04.1:pcie001 HTTP/1.1" 200 276740 "-" "meta-externalagent/1.1 (+https://developers.facebook.com/docs/sharing/webmasters/crawler)"
66.135.21.75 - - [20/Dec/2025:00:41:51 +0000] "POST /wp-cron.php?doing_wp_cron=1766191310.1785209178924560546875 HTTP/1.1" 499 0 "-" "WordPress/6.3.1; https://datainsightnow.com"
216.73.216.56 - - [20/Dec/2025:00:41:51 +0000] "GET /entity/48040868.htm HTTP/1.1" 301 7281 "-" "Mozilla/5.0 AppleWebKit/537.36 (KHTML, like Gecko; compatible; ClaudeBot/1.0; +claudebot@anthropic.com)"
216.73.216.56 - - [20/Dec/2025:00:41:51 +0000] "GET /entity/48040868.htm/ HTTP/1.1" 200 52143 "https://datainsightnow.com/entity/48040868.htm" "Mozilla/5.0 AppleWebKit/537.36 (KHTML, like Gecko; compatible; ClaudeBot/1.0; +claudebot@anthropic.com)"
216.73.216.56 - - [20/Dec/2025:00:41:53 +0000] "GET /entity/48036473.htm HTTP/1.1" 301 7275 "-" "Mozilla/5.0 AppleWebKit/537.36 (KHTML, like Gecko; compatible; ClaudeBot/1.0; +claudebot@anthropic.com)"
216.73.216.56 - - [20/Dec/2025:00:41:53 +0000] "GET /entity/48036473.htm/ HTTP/1.1" 200 52143 "https://datainsightnow.com/entity/48036473.htm" "Mozilla/5.0 AppleWebKit/537.36 (KHTML, like Gecko; compatible; ClaudeBot/1.0; +claudebot@anthropic.com)"
57.141.0.25 - - [20/Dec/2025:00:41:54 +0000] "GET /2025/03/07/page/6/?fileloc=//sys/class/pci_bus/0000:07/subsystem/0000:01/device/driver/0000:00:02.4/driver/0000:00:03.1/0000:00:03.1:pcie002/uevent&path=//sys/class/pci_bus/0000:07/subsystem/0000:01/device/driver/0000:00:02.4/driver/0000:00:03.1/0000:00:03.1:pcie002 HTTP/1.1" 200 276733 "-" "meta-externalagent/1.1 (+https://developers.facebook.com/docs/sharing/webmasters/crawler)"
216.73.216.56 - - [20/Dec/2025:00:41:56 +0000] "GET /entity/47960321.htm HTTP/1.1" 301 7275 "-" "Mozilla/5.0 AppleWebKit/537.36 (KHTML, like Gecko; compatible; ClaudeBot/1.0; +claudebot@anthropic.com)"
216.73.216.56 - - [20/Dec/2025:00:41:56 +0000] "GET /entity/47960321.htm/ HTTP/1.1" 200 52143 "https://datainsightnow.com/entity/47960321.htm" "Mozilla/5.0 AppleWebKit/537.36 (KHTML, like Gecko; compatible; ClaudeBot/1.0; +claudebot@anthropic.com)"
57.141.0.44 - - [20/Dec/2025:00:41:59 +0000] "GET /karamba-spielsaal-erfahrungen-angeschlossen-testbericht-werfen-sie-einen-blick-auf-den-link-within-2025-pro-teutonia/?path=//sys/class/pci_bus/0000:04/subsystem/0000:11/device/driver/0000:00:02.1/0000:02:00.0/subsystem/devices/0000:06:00.0/virtio2 HTTP/1.1" 200 276788 "-" "meta-externalagent/1.1 (+https://developers.facebook.com/docs/sharing/webmasters/crawler)"
216.73.216.56 - - [20/Dec/2025:00:41:59 +0000] "GET /entity/48011870.htm HTTP/1.1" 301 7281 "-" "Mozilla/5.0 AppleWebKit/537.36 (KHTML, like Gecko; compatible; ClaudeBot/1.0; +claudebot@anthropic.com)"
85.208.96.198 - - [20/Dec/2025:00:42:00 +0000] "GET /?p=35743 HTTP/1.1" 200 48010 "-" "Mozilla/5.0 (compatible; SemrushBot/7~bl; +http://www.semrush.com/bot.html)"
216.73.216.56 - - [20/Dec/2025:00:42:01 +0000] "GET /entity/48011870.htm/ HTTP/1.1" 200 52143 "https://datainsightnow.com/entity/48011870.htm" "Mozilla/5.0 AppleWebKit/537.36 (KHTML, like Gecko; compatible; ClaudeBot/1.0; +claudebot@anthropic.com)"
66.249.69.1 - - [20/Dec/2025:00:42:01 +0000] "GET /672036100?entity=0669441626 HTTP/1.1" 200 30018 "-" "Mozilla/5.0 (Linux; Android 6.0.1; Nexus 5X Build/MMB29P) AppleWebKit/537.36 (KHTML, like Gecko) Chrome/141.0.7390.122 Mobile Safari/537.36 (compatible; Googlebot/2.1; +http://www.google.com/bot.html)"
57.141.0.58 - - [20/Dec/2025:00:42:05 +0000] "GET /2025/03/07/page/6/?fileloc=//sys/class/pci_bus/0000:12/subsystem/0000:0e/subsystem/0000:02/subsystem/0000:0a/subsystem/0000:00/device/firmware_node/device:34/adr&path=//sys/class/pci_bus/0000:12/subsystem/0000:0e/subsystem/0000:02/subsystem/0000:0a/subsystem/0000:00/device/firmware_node/device:34 HTTP/1.1" 200 276788 "-" "meta-externalagent/1.1 (+https://developers.facebook.com/docs/sharing/webmasters/crawler)"
57.141.0.12 - - [20/Dec/2025:00:42:10 +0000] "GET /karamba-spielsaal-erfahrungen-angeschlossen-testbericht-werfen-sie-einen-blick-auf-den-link-within-2025-pro-teutonia/?fileloc=//sys/class/pci_bus/0000:02/device/driver/0000:00:02.7/driver/0000:00:02.7/firmware_node/physical_node/subsystem/drivers/asiliantfb/unbind&path=//sys/class/pci_bus/0000:02/device/driver/0000:00:02.7/driver/0000:00:02.7/firmware_node/physical_node/subsystem/drivers/asiliantfb HTTP/1.1" 200 276788 "-" "meta-externalagent/1.1 (+https://developers.facebook.com/docs/sharing/webmasters/crawler)"
57.141.0.46 - - [20/Dec/2025:00:42:15 +0000] "GET /karamba-spielsaal-erfahrungen-angeschlossen-testbericht-werfen-sie-einen-blick-auf-den-link-within-2025-pro-teutonia/?fileloc=//sys/class/pci_bus/0000:07/subsystem/0000:01/subsystem/0000:0b/subsystem/0000:0e/device/msi_bus&path=//sys/class/pci_bus/0000:07/subsystem/0000:01/subsystem/0000:0b/subsystem/0000:0e/device HTTP/1.1" 200 276733 "-" "meta-externalagent/1.1 (+https://developers.facebook.com/docs/sharing/webmasters/crawler)"
216.73.216.56 - - [20/Dec/2025:00:42:16 +0000] "GET /entity/47959295.htm HTTP/1.1" 301 7275 "-" "Mozilla/5.0 AppleWebKit/537.36 (KHTML, like Gecko; compatible; ClaudeBot/1.0; +claudebot@anthropic.com)"
216.73.216.56 - - [20/Dec/2025:00:42:16 +0000] "GET /entity/47959295.htm/ HTTP/1.1" 200 52143 "https://datainsightnow.com/entity/47959295.htm" "Mozilla/5.0 AppleWebKit/537.36 (KHTML, like Gecko; compatible; ClaudeBot/1.0; +claudebot@anthropic.com)"
216.73.216.56 - - [20/Dec/2025:00:42:18 +0000] "GET /entity/48040617.htm HTTP/1.1" 301 7275 "-" "Mozilla/5.0 AppleWebKit/537.36 (KHTML, like Gecko; compatible; ClaudeBot/1.0; +claudebot@anthropic.com)"
216.73.216.56 - - [20/Dec/2025:00:42:18 +0000] "GET /entity/48040617.htm/ HTTP/1.1" 200 52143 "https://datainsightnow.com/entity/48040617.htm" "Mozilla/5.0 AppleWebKit/537.36 (KHTML, like Gecko; compatible; ClaudeBot/1.0; +claudebot@anthropic.com)"
57.141.0.74 - - [20/Dec/2025:00:42:20 +0000] "GET /2025/03/06/page/39/?path=//sys/class/pci_bus/0000:0c/device/driver/0000:00:03.1/driver/0000:00:02.2/driver/0000:00:03.6/subsystem/slots HTTP/1.1" 200 276733 "-" "meta-externalagent/1.1 (+https://developers.facebook.com/docs/sharing/webmasters/crawler)"
216.73.216.56 - - [20/Dec/2025:00:42:21 +0000] "GET /entity/47900757.htm HTTP/1.1" 301 7281 "-" "Mozilla/5.0 AppleWebKit/537.36 (KHTML, like Gecko; compatible; ClaudeBot/1.0; +claudebot@anthropic.com)"
216.73.216.56 - - [20/Dec/2025:00:42:21 +0000] "GET /entity/47900757.htm/ HTTP/1.1" 200 52143 "https://datainsightnow.com/entity/47900757.htm" "Mozilla/5.0 AppleWebKit/537.36 (KHTML, like Gecko; compatible; ClaudeBot/1.0; +claudebot@anthropic.com)"
216.73.216.56 - - [20/Dec/2025:00:42:24 +0000] "GET /entity/47905423.htm HTTP/1.1" 301 7281 "-" "Mozilla/5.0 AppleWebKit/537.36 (KHTML, like Gecko; compatible; ClaudeBot/1.0; +claudebot@anthropic.com)"
216.73.216.56 - - [20/Dec/2025:00:42:25 +0000] "GET /entity/47905423.htm/ HTTP/1.1" 200 52143 "https://datainsightnow.com/entity/47905423.htm" "Mozilla/5.0 AppleWebKit/537.36 (KHTML, like Gecko; compatible; ClaudeBot/1.0; +claudebot@anthropic.com)"
57.141.0.9 - - [20/Dec/2025:00:42:26 +0000] "GET /2025/03/07/page/6/?fileloc=//sys/bus/acpi/devices/device:2d/physical_node/driver/0000:06:00.0/uevent&path=//sys/bus/acpi/devices/device:2d/physical_node/driver/0000:06:00.0 HTTP/1.1" 200 276740 "-" "meta-externalagent/1.1 (+https://developers.facebook.com/docs/sharing/webmasters/crawler)"
216.73.216.56 - - [20/Dec/2025:00:42:27 +0000] "GET /entity/48057454.htm HTTP/1.1" 301 7281 "-" "Mozilla/5.0 AppleWebKit/537.36 (KHTML, like Gecko; compatible; ClaudeBot/1.0; +claudebot@anthropic.com)"
216.73.216.56 - - [20/Dec/2025:00:42:28 +0000] "GET /entity/48057454.htm/ HTTP/1.1" 200 52143 "https://datainsightnow.com/entity/48057454.htm" "Mozilla/5.0 AppleWebKit/537.36 (KHTML, like Gecko; compatible; ClaudeBot/1.0; +claudebot@anthropic.com)"
216.73.216.56 - - [20/Dec/2025:00:42:30 +0000] "GET /entity/47968872.htm HTTP/1.1" 301 7275 "-" "Mozilla/5.0 AppleWebKit/537.36 (KHTML, like Gecko; compatible; ClaudeBot/1.0; +claudebot@anthropic.com)"
216.73.216.56 - - [20/Dec/2025:00:42:30 +0000] "GET /entity/47968872.htm/ HTTP/1.1" 200 52143 "https://datainsightnow.com/entity/47968872.htm" "Mozilla/5.0 AppleWebKit/537.36 (KHTML, like Gecko; compatible; ClaudeBot/1.0; +claudebot@anthropic.com)"
57.141.0.17 - - [20/Dec/2025:00:42:31 +0000] "GET /2025/03/07/page/6/?fileloc=//sys/class/pci_bus/0000:0c/device/driver/0000:00:02.7/driver/0000:00:02.4/subsystem/devices/0000:00:03.4/subordinate_bus_number&path=//sys/class/pci_bus/0000:0c/device/driver/0000:00:02.7/driver/0000:00:02.4/subsystem/devices/0000:00:03.4 HTTP/1.1" 200 276788 "-" "meta-externalagent/1.1 (+https://developers.facebook.com/docs/sharing/webmasters/crawler)"
216.73.216.56 - - [20/Dec/2025:00:42:33 +0000] "GET /entity/48050202.htm HTTP/1.1" 301 7281 "-" "Mozilla/5.0 AppleWebKit/537.36 (KHTML, like Gecko; compatible; ClaudeBot/1.0; +claudebot@anthropic.com)"
216.73.216.56 - - [20/Dec/2025:00:42:33 +0000] "GET /entity/48050202.htm/ HTTP/1.1" 200 52143 "https://datainsightnow.com/entity/48050202.htm" "Mozilla/5.0 AppleWebKit/537.36 (KHTML, like Gecko; compatible; ClaudeBot/1.0; +claudebot@anthropic.com)"
57.141.0.22 - - [20/Dec/2025:00:42:36 +0000] "GET /karamba-spielsaal-erfahrungen-angeschlossen-testbericht-werfen-sie-einen-blick-auf-den-link-within-2025-pro-teutonia/?path=//sys/class/pci_bus/0000:0a/subsystem/0000:0c/subsystem/0000:10/subsystem/0000:00/device/0000:00:03.0 HTTP/1.1" 200 276788 "-" "meta-externalagent/1.1 (+https://developers.facebook.com/docs/sharing/webmasters/crawler)"
216.73.216.56 - - [20/Dec/2025:00:42:39 +0000] "GET /entity/47980790.htm HTTP/1.1" 301 7281 "-" "Mozilla/5.0 AppleWebKit/537.36 (KHTML, like Gecko; compatible; ClaudeBot/1.0; +claudebot@anthropic.com)"
216.73.216.56 - - [20/Dec/2025:00:42:41 +0000] "GET /entity/47980790.htm/ HTTP/1.1" 200 52143 "https://datainsightnow.com/entity/47980790.htm" "Mozilla/5.0 AppleWebKit/537.36 (KHTML, like Gecko; compatible; ClaudeBot/1.0; +claudebot@anthropic.com)"
40.77.167.19 - - [20/Dec/2025:00:42:41 +0000] "GET /c_scale?path=/ HTTP/1.1" 200 30210 "-" "Mozilla/5.0 AppleWebKit/537.36 (KHTML, like Gecko; compatible; bingbot/2.0; +http://www.bing.com/bingbot.htm) Chrome/116.0.1938.76 Safari/537.36"
57.141.0.12 - - [20/Dec/2025:00:42:42 +0000] "GET /moneysense-self-help-guide-to-the-ideal-profile/?fileloc=//sys/class/pci_bus/0000:06/subsystem/0000:07/subsystem/0000:12/subsystem/0000:05/device/broken_parity_status&path=//sys/class/pci_bus/0000:06/subsystem/0000:07/subsystem/0000:12/subsystem/0000:05/device HTTP/1.1" 200 276740 "-" "meta-externalagent/1.1 (+https://developers.facebook.com/docs/sharing/webmasters/crawler)"
85.208.96.212 - - [20/Dec/2025:00:42:42 +0000] "GET /entity/305378610.htm HTTP/1.1" 301 7281 "-" "Mozilla/5.0 (compatible; SemrushBot/7~bl; +http://www.semrush.com/bot.html)"
114.119.133.46 - - [20/Dec/2025:00:42:43 +0000] "GET /zeus-slots-gratis-slot-1524-golden-quest-banana-rock-jogos-de-slot-zeus-slots-online-website-nha-cai-gemwin/?fileloc=//bin/gresource&path=//bin HTTP/1.1" 200 52145 "https://datainsightnow.com/zeus-slots-gratis-slot-1524-golden-quest-banana-rock-jogos-de-slot-zeus-slots-online-website-nha-cai-gemwin/?path=//bin" "Mozilla/5.0 (Linux; Android 7.0;) AppleWebKit/537.36 (KHTML, like Gecko) Mobile Safari/537.36 (compatible; PetalBot;+https://webmaster.petalsearch.com/site/petalbot)"
216.73.216.56 - - [20/Dec/2025:00:42:44 +0000] "GET /entity/47913962.htm HTTP/1.1" 301 7281 "-" "Mozilla/5.0 AppleWebKit/537.36 (KHTML, like Gecko; compatible; ClaudeBot/1.0; +claudebot@anthropic.com)"
216.73.216.56 - - [20/Dec/2025:00:42:45 +0000] "GET /entity/47913962.htm/ HTTP/1.1" 200 52143 "https://datainsightnow.com/entity/47913962.htm" "Mozilla/5.0 AppleWebKit/537.36 (KHTML, like Gecko; compatible; ClaudeBot/1.0; +claudebot@anthropic.com)"
85.208.96.212 - - [20/Dec/2025:00:42:46 +0000] "GET /entity/305378610.htm/ HTTP/1.1" 200 52143 "-" "Mozilla/5.0 (compatible; SemrushBot/7~bl; +http://www.semrush.com/bot.html)"
57.141.0.51 - - [20/Dec/2025:00:42:48 +0000] "GET /moneysense-self-help-guide-to-the-ideal-profile/?fileloc=//sys/class/pci_bus/0000:02/subsystem/0000:08/device/driver/0000:00:04.1/subsystem/slots/17/address&path=//sys/class/pci_bus/0000:02/subsystem/0000:08/device/driver/0000:00:04.1/subsystem/slots/17 HTTP/1.1" 200 276788 "-" "meta-externalagent/1.1 (+https://developers.facebook.com/docs/sharing/webmasters/crawler)"
216.73.216.56 - - [20/Dec/2025:00:42:48 +0000] "GET /entity/47912153.htm HTTP/1.1" 301 7281 "-" "Mozilla/5.0 AppleWebKit/537.36 (KHTML, like Gecko; compatible; ClaudeBot/1.0; +claudebot@anthropic.com)"
216.73.216.56 - - [20/Dec/2025:00:42:49 +0000] "GET /entity/47912153.htm/ HTTP/1.1" 200 52143 "https://datainsightnow.com/entity/47912153.htm" "Mozilla/5.0 AppleWebKit/537.36 (KHTML, like Gecko; compatible; ClaudeBot/1.0; +claudebot@anthropic.com)"
66.135.21.75 - - [20/Dec/2025:00:42:52 +0000] "POST /wp-cron.php?doing_wp_cron=1766191371.3363070487976074218750 HTTP/1.1" 499 0 "-" "WordPress/6.3.1; https://datainsightnow.com"
216.73.216.56 - - [20/Dec/2025:00:42:52 +0000] "GET /entity/47949700.htm HTTP/1.1" 301 7281 "-" "Mozilla/5.0 AppleWebKit/537.36 (KHTML, like Gecko; compatible; ClaudeBot/1.0; +claudebot@anthropic.com)"
