216.73.216.56 - - [20/Dec/2025:00:35:06 +0000] "GET /entity/315850498.htm HTTP/1.1" 301 7281 "-" "Mozilla/5.0 AppleWebKit/537.36 (KHTML, like Gecko; compatible; ClaudeBot/1.0; +claudebot@anthropic.com)"
216.73.216.56 - - [20/Dec/2025:00:35:07 +0000] "GET /entity/315850498.htm/ HTTP/1.1" 200 52143 "https://datainsightnow.com/entity/315850498.htm" "Mozilla/5.0 AppleWebKit/537.36 (KHTML, like Gecko; compatible; ClaudeBot/1.0; +claudebot@anthropic.com)"
57.141.0.22 - - [20/Dec/2025:00:35:08 +0000] "GET /2025/03/07/page/6/?path=//sys/class/pci_bus/0000:0c/subsystem/0000:0f/device/driver/0000:00:04.0/subsystem/drivers/shpchp HTTP/1.1" 200 276788 "-" "meta-externalagent/1.1 (+https://developers.facebook.com/docs/sharing/webmasters/crawler)"
216.73.216.56 - - [20/Dec/2025:00:35:09 +0000] "GET /entity/315817609.htm HTTP/1.1" 301 7281 "-" "Mozilla/5.0 AppleWebKit/537.36 (KHTML, like Gecko; compatible; ClaudeBot/1.0; +claudebot@anthropic.com)"
216.73.216.56 - - [20/Dec/2025:00:35:10 +0000] "GET /entity/315817609.htm/ HTTP/1.1" 200 52143 "https://datainsightnow.com/entity/315817609.htm" "Mozilla/5.0 AppleWebKit/537.36 (KHTML, like Gecko; compatible; ClaudeBot/1.0; +claudebot@anthropic.com)"
216.73.216.56 - - [20/Dec/2025:00:35:12 +0000] "GET /entity/315922243.htm HTTP/1.1" 301 7281 "-" "Mozilla/5.0 AppleWebKit/537.36 (KHTML, like Gecko; compatible; ClaudeBot/1.0; +claudebot@anthropic.com)"
216.73.216.56 - - [20/Dec/2025:00:35:13 +0000] "GET /entity/315922243.htm/ HTTP/1.1" 200 52143 "https://datainsightnow.com/entity/315922243.htm" "Mozilla/5.0 AppleWebKit/537.36 (KHTML, like Gecko; compatible; ClaudeBot/1.0; +claudebot@anthropic.com)"
216.73.216.56 - - [20/Dec/2025:00:35:15 +0000] "GET /entity/315805689.htm HTTP/1.1" 301 7281 "-" "Mozilla/5.0 AppleWebKit/537.36 (KHTML, like Gecko; compatible; ClaudeBot/1.0; +claudebot@anthropic.com)"
57.141.0.55 - - [20/Dec/2025:00:35:16 +0000] "GET /2025/03/07/page/6/?fileloc=//sys/class/pci_bus/0000:0a/subsystem/0000:10/device/driver/0000:00:03.7/driver/0000:00:03.0/consistent_dma_mask_bits&path=//sys/class/pci_bus/0000:0a/subsystem/0000:10/device/driver/0000:00:03.7/driver/0000:00:03.0 HTTP/1.1" 200 276779 "-" "meta-externalagent/1.1 (+https://developers.facebook.com/docs/sharing/webmasters/crawler)"
216.73.216.56 - - [20/Dec/2025:00:35:17 +0000] "GET /entity/315805689.htm/ HTTP/1.1" 200 52143 "https://datainsightnow.com/entity/315805689.htm" "Mozilla/5.0 AppleWebKit/537.36 (KHTML, like Gecko; compatible; ClaudeBot/1.0; +claudebot@anthropic.com)"
216.73.216.56 - - [20/Dec/2025:00:35:18 +0000] "GET /entity/315797150.htm HTTP/1.1" 301 7275 "-" "Mozilla/5.0 AppleWebKit/537.36 (KHTML, like Gecko; compatible; ClaudeBot/1.0; +claudebot@anthropic.com)"
216.73.216.56 - - [20/Dec/2025:00:35:19 +0000] "GET /entity/315797150.htm/ HTTP/1.1" 200 52143 "https://datainsightnow.com/entity/315797150.htm" "Mozilla/5.0 AppleWebKit/537.36 (KHTML, like Gecko; compatible; ClaudeBot/1.0; +claudebot@anthropic.com)"
66.249.69.3 - - [20/Dec/2025:00:35:19 +0000] "GET /entity/72322383.htm HTTP/1.1" 200 31687 "-" "Mozilla/5.0 (Linux; Android 6.0.1; Nexus 5X Build/MMB29P) AppleWebKit/537.36 (KHTML, like Gecko) Chrome/141.0.7390.122 Mobile Safari/537.36 (compatible; Googlebot/2.1; +http://www.google.com/bot.html)"
216.73.216.56 - - [20/Dec/2025:00:35:21 +0000] "GET /entity/315908777.htm HTTP/1.1" 301 7275 "-" "Mozilla/5.0 AppleWebKit/537.36 (KHTML, like Gecko; compatible; ClaudeBot/1.0; +claudebot@anthropic.com)"
216.73.216.56 - - [20/Dec/2025:00:35:22 +0000] "GET /entity/315908777.htm/ HTTP/1.1" 200 52143 "https://datainsightnow.com/entity/315908777.htm" "Mozilla/5.0 AppleWebKit/537.36 (KHTML, like Gecko; compatible; ClaudeBot/1.0; +claudebot@anthropic.com)"
57.141.0.29 - - [20/Dec/2025:00:35:24 +0000] "GET /2025/03/07/page/6/?path=//sys/class/pci_bus/0000:00/device/0000:00:04.0/0000:00:04.0:pcie001/driver/0000:00:02.3:pcie001/subsystem/devices/0000:00:02.6:pcie001 HTTP/1.1" 200 276788 "-" "meta-externalagent/1.1 (+https://developers.facebook.com/docs/sharing/webmasters/crawler)"
216.73.216.56 - - [20/Dec/2025:00:35:24 +0000] "GET /entity/315934153.htm HTTP/1.1" 301 7281 "-" "Mozilla/5.0 AppleWebKit/537.36 (KHTML, like Gecko; compatible; ClaudeBot/1.0; +claudebot@anthropic.com)"
216.73.216.56 - - [20/Dec/2025:00:35:25 +0000] "GET /entity/315934153.htm/ HTTP/1.1" 200 52143 "https://datainsightnow.com/entity/315934153.htm" "Mozilla/5.0 AppleWebKit/537.36 (KHTML, like Gecko; compatible; ClaudeBot/1.0; +claudebot@anthropic.com)"
66.249.69.2 - - [20/Dec/2025:00:35:25 +0000] "GET /entity/102860555.htm HTTP/1.1" 200 29989 "-" "Mozilla/5.0 (Linux; Android 6.0.1; Nexus 5X Build/MMB29P) AppleWebKit/537.36 (KHTML, like Gecko) Chrome/141.0.7390.122 Mobile Safari/537.36 (compatible; Googlebot/2.1; +http://www.google.com/bot.html)"
216.73.216.56 - - [20/Dec/2025:00:35:27 +0000] "GET /entity/315813716.htm HTTP/1.1" 301 7281 "-" "Mozilla/5.0 AppleWebKit/537.36 (KHTML, like Gecko; compatible; ClaudeBot/1.0; +claudebot@anthropic.com)"
216.73.216.56 - - [20/Dec/2025:00:35:29 +0000] "GET /entity/315813716.htm/ HTTP/1.1" 200 52143 "https://datainsightnow.com/entity/315813716.htm" "Mozilla/5.0 AppleWebKit/537.36 (KHTML, like Gecko; compatible; ClaudeBot/1.0; +claudebot@anthropic.com)"
216.73.216.56 - - [20/Dec/2025:00:35:30 +0000] "GET /entity/315917063.htm HTTP/1.1" 301 7275 "-" "Mozilla/5.0 AppleWebKit/537.36 (KHTML, like Gecko; compatible; ClaudeBot/1.0; +claudebot@anthropic.com)"
216.73.216.56 - - [20/Dec/2025:00:35:31 +0000] "GET /entity/315917063.htm/ HTTP/1.1" 200 52143 "https://datainsightnow.com/entity/315917063.htm" "Mozilla/5.0 AppleWebKit/537.36 (KHTML, like Gecko; compatible; ClaudeBot/1.0; +claudebot@anthropic.com)"
57.141.0.55 - - [20/Dec/2025:00:35:32 +0000] "GET /2025/03/07/page/6/?fileloc=//sys/class/pci_bus/0000:0c/subsystem/0000:08/device/0000:00:02.6:pcie010/subsystem/devices/0000:00:03.1:pcie010/uevent&path=//sys/class/pci_bus/0000:0c/subsystem/0000:08/device/0000:00:02.6:pcie010/subsystem/devices/0000:00:03.1:pcie010 HTTP/1.1" 200 276788 "-" "meta-externalagent/1.1 (+https://developers.facebook.com/docs/sharing/webmasters/crawler)"
66.135.21.75 - - [20/Dec/2025:00:35:34 +0000] "POST /wp-cron.php?doing_wp_cron=1766190933.4811611175537109375000 HTTP/1.1" 499 0 "-" "WordPress/6.3.1; https://datainsightnow.com"
216.73.216.56 - - [20/Dec/2025:00:35:34 +0000] "GET /entity/315817860.htm HTTP/1.1" 301 7281 "-" "Mozilla/5.0 AppleWebKit/537.36 (KHTML, like Gecko; compatible; ClaudeBot/1.0; +claudebot@anthropic.com)"
216.73.216.56 - - [20/Dec/2025:00:35:35 +0000] "GET /entity/315817860.htm/ HTTP/1.1" 200 52143 "https://datainsightnow.com/entity/315817860.htm" "Mozilla/5.0 AppleWebKit/537.36 (KHTML, like Gecko; compatible; ClaudeBot/1.0; +claudebot@anthropic.com)"
216.73.216.56 - - [20/Dec/2025:00:35:36 +0000] "GET /entity/315773834.htm HTTP/1.1" 301 7281 "-" "Mozilla/5.0 AppleWebKit/537.36 (KHTML, like Gecko; compatible; ClaudeBot/1.0; +claudebot@anthropic.com)"
216.73.216.56 - - [20/Dec/2025:00:35:37 +0000] "GET /entity/315773834.htm/ HTTP/1.1" 200 52143 "https://datainsightnow.com/entity/315773834.htm" "Mozilla/5.0 AppleWebKit/537.36 (KHTML, like Gecko; compatible; ClaudeBot/1.0; +claudebot@anthropic.com)"
57.141.0.40 - - [20/Dec/2025:00:35:39 +0000] "GET /karamba-spielsaal-erfahrungen-angeschlossen-testbericht-werfen-sie-einen-blick-auf-den-link-within-2025-pro-teutonia/?fileloc=//sys/class/pci_bus/0000:08/subsystem/0000:05/subsystem/0000:00/device/0000:00:02.4/driver/0000:00:02.7/msi_bus&path=//sys/class/pci_bus/0000:08/subsystem/0000:05/subsystem/0000:00/device/0000:00:02.4/driver/0000:00:02.7 HTTP/1.1" 200 276788 "-" "meta-externalagent/1.1 (+https://developers.facebook.com/docs/sharing/webmasters/crawler)"
216.73.216.56 - - [20/Dec/2025:00:35:40 +0000] "GET /entity/315931045.htm HTTP/1.1" 301 7281 "-" "Mozilla/5.0 AppleWebKit/537.36 (KHTML, like Gecko; compatible; ClaudeBot/1.0; +claudebot@anthropic.com)"
216.73.216.56 - - [20/Dec/2025:00:35:46 +0000] "GET /entity/315931045.htm/ HTTP/1.1" 200 52143 "https://datainsightnow.com/entity/315931045.htm" "Mozilla/5.0 AppleWebKit/537.36 (KHTML, like Gecko; compatible; ClaudeBot/1.0; +claudebot@anthropic.com)"
66.249.69.1 - - [20/Dec/2025:00:35:47 +0000] "GET /?fileloc=//sys/class/sound/card0/device/subsystem/devices/0000:00:02.2/driver/0000:00:02.2/driver/0000:00:02.6/0000:00:02.6:pcie002/driver/0000:00:02.3:pcie002/driver/0000:00:03.4:pcie002/subsystem/devices/0000:00:02.1:pcie002/subsystem/devices/0000:00:03.6:pcie002/uevent&path=//sys/class/sound/card0/device/subsystem/devices/0000:00:02.2/driver/0000:00:02.2/driver/0000:00:02.6/0000:00:02.6:pcie002/driver/0000:00:02.3:pcie002/driver/0000:00:03.4:pcie002/subsystem/devices/0000:00:02.1:pcie002/subsystem/devices/0000:00:03.6:pcie002 HTTP/1.1" 200 52145 "-" "Mozilla/5.0 (Linux; Android 6.0.1; Nexus 5X Build/MMB29P) AppleWebKit/537.36 (KHTML, like Gecko) Chrome/141.0.7390.122 Mobile Safari/537.36 (compatible; Googlebot/2.1; +http://www.google.com/bot.html)"
114.119.145.154 - - [20/Dec/2025:00:35:48 +0000] "GET /zodiac-kasino-erfahrungen-2024-480-bonus-80-freispiele/?path=//sys/dev/char/4:90/subsystem/ttyS13/subsystem/tty48 HTTP/1.1" 200 52145 "https://datainsightnow.com/zodiac-kasino-erfahrungen-2024-480-bonus-80-freispiele/?path=//sys/dev/char/4%3A90/subsystem/ttyS13/subsystem" "Mozilla/5.0 (Linux; Android 7.0;) AppleWebKit/537.36 (KHTML, like Gecko) Mobile Safari/537.36 (compatible; PetalBot;+https://webmaster.petalsearch.com/site/petalbot)"
216.73.216.56 - - [20/Dec/2025:00:35:48 +0000] "GET /entity/315826933.htm HTTP/1.1" 301 7275 "-" "Mozilla/5.0 AppleWebKit/537.36 (KHTML, like Gecko; compatible; ClaudeBot/1.0; +claudebot@anthropic.com)"
57.141.0.65 - - [20/Dec/2025:00:35:49 +0000] "GET /2025/03/07/page/6/?fileloc=//sys/class/pci_bus/0000:0e/subsystem/0000:12/device/driver/0000:00:02.3/driver/0000:00:02.6/subsystem/drivers_autoprobe&path=//sys/class/pci_bus/0000:0e/subsystem/0000:12/device/driver/0000:00:02.3/driver/0000:00:02.6/subsystem HTTP/1.1" 200 276788 "-" "meta-externalagent/1.1 (+https://developers.facebook.com/docs/sharing/webmasters/crawler)"
216.73.216.56 - - [20/Dec/2025:00:35:50 +0000] "GET /entity/315826933.htm/ HTTP/1.1" 200 52143 "https://datainsightnow.com/entity/315826933.htm" "Mozilla/5.0 AppleWebKit/537.36 (KHTML, like Gecko; compatible; ClaudeBot/1.0; +claudebot@anthropic.com)"
66.135.21.75 - - [20/Dec/2025:00:35:51 +0000] "POST /wp-cron.php?doing_wp_cron=1766190950.5644819736480712890625 HTTP/1.1" 499 0 "-" "WordPress/6.3.1; https://datainsightnow.com"
66.249.69.1 - - [20/Dec/2025:00:35:52 +0000] "GET /?fileloc=//sys/class/sound/card0/device/subsystem/devices/0000:00:02.2/subsystem/devices/0000:00:1f.0/subsystem/devices/0000:05:00.0/subsystem/drivers/pcieport/0000:00:03.1/driver/0000:00:02.5/driver/0000:00:04.0/msi_irqs/40&path=//sys/class/sound/card0/device/subsystem/devices/0000:00:02.2/subsystem/devices/0000:00:1f.0/subsystem/devices/0000:05:00.0/subsystem/drivers/pcieport/0000:00:03.1/driver/0000:00:02.5/driver/0000:00:04.0/msi_irqs HTTP/1.1" 200 52145 "-" "Mozilla/5.0 (Linux; Android 6.0.1; Nexus 5X Build/MMB29P) AppleWebKit/537.36 (KHTML, like Gecko) Chrome/141.0.7390.122 Mobile Safari/537.36 (compatible; Googlebot/2.1; +http://www.google.com/bot.html)"
216.73.216.56 - - [20/Dec/2025:00:35:52 +0000] "GET /entity/315829517.htm HTTP/1.1" 301 7281 "-" "Mozilla/5.0 AppleWebKit/537.36 (KHTML, like Gecko; compatible; ClaudeBot/1.0; +claudebot@anthropic.com)"
216.73.216.56 - - [20/Dec/2025:00:35:52 +0000] "GET /entity/315829517.htm/ HTTP/1.1" 200 52143 "https://datainsightnow.com/entity/315829517.htm" "Mozilla/5.0 AppleWebKit/537.36 (KHTML, like Gecko; compatible; ClaudeBot/1.0; +claudebot@anthropic.com)"
57.141.0.55 - - [20/Dec/2025:00:35:54 +0000] "GET /karamba-spielsaal-erfahrungen-angeschlossen-testbericht-werfen-sie-einen-blick-auf-den-link-within-2025-pro-teutonia/?fileloc=//sys/class/pci_bus/0000:02/device/driver/0000:00:02.3/subsystem/devices/0000:00:03.1/subsystem/slots/0-4/address&path=//sys/class/pci_bus/0000:02/device/driver/0000:00:02.3/subsystem/devices/0000:00:03.1/subsystem/slots/0-4 HTTP/1.1" 200 276740 "-" "meta-externalagent/1.1 (+https://developers.facebook.com/docs/sharing/webmasters/crawler)"
216.73.216.56 - - [20/Dec/2025:00:35:54 +0000] "GET /entity/315862157.htm HTTP/1.1" 301 7275 "-" "Mozilla/5.0 AppleWebKit/537.36 (KHTML, like Gecko; compatible; ClaudeBot/1.0; +claudebot@anthropic.com)"
216.73.216.56 - - [20/Dec/2025:00:35:55 +0000] "GET /entity/315862157.htm/ HTTP/1.1" 200 52143 "https://datainsightnow.com/entity/315862157.htm" "Mozilla/5.0 AppleWebKit/537.36 (KHTML, like Gecko; compatible; ClaudeBot/1.0; +claudebot@anthropic.com)"
216.73.216.56 - - [20/Dec/2025:00:35:57 +0000] "GET /entity/315855941.htm HTTP/1.1" 301 7275 "-" "Mozilla/5.0 AppleWebKit/537.36 (KHTML, like Gecko; compatible; ClaudeBot/1.0; +claudebot@anthropic.com)"
216.73.216.56 - - [20/Dec/2025:00:35:58 +0000] "GET /entity/315855941.htm/ HTTP/1.1" 200 52143 "https://datainsightnow.com/entity/315855941.htm" "Mozilla/5.0 AppleWebKit/537.36 (KHTML, like Gecko; compatible; ClaudeBot/1.0; +claudebot@anthropic.com)"
216.73.216.56 - - [20/Dec/2025:00:36:00 +0000] "GET /entity/315781871.htm HTTP/1.1" 301 7281 "-" "Mozilla/5.0 AppleWebKit/537.36 (KHTML, like Gecko; compatible; ClaudeBot/1.0; +claudebot@anthropic.com)"
216.73.216.56 - - [20/Dec/2025:00:36:01 +0000] "GET /entity/315781871.htm/ HTTP/1.1" 200 52143 "https://datainsightnow.com/entity/315781871.htm" "Mozilla/5.0 AppleWebKit/537.36 (KHTML, like Gecko; compatible; ClaudeBot/1.0; +claudebot@anthropic.com)"
57.141.0.38 - - [20/Dec/2025:00:36:02 +0000] "GET /2025/03/07/page/6/?fileloc=//sys/class/pci_bus/0000:10/subsystem/0000:12/subsystem/0000:0e/subsystem/0000:13/uevent&path=//sys/class/pci_bus/0000:10/subsystem/0000:12/subsystem/0000:0e/subsystem/0000:13 HTTP/1.1" 200 276741 "-" "meta-externalagent/1.1 (+https://developers.facebook.com/docs/sharing/webmasters/crawler)"
216.73.216.56 - - [20/Dec/2025:00:36:08 +0000] "GET /entity/315881066.htm HTTP/1.1" 301 7275 "-" "Mozilla/5.0 AppleWebKit/537.36 (KHTML, like Gecko; compatible; ClaudeBot/1.0; +claudebot@anthropic.com)"
85.208.96.209 - - [20/Dec/2025:00:36:09 +0000] "GET /entity/305219580.htm HTTP/1.1" 301 7275 "-" "Mozilla/5.0 (compatible; SemrushBot/7~bl; +http://www.semrush.com/bot.html)"
216.73.216.56 - - [20/Dec/2025:00:36:10 +0000] "GET /entity/315881066.htm/ HTTP/1.1" 200 52143 "https://datainsightnow.com/entity/315881066.htm" "Mozilla/5.0 AppleWebKit/537.36 (KHTML, like Gecko; compatible; ClaudeBot/1.0; +claudebot@anthropic.com)"
57.141.0.39 - - [20/Dec/2025:00:36:10 +0000] "GET /2025/03/05/page/6/?fileloc=//sys/class/pci_bus/0000:0b/device/driver/0000:00:02.3/power/async&path=//sys/class/pci_bus/0000:0b/device/driver/0000:00:02.3/power HTTP/1.1" 200 276733 "-" "meta-externalagent/1.1 (+https://developers.facebook.com/docs/sharing/webmasters/crawler)"
66.249.69.3 - - [20/Dec/2025:00:36:11 +0000] "GET /entity/114093381.htm HTTP/1.1" 200 30773 "-" "Mozilla/5.0 (Linux; Android 6.0.1; Nexus 5X Build/MMB29P) AppleWebKit/537.36 (KHTML, like Gecko) Chrome/141.0.7390.122 Mobile Safari/537.36 (compatible; Googlebot/2.1; +http://www.google.com/bot.html)"
216.73.216.56 - - [20/Dec/2025:00:36:12 +0000] "GET /entity/315742242.htm HTTP/1.1" 301 7281 "-" "Mozilla/5.0 AppleWebKit/537.36 (KHTML, like Gecko; compatible; ClaudeBot/1.0; +claudebot@anthropic.com)"
185.191.171.5 - - [20/Dec/2025:00:36:13 +0000] "GET /entity/305219580.htm/ HTTP/1.1" 200 52143 "-" "Mozilla/5.0 (compatible; SemrushBot/7~bl; +http://www.semrush.com/bot.html)"
216.73.216.56 - - [20/Dec/2025:00:36:14 +0000] "GET /entity/315742242.htm/ HTTP/1.1" 200 52143 "https://datainsightnow.com/entity/315742242.htm" "Mozilla/5.0 AppleWebKit/537.36 (KHTML, like Gecko; compatible; ClaudeBot/1.0; +claudebot@anthropic.com)"
40.77.167.19 - - [20/Dec/2025:00:36:14 +0000] "GET /?p=49271 HTTP/1.1" 200 30164 "-" "Mozilla/5.0 AppleWebKit/537.36 (KHTML, like Gecko; compatible; bingbot/2.0; +http://www.bing.com/bingbot.htm) Chrome/116.0.1938.76 Safari/537.36"
216.73.216.56 - - [20/Dec/2025:00:36:15 +0000] "GET /entity/315947360.htm HTTP/1.1" 301 7275 "-" "Mozilla/5.0 AppleWebKit/537.36 (KHTML, like Gecko; compatible; ClaudeBot/1.0; +claudebot@anthropic.com)"
216.73.216.56 - - [20/Dec/2025:00:36:16 +0000] "GET /entity/315947360.htm/ HTTP/1.1" 200 52143 "https://datainsightnow.com/entity/315947360.htm" "Mozilla/5.0 AppleWebKit/537.36 (KHTML, like Gecko; compatible; ClaudeBot/1.0; +claudebot@anthropic.com)"
57.141.0.39 - - [20/Dec/2025:00:36:18 +0000] "GET /2025/03/07/page/6/?fileloc=//sys/class/pci_bus/0000:09/subsystem/0000:0b/subsystem/0000:00/device/0000:00:03.7/aer_rootport_total_err_nonfatal&path=//sys/class/pci_bus/0000:09/subsystem/0000:0b/subsystem/0000:00/device/0000:00:03.7 HTTP/1.1" 200 276788 "-" "meta-externalagent/1.1 (+https://developers.facebook.com/docs/sharing/webmasters/crawler)"
216.73.216.56 - - [20/Dec/2025:00:36:18 +0000] "GET /entity/315855427.htm HTTP/1.1" 301 7281 "-" "Mozilla/5.0 AppleWebKit/537.36 (KHTML, like Gecko; compatible; ClaudeBot/1.0; +claudebot@anthropic.com)"
216.73.216.56 - - [20/Dec/2025:00:36:19 +0000] "GET /entity/315855427.htm/ HTTP/1.1" 200 52143 "https://datainsightnow.com/entity/315855427.htm" "Mozilla/5.0 AppleWebKit/537.36 (KHTML, like Gecko; compatible; ClaudeBot/1.0; +claudebot@anthropic.com)"
216.73.216.56 - - [20/Dec/2025:00:36:21 +0000] "GET /entity/315765546.htm HTTP/1.1" 301 7281 "-" "Mozilla/5.0 AppleWebKit/537.36 (KHTML, like Gecko; compatible; ClaudeBot/1.0; +claudebot@anthropic.com)"
216.73.216.56 - - [20/Dec/2025:00:36:22 +0000] "GET /entity/315765546.htm/ HTTP/1.1" 200 52143 "https://datainsightnow.com/entity/315765546.htm" "Mozilla/5.0 AppleWebKit/537.36 (KHTML, like Gecko; compatible; ClaudeBot/1.0; +claudebot@anthropic.com)"
57.141.0.51 - - [20/Dec/2025:00:36:25 +0000] "GET /2025/03/06/page/39/?path=//sys/class/pci_bus/0000:03/subsystem/0000:0c/device/driver/0000:00:03.2/driver/0000:00:04.0/0000:00:04.0:pcie002 HTTP/1.1" 200 276733 "-" "meta-externalagent/1.1 (+https://developers.facebook.com/docs/sharing/webmasters/crawler)"
216.73.216.56 - - [20/Dec/2025:00:36:25 +0000] "GET /entity/315866038.htm HTTP/1.1" 301 7275 "-" "Mozilla/5.0 AppleWebKit/537.36 (KHTML, like Gecko; compatible; ClaudeBot/1.0; +claudebot@anthropic.com)"
216.73.216.56 - - [20/Dec/2025:00:36:26 +0000] "GET /entity/315866038.htm/ HTTP/1.1" 200 52143 "https://datainsightnow.com/entity/315866038.htm" "Mozilla/5.0 AppleWebKit/537.36 (KHTML, like Gecko; compatible; ClaudeBot/1.0; +claudebot@anthropic.com)"
216.73.216.56 - - [20/Dec/2025:00:36:27 +0000] "GET /entity/315809572.htm HTTP/1.1" 301 7281 "-" "Mozilla/5.0 AppleWebKit/537.36 (KHTML, like Gecko; compatible; ClaudeBot/1.0; +claudebot@anthropic.com)"
216.73.216.56 - - [20/Dec/2025:00:36:28 +0000] "GET /entity/315809572.htm/ HTTP/1.1" 200 52143 "https://datainsightnow.com/entity/315809572.htm" "Mozilla/5.0 AppleWebKit/537.36 (KHTML, like Gecko; compatible; ClaudeBot/1.0; +claudebot@anthropic.com)"
216.73.216.56 - - [20/Dec/2025:00:36:30 +0000] "GET /entity/315886760.htm HTTP/1.1" 301 7281 "-" "Mozilla/5.0 AppleWebKit/537.36 (KHTML, like Gecko; compatible; ClaudeBot/1.0; +claudebot@anthropic.com)"
216.73.216.56 - - [20/Dec/2025:00:36:31 +0000] "GET /entity/315886760.htm/ HTTP/1.1" 200 52143 "https://datainsightnow.com/entity/315886760.htm" "Mozilla/5.0 AppleWebKit/537.36 (KHTML, like Gecko; compatible; ClaudeBot/1.0; +claudebot@anthropic.com)"
57.141.0.39 - - [20/Dec/2025:00:36:33 +0000] "GET /2025/03/07/page/6/?fileloc=//sys/class/pci_bus/0000:05/subsystem/0000:0e/device/driver/0000:00:03.6/driver/0000:00:02.6/subsystem/devices/0000:00:03.5/revision&path=//sys/class/pci_bus/0000:05/subsystem/0000:0e/device/driver/0000:00:03.6/driver/0000:00:02.6/subsystem/devices/0000:00:03.5 HTTP/1.1" 200 276733 "-" "meta-externalagent/1.1 (+https://developers.facebook.com/docs/sharing/webmasters/crawler)"
216.73.216.56 - - [20/Dec/2025:00:36:33 +0000] "GET /entity/315922757.htm HTTP/1.1" 301 7281 "-" "Mozilla/5.0 AppleWebKit/537.36 (KHTML, like Gecko; compatible; ClaudeBot/1.0; +claudebot@anthropic.com)"
207.46.13.127 - - [20/Dec/2025:00:36:34 +0000] "GET /0_PIRIOTHREEANDHALF-medium/?fileloc=/etc/ssh/sshd_config.ucf-dist&path=/etc/ssh HTTP/1.1" 200 52143 "-" "Mozilla/5.0 AppleWebKit/537.36 (KHTML, like Gecko; compatible; bingbot/2.0; +http://www.bing.com/bingbot.htm) Chrome/116.0.1938.76 Safari/537.36"
216.73.216.56 - - [20/Dec/2025:00:36:35 +0000] "GET /entity/315922757.htm/ HTTP/1.1" 200 52143 "https://datainsightnow.com/entity/315922757.htm" "Mozilla/5.0 AppleWebKit/537.36 (KHTML, like Gecko; compatible; ClaudeBot/1.0; +claudebot@anthropic.com)"
216.73.216.56 - - [20/Dec/2025:00:36:36 +0000] "GET /entity/315950990.htm HTTP/1.1" 301 7281 "-" "Mozilla/5.0 AppleWebKit/537.36 (KHTML, like Gecko; compatible; ClaudeBot/1.0; +claudebot@anthropic.com)"
216.73.216.56 - - [20/Dec/2025:00:36:37 +0000] "GET /entity/315950990.htm/ HTTP/1.1" 200 52143 "https://datainsightnow.com/entity/315950990.htm" "Mozilla/5.0 AppleWebKit/537.36 (KHTML, like Gecko; compatible; ClaudeBot/1.0; +claudebot@anthropic.com)"
216.73.216.56 - - [20/Dec/2025:00:36:39 +0000] "GET /entity/315899453.htm HTTP/1.1" 301 7281 "-" "Mozilla/5.0 AppleWebKit/537.36 (KHTML, like Gecko; compatible; ClaudeBot/1.0; +claudebot@anthropic.com)"
57.141.0.57 - - [20/Dec/2025:00:36:40 +0000] "GET /moneysense-self-help-guide-to-the-ideal-profile/?path=//sys/class/pci_bus/0000:08/subsystem/0000:10/subsystem/0000:03/device/firmware_node/device:0c HTTP/1.1" 200 276788 "-" "meta-externalagent/1.1 (+https://developers.facebook.com/docs/sharing/webmasters/crawler)"
216.73.216.56 - - [20/Dec/2025:00:36:41 +0000] "GET /entity/315899453.htm/ HTTP/1.1" 200 52143 "https://datainsightnow.com/entity/315899453.htm" "Mozilla/5.0 AppleWebKit/537.36 (KHTML, like Gecko; compatible; ClaudeBot/1.0; +claudebot@anthropic.com)"
216.73.216.56 - - [20/Dec/2025:00:36:42 +0000] "GET /entity/315853084.htm HTTP/1.1" 301 7281 "-" "Mozilla/5.0 AppleWebKit/537.36 (KHTML, like Gecko; compatible; ClaudeBot/1.0; +claudebot@anthropic.com)"
216.73.216.56 - - [20/Dec/2025:00:36:43 +0000] "GET /entity/315853084.htm/ HTTP/1.1" 200 52143 "https://datainsightnow.com/entity/315853084.htm" "Mozilla/5.0 AppleWebKit/537.36 (KHTML, like Gecko; compatible; ClaudeBot/1.0; +claudebot@anthropic.com)"
216.73.216.56 - - [20/Dec/2025:00:36:45 +0000] "GET /entity/315903083.htm HTTP/1.1" 301 7281 "-" "Mozilla/5.0 AppleWebKit/537.36 (KHTML, like Gecko; compatible; ClaudeBot/1.0; +claudebot@anthropic.com)"
57.141.0.27 - - [20/Dec/2025:00:36:47 +0000] "GET /2025/03/07/page/6/?path=//sys/class/pci_bus/0000:0a/subsystem/0000:0d/subsystem/0000:0b/subsystem/0000:00/device/0000:00:03.3/subsystem HTTP/1.1" 200 276733 "-" "meta-externalagent/1.1 (+https://developers.facebook.com/docs/sharing/webmasters/crawler)"
216.73.216.56 - - [20/Dec/2025:00:36:48 +0000] "GET /entity/315903083.htm/ HTTP/1.1" 200 52143 "https://datainsightnow.com/entity/315903083.htm" "Mozilla/5.0 AppleWebKit/537.36 (KHTML, like Gecko; compatible; ClaudeBot/1.0; +claudebot@anthropic.com)"
216.73.216.56 - - [20/Dec/2025:00:36:48 +0000] "GET /entity/315863966.htm HTTP/1.1" 301 7281 "-" "Mozilla/5.0 AppleWebKit/537.36 (KHTML, like Gecko; compatible; ClaudeBot/1.0; +claudebot@anthropic.com)"
66.135.21.75 - - [20/Dec/2025:00:36:51 +0000] "POST /wp-cron.php?doing_wp_cron=1766191010.1527121067047119140625 HTTP/1.1" 499 0 "-" "WordPress/6.3.1; https://datainsightnow.com"
216.73.216.56 - - [20/Dec/2025:00:36:51 +0000] "GET /entity/315863966.htm/ HTTP/1.1" 200 52143 "https://datainsightnow.com/entity/315863966.htm" "Mozilla/5.0 AppleWebKit/537.36 (KHTML, like Gecko; compatible; ClaudeBot/1.0; +claudebot@anthropic.com)"
57.141.0.15 - - [20/Dec/2025:00:36:54 +0000] "GET /2025/03/06/page/39/?path=//sys/class/pci_bus/0000:00/device/0000:00:02.1/driver/0000:00:03.4/firmware_node/subsystem/devices/device:3e HTTP/1.1" 200 276741 "-" "meta-externalagent/1.1 (+https://developers.facebook.com/docs/sharing/webmasters/crawler)"
216.73.216.56 - - [20/Dec/2025:00:36:54 +0000] "GET /entity/315953576.htm HTTP/1.1" 301 7281 "-" "Mozilla/5.0 AppleWebKit/537.36 (KHTML, like Gecko; compatible; ClaudeBot/1.0; +claudebot@anthropic.com)"
216.73.216.56 - - [20/Dec/2025:00:36:55 +0000] "GET /entity/315953576.htm/ HTTP/1.1" 200 52143 "https://datainsightnow.com/entity/315953576.htm" "Mozilla/5.0 AppleWebKit/537.36 (KHTML, like Gecko; compatible; ClaudeBot/1.0; +claudebot@anthropic.com)"
216.73.216.56 - - [20/Dec/2025:00:36:57 +0000] "GET /entity/315854391.htm HTTP/1.1" 301 7275 "-" "Mozilla/5.0 AppleWebKit/537.36 (KHTML, like Gecko; compatible; ClaudeBot/1.0; +claudebot@anthropic.com)"
216.73.216.56 - - [20/Dec/2025:00:36:58 +0000] "GET /entity/315854391.htm/ HTTP/1.1" 200 52143 "https://datainsightnow.com/entity/315854391.htm" "Mozilla/5.0 AppleWebKit/537.36 (KHTML, like Gecko; compatible; ClaudeBot/1.0; +claudebot@anthropic.com)"
216.73.216.56 - - [20/Dec/2025:00:37:00 +0000] "GET /entity/315843770.htm HTTP/1.1" 301 7281 "-" "Mozilla/5.0 AppleWebKit/537.36 (KHTML, like Gecko; compatible; ClaudeBot/1.0; +claudebot@anthropic.com)"
216.73.216.56 - - [20/Dec/2025:00:37:01 +0000] "GET /entity/315843770.htm/ HTTP/1.1" 200 52143 "https://datainsightnow.com/entity/315843770.htm" "Mozilla/5.0 AppleWebKit/537.36 (KHTML, like Gecko; compatible; ClaudeBot/1.0; +claudebot@anthropic.com)"
57.141.0.26 - - [20/Dec/2025:00:37:02 +0000] "GET /2025/03/06/page/39/?path=//sys/class/pci_bus/0000:01/subsystem/0000:0f/subsystem/0000:03/subsystem/0000:10/subsystem/0000:11/device HTTP/1.1" 200 276788 "-" "meta-externalagent/1.1 (+https://developers.facebook.com/docs/sharing/webmasters/crawler)"
216.73.216.56 - - [20/Dec/2025:00:37:03 +0000] "GET /entity/315887796.htm HTTP/1.1" 301 7275 "-" "Mozilla/5.0 AppleWebKit/537.36 (KHTML, like Gecko; compatible; ClaudeBot/1.0; +claudebot@anthropic.com)"
40.77.167.19 - - [20/Dec/2025:00:37:03 +0000] "GET /?368828432?entity=0367404642 HTTP/1.1" 200 33861 "-" "Mozilla/5.0 AppleWebKit/537.36 (KHTML, like Gecko; compatible; bingbot/2.0; +http://www.bing.com/bingbot.htm) Chrome/116.0.1938.76 Safari/537.36"
216.73.216.56 - - [20/Dec/2025:00:37:05 +0000] "GET /entity/315887796.htm/ HTTP/1.1" 200 52143 "https://datainsightnow.com/entity/315887796.htm" "Mozilla/5.0 AppleWebKit/537.36 (KHTML, like Gecko; compatible; ClaudeBot/1.0; +claudebot@anthropic.com)"
114.119.157.166 - - [20/Dec/2025:00:37:05 +0000] "GET /zodiac-kasino-erfahrungen-2024-480-bonus-80-freispiele/?path=//sys/dev/char/4:76/subsystem/ttyS29/subsystem/tty43/subsystem/ttyS5 HTTP/1.1" 200 52145 "https://datainsightnow.com/zodiac-kasino-erfahrungen-2024-480-bonus-80-freispiele/?path=//sys/dev/char/4%3A76/subsystem/ttyS29/subsystem/tty43/subsystem" "Mozilla/5.0 (Linux; Android 7.0;) AppleWebKit/537.36 (KHTML, like Gecko) Mobile Safari/537.36 (compatible; PetalBot;+https://webmaster.petalsearch.com/site/petalbot)"
216.73.216.56 - - [20/Dec/2025:00:37:06 +0000] "GET /entity/315781086.htm HTTP/1.1" 301 7281 "-" "Mozilla/5.0 AppleWebKit/537.36 (KHTML, like Gecko; compatible; ClaudeBot/1.0; +claudebot@anthropic.com)"
216.73.216.56 - - [20/Dec/2025:00:37:07 +0000] "GET /entity/315781086.htm/ HTTP/1.1" 200 52143 "https://datainsightnow.com/entity/315781086.htm" "Mozilla/5.0 AppleWebKit/537.36 (KHTML, like Gecko; compatible; ClaudeBot/1.0; +claudebot@anthropic.com)"
57.141.0.31 - - [20/Dec/2025:00:37:09 +0000] "GET /2025/03/07/page/6/?path=//sys/class/pci_bus/0000:05/subsystem/0000:05/subsystem/0000:05/subsystem/0000:0d/device/subsystem/drivers/lpc_ich/0000:00:1f.0/iTCO_wdt.1.auto/firmware_node HTTP/1.1" 200 276788 "-" "meta-externalagent/1.1 (+https://developers.facebook.com/docs/sharing/webmasters/crawler)"
216.73.216.56 - - [20/Dec/2025:00:37:10 +0000] "GET /entity/315755188.htm HTTP/1.1" 301 7281 "-" "Mozilla/5.0 AppleWebKit/537.36 (KHTML, like Gecko; compatible; ClaudeBot/1.0; +claudebot@anthropic.com)"
216.73.216.56 - - [20/Dec/2025:00:37:11 +0000] "GET /entity/315755188.htm/ HTTP/1.1" 200 52143 "https://datainsightnow.com/entity/315755188.htm" "Mozilla/5.0 AppleWebKit/537.36 (KHTML, like Gecko; compatible; ClaudeBot/1.0; +claudebot@anthropic.com)"
216.73.216.56 - - [20/Dec/2025:00:37:12 +0000] "GET /entity/315777456.htm HTTP/1.1" 301 7281 "-" "Mozilla/5.0 AppleWebKit/537.36 (KHTML, like Gecko; compatible; ClaudeBot/1.0; +claudebot@anthropic.com)"
216.73.216.56 - - [20/Dec/2025:00:37:15 +0000] "GET /entity/315777456.htm/ HTTP/1.1" 200 52143 "https://datainsightnow.com/entity/315777456.htm" "Mozilla/5.0 AppleWebKit/537.36 (KHTML, like Gecko; compatible; ClaudeBot/1.0; +claudebot@anthropic.com)"
57.141.0.48 - - [20/Dec/2025:00:37:17 +0000] "GET /2025/03/07/page/6/?path=//sys/class/pci_bus/0000:08/subsystem/0000:13/subsystem/0000:01/subsystem/0000:00/device/firmware_node/PNP0A06:00 HTTP/1.1" 200 276788 "-" "meta-externalagent/1.1 (+https://developers.facebook.com/docs/sharing/webmasters/crawler)"
85.208.96.195 - - [20/Dec/2025:00:37:17 +0000] "GET /entity/305340027.htm HTTP/1.1" 301 7281 "-" "Mozilla/5.0 (compatible; SemrushBot/7~bl; +http://www.semrush.com/bot.html)"
216.73.216.56 - - [20/Dec/2025:00:37:18 +0000] "GET /entity/315880281.htm HTTP/1.1" 301 7281 "-" "Mozilla/5.0 AppleWebKit/537.36 (KHTML, like Gecko; compatible; ClaudeBot/1.0; +claudebot@anthropic.com)"
216.73.216.56 - - [20/Dec/2025:00:37:19 +0000] "GET /entity/315880281.htm/ HTTP/1.1" 200 52143 "https://datainsightnow.com/entity/315880281.htm" "Mozilla/5.0 AppleWebKit/537.36 (KHTML, like Gecko; compatible; ClaudeBot/1.0; +claudebot@anthropic.com)"
185.191.171.2 - - [20/Dec/2025:00:37:21 +0000] "GET /entity/305340027.htm/ HTTP/1.1" 200 52143 "-" "Mozilla/5.0 (compatible; SemrushBot/7~bl; +http://www.semrush.com/bot.html)"
216.73.216.56 - - [20/Dec/2025:00:37:21 +0000] "GET /entity/315924578.htm HTTP/1.1" 301 7275 "-" "Mozilla/5.0 AppleWebKit/537.36 (KHTML, like Gecko; compatible; ClaudeBot/1.0; +claudebot@anthropic.com)"
216.73.216.56 - - [20/Dec/2025:00:37:22 +0000] "GET /entity/315924578.htm/ HTTP/1.1" 200 52143 "https://datainsightnow.com/entity/315924578.htm" "Mozilla/5.0 AppleWebKit/537.36 (KHTML, like Gecko; compatible; ClaudeBot/1.0; +claudebot@anthropic.com)"
57.141.0.45 - - [20/Dec/2025:00:37:23 +0000] "GET /2025/03/06/page/39/?fileloc=//sys/class/pci_bus/0000:02/subsystem/0000:0f/subsystem/0000:01/device/driver/0000:00:02.3/msi_bus&path=//sys/class/pci_bus/0000:02/subsystem/0000:0f/subsystem/0000:01/device/driver/0000:00:02.3 HTTP/1.1" 200 276733 "-" "meta-externalagent/1.1 (+https://developers.facebook.com/docs/sharing/webmasters/crawler)"
66.249.69.2 - - [20/Dec/2025:00:37:24 +0000] "GET /226947196?entity=0226071210 HTTP/1.1" 200 31159 "-" "Mozilla/5.0 (Linux; Android 6.0.1; Nexus 5X Build/MMB29P) AppleWebKit/537.36 (KHTML, like Gecko) Chrome/141.0.7390.122 Mobile Safari/537.36 (compatible; Googlebot/2.1; +http://www.google.com/bot.html)"
216.73.216.56 - - [20/Dec/2025:00:37:24 +0000] "GET /entity/315752339.htm HTTP/1.1" 301 7281 "-" "Mozilla/5.0 AppleWebKit/537.36 (KHTML, like Gecko; compatible; ClaudeBot/1.0; +claudebot@anthropic.com)"
216.73.216.56 - - [20/Dec/2025:00:37:25 +0000] "GET /entity/315752339.htm/ HTTP/1.1" 200 52143 "https://datainsightnow.com/entity/315752339.htm" "Mozilla/5.0 AppleWebKit/537.36 (KHTML, like Gecko; compatible; ClaudeBot/1.0; +claudebot@anthropic.com)"
85.208.96.208 - - [20/Dec/2025:00:37:25 +0000] "GET /entity/305283300.htm HTTP/1.1" 301 7281 "-" "Mozilla/5.0 (compatible; SemrushBot/7~bl; +http://www.semrush.com/bot.html)"
216.73.216.56 - - [20/Dec/2025:00:37:27 +0000] "GET /entity/315851797.htm HTTP/1.1" 301 7275 "-" "Mozilla/5.0 AppleWebKit/537.36 (KHTML, like Gecko; compatible; ClaudeBot/1.0; +claudebot@anthropic.com)"
216.73.216.56 - - [20/Dec/2025:00:37:28 +0000] "GET /entity/315851797.htm/ HTTP/1.1" 200 52143 "https://datainsightnow.com/entity/315851797.htm" "Mozilla/5.0 AppleWebKit/537.36 (KHTML, like Gecko; compatible; ClaudeBot/1.0; +claudebot@anthropic.com)"
57.141.0.23 - - [20/Dec/2025:00:37:30 +0000] "GET /2025/03/07/page/6/?path=//sys/class/pci_bus/0000:10/subsystem/0000:05/subsystem/0000:11/subsystem/0000:0e/subsystem/0000:07 HTTP/1.1" 200 276733 "-" "meta-externalagent/1.1 (+https://developers.facebook.com/docs/sharing/webmasters/crawler)"
185.191.171.5 - - [20/Dec/2025:00:37:31 +0000] "GET /entity/305283300.htm/ HTTP/1.1" 200 52143 "-" "Mozilla/5.0 (compatible; SemrushBot/7~bl; +http://www.semrush.com/bot.html)"
216.73.216.56 - - [20/Dec/2025:00:37:31 +0000] "GET /entity/315747422.htm HTTP/1.1" 301 7275 "-" "Mozilla/5.0 AppleWebKit/537.36 (KHTML, like Gecko; compatible; ClaudeBot/1.0; +claudebot@anthropic.com)"
216.73.216.56 - - [20/Dec/2025:00:37:32 +0000] "GET /entity/315747422.htm/ HTTP/1.1" 200 52143 "https://datainsightnow.com/entity/315747422.htm" "Mozilla/5.0 AppleWebKit/537.36 (KHTML, like Gecko; compatible; ClaudeBot/1.0; +claudebot@anthropic.com)"
66.249.69.2 - - [20/Dec/2025:00:37:32 +0000] "GET /226946419?entity=0226070438 HTTP/1.1" 200 34132 "-" "Mozilla/5.0 (Linux; Android 6.0.1; Nexus 5X Build/MMB29P) AppleWebKit/537.36 (KHTML, like Gecko) Chrome/141.0.7390.122 Mobile Safari/537.36 (compatible; Googlebot/2.1; +http://www.google.com/bot.html)"
216.73.216.56 - - [20/Dec/2025:00:37:34 +0000] "GET /index.php?rest_route=%2Fwp%2Fv2%2Fposts%2F19004 HTTP/1.1" 200 8046 "-" "Mozilla/5.0 AppleWebKit/537.36 (KHTML, like Gecko; compatible; ClaudeBot/1.0; +claudebot@anthropic.com)"
40.77.167.16 - - [20/Dec/2025:00:37:36 +0000] "GET /?217167868?entity=0216329642 HTTP/1.1" 200 31181 "-" "Mozilla/5.0 AppleWebKit/537.36 (KHTML, like Gecko; compatible; bingbot/2.0; +http://www.bing.com/bingbot.htm) Chrome/116.0.1938.76 Safari/537.36"
57.141.0.23 - - [20/Dec/2025:00:37:37 +0000] "GET /2025/03/07/page/6/?fileloc=//sys/class/pci_bus/0000:0c/subsystem/0000:0b/subsystem/0000:0f/device/driver/0000:00:02.0/driver/0000:00:02.5/device&path=//sys/class/pci_bus/0000:0c/subsystem/0000:0b/subsystem/0000:0f/device/driver/0000:00:02.0/driver/0000:00:02.5 HTTP/1.1" 200 276733 "-" "meta-externalagent/1.1 (+https://developers.facebook.com/docs/sharing/webmasters/crawler)"
216.73.216.56 - - [20/Dec/2025:00:37:38 +0000] "GET /index.php?rest_route=%2Fwp%2Fv2%2Fposts%2F23063 HTTP/1.1" 200 7608 "-" "Mozilla/5.0 AppleWebKit/537.36 (KHTML, like Gecko; compatible; ClaudeBot/1.0; +claudebot@anthropic.com)"
216.73.216.56 - - [20/Dec/2025:00:37:40 +0000] "GET /entity/315896345.htm HTTP/1.1" 301 7281 "-" "Mozilla/5.0 AppleWebKit/537.36 (KHTML, like Gecko; compatible; ClaudeBot/1.0; +claudebot@anthropic.com)"
216.73.216.56 - - [20/Dec/2025:00:37:41 +0000] "GET /entity/315896345.htm/ HTTP/1.1" 200 52143 "https://datainsightnow.com/entity/315896345.htm" "Mozilla/5.0 AppleWebKit/537.36 (KHTML, like Gecko; compatible; ClaudeBot/1.0; +claudebot@anthropic.com)"
216.73.216.56 - - [20/Dec/2025:00:37:43 +0000] "GET /index.php?rest_route=%2Fwp%2Fv2%2Fposts%2F45017 HTTP/1.1" 200 8738 "-" "Mozilla/5.0 AppleWebKit/537.36 (KHTML, like Gecko; compatible; ClaudeBot/1.0; +claudebot@anthropic.com)"
57.141.0.16 - - [20/Dec/2025:00:37:44 +0000] "GET /karamba-spielsaal-erfahrungen-angeschlossen-testbericht-werfen-sie-einen-blick-auf-den-link-within-2025-pro-teutonia/?fileloc=//sys/class/pci_bus/0000:06/subsystem/0000:05/subsystem/0000:13/subsystem/0000:0f/subsystem/0000:13/subsystem/0000:0c/cpulistaffinity&path=//sys/class/pci_bus/0000:06/subsystem/0000:05/subsystem/0000:13/subsystem/0000:0f/subsystem/0000:13/subsystem/0000:0c HTTP/1.1" 200 276740 "-" "meta-externalagent/1.1 (+https://developers.facebook.com/docs/sharing/webmasters/crawler)"
216.73.216.56 - - [20/Dec/2025:00:37:46 +0000] "GET /index.php?rest_route=%2Fwp%2Fv2%2Fposts%2F32129 HTTP/1.1" 200 7538 "-" "Mozilla/5.0 AppleWebKit/537.36 (KHTML, like Gecko; compatible; ClaudeBot/1.0; +claudebot@anthropic.com)"
216.73.216.56 - - [20/Dec/2025:00:37:49 +0000] "GET /index.php?rest_route=%2Fwp%2Fv2%2Fposts%2F23019 HTTP/1.1" 200 10326 "-" "Mozilla/5.0 AppleWebKit/537.36 (KHTML, like Gecko; compatible; ClaudeBot/1.0; +claudebot@anthropic.com)"
66.249.69.1 - - [20/Dec/2025:00:37:49 +0000] "GET /entity/611674345.htm HTTP/1.1" 200 29829 "-" "Mozilla/5.0 (Linux; Android 6.0.1; Nexus 5X Build/MMB29P) AppleWebKit/537.36 (KHTML, like Gecko) Chrome/141.0.7390.122 Mobile Safari/537.36 (compatible; Googlebot/2.1; +http://www.google.com/bot.html)"
66.135.21.75 - - [20/Dec/2025:00:37:52 +0000] "POST /wp-cron.php?doing_wp_cron=1766191071.1329529285430908203125 HTTP/1.1" 499 0 "-" "WordPress/6.3.1; https://datainsightnow.com"
57.141.0.74 - - [20/Dec/2025:00:37:52 +0000] "GET /karamba-spielsaal-erfahrungen-angeschlossen-testbericht-werfen-sie-einen-blick-auf-den-link-within-2025-pro-teutonia/?fileloc=//sys/class/pci_bus/0000:0e/subsystem/0000:01/subsystem/0000:0c/device/driver/0000:00:02.2/firmware_node/physical_node/power/wakeup_max_time_ms&path=//sys/class/pci_bus/0000:0e/subsystem/0000:01/subsystem/0000:0c/device/driver/0000:00:02.2/firmware_node/physical_node/power HTTP/1.1" 200 276788 "-" "meta-externalagent/1.1 (+https://developers.facebook.com/docs/sharing/webmasters/crawler)"
216.73.216.56 - - [20/Dec/2025:00:37:53 +0000] "GET /entity/315816059.htm HTTP/1.1" 301 7275 "-" "Mozilla/5.0 AppleWebKit/537.36 (KHTML, like Gecko; compatible; ClaudeBot/1.0; +claudebot@anthropic.com)"
216.73.216.56 - - [20/Dec/2025:00:37:54 +0000] "GET /entity/315816059.htm/ HTTP/1.1" 200 52143 "https://datainsightnow.com/entity/315816059.htm" "Mozilla/5.0 AppleWebKit/537.36 (KHTML, like Gecko; compatible; ClaudeBot/1.0; +claudebot@anthropic.com)"
47.128.63.21 - - [20/Dec/2025:00:37:55 +0000] "GET /?fileloc=%2F%2Fusr%2Fshare%2Fdoc%2Fopenssh-sftp-server%2FREADME.tun.gz&path=%2F%2Fusr%2Fshare%2Fdoc%2Fopenssh-sftp-server HTTP/1.1" 200 52145 "-" "Mozilla/5.0 (Linux; Android 5.0) AppleWebKit/537.36 (KHTML, like Gecko) Mobile Safari/537.36 (compatible; Bytespider; spider-feedback@bytedance.com)"
216.73.216.56 - - [20/Dec/2025:00:37:55 +0000] "GET /entity/315775906.htm HTTP/1.1" 301 7275 "-" "Mozilla/5.0 AppleWebKit/537.36 (KHTML, like Gecko; compatible; ClaudeBot/1.0; +claudebot@anthropic.com)"
216.73.216.56 - - [20/Dec/2025:00:37:56 +0000] "GET /entity/315775906.htm/ HTTP/1.1" 200 52143 "https://datainsightnow.com/entity/315775906.htm" "Mozilla/5.0 AppleWebKit/537.36 (KHTML, like Gecko; compatible; ClaudeBot/1.0; +claudebot@anthropic.com)"
57.141.0.49 - - [20/Dec/2025:00:37:58 +0000] "GET /2025/03/07/page/6/?path=//sys/class/pci_bus/0000:08/subsystem/0000:07/subsystem/0000:04/subsystem/0000:06/subsystem/0000:02/device HTTP/1.1" 200 276788 "-" "meta-externalagent/1.1 (+https://developers.facebook.com/docs/sharing/webmasters/crawler)"
216.73.216.56 - - [20/Dec/2025:00:37:58 +0000] "GET /index.php?rest_route=%2Fwp%2Fv2%2Fposts%2F21129 HTTP/1.1" 200 8819 "-" "Mozilla/5.0 AppleWebKit/537.36 (KHTML, like Gecko; compatible; ClaudeBot/1.0; +claudebot@anthropic.com)"
216.73.216.56 - - [20/Dec/2025:00:38:01 +0000] "GET /entity/315809321.htm HTTP/1.1" 301 7275 "-" "Mozilla/5.0 AppleWebKit/537.36 (KHTML, like Gecko; compatible; ClaudeBot/1.0; +claudebot@anthropic.com)"
216.73.216.56 - - [20/Dec/2025:00:38:02 +0000] "GET /entity/315809321.htm/ HTTP/1.1" 200 52143 "https://datainsightnow.com/entity/315809321.htm" "Mozilla/5.0 AppleWebKit/537.36 (KHTML, like Gecko; compatible; ClaudeBot/1.0; +claudebot@anthropic.com)"
216.73.216.56 - - [20/Dec/2025:00:38:04 +0000] "GET /index.php?rest_route=%2Fwp%2Fv2%2Fposts%2F23033 HTTP/1.1" 200 9620 "-" "Mozilla/5.0 AppleWebKit/537.36 (KHTML, like Gecko; compatible; ClaudeBot/1.0; +claudebot@anthropic.com)"
57.141.0.20 - - [20/Dec/2025:00:38:05 +0000] "GET /2025/03/06/page/39/?fileloc=//sys/class/pci_bus/0000:03/subsystem/0000:04/device/driver/0000:00:03.5/power/wakeup_active_count&path=//sys/class/pci_bus/0000:03/subsystem/0000:04/device/driver/0000:00:03.5/power HTTP/1.1" 200 276788 "-" "meta-externalagent/1.1 (+https://developers.facebook.com/docs/sharing/webmasters/crawler)"
216.73.216.56 - - [20/Dec/2025:00:38:07 +0000] "GET /index.php?rest_route=%2Fwp%2Fv2%2Fposts%2F14379 HTTP/1.1" 200 9353 "-" "Mozilla/5.0 AppleWebKit/537.36 (KHTML, like Gecko; compatible; ClaudeBot/1.0; +claudebot@anthropic.com)"
216.73.216.56 - - [20/Dec/2025:00:38:10 +0000] "GET /entity/315757260.htm HTTP/1.1" 301 7281 "-" "Mozilla/5.0 AppleWebKit/537.36 (KHTML, like Gecko; compatible; ClaudeBot/1.0; +claudebot@anthropic.com)"
216.73.216.56 - - [20/Dec/2025:00:38:11 +0000] "GET /entity/315757260.htm/ HTTP/1.1" 200 52143 "https://datainsightnow.com/entity/315757260.htm" "Mozilla/5.0 AppleWebKit/537.36 (KHTML, like Gecko; compatible; ClaudeBot/1.0; +claudebot@anthropic.com)"
57.141.0.5 - - [20/Dec/2025:00:38:12 +0000] "GET /karamba-spielsaal-erfahrungen-angeschlossen-testbericht-werfen-sie-einen-blick-auf-den-link-within-2025-pro-teutonia/?fileloc=//sys/class/pci_bus/0000:07/subsystem/0000:0a/subsystem/0000:0f/subsystem/0000:0c/power/runtime_status&path=//sys/class/pci_bus/0000:07/subsystem/0000:0a/subsystem/0000:0f/subsystem/0000:0c/power HTTP/1.1" 200 276788 "-" "meta-externalagent/1.1 (+https://developers.facebook.com/docs/sharing/webmasters/crawler)"
216.73.216.56 - - [20/Dec/2025:00:38:13 +0000] "GET /entity/315780313.htm HTTP/1.1" 301 7281 "-" "Mozilla/5.0 AppleWebKit/537.36 (KHTML, like Gecko; compatible; ClaudeBot/1.0; +claudebot@anthropic.com)"
216.73.216.56 - - [20/Dec/2025:00:38:14 +0000] "GET /entity/315780313.htm/ HTTP/1.1" 200 52143 "https://datainsightnow.com/entity/315780313.htm" "Mozilla/5.0 AppleWebKit/537.36 (KHTML, like Gecko; compatible; ClaudeBot/1.0; +claudebot@anthropic.com)"
216.73.216.56 - - [20/Dec/2025:00:38:16 +0000] "GET /index.php?rest_route=%2Fwp%2Fv2%2Fposts%2F28407 HTTP/1.1" 200 8234 "-" "Mozilla/5.0 AppleWebKit/537.36 (KHTML, like Gecko; compatible; ClaudeBot/1.0; +claudebot@anthropic.com)"
40.77.167.19 - - [20/Dec/2025:00:38:17 +0000] "GET /?p=29049 HTTP/1.1" 200 30915 "-" "Mozilla/5.0 AppleWebKit/537.36 (KHTML, like Gecko; compatible; bingbot/2.0; +http://www.bing.com/bingbot.htm) Chrome/116.0.1938.76 Safari/537.36"
57.141.0.15 - - [20/Dec/2025:00:38:18 +0000] "GET /moneysense-self-help-guide-to-the-ideal-profile/?path=//sys/class/pci_bus/0000:13/device/driver/0000:00:03.0/driver/0000:00:02.1/driver/0000:00:04.1/link HTTP/1.1" 200 276788 "-" "meta-externalagent/1.1 (+https://developers.facebook.com/docs/sharing/webmasters/crawler)"
216.73.216.56 - - [20/Dec/2025:00:38:19 +0000] "GET /index.php?rest_route=%2Fwp%2Fv2%2Fposts%2F11028 HTTP/1.1" 200 9354 "-" "Mozilla/5.0 AppleWebKit/537.36 (KHTML, like Gecko; compatible; ClaudeBot/1.0; +claudebot@anthropic.com)"
216.73.216.56 - - [20/Dec/2025:00:38:22 +0000] "GET /index.php?rest_route=%2Fwp%2Fv2%2Fposts%2F27465 HTTP/1.1" 200 9202 "-" "Mozilla/5.0 AppleWebKit/537.36 (KHTML, like Gecko; compatible; ClaudeBot/1.0; +claudebot@anthropic.com)"
57.141.0.60 - - [20/Dec/2025:00:38:24 +0000] "GET /2025/03/07/page/6/?fileloc=//sys/class/pci_bus/0000:05/subsystem/0000:02/subsystem/0000:08/device/driver/0000:00:04.0/driver/0000:00:03.4/subsystem_device&path=//sys/class/pci_bus/0000:05/subsystem/0000:02/subsystem/0000:08/device/driver/0000:00:04.0/driver/0000:00:03.4 HTTP/1.1" 200 276788 "-" "meta-externalagent/1.1 (+https://developers.facebook.com/docs/sharing/webmasters/crawler)"
216.73.216.56 - - [20/Dec/2025:00:38:25 +0000] "GET /entity/315880544.htm HTTP/1.1" 301 7281 "-" "Mozilla/5.0 AppleWebKit/537.36 (KHTML, like Gecko; compatible; ClaudeBot/1.0; +claudebot@anthropic.com)"
216.73.216.56 - - [20/Dec/2025:00:38:26 +0000] "GET /entity/315880544.htm/ HTTP/1.1" 200 52143 "https://datainsightnow.com/entity/315880544.htm" "Mozilla/5.0 AppleWebKit/537.36 (KHTML, like Gecko; compatible; ClaudeBot/1.0; +claudebot@anthropic.com)"
114.119.153.242 - - [20/Dec/2025:00:38:28 +0000] "GET /zodiac-casino-india-2025-bonus-100-percent-free-spins-comment/?fileloc=//etc/inputrc&path=//etc HTTP/1.1" 200 52145 "https://datainsightnow.com/zodiac-casino-india-2025-bonus-100-percent-free-spins-comment/?path=//etc" "Mozilla/5.0 (Linux; Android 7.0;) AppleWebKit/537.36 (KHTML, like Gecko) Mobile Safari/537.36 (compatible; PetalBot;+https://webmaster.petalsearch.com/site/petalbot)"
216.73.216.56 - - [20/Dec/2025:00:38:28 +0000] "GET /index.php?rest_route=%2Fwp%2Fv2%2Fposts%2F22341 HTTP/1.1" 200 7710 "-" "Mozilla/5.0 AppleWebKit/537.36 (KHTML, like Gecko; compatible; ClaudeBot/1.0; +claudebot@anthropic.com)"
57.141.0.62 - - [20/Dec/2025:00:38:31 +0000] "GET /2025/03/07/page/6/?fileloc=//sys/class/pci_bus/0000:05/subsystem/0000:05/device/driver/0000:00:02.1/subsystem/drivers/pcieport/0000:00:02.5/enable&path=//sys/class/pci_bus/0000:05/subsystem/0000:05/device/driver/0000:00:02.1/subsystem/drivers/pcieport/0000:00:02.5 HTTP/1.1" 200 276733 "-" "meta-externalagent/1.1 (+https://developers.facebook.com/docs/sharing/webmasters/crawler)"
216.73.216.56 - - [20/Dec/2025:00:38:32 +0000] "GET /entity/315874850.htm HTTP/1.1" 301 7275 "-" "Mozilla/5.0 AppleWebKit/537.36 (KHTML, like Gecko; compatible; ClaudeBot/1.0; +claudebot@anthropic.com)"
216.73.216.56 - - [20/Dec/2025:00:38:33 +0000] "GET /entity/315874850.htm/ HTTP/1.1" 200 52143 "https://datainsightnow.com/entity/315874850.htm" "Mozilla/5.0 AppleWebKit/537.36 (KHTML, like Gecko; compatible; ClaudeBot/1.0; +claudebot@anthropic.com)"
216.73.216.56 - - [20/Dec/2025:00:38:34 +0000] "GET /index.php?rest_route=%2Fwp%2Fv2%2Fposts%2F40665 HTTP/1.1" 200 8684 "-" "Mozilla/5.0 AppleWebKit/537.36 (KHTML, like Gecko; compatible; ClaudeBot/1.0; +claudebot@anthropic.com)"
40.77.167.19 - - [20/Dec/2025:00:38:37 +0000] "GET /267109806?entity=0266078754 HTTP/1.1" 200 31708 "-" "Mozilla/5.0 AppleWebKit/537.36 (KHTML, like Gecko; compatible; bingbot/2.0; +http://www.bing.com/bingbot.htm) Chrome/116.0.1938.76 Safari/537.36"
57.141.0.44 - - [20/Dec/2025:00:38:38 +0000] "GET /2025/03/07/page/6/?path=//sys/class/pci_bus/0000:0b/subsystem/0000:05/subsystem/0000:08/subsystem/0000:0b/device/firmware_node/subsystem/devices/device:29/wakeup HTTP/1.1" 200 276788 "-" "meta-externalagent/1.1 (+https://developers.facebook.com/docs/sharing/webmasters/crawler)"
216.73.216.56 - - [20/Dec/2025:00:38:39 +0000] "GET /entity/48035174.htm HTTP/1.1" 301 7281 "-" "Mozilla/5.0 AppleWebKit/537.36 (KHTML, like Gecko; compatible; ClaudeBot/1.0; +claudebot@anthropic.com)"
216.73.216.56 - - [20/Dec/2025:00:38:40 +0000] "GET /entity/48035174.htm/ HTTP/1.1" 200 52143 "https://datainsightnow.com/entity/48035174.htm" "Mozilla/5.0 AppleWebKit/537.36 (KHTML, like Gecko; compatible; ClaudeBot/1.0; +claudebot@anthropic.com)"
216.73.216.56 - - [20/Dec/2025:00:38:42 +0000] "GET /entity/47966286.htm HTTP/1.1" 301 7281 "-" "Mozilla/5.0 AppleWebKit/537.36 (KHTML, like Gecko; compatible; ClaudeBot/1.0; +claudebot@anthropic.com)"
216.73.216.56 - - [20/Dec/2025:00:38:44 +0000] "GET /entity/47966286.htm/ HTTP/1.1" 200 52143 "https://datainsightnow.com/entity/47966286.htm" "Mozilla/5.0 AppleWebKit/537.36 (KHTML, like Gecko; compatible; ClaudeBot/1.0; +claudebot@anthropic.com)"
57.141.0.45 - - [20/Dec/2025:00:38:45 +0000] "GET /2025/03/07/page/6/?fileloc=//sys/class/pci_bus/0000:06/subsystem/0000:0d/subsystem/0000:13/subsystem/0000:09/device/current_link_speed&path=//sys/class/pci_bus/0000:06/subsystem/0000:0d/subsystem/0000:13/subsystem/0000:09/device HTTP/1.1" 200 276772 "-" "meta-externalagent/1.1 (+https://developers.facebook.com/docs/sharing/webmasters/crawler)"
216.73.216.56 - - [20/Dec/2025:00:38:45 +0000] "GET /entity/47944269.htm HTTP/1.1" 301 7281 "-" "Mozilla/5.0 AppleWebKit/537.36 (KHTML, like Gecko; compatible; ClaudeBot/1.0; +claudebot@anthropic.com)"
216.73.216.56 - - [20/Dec/2025:00:38:49 +0000] "GET /entity/47944269.htm/ HTTP/1.1" 200 52143 "https://datainsightnow.com/entity/47944269.htm" "Mozilla/5.0 AppleWebKit/537.36 (KHTML, like Gecko; compatible; ClaudeBot/1.0; +claudebot@anthropic.com)"
66.135.21.75 - - [20/Dec/2025:00:38:50 +0000] "POST /wp-cron.php?doing_wp_cron=1766191130.5588879585266113281250 HTTP/1.1" 200 31 "-" "WordPress/6.3.1; https://datainsightnow.com"
57.141.0.36 - - [20/Dec/2025:00:38:50 +0000] "GET /karamba-spielsaal-erfahrungen-angeschlossen-testbericht-werfen-sie-einen-blick-auf-den-link-within-2025-pro-teutonia/?fileloc=//sys/class/pci_bus/0000:0b/subsystem/0000:05/subsystem/0000:0c/device/driver/0000:00:02.4/driver/0000:00:03.3/vendor&path=//sys/class/pci_bus/0000:0b/subsystem/0000:05/subsystem/0000:0c/device/driver/0000:00:02.4/driver/0000:00:03.3 HTTP/1.1" 200 276733 "-" "meta-externalagent/1.1 (+https://developers.facebook.com/docs/sharing/webmasters/crawler)"
216.73.216.56 - - [20/Dec/2025:00:38:51 +0000] "GET /entity/48028185.htm HTTP/1.1" 301 7281 "-" "Mozilla/5.0 AppleWebKit/537.36 (KHTML, like Gecko; compatible; ClaudeBot/1.0; +claudebot@anthropic.com)"
216.73.216.56 - - [20/Dec/2025:00:38:54 +0000] "GET /entity/48028185.htm/ HTTP/1.1" 200 52143 "https://datainsightnow.com/entity/48028185.htm" "Mozilla/5.0 AppleWebKit/537.36 (KHTML, like Gecko; compatible; ClaudeBot/1.0; +claudebot@anthropic.com)"
216.73.216.56 - - [20/Dec/2025:00:38:57 +0000] "GET /entity/48056155.htm HTTP/1.1" 301 7275 "-" "Mozilla/5.0 AppleWebKit/537.36 (KHTML, like Gecko; compatible; ClaudeBot/1.0; +claudebot@anthropic.com)"
216.73.216.56 - - [20/Dec/2025:00:38:58 +0000] "GET /entity/48056155.htm/ HTTP/1.1" 200 52143 "https://datainsightnow.com/entity/48056155.htm" "Mozilla/5.0 AppleWebKit/537.36 (KHTML, like Gecko; compatible; ClaudeBot/1.0; +claudebot@anthropic.com)"
57.141.0.37 - - [20/Dec/2025:00:38:59 +0000] "GET /2025/03/06/page/39/?fileloc=//sys/class/pci_bus/0000:02/device/driver/0000:00:03.5/subsystem/devices/0000:00:1b.0/driver_override&path=//sys/class/pci_bus/0000:02/device/driver/0000:00:03.5/subsystem/devices/0000:00:1b.0 HTTP/1.1" 200 276741 "-" "meta-externalagent/1.1 (+https://developers.facebook.com/docs/sharing/webmasters/crawler)"
