57.141.0.42 - - [20/Dec/2025:00:58:12 +0000] "GET /karamba-spielsaal-erfahrungen-angeschlossen-testbericht-werfen-sie-einen-blick-auf-den-link-within-2025-pro-teutonia/?path=//sys/class/pci_bus/0000:06/subsystem/0000:09/subsystem/0000:0f/device/driver/0000:00:02.3/subsystem/drivers/intel_scu HTTP/1.1" 200 276788 "-" "meta-externalagent/1.1 (+https://developers.facebook.com/docs/sharing/webmasters/crawler)"
216.73.216.56 - - [20/Dec/2025:00:58:13 +0000] "GET /entity/125800966.htm/ HTTP/1.1" 200 52143 "https://datainsightnow.com/entity/125800966.htm" "Mozilla/5.0 AppleWebKit/537.36 (KHTML, like Gecko; compatible; ClaudeBot/1.0; +claudebot@anthropic.com)"
57.141.0.50 - - [20/Dec/2025:00:58:14 +0000] "GET /2025/03/07/page/6/?fileloc=//sys/class/pci_bus/0000:05/subsystem/0000:11/subsystem/0000:10/subsystem/0000:07/device/driver/0000:00:02.3/pci_bus/0000:05/device/reset_subordinate&path=//sys/class/pci_bus/0000:05/subsystem/0000:11/subsystem/0000:10/subsystem/0000:07/device/driver/0000:00:02.3/pci_bus/0000:05/device HTTP/1.1" 200 276788 "-" "meta-externalagent/1.1 (+https://developers.facebook.com/docs/sharing/webmasters/crawler)"
216.73.216.56 - - [20/Dec/2025:00:58:14 +0000] "GET /entity/125821164.htm HTTP/1.1" 301 7275 "-" "Mozilla/5.0 AppleWebKit/537.36 (KHTML, like Gecko; compatible; ClaudeBot/1.0; +claudebot@anthropic.com)"
216.73.216.56 - - [20/Dec/2025:00:58:15 +0000] "GET /entity/125821164.htm/ HTTP/1.1" 200 52143 "https://datainsightnow.com/entity/125821164.htm" "Mozilla/5.0 AppleWebKit/537.36 (KHTML, like Gecko; compatible; ClaudeBot/1.0; +claudebot@anthropic.com)"
57.141.0.21 - - [20/Dec/2025:00:58:16 +0000] "GET /karamba-spielsaal-erfahrungen-angeschlossen-testbericht-werfen-sie-einen-blick-auf-den-link-within-2025-pro-teutonia/?path=//sys/class/pci_bus/0000:06/subsystem/0000:0b/subsystem/0000:0f/device/0000:00:03.5:pcie002/subsystem/devices/0000:00:03.1:pcie001/driver/0000:00:03.7:pcie001 HTTP/1.1" 200 276772 "-" "meta-externalagent/1.1 (+https://developers.facebook.com/docs/sharing/webmasters/crawler)"
216.73.216.56 - - [20/Dec/2025:00:58:17 +0000] "GET /entity/125939005.htm HTTP/1.1" 301 7275 "-" "Mozilla/5.0 AppleWebKit/537.36 (KHTML, like Gecko; compatible; ClaudeBot/1.0; +claudebot@anthropic.com)"
216.73.216.56 - - [20/Dec/2025:00:58:18 +0000] "GET /entity/125939005.htm/ HTTP/1.1" 200 52143 "https://datainsightnow.com/entity/125939005.htm" "Mozilla/5.0 AppleWebKit/537.36 (KHTML, like Gecko; compatible; ClaudeBot/1.0; +claudebot@anthropic.com)"
57.141.0.21 - - [20/Dec/2025:00:58:19 +0000] "GET /karamba-spielsaal-erfahrungen-angeschlossen-testbericht-werfen-sie-einen-blick-auf-den-link-within-2025-pro-teutonia/?fileloc=//sys/class/pci_bus/0000:02/subsystem/0000:0c/subsystem/0000:04/device/subsystem/slots/15/adapter&path=//sys/class/pci_bus/0000:02/subsystem/0000:0c/subsystem/0000:04/device/subsystem/slots/15 HTTP/1.1" 200 276733 "-" "meta-externalagent/1.1 (+https://developers.facebook.com/docs/sharing/webmasters/crawler)"
57.141.0.6 - - [20/Dec/2025:00:58:20 +0000] "GET /karamba-spielsaal-erfahrungen-angeschlossen-testbericht-werfen-sie-einen-blick-auf-den-link-within-2025-pro-teutonia/?path=//sys/class/pci_bus/0000:06/subsystem/0000:07/device/driver/0000:00:02.7/driver/0000:00:02.4/driver/0000:00:02.5/subsystem/drivers/ahci HTTP/1.1" 200 276733 "-" "meta-externalagent/1.1 (+https://developers.facebook.com/docs/sharing/webmasters/crawler)"
216.73.216.56 - - [20/Dec/2025:00:58:20 +0000] "GET /entity/125901195.htm HTTP/1.1" 301 7275 "-" "Mozilla/5.0 AppleWebKit/537.36 (KHTML, like Gecko; compatible; ClaudeBot/1.0; +claudebot@anthropic.com)"
216.73.216.56 - - [20/Dec/2025:00:58:21 +0000] "GET /entity/125901195.htm/ HTTP/1.1" 200 52143 "https://datainsightnow.com/entity/125901195.htm" "Mozilla/5.0 AppleWebKit/537.36 (KHTML, like Gecko; compatible; ClaudeBot/1.0; +claudebot@anthropic.com)"
57.141.0.7 - - [20/Dec/2025:00:58:22 +0000] "GET /2025/03/07/page/6/?path=//sys/class/pci_bus/0000:04/subsystem/0000:00/device/0000:00:02.2/driver/0000:00:03.4/driver/0000:00:02.1/pci_bus HTTP/1.1" 200 276788 "-" "meta-externalagent/1.1 (+https://developers.facebook.com/docs/sharing/webmasters/crawler)"
57.141.0.77 - - [20/Dec/2025:00:58:23 +0000] "GET /2025/03/07/page/6/?fileloc=//sys/class/pci_bus/0000:05/subsystem/0000:09/subsystem/0000:04/subsystem/0000:06/device/driver/0000:00:03.1/enable&path=//sys/class/pci_bus/0000:05/subsystem/0000:09/subsystem/0000:04/subsystem/0000:06/device/driver/0000:00:03.1 HTTP/1.1" 200 276740 "-" "meta-externalagent/1.1 (+https://developers.facebook.com/docs/sharing/webmasters/crawler)"
216.73.216.56 - - [20/Dec/2025:00:58:23 +0000] "GET /entity/125820901.htm HTTP/1.1" 301 7281 "-" "Mozilla/5.0 AppleWebKit/537.36 (KHTML, like Gecko; compatible; ClaudeBot/1.0; +claudebot@anthropic.com)"
216.73.216.56 - - [20/Dec/2025:00:58:24 +0000] "GET /entity/125820901.htm/ HTTP/1.1" 200 52143 "https://datainsightnow.com/entity/125820901.htm" "Mozilla/5.0 AppleWebKit/537.36 (KHTML, like Gecko; compatible; ClaudeBot/1.0; +claudebot@anthropic.com)"
57.141.0.42 - - [20/Dec/2025:00:58:25 +0000] "GET /2025/03/07/page/6/?fileloc=//sys/class/pci_bus/0000:05/subsystem/0000:0b/subsystem/0000:13/device/driver/0000:00:02.2/msi_bus&path=//sys/class/pci_bus/0000:05/subsystem/0000:0b/subsystem/0000:13/device/driver/0000:00:02.2 HTTP/1.1" 200 276733 "-" "meta-externalagent/1.1 (+https://developers.facebook.com/docs/sharing/webmasters/crawler)"
216.73.216.56 - - [20/Dec/2025:00:58:26 +0000] "GET /entity/125940304.htm HTTP/1.1" 301 7281 "-" "Mozilla/5.0 AppleWebKit/537.36 (KHTML, like Gecko; compatible; ClaudeBot/1.0; +claudebot@anthropic.com)"
216.73.216.56 - - [20/Dec/2025:00:58:26 +0000] "GET /entity/125940304.htm/ HTTP/1.1" 200 52143 "https://datainsightnow.com/entity/125940304.htm" "Mozilla/5.0 AppleWebKit/537.36 (KHTML, like Gecko; compatible; ClaudeBot/1.0; +claudebot@anthropic.com)"
57.141.0.68 - - [20/Dec/2025:00:58:27 +0000] "GET /2025/03/06/page/39/?path=//sys/class/pci_bus/0000:00/device/0000:00:02.6/0000:00:02.6:pcie001/subsystem/drivers/pcie_pme/0000:00:03.6:pcie001 HTTP/1.1" 200 276788 "-" "meta-externalagent/1.1 (+https://developers.facebook.com/docs/sharing/webmasters/crawler)"
57.141.0.4 - - [20/Dec/2025:00:58:29 +0000] "GET /2025/03/07/page/6/?fileloc=//sys/class/pci_bus/0000:01/subsystem/0000:0e/subsystem/0000:12/device/driver/0000:00:02.4/power_state&path=//sys/class/pci_bus/0000:01/subsystem/0000:0e/subsystem/0000:12/device/driver/0000:00:02.4 HTTP/1.1" 200 276733 "-" "meta-externalagent/1.1 (+https://developers.facebook.com/docs/sharing/webmasters/crawler)"
216.73.216.56 - - [20/Dec/2025:00:58:30 +0000] "GET /entity/125868818.htm HTTP/1.1" 301 7275 "-" "Mozilla/5.0 AppleWebKit/537.36 (KHTML, like Gecko; compatible; ClaudeBot/1.0; +claudebot@anthropic.com)"
216.73.216.56 - - [20/Dec/2025:00:58:31 +0000] "GET /entity/125868818.htm/ HTTP/1.1" 200 52143 "https://datainsightnow.com/entity/125868818.htm" "Mozilla/5.0 AppleWebKit/537.36 (KHTML, like Gecko; compatible; ClaudeBot/1.0; +claudebot@anthropic.com)"
57.141.0.27 - - [20/Dec/2025:00:58:31 +0000] "GET /2025/03/06/page/39/?path=//sys/class/pci_bus/0000:06/subsystem/0000:13/subsystem/0000:00/subsystem/0000:04/subsystem/0000:10/subsystem/0000:10 HTTP/1.1" 200 276788 "-" "meta-externalagent/1.1 (+https://developers.facebook.com/docs/sharing/webmasters/crawler)"
57.141.0.32 - - [20/Dec/2025:00:58:33 +0000] "GET /moneysense-self-help-guide-to-the-ideal-profile/?fileloc=//sys/class/pci_bus/0000:13/device/subsystem/devices/0000:00:03.1/driver/0000:00:02.0/power/async&path=//sys/class/pci_bus/0000:13/device/subsystem/devices/0000:00:03.1/driver/0000:00:02.0/power HTTP/1.1" 200 276788 "-" "meta-externalagent/1.1 (+https://developers.facebook.com/docs/sharing/webmasters/crawler)"
216.73.216.56 - - [20/Dec/2025:00:58:33 +0000] "GET /entity/125869332.htm HTTP/1.1" 301 7275 "-" "Mozilla/5.0 AppleWebKit/537.36 (KHTML, like Gecko; compatible; ClaudeBot/1.0; +claudebot@anthropic.com)"
216.73.216.56 - - [20/Dec/2025:00:58:34 +0000] "GET /entity/125869332.htm/ HTTP/1.1" 200 52143 "https://datainsightnow.com/entity/125869332.htm" "Mozilla/5.0 AppleWebKit/537.36 (KHTML, like Gecko; compatible; ClaudeBot/1.0; +claudebot@anthropic.com)"
57.141.0.33 - - [20/Dec/2025:00:58:35 +0000] "GET /moneysense-self-help-guide-to-the-ideal-profile/?fileloc=//sys/class/pci_bus/0000:13/subsystem/0000:02/device/0000:00:02.1:pcie001/driver/0000:00:03.1:pcie001/subsystem/drivers_probe&path=//sys/class/pci_bus/0000:13/subsystem/0000:02/device/0000:00:02.1:pcie001/driver/0000:00:03.1:pcie001/subsystem HTTP/1.1" 200 276772 "-" "meta-externalagent/1.1 (+https://developers.facebook.com/docs/sharing/webmasters/crawler)"
216.73.216.56 - - [20/Dec/2025:00:58:36 +0000] "GET /entity/125914916.htm HTTP/1.1" 301 7281 "-" "Mozilla/5.0 AppleWebKit/537.36 (KHTML, like Gecko; compatible; ClaudeBot/1.0; +claudebot@anthropic.com)"
216.73.216.56 - - [20/Dec/2025:00:58:37 +0000] "GET /entity/125914916.htm/ HTTP/1.1" 200 52143 "https://datainsightnow.com/entity/125914916.htm" "Mozilla/5.0 AppleWebKit/537.36 (KHTML, like Gecko; compatible; ClaudeBot/1.0; +claudebot@anthropic.com)"
57.141.0.73 - - [20/Dec/2025:00:58:38 +0000] "GET /karamba-spielsaal-erfahrungen-angeschlossen-testbericht-werfen-sie-einen-blick-auf-den-link-within-2025-pro-teutonia/?path=//sys/class/pci_bus/0000:06/subsystem/0000:06/subsystem/0000:00/subsystem/0000:0e/subsystem/0000:00/device/0000:00:1f.3 HTTP/1.1" 200 276788 "-" "meta-externalagent/1.1 (+https://developers.facebook.com/docs/sharing/webmasters/crawler)"
57.141.0.43 - - [20/Dec/2025:00:58:39 +0000] "GET /2025/03/07/page/6/?fileloc=//sys/class/pci_bus/0000:0a/subsystem/0000:04/subsystem/0000:05/subsystem/0000:01/subsystem/0000:0e/device/subsystem_device&path=//sys/class/pci_bus/0000:0a/subsystem/0000:04/subsystem/0000:05/subsystem/0000:01/subsystem/0000:0e/device HTTP/1.1" 200 276788 "-" "meta-externalagent/1.1 (+https://developers.facebook.com/docs/sharing/webmasters/crawler)"
216.73.216.56 - - [20/Dec/2025:00:58:39 +0000] "GET /entity/125876333.htm HTTP/1.1" 301 7275 "-" "Mozilla/5.0 AppleWebKit/537.36 (KHTML, like Gecko; compatible; ClaudeBot/1.0; +claudebot@anthropic.com)"
216.73.216.56 - - [20/Dec/2025:00:58:40 +0000] "GET /entity/125876333.htm/ HTTP/1.1" 200 52143 "https://datainsightnow.com/entity/125876333.htm" "Mozilla/5.0 AppleWebKit/537.36 (KHTML, like Gecko; compatible; ClaudeBot/1.0; +claudebot@anthropic.com)"
57.141.0.23 - - [20/Dec/2025:00:58:42 +0000] "GET /2025/03/06/page/39/?fileloc=//sys/class/pci_bus/0000:13/subsystem/0000:0c/device/driver/0000:00:02.4/0000:06:00.0/firmware_node/physical_node/irq&path=//sys/class/pci_bus/0000:13/subsystem/0000:0c/device/driver/0000:00:02.4/0000:06:00.0/firmware_node/physical_node HTTP/1.1" 200 276788 "-" "meta-externalagent/1.1 (+https://developers.facebook.com/docs/sharing/webmasters/crawler)"
216.73.216.56 - - [20/Dec/2025:00:58:42 +0000] "GET /entity/125955591.htm HTTP/1.1" 301 7281 "-" "Mozilla/5.0 AppleWebKit/537.36 (KHTML, like Gecko; compatible; ClaudeBot/1.0; +claudebot@anthropic.com)"
57.141.0.27 - - [20/Dec/2025:00:58:43 +0000] "GET /2025/03/07/page/6/?fileloc=//sys/class/pci_bus/0000:0a/subsystem/0000:13/device/subsystem/devices/0000:00:04.1/rescan&path=//sys/class/pci_bus/0000:0a/subsystem/0000:13/device/subsystem/devices/0000:00:04.1 HTTP/1.1" 200 276788 "-" "meta-externalagent/1.1 (+https://developers.facebook.com/docs/sharing/webmasters/crawler)"
216.73.216.56 - - [20/Dec/2025:00:58:44 +0000] "GET /entity/125955591.htm/ HTTP/1.1" 200 52143 "https://datainsightnow.com/entity/125955591.htm" "Mozilla/5.0 AppleWebKit/537.36 (KHTML, like Gecko; compatible; ClaudeBot/1.0; +claudebot@anthropic.com)"
57.141.0.40 - - [20/Dec/2025:00:58:45 +0000] "GET /2025/03/06/page/39/?fileloc=//sys/class/pci_bus/0000:0b/subsystem/0000:12/device/driver/0000:00:02.3/subsystem/devices/0000:00:04.1/numa_node&path=//sys/class/pci_bus/0000:0b/subsystem/0000:12/device/driver/0000:00:02.3/subsystem/devices/0000:00:04.1 HTTP/1.1" 200 276788 "-" "meta-externalagent/1.1 (+https://developers.facebook.com/docs/sharing/webmasters/crawler)"
216.73.216.56 - - [20/Dec/2025:00:58:45 +0000] "GET /entity/125785938.htm HTTP/1.1" 301 7275 "-" "Mozilla/5.0 AppleWebKit/537.36 (KHTML, like Gecko; compatible; ClaudeBot/1.0; +claudebot@anthropic.com)"
216.73.216.56 - - [20/Dec/2025:00:58:46 +0000] "GET /entity/125785938.htm/ HTTP/1.1" 200 52143 "https://datainsightnow.com/entity/125785938.htm" "Mozilla/5.0 AppleWebKit/537.36 (KHTML, like Gecko; compatible; ClaudeBot/1.0; +claudebot@anthropic.com)"
57.141.0.24 - - [20/Dec/2025:00:58:47 +0000] "GET /karamba-spielsaal-erfahrungen-angeschlossen-testbericht-werfen-sie-einen-blick-auf-den-link-within-2025-pro-teutonia/?fileloc=//sys/class/pci_bus/0000:06/subsystem/0000:0d/subsystem/0000:07/subsystem/0000:10/device/driver/0000:00:03.3/current_link_speed&path=//sys/class/pci_bus/0000:06/subsystem/0000:0d/subsystem/0000:07/subsystem/0000:10/device/driver/0000:00:03.3 HTTP/1.1" 200 276788 "-" "meta-externalagent/1.1 (+https://developers.facebook.com/docs/sharing/webmasters/crawler)"
216.73.216.56 - - [20/Dec/2025:00:58:48 +0000] "GET /entity/125785687.htm HTTP/1.1" 301 7275 "-" "Mozilla/5.0 AppleWebKit/537.36 (KHTML, like Gecko; compatible; ClaudeBot/1.0; +claudebot@anthropic.com)"
216.73.216.56 - - [20/Dec/2025:00:58:49 +0000] "GET /entity/125785687.htm/ HTTP/1.1" 200 52143 "https://datainsightnow.com/entity/125785687.htm" "Mozilla/5.0 AppleWebKit/537.36 (KHTML, like Gecko; compatible; ClaudeBot/1.0; +claudebot@anthropic.com)"
57.141.0.46 - - [20/Dec/2025:00:58:49 +0000] "GET /2025/03/07/page/6/?fileloc=//sys/class/pci_bus/0000:05/subsystem/0000:08/subsystem/0000:0d/subsystem/0000:0a/device/driver/0000:00:03.5/firmware_node/adr&path=//sys/class/pci_bus/0000:05/subsystem/0000:08/subsystem/0000:0d/subsystem/0000:0a/device/driver/0000:00:03.5/firmware_node HTTP/1.1" 200 276740 "-" "meta-externalagent/1.1 (+https://developers.facebook.com/docs/sharing/webmasters/crawler)"
66.135.21.75 - - [20/Dec/2025:00:58:51 +0000] "POST /wp-cron.php?doing_wp_cron=1766192330.8063979148864746093750 HTTP/1.1" 499 0 "-" "WordPress/6.3.1; https://datainsightnow.com"
57.141.0.17 - - [20/Dec/2025:00:58:52 +0000] "GET /2025/03/07/page/6/?path=//sys/class/pci_bus/0000:0f/subsystem/0000:09/device/driver/0000:00:02.1/driver/0000:00:04.0/subsystem HTTP/1.1" 200 276733 "-" "meta-externalagent/1.1 (+https://developers.facebook.com/docs/sharing/webmasters/crawler)"
216.73.216.56 - - [20/Dec/2025:00:58:52 +0000] "GET /entity/125903530.htm HTTP/1.1" 301 7281 "-" "Mozilla/5.0 AppleWebKit/537.36 (KHTML, like Gecko; compatible; ClaudeBot/1.0; +claudebot@anthropic.com)"
57.141.0.6 - - [20/Dec/2025:00:58:53 +0000] "GET /moneysense-self-help-guide-to-the-ideal-profile/?path=//sys/class/pci_bus/0000:0f/subsystem/0000:06/device/0000:06:00.0/driver/0000:06:00.0 HTTP/1.1" 200 276788 "-" "meta-externalagent/1.1 (+https://developers.facebook.com/docs/sharing/webmasters/crawler)"
216.73.216.56 - - [20/Dec/2025:00:58:54 +0000] "GET /entity/125903530.htm/ HTTP/1.1" 200 52143 "https://datainsightnow.com/entity/125903530.htm" "Mozilla/5.0 AppleWebKit/537.36 (KHTML, like Gecko; compatible; ClaudeBot/1.0; +claudebot@anthropic.com)"
57.141.0.44 - - [20/Dec/2025:00:58:55 +0000] "GET /karamba-spielsaal-erfahrungen-angeschlossen-testbericht-werfen-sie-einen-blick-auf-den-link-within-2025-pro-teutonia/?fileloc=//sys/class/pci_bus/0000:03/subsystem/0000:01/subsystem/0000:06/subsystem/0000:0c/subsystem/0000:0d/device/aer_dev_fatal&path=//sys/class/pci_bus/0000:03/subsystem/0000:01/subsystem/0000:06/subsystem/0000:0c/subsystem/0000:0d/device HTTP/1.1" 200 276788 "-" "meta-externalagent/1.1 (+https://developers.facebook.com/docs/sharing/webmasters/crawler)"
57.141.0.9 - - [20/Dec/2025:00:58:57 +0000] "GET /2025/03/07/page/6/?path=//sys/class/pci_bus/0000:07/subsystem/0000:06/subsystem/0000:12/subsystem/0000:0f/subsystem/0000:0e/subsystem/0000:12 HTTP/1.1" 200 276733 "-" "meta-externalagent/1.1 (+https://developers.facebook.com/docs/sharing/webmasters/crawler)"
216.73.216.56 - - [20/Dec/2025:00:58:57 +0000] "GET /entity/125998320.htm HTTP/1.1" 301 7275 "-" "Mozilla/5.0 AppleWebKit/537.36 (KHTML, like Gecko; compatible; ClaudeBot/1.0; +claudebot@anthropic.com)"
216.73.216.56 - - [20/Dec/2025:00:58:58 +0000] "GET /entity/125998320.htm/ HTTP/1.1" 200 52143 "https://datainsightnow.com/entity/125998320.htm" "Mozilla/5.0 AppleWebKit/537.36 (KHTML, like Gecko; compatible; ClaudeBot/1.0; +claudebot@anthropic.com)"
57.141.0.51 - - [20/Dec/2025:00:58:59 +0000] "GET /2025/03/07/page/6/?fileloc=//sys/class/pci_bus/0000:04/device/driver/0000:00:03.0/firmware_node/subsystem/devices/device:04/uevent&path=//sys/class/pci_bus/0000:04/device/driver/0000:00:03.0/firmware_node/subsystem/devices/device:04 HTTP/1.1" 200 276788 "-" "meta-externalagent/1.1 (+https://developers.facebook.com/docs/sharing/webmasters/crawler)"
216.73.216.56 - - [20/Dec/2025:00:59:00 +0000] "GET /entity/125869854.htm HTTP/1.1" 301 7281 "-" "Mozilla/5.0 AppleWebKit/537.36 (KHTML, like Gecko; compatible; ClaudeBot/1.0; +claudebot@anthropic.com)"
216.73.216.56 - - [20/Dec/2025:00:59:01 +0000] "GET /entity/125869854.htm/ HTTP/1.1" 200 52143 "https://datainsightnow.com/entity/125869854.htm" "Mozilla/5.0 AppleWebKit/537.36 (KHTML, like Gecko; compatible; ClaudeBot/1.0; +claudebot@anthropic.com)"
57.141.0.5 - - [20/Dec/2025:00:59:02 +0000] "GET /2025/03/07/page/6/?path=//sys/class/pci_bus/0000:05/subsystem/0000:03/device/subsystem/devices/0000:00:04.1/0000:00:04.1:pcie002/subsystem/devices/0000:00:03.2:pcie002 HTTP/1.1" 200 276788 "-" "meta-externalagent/1.1 (+https://developers.facebook.com/docs/sharing/webmasters/crawler)"
57.141.0.14 - - [20/Dec/2025:00:59:03 +0000] "GET /2025/03/06/page/39/?path=//sys/class/pci_bus/0000:0b/subsystem/0000:01/device/driver/0000:00:02.0/0000:00:02.0:pcie001/driver/0000:00:03.2:pcie001/driver/0000:00:02.4:pcie001 HTTP/1.1" 200 276803 "-" "meta-externalagent/1.1 (+https://developers.facebook.com/docs/sharing/webmasters/crawler)"
216.73.216.56 - - [20/Dec/2025:00:59:03 +0000] "GET /entity/125933050.htm HTTP/1.1" 301 7281 "-" "Mozilla/5.0 AppleWebKit/537.36 (KHTML, like Gecko; compatible; ClaudeBot/1.0; +claudebot@anthropic.com)"
216.73.216.56 - - [20/Dec/2025:00:59:04 +0000] "GET /entity/125933050.htm/ HTTP/1.1" 200 52143 "https://datainsightnow.com/entity/125933050.htm" "Mozilla/5.0 AppleWebKit/537.36 (KHTML, like Gecko; compatible; ClaudeBot/1.0; +claudebot@anthropic.com)"
57.141.0.35 - - [20/Dec/2025:00:59:05 +0000] "GET /karamba-spielsaal-erfahrungen-angeschlossen-testbericht-werfen-sie-einen-blick-auf-den-link-within-2025-pro-teutonia/?path=//sys/class/pci_bus/0000:0f/subsystem/0000:0d/subsystem/0000:07/subsystem/0000:0f/subsystem/0000:13/subsystem/0000:02 HTTP/1.1" 200 276788 "-" "meta-externalagent/1.1 (+https://developers.facebook.com/docs/sharing/webmasters/crawler)"
216.73.216.56 - - [20/Dec/2025:00:59:06 +0000] "GET /entity/125850945.htm HTTP/1.1" 301 7281 "-" "Mozilla/5.0 AppleWebKit/537.36 (KHTML, like Gecko; compatible; ClaudeBot/1.0; +claudebot@anthropic.com)"
57.141.0.69 - - [20/Dec/2025:00:59:07 +0000] "GET /karamba-spielsaal-erfahrungen-angeschlossen-testbericht-werfen-sie-einen-blick-auf-den-link-within-2025-pro-teutonia/?path=//sys/class/pci_bus/0000:0e/subsystem/0000:13/subsystem/0000:12/subsystem/0000:06/subsystem/0000:01/subsystem/0000:11 HTTP/1.1" 200 276740 "-" "meta-externalagent/1.1 (+https://developers.facebook.com/docs/sharing/webmasters/crawler)"
216.73.216.56 - - [20/Dec/2025:00:59:07 +0000] "GET /entity/125850945.htm/ HTTP/1.1" 200 52143 "https://datainsightnow.com/entity/125850945.htm" "Mozilla/5.0 AppleWebKit/537.36 (KHTML, like Gecko; compatible; ClaudeBot/1.0; +claudebot@anthropic.com)"
57.141.0.35 - - [20/Dec/2025:00:59:09 +0000] "GET /2025/03/07/page/6/?path=//sys/class/pci_bus/0000:10/subsystem/0000:0f/subsystem/0000:06/subsystem/0000:12/subsystem/0000:0c/subsystem HTTP/1.1" 200 276788 "-" "meta-externalagent/1.1 (+https://developers.facebook.com/docs/sharing/webmasters/crawler)"
216.73.216.56 - - [20/Dec/2025:00:59:09 +0000] "GET /entity/125848873.htm HTTP/1.1" 301 7281 "-" "Mozilla/5.0 AppleWebKit/537.36 (KHTML, like Gecko; compatible; ClaudeBot/1.0; +claudebot@anthropic.com)"
216.73.216.56 - - [20/Dec/2025:00:59:10 +0000] "GET /entity/125848873.htm/ HTTP/1.1" 200 52143 "https://datainsightnow.com/entity/125848873.htm" "Mozilla/5.0 AppleWebKit/537.36 (KHTML, like Gecko; compatible; ClaudeBot/1.0; +claudebot@anthropic.com)"
57.141.0.46 - - [20/Dec/2025:00:59:11 +0000] "GET /2025/03/07/page/6/?fileloc=//sys/class/pci_bus/0000:10/subsystem/0000:0a/device/driver/0000:00:03.5/driver/0000:00:02.1/driver/0000:00:03.0/reset_subordinate&path=//sys/class/pci_bus/0000:10/subsystem/0000:0a/device/driver/0000:00:03.5/driver/0000:00:02.1/driver/0000:00:03.0 HTTP/1.1" 200 276788 "-" "meta-externalagent/1.1 (+https://developers.facebook.com/docs/sharing/webmasters/crawler)"
57.141.0.73 - - [20/Dec/2025:00:59:13 +0000] "GET /2025/03/05/page/6/?path=//sys/class/pci_bus/0000:03/subsystem/0000:0c/device/driver/0000:00:02.0/firmware_node/physical_node/subsystem HTTP/1.1" 200 276788 "-" "meta-externalagent/1.1 (+https://developers.facebook.com/docs/sharing/webmasters/crawler)"
57.141.0.26 - - [20/Dec/2025:00:59:14 +0000] "GET /2025/03/07/page/6/?path=//sys/class/pci_bus/0000:05/subsystem/0000:05/subsystem/0000:00/subsystem/0000:03/subsystem/0000:04/subsystem/0000:0a HTTP/1.1" 200 276788 "-" "meta-externalagent/1.1 (+https://developers.facebook.com/docs/sharing/webmasters/crawler)"
216.73.216.56 - - [20/Dec/2025:00:59:14 +0000] "GET /entity/125833857.htm HTTP/1.1" 301 7281 "-" "Mozilla/5.0 AppleWebKit/537.36 (KHTML, like Gecko; compatible; ClaudeBot/1.0; +claudebot@anthropic.com)"
216.73.216.56 - - [20/Dec/2025:00:59:15 +0000] "GET /entity/125833857.htm/ HTTP/1.1" 200 52143 "https://datainsightnow.com/entity/125833857.htm" "Mozilla/5.0 AppleWebKit/537.36 (KHTML, like Gecko; compatible; ClaudeBot/1.0; +claudebot@anthropic.com)"
57.141.0.7 - - [20/Dec/2025:00:59:17 +0000] "GET /2025/03/07/page/6/?path=//sys/class/pci_bus/0000:05/subsystem/0000:05/subsystem/0000:11/subsystem/0000:11/subsystem/0000:07/subsystem/0000:05 HTTP/1.1" 200 276788 "-" "meta-externalagent/1.1 (+https://developers.facebook.com/docs/sharing/webmasters/crawler)"
216.73.216.56 - - [20/Dec/2025:00:59:17 +0000] "GET /entity/125841882.htm HTTP/1.1" 301 7275 "-" "Mozilla/5.0 AppleWebKit/537.36 (KHTML, like Gecko; compatible; ClaudeBot/1.0; +claudebot@anthropic.com)"
216.73.216.56 - - [20/Dec/2025:00:59:18 +0000] "GET /entity/125841882.htm/ HTTP/1.1" 200 52143 "https://datainsightnow.com/entity/125841882.htm" "Mozilla/5.0 AppleWebKit/537.36 (KHTML, like Gecko; compatible; ClaudeBot/1.0; +claudebot@anthropic.com)"
57.141.0.62 - - [20/Dec/2025:00:59:19 +0000] "GET /2025/03/07/page/6/?path=//sys/class/pci_bus/0000:04/device/pci_bus/0000:04/subsystem/0000:05/subsystem/0000:03/subsystem/0000:02/power HTTP/1.1" 200 276733 "-" "meta-externalagent/1.1 (+https://developers.facebook.com/docs/sharing/webmasters/crawler)"
57.141.0.40 - - [20/Dec/2025:00:59:20 +0000] "GET /2025/03/07/page/6/?fileloc=//sys/class/pci_bus/0000:00/device/0000:00:04.0/driver/0000:00:03.2/firmware_node/physical_node/0000:00:03.2:pcie002/uevent&path=//sys/class/pci_bus/0000:00/device/0000:00:04.0/driver/0000:00:03.2/firmware_node/physical_node/0000:00:03.2:pcie002 HTTP/1.1" 200 276733 "-" "meta-externalagent/1.1 (+https://developers.facebook.com/docs/sharing/webmasters/crawler)"
216.73.216.56 - - [20/Dec/2025:00:59:20 +0000] "GET /entity/125921403.htm HTTP/1.1" 301 7275 "-" "Mozilla/5.0 AppleWebKit/537.36 (KHTML, like Gecko; compatible; ClaudeBot/1.0; +claudebot@anthropic.com)"
216.73.216.56 - - [20/Dec/2025:00:59:21 +0000] "GET /entity/125921403.htm/ HTTP/1.1" 200 52143 "https://datainsightnow.com/entity/125921403.htm" "Mozilla/5.0 AppleWebKit/537.36 (KHTML, like Gecko; compatible; ClaudeBot/1.0; +claudebot@anthropic.com)"
57.141.0.20 - - [20/Dec/2025:00:59:22 +0000] "GET /2025/03/07/page/6/?fileloc=//sys/class/pci_bus/0000:0c/subsystem/0000:03/subsystem/0000:00/device/0000:00:02.1/0000:02:00.0/d3cold_allowed&path=//sys/class/pci_bus/0000:0c/subsystem/0000:03/subsystem/0000:00/device/0000:00:02.1/0000:02:00.0 HTTP/1.1" 200 276788 "-" "meta-externalagent/1.1 (+https://developers.facebook.com/docs/sharing/webmasters/crawler)"
57.141.0.54 - - [20/Dec/2025:00:59:23 +0000] "GET /karamba-spielsaal-erfahrungen-angeschlossen-testbericht-werfen-sie-einen-blick-auf-den-link-within-2025-pro-teutonia/?path=//sys/class/pci_bus/0000:0b/subsystem/0000:01/device/driver/0000:00:02.6/driver/0000:00:03.0/driver/0000:00:02.6/0000:00:02.6:pcie002 HTTP/1.1" 200 276788 "-" "meta-externalagent/1.1 (+https://developers.facebook.com/docs/sharing/webmasters/crawler)"
216.73.216.56 - - [20/Dec/2025:00:59:24 +0000] "GET /entity/125900673.htm HTTP/1.1" 301 7281 "-" "Mozilla/5.0 AppleWebKit/537.36 (KHTML, like Gecko; compatible; ClaudeBot/1.0; +claudebot@anthropic.com)"
216.73.216.56 - - [20/Dec/2025:00:59:24 +0000] "GET /entity/125900673.htm/ HTTP/1.1" 200 52143 "https://datainsightnow.com/entity/125900673.htm" "Mozilla/5.0 AppleWebKit/537.36 (KHTML, like Gecko; compatible; ClaudeBot/1.0; +claudebot@anthropic.com)"
114.119.157.166 - - [20/Dec/2025:00:59:25 +0000] "GET /zodiac-casino-india-2025-bonus-100-percent-free-spins-comment/?path=//proc/35 HTTP/1.1" 200 52145 "https://datainsightnow.com/zodiac-casino-india-2025-bonus-100-percent-free-spins-comment/?path=//proc" "Mozilla/5.0 (Linux; Android 7.0;) AppleWebKit/537.36 (KHTML, like Gecko) Mobile Safari/537.36 (compatible; PetalBot;+https://webmaster.petalsearch.com/site/petalbot)"
57.141.0.68 - - [20/Dec/2025:00:59:26 +0000] "GET /karamba-spielsaal-erfahrungen-angeschlossen-testbericht-werfen-sie-einen-blick-auf-den-link-within-2025-pro-teutonia/?fileloc=//sys/class/pci_bus/0000:06/subsystem/0000:0c/subsystem/0000:0c/device/driver/0000:00:02.5/driver/0000:00:03.3/aer_dev_fatal&path=//sys/class/pci_bus/0000:06/subsystem/0000:0c/subsystem/0000:0c/device/driver/0000:00:02.5/driver/0000:00:03.3 HTTP/1.1" 200 276740 "-" "meta-externalagent/1.1 (+https://developers.facebook.com/docs/sharing/webmasters/crawler)"
216.73.216.56 - - [20/Dec/2025:00:59:26 +0000] "GET /entity/125823748.htm HTTP/1.1" 301 7281 "-" "Mozilla/5.0 AppleWebKit/537.36 (KHTML, like Gecko; compatible; ClaudeBot/1.0; +claudebot@anthropic.com)"
57.141.0.55 - - [20/Dec/2025:00:59:27 +0000] "GET /karamba-spielsaal-erfahrungen-angeschlossen-testbericht-werfen-sie-einen-blick-auf-den-link-within-2025-pro-teutonia/?fileloc=//sys/class/pci_bus/0000:06/subsystem/0000:05/subsystem/0000:00/device/0000:00:02.3/driver/0000:00:02.2/driver/0000:00:03.7/subsystem/drivers_autoprobe&path=//sys/class/pci_bus/0000:06/subsystem/0000:05/subsystem/0000:00/device/0000:00:02.3/driver/0000:00:02.2/driver/0000:00:03.7/subsystem HTTP/1.1" 200 276733 "-" "meta-externalagent/1.1 (+https://developers.facebook.com/docs/sharing/webmasters/crawler)"
216.73.216.56 - - [20/Dec/2025:00:59:28 +0000] "GET /entity/125823748.htm/ HTTP/1.1" 200 52143 "https://datainsightnow.com/entity/125823748.htm" "Mozilla/5.0 AppleWebKit/537.36 (KHTML, like Gecko; compatible; ClaudeBot/1.0; +claudebot@anthropic.com)"
57.141.0.6 - - [20/Dec/2025:00:59:30 +0000] "GET /2025/03/07/page/6/?path=//sys/class/pci_bus/0000:0c/device/driver/0000:00:02.1/firmware_node/device:05/device:17/subsystem/devices/device:37/subsystem HTTP/1.1" 200 276733 "-" "meta-externalagent/1.1 (+https://developers.facebook.com/docs/sharing/webmasters/crawler)"
216.73.216.56 - - [20/Dec/2025:00:59:30 +0000] "GET /entity/125789309.htm HTTP/1.1" 301 7281 "-" "Mozilla/5.0 AppleWebKit/537.36 (KHTML, like Gecko; compatible; ClaudeBot/1.0; +claudebot@anthropic.com)"
216.73.216.56 - - [20/Dec/2025:00:59:31 +0000] "GET /entity/125789309.htm/ HTTP/1.1" 200 52143 "https://datainsightnow.com/entity/125789309.htm" "Mozilla/5.0 AppleWebKit/537.36 (KHTML, like Gecko; compatible; ClaudeBot/1.0; +claudebot@anthropic.com)"
57.141.0.17 - - [20/Dec/2025:00:59:32 +0000] "GET /karamba-spielsaal-erfahrungen-angeschlossen-testbericht-werfen-sie-einen-blick-auf-den-link-within-2025-pro-teutonia/?fileloc=//sys/class/pci_bus/0000:06/subsystem/0000:09/subsystem/0000:09/subsystem/0000:0b/device/dma_mask_bits&path=//sys/class/pci_bus/0000:06/subsystem/0000:09/subsystem/0000:09/subsystem/0000:0b/device HTTP/1.1" 200 276788 "-" "meta-externalagent/1.1 (+https://developers.facebook.com/docs/sharing/webmasters/crawler)"
216.73.216.56 - - [20/Dec/2025:00:59:32 +0000] "GET /entity/683412938.htm HTTP/1.1" 301 7281 "-" "Mozilla/5.0 AppleWebKit/537.36 (KHTML, like Gecko; compatible; ClaudeBot/1.0; +claudebot@anthropic.com)"
216.73.216.56 - - [20/Dec/2025:00:59:33 +0000] "GET /entity/683412938.htm/ HTTP/1.1" 200 52143 "https://datainsightnow.com/entity/683412938.htm" "Mozilla/5.0 AppleWebKit/537.36 (KHTML, like Gecko; compatible; ClaudeBot/1.0; +claudebot@anthropic.com)"
57.141.0.60 - - [20/Dec/2025:00:59:34 +0000] "GET /2025/03/06/page/39/?fileloc=//sys/class/pci_bus/0000:0d/subsystem/0000:0c/subsystem/0000:0b/subsystem/0000:03/rescan&path=//sys/class/pci_bus/0000:0d/subsystem/0000:0c/subsystem/0000:0b/subsystem/0000:03 HTTP/1.1" 200 276779 "-" "meta-externalagent/1.1 (+https://developers.facebook.com/docs/sharing/webmasters/crawler)"
57.141.0.25 - - [20/Dec/2025:00:59:35 +0000] "GET /2025/03/06/page/39/?fileloc=//sys/class/pci_bus/0000:0f/device/driver/0000:00:02.0/0000:00:02.0:pcie010/subsystem/devices/0000:00:02.6:pcie001/driver/0000:00:02.5:pcie001/uevent&path=//sys/class/pci_bus/0000:0f/device/driver/0000:00:02.0/0000:00:02.0:pcie010/subsystem/devices/0000:00:02.6:pcie001/driver/0000:00:02.5:pcie001 HTTP/1.1" 200 276733 "-" "meta-externalagent/1.1 (+https://developers.facebook.com/docs/sharing/webmasters/crawler)"
216.73.216.56 - - [20/Dec/2025:00:59:35 +0000] "GET /entity/683345337.htm HTTP/1.1" 301 7275 "-" "Mozilla/5.0 AppleWebKit/537.36 (KHTML, like Gecko; compatible; ClaudeBot/1.0; +claudebot@anthropic.com)"
216.73.216.56 - - [20/Dec/2025:00:59:36 +0000] "GET /entity/683345337.htm/ HTTP/1.1" 200 52143 "https://datainsightnow.com/entity/683345337.htm" "Mozilla/5.0 AppleWebKit/537.36 (KHTML, like Gecko; compatible; ClaudeBot/1.0; +claudebot@anthropic.com)"
57.141.0.48 - - [20/Dec/2025:00:59:37 +0000] "GET /2025/03/13/?path=//sys/class/pci_bus/0000:08/device/driver/0000:00:02.3/driver/0000:00:04.1/driver/0000:00:02.2/link HTTP/1.1" 200 276733 "-" "meta-externalagent/1.1 (+https://developers.facebook.com/docs/sharing/webmasters/crawler)"
57.141.0.68 - - [20/Dec/2025:00:59:39 +0000] "GET /2025/03/07/page/6/?path=//sys/class/pci_bus/0000:11/subsystem/0000:0d/subsystem/0000:01/subsystem/0000:01/device HTTP/1.1" 200 276772 "-" "meta-externalagent/1.1 (+https://developers.facebook.com/docs/sharing/webmasters/crawler)"
216.73.216.56 - - [20/Dec/2025:00:59:39 +0000] "GET /entity/125976562.htm HTTP/1.1" 301 7275 "-" "Mozilla/5.0 AppleWebKit/537.36 (KHTML, like Gecko; compatible; ClaudeBot/1.0; +claudebot@anthropic.com)"
216.73.216.56 - - [20/Dec/2025:00:59:40 +0000] "GET /entity/125976562.htm/ HTTP/1.1" 200 52143 "https://datainsightnow.com/entity/125976562.htm" "Mozilla/5.0 AppleWebKit/537.36 (KHTML, like Gecko; compatible; ClaudeBot/1.0; +claudebot@anthropic.com)"
57.141.0.6 - - [20/Dec/2025:00:59:41 +0000] "GET /2025/03/06/page/39/?fileloc=//sys/class/pci_bus/0000:03/subsystem/0000:0b/device/driver/0000:00:02.2/driver/0000:00:03.4/secondary_bus_number&path=//sys/class/pci_bus/0000:03/subsystem/0000:0b/device/driver/0000:00:02.2/driver/0000:00:03.4 HTTP/1.1" 200 276788 "-" "meta-externalagent/1.1 (+https://developers.facebook.com/docs/sharing/webmasters/crawler)"
216.73.216.56 - - [20/Dec/2025:00:59:41 +0000] "GET /entity/125950401.htm HTTP/1.1" 301 7275 "-" "Mozilla/5.0 AppleWebKit/537.36 (KHTML, like Gecko; compatible; ClaudeBot/1.0; +claudebot@anthropic.com)"
216.73.216.56 - - [20/Dec/2025:00:59:42 +0000] "GET /entity/125950401.htm/ HTTP/1.1" 200 52143 "https://datainsightnow.com/entity/125950401.htm" "Mozilla/5.0 AppleWebKit/537.36 (KHTML, like Gecko; compatible; ClaudeBot/1.0; +claudebot@anthropic.com)"
57.141.0.55 - - [20/Dec/2025:00:59:43 +0000] "GET /2025/03/07/page/6/?path=//sys/class/pci_bus/0000:00/device/0000:00:04.0/0000:00:04.0:pcie002/subsystem/devices/0000:00:02.6:pcie001/driver/0000:00:03.4:pcie001/subsystem HTTP/1.1" 200 276733 "-" "meta-externalagent/1.1 (+https://developers.facebook.com/docs/sharing/webmasters/crawler)"
57.141.0.43 - - [20/Dec/2025:00:59:44 +0000] "GET /karamba-spielsaal-erfahrungen-angeschlossen-testbericht-werfen-sie-einen-blick-auf-den-link-within-2025-pro-teutonia/?path=//sys/class/pci_bus/0000:08/subsystem/0000:07/subsystem/0000:0b/subsystem/0000:09/device HTTP/1.1" 200 276740 "-" "meta-externalagent/1.1 (+https://developers.facebook.com/docs/sharing/webmasters/crawler)"
216.73.216.56 - - [20/Dec/2025:00:59:45 +0000] "GET /entity/125939790.htm HTTP/1.1" 301 7281 "-" "Mozilla/5.0 AppleWebKit/537.36 (KHTML, like Gecko; compatible; ClaudeBot/1.0; +claudebot@anthropic.com)"
216.73.216.56 - - [20/Dec/2025:00:59:45 +0000] "GET /entity/125939790.htm/ HTTP/1.1" 200 52143 "https://datainsightnow.com/entity/125939790.htm" "Mozilla/5.0 AppleWebKit/537.36 (KHTML, like Gecko; compatible; ClaudeBot/1.0; +claudebot@anthropic.com)"
57.141.0.16 - - [20/Dec/2025:00:59:47 +0000] "GET /karamba-spielsaal-erfahrungen-angeschlossen-testbericht-werfen-sie-einen-blick-auf-den-link-within-2025-pro-teutonia/?fileloc=//sys/class/pci_bus/0000:02/device/driver/0000:00:02.3/subsystem/devices/0000:00:04.0/driver/0000:00:03.3/current_link_speed&path=//sys/class/pci_bus/0000:02/device/driver/0000:00:02.3/subsystem/devices/0000:00:04.0/driver/0000:00:03.3 HTTP/1.1" 200 276740 "-" "meta-externalagent/1.1 (+https://developers.facebook.com/docs/sharing/webmasters/crawler)"
216.73.216.56 - - [20/Dec/2025:00:59:47 +0000] "GET /entity/125909483.htm HTTP/1.1" 301 7281 "-" "Mozilla/5.0 AppleWebKit/537.36 (KHTML, like Gecko; compatible; ClaudeBot/1.0; +claudebot@anthropic.com)"
57.141.0.25 - - [20/Dec/2025:00:59:48 +0000] "GET /2025/03/07/page/6/?fileloc=//sys/class/pci_bus/0000:09/device/firmware_node/physical_node/driver/0000:00:02.3/class&path=//sys/class/pci_bus/0000:09/device/firmware_node/physical_node/driver/0000:00:02.3 HTTP/1.1" 200 276788 "-" "meta-externalagent/1.1 (+https://developers.facebook.com/docs/sharing/webmasters/crawler)"
216.73.216.56 - - [20/Dec/2025:00:59:49 +0000] "GET /entity/125909483.htm/ HTTP/1.1" 200 52143 "https://datainsightnow.com/entity/125909483.htm" "Mozilla/5.0 AppleWebKit/537.36 (KHTML, like Gecko; compatible; ClaudeBot/1.0; +claudebot@anthropic.com)"
57.141.0.33 - - [20/Dec/2025:00:59:50 +0000] "GET /karamba-spielsaal-erfahrungen-angeschlossen-testbericht-werfen-sie-einen-blick-auf-den-link-within-2025-pro-teutonia/?fileloc=//sys/class/pci_bus/0000:06/subsystem/0000:01/subsystem/0000:06/subsystem/0000:0a/subsystem/0000:0c/device/device&path=//sys/class/pci_bus/0000:06/subsystem/0000:01/subsystem/0000:06/subsystem/0000:0a/subsystem/0000:0c/device HTTP/1.1" 200 276740 "-" "meta-externalagent/1.1 (+https://developers.facebook.com/docs/sharing/webmasters/crawler)"
66.135.21.75 - - [20/Dec/2025:00:59:51 +0000] "POST /wp-cron.php?doing_wp_cron=1766192390.8861498832702636718750 HTTP/1.1" 499 0 "-" "WordPress/6.3.1; https://datainsightnow.com"
216.73.216.56 - - [20/Dec/2025:00:59:51 +0000] "GET /entity/125985111.htm HTTP/1.1" 301 7281 "-" "Mozilla/5.0 AppleWebKit/537.36 (KHTML, like Gecko; compatible; ClaudeBot/1.0; +claudebot@anthropic.com)"
57.141.0.48 - - [20/Dec/2025:00:59:52 +0000] "GET /karamba-spielsaal-erfahrungen-angeschlossen-testbericht-werfen-sie-einen-blick-auf-den-link-within-2025-pro-teutonia/?fileloc=//sys/class/pci_bus/0000:02/device/driver/0000:00:03.7/driver/0000:00:02.2/driver/bind&path=//sys/class/pci_bus/0000:02/device/driver/0000:00:03.7/driver/0000:00:02.2/driver HTTP/1.1" 200 276788 "-" "meta-externalagent/1.1 (+https://developers.facebook.com/docs/sharing/webmasters/crawler)"
216.73.216.56 - - [20/Dec/2025:00:59:53 +0000] "GET /entity/125985111.htm/ HTTP/1.1" 200 52143 "https://datainsightnow.com/entity/125985111.htm" "Mozilla/5.0 AppleWebKit/537.36 (KHTML, like Gecko; compatible; ClaudeBot/1.0; +claudebot@anthropic.com)"
57.141.0.60 - - [20/Dec/2025:00:59:54 +0000] "GET /2025/03/06/page/39/?fileloc=//sys/class/pci_bus/0000:02/subsystem/0000:07/subsystem/0000:02/device/driver/0000:00:03.2/ari_enabled&path=//sys/class/pci_bus/0000:02/subsystem/0000:07/subsystem/0000:02/device/driver/0000:00:03.2 HTTP/1.1" 200 276740 "-" "meta-externalagent/1.1 (+https://developers.facebook.com/docs/sharing/webmasters/crawler)"
57.141.0.25 - - [20/Dec/2025:00:59:55 +0000] "GET /2025/03/07/page/6/?fileloc=//sys/class/pci_bus/0000:0a/device/driver/0000:00:04.0/subsystem/devices/0000:00:02.7/subsystem/rescan&path=//sys/class/pci_bus/0000:0a/device/driver/0000:00:04.0/subsystem/devices/0000:00:02.7/subsystem HTTP/1.1" 200 276733 "-" "meta-externalagent/1.1 (+https://developers.facebook.com/docs/sharing/webmasters/crawler)"
45.154.98.70 - - [20/Dec/2025:00:59:56 +0000] "GET / HTTP/1.1" 200 276787 "-" "Mozilla/5.0 (Windows NT 10.0; Win64; x64) AppleWebKit/537.36 (KHTML, like Gecko) Chrome/78.0.3904.108 Safari/537.36"
45.154.98.70 - - [20/Dec/2025:00:59:56 +0000] "GET //wp-includes/wlwmanifest.xml HTTP/1.1" 301 7281 "-" "Mozilla/5.0 (Windows NT 10.0; Win64; x64) AppleWebKit/537.36 (KHTML, like Gecko) Chrome/78.0.3904.108 Safari/537.36"
45.154.98.70 - - [20/Dec/2025:00:59:56 +0000] "GET //xmlrpc.php?rsd HTTP/1.1" 200 8111 "-" "Mozilla/5.0 (Windows NT 10.0; Win64; x64) AppleWebKit/537.36 (KHTML, like Gecko) Chrome/78.0.3904.108 Safari/537.36"
216.73.216.56 - - [20/Dec/2025:00:59:56 +0000] "GET /entity/125887980.htm HTTP/1.1" 301 7281 "-" "Mozilla/5.0 AppleWebKit/537.36 (KHTML, like Gecko; compatible; ClaudeBot/1.0; +claudebot@anthropic.com)"
45.154.98.70 - - [20/Dec/2025:00:59:57 +0000] "GET //?author=1 HTTP/1.1" 301 7275 "-" "Mozilla/5.0 (Windows NT 10.0; Win64; x64) AppleWebKit/537.36 (KHTML, like Gecko) Chrome/78.0.3904.108 Safari/537.36"
216.73.216.56 - - [20/Dec/2025:00:59:57 +0000] "GET /entity/125887980.htm/ HTTP/1.1" 200 52143 "https://datainsightnow.com/entity/125887980.htm" "Mozilla/5.0 AppleWebKit/537.36 (KHTML, like Gecko; compatible; ClaudeBot/1.0; +claudebot@anthropic.com)"
45.154.98.70 - - [20/Dec/2025:00:59:57 +0000] "GET //?author=2 HTTP/1.1" 301 7281 "-" "Mozilla/5.0 (Windows NT 10.0; Win64; x64) AppleWebKit/537.36 (KHTML, like Gecko) Chrome/78.0.3904.108 Safari/537.36"
57.141.0.58 - - [20/Dec/2025:00:59:58 +0000] "GET /karamba-spielsaal-erfahrungen-angeschlossen-testbericht-werfen-sie-einen-blick-auf-den-link-within-2025-pro-teutonia/?fileloc=//sys/class/pci_bus/0000:05/subsystem/0000:0c/device/driver/0000:00:03.5/driver/0000:00:03.0/driver/0000:00:03.7/subordinate_bus_number&path=//sys/class/pci_bus/0000:05/subsystem/0000:0c/device/driver/0000:00:03.5/driver/0000:00:03.0/driver/0000:00:03.7 HTTP/1.1" 200 276788 "-" "meta-externalagent/1.1 (+https://developers.facebook.com/docs/sharing/webmasters/crawler)"
45.154.98.70 - - [20/Dec/2025:00:59:58 +0000] "GET //wp-json/wp/v2/users/ HTTP/1.1" 301 7275 "-" "Mozilla/5.0 (Windows NT 10.0; Win64; x64) AppleWebKit/537.36 (KHTML, like Gecko) Chrome/78.0.3904.108 Safari/537.36"
45.154.98.70 - - [20/Dec/2025:00:59:58 +0000] "GET //wp-json/oembed/1.0/embed?url=https://datainsightnow.com/ HTTP/1.1" 301 7275 "-" "Mozilla/5.0 (Windows NT 10.0; Win64; x64) AppleWebKit/537.36 (KHTML, like Gecko) Chrome/78.0.3904.108 Safari/537.36"
45.154.98.70 - - [20/Dec/2025:00:59:58 +0000] "POST //xmlrpc.php HTTP/1.1" 200 7682 "-" "Mozilla/5.0 (Windows NT 10.0; Win64; x64) AppleWebKit/537.36 (KHTML, like Gecko) Chrome/78.0.3904.108 Safari/537.36"
45.154.98.70 - - [20/Dec/2025:00:59:58 +0000] "POST //xmlrpc.php HTTP/1.1" 200 7682 "-" "Mozilla/5.0 (Windows NT 10.0; Win64; x64) AppleWebKit/537.36 (KHTML, like Gecko) Chrome/78.0.3904.108 Safari/537.36"
45.154.98.70 - - [20/Dec/2025:00:59:59 +0000] "POST //xmlrpc.php HTTP/1.1" 200 7682 "-" "Mozilla/5.0 (Windows NT 10.0; Win64; x64) AppleWebKit/537.36 (KHTML, like Gecko) Chrome/78.0.3904.108 Safari/537.36"
45.154.98.70 - - [20/Dec/2025:00:59:59 +0000] "POST //xmlrpc.php HTTP/1.1" 200 7682 "-" "Mozilla/5.0 (Windows NT 10.0; Win64; x64) AppleWebKit/537.36 (KHTML, like Gecko) Chrome/78.0.3904.108 Safari/537.36"
57.141.0.53 - - [20/Dec/2025:00:59:59 +0000] "GET /2025/03/07/page/6/?fileloc=//sys/class/pci_bus/0000:05/subsystem/0000:08/subsystem/0000:0f/subsystem/0000:11/device/driver/0000:00:02.4/power/runtime_enabled&path=//sys/class/pci_bus/0000:05/subsystem/0000:08/subsystem/0000:0f/subsystem/0000:11/device/driver/0000:00:02.4/power HTTP/1.1" 200 276740 "-" "meta-externalagent/1.1 (+https://developers.facebook.com/docs/sharing/webmasters/crawler)"
45.154.98.70 - - [20/Dec/2025:00:59:59 +0000] "POST //xmlrpc.php HTTP/1.1" 200 7676 "-" "Mozilla/5.0 (Windows NT 10.0; Win64; x64) AppleWebKit/537.36 (KHTML, like Gecko) Chrome/78.0.3904.108 Safari/537.36"
216.73.216.56 - - [20/Dec/2025:00:59:59 +0000] "GET /entity/125831271.htm HTTP/1.1" 301 7275 "-" "Mozilla/5.0 AppleWebKit/537.36 (KHTML, like Gecko; compatible; ClaudeBot/1.0; +claudebot@anthropic.com)"
45.154.98.70 - - [20/Dec/2025:00:59:59 +0000] "POST //xmlrpc.php HTTP/1.1" 200 7676 "-" "Mozilla/5.0 (Windows NT 10.0; Win64; x64) AppleWebKit/537.36 (KHTML, like Gecko) Chrome/78.0.3904.108 Safari/537.36"
45.154.98.70 - - [20/Dec/2025:01:00:00 +0000] "POST //xmlrpc.php HTTP/1.1" 200 7676 "-" "Mozilla/5.0 (Windows NT 10.0; Win64; x64) AppleWebKit/537.36 (KHTML, like Gecko) Chrome/78.0.3904.108 Safari/537.36"
45.154.98.70 - - [20/Dec/2025:01:00:00 +0000] "POST //xmlrpc.php HTTP/1.1" 200 7682 "-" "Mozilla/5.0 (Windows NT 10.0; Win64; x64) AppleWebKit/537.36 (KHTML, like Gecko) Chrome/78.0.3904.108 Safari/537.36"
216.73.216.56 - - [20/Dec/2025:01:00:00 +0000] "GET /entity/125831271.htm/ HTTP/1.1" 200 52143 "https://datainsightnow.com/entity/125831271.htm" "Mozilla/5.0 AppleWebKit/537.36 (KHTML, like Gecko; compatible; ClaudeBot/1.0; +claudebot@anthropic.com)"
45.154.98.70 - - [20/Dec/2025:01:00:00 +0000] "POST //xmlrpc.php HTTP/1.1" 200 7676 "-" "Mozilla/5.0 (Windows NT 10.0; Win64; x64) AppleWebKit/537.36 (KHTML, like Gecko) Chrome/78.0.3904.108 Safari/537.36"
45.154.98.70 - - [20/Dec/2025:01:00:00 +0000] "POST //xmlrpc.php HTTP/1.1" 200 7682 "-" "Mozilla/5.0 (Windows NT 10.0; Win64; x64) AppleWebKit/537.36 (KHTML, like Gecko) Chrome/78.0.3904.108 Safari/537.36"
45.154.98.70 - - [20/Dec/2025:01:00:01 +0000] "POST //xmlrpc.php HTTP/1.1" 200 7682 "-" "Mozilla/5.0 (Windows NT 10.0; Win64; x64) AppleWebKit/537.36 (KHTML, like Gecko) Chrome/78.0.3904.108 Safari/537.36"
57.141.0.11 - - [20/Dec/2025:01:00:01 +0000] "GET /2025/03/07/page/6/?fileloc=//sys/class/pci_bus/0000:0b/subsystem/0000:10/device/subsystem/devices/0000:02:00.0/firmware_node/device:25/sun&path=//sys/class/pci_bus/0000:0b/subsystem/0000:10/device/subsystem/devices/0000:02:00.0/firmware_node/device:25 HTTP/1.1" 200 276788 "-" "meta-externalagent/1.1 (+https://developers.facebook.com/docs/sharing/webmasters/crawler)"
45.154.98.70 - - [20/Dec/2025:01:00:01 +0000] "POST //xmlrpc.php HTTP/1.1" 200 7676 "-" "Mozilla/5.0 (Windows NT 10.0; Win64; x64) AppleWebKit/537.36 (KHTML, like Gecko) Chrome/78.0.3904.108 Safari/537.36"
45.154.98.70 - - [20/Dec/2025:01:00:02 +0000] "POST //xmlrpc.php HTTP/1.1" 200 7676 "-" "Mozilla/5.0 (Windows NT 10.0; Win64; x64) AppleWebKit/537.36 (KHTML, like Gecko) Chrome/78.0.3904.108 Safari/537.36"
45.154.98.70 - - [20/Dec/2025:01:00:02 +0000] "POST //xmlrpc.php HTTP/1.1" 200 7682 "-" "Mozilla/5.0 (Windows NT 10.0; Win64; x64) AppleWebKit/537.36 (KHTML, like Gecko) Chrome/78.0.3904.108 Safari/537.36"
45.154.98.70 - - [20/Dec/2025:01:00:02 +0000] "POST //xmlrpc.php HTTP/1.1" 200 7676 "-" "Mozilla/5.0 (Windows NT 10.0; Win64; x64) AppleWebKit/537.36 (KHTML, like Gecko) Chrome/78.0.3904.108 Safari/537.36"
45.154.98.70 - - [20/Dec/2025:01:00:02 +0000] "POST //xmlrpc.php HTTP/1.1" 200 7682 "-" "Mozilla/5.0 (Windows NT 10.0; Win64; x64) AppleWebKit/537.36 (KHTML, like Gecko) Chrome/78.0.3904.108 Safari/537.36"
216.73.216.56 - - [20/Dec/2025:01:00:02 +0000] "GET /entity/125785416.htm HTTP/1.1" 301 7281 "-" "Mozilla/5.0 AppleWebKit/537.36 (KHTML, like Gecko; compatible; ClaudeBot/1.0; +claudebot@anthropic.com)"
45.154.98.70 - - [20/Dec/2025:01:00:03 +0000] "POST //xmlrpc.php HTTP/1.1" 200 7682 "-" "Mozilla/5.0 (Windows NT 10.0; Win64; x64) AppleWebKit/537.36 (KHTML, like Gecko) Chrome/78.0.3904.108 Safari/537.36"
57.141.0.30 - - [20/Dec/2025:01:00:03 +0000] "GET /karamba-spielsaal-erfahrungen-angeschlossen-testbericht-werfen-sie-einen-blick-auf-den-link-within-2025-pro-teutonia/?path=//sys/class/pci_bus/0000:0f/subsystem/0000:11/subsystem/0000:04/subsystem/0000:01/device/driver HTTP/1.1" 200 276788 "-" "meta-externalagent/1.1 (+https://developers.facebook.com/docs/sharing/webmasters/crawler)"
216.73.216.56 - - [20/Dec/2025:01:00:04 +0000] "GET /entity/125785416.htm/ HTTP/1.1" 200 52143 "https://datainsightnow.com/entity/125785416.htm" "Mozilla/5.0 AppleWebKit/537.36 (KHTML, like Gecko; compatible; ClaudeBot/1.0; +claudebot@anthropic.com)"
45.154.98.70 - - [20/Dec/2025:01:00:04 +0000] "POST //xmlrpc.php HTTP/1.1" 200 7676 "-" "Mozilla/5.0 (Windows NT 10.0; Win64; x64) AppleWebKit/537.36 (KHTML, like Gecko) Chrome/78.0.3904.108 Safari/537.36"
57.141.0.19 - - [20/Dec/2025:01:00:05 +0000] "GET /2025/03/07/page/6/?fileloc=//sys/class/pci_bus/0000:0e/subsystem/0000:07/device/driver/0000:00:03.7/subsystem/devices/0000:00:03.4/remove&path=//sys/class/pci_bus/0000:0e/subsystem/0000:07/device/driver/0000:00:03.7/subsystem/devices/0000:00:03.4 HTTP/1.1" 200 276788 "-" "meta-externalagent/1.1 (+https://developers.facebook.com/docs/sharing/webmasters/crawler)"
45.154.98.70 - - [20/Dec/2025:01:00:05 +0000] "POST //xmlrpc.php HTTP/1.1" 200 7682 "-" "Mozilla/5.0 (Windows NT 10.0; Win64; x64) AppleWebKit/537.36 (KHTML, like Gecko) Chrome/78.0.3904.108 Safari/537.36"
216.73.216.56 - - [20/Dec/2025:01:00:06 +0000] "GET /entity/125947556.htm HTTP/1.1" 301 7281 "-" "Mozilla/5.0 AppleWebKit/537.36 (KHTML, like Gecko; compatible; ClaudeBot/1.0; +claudebot@anthropic.com)"
45.154.98.70 - - [20/Dec/2025:01:00:06 +0000] "POST //xmlrpc.php HTTP/1.1" 200 7676 "-" "Mozilla/5.0 (Windows NT 10.0; Win64; x64) AppleWebKit/537.36 (KHTML, like Gecko) Chrome/78.0.3904.108 Safari/537.36"
57.141.0.62 - - [20/Dec/2025:01:00:07 +0000] "GET /2025/03/07/page/6/?path=//sys/class/pci_bus/0000:05/device/0000:00:02.3:pcie001/subsystem/devices/0000:00:02.2:pcie001/driver/0000:00:03.1:pcie001/driver HTTP/1.1" 200 276788 "-" "meta-externalagent/1.1 (+https://developers.facebook.com/docs/sharing/webmasters/crawler)"
216.73.216.56 - - [20/Dec/2025:01:00:08 +0000] "GET /entity/125947556.htm/ HTTP/1.1" 200 52143 "https://datainsightnow.com/entity/125947556.htm" "Mozilla/5.0 AppleWebKit/537.36 (KHTML, like Gecko; compatible; ClaudeBot/1.0; +claudebot@anthropic.com)"
45.154.98.70 - - [20/Dec/2025:01:00:08 +0000] "POST //xmlrpc.php HTTP/1.1" 200 7682 "-" "Mozilla/5.0 (Windows NT 10.0; Win64; x64) AppleWebKit/537.36 (KHTML, like Gecko) Chrome/78.0.3904.108 Safari/537.36"
66.249.69.2 - - [20/Dec/2025:01:00:08 +0000] "GET /entity/3701375.htm HTTP/1.1" 200 29771 "-" "Mozilla/5.0 (Linux; Android 6.0.1; Nexus 5X Build/MMB29P) AppleWebKit/537.36 (KHTML, like Gecko) Chrome/141.0.7390.122 Mobile Safari/537.36 (compatible; Googlebot/2.1; +http://www.google.com/bot.html)"
57.141.0.69 - - [20/Dec/2025:01:00:09 +0000] "GET /karamba-spielsaal-erfahrungen-angeschlossen-testbericht-werfen-sie-einen-blick-auf-den-link-within-2025-pro-teutonia/?fileloc=//sys/class/pci_bus/0000:03/subsystem/0000:0f/subsystem/0000:10/subsystem/0000:11/device/consistent_dma_mask_bits&path=//sys/class/pci_bus/0000:03/subsystem/0000:0f/subsystem/0000:10/subsystem/0000:11/device HTTP/1.1" 200 276788 "-" "meta-externalagent/1.1 (+https://developers.facebook.com/docs/sharing/webmasters/crawler)"
45.154.98.70 - - [20/Dec/2025:01:00:09 +0000] "POST //xmlrpc.php HTTP/1.1" 200 7682 "-" "Mozilla/5.0 (Windows NT 10.0; Win64; x64) AppleWebKit/537.36 (KHTML, like Gecko) Chrome/78.0.3904.108 Safari/537.36"
216.73.216.56 - - [20/Dec/2025:01:00:09 +0000] "GET /entity/125813649.htm HTTP/1.1" 301 7281 "-" "Mozilla/5.0 AppleWebKit/537.36 (KHTML, like Gecko; compatible; ClaudeBot/1.0; +claudebot@anthropic.com)"
57.141.0.34 - - [20/Dec/2025:01:00:10 +0000] "GET /karamba-spielsaal-erfahrungen-angeschlossen-testbericht-werfen-sie-einen-blick-auf-den-link-within-2025-pro-teutonia/?path=//sys/class/pci_bus/0000:05/device/driver/0000:00:03.2/subsystem/devices/0000:06:00.0/subsystem/slots/7 HTTP/1.1" 200 276788 "-" "meta-externalagent/1.1 (+https://developers.facebook.com/docs/sharing/webmasters/crawler)"
45.154.98.70 - - [20/Dec/2025:01:00:10 +0000] "POST //xmlrpc.php HTTP/1.1" 200 7682 "-" "Mozilla/5.0 (Windows NT 10.0; Win64; x64) AppleWebKit/537.36 (KHTML, like Gecko) Chrome/78.0.3904.108 Safari/537.36"
216.73.216.56 - - [20/Dec/2025:01:00:11 +0000] "GET /entity/125813649.htm/ HTTP/1.1" 200 52143 "https://datainsightnow.com/entity/125813649.htm" "Mozilla/5.0 AppleWebKit/537.36 (KHTML, like Gecko; compatible; ClaudeBot/1.0; +claudebot@anthropic.com)"
45.154.98.70 - - [20/Dec/2025:01:00:11 +0000] "POST //xmlrpc.php HTTP/1.1" 200 7676 "-" "Mozilla/5.0 (Windows NT 10.0; Win64; x64) AppleWebKit/537.36 (KHTML, like Gecko) Chrome/78.0.3904.108 Safari/537.36"
