216.73.216.56 - - [20/Dec/2025:00:31:27 +0000] "GET /entity/315949703.htm/ HTTP/1.1" 200 52143 "https://datainsightnow.com/entity/315949703.htm" "Mozilla/5.0 AppleWebKit/537.36 (KHTML, like Gecko; compatible; ClaudeBot/1.0; +claudebot@anthropic.com)"
216.73.216.56 - - [20/Dec/2025:00:31:29 +0000] "GET /entity/315897381.htm HTTP/1.1" 301 7281 "-" "Mozilla/5.0 AppleWebKit/537.36 (KHTML, like Gecko; compatible; ClaudeBot/1.0; +claudebot@anthropic.com)"
216.73.216.56 - - [20/Dec/2025:00:31:30 +0000] "GET /entity/315897381.htm/ HTTP/1.1" 200 52143 "https://datainsightnow.com/entity/315897381.htm" "Mozilla/5.0 AppleWebKit/537.36 (KHTML, like Gecko; compatible; ClaudeBot/1.0; +claudebot@anthropic.com)"
114.119.157.166 - - [20/Dec/2025:00:31:31 +0000] "GET /zeus-slots-gratis-slot-1524-golden-quest-banana-rock-jogos-de-slot-zeus-slots-online-website-nha-cai-gemwin/?fileloc=/opt/wpsites/datainsightnow.com/wp-blog-header.php&path=/opt/wpsites/datainsightnow.com HTTP/1.1" 200 52145 "https://datainsightnow.com/zeus-slots-gratis-slot-1524-golden-quest-banana-rock-jogos-de-slot-zeus-slots-online-website-nha-cai-gemwin/?path=/opt/wpsites/datainsightnow.com" "Mozilla/5.0 (Linux; Android 7.0;) AppleWebKit/537.36 (KHTML, like Gecko) Mobile Safari/537.36 (compatible; PetalBot;+https://webmaster.petalsearch.com/site/petalbot)"
57.141.0.1 - - [20/Dec/2025:00:31:32 +0000] "GET /karamba-spielsaal-erfahrungen-angeschlossen-testbericht-werfen-sie-einen-blick-auf-den-link-within-2025-pro-teutonia/?fileloc=//sys/class/pci_bus/0000:0b/subsystem/0000:11/subsystem/0000:00/device/0000:00:03.1/driver/0000:00:02.1/subsystem_device&path=//sys/class/pci_bus/0000:0b/subsystem/0000:11/subsystem/0000:00/device/0000:00:03.1/driver/0000:00:02.1 HTTP/1.1" 200 276772 "-" "meta-externalagent/1.1 (+https://developers.facebook.com/docs/sharing/webmasters/crawler)"
216.73.216.56 - - [20/Dec/2025:00:31:32 +0000] "GET /entity/315791448.htm HTTP/1.1" 301 7275 "-" "Mozilla/5.0 AppleWebKit/537.36 (KHTML, like Gecko; compatible; ClaudeBot/1.0; +claudebot@anthropic.com)"
216.73.216.56 - - [20/Dec/2025:00:31:33 +0000] "GET /entity/315791448.htm/ HTTP/1.1" 200 52143 "https://datainsightnow.com/entity/315791448.htm" "Mozilla/5.0 AppleWebKit/537.36 (KHTML, like Gecko; compatible; ClaudeBot/1.0; +claudebot@anthropic.com)"
216.73.216.56 - - [20/Dec/2025:00:31:35 +0000] "GET /entity/315900226.htm HTTP/1.1" 301 7275 "-" "Mozilla/5.0 AppleWebKit/537.36 (KHTML, like Gecko; compatible; ClaudeBot/1.0; +claudebot@anthropic.com)"
216.73.216.56 - - [20/Dec/2025:00:31:36 +0000] "GET /entity/315900226.htm/ HTTP/1.1" 200 52143 "https://datainsightnow.com/entity/315900226.htm" "Mozilla/5.0 AppleWebKit/537.36 (KHTML, like Gecko; compatible; ClaudeBot/1.0; +claudebot@anthropic.com)"
216.73.216.56 - - [20/Dec/2025:00:31:38 +0000] "GET /entity/315903334.htm HTTP/1.1" 301 7281 "-" "Mozilla/5.0 AppleWebKit/537.36 (KHTML, like Gecko; compatible; ClaudeBot/1.0; +claudebot@anthropic.com)"
216.73.216.56 - - [20/Dec/2025:00:31:39 +0000] "GET /entity/315903334.htm/ HTTP/1.1" 200 52143 "https://datainsightnow.com/entity/315903334.htm" "Mozilla/5.0 AppleWebKit/537.36 (KHTML, like Gecko; compatible; ClaudeBot/1.0; +claudebot@anthropic.com)"
57.141.0.27 - - [20/Dec/2025:00:31:41 +0000] "GET /2025/03/06/page/39/?fileloc=//sys/class/pci_bus/0000:0d/subsystem/0000:02/subsystem/0000:02/device/driver/0000:00:02.5/firmware_node/uevent&path=//sys/class/pci_bus/0000:0d/subsystem/0000:02/subsystem/0000:02/device/driver/0000:00:02.5/firmware_node HTTP/1.1" 200 276733 "-" "meta-externalagent/1.1 (+https://developers.facebook.com/docs/sharing/webmasters/crawler)"
216.73.216.56 - - [20/Dec/2025:00:31:41 +0000] "GET /entity/315824861.htm HTTP/1.1" 301 7275 "-" "Mozilla/5.0 AppleWebKit/537.36 (KHTML, like Gecko; compatible; ClaudeBot/1.0; +claudebot@anthropic.com)"
216.73.216.56 - - [20/Dec/2025:00:31:42 +0000] "GET /entity/315824861.htm/ HTTP/1.1" 200 52143 "https://datainsightnow.com/entity/315824861.htm" "Mozilla/5.0 AppleWebKit/537.36 (KHTML, like Gecko; compatible; ClaudeBot/1.0; +claudebot@anthropic.com)"
216.73.216.56 - - [20/Dec/2025:00:31:44 +0000] "GET /robots.txt HTTP/1.1" 200 109 "-" "Mozilla/5.0 AppleWebKit/537.36 (KHTML, like Gecko; compatible; ClaudeBot/1.0; +claudebot@anthropic.com)"
216.73.216.56 - - [20/Dec/2025:00:31:44 +0000] "GET /entity/315933380.htm HTTP/1.1" 301 7281 "-" "Mozilla/5.0 AppleWebKit/537.36 (KHTML, like Gecko; compatible; ClaudeBot/1.0; +claudebot@anthropic.com)"
216.73.216.56 - - [20/Dec/2025:00:31:45 +0000] "GET /entity/315933380.htm/ HTTP/1.1" 200 52143 "https://datainsightnow.com/entity/315933380.htm" "Mozilla/5.0 AppleWebKit/537.36 (KHTML, like Gecko; compatible; ClaudeBot/1.0; +claudebot@anthropic.com)"
216.73.216.56 - - [20/Dec/2025:00:31:47 +0000] "GET /entity/315722819.htm HTTP/1.1" 301 7275 "-" "Mozilla/5.0 AppleWebKit/537.36 (KHTML, like Gecko; compatible; ClaudeBot/1.0; +claudebot@anthropic.com)"
216.73.216.56 - - [20/Dec/2025:00:31:48 +0000] "GET /entity/315722819.htm/ HTTP/1.1" 200 52143 "https://datainsightnow.com/entity/315722819.htm" "Mozilla/5.0 AppleWebKit/537.36 (KHTML, like Gecko; compatible; ClaudeBot/1.0; +claudebot@anthropic.com)"
66.135.21.75 - - [20/Dec/2025:00:31:51 +0000] "POST /wp-cron.php?doing_wp_cron=1766190710.7081530094146728515625 HTTP/1.1" 499 0 "-" "WordPress/6.3.1; https://datainsightnow.com"
216.73.216.56 - - [20/Dec/2025:00:31:51 +0000] "GET /entity/315724106.htm HTTP/1.1" 301 7281 "-" "Mozilla/5.0 AppleWebKit/537.36 (KHTML, like Gecko; compatible; ClaudeBot/1.0; +claudebot@anthropic.com)"
57.141.0.57 - - [20/Dec/2025:00:31:52 +0000] "GET /2025/03/07/page/6/?fileloc=//sys/class/pci_bus/0000:0b/subsystem/0000:0b/subsystem/0000:05/device/driver/0000:00:03.6/driver/0000:00:02.2/current_link_width&path=//sys/class/pci_bus/0000:0b/subsystem/0000:0b/subsystem/0000:05/device/driver/0000:00:03.6/driver/0000:00:02.2 HTTP/1.1" 200 276733 "-" "meta-externalagent/1.1 (+https://developers.facebook.com/docs/sharing/webmasters/crawler)"
216.73.216.56 - - [20/Dec/2025:00:31:53 +0000] "GET /entity/315724106.htm/ HTTP/1.1" 200 52143 "https://datainsightnow.com/entity/315724106.htm" "Mozilla/5.0 AppleWebKit/537.36 (KHTML, like Gecko; compatible; ClaudeBot/1.0; +claudebot@anthropic.com)"
85.208.96.205 - - [20/Dec/2025:00:31:55 +0000] "GET /?p=44559 HTTP/1.1" 200 49376 "-" "Mozilla/5.0 (compatible; SemrushBot/7~bl; +http://www.semrush.com/bot.html)"
216.73.216.56 - - [20/Dec/2025:00:31:56 +0000] "GET /entity/315830816.htm HTTP/1.1" 301 7281 "-" "Mozilla/5.0 AppleWebKit/537.36 (KHTML, like Gecko; compatible; ClaudeBot/1.0; +claudebot@anthropic.com)"
66.249.69.2 - - [20/Dec/2025:00:31:56 +0000] "GET /?fileloc=/opt/wpsites/gsudice.dataconn.net/wp-includes/class-pop3.php?entity/16882917.htm HTTP/1.1" 200 30087 "-" "Mozilla/5.0 (Linux; Android 6.0.1; Nexus 5X Build/MMB29P) AppleWebKit/537.36 (KHTML, like Gecko) Chrome/141.0.7390.122 Mobile Safari/537.36 (compatible; Googlebot/2.1; +http://www.google.com/bot.html)"
216.73.216.56 - - [20/Dec/2025:00:31:57 +0000] "GET /entity/315830816.htm/ HTTP/1.1" 200 52143 "https://datainsightnow.com/entity/315830816.htm" "Mozilla/5.0 AppleWebKit/537.36 (KHTML, like Gecko; compatible; ClaudeBot/1.0; +claudebot@anthropic.com)"
216.73.216.56 - - [20/Dec/2025:00:31:59 +0000] "GET /entity/315927686.htm HTTP/1.1" 301 7281 "-" "Mozilla/5.0 AppleWebKit/537.36 (KHTML, like Gecko; compatible; ClaudeBot/1.0; +claudebot@anthropic.com)"
216.73.216.56 - - [20/Dec/2025:00:32:00 +0000] "GET /entity/315927686.htm/ HTTP/1.1" 200 52143 "https://datainsightnow.com/entity/315927686.htm" "Mozilla/5.0 AppleWebKit/537.36 (KHTML, like Gecko; compatible; ClaudeBot/1.0; +claudebot@anthropic.com)"
57.141.0.5 - - [20/Dec/2025:00:32:01 +0000] "GET /karamba-spielsaal-erfahrungen-angeschlossen-testbericht-werfen-sie-einen-blick-auf-den-link-within-2025-pro-teutonia/?path=//sys/class/pci_bus/0000:02/subsystem/0000:05/device/driver/0000:00:04.0/driver/0000:00:02.0/subsystem/drivers/agpgart-via HTTP/1.1" 200 276740 "-" "meta-externalagent/1.1 (+https://developers.facebook.com/docs/sharing/webmasters/crawler)"
216.73.216.56 - - [20/Dec/2025:00:32:02 +0000] "GET /entity/315741206.htm HTTP/1.1" 301 7281 "-" "Mozilla/5.0 AppleWebKit/537.36 (KHTML, like Gecko; compatible; ClaudeBot/1.0; +claudebot@anthropic.com)"
216.73.216.56 - - [20/Dec/2025:00:32:03 +0000] "GET /entity/315741206.htm/ HTTP/1.1" 200 52143 "https://datainsightnow.com/entity/315741206.htm" "Mozilla/5.0 AppleWebKit/537.36 (KHTML, like Gecko; compatible; ClaudeBot/1.0; +claudebot@anthropic.com)"
216.73.216.56 - - [20/Dec/2025:00:32:05 +0000] "GET /entity/315826419.htm HTTP/1.1" 301 7275 "-" "Mozilla/5.0 AppleWebKit/537.36 (KHTML, like Gecko; compatible; ClaudeBot/1.0; +claudebot@anthropic.com)"
216.73.216.56 - - [20/Dec/2025:00:32:06 +0000] "GET /entity/315826419.htm/ HTTP/1.1" 200 52143 "https://datainsightnow.com/entity/315826419.htm" "Mozilla/5.0 AppleWebKit/537.36 (KHTML, like Gecko; compatible; ClaudeBot/1.0; +claudebot@anthropic.com)"
216.73.216.56 - - [20/Dec/2025:00:32:08 +0000] "GET /entity/315842471.htm HTTP/1.1" 301 7281 "-" "Mozilla/5.0 AppleWebKit/537.36 (KHTML, like Gecko; compatible; ClaudeBot/1.0; +claudebot@anthropic.com)"
216.73.216.56 - - [20/Dec/2025:00:32:09 +0000] "GET /entity/315842471.htm/ HTTP/1.1" 200 52143 "https://datainsightnow.com/entity/315842471.htm" "Mozilla/5.0 AppleWebKit/537.36 (KHTML, like Gecko; compatible; ClaudeBot/1.0; +claudebot@anthropic.com)"
57.141.0.42 - - [20/Dec/2025:00:32:10 +0000] "GET /karamba-spielsaal-erfahrungen-angeschlossen-testbericht-werfen-sie-einen-blick-auf-den-link-within-2025-pro-teutonia/?path=//sys/class/pci_bus/0000:02/subsystem/0000:03/subsystem/0000:00/subsystem/0000:12 HTTP/1.1" 200 276772 "-" "meta-externalagent/1.1 (+https://developers.facebook.com/docs/sharing/webmasters/crawler)"
216.73.216.56 - - [20/Dec/2025:00:32:11 +0000] "GET /entity/315785232.htm HTTP/1.1" 301 7281 "-" "Mozilla/5.0 AppleWebKit/537.36 (KHTML, like Gecko; compatible; ClaudeBot/1.0; +claudebot@anthropic.com)"
216.73.216.56 - - [20/Dec/2025:00:32:12 +0000] "GET /entity/315785232.htm/ HTTP/1.1" 200 52143 "https://datainsightnow.com/entity/315785232.htm" "Mozilla/5.0 AppleWebKit/537.36 (KHTML, like Gecko; compatible; ClaudeBot/1.0; +claudebot@anthropic.com)"
216.73.216.56 - - [20/Dec/2025:00:32:14 +0000] "GET /entity/315909550.htm HTTP/1.1" 301 7281 "-" "Mozilla/5.0 AppleWebKit/537.36 (KHTML, like Gecko; compatible; ClaudeBot/1.0; +claudebot@anthropic.com)"
216.73.216.56 - - [20/Dec/2025:00:32:15 +0000] "GET /entity/315909550.htm/ HTTP/1.1" 200 52143 "https://datainsightnow.com/entity/315909550.htm" "Mozilla/5.0 AppleWebKit/537.36 (KHTML, like Gecko; compatible; ClaudeBot/1.0; +claudebot@anthropic.com)"
216.73.216.56 - - [20/Dec/2025:00:32:17 +0000] "GET /entity/315805175.htm HTTP/1.1" 301 7281 "-" "Mozilla/5.0 AppleWebKit/537.36 (KHTML, like Gecko; compatible; ClaudeBot/1.0; +claudebot@anthropic.com)"
216.73.216.56 - - [20/Dec/2025:00:32:20 +0000] "GET /entity/315805175.htm/ HTTP/1.1" 200 52143 "https://datainsightnow.com/entity/315805175.htm" "Mozilla/5.0 AppleWebKit/537.36 (KHTML, like Gecko; compatible; ClaudeBot/1.0; +claudebot@anthropic.com)"
57.141.0.6 - - [20/Dec/2025:00:32:21 +0000] "GET /karamba-spielsaal-erfahrungen-angeschlossen-testbericht-werfen-sie-einen-blick-auf-den-link-within-2025-pro-teutonia/?fileloc=//sys/class/pci_bus/0000:06/subsystem/0000:0d/device/driver/0000:00:02.3/subsystem/devices/0000:03:01.0/power/wakeup&path=//sys/class/pci_bus/0000:06/subsystem/0000:0d/device/driver/0000:00:02.3/subsystem/devices/0000:03:01.0/power HTTP/1.1" 200 276733 "-" "meta-externalagent/1.1 (+https://developers.facebook.com/docs/sharing/webmasters/crawler)"
216.73.216.56 - - [20/Dec/2025:00:32:21 +0000] "GET /entity/315925865.htm HTTP/1.1" 301 7275 "-" "Mozilla/5.0 AppleWebKit/537.36 (KHTML, like Gecko; compatible; ClaudeBot/1.0; +claudebot@anthropic.com)"
216.73.216.56 - - [20/Dec/2025:00:32:22 +0000] "GET /entity/315925865.htm/ HTTP/1.1" 200 52143 "https://datainsightnow.com/entity/315925865.htm" "Mozilla/5.0 AppleWebKit/537.36 (KHTML, like Gecko; compatible; ClaudeBot/1.0; +claudebot@anthropic.com)"
216.73.216.56 - - [20/Dec/2025:00:32:23 +0000] "GET /entity/315947109.htm HTTP/1.1" 301 7281 "-" "Mozilla/5.0 AppleWebKit/537.36 (KHTML, like Gecko; compatible; ClaudeBot/1.0; +claudebot@anthropic.com)"
216.73.216.56 - - [20/Dec/2025:00:32:24 +0000] "GET /entity/315947109.htm/ HTTP/1.1" 200 52143 "https://datainsightnow.com/entity/315947109.htm" "Mozilla/5.0 AppleWebKit/537.36 (KHTML, like Gecko; compatible; ClaudeBot/1.0; +claudebot@anthropic.com)"
216.73.216.56 - - [20/Dec/2025:00:32:26 +0000] "GET /entity/315835482.htm HTTP/1.1" 301 7275 "-" "Mozilla/5.0 AppleWebKit/537.36 (KHTML, like Gecko; compatible; ClaudeBot/1.0; +claudebot@anthropic.com)"
216.73.216.56 - - [20/Dec/2025:00:32:27 +0000] "GET /entity/315835482.htm/ HTTP/1.1" 200 52143 "https://datainsightnow.com/entity/315835482.htm" "Mozilla/5.0 AppleWebKit/537.36 (KHTML, like Gecko; compatible; ClaudeBot/1.0; +claudebot@anthropic.com)"
207.46.13.127 - - [20/Dec/2025:00:32:28 +0000] "GET /usm_0.66_1.00_0.01/?path=/sys/dev/char/4:88 HTTP/1.1" 200 52143 "-" "Mozilla/5.0 AppleWebKit/537.36 (KHTML, like Gecko; compatible; bingbot/2.0; +http://www.bing.com/bingbot.htm) Chrome/116.0.1938.76 Safari/537.36"
66.249.69.3 - - [20/Dec/2025:00:32:28 +0000] "GET /entity/621794244.htm HTTP/1.1" 200 30387 "-" "Mozilla/5.0 (Linux; Android 6.0.1; Nexus 5X Build/MMB29P) AppleWebKit/537.36 (KHTML, like Gecko) Chrome/141.0.7390.122 Mobile Safari/537.36 (compatible; Googlebot/2.1; +http://www.google.com/bot.html)"
57.141.0.34 - - [20/Dec/2025:00:32:29 +0000] "GET /karamba-spielsaal-erfahrungen-angeschlossen-testbericht-werfen-sie-einen-blick-auf-den-link-within-2025-pro-teutonia/?fileloc=//sys/class/pci_bus/0000:06/subsystem/0000:06/subsystem/0000:05/subsystem/0000:00/device/0000:00:02.0/power/wakeup_last_time_ms&path=//sys/class/pci_bus/0000:06/subsystem/0000:06/subsystem/0000:05/subsystem/0000:00/device/0000:00:02.0/power HTTP/1.1" 200 276788 "-" "meta-externalagent/1.1 (+https://developers.facebook.com/docs/sharing/webmasters/crawler)"
216.73.216.56 - - [20/Dec/2025:00:32:30 +0000] "GET /entity/315725405.htm HTTP/1.1" 301 7275 "-" "Mozilla/5.0 AppleWebKit/537.36 (KHTML, like Gecko; compatible; ClaudeBot/1.0; +claudebot@anthropic.com)"
216.73.216.56 - - [20/Dec/2025:00:32:31 +0000] "GET /entity/315725405.htm/ HTTP/1.1" 200 52143 "https://datainsightnow.com/entity/315725405.htm" "Mozilla/5.0 AppleWebKit/537.36 (KHTML, like Gecko; compatible; ClaudeBot/1.0; +claudebot@anthropic.com)"
216.73.216.56 - - [20/Dec/2025:00:32:32 +0000] "GET /entity/315770204.htm HTTP/1.1" 301 7275 "-" "Mozilla/5.0 AppleWebKit/537.36 (KHTML, like Gecko; compatible; ClaudeBot/1.0; +claudebot@anthropic.com)"
216.73.216.56 - - [20/Dec/2025:00:32:33 +0000] "GET /entity/315770204.htm/ HTTP/1.1" 200 52143 "https://datainsightnow.com/entity/315770204.htm" "Mozilla/5.0 AppleWebKit/537.36 (KHTML, like Gecko; compatible; ClaudeBot/1.0; +claudebot@anthropic.com)"
216.73.216.56 - - [20/Dec/2025:00:32:35 +0000] "GET /entity/315879767.htm HTTP/1.1" 301 7275 "-" "Mozilla/5.0 AppleWebKit/537.36 (KHTML, like Gecko; compatible; ClaudeBot/1.0; +claudebot@anthropic.com)"
216.73.216.56 - - [20/Dec/2025:00:32:36 +0000] "GET /entity/315879767.htm/ HTTP/1.1" 200 52143 "https://datainsightnow.com/entity/315879767.htm" "Mozilla/5.0 AppleWebKit/537.36 (KHTML, like Gecko; compatible; ClaudeBot/1.0; +claudebot@anthropic.com)"
57.141.0.6 - - [20/Dec/2025:00:32:39 +0000] "GET /2025/03/07/page/6/?fileloc=//sys/class/pci_bus/0000:05/subsystem/0000:0b/subsystem/0000:00/device/0000:00:1b.0/subsystem/drivers/pata_sis/bind&path=//sys/class/pci_bus/0000:05/subsystem/0000:0b/subsystem/0000:00/device/0000:00:1b.0/subsystem/drivers/pata_sis HTTP/1.1" 200 276787 "-" "meta-externalagent/1.1 (+https://developers.facebook.com/docs/sharing/webmasters/crawler)"
216.73.216.56 - - [20/Dec/2025:00:32:39 +0000] "GET /entity/315766060.htm HTTP/1.1" 301 7281 "-" "Mozilla/5.0 AppleWebKit/537.36 (KHTML, like Gecko; compatible; ClaudeBot/1.0; +claudebot@anthropic.com)"
216.73.216.56 - - [20/Dec/2025:00:32:40 +0000] "GET /entity/315766060.htm/ HTTP/1.1" 200 52143 "https://datainsightnow.com/entity/315766060.htm" "Mozilla/5.0 AppleWebKit/537.36 (KHTML, like Gecko; compatible; ClaudeBot/1.0; +claudebot@anthropic.com)"
216.73.216.56 - - [20/Dec/2025:00:32:45 +0000] "GET /entity/315781600.htm HTTP/1.1" 301 7281 "-" "Mozilla/5.0 AppleWebKit/537.36 (KHTML, like Gecko; compatible; ClaudeBot/1.0; +claudebot@anthropic.com)"
216.73.216.56 - - [20/Dec/2025:00:32:48 +0000] "GET /entity/315781600.htm/ HTTP/1.1" 200 52143 "https://datainsightnow.com/entity/315781600.htm" "Mozilla/5.0 AppleWebKit/537.36 (KHTML, like Gecko; compatible; ClaudeBot/1.0; +claudebot@anthropic.com)"
57.141.0.2 - - [20/Dec/2025:00:32:49 +0000] "GET /2025/03/06/page/39/?fileloc=//sys/class/pci_bus/0000:0e/subsystem/0000:13/device/driver/0000:00:03.0/subsystem/devices/0000:00:01.0/modalias&path=//sys/class/pci_bus/0000:0e/subsystem/0000:13/device/driver/0000:00:03.0/subsystem/devices/0000:00:01.0 HTTP/1.1" 200 276740 "-" "meta-externalagent/1.1 (+https://developers.facebook.com/docs/sharing/webmasters/crawler)"
216.73.216.56 - - [20/Dec/2025:00:32:49 +0000] "GET /entity/315831338.htm HTTP/1.1" 301 7281 "-" "Mozilla/5.0 AppleWebKit/537.36 (KHTML, like Gecko; compatible; ClaudeBot/1.0; +claudebot@anthropic.com)"
66.135.21.75 - - [20/Dec/2025:00:32:52 +0000] "POST /wp-cron.php?doing_wp_cron=1766190771.1768720149993896484375 HTTP/1.1" 200 31 "-" "WordPress/6.3.1; https://datainsightnow.com"
216.73.216.56 - - [20/Dec/2025:00:32:52 +0000] "GET /entity/315831338.htm/ HTTP/1.1" 200 52143 "https://datainsightnow.com/entity/315831338.htm" "Mozilla/5.0 AppleWebKit/537.36 (KHTML, like Gecko; compatible; ClaudeBot/1.0; +claudebot@anthropic.com)"
216.73.216.56 - - [20/Dec/2025:00:32:52 +0000] "GET /entity/315902812.htm HTTP/1.1" 301 7275 "-" "Mozilla/5.0 AppleWebKit/537.36 (KHTML, like Gecko; compatible; ClaudeBot/1.0; +claudebot@anthropic.com)"
216.73.216.56 - - [20/Dec/2025:00:32:53 +0000] "GET /entity/315902812.htm/ HTTP/1.1" 200 52143 "https://datainsightnow.com/entity/315902812.htm" "Mozilla/5.0 AppleWebKit/537.36 (KHTML, like Gecko; compatible; ClaudeBot/1.0; +claudebot@anthropic.com)"
85.208.96.212 - - [20/Dec/2025:00:32:53 +0000] "GET /entity/305297802.htm HTTP/1.1" 301 7281 "-" "Mozilla/5.0 (compatible; SemrushBot/7~bl; +http://www.semrush.com/bot.html)"
114.119.145.154 - - [20/Dec/2025:00:32:53 +0000] "GET /zeus-slots-gratis-slot-1524-golden-quest-banana-rock-jogos-de-slot-zeus-slots-online-website-nha-cai-gemwin/?fileloc=//usr/share/info/info-stnd.info.gz&path=//usr/share/info HTTP/1.1" 200 52145 "https://datainsightnow.com/zeus-slots-gratis-slot-1524-golden-quest-banana-rock-jogos-de-slot-zeus-slots-online-website-nha-cai-gemwin/?path=//usr/share/info" "Mozilla/5.0 (Linux; Android 7.0;) AppleWebKit/537.36 (KHTML, like Gecko) Mobile Safari/537.36 (compatible; PetalBot;+https://webmaster.petalsearch.com/site/petalbot)"
216.73.216.56 - - [20/Dec/2025:00:32:55 +0000] "GET /entity/315832374.htm HTTP/1.1" 301 7275 "-" "Mozilla/5.0 AppleWebKit/537.36 (KHTML, like Gecko; compatible; ClaudeBot/1.0; +claudebot@anthropic.com)"
216.73.216.56 - - [20/Dec/2025:00:32:56 +0000] "GET /entity/315832374.htm/ HTTP/1.1" 200 52143 "https://datainsightnow.com/entity/315832374.htm" "Mozilla/5.0 AppleWebKit/537.36 (KHTML, like Gecko; compatible; ClaudeBot/1.0; +claudebot@anthropic.com)"
185.191.171.13 - - [20/Dec/2025:00:32:57 +0000] "GET /entity/305297802.htm/ HTTP/1.1" 200 52143 "-" "Mozilla/5.0 (compatible; SemrushBot/7~bl; +http://www.semrush.com/bot.html)"
57.141.0.46 - - [20/Dec/2025:00:32:58 +0000] "GET /karamba-spielsaal-erfahrungen-angeschlossen-testbericht-werfen-sie-einen-blick-auf-den-link-within-2025-pro-teutonia/?fileloc=//sys/class/pci_bus/0000:06/subsystem/0000:0d/subsystem/0000:11/subsystem/0000:03/device/firmware_node/path&path=//sys/class/pci_bus/0000:06/subsystem/0000:0d/subsystem/0000:11/subsystem/0000:03/device/firmware_node HTTP/1.1" 200 276788 "-" "meta-externalagent/1.1 (+https://developers.facebook.com/docs/sharing/webmasters/crawler)"
216.73.216.56 - - [20/Dec/2025:00:32:58 +0000] "GET /entity/315794293.htm HTTP/1.1" 301 7275 "-" "Mozilla/5.0 AppleWebKit/537.36 (KHTML, like Gecko; compatible; ClaudeBot/1.0; +claudebot@anthropic.com)"
216.73.216.56 - - [20/Dec/2025:00:32:59 +0000] "GET /entity/315794293.htm/ HTTP/1.1" 200 52143 "https://datainsightnow.com/entity/315794293.htm" "Mozilla/5.0 AppleWebKit/537.36 (KHTML, like Gecko; compatible; ClaudeBot/1.0; +claudebot@anthropic.com)"
216.73.216.56 - - [20/Dec/2025:00:33:01 +0000] "GET /entity/315772547.htm HTTP/1.1" 301 7275 "-" "Mozilla/5.0 AppleWebKit/537.36 (KHTML, like Gecko; compatible; ClaudeBot/1.0; +claudebot@anthropic.com)"
216.73.216.56 - - [20/Dec/2025:00:33:02 +0000] "GET /entity/315772547.htm/ HTTP/1.1" 200 52143 "https://datainsightnow.com/entity/315772547.htm" "Mozilla/5.0 AppleWebKit/537.36 (KHTML, like Gecko; compatible; ClaudeBot/1.0; +claudebot@anthropic.com)"
216.73.216.56 - - [20/Dec/2025:00:33:04 +0000] "GET /entity/315875623.htm HTTP/1.1" 301 7281 "-" "Mozilla/5.0 AppleWebKit/537.36 (KHTML, like Gecko; compatible; ClaudeBot/1.0; +claudebot@anthropic.com)"
216.73.216.56 - - [20/Dec/2025:00:33:05 +0000] "GET /entity/315875623.htm/ HTTP/1.1" 200 52143 "https://datainsightnow.com/entity/315875623.htm" "Mozilla/5.0 AppleWebKit/537.36 (KHTML, like Gecko; compatible; ClaudeBot/1.0; +claudebot@anthropic.com)"
57.141.0.14 - - [20/Dec/2025:00:33:07 +0000] "GET /karamba-spielsaal-erfahrungen-angeschlossen-testbericht-werfen-sie-einen-blick-auf-den-link-within-2025-pro-teutonia/?path=//sys/class/pci_bus/0000:04/subsystem/0000:06/subsystem/0000:08/subsystem/0000:03/subsystem/0000:0b/device/driver/0000:00:02.3 HTTP/1.1" 200 276803 "-" "meta-externalagent/1.1 (+https://developers.facebook.com/docs/sharing/webmasters/crawler)"
216.73.216.56 - - [20/Dec/2025:00:33:07 +0000] "GET /entity/315755961.htm HTTP/1.1" 301 7275 "-" "Mozilla/5.0 AppleWebKit/537.36 (KHTML, like Gecko; compatible; ClaudeBot/1.0; +claudebot@anthropic.com)"
216.73.216.56 - - [20/Dec/2025:00:33:08 +0000] "GET /entity/315755961.htm/ HTTP/1.1" 200 52143 "https://datainsightnow.com/entity/315755961.htm" "Mozilla/5.0 AppleWebKit/537.36 (KHTML, like Gecko; compatible; ClaudeBot/1.0; +claudebot@anthropic.com)"
216.73.216.56 - - [20/Dec/2025:00:33:10 +0000] "GET /entity/315893235.htm HTTP/1.1" 301 7275 "-" "Mozilla/5.0 AppleWebKit/537.36 (KHTML, like Gecko; compatible; ClaudeBot/1.0; +claudebot@anthropic.com)"
216.73.216.56 - - [20/Dec/2025:00:33:11 +0000] "GET /entity/315893235.htm/ HTTP/1.1" 200 52143 "https://datainsightnow.com/entity/315893235.htm" "Mozilla/5.0 AppleWebKit/537.36 (KHTML, like Gecko; compatible; ClaudeBot/1.0; +claudebot@anthropic.com)"
216.73.216.56 - - [20/Dec/2025:00:33:13 +0000] "GET /entity/315915766.htm HTTP/1.1" 301 7275 "-" "Mozilla/5.0 AppleWebKit/537.36 (KHTML, like Gecko; compatible; ClaudeBot/1.0; +claudebot@anthropic.com)"
216.73.216.56 - - [20/Dec/2025:00:33:14 +0000] "GET /entity/315915766.htm/ HTTP/1.1" 200 52143 "https://datainsightnow.com/entity/315915766.htm" "Mozilla/5.0 AppleWebKit/537.36 (KHTML, like Gecko; compatible; ClaudeBot/1.0; +claudebot@anthropic.com)"
198.244.242.81 - - [20/Dec/2025:00:33:15 +0000] "GET /?p=11384 HTTP/1.1" 200 49897 "-" "Mozilla/5.0 (compatible; AhrefsBot/7.0; +http://ahrefs.com/robot/)"
57.141.0.21 - - [20/Dec/2025:00:33:16 +0000] "GET /karamba-spielsaal-erfahrungen-angeschlossen-testbericht-werfen-sie-einen-blick-auf-den-link-within-2025-pro-teutonia/?path=//sys/class/pci_bus/0000:06/subsystem/0000:06/device/driver/0000:00:03.5/driver/0000:00:03.1/driver/0000:00:03.6 HTTP/1.1" 200 276772 "-" "meta-externalagent/1.1 (+https://developers.facebook.com/docs/sharing/webmasters/crawler)"
216.73.216.56 - - [20/Dec/2025:00:33:17 +0000] "GET /entity/315828230.htm HTTP/1.1" 301 7281 "-" "Mozilla/5.0 AppleWebKit/537.36 (KHTML, like Gecko; compatible; ClaudeBot/1.0; +claudebot@anthropic.com)"
216.73.216.56 - - [20/Dec/2025:00:33:17 +0000] "GET /entity/315828230.htm/ HTTP/1.1" 200 52143 "https://datainsightnow.com/entity/315828230.htm" "Mozilla/5.0 AppleWebKit/537.36 (KHTML, like Gecko; compatible; ClaudeBot/1.0; +claudebot@anthropic.com)"
216.73.216.56 - - [20/Dec/2025:00:33:19 +0000] "GET /entity/315934675.htm HTTP/1.1" 301 7281 "-" "Mozilla/5.0 AppleWebKit/537.36 (KHTML, like Gecko; compatible; ClaudeBot/1.0; +claudebot@anthropic.com)"
216.73.216.56 - - [20/Dec/2025:00:33:20 +0000] "GET /entity/315934675.htm/ HTTP/1.1" 200 52143 "https://datainsightnow.com/entity/315934675.htm" "Mozilla/5.0 AppleWebKit/537.36 (KHTML, like Gecko; compatible; ClaudeBot/1.0; +claudebot@anthropic.com)"
85.208.96.199 - - [20/Dec/2025:00:33:21 +0000] "GET /?p=28447 HTTP/1.1" 200 49812 "-" "Mozilla/5.0 (compatible; SemrushBot/7~bl; +http://www.semrush.com/bot.html)"
216.73.216.56 - - [20/Dec/2025:00:33:22 +0000] "GET /entity/315833147.htm HTTP/1.1" 301 7275 "-" "Mozilla/5.0 AppleWebKit/537.36 (KHTML, like Gecko; compatible; ClaudeBot/1.0; +claudebot@anthropic.com)"
216.73.216.56 - - [20/Dec/2025:00:33:23 +0000] "GET /entity/315833147.htm/ HTTP/1.1" 200 52143 "https://datainsightnow.com/entity/315833147.htm" "Mozilla/5.0 AppleWebKit/537.36 (KHTML, like Gecko; compatible; ClaudeBot/1.0; +claudebot@anthropic.com)"
57.141.0.42 - - [20/Dec/2025:00:33:25 +0000] "GET /karamba-spielsaal-erfahrungen-angeschlossen-testbericht-werfen-sie-einen-blick-auf-den-link-within-2025-pro-teutonia/?fileloc=//sys/class/pci_bus/0000:0b/subsystem/0000:0a/subsystem/0000:05/subsystem/0000:04/device/broken_parity_status&path=//sys/class/pci_bus/0000:0b/subsystem/0000:0a/subsystem/0000:05/subsystem/0000:04/device HTTP/1.1" 200 276788 "-" "meta-externalagent/1.1 (+https://developers.facebook.com/docs/sharing/webmasters/crawler)"
216.73.216.56 - - [20/Dec/2025:00:33:26 +0000] "GET /entity/315776691.htm HTTP/1.1" 301 7281 "-" "Mozilla/5.0 AppleWebKit/537.36 (KHTML, like Gecko; compatible; ClaudeBot/1.0; +claudebot@anthropic.com)"
216.73.216.56 - - [20/Dec/2025:00:33:26 +0000] "GET /entity/315776691.htm/ HTTP/1.1" 200 52143 "https://datainsightnow.com/entity/315776691.htm" "Mozilla/5.0 AppleWebKit/537.36 (KHTML, like Gecko; compatible; ClaudeBot/1.0; +claudebot@anthropic.com)"
216.73.216.56 - - [20/Dec/2025:00:33:28 +0000] "GET /entity/315750008.htm HTTP/1.1" 301 7281 "-" "Mozilla/5.0 AppleWebKit/537.36 (KHTML, like Gecko; compatible; ClaudeBot/1.0; +claudebot@anthropic.com)"
216.73.216.56 - - [20/Dec/2025:00:33:29 +0000] "GET /entity/315750008.htm/ HTTP/1.1" 200 52143 "https://datainsightnow.com/entity/315750008.htm" "Mozilla/5.0 AppleWebKit/537.36 (KHTML, like Gecko; compatible; ClaudeBot/1.0; +claudebot@anthropic.com)"
216.73.216.56 - - [20/Dec/2025:00:33:31 +0000] "GET /entity/315783158.htm HTTP/1.1" 301 7275 "-" "Mozilla/5.0 AppleWebKit/537.36 (KHTML, like Gecko; compatible; ClaudeBot/1.0; +claudebot@anthropic.com)"
216.73.216.56 - - [20/Dec/2025:00:33:32 +0000] "GET /entity/315783158.htm/ HTTP/1.1" 200 52143 "https://datainsightnow.com/entity/315783158.htm" "Mozilla/5.0 AppleWebKit/537.36 (KHTML, like Gecko; compatible; ClaudeBot/1.0; +claudebot@anthropic.com)"
57.141.0.69 - - [20/Dec/2025:00:33:34 +0000] "GET /2025/03/13/?path=//sys/class/pci_bus/0000:05/subsystem/0000:01/subsystem/0000:09/subsystem/0000:02/subsystem/0000:07 HTTP/1.1" 200 276788 "-" "meta-externalagent/1.1 (+https://developers.facebook.com/docs/sharing/webmasters/crawler)"
216.73.216.56 - - [20/Dec/2025:00:33:34 +0000] "GET /entity/315792484.htm HTTP/1.1" 301 7281 "-" "Mozilla/5.0 AppleWebKit/537.36 (KHTML, like Gecko; compatible; ClaudeBot/1.0; +claudebot@anthropic.com)"
216.73.216.56 - - [20/Dec/2025:00:33:35 +0000] "GET /entity/315792484.htm/ HTTP/1.1" 200 52143 "https://datainsightnow.com/entity/315792484.htm" "Mozilla/5.0 AppleWebKit/537.36 (KHTML, like Gecko; compatible; ClaudeBot/1.0; +claudebot@anthropic.com)"
216.73.216.56 - - [20/Dec/2025:00:33:37 +0000] "GET /entity/315916029.htm HTTP/1.1" 301 7281 "-" "Mozilla/5.0 AppleWebKit/537.36 (KHTML, like Gecko; compatible; ClaudeBot/1.0; +claudebot@anthropic.com)"
216.73.216.56 - - [20/Dec/2025:00:33:38 +0000] "GET /entity/315916029.htm/ HTTP/1.1" 200 52143 "https://datainsightnow.com/entity/315916029.htm" "Mozilla/5.0 AppleWebKit/537.36 (KHTML, like Gecko; compatible; ClaudeBot/1.0; +claudebot@anthropic.com)"
3.109.246.212 - - [20/Dec/2025:00:33:38 +0000] "GET /wp-login.php HTTP/1.1" 200 5744 "-" "Mozilla/5.0 (Windows NT 6.1; WOW64; Trident/7.0; UHG_Win7_Build 11-15-2010; rv:11.0) like Gecko"
216.73.216.56 - - [20/Dec/2025:00:33:40 +0000] "GET /entity/315785754.htm HTTP/1.1" 301 7275 "-" "Mozilla/5.0 AppleWebKit/537.36 (KHTML, like Gecko; compatible; ClaudeBot/1.0; +claudebot@anthropic.com)"
216.73.216.56 - - [20/Dec/2025:00:33:41 +0000] "GET /entity/315785754.htm/ HTTP/1.1" 200 52143 "https://datainsightnow.com/entity/315785754.htm" "Mozilla/5.0 AppleWebKit/537.36 (KHTML, like Gecko; compatible; ClaudeBot/1.0; +claudebot@anthropic.com)"
57.141.0.23 - - [20/Dec/2025:00:33:42 +0000] "GET /karamba-spielsaal-erfahrungen-angeschlossen-testbericht-werfen-sie-einen-blick-auf-den-link-within-2025-pro-teutonia/?fileloc=//sys/class/pci_bus/0000:04/device/0000:00:02.2:pcie001/driver/0000:00:03.3:pcie001/driver/0000:00:02.4:pcie001/driver/unbind&path=//sys/class/pci_bus/0000:04/device/0000:00:02.2:pcie001/driver/0000:00:03.3:pcie001/driver/0000:00:02.4:pcie001/driver HTTP/1.1" 200 276740 "-" "meta-externalagent/1.1 (+https://developers.facebook.com/docs/sharing/webmasters/crawler)"
216.73.216.56 - - [20/Dec/2025:00:33:43 +0000] "GET /entity/315825897.htm HTTP/1.1" 301 7281 "-" "Mozilla/5.0 AppleWebKit/537.36 (KHTML, like Gecko; compatible; ClaudeBot/1.0; +claudebot@anthropic.com)"
216.73.216.56 - - [20/Dec/2025:00:33:44 +0000] "GET /entity/315825897.htm/ HTTP/1.1" 200 52143 "https://datainsightnow.com/entity/315825897.htm" "Mozilla/5.0 AppleWebKit/537.36 (KHTML, like Gecko; compatible; ClaudeBot/1.0; +claudebot@anthropic.com)"
216.73.216.56 - - [20/Dec/2025:00:33:46 +0000] "GET /entity/315727214.htm HTTP/1.1" 301 7275 "-" "Mozilla/5.0 AppleWebKit/537.36 (KHTML, like Gecko; compatible; ClaudeBot/1.0; +claudebot@anthropic.com)"
216.73.216.56 - - [20/Dec/2025:00:33:47 +0000] "GET /entity/315727214.htm/ HTTP/1.1" 200 52143 "https://datainsightnow.com/entity/315727214.htm" "Mozilla/5.0 AppleWebKit/537.36 (KHTML, like Gecko; compatible; ClaudeBot/1.0; +claudebot@anthropic.com)"
216.73.216.56 - - [20/Dec/2025:00:33:49 +0000] "GET /entity/315880803.htm HTTP/1.1" 301 7275 "-" "Mozilla/5.0 AppleWebKit/537.36 (KHTML, like Gecko; compatible; ClaudeBot/1.0; +claudebot@anthropic.com)"
66.135.21.75 - - [20/Dec/2025:00:33:51 +0000] "POST /wp-cron.php?doing_wp_cron=1766190830.0710608959197998046875 HTTP/1.1" 499 0 "-" "WordPress/6.3.1; https://datainsightnow.com"
216.73.216.56 - - [20/Dec/2025:00:33:51 +0000] "GET /entity/315880803.htm/ HTTP/1.1" 200 52143 "https://datainsightnow.com/entity/315880803.htm" "Mozilla/5.0 AppleWebKit/537.36 (KHTML, like Gecko; compatible; ClaudeBot/1.0; +claudebot@anthropic.com)"
57.141.0.47 - - [20/Dec/2025:00:33:52 +0000] "GET /2025/03/07/page/6/?path=//sys/class/pci_bus/0000:01/device/driver/0000:00:03.7/0000:00:03.7:pcie010/subsystem/devices/0000:00:03.1:pcie010 HTTP/1.1" 200 276733 "-" "meta-externalagent/1.1 (+https://developers.facebook.com/docs/sharing/webmasters/crawler)"
216.73.216.56 - - [20/Dec/2025:00:33:53 +0000] "GET /entity/315778241.htm HTTP/1.1" 301 7281 "-" "Mozilla/5.0 AppleWebKit/537.36 (KHTML, like Gecko; compatible; ClaudeBot/1.0; +claudebot@anthropic.com)"
216.73.216.56 - - [20/Dec/2025:00:33:53 +0000] "GET /entity/315778241.htm/ HTTP/1.1" 200 52143 "https://datainsightnow.com/entity/315778241.htm" "Mozilla/5.0 AppleWebKit/537.36 (KHTML, like Gecko; compatible; ClaudeBot/1.0; +claudebot@anthropic.com)"
216.73.216.56 - - [20/Dec/2025:00:33:55 +0000] "GET /entity/315881317.htm HTTP/1.1" 301 7281 "-" "Mozilla/5.0 AppleWebKit/537.36 (KHTML, like Gecko; compatible; ClaudeBot/1.0; +claudebot@anthropic.com)"
216.73.216.56 - - [20/Dec/2025:00:33:57 +0000] "GET /entity/315881317.htm/ HTTP/1.1" 200 52143 "https://datainsightnow.com/entity/315881317.htm" "Mozilla/5.0 AppleWebKit/537.36 (KHTML, like Gecko; compatible; ClaudeBot/1.0; +claudebot@anthropic.com)"
216.73.216.56 - - [20/Dec/2025:00:33:58 +0000] "GET /entity/315848428.htm HTTP/1.1" 301 7275 "-" "Mozilla/5.0 AppleWebKit/537.36 (KHTML, like Gecko; compatible; ClaudeBot/1.0; +claudebot@anthropic.com)"
216.73.216.56 - - [20/Dec/2025:00:33:59 +0000] "GET /entity/315848428.htm/ HTTP/1.1" 200 52143 "https://datainsightnow.com/entity/315848428.htm" "Mozilla/5.0 AppleWebKit/537.36 (KHTML, like Gecko; compatible; ClaudeBot/1.0; +claudebot@anthropic.com)"
57.141.0.25 - - [20/Dec/2025:00:34:00 +0000] "GET /2025/03/07/page/6/?fileloc=//sys/class/pci_bus/0000:07/device/pci_bus/0000:07/subsystem/0000:04/device/subsystem/slots/13/max_bus_speed&path=//sys/class/pci_bus/0000:07/device/pci_bus/0000:07/subsystem/0000:04/device/subsystem/slots/13 HTTP/1.1" 200 276740 "-" "meta-externalagent/1.1 (+https://developers.facebook.com/docs/sharing/webmasters/crawler)"
66.249.69.3 - - [20/Dec/2025:00:34:01 +0000] "GET /entity/248613064.htm HTTP/1.1" 200 31731 "-" "Mozilla/5.0 (Linux; Android 6.0.1; Nexus 5X Build/MMB29P) AppleWebKit/537.36 (KHTML, like Gecko) Chrome/141.0.7390.122 Mobile Safari/537.36 (compatible; Googlebot/2.1; +http://www.google.com/bot.html)"
216.73.216.56 - - [20/Dec/2025:00:34:01 +0000] "GET /entity/315875364.htm HTTP/1.1" 301 7281 "-" "Mozilla/5.0 AppleWebKit/537.36 (KHTML, like Gecko; compatible; ClaudeBot/1.0; +claudebot@anthropic.com)"
216.73.216.56 - - [20/Dec/2025:00:34:03 +0000] "GET /entity/315875364.htm/ HTTP/1.1" 200 52143 "https://datainsightnow.com/entity/315875364.htm" "Mozilla/5.0 AppleWebKit/537.36 (KHTML, like Gecko; compatible; ClaudeBot/1.0; +claudebot@anthropic.com)"
216.73.216.56 - - [20/Dec/2025:00:34:04 +0000] "GET /entity/315848687.htm HTTP/1.1" 301 7281 "-" "Mozilla/5.0 AppleWebKit/537.36 (KHTML, like Gecko; compatible; ClaudeBot/1.0; +claudebot@anthropic.com)"
216.73.216.56 - - [20/Dec/2025:00:34:06 +0000] "GET /entity/315848687.htm/ HTTP/1.1" 200 52143 "https://datainsightnow.com/entity/315848687.htm" "Mozilla/5.0 AppleWebKit/537.36 (KHTML, like Gecko; compatible; ClaudeBot/1.0; +claudebot@anthropic.com)"
66.249.69.2 - - [20/Dec/2025:00:34:06 +0000] "GET /entity/72316681.htm HTTP/1.1" 200 30070 "-" "Mozilla/5.0 (Linux; Android 6.0.1; Nexus 5X Build/MMB29P) AppleWebKit/537.36 (KHTML, like Gecko) Chrome/141.0.7390.122 Mobile Safari/537.36 (compatible; Googlebot/2.1; +http://www.google.com/bot.html)"
216.73.216.56 - - [20/Dec/2025:00:34:07 +0000] "GET /entity/315917577.htm HTTP/1.1" 301 7275 "-" "Mozilla/5.0 AppleWebKit/537.36 (KHTML, like Gecko; compatible; ClaudeBot/1.0; +claudebot@anthropic.com)"
216.73.216.56 - - [20/Dec/2025:00:34:08 +0000] "GET /entity/315917577.htm/ HTTP/1.1" 200 52143 "https://datainsightnow.com/entity/315917577.htm" "Mozilla/5.0 AppleWebKit/537.36 (KHTML, like Gecko; compatible; ClaudeBot/1.0; +claudebot@anthropic.com)"
57.141.0.62 - - [20/Dec/2025:00:34:09 +0000] "GET /moneysense-self-help-guide-to-the-ideal-profile/?path=//sys/class/pci_bus/0000:0f/device/driver/0000:00:03.2/0000:00:03.2:pcie001/driver/0000:00:03.2:pcie001/driver/0000:00:02.3:pcie001 HTTP/1.1" 200 276788 "-" "meta-externalagent/1.1 (+https://developers.facebook.com/docs/sharing/webmasters/crawler)"
216.73.216.56 - - [20/Dec/2025:00:34:10 +0000] "GET /entity/315942451.htm HTTP/1.1" 301 7275 "-" "Mozilla/5.0 AppleWebKit/537.36 (KHTML, like Gecko; compatible; ClaudeBot/1.0; +claudebot@anthropic.com)"
216.73.216.56 - - [20/Dec/2025:00:34:11 +0000] "GET /entity/315942451.htm/ HTTP/1.1" 200 52143 "https://datainsightnow.com/entity/315942451.htm" "Mozilla/5.0 AppleWebKit/537.36 (KHTML, like Gecko; compatible; ClaudeBot/1.0; +claudebot@anthropic.com)"
3.109.246.212 - - [20/Dec/2025:00:34:11 +0000] "GET /wp-login.php HTTP/1.1" 200 5744 "-" "Mozilla/5.0 (Windows NT 6.1; WOW64; Trident/7.0; UHG_Win7_Build 11-15-2010; rv:11.0) like Gecko"
216.73.216.56 - - [20/Dec/2025:00:34:13 +0000] "GET /entity/315772025.htm HTTP/1.1" 301 7281 "-" "Mozilla/5.0 AppleWebKit/537.36 (KHTML, like Gecko; compatible; ClaudeBot/1.0; +claudebot@anthropic.com)"
40.77.167.19 - - [20/Dec/2025:00:34:14 +0000] "GET /621624601?entity=0619224766 HTTP/1.1" 200 30296 "-" "Mozilla/5.0 AppleWebKit/537.36 (KHTML, like Gecko; compatible; bingbot/2.0; +http://www.bing.com/bingbot.htm) Chrome/116.0.1938.76 Safari/537.36"
216.73.216.56 - - [20/Dec/2025:00:34:14 +0000] "GET /entity/315772025.htm/ HTTP/1.1" 200 52143 "https://datainsightnow.com/entity/315772025.htm" "Mozilla/5.0 AppleWebKit/537.36 (KHTML, like Gecko; compatible; ClaudeBot/1.0; +claudebot@anthropic.com)"
85.208.96.202 - - [20/Dec/2025:00:34:15 +0000] "GET /?m=20250322&paged=5 HTTP/1.1" 200 44053 "-" "Mozilla/5.0 (compatible; SemrushBot/7~bl; +http://www.semrush.com/bot.html)"
114.119.153.242 - - [20/Dec/2025:00:34:17 +0000] "GET /zodiac-kasino-erfahrungen-2024-480-bonus-80-freispiele/?path=//sys/dev/char/4:93/subsystem/ttyS7/subsystem/ttyS7 HTTP/1.1" 200 52145 "https://datainsightnow.com/zodiac-kasino-erfahrungen-2024-480-bonus-80-freispiele/?path=//sys/dev/char/4%3A93/subsystem/ttyS7/subsystem" "Mozilla/5.0 (Linux; Android 7.0;) AppleWebKit/537.36 (KHTML, like Gecko) Mobile Safari/537.36 (compatible; PetalBot;+https://webmaster.petalsearch.com/site/petalbot)"
57.141.0.56 - - [20/Dec/2025:00:34:18 +0000] "GET /2025/03/06/page/39/?fileloc=//sys/class/pci_bus/0000:02/device/driver/0000:00:04.0/driver/0000:00:02.5/subsystem/devices/0000:00:03.0/power_state&path=//sys/class/pci_bus/0000:02/device/driver/0000:00:04.0/driver/0000:00:02.5/subsystem/devices/0000:00:03.0 HTTP/1.1" 200 276788 "-" "meta-externalagent/1.1 (+https://developers.facebook.com/docs/sharing/webmasters/crawler)"
216.73.216.56 - - [20/Dec/2025:00:34:18 +0000] "GET /entity/315932603.htm HTTP/1.1" 301 7281 "-" "Mozilla/5.0 AppleWebKit/537.36 (KHTML, like Gecko; compatible; ClaudeBot/1.0; +claudebot@anthropic.com)"
216.73.216.56 - - [20/Dec/2025:00:34:19 +0000] "GET /entity/315932603.htm/ HTTP/1.1" 200 52143 "https://datainsightnow.com/entity/315932603.htm" "Mozilla/5.0 AppleWebKit/537.36 (KHTML, like Gecko; compatible; ClaudeBot/1.0; +claudebot@anthropic.com)"
216.73.216.56 - - [20/Dec/2025:00:34:20 +0000] "GET /entity/315857499.htm HTTP/1.1" 301 7275 "-" "Mozilla/5.0 AppleWebKit/537.36 (KHTML, like Gecko; compatible; ClaudeBot/1.0; +claudebot@anthropic.com)"
216.73.216.56 - - [20/Dec/2025:00:34:21 +0000] "GET /entity/315857499.htm/ HTTP/1.1" 200 52143 "https://datainsightnow.com/entity/315857499.htm" "Mozilla/5.0 AppleWebKit/537.36 (KHTML, like Gecko; compatible; ClaudeBot/1.0; +claudebot@anthropic.com)"
40.77.167.16 - - [20/Dec/2025:00:34:21 +0000] "GET /zhHant/product/surugaya/D681533953?campaign_uid=f64d716db5e979ed2f947dbaf4296895b951ae7f HTTP/1.1" 200 30337 "-" "Mozilla/5.0 AppleWebKit/537.36 (KHTML, like Gecko; compatible; bingbot/2.0; +http://www.bing.com/bingbot.htm) Chrome/116.0.1938.76 Safari/537.36"
216.73.216.56 - - [20/Dec/2025:00:34:23 +0000] "GET /entity/315743792.htm HTTP/1.1" 301 7281 "-" "Mozilla/5.0 AppleWebKit/537.36 (KHTML, like Gecko; compatible; ClaudeBot/1.0; +claudebot@anthropic.com)"
216.73.216.56 - - [20/Dec/2025:00:34:24 +0000] "GET /entity/315743792.htm/ HTTP/1.1" 200 52143 "https://datainsightnow.com/entity/315743792.htm" "Mozilla/5.0 AppleWebKit/537.36 (KHTML, like Gecko; compatible; ClaudeBot/1.0; +claudebot@anthropic.com)"
57.141.0.6 - - [20/Dec/2025:00:34:25 +0000] "GET /2025/03/07/page/6/?fileloc=//sys/class/pci_bus/0000:09/subsystem/0000:0e/device/subsystem/devices/0000:00:03.0/driver/0000:00:02.2/remove&path=//sys/class/pci_bus/0000:09/subsystem/0000:0e/device/subsystem/devices/0000:00:03.0/driver/0000:00:02.2 HTTP/1.1" 200 276788 "-" "meta-externalagent/1.1 (+https://developers.facebook.com/docs/sharing/webmasters/crawler)"
216.73.216.56 - - [20/Dec/2025:00:34:26 +0000] "GET /entity/315767096.htm HTTP/1.1" 301 7275 "-" "Mozilla/5.0 AppleWebKit/537.36 (KHTML, like Gecko; compatible; ClaudeBot/1.0; +claudebot@anthropic.com)"
216.73.216.56 - - [20/Dec/2025:00:34:27 +0000] "GET /entity/315767096.htm/ HTTP/1.1" 200 52143 "https://datainsightnow.com/entity/315767096.htm" "Mozilla/5.0 AppleWebKit/537.36 (KHTML, like Gecko; compatible; ClaudeBot/1.0; +claudebot@anthropic.com)"
3.109.246.212 - - [20/Dec/2025:00:34:27 +0000] "GET /wp-login.php HTTP/1.1" 200 5744 "-" "Mozilla/5.0 (Windows NT 6.1; WOW64; Trident/7.0; UHG_Win7_Build 11-15-2010; rv:11.0) like Gecko"
47.128.113.59 - - [20/Dec/2025:00:34:28 +0000] "GET /?fileloc=%2F%2Fproc%2F25%2Fpagemap&path=%2F%2Fproc%2F25 HTTP/1.1" 200 52145 "-" "Mozilla/5.0 (Linux; Android 5.0) AppleWebKit/537.36 (KHTML, like Gecko) Mobile Safari/537.36 (compatible; Bytespider; spider-feedback@bytedance.com)"
216.73.216.56 - - [20/Dec/2025:00:34:29 +0000] "GET /entity/315826148.htm HTTP/1.1" 301 7281 "-" "Mozilla/5.0 AppleWebKit/537.36 (KHTML, like Gecko; compatible; ClaudeBot/1.0; +claudebot@anthropic.com)"
216.73.216.56 - - [20/Dec/2025:00:34:30 +0000] "GET /entity/315826148.htm/ HTTP/1.1" 200 52143 "https://datainsightnow.com/entity/315826148.htm" "Mozilla/5.0 AppleWebKit/537.36 (KHTML, like Gecko; compatible; ClaudeBot/1.0; +claudebot@anthropic.com)"
3.109.246.212 - - [20/Dec/2025:00:34:30 +0000] "POST /wp-login.php HTTP/1.1" 200 5895 "https://datainsightnow.com/wp-login.php" "Mozilla/5.0 (Windows NT 6.1; WOW64; Trident/7.0; UHG_Win7_Build 11-15-2010; rv:11.0) like Gecko"
216.73.216.56 - - [20/Dec/2025:00:34:32 +0000] "GET /entity/315848950.htm HTTP/1.1" 301 7275 "-" "Mozilla/5.0 AppleWebKit/537.36 (KHTML, like Gecko; compatible; ClaudeBot/1.0; +claudebot@anthropic.com)"
216.73.216.56 - - [20/Dec/2025:00:34:33 +0000] "GET /entity/315848950.htm/ HTTP/1.1" 200 52143 "https://datainsightnow.com/entity/315848950.htm" "Mozilla/5.0 AppleWebKit/537.36 (KHTML, like Gecko; compatible; ClaudeBot/1.0; +claudebot@anthropic.com)"
57.141.0.3 - - [20/Dec/2025:00:34:34 +0000] "GET /2025/03/07/page/6/?fileloc=//sys/class/pci_bus/0000:05/subsystem/0000:06/subsystem/0000:0b/subsystem/0000:11/subsystem/0000:09/power/control&path=//sys/class/pci_bus/0000:05/subsystem/0000:06/subsystem/0000:0b/subsystem/0000:11/subsystem/0000:09/power HTTP/1.1" 200 276788 "-" "meta-externalagent/1.1 (+https://developers.facebook.com/docs/sharing/webmasters/crawler)"
216.73.216.56 - - [20/Dec/2025:00:34:35 +0000] "GET /entity/315904633.htm HTTP/1.1" 301 7281 "-" "Mozilla/5.0 AppleWebKit/537.36 (KHTML, like Gecko; compatible; ClaudeBot/1.0; +claudebot@anthropic.com)"
216.73.216.56 - - [20/Dec/2025:00:34:36 +0000] "GET /entity/315904633.htm/ HTTP/1.1" 200 52143 "https://datainsightnow.com/entity/315904633.htm" "Mozilla/5.0 AppleWebKit/537.36 (KHTML, like Gecko; compatible; ClaudeBot/1.0; +claudebot@anthropic.com)"
216.73.216.56 - - [20/Dec/2025:00:34:38 +0000] "GET /entity/315835996.htm HTTP/1.1" 301 7275 "-" "Mozilla/5.0 AppleWebKit/537.36 (KHTML, like Gecko; compatible; ClaudeBot/1.0; +claudebot@anthropic.com)"
216.73.216.56 - - [20/Dec/2025:00:34:39 +0000] "GET /entity/315835996.htm/ HTTP/1.1" 200 52143 "https://datainsightnow.com/entity/315835996.htm" "Mozilla/5.0 AppleWebKit/537.36 (KHTML, like Gecko; compatible; ClaudeBot/1.0; +claudebot@anthropic.com)"
66.249.69.1 - - [20/Dec/2025:00:34:41 +0000] "GET /?fileloc=/opt/wpsites/datacloudnow.com/wp-content/plugins/salient-social/includes/admin/nectar-love.php?entity/16142438.htm HTTP/1.1" 200 31656 "-" "Mozilla/5.0 (Linux; Android 6.0.1; Nexus 5X Build/MMB29P) AppleWebKit/537.36 (KHTML, like Gecko) Chrome/141.0.7390.122 Mobile Safari/537.36 (compatible; Googlebot/2.1; +http://www.google.com/bot.html)"
57.141.0.75 - - [20/Dec/2025:00:34:43 +0000] "GET /karamba-spielsaal-erfahrungen-angeschlossen-testbericht-werfen-sie-einen-blick-auf-den-link-within-2025-pro-teutonia/?path=//sys/class/pci_bus/0000:05/device/driver/0000:00:02.0/0000:00:02.0:pcie002/driver/0000:00:03.4:pcie002/subsystem HTTP/1.1" 200 276740 "-" "meta-externalagent/1.1 (+https://developers.facebook.com/docs/sharing/webmasters/crawler)"
216.73.216.56 - - [20/Dec/2025:00:34:43 +0000] "GET /entity/315758555.htm HTTP/1.1" 301 7281 "-" "Mozilla/5.0 AppleWebKit/537.36 (KHTML, like Gecko; compatible; ClaudeBot/1.0; +claudebot@anthropic.com)"
216.73.216.56 - - [20/Dec/2025:00:34:44 +0000] "GET /entity/315758555.htm/ HTTP/1.1" 200 52143 "https://datainsightnow.com/entity/315758555.htm" "Mozilla/5.0 AppleWebKit/537.36 (KHTML, like Gecko; compatible; ClaudeBot/1.0; +claudebot@anthropic.com)"
216.73.216.56 - - [20/Dec/2025:00:34:45 +0000] "GET /entity/315914479.htm HTTP/1.1" 301 7281 "-" "Mozilla/5.0 AppleWebKit/537.36 (KHTML, like Gecko; compatible; ClaudeBot/1.0; +claudebot@anthropic.com)"
216.73.216.56 - - [20/Dec/2025:00:34:47 +0000] "GET /entity/315914479.htm/ HTTP/1.1" 200 52143 "https://datainsightnow.com/entity/315914479.htm" "Mozilla/5.0 AppleWebKit/537.36 (KHTML, like Gecko; compatible; ClaudeBot/1.0; +claudebot@anthropic.com)"
185.191.171.19 - - [20/Dec/2025:00:34:48 +0000] "GET /?p=14533 HTTP/1.1" 200 48134 "-" "Mozilla/5.0 (compatible; SemrushBot/7~bl; +http://www.semrush.com/bot.html)"
216.73.216.56 - - [20/Dec/2025:00:34:48 +0000] "GET /entity/315885461.htm HTTP/1.1" 301 7281 "-" "Mozilla/5.0 AppleWebKit/537.36 (KHTML, like Gecko; compatible; ClaudeBot/1.0; +claudebot@anthropic.com)"
216.73.216.56 - - [20/Dec/2025:00:34:49 +0000] "GET /entity/315885461.htm/ HTTP/1.1" 200 52143 "https://datainsightnow.com/entity/315885461.htm" "Mozilla/5.0 AppleWebKit/537.36 (KHTML, like Gecko; compatible; ClaudeBot/1.0; +claudebot@anthropic.com)"
66.135.21.75 - - [20/Dec/2025:00:34:52 +0000] "POST /wp-cron.php?doing_wp_cron=1766190891.0615251064300537109375 HTTP/1.1" 499 0 "-" "WordPress/6.3.1; https://datainsightnow.com"
57.141.0.28 - - [20/Dec/2025:00:34:52 +0000] "GET /karamba-spielsaal-erfahrungen-angeschlossen-testbericht-werfen-sie-einen-blick-auf-den-link-within-2025-pro-teutonia/?fileloc=//sys/class/pci_bus/0000:06/subsystem/0000:00/subsystem/0000:12/device/driver/0000:00:02.1/driver/0000:00:02.0/enable&path=//sys/class/pci_bus/0000:06/subsystem/0000:00/subsystem/0000:12/device/driver/0000:00:02.1/driver/0000:00:02.0 HTTP/1.1" 200 276733 "-" "meta-externalagent/1.1 (+https://developers.facebook.com/docs/sharing/webmasters/crawler)"
216.73.216.56 - - [20/Dec/2025:00:34:53 +0000] "GET /entity/315847392.htm HTTP/1.1" 301 7281 "-" "Mozilla/5.0 AppleWebKit/537.36 (KHTML, like Gecko; compatible; ClaudeBot/1.0; +claudebot@anthropic.com)"
216.73.216.56 - - [20/Dec/2025:00:34:53 +0000] "GET /entity/315847392.htm/ HTTP/1.1" 200 52143 "https://datainsightnow.com/entity/315847392.htm" "Mozilla/5.0 AppleWebKit/537.36 (KHTML, like Gecko; compatible; ClaudeBot/1.0; +claudebot@anthropic.com)"
65.21.31.180 - - [20/Dec/2025:00:34:54 +0000] "HEAD / HTTP/1.1" 200 0 "-" "FindFiles.net/1.0 (compatible; +https://findfiles.net/bot)"
216.73.216.56 - - [20/Dec/2025:00:34:54 +0000] "GET /entity/315839104.htm HTTP/1.1" 301 7275 "-" "Mozilla/5.0 AppleWebKit/537.36 (KHTML, like Gecko; compatible; ClaudeBot/1.0; +claudebot@anthropic.com)"
216.73.216.56 - - [20/Dec/2025:00:34:55 +0000] "GET /entity/315839104.htm/ HTTP/1.1" 200 52143 "https://datainsightnow.com/entity/315839104.htm" "Mozilla/5.0 AppleWebKit/537.36 (KHTML, like Gecko; compatible; ClaudeBot/1.0; +claudebot@anthropic.com)"
40.77.167.16 - - [20/Dec/2025:00:34:57 +0000] "GET /209131626?entity=0208324426 HTTP/1.1" 200 34263 "-" "Mozilla/5.0 AppleWebKit/537.36 (KHTML, like Gecko; compatible; bingbot/2.0; +http://www.bing.com/bingbot.htm) Chrome/116.0.1938.76 Safari/537.36"
216.73.216.56 - - [20/Dec/2025:00:34:57 +0000] "GET /entity/315920685.htm HTTP/1.1" 301 7275 "-" "Mozilla/5.0 AppleWebKit/537.36 (KHTML, like Gecko; compatible; ClaudeBot/1.0; +claudebot@anthropic.com)"
216.73.216.56 - - [20/Dec/2025:00:34:58 +0000] "GET /entity/315920685.htm/ HTTP/1.1" 200 52143 "https://datainsightnow.com/entity/315920685.htm" "Mozilla/5.0 AppleWebKit/537.36 (KHTML, like Gecko; compatible; ClaudeBot/1.0; +claudebot@anthropic.com)"
57.141.0.39 - - [20/Dec/2025:00:34:59 +0000] "GET /karamba-spielsaal-erfahrungen-angeschlossen-testbericht-werfen-sie-einen-blick-auf-den-link-within-2025-pro-teutonia/?fileloc=//sys/class/pci_bus/0000:06/subsystem/0000:01/subsystem/0000:06/device/firmware_node/subsystem/devices/device:03/physical_node/power/async&path=//sys/class/pci_bus/0000:06/subsystem/0000:01/subsystem/0000:06/device/firmware_node/subsystem/devices/device:03/physical_node/power HTTP/1.1" 200 276788 "-" "meta-externalagent/1.1 (+https://developers.facebook.com/docs/sharing/webmasters/crawler)"
216.73.216.56 - - [20/Dec/2025:00:35:00 +0000] "GET /entity/315826670.htm HTTP/1.1" 301 7275 "-" "Mozilla/5.0 AppleWebKit/537.36 (KHTML, like Gecko; compatible; ClaudeBot/1.0; +claudebot@anthropic.com)"
216.73.216.56 - - [20/Dec/2025:00:35:01 +0000] "GET /entity/315826670.htm/ HTTP/1.1" 200 52143 "https://datainsightnow.com/entity/315826670.htm" "Mozilla/5.0 AppleWebKit/537.36 (KHTML, like Gecko; compatible; ClaudeBot/1.0; +claudebot@anthropic.com)"
216.73.216.56 - - [20/Dec/2025:00:35:03 +0000] "GET /entity/315771762.htm HTTP/1.1" 301 7275 "-" "Mozilla/5.0 AppleWebKit/537.36 (KHTML, like Gecko; compatible; ClaudeBot/1.0; +claudebot@anthropic.com)"
216.73.216.56 - - [20/Dec/2025:00:35:04 +0000] "GET /entity/315771762.htm/ HTTP/1.1" 200 52143 "https://datainsightnow.com/entity/315771762.htm" "Mozilla/5.0 AppleWebKit/537.36 (KHTML, like Gecko; compatible; ClaudeBot/1.0; +claudebot@anthropic.com)"
