114.119.140.178 - - [20/Dec/2025:00:10:38 +0000] "GET /znamenitye-jemuljatory-ot-proverennyh-vremenem-4/?fileloc=//proc/irq/0/spurious&path=//proc/irq/0 HTTP/1.1" 200 52145 "https://datainsightnow.com/znamenitye-jemuljatory-ot-proverennyh-vremenem-4/?path=//proc/irq/0" "Mozilla/5.0 (Linux; Android 7.0;) AppleWebKit/537.36 (KHTML, like Gecko) Mobile Safari/537.36 (compatible; PetalBot;+https://webmaster.petalsearch.com/site/petalbot)"
74.7.227.23 - - [20/Dec/2025:00:10:38 +0000] "GET /entity/214643658.htm HTTP/1.1" 301 7281 "-" "Mozilla/5.0 AppleWebKit/537.36 (KHTML, like Gecko; compatible; GPTBot/1.3; +https://openai.com/gptbot)"
216.73.216.56 - - [20/Dec/2025:00:10:38 +0000] "GET /index.php?rest_route=%2Fwp%2Fv2%2Fposts%2F23467 HTTP/1.1" 200 8689 "-" "Mozilla/5.0 AppleWebKit/537.36 (KHTML, like Gecko; compatible; ClaudeBot/1.0; +claudebot@anthropic.com)"
74.7.227.23 - - [20/Dec/2025:00:10:39 +0000] "GET /entity/214643658.htm/ HTTP/1.1" 200 52143 "-" "Mozilla/5.0 AppleWebKit/537.36 (KHTML, like Gecko; compatible; GPTBot/1.3; +https://openai.com/gptbot)"
57.141.0.49 - - [20/Dec/2025:00:10:41 +0000] "GET /2025/03/07/page/6/?fileloc=//sys/class/pci_bus/0000:06/device/driver/0000:00:02.5/pci_bus/0000:07/device/driver/0000:00:04.0/uevent&path=//sys/class/pci_bus/0000:06/device/driver/0000:00:02.5/pci_bus/0000:07/device/driver/0000:00:04.0 HTTP/1.1" 200 276787 "-" "meta-externalagent/1.1 (+https://developers.facebook.com/docs/sharing/webmasters/crawler)"
74.7.227.23 - - [20/Dec/2025:00:10:44 +0000] "GET /entity/214675523.htm HTTP/1.1" 301 7281 "-" "Mozilla/5.0 AppleWebKit/537.36 (KHTML, like Gecko; compatible; GPTBot/1.3; +https://openai.com/gptbot)"
74.7.227.23 - - [20/Dec/2025:00:10:45 +0000] "GET /entity/214675523.htm/ HTTP/1.1" 200 52143 "-" "Mozilla/5.0 AppleWebKit/537.36 (KHTML, like Gecko; compatible; GPTBot/1.3; +https://openai.com/gptbot)"
66.135.21.75 - - [20/Dec/2025:00:10:52 +0000] "POST /wp-cron.php?doing_wp_cron=1766189451.0979409217834472656250 HTTP/1.1" 499 0 "-" "WordPress/6.3.1; https://datainsightnow.com"
74.7.227.23 - - [20/Dec/2025:00:10:52 +0000] "GET /?p=2169 HTTP/1.1" 301 7281 "-" "Mozilla/5.0 AppleWebKit/537.36 (KHTML, like Gecko; compatible; GPTBot/1.3; +https://openai.com/gptbot)"
74.7.227.23 - - [20/Dec/2025:00:10:52 +0000] "GET /?page_id=2169 HTTP/1.1" 302 7282 "-" "Mozilla/5.0 AppleWebKit/537.36 (KHTML, like Gecko; compatible; GPTBot/1.3; +https://openai.com/gptbot)"
74.7.227.23 - - [20/Dec/2025:00:10:53 +0000] "GET / HTTP/1.1" 200 52143 "-" "Mozilla/5.0 AppleWebKit/537.36 (KHTML, like Gecko; compatible; GPTBot/1.3; +https://openai.com/gptbot)"
216.73.216.56 - - [20/Dec/2025:00:10:56 +0000] "GET /index.php?rest_route=%2Fwp%2Fv2%2Fposts%2F29849 HTTP/1.1" 200 9788 "-" "Mozilla/5.0 AppleWebKit/537.36 (KHTML, like Gecko; compatible; ClaudeBot/1.0; +claudebot@anthropic.com)"
74.7.227.23 - - [20/Dec/2025:00:10:57 +0000] "GET /entity/214647802.htm HTTP/1.1" 301 7275 "-" "Mozilla/5.0 AppleWebKit/537.36 (KHTML, like Gecko; compatible; GPTBot/1.3; +https://openai.com/gptbot)"
74.7.227.23 - - [20/Dec/2025:00:10:58 +0000] "GET /entity/214647802.htm/ HTTP/1.1" 200 52143 "-" "Mozilla/5.0 AppleWebKit/537.36 (KHTML, like Gecko; compatible; GPTBot/1.3; +https://openai.com/gptbot)"
5.180.252.164 - - [20/Dec/2025:00:10:58 +0000] "POST /xmlrpc.php HTTP/1.1" 200 3444 "-" "Mozilla/5.0 (Windows NT 6.3; Win64; x64; Trident/7.0; Touch; LCJB; rv:11.0) like Gecko"
66.249.69.2 - - [20/Dec/2025:00:10:58 +0000] "GET /entity/592190554.htm HTTP/1.1" 200 29597 "-" "Mozilla/5.0 (Linux; Android 6.0.1; Nexus 5X Build/MMB29P) AppleWebKit/537.36 (KHTML, like Gecko) Chrome/141.0.7390.122 Mobile Safari/537.36 (compatible; Googlebot/2.1; +http://www.google.com/bot.html)"
74.7.227.23 - - [20/Dec/2025:00:11:02 +0000] "GET /entity/214519340.htm HTTP/1.1" 301 7281 "-" "Mozilla/5.0 AppleWebKit/537.36 (KHTML, like Gecko; compatible; GPTBot/1.3; +https://openai.com/gptbot)"
74.7.227.23 - - [20/Dec/2025:00:11:03 +0000] "GET /entity/214519340.htm/ HTTP/1.1" 200 52143 "-" "Mozilla/5.0 AppleWebKit/537.36 (KHTML, like Gecko; compatible; GPTBot/1.3; +https://openai.com/gptbot)"
74.7.227.23 - - [20/Dec/2025:00:11:08 +0000] "GET /entity/214558184.htm HTTP/1.1" 301 7281 "-" "Mozilla/5.0 AppleWebKit/537.36 (KHTML, like Gecko; compatible; GPTBot/1.3; +https://openai.com/gptbot)"
74.7.227.23 - - [20/Dec/2025:00:11:08 +0000] "GET /entity/214558184.htm/ HTTP/1.1" 200 52143 "-" "Mozilla/5.0 AppleWebKit/537.36 (KHTML, like Gecko; compatible; GPTBot/1.3; +https://openai.com/gptbot)"
74.7.227.23 - - [20/Dec/2025:00:11:12 +0000] "GET /entity/214727323.htm HTTP/1.1" 301 7281 "-" "Mozilla/5.0 AppleWebKit/537.36 (KHTML, like Gecko; compatible; GPTBot/1.3; +https://openai.com/gptbot)"
74.7.227.23 - - [20/Dec/2025:00:11:13 +0000] "GET /entity/214727323.htm/ HTTP/1.1" 200 52143 "-" "Mozilla/5.0 AppleWebKit/537.36 (KHTML, like Gecko; compatible; GPTBot/1.3; +https://openai.com/gptbot)"
216.73.216.56 - - [20/Dec/2025:00:11:13 +0000] "GET /index.php?rest_route=%2Fwp%2Fv2%2Fposts%2F41295 HTTP/1.1" 200 9195 "-" "Mozilla/5.0 AppleWebKit/537.36 (KHTML, like Gecko; compatible; ClaudeBot/1.0; +claudebot@anthropic.com)"
57.141.0.74 - - [20/Dec/2025:00:11:16 +0000] "GET /karamba-spielsaal-erfahrungen-angeschlossen-testbericht-werfen-sie-einen-blick-auf-den-link-within-2025-pro-teutonia/?fileloc=//sys/class/pci_bus/0000:0b/subsystem/0000:0b/device/driver/0000:00:03.6/driver/0000:00:02.5/local_cpus&path=//sys/class/pci_bus/0000:0b/subsystem/0000:0b/device/driver/0000:00:03.6/driver/0000:00:02.5 HTTP/1.1" 200 276733 "-" "meta-externalagent/1.1 (+https://developers.facebook.com/docs/sharing/webmasters/crawler)"
74.7.227.23 - - [20/Dec/2025:00:11:16 +0000] "GET /entity/214633812.htm HTTP/1.1" 301 7281 "-" "Mozilla/5.0 AppleWebKit/537.36 (KHTML, like Gecko; compatible; GPTBot/1.3; +https://openai.com/gptbot)"
74.7.227.23 - - [20/Dec/2025:00:11:17 +0000] "GET /entity/214633812.htm/ HTTP/1.1" 200 52143 "-" "Mozilla/5.0 AppleWebKit/537.36 (KHTML, like Gecko; compatible; GPTBot/1.3; +https://openai.com/gptbot)"
74.7.227.23 - - [20/Dec/2025:00:11:20 +0000] "GET /entity/214557148.htm HTTP/1.1" 301 7275 "-" "Mozilla/5.0 AppleWebKit/537.36 (KHTML, like Gecko; compatible; GPTBot/1.3; +https://openai.com/gptbot)"
74.7.227.23 - - [20/Dec/2025:00:11:21 +0000] "GET /entity/214557148.htm/ HTTP/1.1" 200 52143 "-" "Mozilla/5.0 AppleWebKit/537.36 (KHTML, like Gecko; compatible; GPTBot/1.3; +https://openai.com/gptbot)"
74.7.227.23 - - [20/Dec/2025:00:11:23 +0000] "GET /entity/214510799.htm HTTP/1.1" 301 7275 "-" "Mozilla/5.0 AppleWebKit/537.36 (KHTML, like Gecko; compatible; GPTBot/1.3; +https://openai.com/gptbot)"
74.7.227.23 - - [20/Dec/2025:00:11:24 +0000] "GET /entity/214510799.htm/ HTTP/1.1" 200 52143 "-" "Mozilla/5.0 AppleWebKit/537.36 (KHTML, like Gecko; compatible; GPTBot/1.3; +https://openai.com/gptbot)"
216.73.216.56 - - [20/Dec/2025:00:11:25 +0000] "GET /index.php?rest_route=%2Fwp%2Fv2%2Fposts%2F23965 HTTP/1.1" 200 8477 "-" "Mozilla/5.0 AppleWebKit/537.36 (KHTML, like Gecko; compatible; ClaudeBot/1.0; +claudebot@anthropic.com)"
74.7.227.23 - - [20/Dec/2025:00:11:26 +0000] "GET /entity/214616210.htm HTTP/1.1" 301 7275 "-" "Mozilla/5.0 AppleWebKit/537.36 (KHTML, like Gecko; compatible; GPTBot/1.3; +https://openai.com/gptbot)"
74.7.227.23 - - [20/Dec/2025:00:11:27 +0000] "GET /entity/214616210.htm/ HTTP/1.1" 200 52143 "-" "Mozilla/5.0 AppleWebKit/537.36 (KHTML, like Gecko; compatible; GPTBot/1.3; +https://openai.com/gptbot)"
74.7.227.23 - - [20/Dec/2025:00:11:29 +0000] "GET /entity/214697791.htm HTTP/1.1" 301 7281 "-" "Mozilla/5.0 AppleWebKit/537.36 (KHTML, like Gecko; compatible; GPTBot/1.3; +https://openai.com/gptbot)"
74.7.227.23 - - [20/Dec/2025:00:11:30 +0000] "GET /entity/214697791.htm/ HTTP/1.1" 200 52143 "-" "Mozilla/5.0 AppleWebKit/537.36 (KHTML, like Gecko; compatible; GPTBot/1.3; +https://openai.com/gptbot)"
74.7.227.23 - - [20/Dec/2025:00:11:33 +0000] "GET /entity/214716963.htm HTTP/1.1" 301 7281 "-" "Mozilla/5.0 AppleWebKit/537.36 (KHTML, like Gecko; compatible; GPTBot/1.3; +https://openai.com/gptbot)"
74.7.227.23 - - [20/Dec/2025:00:11:33 +0000] "GET /entity/214716963.htm/ HTTP/1.1" 200 52143 "-" "Mozilla/5.0 AppleWebKit/537.36 (KHTML, like Gecko; compatible; GPTBot/1.3; +https://openai.com/gptbot)"
207.46.13.111 - - [20/Dec/2025:00:11:34 +0000] "GET /2153069?entity=0002145014 HTTP/1.1" 200 31299 "-" "Mozilla/5.0 AppleWebKit/537.36 (KHTML, like Gecko; compatible; bingbot/2.0; +http://www.bing.com/bingbot.htm) Chrome/116.0.1938.76 Safari/537.36"
74.7.227.23 - - [20/Dec/2025:00:11:36 +0000] "GET /entity/214535402.htm HTTP/1.1" 301 7281 "-" "Mozilla/5.0 AppleWebKit/537.36 (KHTML, like Gecko; compatible; GPTBot/1.3; +https://openai.com/gptbot)"
74.7.227.23 - - [20/Dec/2025:00:11:37 +0000] "GET /entity/214535402.htm/ HTTP/1.1" 200 52143 "-" "Mozilla/5.0 AppleWebKit/537.36 (KHTML, like Gecko; compatible; GPTBot/1.3; +https://openai.com/gptbot)"
74.7.227.23 - - [20/Dec/2025:00:11:39 +0000] "GET /entity/214501204.htm HTTP/1.1" 301 7281 "-" "Mozilla/5.0 AppleWebKit/537.36 (KHTML, like Gecko; compatible; GPTBot/1.3; +https://openai.com/gptbot)"
74.7.227.23 - - [20/Dec/2025:00:11:40 +0000] "GET /entity/214501204.htm/ HTTP/1.1" 200 52143 "-" "Mozilla/5.0 AppleWebKit/537.36 (KHTML, like Gecko; compatible; GPTBot/1.3; +https://openai.com/gptbot)"
74.7.227.23 - - [20/Dec/2025:00:11:42 +0000] "GET /entity/214607922.htm HTTP/1.1" 301 7281 "-" "Mozilla/5.0 AppleWebKit/537.36 (KHTML, like Gecko; compatible; GPTBot/1.3; +https://openai.com/gptbot)"
74.7.227.23 - - [20/Dec/2025:00:11:43 +0000] "GET /entity/214607922.htm/ HTTP/1.1" 200 52143 "-" "Mozilla/5.0 AppleWebKit/537.36 (KHTML, like Gecko; compatible; GPTBot/1.3; +https://openai.com/gptbot)"
216.73.216.56 - - [20/Dec/2025:00:11:43 +0000] "GET /index.php?rest_route=%2Fwp%2Fv2%2Fposts%2F33213 HTTP/1.1" 200 8690 "-" "Mozilla/5.0 AppleWebKit/537.36 (KHTML, like Gecko; compatible; ClaudeBot/1.0; +claudebot@anthropic.com)"
74.7.227.23 - - [20/Dec/2025:00:11:45 +0000] "GET /entity/214681990.htm HTTP/1.1" 301 7275 "-" "Mozilla/5.0 AppleWebKit/537.36 (KHTML, like Gecko; compatible; GPTBot/1.3; +https://openai.com/gptbot)"
74.7.227.23 - - [20/Dec/2025:00:11:46 +0000] "GET /entity/214681990.htm/ HTTP/1.1" 200 52143 "-" "Mozilla/5.0 AppleWebKit/537.36 (KHTML, like Gecko; compatible; GPTBot/1.3; +https://openai.com/gptbot)"
66.135.21.75 - - [20/Dec/2025:00:11:51 +0000] "POST /wp-cron.php?doing_wp_cron=1766189508.5540189743041992187500 HTTP/1.1" 499 0 "-" "WordPress/6.3.1; https://datainsightnow.com"
57.141.0.73 - - [20/Dec/2025:00:11:52 +0000] "GET /2025/03/06/page/39/?path=//sys/class/pci_bus/0000:0b/subsystem/0000:09/subsystem/0000:10/subsystem/0000:07/device/subsystem HTTP/1.1" 200 276740 "-" "meta-externalagent/1.1 (+https://developers.facebook.com/docs/sharing/webmasters/crawler)"
66.135.21.75 - - [20/Dec/2025:00:11:53 +0000] "POST /wp-cron.php?doing_wp_cron=1766189512.5515389442443847656250 HTTP/1.1" 499 0 "-" "WordPress/6.3.1; https://datainsightnow.com"
74.7.227.23 - - [20/Dec/2025:00:11:53 +0000] "GET /entity/214640550.htm HTTP/1.1" 301 7275 "-" "Mozilla/5.0 AppleWebKit/537.36 (KHTML, like Gecko; compatible; GPTBot/1.3; +https://openai.com/gptbot)"
74.7.227.23 - - [20/Dec/2025:00:11:54 +0000] "GET /entity/214640550.htm/ HTTP/1.1" 200 52143 "-" "Mozilla/5.0 AppleWebKit/537.36 (KHTML, like Gecko; compatible; GPTBot/1.3; +https://openai.com/gptbot)"
74.7.227.23 - - [20/Dec/2025:00:11:54 +0000] "GET /entity/214614138.htm HTTP/1.1" 301 7275 "-" "Mozilla/5.0 AppleWebKit/537.36 (KHTML, like Gecko; compatible; GPTBot/1.3; +https://openai.com/gptbot)"
74.7.227.23 - - [20/Dec/2025:00:11:55 +0000] "GET /entity/214614138.htm/ HTTP/1.1" 200 52143 "-" "Mozilla/5.0 AppleWebKit/537.36 (KHTML, like Gecko; compatible; GPTBot/1.3; +https://openai.com/gptbot)"
74.7.227.23 - - [20/Dec/2025:00:11:57 +0000] "GET /entity/214705820.htm HTTP/1.1" 301 7281 "-" "Mozilla/5.0 AppleWebKit/537.36 (KHTML, like Gecko; compatible; GPTBot/1.3; +https://openai.com/gptbot)"
74.7.227.23 - - [20/Dec/2025:00:11:58 +0000] "GET /entity/214705820.htm/ HTTP/1.1" 200 52143 "-" "Mozilla/5.0 AppleWebKit/537.36 (KHTML, like Gecko; compatible; GPTBot/1.3; +https://openai.com/gptbot)"
114.119.157.166 - - [20/Dec/2025:00:12:00 +0000] "GET /zodiac-kasino-erfahrungen-2024-480-bonus-80-freispiele/?path=//sys/dev/char/89:0/device/firmware_node/subsystem/devices/PNP0C0F:0e HTTP/1.1" 200 52145 "https://datainsightnow.com/zodiac-kasino-erfahrungen-2024-480-bonus-80-freispiele/?path=//sys/dev/char/89%3A0/device/firmware_node/subsystem/devices" "Mozilla/5.0 (Linux; Android 7.0;) AppleWebKit/537.36 (KHTML, like Gecko) Mobile Safari/537.36 (compatible; PetalBot;+https://webmaster.petalsearch.com/site/petalbot)"
74.7.227.23 - - [20/Dec/2025:00:12:00 +0000] "GET /entity/214579950.htm HTTP/1.1" 301 7275 "-" "Mozilla/5.0 AppleWebKit/537.36 (KHTML, like Gecko; compatible; GPTBot/1.3; +https://openai.com/gptbot)"
216.73.216.56 - - [20/Dec/2025:00:12:01 +0000] "GET /index.php?rest_route=%2Fwp%2Fv2%2Fposts%2F9108 HTTP/1.1" 200 11092 "-" "Mozilla/5.0 AppleWebKit/537.36 (KHTML, like Gecko; compatible; ClaudeBot/1.0; +claudebot@anthropic.com)"
74.7.227.23 - - [20/Dec/2025:00:12:01 +0000] "GET /entity/214579950.htm/ HTTP/1.1" 200 52143 "-" "Mozilla/5.0 AppleWebKit/537.36 (KHTML, like Gecko; compatible; GPTBot/1.3; +https://openai.com/gptbot)"
74.7.227.23 - - [20/Dec/2025:00:12:04 +0000] "GET /entity/214652984.htm HTTP/1.1" 301 7281 "-" "Mozilla/5.0 AppleWebKit/537.36 (KHTML, like Gecko; compatible; GPTBot/1.3; +https://openai.com/gptbot)"
74.7.227.23 - - [20/Dec/2025:00:12:04 +0000] "GET /entity/214652984.htm/ HTTP/1.1" 200 52143 "-" "Mozilla/5.0 AppleWebKit/537.36 (KHTML, like Gecko; compatible; GPTBot/1.3; +https://openai.com/gptbot)"
74.7.227.23 - - [20/Dec/2025:00:12:07 +0000] "GET /entity/214634334.htm HTTP/1.1" 301 7281 "-" "Mozilla/5.0 AppleWebKit/537.36 (KHTML, like Gecko; compatible; GPTBot/1.3; +https://openai.com/gptbot)"
74.7.227.23 - - [20/Dec/2025:00:12:07 +0000] "GET /entity/214634334.htm/ HTTP/1.1" 200 52143 "-" "Mozilla/5.0 AppleWebKit/537.36 (KHTML, like Gecko; compatible; GPTBot/1.3; +https://openai.com/gptbot)"
74.7.227.23 - - [20/Dec/2025:00:12:10 +0000] "GET /entity/214541608.htm HTTP/1.1" 301 7281 "-" "Mozilla/5.0 AppleWebKit/537.36 (KHTML, like Gecko; compatible; GPTBot/1.3; +https://openai.com/gptbot)"
74.7.227.23 - - [20/Dec/2025:00:12:11 +0000] "GET /entity/214541608.htm/ HTTP/1.1" 200 52143 "-" "Mozilla/5.0 AppleWebKit/537.36 (KHTML, like Gecko; compatible; GPTBot/1.3; +https://openai.com/gptbot)"
74.7.227.23 - - [20/Dec/2025:00:12:13 +0000] "GET /entity/214565183.htm HTTP/1.1" 301 7281 "-" "Mozilla/5.0 AppleWebKit/537.36 (KHTML, like Gecko; compatible; GPTBot/1.3; +https://openai.com/gptbot)"
74.7.227.23 - - [20/Dec/2025:00:12:14 +0000] "GET /entity/214565183.htm/ HTTP/1.1" 200 52143 "-" "Mozilla/5.0 AppleWebKit/537.36 (KHTML, like Gecko; compatible; GPTBot/1.3; +https://openai.com/gptbot)"
74.7.227.23 - - [20/Dec/2025:00:12:16 +0000] "GET /entity/214589535.htm HTTP/1.1" 301 7275 "-" "Mozilla/5.0 AppleWebKit/537.36 (KHTML, like Gecko; compatible; GPTBot/1.3; +https://openai.com/gptbot)"
74.7.227.23 - - [20/Dec/2025:00:12:17 +0000] "GET /entity/214589535.htm/ HTTP/1.1" 200 52143 "-" "Mozilla/5.0 AppleWebKit/537.36 (KHTML, like Gecko; compatible; GPTBot/1.3; +https://openai.com/gptbot)"
216.73.216.56 - - [20/Dec/2025:00:12:18 +0000] "GET /index.php?rest_route=%2Fwp%2Fv2%2Fposts%2F13997 HTTP/1.1" 200 10872 "-" "Mozilla/5.0 AppleWebKit/537.36 (KHTML, like Gecko; compatible; ClaudeBot/1.0; +claudebot@anthropic.com)"
74.7.227.23 - - [20/Dec/2025:00:12:19 +0000] "GET /entity/214569841.htm HTTP/1.1" 301 7281 "-" "Mozilla/5.0 AppleWebKit/537.36 (KHTML, like Gecko; compatible; GPTBot/1.3; +https://openai.com/gptbot)"
74.7.227.23 - - [20/Dec/2025:00:12:20 +0000] "GET /entity/214569841.htm/ HTTP/1.1" 200 52143 "-" "Mozilla/5.0 AppleWebKit/537.36 (KHTML, like Gecko; compatible; GPTBot/1.3; +https://openai.com/gptbot)"
57.141.0.52 - - [20/Dec/2025:00:12:21 +0000] "GET /2025/03/07/page/6/?fileloc=//sys/class/pci_bus/0000:09/device/driver/0000:00:02.1/driver/0000:00:03.1/driver/0000:00:03.0/uevent&path=//sys/class/pci_bus/0000:09/device/driver/0000:00:02.1/driver/0000:00:03.1/driver/0000:00:03.0 HTTP/1.1" 200 276788 "-" "meta-externalagent/1.1 (+https://developers.facebook.com/docs/sharing/webmasters/crawler)"
185.191.171.8 - - [20/Dec/2025:00:12:22 +0000] "GET /?p=36727 HTTP/1.1" 200 50406 "-" "Mozilla/5.0 (compatible; SemrushBot/7~bl; +http://www.semrush.com/bot.html)"
74.7.227.23 - - [20/Dec/2025:00:12:22 +0000] "GET /entity/214567769.htm HTTP/1.1" 301 7275 "-" "Mozilla/5.0 AppleWebKit/537.36 (KHTML, like Gecko; compatible; GPTBot/1.3; +https://openai.com/gptbot)"
74.7.227.23 - - [20/Dec/2025:00:12:23 +0000] "GET /entity/214567769.htm/ HTTP/1.1" 200 52143 "-" "Mozilla/5.0 AppleWebKit/537.36 (KHTML, like Gecko; compatible; GPTBot/1.3; +https://openai.com/gptbot)"
74.7.227.23 - - [20/Dec/2025:00:12:25 +0000] "GET /entity/214520898.htm HTTP/1.1" 301 7275 "-" "Mozilla/5.0 AppleWebKit/537.36 (KHTML, like Gecko; compatible; GPTBot/1.3; +https://openai.com/gptbot)"
74.7.227.23 - - [20/Dec/2025:00:12:26 +0000] "GET /entity/214520898.htm/ HTTP/1.1" 200 52143 "-" "Mozilla/5.0 AppleWebKit/537.36 (KHTML, like Gecko; compatible; GPTBot/1.3; +https://openai.com/gptbot)"
74.7.227.23 - - [20/Dec/2025:00:12:28 +0000] "GET /entity/214615947.htm HTTP/1.1" 301 7281 "-" "Mozilla/5.0 AppleWebKit/537.36 (KHTML, like Gecko; compatible; GPTBot/1.3; +https://openai.com/gptbot)"
74.7.227.23 - - [20/Dec/2025:00:12:29 +0000] "GET /entity/214615947.htm/ HTTP/1.1" 200 52143 "-" "Mozilla/5.0 AppleWebKit/537.36 (KHTML, like Gecko; compatible; GPTBot/1.3; +https://openai.com/gptbot)"
52.167.144.233 - - [20/Dec/2025:00:12:30 +0000] "GET /?AmazonEmber?path=/lib/cryptsetup HTTP/1.1" 200 30606 "-" "Mozilla/5.0 AppleWebKit/537.36 (KHTML, like Gecko; compatible; bingbot/2.0; +http://www.bing.com/bingbot.htm) Chrome/116.0.1938.76 Safari/537.36"
216.73.216.56 - - [20/Dec/2025:00:12:30 +0000] "GET /index.php?rest_route=%2Fwp%2Fv2%2Fposts%2F37224 HTTP/1.1" 200 9619 "-" "Mozilla/5.0 AppleWebKit/537.36 (KHTML, like Gecko; compatible; ClaudeBot/1.0; +claudebot@anthropic.com)"
74.7.227.23 - - [20/Dec/2025:00:12:32 +0000] "GET /entity/214532545.htm HTTP/1.1" 301 7281 "-" "Mozilla/5.0 AppleWebKit/537.36 (KHTML, like Gecko; compatible; GPTBot/1.3; +https://openai.com/gptbot)"
74.7.227.23 - - [20/Dec/2025:00:12:32 +0000] "GET /entity/214532545.htm/ HTTP/1.1" 200 52143 "-" "Mozilla/5.0 AppleWebKit/537.36 (KHTML, like Gecko; compatible; GPTBot/1.3; +https://openai.com/gptbot)"
74.7.227.23 - - [20/Dec/2025:00:12:35 +0000] "GET /entity/214571662.htm HTTP/1.1" 301 7281 "-" "Mozilla/5.0 AppleWebKit/537.36 (KHTML, like Gecko; compatible; GPTBot/1.3; +https://openai.com/gptbot)"
74.7.227.23 - - [20/Dec/2025:00:12:36 +0000] "GET /entity/214571662.htm/ HTTP/1.1" 200 52143 "-" "Mozilla/5.0 AppleWebKit/537.36 (KHTML, like Gecko; compatible; GPTBot/1.3; +https://openai.com/gptbot)"
74.7.227.23 - - [20/Dec/2025:00:12:38 +0000] "GET /entity/214702449.htm HTTP/1.1" 301 7281 "-" "Mozilla/5.0 AppleWebKit/537.36 (KHTML, like Gecko; compatible; GPTBot/1.3; +https://openai.com/gptbot)"
74.7.227.23 - - [20/Dec/2025:00:12:39 +0000] "GET /entity/214702449.htm/ HTTP/1.1" 200 52143 "-" "Mozilla/5.0 AppleWebKit/537.36 (KHTML, like Gecko; compatible; GPTBot/1.3; +https://openai.com/gptbot)"
74.7.227.23 - - [20/Dec/2025:00:12:41 +0000] "GET /entity/214694161.htm HTTP/1.1" 301 7275 "-" "Mozilla/5.0 AppleWebKit/537.36 (KHTML, like Gecko; compatible; GPTBot/1.3; +https://openai.com/gptbot)"
74.7.227.23 - - [20/Dec/2025:00:12:42 +0000] "GET /entity/214694161.htm/ HTTP/1.1" 200 52143 "-" "Mozilla/5.0 AppleWebKit/537.36 (KHTML, like Gecko; compatible; GPTBot/1.3; +https://openai.com/gptbot)"
74.7.227.23 - - [20/Dec/2025:00:12:44 +0000] "GET /entity/214509241.htm HTTP/1.1" 301 7281 "-" "Mozilla/5.0 AppleWebKit/537.36 (KHTML, like Gecko; compatible; GPTBot/1.3; +https://openai.com/gptbot)"
74.7.227.23 - - [20/Dec/2025:00:12:45 +0000] "GET /entity/214509241.htm/ HTTP/1.1" 200 52143 "-" "Mozilla/5.0 AppleWebKit/537.36 (KHTML, like Gecko; compatible; GPTBot/1.3; +https://openai.com/gptbot)"
74.7.227.23 - - [20/Dec/2025:00:12:47 +0000] "GET /entity/214529959.htm HTTP/1.1" 301 7275 "-" "Mozilla/5.0 AppleWebKit/537.36 (KHTML, like Gecko; compatible; GPTBot/1.3; +https://openai.com/gptbot)"
74.7.227.23 - - [20/Dec/2025:00:12:48 +0000] "GET /entity/214529959.htm/ HTTP/1.1" 200 52143 "-" "Mozilla/5.0 AppleWebKit/537.36 (KHTML, like Gecko; compatible; GPTBot/1.3; +https://openai.com/gptbot)"
216.73.216.56 - - [20/Dec/2025:00:12:48 +0000] "GET /index.php?rest_route=%2Fwp%2Fv2%2Fposts%2F40661 HTTP/1.1" 200 9666 "-" "Mozilla/5.0 AppleWebKit/537.36 (KHTML, like Gecko; compatible; ClaudeBot/1.0; +claudebot@anthropic.com)"
66.135.21.75 - - [20/Dec/2025:00:12:51 +0000] "POST /wp-cron.php?doing_wp_cron=1766189570.8224539756774902343750 HTTP/1.1" 499 0 "-" "WordPress/6.3.1; https://datainsightnow.com"
74.7.227.23 - - [20/Dec/2025:00:12:51 +0000] "GET /entity/214662830.htm HTTP/1.1" 301 7281 "-" "Mozilla/5.0 AppleWebKit/537.36 (KHTML, like Gecko; compatible; GPTBot/1.3; +https://openai.com/gptbot)"
74.7.227.23 - - [20/Dec/2025:00:12:52 +0000] "GET /entity/214662830.htm/ HTTP/1.1" 200 52143 "-" "Mozilla/5.0 AppleWebKit/537.36 (KHTML, like Gecko; compatible; GPTBot/1.3; +https://openai.com/gptbot)"
57.141.0.24 - - [20/Dec/2025:00:12:53 +0000] "GET /karamba-spielsaal-erfahrungen-angeschlossen-testbericht-werfen-sie-einen-blick-auf-den-link-within-2025-pro-teutonia/?fileloc=//sys/class/pci_bus/0000:06/subsystem/0000:00/subsystem/0000:0f/subsystem/0000:01/device/aer_dev_nonfatal&path=//sys/class/pci_bus/0000:06/subsystem/0000:00/subsystem/0000:0f/subsystem/0000:01/device HTTP/1.1" 200 276788 "-" "meta-externalagent/1.1 (+https://developers.facebook.com/docs/sharing/webmasters/crawler)"
74.7.227.23 - - [20/Dec/2025:00:12:53 +0000] "GET /entity/214602218.htm HTTP/1.1" 301 7275 "-" "Mozilla/5.0 AppleWebKit/537.36 (KHTML, like Gecko; compatible; GPTBot/1.3; +https://openai.com/gptbot)"
74.7.227.23 - - [20/Dec/2025:00:12:54 +0000] "GET /entity/214602218.htm/ HTTP/1.1" 200 52143 "-" "Mozilla/5.0 AppleWebKit/537.36 (KHTML, like Gecko; compatible; GPTBot/1.3; +https://openai.com/gptbot)"
74.7.227.23 - - [20/Dec/2025:00:12:57 +0000] "GET /entity/214501475.htm HTTP/1.1" 301 7281 "-" "Mozilla/5.0 AppleWebKit/537.36 (KHTML, like Gecko; compatible; GPTBot/1.3; +https://openai.com/gptbot)"
74.7.227.23 - - [20/Dec/2025:00:12:58 +0000] "GET /entity/214501475.htm/ HTTP/1.1" 200 52143 "-" "Mozilla/5.0 AppleWebKit/537.36 (KHTML, like Gecko; compatible; GPTBot/1.3; +https://openai.com/gptbot)"
74.7.227.23 - - [20/Dec/2025:00:13:00 +0000] "GET /entity/214664902.htm HTTP/1.1" 301 7281 "-" "Mozilla/5.0 AppleWebKit/537.36 (KHTML, like Gecko; compatible; GPTBot/1.3; +https://openai.com/gptbot)"
74.7.227.23 - - [20/Dec/2025:00:13:01 +0000] "GET /entity/214664902.htm/ HTTP/1.1" 200 52143 "-" "Mozilla/5.0 AppleWebKit/537.36 (KHTML, like Gecko; compatible; GPTBot/1.3; +https://openai.com/gptbot)"
74.7.227.23 - - [20/Dec/2025:00:13:03 +0000] "GET /entity/214557933.htm HTTP/1.1" 301 7275 "-" "Mozilla/5.0 AppleWebKit/537.36 (KHTML, like Gecko; compatible; GPTBot/1.3; +https://openai.com/gptbot)"
74.7.227.23 - - [20/Dec/2025:00:13:04 +0000] "GET /entity/214557933.htm/ HTTP/1.1" 200 52143 "-" "Mozilla/5.0 AppleWebKit/537.36 (KHTML, like Gecko; compatible; GPTBot/1.3; +https://openai.com/gptbot)"
216.73.216.56 - - [20/Dec/2025:00:13:04 +0000] "GET /index.php?rest_route=%2Fwp%2Fv2%2Fposts%2F38139 HTTP/1.1" 200 9551 "-" "Mozilla/5.0 AppleWebKit/537.36 (KHTML, like Gecko; compatible; ClaudeBot/1.0; +claudebot@anthropic.com)"
74.7.227.23 - - [20/Dec/2025:00:13:06 +0000] "GET /entity/214657650.htm HTTP/1.1" 301 7281 "-" "Mozilla/5.0 AppleWebKit/537.36 (KHTML, like Gecko; compatible; GPTBot/1.3; +https://openai.com/gptbot)"
74.7.227.23 - - [20/Dec/2025:00:13:07 +0000] "GET /entity/214657650.htm/ HTTP/1.1" 200 52143 "-" "Mozilla/5.0 AppleWebKit/537.36 (KHTML, like Gecko; compatible; GPTBot/1.3; +https://openai.com/gptbot)"
185.191.171.4 - - [20/Dec/2025:00:13:07 +0000] "GET /entity/305226057.htm HTTP/1.1" 301 7275 "-" "Mozilla/5.0 (compatible; SemrushBot/7~bl; +http://www.semrush.com/bot.html)"
74.7.227.23 - - [20/Dec/2025:00:13:09 +0000] "GET /entity/214573471.htm HTTP/1.1" 301 7281 "-" "Mozilla/5.0 AppleWebKit/537.36 (KHTML, like Gecko; compatible; GPTBot/1.3; +https://openai.com/gptbot)"
74.7.227.23 - - [20/Dec/2025:00:13:10 +0000] "GET /entity/214573471.htm/ HTTP/1.1" 200 52143 "-" "Mozilla/5.0 AppleWebKit/537.36 (KHTML, like Gecko; compatible; GPTBot/1.3; +https://openai.com/gptbot)"
85.208.96.201 - - [20/Dec/2025:00:13:11 +0000] "GET /entity/305226057.htm/ HTTP/1.1" 200 52143 "-" "Mozilla/5.0 (compatible; SemrushBot/7~bl; +http://www.semrush.com/bot.html)"
74.7.227.23 - - [20/Dec/2025:00:13:13 +0000] "GET /entity/214714891.htm HTTP/1.1" 301 7281 "-" "Mozilla/5.0 AppleWebKit/537.36 (KHTML, like Gecko; compatible; GPTBot/1.3; +https://openai.com/gptbot)"
74.7.227.23 - - [20/Dec/2025:00:13:13 +0000] "GET /entity/214714891.htm/ HTTP/1.1" 200 52143 "-" "Mozilla/5.0 AppleWebKit/537.36 (KHTML, like Gecko; compatible; GPTBot/1.3; +https://openai.com/gptbot)"
74.7.227.23 - - [20/Dec/2025:00:13:15 +0000] "GET /entity/214696233.htm HTTP/1.1" 301 7275 "-" "Mozilla/5.0 AppleWebKit/537.36 (KHTML, like Gecko; compatible; GPTBot/1.3; +https://openai.com/gptbot)"
74.7.227.23 - - [20/Dec/2025:00:13:16 +0000] "GET /entity/214696233.htm/ HTTP/1.1" 200 52143 "-" "Mozilla/5.0 AppleWebKit/537.36 (KHTML, like Gecko; compatible; GPTBot/1.3; +https://openai.com/gptbot)"
85.208.96.212 - - [20/Dec/2025:00:13:17 +0000] "GET /entity/305179700.htm HTTP/1.1" 301 7275 "-" "Mozilla/5.0 (compatible; SemrushBot/7~bl; +http://www.semrush.com/bot.html)"
74.7.227.23 - - [20/Dec/2025:00:13:19 +0000] "GET /entity/214643407.htm HTTP/1.1" 301 7275 "-" "Mozilla/5.0 AppleWebKit/537.36 (KHTML, like Gecko; compatible; GPTBot/1.3; +https://openai.com/gptbot)"
74.7.227.23 - - [20/Dec/2025:00:13:19 +0000] "GET /entity/214643407.htm/ HTTP/1.1" 200 52143 "-" "Mozilla/5.0 AppleWebKit/537.36 (KHTML, like Gecko; compatible; GPTBot/1.3; +https://openai.com/gptbot)"
85.208.96.199 - - [20/Dec/2025:00:13:21 +0000] "GET /entity/305179700.htm/ HTTP/1.1" 200 52143 "-" "Mozilla/5.0 (compatible; SemrushBot/7~bl; +http://www.semrush.com/bot.html)"
216.73.216.56 - - [20/Dec/2025:00:13:21 +0000] "GET /index.php?rest_route=%2Fwp%2Fv2%2Fposts%2F11040 HTTP/1.1" 200 7913 "-" "Mozilla/5.0 AppleWebKit/537.36 (KHTML, like Gecko; compatible; ClaudeBot/1.0; +claudebot@anthropic.com)"
74.7.227.23 - - [20/Dec/2025:00:13:22 +0000] "GET /entity/214651434.htm HTTP/1.1" 301 7281 "-" "Mozilla/5.0 AppleWebKit/537.36 (KHTML, like Gecko; compatible; GPTBot/1.3; +https://openai.com/gptbot)"
74.7.227.23 - - [20/Dec/2025:00:13:22 +0000] "GET /entity/214651434.htm/ HTTP/1.1" 200 52143 "-" "Mozilla/5.0 AppleWebKit/537.36 (KHTML, like Gecko; compatible; GPTBot/1.3; +https://openai.com/gptbot)"
57.141.0.40 - - [20/Dec/2025:00:13:23 +0000] "GET /karamba-spielsaal-erfahrungen-angeschlossen-testbericht-werfen-sie-einen-blick-auf-den-link-within-2025-pro-teutonia/?path=//sys/class/pci_bus/0000:0b/device/driver/0000:00:03.4/driver/0000:00:02.0/power HTTP/1.1" 200 276788 "-" "meta-externalagent/1.1 (+https://developers.facebook.com/docs/sharing/webmasters/crawler)"
114.119.159.33 - - [20/Dec/2025:00:13:24 +0000] "GET /zodiac-kasino-erfahrungen-2024-480-bonus-80-freispiele/?path=//sys/dev/char/4:90/subsystem/ttyS25/subsystem/ttyS3 HTTP/1.1" 200 52145 "https://datainsightnow.com/zodiac-kasino-erfahrungen-2024-480-bonus-80-freispiele/?path=//sys/dev/char/4%3A90/subsystem/ttyS25/subsystem" "Mozilla/5.0 (Linux; Android 7.0;) AppleWebKit/537.36 (KHTML, like Gecko) Mobile Safari/537.36 (compatible; PetalBot;+https://webmaster.petalsearch.com/site/petalbot)"
74.7.227.23 - - [20/Dec/2025:00:13:25 +0000] "GET /entity/214506655.htm HTTP/1.1" 301 7275 "-" "Mozilla/5.0 AppleWebKit/537.36 (KHTML, like Gecko; compatible; GPTBot/1.3; +https://openai.com/gptbot)"
74.7.227.23 - - [20/Dec/2025:00:13:25 +0000] "GET /entity/214506655.htm/ HTTP/1.1" 200 52143 "-" "Mozilla/5.0 AppleWebKit/537.36 (KHTML, like Gecko; compatible; GPTBot/1.3; +https://openai.com/gptbot)"
66.249.69.3 - - [20/Dec/2025:00:13:25 +0000] "GET /entity/420531046.htm HTTP/1.1" 200 32959 "-" "Mozilla/5.0 (Linux; Android 6.0.1; Nexus 5X Build/MMB29P) AppleWebKit/537.36 (KHTML, like Gecko) Chrome/141.0.7390.122 Mobile Safari/537.36 (compatible; Googlebot/2.1; +http://www.google.com/bot.html)"
51.195.215.24 - - [20/Dec/2025:00:13:26 +0000] "GET /?p=14457 HTTP/1.1" 200 49498 "-" "Mozilla/5.0 (compatible; AhrefsBot/7.0; +http://ahrefs.com/robot/)"
74.7.227.23 - - [20/Dec/2025:00:13:28 +0000] "GET /entity/214511835.htm HTTP/1.1" 301 7281 "-" "Mozilla/5.0 AppleWebKit/537.36 (KHTML, like Gecko; compatible; GPTBot/1.3; +https://openai.com/gptbot)"
74.7.227.23 - - [20/Dec/2025:00:13:28 +0000] "GET /entity/214511835.htm/ HTTP/1.1" 200 52143 "-" "Mozilla/5.0 AppleWebKit/537.36 (KHTML, like Gecko; compatible; GPTBot/1.3; +https://openai.com/gptbot)"
66.249.69.1 - - [20/Dec/2025:00:13:30 +0000] "GET /entity/420579216.htm HTTP/1.1" 200 31709 "-" "Mozilla/5.0 (Linux; Android 6.0.1; Nexus 5X Build/MMB29P) AppleWebKit/537.36 (KHTML, like Gecko) Chrome/141.0.7390.122 Mobile Safari/537.36 (compatible; Googlebot/2.1; +http://www.google.com/bot.html)"
74.7.227.23 - - [20/Dec/2025:00:13:31 +0000] "GET /entity/214613353.htm HTTP/1.1" 301 7281 "-" "Mozilla/5.0 AppleWebKit/537.36 (KHTML, like Gecko; compatible; GPTBot/1.3; +https://openai.com/gptbot)"
74.7.227.23 - - [20/Dec/2025:00:13:32 +0000] "GET /entity/214613353.htm/ HTTP/1.1" 200 52143 "-" "Mozilla/5.0 AppleWebKit/537.36 (KHTML, like Gecko; compatible; GPTBot/1.3; +https://openai.com/gptbot)"
47.128.22.137 - - [20/Dec/2025:00:13:33 +0000] "GET /?fileloc=%2F%2Fproc%2F132%2Fpatch_state&path=%2F%2Fproc%2F132 HTTP/1.1" 200 52145 "-" "Mozilla/5.0 (Linux; Android 5.0) AppleWebKit/537.36 (KHTML, like Gecko) Mobile Safari/537.36 (compatible; Bytespider; spider-feedback@bytedance.com)"
47.128.47.161 - - [20/Dec/2025:00:13:34 +0000] "GET /?fileloc=%2F%2Fproc%2F45%2Fnet%2Fmcfilter6&path=%2F%2Fproc%2F45%2Fnet HTTP/1.1" 200 52145 "-" "Mozilla/5.0 (Linux; Android 5.0) AppleWebKit/537.36 (KHTML, like Gecko) Mobile Safari/537.36 (compatible; Bytespider; spider-feedback@bytedance.com)"
185.191.171.10 - - [20/Dec/2025:00:13:34 +0000] "GET /?p=11638 HTTP/1.1" 200 50023 "-" "Mozilla/5.0 (compatible; SemrushBot/7~bl; +http://www.semrush.com/bot.html)"
74.7.227.23 - - [20/Dec/2025:00:13:34 +0000] "GET /entity/214547573.htm HTTP/1.1" 301 7275 "-" "Mozilla/5.0 AppleWebKit/537.36 (KHTML, like Gecko; compatible; GPTBot/1.3; +https://openai.com/gptbot)"
74.7.227.23 - - [20/Dec/2025:00:13:35 +0000] "GET /entity/214547573.htm/ HTTP/1.1" 200 52143 "-" "Mozilla/5.0 AppleWebKit/537.36 (KHTML, like Gecko; compatible; GPTBot/1.3; +https://openai.com/gptbot)"
216.73.216.56 - - [20/Dec/2025:00:13:37 +0000] "GET /index.php?rest_route=%2Fwp%2Fv2%2Fposts%2F28137 HTTP/1.1" 200 8883 "-" "Mozilla/5.0 AppleWebKit/537.36 (KHTML, like Gecko; compatible; ClaudeBot/1.0; +claudebot@anthropic.com)"
74.7.227.23 - - [20/Dec/2025:00:13:37 +0000] "GET /entity/214654279.htm HTTP/1.1" 301 7275 "-" "Mozilla/5.0 AppleWebKit/537.36 (KHTML, like Gecko; compatible; GPTBot/1.3; +https://openai.com/gptbot)"
74.7.227.23 - - [20/Dec/2025:00:13:38 +0000] "GET /entity/214654279.htm/ HTTP/1.1" 200 52143 "-" "Mozilla/5.0 AppleWebKit/537.36 (KHTML, like Gecko; compatible; GPTBot/1.3; +https://openai.com/gptbot)"
74.7.227.23 - - [20/Dec/2025:00:13:40 +0000] "GET /entity/214522185.htm HTTP/1.1" 301 7275 "-" "Mozilla/5.0 AppleWebKit/537.36 (KHTML, like Gecko; compatible; GPTBot/1.3; +https://openai.com/gptbot)"
74.7.227.23 - - [20/Dec/2025:00:13:41 +0000] "GET /entity/214522185.htm/ HTTP/1.1" 200 52143 "-" "Mozilla/5.0 AppleWebKit/537.36 (KHTML, like Gecko; compatible; GPTBot/1.3; +https://openai.com/gptbot)"
207.46.13.111 - - [20/Dec/2025:00:13:41 +0000] "GET /0_PIRIOTHREEANDHALF-medium?path=//lib/init HTTP/1.1" 301 7281 "-" "Mozilla/5.0 AppleWebKit/537.36 (KHTML, like Gecko; compatible; bingbot/2.0; +http://www.bing.com/bingbot.htm) Chrome/116.0.1938.76 Safari/537.36"
74.7.227.23 - - [20/Dec/2025:00:13:44 +0000] "GET /entity/214552490.htm HTTP/1.1" 301 7281 "-" "Mozilla/5.0 AppleWebKit/537.36 (KHTML, like Gecko; compatible; GPTBot/1.3; +https://openai.com/gptbot)"
74.7.227.23 - - [20/Dec/2025:00:13:45 +0000] "GET /entity/214552490.htm/ HTTP/1.1" 200 52143 "-" "Mozilla/5.0 AppleWebKit/537.36 (KHTML, like Gecko; compatible; GPTBot/1.3; +https://openai.com/gptbot)"
74.7.227.23 - - [20/Dec/2025:00:13:47 +0000] "GET /entity/214534617.htm HTTP/1.1" 301 7281 "-" "Mozilla/5.0 AppleWebKit/537.36 (KHTML, like Gecko; compatible; GPTBot/1.3; +https://openai.com/gptbot)"
74.7.227.23 - - [20/Dec/2025:00:13:48 +0000] "GET /entity/214534617.htm/ HTTP/1.1" 200 52143 "-" "Mozilla/5.0 AppleWebKit/537.36 (KHTML, like Gecko; compatible; GPTBot/1.3; +https://openai.com/gptbot)"
66.135.21.75 - - [20/Dec/2025:00:13:51 +0000] "POST /wp-cron.php?doing_wp_cron=1766189630.3468639850616455078125 HTTP/1.1" 499 0 "-" "WordPress/6.3.1; https://datainsightnow.com"
74.7.227.23 - - [20/Dec/2025:00:13:51 +0000] "GET /entity/214539536.htm HTTP/1.1" 301 7281 "-" "Mozilla/5.0 AppleWebKit/537.36 (KHTML, like Gecko; compatible; GPTBot/1.3; +https://openai.com/gptbot)"
74.7.227.23 - - [20/Dec/2025:00:13:52 +0000] "GET /entity/214539536.htm/ HTTP/1.1" 200 52143 "-" "Mozilla/5.0 AppleWebKit/537.36 (KHTML, like Gecko; compatible; GPTBot/1.3; +https://openai.com/gptbot)"
57.141.0.74 - - [20/Dec/2025:00:13:53 +0000] "GET /2025/03/06/page/39/?path=//sys/class/pci_bus/0000:0c/subsystem/0000:0f/subsystem/0000:10/device/firmware_node/physical_node/0000:00:03.6:pcie010 HTTP/1.1" 200 276788 "-" "meta-externalagent/1.1 (+https://developers.facebook.com/docs/sharing/webmasters/crawler)"
74.7.227.23 - - [20/Dec/2025:00:13:53 +0000] "GET /entity/214719549.htm HTTP/1.1" 301 7281 "-" "Mozilla/5.0 AppleWebKit/537.36 (KHTML, like Gecko; compatible; GPTBot/1.3; +https://openai.com/gptbot)"
74.7.227.23 - - [20/Dec/2025:00:13:54 +0000] "GET /entity/214719549.htm/ HTTP/1.1" 200 52143 "-" "Mozilla/5.0 AppleWebKit/537.36 (KHTML, like Gecko; compatible; GPTBot/1.3; +https://openai.com/gptbot)"
216.73.216.56 - - [20/Dec/2025:00:13:55 +0000] "GET /index.php?rest_route=%2Fwp%2Fv2%2Fposts%2F26182 HTTP/1.1" 200 8918 "-" "Mozilla/5.0 AppleWebKit/537.36 (KHTML, like Gecko; compatible; ClaudeBot/1.0; +claudebot@anthropic.com)"
74.7.227.23 - - [20/Dec/2025:00:13:56 +0000] "GET /entity/214722394.htm HTTP/1.1" 301 7281 "-" "Mozilla/5.0 AppleWebKit/537.36 (KHTML, like Gecko; compatible; GPTBot/1.3; +https://openai.com/gptbot)"
74.7.227.23 - - [20/Dec/2025:00:13:57 +0000] "GET /entity/214722394.htm/ HTTP/1.1" 200 52143 "-" "Mozilla/5.0 AppleWebKit/537.36 (KHTML, like Gecko; compatible; GPTBot/1.3; +https://openai.com/gptbot)"
74.7.227.23 - - [20/Dec/2025:00:13:59 +0000] "GET /entity/214710223.htm HTTP/1.1" 301 7275 "-" "Mozilla/5.0 AppleWebKit/537.36 (KHTML, like Gecko; compatible; GPTBot/1.3; +https://openai.com/gptbot)"
74.7.227.23 - - [20/Dec/2025:00:14:00 +0000] "GET /entity/214710223.htm/ HTTP/1.1" 200 52143 "-" "Mozilla/5.0 AppleWebKit/537.36 (KHTML, like Gecko; compatible; GPTBot/1.3; +https://openai.com/gptbot)"
74.7.227.23 - - [20/Dec/2025:00:14:02 +0000] "GET /entity/214511313.htm HTTP/1.1" 301 7275 "-" "Mozilla/5.0 AppleWebKit/537.36 (KHTML, like Gecko; compatible; GPTBot/1.3; +https://openai.com/gptbot)"
74.7.227.23 - - [20/Dec/2025:00:14:03 +0000] "GET /entity/214511313.htm/ HTTP/1.1" 200 52143 "-" "Mozilla/5.0 AppleWebKit/537.36 (KHTML, like Gecko; compatible; GPTBot/1.3; +https://openai.com/gptbot)"
74.7.227.23 - - [20/Dec/2025:00:14:05 +0000] "GET /entity/214624749.htm HTTP/1.1" 301 7281 "-" "Mozilla/5.0 AppleWebKit/537.36 (KHTML, like Gecko; compatible; GPTBot/1.3; +https://openai.com/gptbot)"
216.73.216.56 - - [20/Dec/2025:00:14:06 +0000] "GET /index.php?rest_route=%2Fwp%2Fv2%2Fposts%2F28117 HTTP/1.1" 200 9723 "-" "Mozilla/5.0 AppleWebKit/537.36 (KHTML, like Gecko; compatible; ClaudeBot/1.0; +claudebot@anthropic.com)"
74.7.227.23 - - [20/Dec/2025:00:14:06 +0000] "GET /entity/214624749.htm/ HTTP/1.1" 200 52143 "-" "Mozilla/5.0 AppleWebKit/537.36 (KHTML, like Gecko; compatible; GPTBot/1.3; +https://openai.com/gptbot)"
185.191.171.7 - - [20/Dec/2025:00:14:07 +0000] "GET /?p=33359 HTTP/1.1" 200 47556 "-" "Mozilla/5.0 (compatible; SemrushBot/7~bl; +http://www.semrush.com/bot.html)"
74.7.227.23 - - [20/Dec/2025:00:14:08 +0000] "GET /entity/214711522.htm HTTP/1.1" 301 7275 "-" "Mozilla/5.0 AppleWebKit/537.36 (KHTML, like Gecko; compatible; GPTBot/1.3; +https://openai.com/gptbot)"
74.7.227.23 - - [20/Dec/2025:00:14:09 +0000] "GET /entity/214711522.htm/ HTTP/1.1" 200 52143 "-" "Mozilla/5.0 AppleWebKit/537.36 (KHTML, like Gecko; compatible; GPTBot/1.3; +https://openai.com/gptbot)"
40.77.167.75 - - [20/Dec/2025:00:14:11 +0000] "GET /AmazonEmber/?fileloc=/lib/firmware/cirrus/cs35l41-dsp1-spk-prot.bin.zst&path=/lib/firmware/cirrus HTTP/1.1" 200 30399 "-" "Mozilla/5.0 AppleWebKit/537.36 (KHTML, like Gecko; compatible; bingbot/2.0; +http://www.bing.com/bingbot.htm) Chrome/116.0.1938.76 Safari/537.36"
74.7.227.23 - - [20/Dec/2025:00:14:12 +0000] "GET /entity/214668010.htm HTTP/1.1" 301 7281 "-" "Mozilla/5.0 AppleWebKit/537.36 (KHTML, like Gecko; compatible; GPTBot/1.3; +https://openai.com/gptbot)"
74.7.227.23 - - [20/Dec/2025:00:14:13 +0000] "GET /entity/214668010.htm/ HTTP/1.1" 200 52143 "-" "Mozilla/5.0 AppleWebKit/537.36 (KHTML, like Gecko; compatible; GPTBot/1.3; +https://openai.com/gptbot)"
74.7.227.23 - - [20/Dec/2025:00:14:15 +0000] "GET /entity/214691063.htm HTTP/1.1" 301 7281 "-" "Mozilla/5.0 AppleWebKit/537.36 (KHTML, like Gecko; compatible; GPTBot/1.3; +https://openai.com/gptbot)"
74.7.227.23 - - [20/Dec/2025:00:14:16 +0000] "GET /entity/214691063.htm/ HTTP/1.1" 200 52143 "-" "Mozilla/5.0 AppleWebKit/537.36 (KHTML, like Gecko; compatible; GPTBot/1.3; +https://openai.com/gptbot)"
66.249.69.2 - - [20/Dec/2025:00:14:18 +0000] "GET /entity/420555398.htm HTTP/1.1" 200 32486 "-" "Mozilla/5.0 (Linux; Android 6.0.1; Nexus 5X Build/MMB29P) AppleWebKit/537.36 (KHTML, like Gecko) Chrome/141.0.7390.122 Mobile Safari/537.36 (compatible; Googlebot/2.1; +http://www.google.com/bot.html)"
74.7.227.23 - - [20/Dec/2025:00:14:18 +0000] "GET /entity/214549896.htm HTTP/1.1" 301 7281 "-" "Mozilla/5.0 AppleWebKit/537.36 (KHTML, like Gecko; compatible; GPTBot/1.3; +https://openai.com/gptbot)"
74.7.227.23 - - [20/Dec/2025:00:14:19 +0000] "GET /entity/214549896.htm/ HTTP/1.1" 200 52143 "-" "Mozilla/5.0 AppleWebKit/537.36 (KHTML, like Gecko; compatible; GPTBot/1.3; +https://openai.com/gptbot)"
57.141.0.18 - - [20/Dec/2025:00:14:21 +0000] "GET /2025/03/07/page/6/?fileloc=//sys/class/pci_bus/0000:01/subsystem/0000:00/device/0000:00:02.7/driver/0000:00:03.3/driver/0000:00:02.7/class&path=//sys/class/pci_bus/0000:01/subsystem/0000:00/device/0000:00:02.7/driver/0000:00:03.3/driver/0000:00:02.7 HTTP/1.1" 200 276772 "-" "meta-externalagent/1.1 (+https://developers.facebook.com/docs/sharing/webmasters/crawler)"
74.7.227.23 - - [20/Dec/2025:00:14:21 +0000] "GET /entity/214642885.htm HTTP/1.1" 301 7281 "-" "Mozilla/5.0 AppleWebKit/537.36 (KHTML, like Gecko; compatible; GPTBot/1.3; +https://openai.com/gptbot)"
74.7.227.23 - - [20/Dec/2025:00:14:22 +0000] "GET /entity/214642885.htm/ HTTP/1.1" 200 52143 "-" "Mozilla/5.0 AppleWebKit/537.36 (KHTML, like Gecko; compatible; GPTBot/1.3; +https://openai.com/gptbot)"
216.73.216.56 - - [20/Dec/2025:00:14:24 +0000] "GET /index.php?rest_route=%2Fwp%2Fv2%2Fposts%2F28133 HTTP/1.1" 200 7611 "-" "Mozilla/5.0 AppleWebKit/537.36 (KHTML, like Gecko; compatible; ClaudeBot/1.0; +claudebot@anthropic.com)"
157.55.39.9 - - [20/Dec/2025:00:14:24 +0000] "GET /usm_0.66_1.00_0.01?fileloc=//proc/40/oom_adj&path=//proc/40 HTTP/1.1" 301 7275 "-" "Mozilla/5.0 AppleWebKit/537.36 (KHTML, like Gecko; compatible; bingbot/2.0; +http://www.bing.com/bingbot.htm) Chrome/116.0.1938.76 Safari/537.36"
74.7.227.23 - - [20/Dec/2025:00:14:24 +0000] "GET /entity/214676037.htm HTTP/1.1" 301 7281 "-" "Mozilla/5.0 AppleWebKit/537.36 (KHTML, like Gecko; compatible; GPTBot/1.3; +https://openai.com/gptbot)"
74.7.227.23 - - [20/Dec/2025:00:14:25 +0000] "GET /entity/214676037.htm/ HTTP/1.1" 200 52143 "-" "Mozilla/5.0 AppleWebKit/537.36 (KHTML, like Gecko; compatible; GPTBot/1.3; +https://openai.com/gptbot)"
185.191.171.10 - - [20/Dec/2025:00:14:26 +0000] "GET /?p=16615 HTTP/1.1" 200 49545 "-" "Mozilla/5.0 (compatible; SemrushBot/7~bl; +http://www.semrush.com/bot.html)"
74.7.227.23 - - [20/Dec/2025:00:14:27 +0000] "GET /entity/214675001.htm HTTP/1.1" 301 7275 "-" "Mozilla/5.0 AppleWebKit/537.36 (KHTML, like Gecko; compatible; GPTBot/1.3; +https://openai.com/gptbot)"
74.7.227.23 - - [20/Dec/2025:00:14:28 +0000] "GET /entity/214675001.htm/ HTTP/1.1" 200 52143 "-" "Mozilla/5.0 AppleWebKit/537.36 (KHTML, like Gecko; compatible; GPTBot/1.3; +https://openai.com/gptbot)"
74.7.227.23 - - [20/Dec/2025:00:14:30 +0000] "GET /entity/214596265.htm HTTP/1.1" 301 7281 "-" "Mozilla/5.0 AppleWebKit/537.36 (KHTML, like Gecko; compatible; GPTBot/1.3; +https://openai.com/gptbot)"
74.7.227.23 - - [20/Dec/2025:00:14:31 +0000] "GET /entity/214596265.htm/ HTTP/1.1" 200 52143 "-" "Mozilla/5.0 AppleWebKit/537.36 (KHTML, like Gecko; compatible; GPTBot/1.3; +https://openai.com/gptbot)"
74.7.227.23 - - [20/Dec/2025:00:14:34 +0000] "GET /entity/214627082.htm HTTP/1.1" 301 7281 "-" "Mozilla/5.0 AppleWebKit/537.36 (KHTML, like Gecko; compatible; GPTBot/1.3; +https://openai.com/gptbot)"
74.7.227.23 - - [20/Dec/2025:00:14:34 +0000] "GET /entity/214627082.htm/ HTTP/1.1" 200 52143 "-" "Mozilla/5.0 AppleWebKit/537.36 (KHTML, like Gecko; compatible; GPTBot/1.3; +https://openai.com/gptbot)"
74.7.227.23 - - [20/Dec/2025:00:14:37 +0000] "GET /entity/214550681.htm HTTP/1.1" 301 7281 "-" "Mozilla/5.0 AppleWebKit/537.36 (KHTML, like Gecko; compatible; GPTBot/1.3; +https://openai.com/gptbot)"
74.7.227.23 - - [20/Dec/2025:00:14:37 +0000] "GET /entity/214550681.htm/ HTTP/1.1" 200 52143 "-" "Mozilla/5.0 AppleWebKit/537.36 (KHTML, like Gecko; compatible; GPTBot/1.3; +https://openai.com/gptbot)"
74.7.227.23 - - [20/Dec/2025:00:14:40 +0000] "GET /entity/214671108.htm HTTP/1.1" 301 7275 "-" "Mozilla/5.0 AppleWebKit/537.36 (KHTML, like Gecko; compatible; GPTBot/1.3; +https://openai.com/gptbot)"
74.7.227.23 - - [20/Dec/2025:00:14:41 +0000] "GET /entity/214671108.htm/ HTTP/1.1" 200 52143 "-" "Mozilla/5.0 AppleWebKit/537.36 (KHTML, like Gecko; compatible; GPTBot/1.3; +https://openai.com/gptbot)"
216.73.216.56 - - [20/Dec/2025:00:14:42 +0000] "GET /index.php?rest_route=%2Fwp%2Fv2%2Fposts%2F16288 HTTP/1.1" 200 8278 "-" "Mozilla/5.0 AppleWebKit/537.36 (KHTML, like Gecko; compatible; ClaudeBot/1.0; +claudebot@anthropic.com)"
74.7.227.23 - - [20/Dec/2025:00:14:43 +0000] "GET /entity/214709964.htm HTTP/1.1" 301 7281 "-" "Mozilla/5.0 AppleWebKit/537.36 (KHTML, like Gecko; compatible; GPTBot/1.3; +https://openai.com/gptbot)"
74.7.227.23 - - [20/Dec/2025:00:14:44 +0000] "GET /entity/214709964.htm/ HTTP/1.1" 200 52143 "-" "Mozilla/5.0 AppleWebKit/537.36 (KHTML, like Gecko; compatible; GPTBot/1.3; +https://openai.com/gptbot)"
74.7.227.23 - - [20/Dec/2025:00:14:46 +0000] "GET /entity/214652207.htm HTTP/1.1" 301 7275 "-" "Mozilla/5.0 AppleWebKit/537.36 (KHTML, like Gecko; compatible; GPTBot/1.3; +https://openai.com/gptbot)"
74.7.227.23 - - [20/Dec/2025:00:14:47 +0000] "GET /entity/214652207.htm/ HTTP/1.1" 200 52143 "-" "Mozilla/5.0 AppleWebKit/537.36 (KHTML, like Gecko; compatible; GPTBot/1.3; +https://openai.com/gptbot)"
114.119.157.166 - - [20/Dec/2025:00:14:48 +0000] "GET /zodiac-kasino-erfahrungen-2024-480-bonus-80-freispiele/?path=//sys/dev/char/4:90/subsystem/ttyS25/subsystem/ttyS14/subsystem/tty50 HTTP/1.1" 200 52145 "https://datainsightnow.com/zodiac-kasino-erfahrungen-2024-480-bonus-80-freispiele/?path=//sys/dev/char/4%3A90/subsystem/ttyS25/subsystem/ttyS14/subsystem" "Mozilla/5.0 (Linux; Android 7.0;) AppleWebKit/537.36 (KHTML, like Gecko) Mobile Safari/537.36 (compatible; PetalBot;+https://webmaster.petalsearch.com/site/petalbot)"
57.141.0.47 - - [20/Dec/2025:00:14:49 +0000] "GET /2025/03/07/page/6/?path=//sys/class/pci_bus/0000:0f/subsystem/0000:10/subsystem/0000:10/subsystem/0000:05/subsystem/0000:10/device HTTP/1.1" 200 276733 "-" "meta-externalagent/1.1 (+https://developers.facebook.com/docs/sharing/webmasters/crawler)"
74.7.227.23 - - [20/Dec/2025:00:14:49 +0000] "GET /entity/214588228.htm HTTP/1.1" 301 7281 "-" "Mozilla/5.0 AppleWebKit/537.36 (KHTML, like Gecko; compatible; GPTBot/1.3; +https://openai.com/gptbot)"
74.7.227.23 - - [20/Dec/2025:00:14:50 +0000] "GET /entity/214588228.htm/ HTTP/1.1" 200 52143 "-" "Mozilla/5.0 AppleWebKit/537.36 (KHTML, like Gecko; compatible; GPTBot/1.3; +https://openai.com/gptbot)"
66.135.21.75 - - [20/Dec/2025:00:14:53 +0000] "POST /wp-cron.php?doing_wp_cron=1766189693.0704751014709472656250 HTTP/1.1" 200 31 "-" "WordPress/6.3.1; https://datainsightnow.com"
74.7.227.23 - - [20/Dec/2025:00:14:53 +0000] "GET /entity/214659459.htm HTTP/1.1" 301 7275 "-" "Mozilla/5.0 AppleWebKit/537.36 (KHTML, like Gecko; compatible; GPTBot/1.3; +https://openai.com/gptbot)"
74.7.227.23 - - [20/Dec/2025:00:14:53 +0000] "GET /entity/214659459.htm/ HTTP/1.1" 200 52143 "-" "Mozilla/5.0 AppleWebKit/537.36 (KHTML, like Gecko; compatible; GPTBot/1.3; +https://openai.com/gptbot)"
74.7.227.23 - - [20/Dec/2025:00:14:56 +0000] "GET /entity/214499654.htm HTTP/1.1" 301 7275 "-" "Mozilla/5.0 AppleWebKit/537.36 (KHTML, like Gecko; compatible; GPTBot/1.3; +https://openai.com/gptbot)"
74.7.227.23 - - [20/Dec/2025:00:14:56 +0000] "GET /entity/214499654.htm/ HTTP/1.1" 200 52143 "-" "Mozilla/5.0 AppleWebKit/537.36 (KHTML, like Gecko; compatible; GPTBot/1.3; +https://openai.com/gptbot)"
74.7.227.23 - - [20/Dec/2025:00:14:59 +0000] "GET /entity/214629417.htm HTTP/1.1" 301 7281 "-" "Mozilla/5.0 AppleWebKit/537.36 (KHTML, like Gecko; compatible; GPTBot/1.3; +https://openai.com/gptbot)"
74.7.227.23 - - [20/Dec/2025:00:15:00 +0000] "GET /entity/214629417.htm/ HTTP/1.1" 200 52143 "-" "Mozilla/5.0 AppleWebKit/537.36 (KHTML, like Gecko; compatible; GPTBot/1.3; +https://openai.com/gptbot)"
216.73.216.56 - - [20/Dec/2025:00:15:01 +0000] "GET /index.php?rest_route=%2Fwp%2Fv2%2Fposts%2F18112 HTTP/1.1" 200 14518 "-" "Mozilla/5.0 AppleWebKit/537.36 (KHTML, like Gecko; compatible; ClaudeBot/1.0; +claudebot@anthropic.com)"
74.7.227.23 - - [20/Dec/2025:00:15:02 +0000] "GET /entity/214590049.htm HTTP/1.1" 301 7275 "-" "Mozilla/5.0 AppleWebKit/537.36 (KHTML, like Gecko; compatible; GPTBot/1.3; +https://openai.com/gptbot)"
74.7.227.23 - - [20/Dec/2025:00:15:03 +0000] "GET /entity/214590049.htm/ HTTP/1.1" 200 52143 "-" "Mozilla/5.0 AppleWebKit/537.36 (KHTML, like Gecko; compatible; GPTBot/1.3; +https://openai.com/gptbot)"
74.7.227.23 - - [20/Dec/2025:00:15:05 +0000] "GET /entity/214515718.htm HTTP/1.1" 301 7275 "-" "Mozilla/5.0 AppleWebKit/537.36 (KHTML, like Gecko; compatible; GPTBot/1.3; +https://openai.com/gptbot)"
74.7.227.23 - - [20/Dec/2025:00:15:06 +0000] "GET /entity/214515718.htm/ HTTP/1.1" 200 52143 "-" "Mozilla/5.0 AppleWebKit/537.36 (KHTML, like Gecko; compatible; GPTBot/1.3; +https://openai.com/gptbot)"
74.7.227.23 - - [20/Dec/2025:00:15:08 +0000] "GET /entity/214713594.htm HTTP/1.1" 301 7275 "-" "Mozilla/5.0 AppleWebKit/537.36 (KHTML, like Gecko; compatible; GPTBot/1.3; +https://openai.com/gptbot)"
74.7.227.23 - - [20/Dec/2025:00:15:09 +0000] "GET /entity/214713594.htm/ HTTP/1.1" 200 52143 "-" "Mozilla/5.0 AppleWebKit/537.36 (KHTML, like Gecko; compatible; GPTBot/1.3; +https://openai.com/gptbot)"
74.7.227.23 - - [20/Dec/2025:00:15:12 +0000] "GET /entity/214542915.htm HTTP/1.1" 301 7281 "-" "Mozilla/5.0 AppleWebKit/537.36 (KHTML, like Gecko; compatible; GPTBot/1.3; +https://openai.com/gptbot)"
74.7.227.23 - - [20/Dec/2025:00:15:13 +0000] "GET /entity/214542915.htm/ HTTP/1.1" 200 52143 "-" "Mozilla/5.0 AppleWebKit/537.36 (KHTML, like Gecko; compatible; GPTBot/1.3; +https://openai.com/gptbot)"
74.7.227.23 - - [20/Dec/2025:00:15:15 +0000] "GET /entity/214603254.htm HTTP/1.1" 301 7275 "-" "Mozilla/5.0 AppleWebKit/537.36 (KHTML, like Gecko; compatible; GPTBot/1.3; +https://openai.com/gptbot)"
57.141.0.24 - - [20/Dec/2025:00:15:16 +0000] "GET /2025/03/07/page/6/?fileloc=//sys/class/pci_bus/0000:0d/subsystem/0000:0d/subsystem/0000:09/device/driver/0000:00:03.7/subordinate_bus_number&path=//sys/class/pci_bus/0000:0d/subsystem/0000:0d/subsystem/0000:09/device/driver/0000:00:03.7 HTTP/1.1" 200 276788 "-" "meta-externalagent/1.1 (+https://developers.facebook.com/docs/sharing/webmasters/crawler)"
74.7.227.23 - - [20/Dec/2025:00:15:17 +0000] "GET /entity/214603254.htm/ HTTP/1.1" 200 52143 "-" "Mozilla/5.0 AppleWebKit/537.36 (KHTML, like Gecko; compatible; GPTBot/1.3; +https://openai.com/gptbot)"
216.73.216.56 - - [20/Dec/2025:00:15:17 +0000] "GET /entity/48112099.htm HTTP/1.1" 301 7275 "-" "Mozilla/5.0 AppleWebKit/537.36 (KHTML, like Gecko; compatible; ClaudeBot/1.0; +claudebot@anthropic.com)"
216.73.216.56 - - [20/Dec/2025:00:15:18 +0000] "GET /entity/48112099.htm/ HTTP/1.1" 200 52143 "https://datainsightnow.com/entity/48112099.htm" "Mozilla/5.0 AppleWebKit/537.36 (KHTML, like Gecko; compatible; ClaudeBot/1.0; +claudebot@anthropic.com)"
74.7.227.23 - - [20/Dec/2025:00:15:18 +0000] "GET /entity/214648326.htm HTTP/1.1" 301 7281 "-" "Mozilla/5.0 AppleWebKit/537.36 (KHTML, like Gecko; compatible; GPTBot/1.3; +https://openai.com/gptbot)"
