216.73.216.56 - - [20/Dec/2025:01:52:27 +0000] "GET /entity/48009276.htm/ HTTP/1.1" 200 52143 "https://datainsightnow.com/entity/48009276.htm" "Mozilla/5.0 AppleWebKit/537.36 (KHTML, like Gecko; compatible; ClaudeBot/1.0; +claudebot@anthropic.com)"
57.141.0.9 - - [20/Dec/2025:01:52:30 +0000] "GET /karamba-spielsaal-erfahrungen-angeschlossen-testbericht-werfen-sie-einen-blick-auf-den-link-within-2025-pro-teutonia/?path=//sys/class/pci_bus/0000:0b/subsystem/0000:00/device/0000:00:02.4/subsystem/devices HTTP/1.1" 200 276788 "-" "meta-externalagent/1.1 (+https://developers.facebook.com/docs/sharing/webmasters/crawler)"
216.73.216.56 - - [20/Dec/2025:01:52:30 +0000] "GET /entity/47921475.htm HTTP/1.1" 301 7281 "-" "Mozilla/5.0 AppleWebKit/537.36 (KHTML, like Gecko; compatible; ClaudeBot/1.0; +claudebot@anthropic.com)"
216.73.216.56 - - [20/Dec/2025:01:52:32 +0000] "GET /entity/47921475.htm/ HTTP/1.1" 200 52143 "https://datainsightnow.com/entity/47921475.htm" "Mozilla/5.0 AppleWebKit/537.36 (KHTML, like Gecko; compatible; ClaudeBot/1.0; +claudebot@anthropic.com)"
216.73.216.56 - - [20/Dec/2025:01:52:32 +0000] "GET /entity/47960060.htm HTTP/1.1" 301 7281 "-" "Mozilla/5.0 AppleWebKit/537.36 (KHTML, like Gecko; compatible; ClaudeBot/1.0; +claudebot@anthropic.com)"
216.73.216.56 - - [20/Dec/2025:01:52:34 +0000] "GET /entity/47960060.htm/ HTTP/1.1" 200 52143 "https://datainsightnow.com/entity/47960060.htm" "Mozilla/5.0 AppleWebKit/537.36 (KHTML, like Gecko; compatible; ClaudeBot/1.0; +claudebot@anthropic.com)"
216.73.216.56 - - [20/Dec/2025:01:52:35 +0000] "GET /entity/47991925.htm HTTP/1.1" 301 7275 "-" "Mozilla/5.0 AppleWebKit/537.36 (KHTML, like Gecko; compatible; ClaudeBot/1.0; +claudebot@anthropic.com)"
216.73.216.56 - - [20/Dec/2025:01:52:36 +0000] "GET /entity/47991925.htm/ HTTP/1.1" 200 52143 "https://datainsightnow.com/entity/47991925.htm" "Mozilla/5.0 AppleWebKit/537.36 (KHTML, like Gecko; compatible; ClaudeBot/1.0; +claudebot@anthropic.com)"
216.73.216.56 - - [20/Dec/2025:01:52:40 +0000] "GET /entity/48054860.htm HTTP/1.1" 301 7281 "-" "Mozilla/5.0 AppleWebKit/537.36 (KHTML, like Gecko; compatible; ClaudeBot/1.0; +claudebot@anthropic.com)"
216.73.216.56 - - [20/Dec/2025:01:52:41 +0000] "GET /entity/48054860.htm/ HTTP/1.1" 200 52143 "https://datainsightnow.com/entity/48054860.htm" "Mozilla/5.0 AppleWebKit/537.36 (KHTML, like Gecko; compatible; ClaudeBot/1.0; +claudebot@anthropic.com)"
57.141.0.43 - - [20/Dec/2025:01:52:42 +0000] "GET /2025/03/06/page/39/?fileloc=//sys/class/pci_bus/0000:09/subsystem/0000:01/subsystem/0000:05/subsystem/0000:0b/device/modalias&path=//sys/class/pci_bus/0000:09/subsystem/0000:01/subsystem/0000:05/subsystem/0000:0b/device HTTP/1.1" 200 276788 "-" "meta-externalagent/1.1 (+https://developers.facebook.com/docs/sharing/webmasters/crawler)"
216.73.216.56 - - [20/Dec/2025:01:52:43 +0000] "GET /entity/48027400.htm HTTP/1.1" 301 7281 "-" "Mozilla/5.0 AppleWebKit/537.36 (KHTML, like Gecko; compatible; ClaudeBot/1.0; +claudebot@anthropic.com)"
216.73.216.56 - - [20/Dec/2025:01:52:43 +0000] "GET /entity/48027400.htm/ HTTP/1.1" 200 52143 "https://datainsightnow.com/entity/48027400.htm" "Mozilla/5.0 AppleWebKit/537.36 (KHTML, like Gecko; compatible; ClaudeBot/1.0; +claudebot@anthropic.com)"
216.73.216.56 - - [20/Dec/2025:01:52:46 +0000] "GET /entity/48000986.htm HTTP/1.1" 301 7275 "-" "Mozilla/5.0 AppleWebKit/537.36 (KHTML, like Gecko; compatible; ClaudeBot/1.0; +claudebot@anthropic.com)"
216.73.216.56 - - [20/Dec/2025:01:52:47 +0000] "GET /entity/48000986.htm/ HTTP/1.1" 200 52143 "https://datainsightnow.com/entity/48000986.htm" "Mozilla/5.0 AppleWebKit/537.36 (KHTML, like Gecko; compatible; ClaudeBot/1.0; +claudebot@anthropic.com)"
216.73.216.56 - - [20/Dec/2025:01:52:49 +0000] "GET /entity/47967573.htm HTTP/1.1" 301 7275 "-" "Mozilla/5.0 AppleWebKit/537.36 (KHTML, like Gecko; compatible; ClaudeBot/1.0; +claudebot@anthropic.com)"
216.73.216.56 - - [20/Dec/2025:01:52:50 +0000] "GET /entity/47967573.htm/ HTTP/1.1" 200 52143 "https://datainsightnow.com/entity/47967573.htm" "Mozilla/5.0 AppleWebKit/537.36 (KHTML, like Gecko; compatible; ClaudeBot/1.0; +claudebot@anthropic.com)"
66.135.21.75 - - [20/Dec/2025:01:52:52 +0000] "POST /wp-cron.php?doing_wp_cron=1766195571.0763039588928222656250 HTTP/1.1" 499 0 "-" "WordPress/6.3.1; https://datainsightnow.com"
57.141.0.48 - - [20/Dec/2025:01:52:52 +0000] "GET /karamba-spielsaal-erfahrungen-angeschlossen-testbericht-werfen-sie-einen-blick-auf-den-link-within-2025-pro-teutonia/?fileloc=//sys/class/pci_bus/0000:07/subsystem/0000:08/subsystem/0000:0d/device/firmware_node/physical_node/ari_enabled&path=//sys/class/pci_bus/0000:07/subsystem/0000:08/subsystem/0000:0d/device/firmware_node/physical_node HTTP/1.1" 200 276733 "-" "meta-externalagent/1.1 (+https://developers.facebook.com/docs/sharing/webmasters/crawler)"
216.73.216.56 - - [20/Dec/2025:01:52:53 +0000] "GET /entity/47950485.htm HTTP/1.1" 301 7281 "-" "Mozilla/5.0 AppleWebKit/537.36 (KHTML, like Gecko; compatible; ClaudeBot/1.0; +claudebot@anthropic.com)"
216.73.216.56 - - [20/Dec/2025:01:52:54 +0000] "GET /entity/47950485.htm/ HTTP/1.1" 200 52143 "https://datainsightnow.com/entity/47950485.htm" "Mozilla/5.0 AppleWebKit/537.36 (KHTML, like Gecko; compatible; ClaudeBot/1.0; +claudebot@anthropic.com)"
216.73.216.56 - - [20/Dec/2025:01:52:55 +0000] "GET /entity/47996069.htm HTTP/1.1" 301 7281 "-" "Mozilla/5.0 AppleWebKit/537.36 (KHTML, like Gecko; compatible; ClaudeBot/1.0; +claudebot@anthropic.com)"
216.73.216.56 - - [20/Dec/2025:01:52:56 +0000] "GET /entity/47996069.htm/ HTTP/1.1" 200 52143 "https://datainsightnow.com/entity/47996069.htm" "Mozilla/5.0 AppleWebKit/537.36 (KHTML, like Gecko; compatible; ClaudeBot/1.0; +claudebot@anthropic.com)"
216.73.216.56 - - [20/Dec/2025:01:52:58 +0000] "GET /entity/47988032.htm HTTP/1.1" 301 7281 "-" "Mozilla/5.0 AppleWebKit/537.36 (KHTML, like Gecko; compatible; ClaudeBot/1.0; +claudebot@anthropic.com)"
216.73.216.56 - - [20/Dec/2025:01:52:59 +0000] "GET /entity/47988032.htm/ HTTP/1.1" 200 52143 "https://datainsightnow.com/entity/47988032.htm" "Mozilla/5.0 AppleWebKit/537.36 (KHTML, like Gecko; compatible; ClaudeBot/1.0; +claudebot@anthropic.com)"
216.73.216.56 - - [20/Dec/2025:01:53:01 +0000] "GET /entity/47953330.htm HTTP/1.1" 301 7275 "-" "Mozilla/5.0 AppleWebKit/537.36 (KHTML, like Gecko; compatible; ClaudeBot/1.0; +claudebot@anthropic.com)"
216.73.216.56 - - [20/Dec/2025:01:53:02 +0000] "GET /entity/47953330.htm/ HTTP/1.1" 200 52143 "https://datainsightnow.com/entity/47953330.htm" "Mozilla/5.0 AppleWebKit/537.36 (KHTML, like Gecko; compatible; ClaudeBot/1.0; +claudebot@anthropic.com)"
57.141.0.19 - - [20/Dec/2025:01:53:02 +0000] "GET /2025/03/07/page/6/?fileloc=//sys/class/pci_bus/0000:01/subsystem/0000:0f/subsystem/0000:04/subsystem/0000:11/device/power/wakeup_active&path=//sys/class/pci_bus/0000:01/subsystem/0000:0f/subsystem/0000:04/subsystem/0000:11/device/power HTTP/1.1" 200 276733 "-" "meta-externalagent/1.1 (+https://developers.facebook.com/docs/sharing/webmasters/crawler)"
216.73.216.56 - - [20/Dec/2025:01:53:04 +0000] "GET /entity/47990104.htm HTTP/1.1" 301 7281 "-" "Mozilla/5.0 AppleWebKit/537.36 (KHTML, like Gecko; compatible; ClaudeBot/1.0; +claudebot@anthropic.com)"
216.73.216.56 - - [20/Dec/2025:01:53:05 +0000] "GET /entity/47990104.htm/ HTTP/1.1" 200 52143 "https://datainsightnow.com/entity/47990104.htm" "Mozilla/5.0 AppleWebKit/537.36 (KHTML, like Gecko; compatible; ClaudeBot/1.0; +claudebot@anthropic.com)"
216.73.216.56 - - [20/Dec/2025:01:53:07 +0000] "GET /entity/47993212.htm HTTP/1.1" 301 7275 "-" "Mozilla/5.0 AppleWebKit/537.36 (KHTML, like Gecko; compatible; ClaudeBot/1.0; +claudebot@anthropic.com)"
216.73.216.56 - - [20/Dec/2025:01:53:08 +0000] "GET /entity/47993212.htm/ HTTP/1.1" 200 52143 "https://datainsightnow.com/entity/47993212.htm" "Mozilla/5.0 AppleWebKit/537.36 (KHTML, like Gecko; compatible; ClaudeBot/1.0; +claudebot@anthropic.com)"
216.73.216.56 - - [20/Dec/2025:01:53:10 +0000] "GET /entity/47982601.htm HTTP/1.1" 301 7281 "-" "Mozilla/5.0 AppleWebKit/537.36 (KHTML, like Gecko; compatible; ClaudeBot/1.0; +claudebot@anthropic.com)"
216.73.216.56 - - [20/Dec/2025:01:53:11 +0000] "GET /entity/47982601.htm/ HTTP/1.1" 200 52143 "https://datainsightnow.com/entity/47982601.htm" "Mozilla/5.0 AppleWebKit/537.36 (KHTML, like Gecko; compatible; ClaudeBot/1.0; +claudebot@anthropic.com)"
57.141.0.29 - - [20/Dec/2025:01:53:13 +0000] "GET /2025/03/05/page/6/?fileloc=//sys/class/pci_bus/0000:02/subsystem/0000:0b/device/driver/0000:00:03.1/driver/0000:00:04.0/local_cpulist&path=//sys/class/pci_bus/0000:02/subsystem/0000:0b/device/driver/0000:00:03.1/driver/0000:00:04.0 HTTP/1.1" 200 276740 "-" "meta-externalagent/1.1 (+https://developers.facebook.com/docs/sharing/webmasters/crawler)"
216.73.216.56 - - [20/Dec/2025:01:53:14 +0000] "GET /index.php?rest_route=%2Fwp%2Fv2%2Fposts%2F18357 HTTP/1.1" 200 8050 "-" "Mozilla/5.0 AppleWebKit/537.36 (KHTML, like Gecko; compatible; ClaudeBot/1.0; +claudebot@anthropic.com)"
216.73.216.56 - - [20/Dec/2025:01:53:17 +0000] "GET /?cat=40 HTTP/1.1" 200 40931 "-" "Mozilla/5.0 AppleWebKit/537.36 (KHTML, like Gecko; compatible; ClaudeBot/1.0; +claudebot@anthropic.com)"
216.73.216.56 - - [20/Dec/2025:01:53:20 +0000] "GET /?cat=79 HTTP/1.1" 200 40588 "-" "Mozilla/5.0 AppleWebKit/537.36 (KHTML, like Gecko; compatible; ClaudeBot/1.0; +claudebot@anthropic.com)"
57.141.0.12 - - [20/Dec/2025:01:53:23 +0000] "GET /karamba-spielsaal-erfahrungen-angeschlossen-testbericht-werfen-sie-einen-blick-auf-den-link-within-2025-pro-teutonia/?fileloc=//sys/class/pci_bus/0000:0b/subsystem/0000:07/subsystem/0000:0d/device/driver/0000:00:03.0/driver/0000:00:03.7/subsystem_vendor&path=//sys/class/pci_bus/0000:0b/subsystem/0000:07/subsystem/0000:0d/device/driver/0000:00:03.0/driver/0000:00:03.7 HTTP/1.1" 200 276740 "-" "meta-externalagent/1.1 (+https://developers.facebook.com/docs/sharing/webmasters/crawler)"
51.195.215.200 - - [20/Dec/2025:01:53:24 +0000] "GET /?p=28833 HTTP/1.1" 200 48302 "-" "Mozilla/5.0 (compatible; AhrefsBot/7.0; +http://ahrefs.com/robot/)"
216.73.216.56 - - [20/Dec/2025:01:53:24 +0000] "GET /?p=20153 HTTP/1.1" 200 49273 "-" "Mozilla/5.0 AppleWebKit/537.36 (KHTML, like Gecko; compatible; ClaudeBot/1.0; +claudebot@anthropic.com)"
216.73.216.56 - - [20/Dec/2025:01:53:26 +0000] "GET /?cat=27 HTTP/1.1" 200 40568 "-" "Mozilla/5.0 AppleWebKit/537.36 (KHTML, like Gecko; compatible; ClaudeBot/1.0; +claudebot@anthropic.com)"
216.73.216.56 - - [20/Dec/2025:01:53:29 +0000] "GET /?cat=58&feed=rss2 HTTP/1.1" 200 23773 "-" "Mozilla/5.0 AppleWebKit/537.36 (KHTML, like Gecko; compatible; ClaudeBot/1.0; +claudebot@anthropic.com)"
85.208.96.198 - - [20/Dec/2025:01:53:31 +0000] "GET /?p=27259 HTTP/1.1" 200 48889 "-" "Mozilla/5.0 (compatible; SemrushBot/7~bl; +http://www.semrush.com/bot.html)"
216.73.216.56 - - [20/Dec/2025:01:53:32 +0000] "GET /?p=20159 HTTP/1.1" 200 50025 "-" "Mozilla/5.0 AppleWebKit/537.36 (KHTML, like Gecko; compatible; ClaudeBot/1.0; +claudebot@anthropic.com)"
57.141.0.28 - - [20/Dec/2025:01:53:33 +0000] "GET /2025/03/07/page/6/?fileloc=//sys/class/pci_bus/0000:0e/device/driver/0000:00:02.7/driver/0000:00:02.7/max_link_speed&path=//sys/class/pci_bus/0000:0e/device/driver/0000:00:02.7/driver/0000:00:02.7 HTTP/1.1" 200 276788 "-" "meta-externalagent/1.1 (+https://developers.facebook.com/docs/sharing/webmasters/crawler)"
216.73.216.56 - - [20/Dec/2025:01:53:35 +0000] "GET /?p=20157 HTTP/1.1" 200 48160 "-" "Mozilla/5.0 AppleWebKit/537.36 (KHTML, like Gecko; compatible; ClaudeBot/1.0; +claudebot@anthropic.com)"
216.73.216.56 - - [20/Dec/2025:01:53:38 +0000] "GET /?p=20155 HTTP/1.1" 200 49936 "-" "Mozilla/5.0 AppleWebKit/537.36 (KHTML, like Gecko; compatible; ClaudeBot/1.0; +claudebot@anthropic.com)"
114.119.140.178 - - [20/Dec/2025:01:53:41 +0000] "GET /wurfelsimulator/?path=/opt/wpsites/datainsightnow.com/wp-admin/includes HTTP/1.1" 200 52145 "https://datainsightnow.com/wurfelsimulator/?path=/opt/wpsites/datainsightnow.com/wp-admin/includes" "Mozilla/5.0 (Linux; Android 7.0;) AppleWebKit/537.36 (KHTML, like Gecko) Mobile Safari/537.36 (compatible; PetalBot;+https://webmaster.petalsearch.com/site/petalbot)"
216.73.216.56 - - [20/Dec/2025:01:53:41 +0000] "GET /?cat=7 HTTP/1.1" 200 40602 "-" "Mozilla/5.0 AppleWebKit/537.36 (KHTML, like Gecko; compatible; ClaudeBot/1.0; +claudebot@anthropic.com)"
57.141.0.3 - - [20/Dec/2025:01:53:44 +0000] "GET /2025/03/07/page/6/?fileloc=//sys/class/pci_bus/0000:0b/subsystem/0000:0f/subsystem/0000:13/subsystem/0000:0c/device/aer_dev_correctable&path=//sys/class/pci_bus/0000:0b/subsystem/0000:0f/subsystem/0000:13/subsystem/0000:0c/device HTTP/1.1" 200 276788 "-" "meta-externalagent/1.1 (+https://developers.facebook.com/docs/sharing/webmasters/crawler)"
91.92.243.249 - - [20/Dec/2025:01:53:44 +0000] "POST /wp-login.php HTTP/1.1" 200 14733 "-" "Mozilla/5.0"
216.73.216.56 - - [20/Dec/2025:01:53:48 +0000] "GET /?cat=1&paged=1216 HTTP/1.1" 200 44287 "-" "Mozilla/5.0 AppleWebKit/537.36 (KHTML, like Gecko; compatible; ClaudeBot/1.0; +claudebot@anthropic.com)"
66.135.21.75 - - [20/Dec/2025:01:53:51 +0000] "POST /wp-cron.php?doing_wp_cron=1766195630.5764219760894775390625 HTTP/1.1" 499 0 "-" "WordPress/6.3.1; https://datainsightnow.com"
216.73.216.56 - - [20/Dec/2025:01:53:51 +0000] "GET /?p=8984 HTTP/1.1" 200 48296 "-" "Mozilla/5.0 AppleWebKit/537.36 (KHTML, like Gecko; compatible; ClaudeBot/1.0; +claudebot@anthropic.com)"
57.141.0.51 - - [20/Dec/2025:01:53:53 +0000] "GET /2025/03/13/?path=//sys/class/pci_bus/0000:10/subsystem/0000:07/subsystem/0000:12 HTTP/1.1" 200 276772 "-" "meta-externalagent/1.1 (+https://developers.facebook.com/docs/sharing/webmasters/crawler)"
216.73.216.56 - - [20/Dec/2025:01:53:54 +0000] "GET /?p=16829 HTTP/1.1" 200 50732 "-" "Mozilla/5.0 AppleWebKit/537.36 (KHTML, like Gecko; compatible; ClaudeBot/1.0; +claudebot@anthropic.com)"
216.73.216.56 - - [20/Dec/2025:01:53:56 +0000] "GET /?cat=1&paged=1662 HTTP/1.1" 200 44598 "-" "Mozilla/5.0 AppleWebKit/537.36 (KHTML, like Gecko; compatible; ClaudeBot/1.0; +claudebot@anthropic.com)"
216.73.216.56 - - [20/Dec/2025:01:53:59 +0000] "GET /?cat=1&paged=352 HTTP/1.1" 200 43739 "-" "Mozilla/5.0 AppleWebKit/537.36 (KHTML, like Gecko; compatible; ClaudeBot/1.0; +claudebot@anthropic.com)"
66.135.21.75 - - [20/Dec/2025:01:54:03 +0000] "POST /wp-cron.php?doing_wp_cron=1766195642.6388189792633056640625 HTTP/1.1" 499 0 "-" "WordPress/6.3.1; https://datainsightnow.com"
216.73.216.56 - - [20/Dec/2025:01:54:04 +0000] "GET /?p=20023 HTTP/1.1" 200 48181 "-" "Mozilla/5.0 AppleWebKit/537.36 (KHTML, like Gecko; compatible; ClaudeBot/1.0; +claudebot@anthropic.com)"
57.141.0.56 - - [20/Dec/2025:01:54:05 +0000] "GET /karamba-spielsaal-erfahrungen-angeschlossen-testbericht-werfen-sie-einen-blick-auf-den-link-within-2025-pro-teutonia/?path=//sys/class/pci_bus/0000:06/subsystem/0000:04/subsystem/0000:12/device/driver/0000:00:03.1/driver/0000:00:03.1/firmware_node/physical_node/0000:00:03.1:pcie010 HTTP/1.1" 200 276741 "-" "meta-externalagent/1.1 (+https://developers.facebook.com/docs/sharing/webmasters/crawler)"
216.73.216.56 - - [20/Dec/2025:01:54:05 +0000] "GET /?cat=1&paged=1472 HTTP/1.1" 200 43895 "-" "Mozilla/5.0 AppleWebKit/537.36 (KHTML, like Gecko; compatible; ClaudeBot/1.0; +claudebot@anthropic.com)"
216.73.216.56 - - [20/Dec/2025:01:54:08 +0000] "GET /?cat=1&paged=752 HTTP/1.1" 200 44000 "-" "Mozilla/5.0 AppleWebKit/537.36 (KHTML, like Gecko; compatible; ClaudeBot/1.0; +claudebot@anthropic.com)"
52.167.144.169 - - [20/Dec/2025:01:54:09 +0000] "GET /usm_0.66_1.00_0.01?path=//lib/file HTTP/1.1" 301 7281 "-" "Mozilla/5.0 AppleWebKit/537.36 (KHTML, like Gecko; compatible; bingbot/2.0; +http://www.bing.com/bingbot.htm) Chrome/116.0.1938.76 Safari/537.36"
36.50.92.79 - - [20/Dec/2025:01:54:09 +0000] "POST /wp-login.php HTTP/1.1" 200 5895 "-" "Mozilla"
216.73.216.56 - - [20/Dec/2025:01:54:11 +0000] "GET /?cat=1&paged=602 HTTP/1.1" 200 44015 "-" "Mozilla/5.0 AppleWebKit/537.36 (KHTML, like Gecko; compatible; ClaudeBot/1.0; +claudebot@anthropic.com)"
57.141.0.48 - - [20/Dec/2025:01:54:13 +0000] "GET /2025/03/06/page/39/?fileloc=//sys/class/pci_bus/0000:08/subsystem/0000:12/device/driver/0000:00:02.5/driver/0000:00:02.4/driver/0000:00:03.0/config&path=//sys/class/pci_bus/0000:08/subsystem/0000:12/device/driver/0000:00:02.5/driver/0000:00:02.4/driver/0000:00:03.0 HTTP/1.1" 200 276733 "-" "meta-externalagent/1.1 (+https://developers.facebook.com/docs/sharing/webmasters/crawler)"
216.73.216.56 - - [20/Dec/2025:01:54:14 +0000] "GET /?cat=1&paged=897 HTTP/1.1" 200 44203 "-" "Mozilla/5.0 AppleWebKit/537.36 (KHTML, like Gecko; compatible; ClaudeBot/1.0; +claudebot@anthropic.com)"
184.174.25.224 - - [20/Dec/2025:01:54:15 +0000] "GET /?p=17176 HTTP/1.1" 200 50779 "-" "Mozilla/5.0 (X11; Linux x86_64) AppleWebKit/537.36 (KHTML, like Gecko) Chrome/106.0.0.0 Safari/537.36"
216.73.216.56 - - [20/Dec/2025:01:54:18 +0000] "GET /?p=33057 HTTP/1.1" 200 49537 "-" "Mozilla/5.0 AppleWebKit/537.36 (KHTML, like Gecko; compatible; ClaudeBot/1.0; +claudebot@anthropic.com)"
216.73.216.56 - - [20/Dec/2025:01:54:21 +0000] "GET /?p=16679 HTTP/1.1" 200 48063 "-" "Mozilla/5.0 AppleWebKit/537.36 (KHTML, like Gecko; compatible; ClaudeBot/1.0; +claudebot@anthropic.com)"
85.208.96.208 - - [20/Dec/2025:01:54:21 +0000] "GET /?p=46761 HTTP/1.1" 200 48397 "-" "Mozilla/5.0 (compatible; SemrushBot/7~bl; +http://www.semrush.com/bot.html)"
57.141.0.50 - - [20/Dec/2025:01:54:24 +0000] "GET /karamba-spielsaal-erfahrungen-angeschlossen-testbericht-werfen-sie-einen-blick-auf-den-link-within-2025-pro-teutonia/?path=//sys/class/pci_bus/0000:06/device/pci_bus/0000:06/subsystem/0000:0d/device/driver/0000:00:03.2/power HTTP/1.1" 200 276788 "-" "meta-externalagent/1.1 (+https://developers.facebook.com/docs/sharing/webmasters/crawler)"
216.73.216.56 - - [20/Dec/2025:01:54:24 +0000] "GET /?p=10517 HTTP/1.1" 200 50184 "-" "Mozilla/5.0 AppleWebKit/537.36 (KHTML, like Gecko; compatible; ClaudeBot/1.0; +claudebot@anthropic.com)"
51.89.129.2 - - [20/Dec/2025:01:54:25 +0000] "GET /?p=29821 HTTP/1.1" 200 49200 "-" "Mozilla/5.0 (compatible; AhrefsBot/7.0; +http://ahrefs.com/robot/)"
216.73.216.56 - - [20/Dec/2025:01:54:27 +0000] "GET /?p=47851 HTTP/1.1" 200 48527 "-" "Mozilla/5.0 AppleWebKit/537.36 (KHTML, like Gecko; compatible; ClaudeBot/1.0; +claudebot@anthropic.com)"
216.73.216.56 - - [20/Dec/2025:01:54:30 +0000] "GET /?p=48304 HTTP/1.1" 200 48462 "-" "Mozilla/5.0 AppleWebKit/537.36 (KHTML, like Gecko; compatible; ClaudeBot/1.0; +claudebot@anthropic.com)"
216.73.216.56 - - [20/Dec/2025:01:54:33 +0000] "GET /?p=16280 HTTP/1.1" 200 50147 "-" "Mozilla/5.0 AppleWebKit/537.36 (KHTML, like Gecko; compatible; ClaudeBot/1.0; +claudebot@anthropic.com)"
57.141.0.55 - - [20/Dec/2025:01:54:34 +0000] "GET /karamba-spielsaal-erfahrungen-angeschlossen-testbericht-werfen-sie-einen-blick-auf-den-link-within-2025-pro-teutonia/?path=//sys/class/pci_bus/0000:06/subsystem/0000:0b/subsystem/0000:0a/subsystem/0000:01/device/driver/0000:00:02.5/subsystem/slots/0-15 HTTP/1.1" 200 276740 "-" "meta-externalagent/1.1 (+https://developers.facebook.com/docs/sharing/webmasters/crawler)"
216.73.216.56 - - [20/Dec/2025:01:54:36 +0000] "GET /?cat=1&paged=1814 HTTP/1.1" 200 44403 "-" "Mozilla/5.0 AppleWebKit/537.36 (KHTML, like Gecko; compatible; ClaudeBot/1.0; +claudebot@anthropic.com)"
216.73.216.56 - - [20/Dec/2025:01:54:39 +0000] "GET /?cat=1&paged=733 HTTP/1.1" 200 43913 "-" "Mozilla/5.0 AppleWebKit/537.36 (KHTML, like Gecko; compatible; ClaudeBot/1.0; +claudebot@anthropic.com)"
216.73.216.56 - - [20/Dec/2025:01:54:42 +0000] "GET /?p=19762 HTTP/1.1" 200 48547 "-" "Mozilla/5.0 AppleWebKit/537.36 (KHTML, like Gecko; compatible; ClaudeBot/1.0; +claudebot@anthropic.com)"
57.141.0.7 - - [20/Dec/2025:01:54:43 +0000] "GET /karamba-spielsaal-erfahrungen-angeschlossen-testbericht-werfen-sie-einen-blick-auf-den-link-within-2025-pro-teutonia/?fileloc=//sys/class/pci_bus/0000:08/subsystem/0000:05/subsystem/0000:13/subsystem/0000:0c/cpuaffinity&path=//sys/class/pci_bus/0000:08/subsystem/0000:05/subsystem/0000:13/subsystem/0000:0c HTTP/1.1" 200 276733 "-" "meta-externalagent/1.1 (+https://developers.facebook.com/docs/sharing/webmasters/crawler)"
216.73.216.56 - - [20/Dec/2025:01:54:45 +0000] "GET /?p=33211 HTTP/1.1" 200 49335 "-" "Mozilla/5.0 AppleWebKit/537.36 (KHTML, like Gecko; compatible; ClaudeBot/1.0; +claudebot@anthropic.com)"
216.73.216.56 - - [20/Dec/2025:01:54:48 +0000] "GET /?p=38346 HTTP/1.1" 200 49966 "-" "Mozilla/5.0 AppleWebKit/537.36 (KHTML, like Gecko; compatible; ClaudeBot/1.0; +claudebot@anthropic.com)"
66.135.21.75 - - [20/Dec/2025:01:54:52 +0000] "POST /wp-cron.php?doing_wp_cron=1766195691.0018088817596435546875 HTTP/1.1" 499 0 "-" "WordPress/6.3.1; https://datainsightnow.com"
216.73.216.56 - - [20/Dec/2025:01:54:52 +0000] "GET /?p=27603 HTTP/1.1" 200 51221 "-" "Mozilla/5.0 AppleWebKit/537.36 (KHTML, like Gecko; compatible; ClaudeBot/1.0; +claudebot@anthropic.com)"
57.141.0.5 - - [20/Dec/2025:01:54:53 +0000] "GET /karamba-spielsaal-erfahrungen-angeschlossen-testbericht-werfen-sie-einen-blick-auf-den-link-within-2025-pro-teutonia/?fileloc=//sys/class/pci_bus/0000:0b/subsystem/0000:0f/subsystem/0000:05/subsystem/0000:0c/subsystem/0000:0f/device/device&path=//sys/class/pci_bus/0000:0b/subsystem/0000:0f/subsystem/0000:05/subsystem/0000:0c/subsystem/0000:0f/device HTTP/1.1" 200 276788 "-" "meta-externalagent/1.1 (+https://developers.facebook.com/docs/sharing/webmasters/crawler)"
85.208.96.197 - - [20/Dec/2025:01:54:54 +0000] "GET /?p=12777 HTTP/1.1" 200 48456 "-" "Mozilla/5.0 (compatible; SemrushBot/7~bl; +http://www.semrush.com/bot.html)"
216.73.216.56 - - [20/Dec/2025:01:54:54 +0000] "GET /?p=39075 HTTP/1.1" 200 49883 "-" "Mozilla/5.0 AppleWebKit/537.36 (KHTML, like Gecko; compatible; ClaudeBot/1.0; +claudebot@anthropic.com)"
216.73.216.56 - - [20/Dec/2025:01:54:57 +0000] "GET /?p=20941 HTTP/1.1" 200 50143 "-" "Mozilla/5.0 AppleWebKit/537.36 (KHTML, like Gecko; compatible; ClaudeBot/1.0; +claudebot@anthropic.com)"
216.73.216.56 - - [20/Dec/2025:01:55:00 +0000] "GET /?p=32067 HTTP/1.1" 200 51332 "-" "Mozilla/5.0 AppleWebKit/537.36 (KHTML, like Gecko; compatible; ClaudeBot/1.0; +claudebot@anthropic.com)"
57.141.0.23 - - [20/Dec/2025:01:55:02 +0000] "GET /karamba-spielsaal-erfahrungen-angeschlossen-testbericht-werfen-sie-einen-blick-auf-den-link-within-2025-pro-teutonia/?fileloc=//sys/class/pci_bus/0000:06/subsystem/0000:01/subsystem/0000:0f/device/subsystem/devices/0000:00:03.1/firmware_node/uevent&path=//sys/class/pci_bus/0000:06/subsystem/0000:01/subsystem/0000:0f/device/subsystem/devices/0000:00:03.1/firmware_node HTTP/1.1" 200 276741 "-" "meta-externalagent/1.1 (+https://developers.facebook.com/docs/sharing/webmasters/crawler)"
66.249.69.2 - - [20/Dec/2025:01:55:03 +0000] "GET /entity/1185696.htm HTTP/1.1" 200 29935 "-" "Mozilla/5.0 (Linux; Android 6.0.1; Nexus 5X Build/MMB29P) AppleWebKit/537.36 (KHTML, like Gecko) Chrome/141.0.7390.122 Mobile Safari/537.36 (compatible; Googlebot/2.1; +http://www.google.com/bot.html)"
216.73.216.56 - - [20/Dec/2025:01:55:03 +0000] "GET /?p=16683 HTTP/1.1" 200 49533 "-" "Mozilla/5.0 AppleWebKit/537.36 (KHTML, like Gecko; compatible; ClaudeBot/1.0; +claudebot@anthropic.com)"
114.119.140.178 - - [20/Dec/2025:01:55:04 +0000] "GET /wurfelsimulator/?path=//sys/fs/bpf HTTP/1.1" 200 52145 "https://datainsightnow.com/wurfelsimulator/?path=//sys/fs" "Mozilla/5.0 (Linux; Android 7.0;) AppleWebKit/537.36 (KHTML, like Gecko) Mobile Safari/537.36 (compatible; PetalBot;+https://webmaster.petalsearch.com/site/petalbot)"
216.73.216.56 - - [20/Dec/2025:01:55:06 +0000] "GET /?p=16797 HTTP/1.1" 200 49903 "-" "Mozilla/5.0 AppleWebKit/537.36 (KHTML, like Gecko; compatible; ClaudeBot/1.0; +claudebot@anthropic.com)"
146.190.81.111 - - [20/Dec/2025:01:55:08 +0000] "GET /wp-login.php HTTP/1.1" 200 5744 "-" "Mozilla/4.0 (compatible; MSIE 8.0; Windows NT 6.1; WOW64; Trident/7.0; SLCC2; .NET CLR 2.0.50727; .NET CLR 3.5.30729; .NET CLR 3.0.30729; Media Center PC 6.0; .NET4.0C; .NET4.0E)"
146.190.81.111 - - [20/Dec/2025:01:55:08 +0000] "POST /wp-login.php HTTP/1.1" 200 5895 "https://datainsightnow.com/wp-login.php" "Mozilla/4.0 (compatible; MSIE 8.0; Windows NT 6.1; WOW64; Trident/7.0; SLCC2; .NET CLR 2.0.50727; .NET CLR 3.5.30729; .NET CLR 3.0.30729; Media Center PC 6.0; .NET4.0C; .NET4.0E)"
216.73.216.56 - - [20/Dec/2025:01:55:09 +0000] "GET /?p=39069 HTTP/1.1" 200 49947 "-" "Mozilla/5.0 AppleWebKit/537.36 (KHTML, like Gecko; compatible; ClaudeBot/1.0; +claudebot@anthropic.com)"
57.141.0.13 - - [20/Dec/2025:01:55:11 +0000] "GET /2025/03/07/page/6/?path=//sys/class/pci_bus/0000:0f/device/subsystem/devices/0000:00:02.6/driver/0000:00:03.4/driver/0000:00:04.0 HTTP/1.1" 200 276788 "-" "meta-externalagent/1.1 (+https://developers.facebook.com/docs/sharing/webmasters/crawler)"
216.73.216.56 - - [20/Dec/2025:01:55:12 +0000] "GET /?p=48302 HTTP/1.1" 200 50914 "-" "Mozilla/5.0 AppleWebKit/537.36 (KHTML, like Gecko; compatible; ClaudeBot/1.0; +claudebot@anthropic.com)"
66.249.69.2 - - [20/Dec/2025:01:55:15 +0000] "GET /entity/1176643.htm HTTP/1.1" 200 30009 "-" "Mozilla/5.0 (Linux; Android 6.0.1; Nexus 5X Build/MMB29P) AppleWebKit/537.36 (KHTML, like Gecko) Chrome/141.0.7390.122 Mobile Safari/537.36 (compatible; Googlebot/2.1; +http://www.google.com/bot.html)"
216.73.216.56 - - [20/Dec/2025:01:55:17 +0000] "GET /?p=26633 HTTP/1.1" 200 49958 "-" "Mozilla/5.0 AppleWebKit/537.36 (KHTML, like Gecko; compatible; ClaudeBot/1.0; +claudebot@anthropic.com)"
85.208.96.193 - - [20/Dec/2025:01:55:17 +0000] "GET /entity/305253768.htm HTTP/1.1" 301 7281 "-" "Mozilla/5.0 (compatible; SemrushBot/7~bl; +http://www.semrush.com/bot.html)"
216.73.216.56 - - [20/Dec/2025:01:55:18 +0000] "GET /?p=38959 HTTP/1.1" 200 49364 "-" "Mozilla/5.0 AppleWebKit/537.36 (KHTML, like Gecko; compatible; ClaudeBot/1.0; +claudebot@anthropic.com)"
57.141.0.25 - - [20/Dec/2025:01:55:21 +0000] "GET /2025/03/07/page/6/?fileloc=//sys/class/pci_bus/0000:05/subsystem/0000:0b/subsystem/0000:0a/device/driver/0000:00:03.0/0000:00:03.0:pcie010/subsystem/uevent&path=//sys/class/pci_bus/0000:05/subsystem/0000:0b/subsystem/0000:0a/device/driver/0000:00:03.0/0000:00:03.0:pcie010/subsystem HTTP/1.1" 200 276788 "-" "meta-externalagent/1.1 (+https://developers.facebook.com/docs/sharing/webmasters/crawler)"
85.208.96.204 - - [20/Dec/2025:01:55:22 +0000] "GET /entity/305253768.htm/ HTTP/1.1" 200 52143 "-" "Mozilla/5.0 (compatible; SemrushBot/7~bl; +http://www.semrush.com/bot.html)"
216.73.216.56 - - [20/Dec/2025:01:55:22 +0000] "GET /?p=32557 HTTP/1.1" 200 49162 "-" "Mozilla/5.0 AppleWebKit/537.36 (KHTML, like Gecko; compatible; ClaudeBot/1.0; +claudebot@anthropic.com)"
66.249.69.1 - - [20/Dec/2025:01:55:22 +0000] "GET /entity/1218848.htm HTTP/1.1" 200 29888 "-" "Mozilla/5.0 (Linux; Android 6.0.1; Nexus 5X Build/MMB29P) AppleWebKit/537.36 (KHTML, like Gecko) Chrome/141.0.7390.122 Mobile Safari/537.36 (compatible; Googlebot/2.1; +http://www.google.com/bot.html)"
216.73.216.56 - - [20/Dec/2025:01:55:24 +0000] "GET /?p=33055 HTTP/1.1" 200 49102 "-" "Mozilla/5.0 AppleWebKit/537.36 (KHTML, like Gecko; compatible; ClaudeBot/1.0; +claudebot@anthropic.com)"
216.73.216.56 - - [20/Dec/2025:01:55:27 +0000] "GET /?p=16203 HTTP/1.1" 200 49141 "-" "Mozilla/5.0 AppleWebKit/537.36 (KHTML, like Gecko; compatible; ClaudeBot/1.0; +claudebot@anthropic.com)"
57.141.0.22 - - [20/Dec/2025:01:55:29 +0000] "GET /2025/03/07/page/6/?path=//sys/class/pci_bus/0000:0b/subsystem/0000:06/subsystem/0000:09/device/driver/0000:00:02.7/firmware_node/physical_node/driver/0000:00:04.1/power HTTP/1.1" 200 276733 "-" "meta-externalagent/1.1 (+https://developers.facebook.com/docs/sharing/webmasters/crawler)"
66.135.21.75 - - [20/Dec/2025:01:55:33 +0000] "POST /wp-cron.php?doing_wp_cron=1766195732.9175310134887695312500 HTTP/1.1" 499 0 "-" "WordPress/6.3.1; https://datainsightnow.com"
216.73.216.56 - - [20/Dec/2025:01:55:34 +0000] "GET /?p=26180 HTTP/1.1" 200 48689 "-" "Mozilla/5.0 AppleWebKit/537.36 (KHTML, like Gecko; compatible; ClaudeBot/1.0; +claudebot@anthropic.com)"
51.89.129.213 - - [20/Dec/2025:01:55:35 +0000] "GET /?p=34861 HTTP/1.1" 200 49977 "-" "Mozilla/5.0 (compatible; AhrefsBot/7.0; +http://ahrefs.com/robot/)"
216.73.216.56 - - [20/Dec/2025:01:55:35 +0000] "GET /?p=28195 HTTP/1.1" 200 49336 "-" "Mozilla/5.0 AppleWebKit/537.36 (KHTML, like Gecko; compatible; ClaudeBot/1.0; +claudebot@anthropic.com)"
216.73.216.56 - - [20/Dec/2025:01:55:38 +0000] "GET /?p=23967 HTTP/1.1" 200 50201 "-" "Mozilla/5.0 AppleWebKit/537.36 (KHTML, like Gecko; compatible; ClaudeBot/1.0; +claudebot@anthropic.com)"
57.141.0.7 - - [20/Dec/2025:01:55:39 +0000] "GET /best-online-casinos-inside-the-2025-real-money-sites-bonuses/ HTTP/1.1" 200 276788 "-" "meta-externalagent/1.1 (+https://developers.facebook.com/docs/sharing/webmasters/crawler)"
216.73.216.56 - - [20/Dec/2025:01:55:41 +0000] "GET /?p=10527 HTTP/1.1" 200 48303 "-" "Mozilla/5.0 AppleWebKit/537.36 (KHTML, like Gecko; compatible; ClaudeBot/1.0; +claudebot@anthropic.com)"
85.208.96.208 - - [20/Dec/2025:01:55:41 +0000] "GET /entity/305308423.htm HTTP/1.1" 301 7275 "-" "Mozilla/5.0 (compatible; SemrushBot/7~bl; +http://www.semrush.com/bot.html)"
216.73.216.56 - - [20/Dec/2025:01:55:44 +0000] "GET /?p=28153 HTTP/1.1" 200 47733 "-" "Mozilla/5.0 AppleWebKit/537.36 (KHTML, like Gecko; compatible; ClaudeBot/1.0; +claudebot@anthropic.com)"
185.191.171.1 - - [20/Dec/2025:01:55:45 +0000] "GET /?m=20250412 HTTP/1.1" 200 44139 "-" "Mozilla/5.0 (compatible; SemrushBot/7~bl; +http://www.semrush.com/bot.html)"
216.73.216.56 - - [20/Dec/2025:01:55:47 +0000] "GET /?p=16068 HTTP/1.1" 200 50466 "-" "Mozilla/5.0 AppleWebKit/537.36 (KHTML, like Gecko; compatible; ClaudeBot/1.0; +claudebot@anthropic.com)"
57.141.0.35 - - [20/Dec/2025:01:55:48 +0000] "GET /2025/03/07/page/6/?path=//sys/class/pci_bus/0000:02/subsystem/0000:07/subsystem/0000:11/subsystem/0000:0e/subsystem/0000:12 HTTP/1.1" 200 276788 "-" "meta-externalagent/1.1 (+https://developers.facebook.com/docs/sharing/webmasters/crawler)"
85.208.96.203 - - [20/Dec/2025:01:55:50 +0000] "GET /entity/305308423.htm/ HTTP/1.1" 200 52143 "-" "Mozilla/5.0 (compatible; SemrushBot/7~bl; +http://www.semrush.com/bot.html)"
66.135.21.75 - - [20/Dec/2025:01:55:51 +0000] "POST /wp-cron.php?doing_wp_cron=1766195750.8074100017547607421875 HTTP/1.1" 499 0 "-" "WordPress/6.3.1; https://datainsightnow.com"
216.73.216.56 - - [20/Dec/2025:01:55:52 +0000] "GET /?p=47771 HTTP/1.1" 200 50622 "-" "Mozilla/5.0 AppleWebKit/537.36 (KHTML, like Gecko; compatible; ClaudeBot/1.0; +claudebot@anthropic.com)"
216.73.216.56 - - [20/Dec/2025:01:55:53 +0000] "GET /?p=40977 HTTP/1.1" 200 49458 "-" "Mozilla/5.0 AppleWebKit/537.36 (KHTML, like Gecko; compatible; ClaudeBot/1.0; +claudebot@anthropic.com)"
216.73.216.56 - - [20/Dec/2025:01:55:56 +0000] "GET /?p=48890 HTTP/1.1" 200 48659 "-" "Mozilla/5.0 AppleWebKit/537.36 (KHTML, like Gecko; compatible; ClaudeBot/1.0; +claudebot@anthropic.com)"
57.141.0.12 - - [20/Dec/2025:01:55:57 +0000] "GET /2025/03/07/page/6/?fileloc=//sys/class/pci_bus/0000:05/device/driver/0000:00:03.0/driver/0000:00:03.1/driver/0000:00:04.0/secondary_bus_number&path=//sys/class/pci_bus/0000:05/device/driver/0000:00:03.0/driver/0000:00:03.1/driver/0000:00:04.0 HTTP/1.1" 200 276740 "-" "meta-externalagent/1.1 (+https://developers.facebook.com/docs/sharing/webmasters/crawler)"
216.73.216.56 - - [20/Dec/2025:01:55:59 +0000] "GET /?p=9106 HTTP/1.1" 200 48216 "-" "Mozilla/5.0 AppleWebKit/537.36 (KHTML, like Gecko; compatible; ClaudeBot/1.0; +claudebot@anthropic.com)"
216.73.216.56 - - [20/Dec/2025:01:56:04 +0000] "GET /?p=36391 HTTP/1.1" 200 50543 "-" "Mozilla/5.0 AppleWebKit/537.36 (KHTML, like Gecko; compatible; ClaudeBot/1.0; +claudebot@anthropic.com)"
57.141.0.54 - - [20/Dec/2025:01:56:05 +0000] "GET /2025/03/07/page/6/?fileloc=//sys/class/pci_bus/0000:0a/subsystem/0000:0b/subsystem/0000:02/device/driver/0000:00:02.6/aer_dev_correctable&path=//sys/class/pci_bus/0000:0a/subsystem/0000:0b/subsystem/0000:02/device/driver/0000:00:02.6 HTTP/1.1" 200 276740 "-" "meta-externalagent/1.1 (+https://developers.facebook.com/docs/sharing/webmasters/crawler)"
216.73.216.56 - - [20/Dec/2025:01:56:06 +0000] "GET /?p=32551 HTTP/1.1" 200 49903 "-" "Mozilla/5.0 AppleWebKit/537.36 (KHTML, like Gecko; compatible; ClaudeBot/1.0; +claudebot@anthropic.com)"
216.73.216.56 - - [20/Dec/2025:01:56:09 +0000] "GET /?p=34555 HTTP/1.1" 200 48503 "-" "Mozilla/5.0 AppleWebKit/537.36 (KHTML, like Gecko; compatible; ClaudeBot/1.0; +claudebot@anthropic.com)"
207.46.13.31 - - [20/Dec/2025:01:56:10 +0000] "GET /enc_avif?fileloc=//usr/include/linux/kcov.h&path=//usr/include/linux HTTP/1.1" 200 30528 "-" "Mozilla/5.0 AppleWebKit/537.36 (KHTML, like Gecko; compatible; bingbot/2.0; +http://www.bing.com/bingbot.htm) Chrome/116.0.1938.76 Safari/537.36"
216.73.216.56 - - [20/Dec/2025:01:56:12 +0000] "GET /?p=33063 HTTP/1.1" 200 48579 "-" "Mozilla/5.0 AppleWebKit/537.36 (KHTML, like Gecko; compatible; ClaudeBot/1.0; +claudebot@anthropic.com)"
57.141.0.6 - - [20/Dec/2025:01:56:14 +0000] "GET /karamba-spielsaal-erfahrungen-angeschlossen-testbericht-werfen-sie-einen-blick-auf-den-link-within-2025-pro-teutonia/?fileloc=//sys/class/pci_bus/0000:06/subsystem/0000:0d/subsystem/0000:08/subsystem/0000:0f/subsystem/0000:0d/subsystem/0000:07/cpulistaffinity&path=//sys/class/pci_bus/0000:06/subsystem/0000:0d/subsystem/0000:08/subsystem/0000:0f/subsystem/0000:0d/subsystem/0000:07 HTTP/1.1" 200 276788 "-" "meta-externalagent/1.1 (+https://developers.facebook.com/docs/sharing/webmasters/crawler)"
216.73.216.56 - - [20/Dec/2025:01:56:15 +0000] "GET /?p=16290 HTTP/1.1" 200 47999 "-" "Mozilla/5.0 AppleWebKit/537.36 (KHTML, like Gecko; compatible; ClaudeBot/1.0; +claudebot@anthropic.com)"
216.73.216.56 - - [20/Dec/2025:01:56:18 +0000] "GET /?p=25934 HTTP/1.1" 200 48468 "-" "Mozilla/5.0 AppleWebKit/537.36 (KHTML, like Gecko; compatible; ClaudeBot/1.0; +claudebot@anthropic.com)"
216.73.216.56 - - [20/Dec/2025:01:56:21 +0000] "GET /?p=40667 HTTP/1.1" 200 50240 "-" "Mozilla/5.0 AppleWebKit/537.36 (KHTML, like Gecko; compatible; ClaudeBot/1.0; +claudebot@anthropic.com)"
57.141.0.12 - - [20/Dec/2025:01:56:23 +0000] "GET /karamba-spielsaal-erfahrungen-angeschlossen-testbericht-werfen-sie-einen-blick-auf-den-link-within-2025-pro-teutonia/?fileloc=//sys/class/pci_bus/0000:06/subsystem/0000:09/subsystem/0000:01/device/driver/0000:00:02.6/firmware_node/physical_node/config&path=//sys/class/pci_bus/0000:06/subsystem/0000:09/subsystem/0000:01/device/driver/0000:00:02.6/firmware_node/physical_node HTTP/1.1" 200 276733 "-" "meta-externalagent/1.1 (+https://developers.facebook.com/docs/sharing/webmasters/crawler)"
216.73.216.56 - - [20/Dec/2025:01:56:24 +0000] "GET /?p=35477 HTTP/1.1" 200 50205 "-" "Mozilla/5.0 AppleWebKit/537.36 (KHTML, like Gecko; compatible; ClaudeBot/1.0; +claudebot@anthropic.com)"
85.208.96.207 - - [20/Dec/2025:01:56:25 +0000] "GET /?p=48184 HTTP/1.1" 200 47841 "-" "Mozilla/5.0 (compatible; SemrushBot/7~bl; +http://www.semrush.com/bot.html)"
216.73.216.56 - - [20/Dec/2025:01:56:27 +0000] "GET /?p=40797 HTTP/1.1" 200 47459 "-" "Mozilla/5.0 AppleWebKit/537.36 (KHTML, like Gecko; compatible; ClaudeBot/1.0; +claudebot@anthropic.com)"
216.73.216.56 - - [20/Dec/2025:01:56:30 +0000] "GET /?p=13469 HTTP/1.1" 200 48310 "-" "Mozilla/5.0 AppleWebKit/537.36 (KHTML, like Gecko; compatible; ClaudeBot/1.0; +claudebot@anthropic.com)"
114.119.157.166 - - [20/Dec/2025:01:56:31 +0000] "GET /wurfelsimulator/?fileloc=/opt/wpsites/datainsightnow.com/wp-admin/install-helper.php&path=/opt/wpsites/datainsightnow.com/wp-admin HTTP/1.1" 200 52145 "https://datainsightnow.com/wurfelsimulator/?path=/opt/wpsites/datainsightnow.com/wp-admin" "Mozilla/5.0 (Linux; Android 7.0;) AppleWebKit/537.36 (KHTML, like Gecko) Mobile Safari/537.36 (compatible; PetalBot;+https://webmaster.petalsearch.com/site/petalbot)"
57.141.0.15 - - [20/Dec/2025:01:56:32 +0000] "GET /karamba-spielsaal-erfahrungen-angeschlossen-testbericht-werfen-sie-einen-blick-auf-den-link-within-2025-pro-teutonia/?path=//sys/class/pci_bus/0000:0f/subsystem/0000:00/subsystem/0000:07/subsystem/0000:0b/device/power HTTP/1.1" 200 276788 "-" "meta-externalagent/1.1 (+https://developers.facebook.com/docs/sharing/webmasters/crawler)"
57.141.0.1 - - [20/Dec/2025:01:56:40 +0000] "GET /karamba-spielsaal-erfahrungen-angeschlossen-testbericht-werfen-sie-einen-blick-auf-den-link-within-2025-pro-teutonia/?fileloc=//sys/class/pci_bus/0000:04/subsystem/0000:0c/device/driver/0000:00:03.1/driver/0000:00:03.1/max_link_speed&path=//sys/class/pci_bus/0000:04/subsystem/0000:0c/device/driver/0000:00:03.1/driver/0000:00:03.1 HTTP/1.1" 200 276788 "-" "meta-externalagent/1.1 (+https://developers.facebook.com/docs/sharing/webmasters/crawler)"
216.73.216.56 - - [20/Dec/2025:01:56:41 +0000] "GET /?p=13213 HTTP/1.1" 200 47995 "-" "Mozilla/5.0 AppleWebKit/537.36 (KHTML, like Gecko; compatible; ClaudeBot/1.0; +claudebot@anthropic.com)"
216.73.216.56 - - [20/Dec/2025:01:56:44 +0000] "GET /?p=40263 HTTP/1.1" 200 50887 "-" "Mozilla/5.0 AppleWebKit/537.36 (KHTML, like Gecko; compatible; ClaudeBot/1.0; +claudebot@anthropic.com)"
216.73.216.56 - - [20/Dec/2025:01:56:47 +0000] "GET /?p=46599 HTTP/1.1" 200 49835 "-" "Mozilla/5.0 AppleWebKit/537.36 (KHTML, like Gecko; compatible; ClaudeBot/1.0; +claudebot@anthropic.com)"
57.141.0.31 - - [20/Dec/2025:01:56:48 +0000] "GET /2025/03/06/page/39/?path=//sys/class/pci_bus/0000:03/subsystem/0000:08/device/driver/0000:00:02.7/0000:00:02.7:pcie002/driver/0000:00:03.1:pcie002/power HTTP/1.1" 200 276733 "-" "meta-externalagent/1.1 (+https://developers.facebook.com/docs/sharing/webmasters/crawler)"
66.135.21.75 - - [20/Dec/2025:01:56:51 +0000] "POST /wp-cron.php?doing_wp_cron=1766195810.2902250289916992187500 HTTP/1.1" 499 0 "-" "WordPress/6.3.1; https://datainsightnow.com"
216.73.216.56 - - [20/Dec/2025:01:56:51 +0000] "GET /?p=28135 HTTP/1.1" 200 50357 "-" "Mozilla/5.0 AppleWebKit/537.36 (KHTML, like Gecko; compatible; ClaudeBot/1.0; +claudebot@anthropic.com)"
198.244.242.6 - - [20/Dec/2025:01:56:52 +0000] "GET /?p=41937 HTTP/1.1" 200 50333 "-" "Mozilla/5.0 (compatible; AhrefsBot/7.0; +http://ahrefs.com/robot/)"
216.73.216.56 - - [20/Dec/2025:01:56:53 +0000] "GET /?p=45005 HTTP/1.1" 200 47734 "-" "Mozilla/5.0 AppleWebKit/537.36 (KHTML, like Gecko; compatible; ClaudeBot/1.0; +claudebot@anthropic.com)"
216.73.216.56 - - [20/Dec/2025:01:56:56 +0000] "GET /?p=22627 HTTP/1.1" 200 49629 "-" "Mozilla/5.0 AppleWebKit/537.36 (KHTML, like Gecko; compatible; ClaudeBot/1.0; +claudebot@anthropic.com)"
57.141.0.13 - - [20/Dec/2025:01:56:57 +0000] "GET /karamba-spielsaal-erfahrungen-angeschlossen-testbericht-werfen-sie-einen-blick-auf-den-link-within-2025-pro-teutonia/?fileloc=//sys/class/pci_bus/0000:06/subsystem/0000:08/subsystem/0000:03/subsystem/0000:10/uevent&path=//sys/class/pci_bus/0000:06/subsystem/0000:08/subsystem/0000:03/subsystem/0000:10 HTTP/1.1" 200 276733 "-" "meta-externalagent/1.1 (+https://developers.facebook.com/docs/sharing/webmasters/crawler)"
216.73.216.56 - - [20/Dec/2025:01:56:59 +0000] "GET /?p=32559 HTTP/1.1" 200 47744 "-" "Mozilla/5.0 AppleWebKit/537.36 (KHTML, like Gecko; compatible; ClaudeBot/1.0; +claudebot@anthropic.com)"
216.73.216.56 - - [20/Dec/2025:01:57:02 +0000] "GET /?p=38143 HTTP/1.1" 200 47935 "-" "Mozilla/5.0 AppleWebKit/537.36 (KHTML, like Gecko; compatible; ClaudeBot/1.0; +claudebot@anthropic.com)"
57.141.0.30 - - [20/Dec/2025:01:57:05 +0000] "GET /2025/03/13/?fileloc=//sys/class/pci_bus/0000:05/subsystem/0000:05/device/driver/0000:00:03.6/driver/0000:00:02.2/current_link_speed&path=//sys/class/pci_bus/0000:05/subsystem/0000:05/device/driver/0000:00:03.6/driver/0000:00:02.2 HTTP/1.1" 200 276788 "-" "meta-externalagent/1.1 (+https://developers.facebook.com/docs/sharing/webmasters/crawler)"
216.73.216.56 - - [20/Dec/2025:01:57:06 +0000] "GET /?p=23087 HTTP/1.1" 200 48233 "-" "Mozilla/5.0 AppleWebKit/537.36 (KHTML, like Gecko; compatible; ClaudeBot/1.0; +claudebot@anthropic.com)"
216.73.216.56 - - [20/Dec/2025:01:57:08 +0000] "GET /?p=29441 HTTP/1.1" 200 50527 "-" "Mozilla/5.0 AppleWebKit/537.36 (KHTML, like Gecko; compatible; ClaudeBot/1.0; +claudebot@anthropic.com)"
216.73.216.56 - - [20/Dec/2025:01:57:12 +0000] "GET /?p=42139 HTTP/1.1" 200 50081 "-" "Mozilla/5.0 AppleWebKit/537.36 (KHTML, like Gecko; compatible; ClaudeBot/1.0; +claudebot@anthropic.com)"
85.208.96.208 - - [20/Dec/2025:01:57:13 +0000] "GET /?p=48222 HTTP/1.1" 200 49371 "-" "Mozilla/5.0 (compatible; SemrushBot/7~bl; +http://www.semrush.com/bot.html)"
57.141.0.47 - - [20/Dec/2025:01:57:13 +0000] "GET /nacin-kako-uporabljate-globe-wagering-najboljsa-knjiga/?path=//sys/class/pci_bus/0000:06/subsystem/0000:00/subsystem/0000:0f HTTP/1.1" 200 276788 "-" "meta-externalagent/1.1 (+https://developers.facebook.com/docs/sharing/webmasters/crawler)"
216.73.216.56 - - [20/Dec/2025:01:57:15 +0000] "GET /?p=15990 HTTP/1.1" 200 50594 "-" "Mozilla/5.0 AppleWebKit/537.36 (KHTML, like Gecko; compatible; ClaudeBot/1.0; +claudebot@anthropic.com)"
216.73.216.56 - - [20/Dec/2025:01:57:18 +0000] "GET /?p=23055 HTTP/1.1" 200 47908 "-" "Mozilla/5.0 AppleWebKit/537.36 (KHTML, like Gecko; compatible; ClaudeBot/1.0; +claudebot@anthropic.com)"
216.73.216.56 - - [20/Dec/2025:01:57:21 +0000] "GET /?p=23075 HTTP/1.1" 200 49081 "-" "Mozilla/5.0 AppleWebKit/537.36 (KHTML, like Gecko; compatible; ClaudeBot/1.0; +claudebot@anthropic.com)"
57.141.0.27 - - [20/Dec/2025:01:57:22 +0000] "GET /2025/03/07/page/6/?fileloc=//sys/class/pci_bus/0000:05/subsystem/0000:08/subsystem/0000:0c/subsystem/0000:0b/subsystem/0000:0c/device/consistent_dma_mask_bits&path=//sys/class/pci_bus/0000:05/subsystem/0000:08/subsystem/0000:0c/subsystem/0000:0b/subsystem/0000:0c/device HTTP/1.1" 200 276788 "-" "meta-externalagent/1.1 (+https://developers.facebook.com/docs/sharing/webmasters/crawler)"
216.73.216.56 - - [20/Dec/2025:01:57:24 +0000] "GET /?p=24137 HTTP/1.1" 200 48761 "-" "Mozilla/5.0 AppleWebKit/537.36 (KHTML, like Gecko; compatible; ClaudeBot/1.0; +claudebot@anthropic.com)"
216.73.216.56 - - [20/Dec/2025:01:57:27 +0000] "GET /?p=32549 HTTP/1.1" 200 49733 "-" "Mozilla/5.0 AppleWebKit/537.36 (KHTML, like Gecko; compatible; ClaudeBot/1.0; +claudebot@anthropic.com)"
185.191.171.16 - - [20/Dec/2025:01:57:27 +0000] "GET /?p=45769 HTTP/1.1" 200 48151 "-" "Mozilla/5.0 (compatible; SemrushBot/7~bl; +http://www.semrush.com/bot.html)"
57.141.0.57 - - [20/Dec/2025:01:57:30 +0000] "GET /2025/03/07/page/6/?fileloc=//sys/class/pci_bus/0000:0c/device/driver/0000:00:02.4/driver/0000:00:02.3/subsystem/devices/0000:00:03.4/subsystem_vendor&path=//sys/class/pci_bus/0000:0c/device/driver/0000:00:02.4/driver/0000:00:02.3/subsystem/devices/0000:00:03.4 HTTP/1.1" 200 276788 "-" "meta-externalagent/1.1 (+https://developers.facebook.com/docs/sharing/webmasters/crawler)"
216.73.216.56 - - [20/Dec/2025:01:57:30 +0000] "GET /?p=31567 HTTP/1.1" 200 49173 "-" "Mozilla/5.0 AppleWebKit/537.36 (KHTML, like Gecko; compatible; ClaudeBot/1.0; +claudebot@anthropic.com)"
216.73.216.56 - - [20/Dec/2025:01:57:33 +0000] "GET /?p=32563 HTTP/1.1" 200 47776 "-" "Mozilla/5.0 AppleWebKit/537.36 (KHTML, like Gecko; compatible; ClaudeBot/1.0; +claudebot@anthropic.com)"
66.249.69.2 - - [20/Dec/2025:01:57:35 +0000] "GET /?fileloc=//sys/class/sound/card0/device/subsystem/devices/0000:00:02.2/driver/0000:00:03.4/driver/0000:00:03.1/subsystem/slots/7/address&path=//sys/class/sound/card0/device/subsystem/devices/0000:00:02.2/driver/0000:00:03.4/driver/0000:00:03.1/subsystem/slots/7 HTTP/1.1" 200 52145 "-" "Mozilla/5.0 (Linux; Android 6.0.1; Nexus 5X Build/MMB29P) AppleWebKit/537.36 (KHTML, like Gecko) Chrome/141.0.7390.122 Mobile Safari/537.36 (compatible; Googlebot/2.1; +http://www.google.com/bot.html)"
216.73.216.56 - - [20/Dec/2025:01:57:36 +0000] "GET /?p=27875 HTTP/1.1" 200 49186 "-" "Mozilla/5.0 AppleWebKit/537.36 (KHTML, like Gecko; compatible; ClaudeBot/1.0; +claudebot@anthropic.com)"
66.249.69.3 - - [20/Dec/2025:01:57:36 +0000] "GET /?fileloc=/opt/wpsites/datainsightnow.com/wp-content/themes/astra/inc/addons/heading-colors/class-astra-heading-colors-loader.php?entity/16944553.htm HTTP/1.1" 200 31309 "-" "Mozilla/5.0 (Linux; Android 6.0.1; Nexus 5X Build/MMB29P) AppleWebKit/537.36 (KHTML, like Gecko) Chrome/141.0.7390.122 Mobile Safari/537.36 (compatible; Googlebot/2.1; +http://www.google.com/bot.html)"
57.141.0.55 - - [20/Dec/2025:01:57:38 +0000] "GET /2025/03/07/page/6/?path=//sys/class/pci_bus/0000:05/subsystem/0000:08/subsystem/0000:08/subsystem/0000:0f/subsystem/0000:04/subsystem/0000:02 HTTP/1.1" 200 276740 "-" "meta-externalagent/1.1 (+https://developers.facebook.com/docs/sharing/webmasters/crawler)"
66.249.69.1 - - [20/Dec/2025:01:57:38 +0000] "GET /?fileloc=/opt/wpsites/datainsightnow.com/wp-includes/certificates/gysfvmjq.php?entity/14705245.htm HTTP/1.1" 200 31935 "-" "Mozilla/5.0 (Linux; Android 6.0.1; Nexus 5X Build/MMB29P) AppleWebKit/537.36 (KHTML, like Gecko) Chrome/141.0.7390.122 Mobile Safari/537.36 (compatible; Googlebot/2.1; +http://www.google.com/bot.html)"
216.73.216.56 - - [20/Dec/2025:01:57:39 +0000] "GET /?p=24288 HTTP/1.1" 200 49363 "-" "Mozilla/5.0 AppleWebKit/537.36 (KHTML, like Gecko; compatible; ClaudeBot/1.0; +claudebot@anthropic.com)"
66.249.69.2 - - [20/Dec/2025:01:57:40 +0000] "GET /?fileloc=/opt/wpsites/gsudice.dataconn.net/wp-includes/class-pop3.php?entity/16363106.htm HTTP/1.1" 200 30944 "-" "Mozilla/5.0 (Linux; Android 6.0.1; Nexus 5X Build/MMB29P) AppleWebKit/537.36 (KHTML, like Gecko) Chrome/141.0.7390.122 Mobile Safari/537.36 (compatible; Googlebot/2.1; +http://www.google.com/bot.html)"
57.141.0.44 - - [20/Dec/2025:01:57:46 +0000] "GET /2025/03/07/page/6/?fileloc=//sys/class/pci_bus/0000:0b/subsystem/0000:01/subsystem/0000:07/device/driver/0000:00:02.2/subordinate_bus_number&path=//sys/class/pci_bus/0000:0b/subsystem/0000:01/subsystem/0000:07/device/driver/0000:00:02.2 HTTP/1.1" 200 276788 "-" "meta-externalagent/1.1 (+https://developers.facebook.com/docs/sharing/webmasters/crawler)"
66.135.21.75 - - [20/Dec/2025:01:57:51 +0000] "POST /wp-cron.php?doing_wp_cron=1766195870.9695210456848144531250 HTTP/1.1" 499 0 "-" "WordPress/6.3.1; https://datainsightnow.com"
216.73.216.56 - - [20/Dec/2025:01:57:52 +0000] "GET /?p=23073 HTTP/1.1" 200 50384 "-" "Mozilla/5.0 AppleWebKit/537.36 (KHTML, like Gecko; compatible; ClaudeBot/1.0; +claudebot@anthropic.com)"
114.119.159.33 - - [20/Dec/2025:01:57:53 +0000] "GET /wurfelsimulator/?fileloc=//usr/sbin/phpcalls-bpfcc&path=//usr/sbin HTTP/1.1" 200 52145 "https://datainsightnow.com/wurfelsimulator/?path=//usr/sbin" "Mozilla/5.0 (Linux; Android 7.0;) AppleWebKit/537.36 (KHTML, like Gecko) Mobile Safari/537.36 (compatible; PetalBot;+https://webmaster.petalsearch.com/site/petalbot)"
57.141.0.3 - - [20/Dec/2025:01:57:54 +0000] "GET /karamba-spielsaal-erfahrungen-angeschlossen-testbericht-werfen-sie-einen-blick-auf-den-link-within-2025-pro-teutonia/?path=//sys/class/pci_bus/0000:0b/subsystem/0000:0f/subsystem/0000:02/device/driver/0000:00:04.0/driver/0000:00:03.7/0000:00:03.7:pcie010 HTTP/1.1" 200 276788 "-" "meta-externalagent/1.1 (+https://developers.facebook.com/docs/sharing/webmasters/crawler)"
216.73.216.56 - - [20/Dec/2025:01:57:54 +0000] "GET /?p=31745 HTTP/1.1" 200 49778 "-" "Mozilla/5.0 AppleWebKit/537.36 (KHTML, like Gecko; compatible; ClaudeBot/1.0; +claudebot@anthropic.com)"
216.73.216.56 - - [20/Dec/2025:01:57:57 +0000] "GET /?p=18383 HTTP/1.1" 200 48249 "-" "Mozilla/5.0 AppleWebKit/537.36 (KHTML, like Gecko; compatible; ClaudeBot/1.0; +claudebot@anthropic.com)"
66.249.69.1 - - [20/Dec/2025:01:57:58 +0000] "GET /entity/19370865.htm HTTP/1.1" 200 29833 "-" "Mozilla/5.0 (Linux; Android 6.0.1; Nexus 5X Build/MMB29P) AppleWebKit/537.36 (KHTML, like Gecko) Chrome/141.0.7390.122 Mobile Safari/537.36 (compatible; Googlebot/2.1; +http://www.google.com/bot.html)"
216.73.216.56 - - [20/Dec/2025:01:58:00 +0000] "GET /?p=23043 HTTP/1.1" 200 47896 "-" "Mozilla/5.0 AppleWebKit/537.36 (KHTML, like Gecko; compatible; ClaudeBot/1.0; +claudebot@anthropic.com)"
57.141.0.16 - - [20/Dec/2025:01:58:02 +0000] "GET /2025/03/07/page/6/?fileloc=//sys/class/pci_bus/0000:01/device/driver/0000:00:04.0/driver/0000:00:02.5/subsystem/slots/0-16/cur_bus_speed&path=//sys/class/pci_bus/0000:01/device/driver/0000:00:04.0/driver/0000:00:02.5/subsystem/slots/0-16 HTTP/1.1" 200 276788 "-" "meta-externalagent/1.1 (+https://developers.facebook.com/docs/sharing/webmasters/crawler)"
216.73.216.56 - - [20/Dec/2025:01:58:03 +0000] "GET /?p=46005 HTTP/1.1" 200 50721 "-" "Mozilla/5.0 AppleWebKit/537.36 (KHTML, like Gecko; compatible; ClaudeBot/1.0; +claudebot@anthropic.com)"
198.244.183.236 - - [20/Dec/2025:01:58:04 +0000] "GET /?p=16987 HTTP/1.1" 200 47591 "-" "Mozilla/5.0 (compatible; AhrefsBot/7.0; +http://ahrefs.com/robot/)"
216.73.216.56 - - [20/Dec/2025:01:58:06 +0000] "GET /?p=23077 HTTP/1.1" 200 48109 "-" "Mozilla/5.0 AppleWebKit/537.36 (KHTML, like Gecko; compatible; ClaudeBot/1.0; +claudebot@anthropic.com)"
216.73.216.56 - - [20/Dec/2025:01:58:09 +0000] "GET /?p=13999 HTTP/1.1" 200 49760 "-" "Mozilla/5.0 AppleWebKit/537.36 (KHTML, like Gecko; compatible; ClaudeBot/1.0; +claudebot@anthropic.com)"
57.141.0.37 - - [20/Dec/2025:01:58:10 +0000] "GET /karamba-spielsaal-erfahrungen-angeschlossen-testbericht-werfen-sie-einen-blick-auf-den-link-within-2025-pro-teutonia/?fileloc=//sys/class/pci_bus/0000:02/subsystem/0000:04/device/driver/0000:00:03.2/driver/0000:00:02.0/subsystem/drivers_autoprobe&path=//sys/class/pci_bus/0000:02/subsystem/0000:04/device/driver/0000:00:03.2/driver/0000:00:02.0/subsystem HTTP/1.1" 200 276740 "-" "meta-externalagent/1.1 (+https://developers.facebook.com/docs/sharing/webmasters/crawler)"
