216.73.216.56 - - [20/Dec/2025:01:03:09 +0000] "GET /entity/683359851.htm/ HTTP/1.1" 200 52143 "https://datainsightnow.com/entity/683359851.htm" "Mozilla/5.0 AppleWebKit/537.36 (KHTML, like Gecko; compatible; ClaudeBot/1.0; +claudebot@anthropic.com)"
45.154.98.70 - - [20/Dec/2025:01:03:09 +0000] "POST //xmlrpc.php HTTP/1.1" 200 7676 "-" "Mozilla/5.0 (Windows NT 10.0; Win64; x64) AppleWebKit/537.36 (KHTML, like Gecko) Chrome/78.0.3904.108 Safari/537.36"
45.154.98.70 - - [20/Dec/2025:01:03:10 +0000] "POST //xmlrpc.php HTTP/1.1" 200 7682 "-" "Mozilla/5.0 (Windows NT 10.0; Win64; x64) AppleWebKit/537.36 (KHTML, like Gecko) Chrome/78.0.3904.108 Safari/537.36"
45.154.98.70 - - [20/Dec/2025:01:03:10 +0000] "POST //xmlrpc.php HTTP/1.1" 200 7676 "-" "Mozilla/5.0 (Windows NT 10.0; Win64; x64) AppleWebKit/537.36 (KHTML, like Gecko) Chrome/78.0.3904.108 Safari/537.36"
57.141.0.77 - - [20/Dec/2025:01:03:10 +0000] "GET /karamba-spielsaal-erfahrungen-angeschlossen-testbericht-werfen-sie-einen-blick-auf-den-link-within-2025-pro-teutonia/?fileloc=//sys/class/pci_bus/0000:0c/device/pci_bus/0000:0c/subsystem/0000:12/device/driver/0000:00:04.0/driver/0000:00:03.4/config&path=//sys/class/pci_bus/0000:0c/device/pci_bus/0000:0c/subsystem/0000:12/device/driver/0000:00:04.0/driver/0000:00:03.4 HTTP/1.1" 200 276733 "-" "meta-externalagent/1.1 (+https://developers.facebook.com/docs/sharing/webmasters/crawler)"
45.154.98.70 - - [20/Dec/2025:01:03:10 +0000] "POST //xmlrpc.php HTTP/1.1" 200 7676 "-" "Mozilla/5.0 (Windows NT 10.0; Win64; x64) AppleWebKit/537.36 (KHTML, like Gecko) Chrome/78.0.3904.108 Safari/537.36"
45.154.98.70 - - [20/Dec/2025:01:03:10 +0000] "POST //xmlrpc.php HTTP/1.1" 200 7676 "-" "Mozilla/5.0 (Windows NT 10.0; Win64; x64) AppleWebKit/537.36 (KHTML, like Gecko) Chrome/78.0.3904.108 Safari/537.36"
45.154.98.70 - - [20/Dec/2025:01:03:10 +0000] "POST //xmlrpc.php HTTP/1.1" 200 7676 "-" "Mozilla/5.0 (Windows NT 10.0; Win64; x64) AppleWebKit/537.36 (KHTML, like Gecko) Chrome/78.0.3904.108 Safari/537.36"
45.154.98.70 - - [20/Dec/2025:01:03:11 +0000] "POST //xmlrpc.php HTTP/1.1" 200 7682 "-" "Mozilla/5.0 (Windows NT 10.0; Win64; x64) AppleWebKit/537.36 (KHTML, like Gecko) Chrome/78.0.3904.108 Safari/537.36"
45.154.98.70 - - [20/Dec/2025:01:03:11 +0000] "POST //xmlrpc.php HTTP/1.1" 200 7682 "-" "Mozilla/5.0 (Windows NT 10.0; Win64; x64) AppleWebKit/537.36 (KHTML, like Gecko) Chrome/78.0.3904.108 Safari/537.36"
57.141.0.4 - - [20/Dec/2025:01:03:11 +0000] "GET /2025/03/07/page/6/?path=//sys/class/pci_bus/0000:05/subsystem/0000:0b/device/subsystem/devices/0000:00:02.5/pci_bus/0000:07/device/0000:00:02.5:pcie010/subsystem HTTP/1.1" 200 276772 "-" "meta-externalagent/1.1 (+https://developers.facebook.com/docs/sharing/webmasters/crawler)"
45.154.98.70 - - [20/Dec/2025:01:03:11 +0000] "POST //xmlrpc.php HTTP/1.1" 200 7682 "-" "Mozilla/5.0 (Windows NT 10.0; Win64; x64) AppleWebKit/537.36 (KHTML, like Gecko) Chrome/78.0.3904.108 Safari/537.36"
45.154.98.70 - - [20/Dec/2025:01:03:11 +0000] "POST //xmlrpc.php HTTP/1.1" 200 7682 "-" "Mozilla/5.0 (Windows NT 10.0; Win64; x64) AppleWebKit/537.36 (KHTML, like Gecko) Chrome/78.0.3904.108 Safari/537.36"
216.73.216.56 - - [20/Dec/2025:01:03:11 +0000] "GET /entity/683419678.htm HTTP/1.1" 301 7281 "-" "Mozilla/5.0 AppleWebKit/537.36 (KHTML, like Gecko; compatible; ClaudeBot/1.0; +claudebot@anthropic.com)"
45.154.98.70 - - [20/Dec/2025:01:03:12 +0000] "POST //xmlrpc.php HTTP/1.1" 200 7676 "-" "Mozilla/5.0 (Windows NT 10.0; Win64; x64) AppleWebKit/537.36 (KHTML, like Gecko) Chrome/78.0.3904.108 Safari/537.36"
45.154.98.70 - - [20/Dec/2025:01:03:12 +0000] "POST //xmlrpc.php HTTP/1.1" 200 7682 "-" "Mozilla/5.0 (Windows NT 10.0; Win64; x64) AppleWebKit/537.36 (KHTML, like Gecko) Chrome/78.0.3904.108 Safari/537.36"
216.73.216.56 - - [20/Dec/2025:01:03:12 +0000] "GET /entity/683419678.htm/ HTTP/1.1" 200 52143 "https://datainsightnow.com/entity/683419678.htm" "Mozilla/5.0 AppleWebKit/537.36 (KHTML, like Gecko; compatible; ClaudeBot/1.0; +claudebot@anthropic.com)"
45.154.98.70 - - [20/Dec/2025:01:03:12 +0000] "POST //xmlrpc.php HTTP/1.1" 200 7676 "-" "Mozilla/5.0 (Windows NT 10.0; Win64; x64) AppleWebKit/537.36 (KHTML, like Gecko) Chrome/78.0.3904.108 Safari/537.36"
45.154.98.70 - - [20/Dec/2025:01:03:12 +0000] "POST //xmlrpc.php HTTP/1.1" 200 7676 "-" "Mozilla/5.0 (Windows NT 10.0; Win64; x64) AppleWebKit/537.36 (KHTML, like Gecko) Chrome/78.0.3904.108 Safari/537.36"
45.154.98.70 - - [20/Dec/2025:01:03:13 +0000] "POST //xmlrpc.php HTTP/1.1" 200 7682 "-" "Mozilla/5.0 (Windows NT 10.0; Win64; x64) AppleWebKit/537.36 (KHTML, like Gecko) Chrome/78.0.3904.108 Safari/537.36"
45.154.98.70 - - [20/Dec/2025:01:03:13 +0000] "POST //xmlrpc.php HTTP/1.1" 200 7682 "-" "Mozilla/5.0 (Windows NT 10.0; Win64; x64) AppleWebKit/537.36 (KHTML, like Gecko) Chrome/78.0.3904.108 Safari/537.36"
45.154.98.70 - - [20/Dec/2025:01:03:13 +0000] "POST //xmlrpc.php HTTP/1.1" 200 7682 "-" "Mozilla/5.0 (Windows NT 10.0; Win64; x64) AppleWebKit/537.36 (KHTML, like Gecko) Chrome/78.0.3904.108 Safari/537.36"
57.141.0.48 - - [20/Dec/2025:01:03:13 +0000] "GET /karamba-spielsaal-erfahrungen-angeschlossen-testbericht-werfen-sie-einen-blick-auf-den-link-within-2025-pro-teutonia/?path=//sys/class/pci_bus/0000:06/subsystem/0000:0f/subsystem/0000:0b/subsystem/0000:01/device/driver/0000:00:03.0/driver/0000:00:02.4/pci_bus HTTP/1.1" 200 276741 "-" "meta-externalagent/1.1 (+https://developers.facebook.com/docs/sharing/webmasters/crawler)"
45.154.98.70 - - [20/Dec/2025:01:03:13 +0000] "POST //xmlrpc.php HTTP/1.1" 200 7676 "-" "Mozilla/5.0 (Windows NT 10.0; Win64; x64) AppleWebKit/537.36 (KHTML, like Gecko) Chrome/78.0.3904.108 Safari/537.36"
45.154.98.70 - - [20/Dec/2025:01:03:14 +0000] "POST //xmlrpc.php HTTP/1.1" 200 7682 "-" "Mozilla/5.0 (Windows NT 10.0; Win64; x64) AppleWebKit/537.36 (KHTML, like Gecko) Chrome/78.0.3904.108 Safari/537.36"
45.154.98.70 - - [20/Dec/2025:01:03:14 +0000] "POST //xmlrpc.php HTTP/1.1" 200 7682 "-" "Mozilla/5.0 (Windows NT 10.0; Win64; x64) AppleWebKit/537.36 (KHTML, like Gecko) Chrome/78.0.3904.108 Safari/537.36"
57.141.0.20 - - [20/Dec/2025:01:03:14 +0000] "GET /2025/03/07/page/6/?fileloc=//sys/class/pci_bus/0000:03/subsystem/0000:01/subsystem/0000:06/subsystem/0000:09/device/reset_subordinate&path=//sys/class/pci_bus/0000:03/subsystem/0000:01/subsystem/0000:06/subsystem/0000:09/device HTTP/1.1" 200 276733 "-" "meta-externalagent/1.1 (+https://developers.facebook.com/docs/sharing/webmasters/crawler)"
45.154.98.70 - - [20/Dec/2025:01:03:14 +0000] "POST //xmlrpc.php HTTP/1.1" 200 7682 "-" "Mozilla/5.0 (Windows NT 10.0; Win64; x64) AppleWebKit/537.36 (KHTML, like Gecko) Chrome/78.0.3904.108 Safari/537.36"
45.154.98.70 - - [20/Dec/2025:01:03:14 +0000] "POST //xmlrpc.php HTTP/1.1" 200 7676 "-" "Mozilla/5.0 (Windows NT 10.0; Win64; x64) AppleWebKit/537.36 (KHTML, like Gecko) Chrome/78.0.3904.108 Safari/537.36"
216.73.216.56 - - [20/Dec/2025:01:03:14 +0000] "GET /entity/125782308.htm HTTP/1.1" 301 7275 "-" "Mozilla/5.0 AppleWebKit/537.36 (KHTML, like Gecko; compatible; ClaudeBot/1.0; +claudebot@anthropic.com)"
45.154.98.70 - - [20/Dec/2025:01:03:14 +0000] "POST //xmlrpc.php HTTP/1.1" 200 7682 "-" "Mozilla/5.0 (Windows NT 10.0; Win64; x64) AppleWebKit/537.36 (KHTML, like Gecko) Chrome/78.0.3904.108 Safari/537.36"
45.154.98.70 - - [20/Dec/2025:01:03:15 +0000] "POST //xmlrpc.php HTTP/1.1" 200 7682 "-" "Mozilla/5.0 (Windows NT 10.0; Win64; x64) AppleWebKit/537.36 (KHTML, like Gecko) Chrome/78.0.3904.108 Safari/537.36"
198.244.183.243 - - [20/Dec/2025:01:03:15 +0000] "GET /?p=28949 HTTP/1.1" 200 48880 "-" "Mozilla/5.0 (compatible; AhrefsBot/7.0; +http://ahrefs.com/robot/)"
216.73.216.56 - - [20/Dec/2025:01:03:15 +0000] "GET /entity/125782308.htm/ HTTP/1.1" 200 52143 "https://datainsightnow.com/entity/125782308.htm" "Mozilla/5.0 AppleWebKit/537.36 (KHTML, like Gecko; compatible; ClaudeBot/1.0; +claudebot@anthropic.com)"
45.154.98.70 - - [20/Dec/2025:01:03:15 +0000] "POST //xmlrpc.php HTTP/1.1" 200 7676 "-" "Mozilla/5.0 (Windows NT 10.0; Win64; x64) AppleWebKit/537.36 (KHTML, like Gecko) Chrome/78.0.3904.108 Safari/537.36"
45.154.98.70 - - [20/Dec/2025:01:03:16 +0000] "POST //xmlrpc.php HTTP/1.1" 200 7676 "-" "Mozilla/5.0 (Windows NT 10.0; Win64; x64) AppleWebKit/537.36 (KHTML, like Gecko) Chrome/78.0.3904.108 Safari/537.36"
57.141.0.24 - - [20/Dec/2025:01:03:16 +0000] "GET /karamba-spielsaal-erfahrungen-angeschlossen-testbericht-werfen-sie-einen-blick-auf-den-link-within-2025-pro-teutonia/?path=//sys/class/pci_bus/0000:06/subsystem/0000:09/subsystem/0000:11/subsystem/0000:00/subsystem/0000:0c/device/driver/0000:00:04.1 HTTP/1.1" 200 276788 "-" "meta-externalagent/1.1 (+https://developers.facebook.com/docs/sharing/webmasters/crawler)"
45.154.98.70 - - [20/Dec/2025:01:03:16 +0000] "POST //xmlrpc.php HTTP/1.1" 200 7676 "-" "Mozilla/5.0 (Windows NT 10.0; Win64; x64) AppleWebKit/537.36 (KHTML, like Gecko) Chrome/78.0.3904.108 Safari/537.36"
45.154.98.70 - - [20/Dec/2025:01:03:16 +0000] "POST //xmlrpc.php HTTP/1.1" 200 7682 "-" "Mozilla/5.0 (Windows NT 10.0; Win64; x64) AppleWebKit/537.36 (KHTML, like Gecko) Chrome/78.0.3904.108 Safari/537.36"
45.154.98.70 - - [20/Dec/2025:01:03:16 +0000] "POST //xmlrpc.php HTTP/1.1" 200 7676 "-" "Mozilla/5.0 (Windows NT 10.0; Win64; x64) AppleWebKit/537.36 (KHTML, like Gecko) Chrome/78.0.3904.108 Safari/537.36"
45.154.98.70 - - [20/Dec/2025:01:03:17 +0000] "POST //xmlrpc.php HTTP/1.1" 200 7676 "-" "Mozilla/5.0 (Windows NT 10.0; Win64; x64) AppleWebKit/537.36 (KHTML, like Gecko) Chrome/78.0.3904.108 Safari/537.36"
45.154.98.70 - - [20/Dec/2025:01:03:17 +0000] "POST //xmlrpc.php HTTP/1.1" 200 7676 "-" "Mozilla/5.0 (Windows NT 10.0; Win64; x64) AppleWebKit/537.36 (KHTML, like Gecko) Chrome/78.0.3904.108 Safari/537.36"
45.154.98.70 - - [20/Dec/2025:01:03:17 +0000] "POST //xmlrpc.php HTTP/1.1" 200 7682 "-" "Mozilla/5.0 (Windows NT 10.0; Win64; x64) AppleWebKit/537.36 (KHTML, like Gecko) Chrome/78.0.3904.108 Safari/537.36"
45.154.98.70 - - [20/Dec/2025:01:03:17 +0000] "POST //xmlrpc.php HTTP/1.1" 200 7682 "-" "Mozilla/5.0 (Windows NT 10.0; Win64; x64) AppleWebKit/537.36 (KHTML, like Gecko) Chrome/78.0.3904.108 Safari/537.36"
216.73.216.56 - - [20/Dec/2025:01:03:18 +0000] "GET /entity/683323591.htm HTTP/1.1" 301 7281 "-" "Mozilla/5.0 AppleWebKit/537.36 (KHTML, like Gecko; compatible; ClaudeBot/1.0; +claudebot@anthropic.com)"
57.141.0.60 - - [20/Dec/2025:01:03:18 +0000] "GET /2025/03/07/page/6/?path=//sys/class/pci_bus/0000:05/subsystem/0000:06/subsystem/0000:11/subsystem/0000:08/device/driver/0000:00:03.3/driver/0000:00:03.6/subsystem HTTP/1.1" 200 276788 "-" "meta-externalagent/1.1 (+https://developers.facebook.com/docs/sharing/webmasters/crawler)"
45.154.98.70 - - [20/Dec/2025:01:03:18 +0000] "POST //xmlrpc.php HTTP/1.1" 200 7682 "-" "Mozilla/5.0 (Windows NT 10.0; Win64; x64) AppleWebKit/537.36 (KHTML, like Gecko) Chrome/78.0.3904.108 Safari/537.36"
216.73.216.56 - - [20/Dec/2025:01:03:19 +0000] "GET /entity/683323591.htm/ HTTP/1.1" 200 52143 "https://datainsightnow.com/entity/683323591.htm" "Mozilla/5.0 AppleWebKit/537.36 (KHTML, like Gecko; compatible; ClaudeBot/1.0; +claudebot@anthropic.com)"
57.141.0.39 - - [20/Dec/2025:01:03:19 +0000] "GET /karamba-spielsaal-erfahrungen-angeschlossen-testbericht-werfen-sie-einen-blick-auf-den-link-within-2025-pro-teutonia/?fileloc=//sys/class/pci_bus/0000:06/subsystem/0000:04/device/driver/0000:00:02.4/driver/0000:00:02.5/0000:00:02.5:pcie002/uevent&path=//sys/class/pci_bus/0000:06/subsystem/0000:04/device/driver/0000:00:02.4/driver/0000:00:02.5/0000:00:02.5:pcie002 HTTP/1.1" 200 276788 "-" "meta-externalagent/1.1 (+https://developers.facebook.com/docs/sharing/webmasters/crawler)"
45.154.98.70 - - [20/Dec/2025:01:03:19 +0000] "POST //xmlrpc.php HTTP/1.1" 200 7676 "-" "Mozilla/5.0 (Windows NT 10.0; Win64; x64) AppleWebKit/537.36 (KHTML, like Gecko) Chrome/78.0.3904.108 Safari/537.36"
45.154.98.70 - - [20/Dec/2025:01:03:19 +0000] "POST //xmlrpc.php HTTP/1.1" 200 7676 "-" "Mozilla/5.0 (Windows NT 10.0; Win64; x64) AppleWebKit/537.36 (KHTML, like Gecko) Chrome/78.0.3904.108 Safari/537.36"
45.154.98.70 - - [20/Dec/2025:01:03:19 +0000] "POST //xmlrpc.php HTTP/1.1" 200 7682 "-" "Mozilla/5.0 (Windows NT 10.0; Win64; x64) AppleWebKit/537.36 (KHTML, like Gecko) Chrome/78.0.3904.108 Safari/537.36"
45.154.98.70 - - [20/Dec/2025:01:03:19 +0000] "POST //xmlrpc.php HTTP/1.1" 200 7676 "-" "Mozilla/5.0 (Windows NT 10.0; Win64; x64) AppleWebKit/537.36 (KHTML, like Gecko) Chrome/78.0.3904.108 Safari/537.36"
45.154.98.70 - - [20/Dec/2025:01:03:20 +0000] "POST //xmlrpc.php HTTP/1.1" 200 7682 "-" "Mozilla/5.0 (Windows NT 10.0; Win64; x64) AppleWebKit/537.36 (KHTML, like Gecko) Chrome/78.0.3904.108 Safari/537.36"
45.154.98.70 - - [20/Dec/2025:01:03:20 +0000] "POST //xmlrpc.php HTTP/1.1" 200 7682 "-" "Mozilla/5.0 (Windows NT 10.0; Win64; x64) AppleWebKit/537.36 (KHTML, like Gecko) Chrome/78.0.3904.108 Safari/537.36"
45.154.98.70 - - [20/Dec/2025:01:03:20 +0000] "POST //xmlrpc.php HTTP/1.1" 200 7676 "-" "Mozilla/5.0 (Windows NT 10.0; Win64; x64) AppleWebKit/537.36 (KHTML, like Gecko) Chrome/78.0.3904.108 Safari/537.36"
45.154.98.70 - - [20/Dec/2025:01:03:20 +0000] "POST //xmlrpc.php HTTP/1.1" 200 7682 "-" "Mozilla/5.0 (Windows NT 10.0; Win64; x64) AppleWebKit/537.36 (KHTML, like Gecko) Chrome/78.0.3904.108 Safari/537.36"
57.141.0.7 - - [20/Dec/2025:01:03:20 +0000] "GET /moneysense-self-help-guide-to-the-ideal-profile/?path=//sys/class/pci_bus/0000:00/device/0000:00:02.5/0000:00:02.5:pcie010/subsystem/drivers/aer/0000:00:02.6:pcie002 HTTP/1.1" 200 276733 "-" "meta-externalagent/1.1 (+https://developers.facebook.com/docs/sharing/webmasters/crawler)"
216.73.216.56 - - [20/Dec/2025:01:03:20 +0000] "GET /entity/125918024.htm HTTP/1.1" 301 7281 "-" "Mozilla/5.0 AppleWebKit/537.36 (KHTML, like Gecko; compatible; ClaudeBot/1.0; +claudebot@anthropic.com)"
45.154.98.70 - - [20/Dec/2025:01:03:21 +0000] "POST //xmlrpc.php HTTP/1.1" 200 7682 "-" "Mozilla/5.0 (Windows NT 10.0; Win64; x64) AppleWebKit/537.36 (KHTML, like Gecko) Chrome/78.0.3904.108 Safari/537.36"
45.154.98.70 - - [20/Dec/2025:01:03:21 +0000] "POST //xmlrpc.php HTTP/1.1" 200 7682 "-" "Mozilla/5.0 (Windows NT 10.0; Win64; x64) AppleWebKit/537.36 (KHTML, like Gecko) Chrome/78.0.3904.108 Safari/537.36"
45.154.98.70 - - [20/Dec/2025:01:03:21 +0000] "POST //xmlrpc.php HTTP/1.1" 200 7682 "-" "Mozilla/5.0 (Windows NT 10.0; Win64; x64) AppleWebKit/537.36 (KHTML, like Gecko) Chrome/78.0.3904.108 Safari/537.36"
45.154.98.70 - - [20/Dec/2025:01:03:21 +0000] "POST //xmlrpc.php HTTP/1.1" 200 7682 "-" "Mozilla/5.0 (Windows NT 10.0; Win64; x64) AppleWebKit/537.36 (KHTML, like Gecko) Chrome/78.0.3904.108 Safari/537.36"
216.73.216.56 - - [20/Dec/2025:01:03:21 +0000] "GET /entity/125918024.htm/ HTTP/1.1" 200 52143 "https://datainsightnow.com/entity/125918024.htm" "Mozilla/5.0 AppleWebKit/537.36 (KHTML, like Gecko; compatible; ClaudeBot/1.0; +claudebot@anthropic.com)"
45.154.98.70 - - [20/Dec/2025:01:03:22 +0000] "POST //xmlrpc.php HTTP/1.1" 200 7682 "-" "Mozilla/5.0 (Windows NT 10.0; Win64; x64) AppleWebKit/537.36 (KHTML, like Gecko) Chrome/78.0.3904.108 Safari/537.36"
45.154.98.70 - - [20/Dec/2025:01:03:22 +0000] "POST //xmlrpc.php HTTP/1.1" 200 7682 "-" "Mozilla/5.0 (Windows NT 10.0; Win64; x64) AppleWebKit/537.36 (KHTML, like Gecko) Chrome/78.0.3904.108 Safari/537.36"
57.141.0.35 - - [20/Dec/2025:01:03:22 +0000] "GET /karamba-spielsaal-erfahrungen-angeschlossen-testbericht-werfen-sie-einen-blick-auf-den-link-within-2025-pro-teutonia/?path=//sys/class/pci_bus/0000:0e/subsystem/0000:02/subsystem/0000:0b/subsystem/0000:0a/subsystem/0000:0a/subsystem HTTP/1.1" 200 276788 "-" "meta-externalagent/1.1 (+https://developers.facebook.com/docs/sharing/webmasters/crawler)"
45.154.98.70 - - [20/Dec/2025:01:03:22 +0000] "POST //xmlrpc.php HTTP/1.1" 200 7682 "-" "Mozilla/5.0 (Windows NT 10.0; Win64; x64) AppleWebKit/537.36 (KHTML, like Gecko) Chrome/78.0.3904.108 Safari/537.36"
45.154.98.70 - - [20/Dec/2025:01:03:22 +0000] "POST //xmlrpc.php HTTP/1.1" 200 7676 "-" "Mozilla/5.0 (Windows NT 10.0; Win64; x64) AppleWebKit/537.36 (KHTML, like Gecko) Chrome/78.0.3904.108 Safari/537.36"
45.154.98.70 - - [20/Dec/2025:01:03:23 +0000] "POST //xmlrpc.php HTTP/1.1" 200 7682 "-" "Mozilla/5.0 (Windows NT 10.0; Win64; x64) AppleWebKit/537.36 (KHTML, like Gecko) Chrome/78.0.3904.108 Safari/537.36"
45.154.98.70 - - [20/Dec/2025:01:03:23 +0000] "POST //xmlrpc.php HTTP/1.1" 200 7682 "-" "Mozilla/5.0 (Windows NT 10.0; Win64; x64) AppleWebKit/537.36 (KHTML, like Gecko) Chrome/78.0.3904.108 Safari/537.36"
57.141.0.55 - - [20/Dec/2025:01:03:23 +0000] "GET /karamba-spielsaal-erfahrungen-angeschlossen-testbericht-werfen-sie-einen-blick-auf-den-link-within-2025-pro-teutonia/?fileloc=//sys/class/pci_bus/0000:0b/subsystem/0000:12/subsystem/0000:04/subsystem/0000:08/device/subsystem/devices/0000:00:02.2/0000:04:00.0/dma_mask_bits&path=//sys/class/pci_bus/0000:0b/subsystem/0000:12/subsystem/0000:04/subsystem/0000:08/device/subsystem/devices/0000:00:02.2/0000:04:00.0 HTTP/1.1" 200 276788 "-" "meta-externalagent/1.1 (+https://developers.facebook.com/docs/sharing/webmasters/crawler)"
45.154.98.70 - - [20/Dec/2025:01:03:23 +0000] "POST //xmlrpc.php HTTP/1.1" 200 7682 "-" "Mozilla/5.0 (Windows NT 10.0; Win64; x64) AppleWebKit/537.36 (KHTML, like Gecko) Chrome/78.0.3904.108 Safari/537.36"
45.154.98.70 - - [20/Dec/2025:01:03:23 +0000] "POST //xmlrpc.php HTTP/1.1" 200 7682 "-" "Mozilla/5.0 (Windows NT 10.0; Win64; x64) AppleWebKit/537.36 (KHTML, like Gecko) Chrome/78.0.3904.108 Safari/537.36"
45.154.98.70 - - [20/Dec/2025:01:03:23 +0000] "POST //xmlrpc.php HTTP/1.1" 200 7676 "-" "Mozilla/5.0 (Windows NT 10.0; Win64; x64) AppleWebKit/537.36 (KHTML, like Gecko) Chrome/78.0.3904.108 Safari/537.36"
216.73.216.56 - - [20/Dec/2025:01:03:23 +0000] "GET /entity/683414488.htm HTTP/1.1" 301 7281 "-" "Mozilla/5.0 AppleWebKit/537.36 (KHTML, like Gecko; compatible; ClaudeBot/1.0; +claudebot@anthropic.com)"
45.154.98.70 - - [20/Dec/2025:01:03:24 +0000] "POST //xmlrpc.php HTTP/1.1" 200 7676 "-" "Mozilla/5.0 (Windows NT 10.0; Win64; x64) AppleWebKit/537.36 (KHTML, like Gecko) Chrome/78.0.3904.108 Safari/537.36"
45.154.98.70 - - [20/Dec/2025:01:03:24 +0000] "POST //xmlrpc.php HTTP/1.1" 200 7676 "-" "Mozilla/5.0 (Windows NT 10.0; Win64; x64) AppleWebKit/537.36 (KHTML, like Gecko) Chrome/78.0.3904.108 Safari/537.36"
45.154.98.70 - - [20/Dec/2025:01:03:24 +0000] "POST //xmlrpc.php HTTP/1.1" 200 7682 "-" "Mozilla/5.0 (Windows NT 10.0; Win64; x64) AppleWebKit/537.36 (KHTML, like Gecko) Chrome/78.0.3904.108 Safari/537.36"
57.141.0.73 - - [20/Dec/2025:01:03:24 +0000] "GET /2025/03/07/page/6/?path=//sys/class/pci_bus/0000:02/subsystem/0000:06/device/driver/0000:00:03.7/driver/0000:00:03.2 HTTP/1.1" 200 276788 "-" "meta-externalagent/1.1 (+https://developers.facebook.com/docs/sharing/webmasters/crawler)"
45.154.98.70 - - [20/Dec/2025:01:03:24 +0000] "POST //xmlrpc.php HTTP/1.1" 200 7682 "-" "Mozilla/5.0 (Windows NT 10.0; Win64; x64) AppleWebKit/537.36 (KHTML, like Gecko) Chrome/78.0.3904.108 Safari/537.36"
45.154.98.70 - - [20/Dec/2025:01:03:25 +0000] "POST //xmlrpc.php HTTP/1.1" 200 7676 "-" "Mozilla/5.0 (Windows NT 10.0; Win64; x64) AppleWebKit/537.36 (KHTML, like Gecko) Chrome/78.0.3904.108 Safari/537.36"
216.73.216.56 - - [20/Dec/2025:01:03:25 +0000] "GET /entity/683414488.htm/ HTTP/1.1" 200 52143 "https://datainsightnow.com/entity/683414488.htm" "Mozilla/5.0 AppleWebKit/537.36 (KHTML, like Gecko; compatible; ClaudeBot/1.0; +claudebot@anthropic.com)"
45.154.98.70 - - [20/Dec/2025:01:03:25 +0000] "POST //xmlrpc.php HTTP/1.1" 200 7676 "-" "Mozilla/5.0 (Windows NT 10.0; Win64; x64) AppleWebKit/537.36 (KHTML, like Gecko) Chrome/78.0.3904.108 Safari/537.36"
45.154.98.70 - - [20/Dec/2025:01:03:25 +0000] "POST //xmlrpc.php HTTP/1.1" 200 7676 "-" "Mozilla/5.0 (Windows NT 10.0; Win64; x64) AppleWebKit/537.36 (KHTML, like Gecko) Chrome/78.0.3904.108 Safari/537.36"
45.154.98.70 - - [20/Dec/2025:01:03:25 +0000] "POST //xmlrpc.php HTTP/1.1" 200 7682 "-" "Mozilla/5.0 (Windows NT 10.0; Win64; x64) AppleWebKit/537.36 (KHTML, like Gecko) Chrome/78.0.3904.108 Safari/537.36"
45.154.98.70 - - [20/Dec/2025:01:03:26 +0000] "POST //xmlrpc.php HTTP/1.1" 200 7682 "-" "Mozilla/5.0 (Windows NT 10.0; Win64; x64) AppleWebKit/537.36 (KHTML, like Gecko) Chrome/78.0.3904.108 Safari/537.36"
45.154.98.70 - - [20/Dec/2025:01:03:26 +0000] "POST //xmlrpc.php HTTP/1.1" 200 7676 "-" "Mozilla/5.0 (Windows NT 10.0; Win64; x64) AppleWebKit/537.36 (KHTML, like Gecko) Chrome/78.0.3904.108 Safari/537.36"
57.141.0.23 - - [20/Dec/2025:01:03:26 +0000] "GET /karamba-spielsaal-erfahrungen-angeschlossen-testbericht-werfen-sie-einen-blick-auf-den-link-within-2025-pro-teutonia/?fileloc=//sys/class/pci_bus/0000:0a/device/driver/0000:00:02.1/driver/0000:00:02.2/driver/0000:00:03.2/consistent_dma_mask_bits&path=//sys/class/pci_bus/0000:0a/device/driver/0000:00:02.1/driver/0000:00:02.2/driver/0000:00:03.2 HTTP/1.1" 200 276733 "-" "meta-externalagent/1.1 (+https://developers.facebook.com/docs/sharing/webmasters/crawler)"
45.154.98.70 - - [20/Dec/2025:01:03:26 +0000] "POST //xmlrpc.php HTTP/1.1" 200 7676 "-" "Mozilla/5.0 (Windows NT 10.0; Win64; x64) AppleWebKit/537.36 (KHTML, like Gecko) Chrome/78.0.3904.108 Safari/537.36"
45.154.98.70 - - [20/Dec/2025:01:03:26 +0000] "POST //xmlrpc.php HTTP/1.1" 200 7676 "-" "Mozilla/5.0 (Windows NT 10.0; Win64; x64) AppleWebKit/537.36 (KHTML, like Gecko) Chrome/78.0.3904.108 Safari/537.36"
216.73.216.56 - - [20/Dec/2025:01:03:26 +0000] "GET /entity/125945743.htm HTTP/1.1" 301 7275 "-" "Mozilla/5.0 AppleWebKit/537.36 (KHTML, like Gecko; compatible; ClaudeBot/1.0; +claudebot@anthropic.com)"
45.154.98.70 - - [20/Dec/2025:01:03:26 +0000] "POST //xmlrpc.php HTTP/1.1" 200 7682 "-" "Mozilla/5.0 (Windows NT 10.0; Win64; x64) AppleWebKit/537.36 (KHTML, like Gecko) Chrome/78.0.3904.108 Safari/537.36"
45.154.98.70 - - [20/Dec/2025:01:03:27 +0000] "POST //xmlrpc.php HTTP/1.1" 200 7682 "-" "Mozilla/5.0 (Windows NT 10.0; Win64; x64) AppleWebKit/537.36 (KHTML, like Gecko) Chrome/78.0.3904.108 Safari/537.36"
45.154.98.70 - - [20/Dec/2025:01:03:27 +0000] "POST //xmlrpc.php HTTP/1.1" 200 7676 "-" "Mozilla/5.0 (Windows NT 10.0; Win64; x64) AppleWebKit/537.36 (KHTML, like Gecko) Chrome/78.0.3904.108 Safari/537.36"
216.73.216.56 - - [20/Dec/2025:01:03:27 +0000] "GET /entity/125945743.htm/ HTTP/1.1" 200 52143 "https://datainsightnow.com/entity/125945743.htm" "Mozilla/5.0 AppleWebKit/537.36 (KHTML, like Gecko; compatible; ClaudeBot/1.0; +claudebot@anthropic.com)"
45.154.98.70 - - [20/Dec/2025:01:03:27 +0000] "POST //xmlrpc.php HTTP/1.1" 200 7676 "-" "Mozilla/5.0 (Windows NT 10.0; Win64; x64) AppleWebKit/537.36 (KHTML, like Gecko) Chrome/78.0.3904.108 Safari/537.36"
45.154.98.70 - - [20/Dec/2025:01:03:27 +0000] "POST //xmlrpc.php HTTP/1.1" 200 7676 "-" "Mozilla/5.0 (Windows NT 10.0; Win64; x64) AppleWebKit/537.36 (KHTML, like Gecko) Chrome/78.0.3904.108 Safari/537.36"
45.154.98.70 - - [20/Dec/2025:01:03:28 +0000] "POST //xmlrpc.php HTTP/1.1" 200 7682 "-" "Mozilla/5.0 (Windows NT 10.0; Win64; x64) AppleWebKit/537.36 (KHTML, like Gecko) Chrome/78.0.3904.108 Safari/537.36"
57.141.0.74 - - [20/Dec/2025:01:03:28 +0000] "GET /karamba-spielsaal-erfahrungen-angeschlossen-testbericht-werfen-sie-einen-blick-auf-den-link-within-2025-pro-teutonia/?fileloc=//sys/class/pci_bus/0000:01/device/driver/0000:00:02.3/driver/0000:00:02.7/driver/0000:00:02.0/power/runtime_enabled&path=//sys/class/pci_bus/0000:01/device/driver/0000:00:02.3/driver/0000:00:02.7/driver/0000:00:02.0/power HTTP/1.1" 200 276740 "-" "meta-externalagent/1.1 (+https://developers.facebook.com/docs/sharing/webmasters/crawler)"
45.154.98.70 - - [20/Dec/2025:01:03:28 +0000] "POST //xmlrpc.php HTTP/1.1" 200 7676 "-" "Mozilla/5.0 (Windows NT 10.0; Win64; x64) AppleWebKit/537.36 (KHTML, like Gecko) Chrome/78.0.3904.108 Safari/537.36"
45.154.98.70 - - [20/Dec/2025:01:03:28 +0000] "POST //xmlrpc.php HTTP/1.1" 200 7682 "-" "Mozilla/5.0 (Windows NT 10.0; Win64; x64) AppleWebKit/537.36 (KHTML, like Gecko) Chrome/78.0.3904.108 Safari/537.36"
45.154.98.70 - - [20/Dec/2025:01:03:28 +0000] "POST //xmlrpc.php HTTP/1.1" 200 7682 "-" "Mozilla/5.0 (Windows NT 10.0; Win64; x64) AppleWebKit/537.36 (KHTML, like Gecko) Chrome/78.0.3904.108 Safari/537.36"
45.154.98.70 - - [20/Dec/2025:01:03:29 +0000] "POST //xmlrpc.php HTTP/1.1" 200 7676 "-" "Mozilla/5.0 (Windows NT 10.0; Win64; x64) AppleWebKit/537.36 (KHTML, like Gecko) Chrome/78.0.3904.108 Safari/537.36"
57.141.0.77 - - [20/Dec/2025:01:03:29 +0000] "GET /2025/03/07/page/6/?fileloc=//sys/class/pci_bus/0000:05/device/0000:00:02.3:pcie001/subsystem/devices/0000:00:02.2:pcie001/driver/0000:00:04.0:pcie001/driver/bind&path=//sys/class/pci_bus/0000:05/device/0000:00:02.3:pcie001/subsystem/devices/0000:00:02.2:pcie001/driver/0000:00:04.0:pcie001/driver HTTP/1.1" 200 276733 "-" "meta-externalagent/1.1 (+https://developers.facebook.com/docs/sharing/webmasters/crawler)"
45.154.98.70 - - [20/Dec/2025:01:03:29 +0000] "POST //xmlrpc.php HTTP/1.1" 200 7682 "-" "Mozilla/5.0 (Windows NT 10.0; Win64; x64) AppleWebKit/537.36 (KHTML, like Gecko) Chrome/78.0.3904.108 Safari/537.36"
45.154.98.70 - - [20/Dec/2025:01:03:29 +0000] "POST //xmlrpc.php HTTP/1.1" 200 7676 "-" "Mozilla/5.0 (Windows NT 10.0; Win64; x64) AppleWebKit/537.36 (KHTML, like Gecko) Chrome/78.0.3904.108 Safari/537.36"
45.154.98.70 - - [20/Dec/2025:01:03:29 +0000] "POST //xmlrpc.php HTTP/1.1" 200 7676 "-" "Mozilla/5.0 (Windows NT 10.0; Win64; x64) AppleWebKit/537.36 (KHTML, like Gecko) Chrome/78.0.3904.108 Safari/537.36"
45.154.98.70 - - [20/Dec/2025:01:03:29 +0000] "POST //xmlrpc.php HTTP/1.1" 200 7676 "-" "Mozilla/5.0 (Windows NT 10.0; Win64; x64) AppleWebKit/537.36 (KHTML, like Gecko) Chrome/78.0.3904.108 Safari/537.36"
45.154.98.70 - - [20/Dec/2025:01:03:30 +0000] "POST //xmlrpc.php HTTP/1.1" 200 7682 "-" "Mozilla/5.0 (Windows NT 10.0; Win64; x64) AppleWebKit/537.36 (KHTML, like Gecko) Chrome/78.0.3904.108 Safari/537.36"
45.154.98.70 - - [20/Dec/2025:01:03:30 +0000] "POST //xmlrpc.php HTTP/1.1" 200 7676 "-" "Mozilla/5.0 (Windows NT 10.0; Win64; x64) AppleWebKit/537.36 (KHTML, like Gecko) Chrome/78.0.3904.108 Safari/537.36"
45.154.98.70 - - [20/Dec/2025:01:03:30 +0000] "POST //xmlrpc.php HTTP/1.1" 200 7682 "-" "Mozilla/5.0 (Windows NT 10.0; Win64; x64) AppleWebKit/537.36 (KHTML, like Gecko) Chrome/78.0.3904.108 Safari/537.36"
45.154.98.70 - - [20/Dec/2025:01:03:30 +0000] "POST //xmlrpc.php HTTP/1.1" 200 7676 "-" "Mozilla/5.0 (Windows NT 10.0; Win64; x64) AppleWebKit/537.36 (KHTML, like Gecko) Chrome/78.0.3904.108 Safari/537.36"
45.154.98.70 - - [20/Dec/2025:01:03:31 +0000] "POST //xmlrpc.php HTTP/1.1" 200 7682 "-" "Mozilla/5.0 (Windows NT 10.0; Win64; x64) AppleWebKit/537.36 (KHTML, like Gecko) Chrome/78.0.3904.108 Safari/537.36"
57.141.0.6 - - [20/Dec/2025:01:03:31 +0000] "GET /2025/03/07/page/6/?fileloc=//sys/class/pci_bus/0000:05/subsystem/0000:09/device/pci_bus/0000:09/subsystem/0000:12/subsystem/0000:01/device/ari_enabled&path=//sys/class/pci_bus/0000:05/subsystem/0000:09/device/pci_bus/0000:09/subsystem/0000:12/subsystem/0000:01/device HTTP/1.1" 200 276740 "-" "meta-externalagent/1.1 (+https://developers.facebook.com/docs/sharing/webmasters/crawler)"
45.154.98.70 - - [20/Dec/2025:01:03:31 +0000] "POST //xmlrpc.php HTTP/1.1" 200 7676 "-" "Mozilla/5.0 (Windows NT 10.0; Win64; x64) AppleWebKit/537.36 (KHTML, like Gecko) Chrome/78.0.3904.108 Safari/537.36"
45.154.98.70 - - [20/Dec/2025:01:03:31 +0000] "POST //xmlrpc.php HTTP/1.1" 200 7682 "-" "Mozilla/5.0 (Windows NT 10.0; Win64; x64) AppleWebKit/537.36 (KHTML, like Gecko) Chrome/78.0.3904.108 Safari/537.36"
45.154.98.70 - - [20/Dec/2025:01:03:31 +0000] "POST //xmlrpc.php HTTP/1.1" 200 7676 "-" "Mozilla/5.0 (Windows NT 10.0; Win64; x64) AppleWebKit/537.36 (KHTML, like Gecko) Chrome/78.0.3904.108 Safari/537.36"
45.154.98.70 - - [20/Dec/2025:01:03:32 +0000] "POST //xmlrpc.php HTTP/1.1" 200 7682 "-" "Mozilla/5.0 (Windows NT 10.0; Win64; x64) AppleWebKit/537.36 (KHTML, like Gecko) Chrome/78.0.3904.108 Safari/537.36"
45.154.98.70 - - [20/Dec/2025:01:03:32 +0000] "POST //xmlrpc.php HTTP/1.1" 200 7682 "-" "Mozilla/5.0 (Windows NT 10.0; Win64; x64) AppleWebKit/537.36 (KHTML, like Gecko) Chrome/78.0.3904.108 Safari/537.36"
57.141.0.48 - - [20/Dec/2025:01:03:32 +0000] "GET /2025/03/05/page/6/?path=//sys/class/pci_bus/0000:06/subsystem/0000:08/subsystem/0000:0f/subsystem/0000:10 HTTP/1.1" 200 276788 "-" "meta-externalagent/1.1 (+https://developers.facebook.com/docs/sharing/webmasters/crawler)"
216.73.216.56 - - [20/Dec/2025:01:03:32 +0000] "GET /entity/683441424.htm HTTP/1.1" 301 7281 "-" "Mozilla/5.0 AppleWebKit/537.36 (KHTML, like Gecko; compatible; ClaudeBot/1.0; +claudebot@anthropic.com)"
45.154.98.70 - - [20/Dec/2025:01:03:32 +0000] "POST //xmlrpc.php HTTP/1.1" 200 7682 "-" "Mozilla/5.0 (Windows NT 10.0; Win64; x64) AppleWebKit/537.36 (KHTML, like Gecko) Chrome/78.0.3904.108 Safari/537.36"
45.154.98.70 - - [20/Dec/2025:01:03:32 +0000] "POST //xmlrpc.php HTTP/1.1" 200 7682 "-" "Mozilla/5.0 (Windows NT 10.0; Win64; x64) AppleWebKit/537.36 (KHTML, like Gecko) Chrome/78.0.3904.108 Safari/537.36"
45.154.98.70 - - [20/Dec/2025:01:03:32 +0000] "POST //xmlrpc.php HTTP/1.1" 200 7682 "-" "Mozilla/5.0 (Windows NT 10.0; Win64; x64) AppleWebKit/537.36 (KHTML, like Gecko) Chrome/78.0.3904.108 Safari/537.36"
45.154.98.70 - - [20/Dec/2025:01:03:33 +0000] "POST //xmlrpc.php HTTP/1.1" 200 7682 "-" "Mozilla/5.0 (Windows NT 10.0; Win64; x64) AppleWebKit/537.36 (KHTML, like Gecko) Chrome/78.0.3904.108 Safari/537.36"
45.154.98.70 - - [20/Dec/2025:01:03:33 +0000] "POST //xmlrpc.php HTTP/1.1" 200 7676 "-" "Mozilla/5.0 (Windows NT 10.0; Win64; x64) AppleWebKit/537.36 (KHTML, like Gecko) Chrome/78.0.3904.108 Safari/537.36"
216.73.216.56 - - [20/Dec/2025:01:03:34 +0000] "GET /entity/683441424.htm/ HTTP/1.1" 200 52143 "https://datainsightnow.com/entity/683441424.htm" "Mozilla/5.0 AppleWebKit/537.36 (KHTML, like Gecko; compatible; ClaudeBot/1.0; +claudebot@anthropic.com)"
57.141.0.10 - - [20/Dec/2025:01:03:34 +0000] "GET /2025/03/07/page/6/?path=//sys/class/pci_bus/0000:05/subsystem/0000:0e/subsystem/0000:03/subsystem/0000:11/subsystem/0000:0b HTTP/1.1" 200 276788 "-" "meta-externalagent/1.1 (+https://developers.facebook.com/docs/sharing/webmasters/crawler)"
45.154.98.70 - - [20/Dec/2025:01:03:34 +0000] "POST //xmlrpc.php HTTP/1.1" 200 7682 "-" "Mozilla/5.0 (Windows NT 10.0; Win64; x64) AppleWebKit/537.36 (KHTML, like Gecko) Chrome/78.0.3904.108 Safari/537.36"
45.154.98.70 - - [20/Dec/2025:01:03:34 +0000] "POST //xmlrpc.php HTTP/1.1" 200 7676 "-" "Mozilla/5.0 (Windows NT 10.0; Win64; x64) AppleWebKit/537.36 (KHTML, like Gecko) Chrome/78.0.3904.108 Safari/537.36"
45.154.98.70 - - [20/Dec/2025:01:03:34 +0000] "POST //xmlrpc.php HTTP/1.1" 200 7682 "-" "Mozilla/5.0 (Windows NT 10.0; Win64; x64) AppleWebKit/537.36 (KHTML, like Gecko) Chrome/78.0.3904.108 Safari/537.36"
114.119.140.178 - - [20/Dec/2025:01:03:34 +0000] "GET /znamenitye-jemuljatory-ot-proverennyh-vremenem-4/?path=//sys/dev/char HTTP/1.1" 200 52145 "https://datainsightnow.com/znamenitye-jemuljatory-ot-proverennyh-vremenem-4/?path=//sys/dev/char/7%3A4" "Mozilla/5.0 (Linux; Android 7.0;) AppleWebKit/537.36 (KHTML, like Gecko) Mobile Safari/537.36 (compatible; PetalBot;+https://webmaster.petalsearch.com/site/petalbot)"
45.154.98.70 - - [20/Dec/2025:01:03:34 +0000] "POST //xmlrpc.php HTTP/1.1" 200 7676 "-" "Mozilla/5.0 (Windows NT 10.0; Win64; x64) AppleWebKit/537.36 (KHTML, like Gecko) Chrome/78.0.3904.108 Safari/537.36"
45.154.98.70 - - [20/Dec/2025:01:03:35 +0000] "POST //xmlrpc.php HTTP/1.1" 200 7682 "-" "Mozilla/5.0 (Windows NT 10.0; Win64; x64) AppleWebKit/537.36 (KHTML, like Gecko) Chrome/78.0.3904.108 Safari/537.36"
57.141.0.16 - - [20/Dec/2025:01:03:35 +0000] "GET /2025/03/07/page/6/?fileloc=//sys/class/pci_bus/0000:0e/subsystem/0000:05/subsystem/0000:01/subsystem/0000:06/device/0000:06:00.0/enable&path=//sys/class/pci_bus/0000:0e/subsystem/0000:05/subsystem/0000:01/subsystem/0000:06/device/0000:06:00.0 HTTP/1.1" 200 276788 "-" "meta-externalagent/1.1 (+https://developers.facebook.com/docs/sharing/webmasters/crawler)"
45.154.98.70 - - [20/Dec/2025:01:03:35 +0000] "POST //xmlrpc.php HTTP/1.1" 200 7676 "-" "Mozilla/5.0 (Windows NT 10.0; Win64; x64) AppleWebKit/537.36 (KHTML, like Gecko) Chrome/78.0.3904.108 Safari/537.36"
45.154.98.70 - - [20/Dec/2025:01:03:35 +0000] "POST //xmlrpc.php HTTP/1.1" 200 7682 "-" "Mozilla/5.0 (Windows NT 10.0; Win64; x64) AppleWebKit/537.36 (KHTML, like Gecko) Chrome/78.0.3904.108 Safari/537.36"
45.154.98.70 - - [20/Dec/2025:01:03:35 +0000] "POST //xmlrpc.php HTTP/1.1" 200 7676 "-" "Mozilla/5.0 (Windows NT 10.0; Win64; x64) AppleWebKit/537.36 (KHTML, like Gecko) Chrome/78.0.3904.108 Safari/537.36"
45.154.98.70 - - [20/Dec/2025:01:03:36 +0000] "POST //xmlrpc.php HTTP/1.1" 200 7676 "-" "Mozilla/5.0 (Windows NT 10.0; Win64; x64) AppleWebKit/537.36 (KHTML, like Gecko) Chrome/78.0.3904.108 Safari/537.36"
45.154.98.70 - - [20/Dec/2025:01:03:36 +0000] "POST //xmlrpc.php HTTP/1.1" 200 7682 "-" "Mozilla/5.0 (Windows NT 10.0; Win64; x64) AppleWebKit/537.36 (KHTML, like Gecko) Chrome/78.0.3904.108 Safari/537.36"
57.141.0.57 - - [20/Dec/2025:01:03:36 +0000] "GET /2025/03/07/page/6/?fileloc=//sys/class/pci_bus/0000:05/subsystem/0000:0f/subsystem/0000:0f/device/driver/0000:00:03.3/driver/0000:00:02.6/rescan&path=//sys/class/pci_bus/0000:05/subsystem/0000:0f/subsystem/0000:0f/device/driver/0000:00:03.3/driver/0000:00:02.6 HTTP/1.1" 200 276733 "-" "meta-externalagent/1.1 (+https://developers.facebook.com/docs/sharing/webmasters/crawler)"
45.154.98.70 - - [20/Dec/2025:01:03:36 +0000] "POST //xmlrpc.php HTTP/1.1" 200 7676 "-" "Mozilla/5.0 (Windows NT 10.0; Win64; x64) AppleWebKit/537.36 (KHTML, like Gecko) Chrome/78.0.3904.108 Safari/537.36"
45.154.98.70 - - [20/Dec/2025:01:03:36 +0000] "POST //xmlrpc.php HTTP/1.1" 200 7676 "-" "Mozilla/5.0 (Windows NT 10.0; Win64; x64) AppleWebKit/537.36 (KHTML, like Gecko) Chrome/78.0.3904.108 Safari/537.36"
45.154.98.70 - - [20/Dec/2025:01:03:37 +0000] "POST //xmlrpc.php HTTP/1.1" 200 7676 "-" "Mozilla/5.0 (Windows NT 10.0; Win64; x64) AppleWebKit/537.36 (KHTML, like Gecko) Chrome/78.0.3904.108 Safari/537.36"
216.73.216.56 - - [20/Dec/2025:01:03:37 +0000] "GET /entity/683519907.htm HTTP/1.1" 301 7275 "-" "Mozilla/5.0 AppleWebKit/537.36 (KHTML, like Gecko; compatible; ClaudeBot/1.0; +claudebot@anthropic.com)"
45.154.98.70 - - [20/Dec/2025:01:03:37 +0000] "POST //xmlrpc.php HTTP/1.1" 200 7682 "-" "Mozilla/5.0 (Windows NT 10.0; Win64; x64) AppleWebKit/537.36 (KHTML, like Gecko) Chrome/78.0.3904.108 Safari/537.36"
45.154.98.70 - - [20/Dec/2025:01:03:37 +0000] "POST //xmlrpc.php HTTP/1.1" 200 7676 "-" "Mozilla/5.0 (Windows NT 10.0; Win64; x64) AppleWebKit/537.36 (KHTML, like Gecko) Chrome/78.0.3904.108 Safari/537.36"
216.73.216.56 - - [20/Dec/2025:01:03:37 +0000] "GET /entity/683519907.htm/ HTTP/1.1" 200 52143 "https://datainsightnow.com/entity/683519907.htm" "Mozilla/5.0 AppleWebKit/537.36 (KHTML, like Gecko; compatible; ClaudeBot/1.0; +claudebot@anthropic.com)"
45.154.98.70 - - [20/Dec/2025:01:03:37 +0000] "POST //xmlrpc.php HTTP/1.1" 200 7676 "-" "Mozilla/5.0 (Windows NT 10.0; Win64; x64) AppleWebKit/537.36 (KHTML, like Gecko) Chrome/78.0.3904.108 Safari/537.36"
45.154.98.70 - - [20/Dec/2025:01:03:38 +0000] "POST //xmlrpc.php HTTP/1.1" 200 7676 "-" "Mozilla/5.0 (Windows NT 10.0; Win64; x64) AppleWebKit/537.36 (KHTML, like Gecko) Chrome/78.0.3904.108 Safari/537.36"
45.154.98.70 - - [20/Dec/2025:01:03:38 +0000] "POST //xmlrpc.php HTTP/1.1" 200 7676 "-" "Mozilla/5.0 (Windows NT 10.0; Win64; x64) AppleWebKit/537.36 (KHTML, like Gecko) Chrome/78.0.3904.108 Safari/537.36"
45.154.98.70 - - [20/Dec/2025:01:03:38 +0000] "POST //xmlrpc.php HTTP/1.1" 200 7682 "-" "Mozilla/5.0 (Windows NT 10.0; Win64; x64) AppleWebKit/537.36 (KHTML, like Gecko) Chrome/78.0.3904.108 Safari/537.36"
45.154.98.70 - - [20/Dec/2025:01:03:38 +0000] "POST //xmlrpc.php HTTP/1.1" 200 7682 "-" "Mozilla/5.0 (Windows NT 10.0; Win64; x64) AppleWebKit/537.36 (KHTML, like Gecko) Chrome/78.0.3904.108 Safari/537.36"
57.141.0.55 - - [20/Dec/2025:01:03:38 +0000] "GET /2025/03/13/?path=//sys/class/pci_bus/0000:13/subsystem/0000:07/subsystem/0000:0d/subsystem/0000:13/power HTTP/1.1" 200 276788 "-" "meta-externalagent/1.1 (+https://developers.facebook.com/docs/sharing/webmasters/crawler)"
45.154.98.70 - - [20/Dec/2025:01:03:38 +0000] "POST //xmlrpc.php HTTP/1.1" 200 7682 "-" "Mozilla/5.0 (Windows NT 10.0; Win64; x64) AppleWebKit/537.36 (KHTML, like Gecko) Chrome/78.0.3904.108 Safari/537.36"
45.154.98.70 - - [20/Dec/2025:01:03:39 +0000] "POST //xmlrpc.php HTTP/1.1" 200 7676 "-" "Mozilla/5.0 (Windows NT 10.0; Win64; x64) AppleWebKit/537.36 (KHTML, like Gecko) Chrome/78.0.3904.108 Safari/537.36"
57.141.0.48 - - [20/Dec/2025:01:03:39 +0000] "GET /2025/03/07/page/6/?fileloc=//sys/class/pci_bus/0000:12/subsystem/0000:12/subsystem/0000:00/device/0000:00:02.4/driver/0000:00:03.5/resource&path=//sys/class/pci_bus/0000:12/subsystem/0000:12/subsystem/0000:00/device/0000:00:02.4/driver/0000:00:03.5 HTTP/1.1" 200 276788 "-" "meta-externalagent/1.1 (+https://developers.facebook.com/docs/sharing/webmasters/crawler)"
45.154.98.70 - - [20/Dec/2025:01:03:39 +0000] "POST //xmlrpc.php HTTP/1.1" 200 7676 "-" "Mozilla/5.0 (Windows NT 10.0; Win64; x64) AppleWebKit/537.36 (KHTML, like Gecko) Chrome/78.0.3904.108 Safari/537.36"
45.154.98.70 - - [20/Dec/2025:01:03:39 +0000] "POST //xmlrpc.php HTTP/1.1" 200 7682 "-" "Mozilla/5.0 (Windows NT 10.0; Win64; x64) AppleWebKit/537.36 (KHTML, like Gecko) Chrome/78.0.3904.108 Safari/537.36"
45.154.98.70 - - [20/Dec/2025:01:03:39 +0000] "POST //xmlrpc.php HTTP/1.1" 200 7676 "-" "Mozilla/5.0 (Windows NT 10.0; Win64; x64) AppleWebKit/537.36 (KHTML, like Gecko) Chrome/78.0.3904.108 Safari/537.36"
45.154.98.70 - - [20/Dec/2025:01:03:40 +0000] "POST //xmlrpc.php HTTP/1.1" 200 7682 "-" "Mozilla/5.0 (Windows NT 10.0; Win64; x64) AppleWebKit/537.36 (KHTML, like Gecko) Chrome/78.0.3904.108 Safari/537.36"
216.73.216.56 - - [20/Dec/2025:01:03:40 +0000] "GET /entity/683507216.htm HTTP/1.1" 301 7275 "-" "Mozilla/5.0 AppleWebKit/537.36 (KHTML, like Gecko; compatible; ClaudeBot/1.0; +claudebot@anthropic.com)"
45.154.98.70 - - [20/Dec/2025:01:03:40 +0000] "POST //xmlrpc.php HTTP/1.1" 200 7682 "-" "Mozilla/5.0 (Windows NT 10.0; Win64; x64) AppleWebKit/537.36 (KHTML, like Gecko) Chrome/78.0.3904.108 Safari/537.36"
45.154.98.70 - - [20/Dec/2025:01:03:40 +0000] "POST //xmlrpc.php HTTP/1.1" 200 7682 "-" "Mozilla/5.0 (Windows NT 10.0; Win64; x64) AppleWebKit/537.36 (KHTML, like Gecko) Chrome/78.0.3904.108 Safari/537.36"
216.73.216.56 - - [20/Dec/2025:01:03:40 +0000] "GET /entity/683507216.htm/ HTTP/1.1" 200 52143 "https://datainsightnow.com/entity/683507216.htm" "Mozilla/5.0 AppleWebKit/537.36 (KHTML, like Gecko; compatible; ClaudeBot/1.0; +claudebot@anthropic.com)"
45.154.98.70 - - [20/Dec/2025:01:03:40 +0000] "POST //xmlrpc.php HTTP/1.1" 200 7676 "-" "Mozilla/5.0 (Windows NT 10.0; Win64; x64) AppleWebKit/537.36 (KHTML, like Gecko) Chrome/78.0.3904.108 Safari/537.36"
45.154.98.70 - - [20/Dec/2025:01:03:41 +0000] "POST //xmlrpc.php HTTP/1.1" 200 7682 "-" "Mozilla/5.0 (Windows NT 10.0; Win64; x64) AppleWebKit/537.36 (KHTML, like Gecko) Chrome/78.0.3904.108 Safari/537.36"
57.141.0.16 - - [20/Dec/2025:01:03:41 +0000] "GET /2025/03/07/page/6/?path=//sys/class/pci_bus/0000:06/subsystem/0000:06/device/driver/0000:00:02.2/firmware_node/subsystem/devices/device:04/subsystem HTTP/1.1" 200 276788 "-" "meta-externalagent/1.1 (+https://developers.facebook.com/docs/sharing/webmasters/crawler)"
45.154.98.70 - - [20/Dec/2025:01:03:41 +0000] "POST //xmlrpc.php HTTP/1.1" 200 7682 "-" "Mozilla/5.0 (Windows NT 10.0; Win64; x64) AppleWebKit/537.36 (KHTML, like Gecko) Chrome/78.0.3904.108 Safari/537.36"
45.154.98.70 - - [20/Dec/2025:01:03:41 +0000] "POST //xmlrpc.php HTTP/1.1" 200 7682 "-" "Mozilla/5.0 (Windows NT 10.0; Win64; x64) AppleWebKit/537.36 (KHTML, like Gecko) Chrome/78.0.3904.108 Safari/537.36"
45.154.98.70 - - [20/Dec/2025:01:03:41 +0000] "POST //xmlrpc.php HTTP/1.1" 200 7676 "-" "Mozilla/5.0 (Windows NT 10.0; Win64; x64) AppleWebKit/537.36 (KHTML, like Gecko) Chrome/78.0.3904.108 Safari/537.36"
45.154.98.70 - - [20/Dec/2025:01:03:42 +0000] "POST //xmlrpc.php HTTP/1.1" 200 7682 "-" "Mozilla/5.0 (Windows NT 10.0; Win64; x64) AppleWebKit/537.36 (KHTML, like Gecko) Chrome/78.0.3904.108 Safari/537.36"
45.154.98.70 - - [20/Dec/2025:01:03:42 +0000] "POST //xmlrpc.php HTTP/1.1" 200 7682 "-" "Mozilla/5.0 (Windows NT 10.0; Win64; x64) AppleWebKit/537.36 (KHTML, like Gecko) Chrome/78.0.3904.108 Safari/537.36"
45.154.98.70 - - [20/Dec/2025:01:03:42 +0000] "POST //xmlrpc.php HTTP/1.1" 200 7682 "-" "Mozilla/5.0 (Windows NT 10.0; Win64; x64) AppleWebKit/537.36 (KHTML, like Gecko) Chrome/78.0.3904.108 Safari/537.36"
57.141.0.52 - - [20/Dec/2025:01:03:42 +0000] "GET /2025/03/07/page/6/?fileloc=//sys/class/pci_bus/0000:01/subsystem/0000:0b/subsystem/0000:02/device/driver/0000:00:03.1/driver/0000:00:03.1/max_link_width&path=//sys/class/pci_bus/0000:01/subsystem/0000:0b/subsystem/0000:02/device/driver/0000:00:03.1/driver/0000:00:03.1 HTTP/1.1" 200 276733 "-" "meta-externalagent/1.1 (+https://developers.facebook.com/docs/sharing/webmasters/crawler)"
45.154.98.70 - - [20/Dec/2025:01:03:42 +0000] "POST //xmlrpc.php HTTP/1.1" 200 7682 "-" "Mozilla/5.0 (Windows NT 10.0; Win64; x64) AppleWebKit/537.36 (KHTML, like Gecko) Chrome/78.0.3904.108 Safari/537.36"
45.154.98.70 - - [20/Dec/2025:01:03:43 +0000] "POST //xmlrpc.php HTTP/1.1" 200 7676 "-" "Mozilla/5.0 (Windows NT 10.0; Win64; x64) AppleWebKit/537.36 (KHTML, like Gecko) Chrome/78.0.3904.108 Safari/537.36"
216.73.216.56 - - [20/Dec/2025:01:03:43 +0000] "GET /entity/683367354.htm HTTP/1.1" 301 7275 "-" "Mozilla/5.0 AppleWebKit/537.36 (KHTML, like Gecko; compatible; ClaudeBot/1.0; +claudebot@anthropic.com)"
45.154.98.70 - - [20/Dec/2025:01:03:43 +0000] "POST //xmlrpc.php HTTP/1.1" 200 7682 "-" "Mozilla/5.0 (Windows NT 10.0; Win64; x64) AppleWebKit/537.36 (KHTML, like Gecko) Chrome/78.0.3904.108 Safari/537.36"
45.154.98.70 - - [20/Dec/2025:01:03:43 +0000] "POST //xmlrpc.php HTTP/1.1" 200 7676 "-" "Mozilla/5.0 (Windows NT 10.0; Win64; x64) AppleWebKit/537.36 (KHTML, like Gecko) Chrome/78.0.3904.108 Safari/537.36"
216.73.216.56 - - [20/Dec/2025:01:03:43 +0000] "GET /entity/683367354.htm/ HTTP/1.1" 200 52143 "https://datainsightnow.com/entity/683367354.htm" "Mozilla/5.0 AppleWebKit/537.36 (KHTML, like Gecko; compatible; ClaudeBot/1.0; +claudebot@anthropic.com)"
45.154.98.70 - - [20/Dec/2025:01:03:44 +0000] "POST //xmlrpc.php HTTP/1.1" 200 7682 "-" "Mozilla/5.0 (Windows NT 10.0; Win64; x64) AppleWebKit/537.36 (KHTML, like Gecko) Chrome/78.0.3904.108 Safari/537.36"
57.141.0.59 - - [20/Dec/2025:01:03:44 +0000] "GET /karamba-spielsaal-erfahrungen-angeschlossen-testbericht-werfen-sie-einen-blick-auf-den-link-within-2025-pro-teutonia/?fileloc=//sys/class/pci_bus/0000:02/device/driver/0000:00:02.3/driver/0000:00:02.0/driver/0000:00:03.1/driver/0000:00:02.2/subsystem_device&path=//sys/class/pci_bus/0000:02/device/driver/0000:00:02.3/driver/0000:00:02.0/driver/0000:00:03.1/driver/0000:00:02.2 HTTP/1.1" 200 276788 "-" "meta-externalagent/1.1 (+https://developers.facebook.com/docs/sharing/webmasters/crawler)"
45.154.98.70 - - [20/Dec/2025:01:03:44 +0000] "POST //xmlrpc.php HTTP/1.1" 200 7682 "-" "Mozilla/5.0 (Windows NT 10.0; Win64; x64) AppleWebKit/537.36 (KHTML, like Gecko) Chrome/78.0.3904.108 Safari/537.36"
45.154.98.70 - - [20/Dec/2025:01:03:44 +0000] "POST //xmlrpc.php HTTP/1.1" 200 7676 "-" "Mozilla/5.0 (Windows NT 10.0; Win64; x64) AppleWebKit/537.36 (KHTML, like Gecko) Chrome/78.0.3904.108 Safari/537.36"
45.154.98.70 - - [20/Dec/2025:01:03:44 +0000] "POST //xmlrpc.php HTTP/1.1" 200 7676 "-" "Mozilla/5.0 (Windows NT 10.0; Win64; x64) AppleWebKit/537.36 (KHTML, like Gecko) Chrome/78.0.3904.108 Safari/537.36"
45.154.98.70 - - [20/Dec/2025:01:03:44 +0000] "POST //xmlrpc.php HTTP/1.1" 200 7682 "-" "Mozilla/5.0 (Windows NT 10.0; Win64; x64) AppleWebKit/537.36 (KHTML, like Gecko) Chrome/78.0.3904.108 Safari/537.36"
45.154.98.70 - - [20/Dec/2025:01:03:45 +0000] "POST //xmlrpc.php HTTP/1.1" 200 7676 "-" "Mozilla/5.0 (Windows NT 10.0; Win64; x64) AppleWebKit/537.36 (KHTML, like Gecko) Chrome/78.0.3904.108 Safari/537.36"
57.141.0.34 - - [20/Dec/2025:01:03:45 +0000] "GET /entity/44265945.htm HTTP/1.1" 301 7281 "-" "meta-externalagent/1.1 (+https://developers.facebook.com/docs/sharing/webmasters/crawler)"
45.154.98.70 - - [20/Dec/2025:01:03:45 +0000] "POST //xmlrpc.php HTTP/1.1" 200 7682 "-" "Mozilla/5.0 (Windows NT 10.0; Win64; x64) AppleWebKit/537.36 (KHTML, like Gecko) Chrome/78.0.3904.108 Safari/537.36"
45.154.98.70 - - [20/Dec/2025:01:03:45 +0000] "POST //xmlrpc.php HTTP/1.1" 200 7682 "-" "Mozilla/5.0 (Windows NT 10.0; Win64; x64) AppleWebKit/537.36 (KHTML, like Gecko) Chrome/78.0.3904.108 Safari/537.36"
45.154.98.70 - - [20/Dec/2025:01:03:45 +0000] "POST //xmlrpc.php HTTP/1.1" 200 7676 "-" "Mozilla/5.0 (Windows NT 10.0; Win64; x64) AppleWebKit/537.36 (KHTML, like Gecko) Chrome/78.0.3904.108 Safari/537.36"
45.154.98.70 - - [20/Dec/2025:01:03:45 +0000] "POST //xmlrpc.php HTTP/1.1" 200 7676 "-" "Mozilla/5.0 (Windows NT 10.0; Win64; x64) AppleWebKit/537.36 (KHTML, like Gecko) Chrome/78.0.3904.108 Safari/537.36"
45.154.98.70 - - [20/Dec/2025:01:03:46 +0000] "POST //xmlrpc.php HTTP/1.1" 200 7682 "-" "Mozilla/5.0 (Windows NT 10.0; Win64; x64) AppleWebKit/537.36 (KHTML, like Gecko) Chrome/78.0.3904.108 Safari/537.36"
45.154.98.70 - - [20/Dec/2025:01:03:46 +0000] "POST //xmlrpc.php HTTP/1.1" 200 7682 "-" "Mozilla/5.0 (Windows NT 10.0; Win64; x64) AppleWebKit/537.36 (KHTML, like Gecko) Chrome/78.0.3904.108 Safari/537.36"
45.154.98.70 - - [20/Dec/2025:01:03:46 +0000] "POST //xmlrpc.php HTTP/1.1" 200 7676 "-" "Mozilla/5.0 (Windows NT 10.0; Win64; x64) AppleWebKit/537.36 (KHTML, like Gecko) Chrome/78.0.3904.108 Safari/537.36"
45.154.98.70 - - [20/Dec/2025:01:03:46 +0000] "POST //xmlrpc.php HTTP/1.1" 200 7676 "-" "Mozilla/5.0 (Windows NT 10.0; Win64; x64) AppleWebKit/537.36 (KHTML, like Gecko) Chrome/78.0.3904.108 Safari/537.36"
45.154.98.70 - - [20/Dec/2025:01:03:47 +0000] "POST //xmlrpc.php HTTP/1.1" 200 7682 "-" "Mozilla/5.0 (Windows NT 10.0; Win64; x64) AppleWebKit/537.36 (KHTML, like Gecko) Chrome/78.0.3904.108 Safari/537.36"
45.154.98.70 - - [20/Dec/2025:01:03:47 +0000] "POST //xmlrpc.php HTTP/1.1" 200 7682 "-" "Mozilla/5.0 (Windows NT 10.0; Win64; x64) AppleWebKit/537.36 (KHTML, like Gecko) Chrome/78.0.3904.108 Safari/537.36"
57.141.0.46 - - [20/Dec/2025:01:03:47 +0000] "GET /2025/03/06/page/39/?path=//sys/class/pci_bus/0000:01/subsystem/0000:02/device/pci_bus/0000:02/subsystem/0000:0d/subsystem/0000:03 HTTP/1.1" 200 276788 "-" "meta-externalagent/1.1 (+https://developers.facebook.com/docs/sharing/webmasters/crawler)"
45.154.98.70 - - [20/Dec/2025:01:03:47 +0000] "POST //xmlrpc.php HTTP/1.1" 200 7676 "-" "Mozilla/5.0 (Windows NT 10.0; Win64; x64) AppleWebKit/537.36 (KHTML, like Gecko) Chrome/78.0.3904.108 Safari/537.36"
45.154.98.70 - - [20/Dec/2025:01:03:47 +0000] "POST //xmlrpc.php HTTP/1.1" 200 7676 "-" "Mozilla/5.0 (Windows NT 10.0; Win64; x64) AppleWebKit/537.36 (KHTML, like Gecko) Chrome/78.0.3904.108 Safari/537.36"
45.154.98.70 - - [20/Dec/2025:01:03:48 +0000] "POST //xmlrpc.php HTTP/1.1" 200 7676 "-" "Mozilla/5.0 (Windows NT 10.0; Win64; x64) AppleWebKit/537.36 (KHTML, like Gecko) Chrome/78.0.3904.108 Safari/537.36"
45.154.98.70 - - [20/Dec/2025:01:03:48 +0000] "POST //xmlrpc.php HTTP/1.1" 200 7682 "-" "Mozilla/5.0 (Windows NT 10.0; Win64; x64) AppleWebKit/537.36 (KHTML, like Gecko) Chrome/78.0.3904.108 Safari/537.36"
216.73.216.56 - - [20/Dec/2025:01:03:48 +0000] "GET /entity/683477431.htm HTTP/1.1" 301 7275 "-" "Mozilla/5.0 AppleWebKit/537.36 (KHTML, like Gecko; compatible; ClaudeBot/1.0; +claudebot@anthropic.com)"
57.141.0.5 - - [20/Dec/2025:01:03:48 +0000] "GET /2025/03/06/page/39/?fileloc=//sys/class/pci_bus/0000:13/subsystem/0000:05/device/driver/0000:00:02.2/subsystem/devices/0000:07:00.0/revision&path=//sys/class/pci_bus/0000:13/subsystem/0000:05/device/driver/0000:00:02.2/subsystem/devices/0000:07:00.0 HTTP/1.1" 200 276740 "-" "meta-externalagent/1.1 (+https://developers.facebook.com/docs/sharing/webmasters/crawler)"
45.154.98.70 - - [20/Dec/2025:01:03:48 +0000] "POST //xmlrpc.php HTTP/1.1" 200 7676 "-" "Mozilla/5.0 (Windows NT 10.0; Win64; x64) AppleWebKit/537.36 (KHTML, like Gecko) Chrome/78.0.3904.108 Safari/537.36"
45.154.98.70 - - [20/Dec/2025:01:03:48 +0000] "POST //xmlrpc.php HTTP/1.1" 200 7682 "-" "Mozilla/5.0 (Windows NT 10.0; Win64; x64) AppleWebKit/537.36 (KHTML, like Gecko) Chrome/78.0.3904.108 Safari/537.36"
216.73.216.56 - - [20/Dec/2025:01:03:49 +0000] "GET /entity/683477431.htm/ HTTP/1.1" 200 52143 "https://datainsightnow.com/entity/683477431.htm" "Mozilla/5.0 AppleWebKit/537.36 (KHTML, like Gecko; compatible; ClaudeBot/1.0; +claudebot@anthropic.com)"
45.154.98.70 - - [20/Dec/2025:01:03:49 +0000] "POST //xmlrpc.php HTTP/1.1" 200 7682 "-" "Mozilla/5.0 (Windows NT 10.0; Win64; x64) AppleWebKit/537.36 (KHTML, like Gecko) Chrome/78.0.3904.108 Safari/537.36"
45.154.98.70 - - [20/Dec/2025:01:03:49 +0000] "POST //xmlrpc.php HTTP/1.1" 200 7682 "-" "Mozilla/5.0 (Windows NT 10.0; Win64; x64) AppleWebKit/537.36 (KHTML, like Gecko) Chrome/78.0.3904.108 Safari/537.36"
45.154.98.70 - - [20/Dec/2025:01:03:49 +0000] "POST //xmlrpc.php HTTP/1.1" 200 7676 "-" "Mozilla/5.0 (Windows NT 10.0; Win64; x64) AppleWebKit/537.36 (KHTML, like Gecko) Chrome/78.0.3904.108 Safari/537.36"
45.154.98.70 - - [20/Dec/2025:01:03:49 +0000] "POST //xmlrpc.php HTTP/1.1" 200 7682 "-" "Mozilla/5.0 (Windows NT 10.0; Win64; x64) AppleWebKit/537.36 (KHTML, like Gecko) Chrome/78.0.3904.108 Safari/537.36"
