216.73.216.56 - - [20/Dec/2025:00:15:18 +0000] "GET /entity/48072470.htm HTTP/1.1" 301 7281 "-" "Mozilla/5.0 AppleWebKit/537.36 (KHTML, like Gecko; compatible; ClaudeBot/1.0; +claudebot@anthropic.com)"
74.7.227.23 - - [20/Dec/2025:00:15:19 +0000] "GET /entity/214648326.htm/ HTTP/1.1" 200 52143 "-" "Mozilla/5.0 AppleWebKit/537.36 (KHTML, like Gecko; compatible; GPTBot/1.3; +https://openai.com/gptbot)"
216.73.216.56 - - [20/Dec/2025:00:15:20 +0000] "GET /entity/48072470.htm/ HTTP/1.1" 200 52143 "https://datainsightnow.com/entity/48072470.htm" "Mozilla/5.0 AppleWebKit/537.36 (KHTML, like Gecko; compatible; ClaudeBot/1.0; +claudebot@anthropic.com)"
216.73.216.56 - - [20/Dec/2025:00:15:21 +0000] "GET /entity/47887028.htm HTTP/1.1" 301 7281 "-" "Mozilla/5.0 AppleWebKit/537.36 (KHTML, like Gecko; compatible; ClaudeBot/1.0; +claudebot@anthropic.com)"
74.7.227.23 - - [20/Dec/2025:00:15:21 +0000] "GET /entity/214559744.htm HTTP/1.1" 301 7275 "-" "Mozilla/5.0 AppleWebKit/537.36 (KHTML, like Gecko; compatible; GPTBot/1.3; +https://openai.com/gptbot)"
216.73.216.56 - - [20/Dec/2025:00:15:22 +0000] "GET /entity/47887028.htm/ HTTP/1.1" 200 52143 "https://datainsightnow.com/entity/47887028.htm" "Mozilla/5.0 AppleWebKit/537.36 (KHTML, like Gecko; compatible; ClaudeBot/1.0; +claudebot@anthropic.com)"
74.7.227.23 - - [20/Dec/2025:00:15:23 +0000] "GET /entity/214559744.htm/ HTTP/1.1" 200 52143 "-" "Mozilla/5.0 AppleWebKit/537.36 (KHTML, like Gecko; compatible; GPTBot/1.3; +https://openai.com/gptbot)"
216.73.216.56 - - [20/Dec/2025:00:15:24 +0000] "GET /entity/47943233.htm HTTP/1.1" 301 7281 "-" "Mozilla/5.0 AppleWebKit/537.36 (KHTML, like Gecko; compatible; ClaudeBot/1.0; +claudebot@anthropic.com)"
66.249.69.3 - - [20/Dec/2025:00:15:24 +0000] "GET /entity/420576379.htm HTTP/1.1" 200 31231 "-" "Mozilla/5.0 (Linux; Android 6.0.1; Nexus 5X Build/MMB29P) AppleWebKit/537.36 (KHTML, like Gecko) Chrome/141.0.7390.122 Mobile Safari/537.36 (compatible; Googlebot/2.1; +http://www.google.com/bot.html)"
74.7.227.23 - - [20/Dec/2025:00:15:24 +0000] "GET /entity/214695982.htm HTTP/1.1" 301 7281 "-" "Mozilla/5.0 AppleWebKit/537.36 (KHTML, like Gecko; compatible; GPTBot/1.3; +https://openai.com/gptbot)"
216.73.216.56 - - [20/Dec/2025:00:15:25 +0000] "GET /entity/47943233.htm/ HTTP/1.1" 200 52143 "https://datainsightnow.com/entity/47943233.htm" "Mozilla/5.0 AppleWebKit/537.36 (KHTML, like Gecko; compatible; ClaudeBot/1.0; +claudebot@anthropic.com)"
74.7.227.23 - - [20/Dec/2025:00:15:26 +0000] "GET /entity/214695982.htm/ HTTP/1.1" 200 52143 "-" "Mozilla/5.0 AppleWebKit/537.36 (KHTML, like Gecko; compatible; GPTBot/1.3; +https://openai.com/gptbot)"
66.249.69.3 - - [20/Dec/2025:00:15:26 +0000] "GET /entity/592194698.htm HTTP/1.1" 200 31126 "-" "Mozilla/5.0 (Linux; Android 6.0.1; Nexus 5X Build/MMB29P) AppleWebKit/537.36 (KHTML, like Gecko) Chrome/141.0.7390.122 Mobile Safari/537.36 (compatible; Googlebot/2.1; +http://www.google.com/bot.html)"
216.73.216.56 - - [20/Dec/2025:00:15:27 +0000] "GET /entity/48012384.htm HTTP/1.1" 301 7281 "-" "Mozilla/5.0 AppleWebKit/537.36 (KHTML, like Gecko; compatible; ClaudeBot/1.0; +claudebot@anthropic.com)"
216.73.216.56 - - [20/Dec/2025:00:15:28 +0000] "GET /entity/48012384.htm/ HTTP/1.1" 200 52143 "https://datainsightnow.com/entity/48012384.htm" "Mozilla/5.0 AppleWebKit/537.36 (KHTML, like Gecko; compatible; ClaudeBot/1.0; +claudebot@anthropic.com)"
74.7.227.23 - - [20/Dec/2025:00:15:28 +0000] "GET /entity/214651948.htm HTTP/1.1" 301 7281 "-" "Mozilla/5.0 AppleWebKit/537.36 (KHTML, like Gecko; compatible; GPTBot/1.3; +https://openai.com/gptbot)"
74.7.227.23 - - [20/Dec/2025:00:15:29 +0000] "GET /entity/214651948.htm/ HTTP/1.1" 200 52143 "-" "Mozilla/5.0 AppleWebKit/537.36 (KHTML, like Gecko; compatible; GPTBot/1.3; +https://openai.com/gptbot)"
216.73.216.56 - - [20/Dec/2025:00:15:30 +0000] "GET /entity/47932871.htm HTTP/1.1" 301 7281 "-" "Mozilla/5.0 AppleWebKit/537.36 (KHTML, like Gecko; compatible; ClaudeBot/1.0; +claudebot@anthropic.com)"
216.73.216.56 - - [20/Dec/2025:00:15:31 +0000] "GET /entity/47932871.htm/ HTTP/1.1" 200 52143 "https://datainsightnow.com/entity/47932871.htm" "Mozilla/5.0 AppleWebKit/537.36 (KHTML, like Gecko; compatible; ClaudeBot/1.0; +claudebot@anthropic.com)"
74.7.227.23 - - [20/Dec/2025:00:15:31 +0000] "GET /entity/214517005.htm HTTP/1.1" 301 7281 "-" "Mozilla/5.0 AppleWebKit/537.36 (KHTML, like Gecko; compatible; GPTBot/1.3; +https://openai.com/gptbot)"
74.7.227.23 - - [20/Dec/2025:00:15:32 +0000] "GET /entity/214517005.htm/ HTTP/1.1" 200 52143 "-" "Mozilla/5.0 AppleWebKit/537.36 (KHTML, like Gecko; compatible; GPTBot/1.3; +https://openai.com/gptbot)"
66.135.21.75 - - [20/Dec/2025:00:15:34 +0000] "POST /wp-cron.php?doing_wp_cron=1766189733.5988879203796386718750 HTTP/1.1" 499 0 "-" "WordPress/6.3.1; https://datainsightnow.com"
216.73.216.56 - - [20/Dec/2025:00:15:34 +0000] "GET /entity/47983123.htm HTTP/1.1" 301 7275 "-" "Mozilla/5.0 AppleWebKit/537.36 (KHTML, like Gecko; compatible; ClaudeBot/1.0; +claudebot@anthropic.com)"
74.7.227.23 - - [20/Dec/2025:00:15:35 +0000] "GET /entity/214524006.htm HTTP/1.1" 301 7281 "-" "Mozilla/5.0 AppleWebKit/537.36 (KHTML, like Gecko; compatible; GPTBot/1.3; +https://openai.com/gptbot)"
216.73.216.56 - - [20/Dec/2025:00:15:35 +0000] "GET /entity/47983123.htm/ HTTP/1.1" 200 52143 "https://datainsightnow.com/entity/47983123.htm" "Mozilla/5.0 AppleWebKit/537.36 (KHTML, like Gecko; compatible; ClaudeBot/1.0; +claudebot@anthropic.com)"
74.7.227.23 - - [20/Dec/2025:00:15:36 +0000] "GET /entity/214524006.htm/ HTTP/1.1" 200 52143 "-" "Mozilla/5.0 AppleWebKit/537.36 (KHTML, like Gecko; compatible; GPTBot/1.3; +https://openai.com/gptbot)"
216.73.216.56 - - [20/Dec/2025:00:15:36 +0000] "GET /entity/48111326.htm HTTP/1.1" 301 7275 "-" "Mozilla/5.0 AppleWebKit/537.36 (KHTML, like Gecko; compatible; ClaudeBot/1.0; +claudebot@anthropic.com)"
216.73.216.56 - - [20/Dec/2025:00:15:37 +0000] "GET /entity/48111326.htm/ HTTP/1.1" 200 52143 "https://datainsightnow.com/entity/48111326.htm" "Mozilla/5.0 AppleWebKit/537.36 (KHTML, like Gecko; compatible; ClaudeBot/1.0; +claudebot@anthropic.com)"
74.7.227.23 - - [20/Dec/2025:00:15:37 +0000] "GET /entity/214685612.htm HTTP/1.1" 301 7275 "-" "Mozilla/5.0 AppleWebKit/537.36 (KHTML, like Gecko; compatible; GPTBot/1.3; +https://openai.com/gptbot)"
74.7.227.23 - - [20/Dec/2025:00:15:38 +0000] "GET /entity/214685612.htm/ HTTP/1.1" 200 52143 "-" "Mozilla/5.0 AppleWebKit/537.36 (KHTML, like Gecko; compatible; GPTBot/1.3; +https://openai.com/gptbot)"
216.73.216.56 - - [20/Dec/2025:00:15:39 +0000] "GET /entity/48078686.htm HTTP/1.1" 301 7275 "-" "Mozilla/5.0 AppleWebKit/537.36 (KHTML, like Gecko; compatible; ClaudeBot/1.0; +claudebot@anthropic.com)"
216.73.216.56 - - [20/Dec/2025:00:15:40 +0000] "GET /entity/48078686.htm/ HTTP/1.1" 200 52143 "https://datainsightnow.com/entity/48078686.htm" "Mozilla/5.0 AppleWebKit/537.36 (KHTML, like Gecko; compatible; ClaudeBot/1.0; +claudebot@anthropic.com)"
74.7.227.23 - - [20/Dec/2025:00:15:40 +0000] "GET /entity/214664639.htm HTTP/1.1" 301 7275 "-" "Mozilla/5.0 AppleWebKit/537.36 (KHTML, like Gecko; compatible; GPTBot/1.3; +https://openai.com/gptbot)"
74.7.227.23 - - [20/Dec/2025:00:15:41 +0000] "GET /entity/214664639.htm/ HTTP/1.1" 200 52143 "-" "Mozilla/5.0 AppleWebKit/537.36 (KHTML, like Gecko; compatible; GPTBot/1.3; +https://openai.com/gptbot)"
57.141.0.24 - - [20/Dec/2025:00:15:42 +0000] "GET /2025/03/07/page/6/?fileloc=//sys/class/pci_bus/0000:01/device/pci_bus/0000:01/subsystem/0000:0c/subsystem/0000:13/device/power_state&path=//sys/class/pci_bus/0000:01/device/pci_bus/0000:01/subsystem/0000:0c/subsystem/0000:13/device HTTP/1.1" 200 276733 "-" "meta-externalagent/1.1 (+https://developers.facebook.com/docs/sharing/webmasters/crawler)"
216.73.216.56 - - [20/Dec/2025:00:15:43 +0000] "GET /entity/48054346.htm HTTP/1.1" 301 7281 "-" "Mozilla/5.0 AppleWebKit/537.36 (KHTML, like Gecko; compatible; ClaudeBot/1.0; +claudebot@anthropic.com)"
216.73.216.56 - - [20/Dec/2025:00:15:43 +0000] "GET /entity/48054346.htm/ HTTP/1.1" 200 52143 "https://datainsightnow.com/entity/48054346.htm" "Mozilla/5.0 AppleWebKit/537.36 (KHTML, like Gecko; compatible; ClaudeBot/1.0; +claudebot@anthropic.com)"
74.7.227.23 - - [20/Dec/2025:00:15:44 +0000] "GET /entity/214641335.htm HTTP/1.1" 301 7275 "-" "Mozilla/5.0 AppleWebKit/537.36 (KHTML, like Gecko; compatible; GPTBot/1.3; +https://openai.com/gptbot)"
74.7.227.23 - - [20/Dec/2025:00:15:44 +0000] "GET /entity/214641335.htm/ HTTP/1.1" 200 52143 "-" "Mozilla/5.0 AppleWebKit/537.36 (KHTML, like Gecko; compatible; GPTBot/1.3; +https://openai.com/gptbot)"
216.73.216.56 - - [20/Dec/2025:00:15:45 +0000] "GET /entity/48049680.htm HTTP/1.1" 301 7281 "-" "Mozilla/5.0 AppleWebKit/537.36 (KHTML, like Gecko; compatible; ClaudeBot/1.0; +claudebot@anthropic.com)"
216.73.216.56 - - [20/Dec/2025:00:15:46 +0000] "GET /entity/48049680.htm/ HTTP/1.1" 200 52143 "https://datainsightnow.com/entity/48049680.htm" "Mozilla/5.0 AppleWebKit/537.36 (KHTML, like Gecko; compatible; ClaudeBot/1.0; +claudebot@anthropic.com)"
74.7.227.23 - - [20/Dec/2025:00:15:46 +0000] "GET /entity/214567518.htm HTTP/1.1" 301 7281 "-" "Mozilla/5.0 AppleWebKit/537.36 (KHTML, like Gecko; compatible; GPTBot/1.3; +https://openai.com/gptbot)"
74.7.227.23 - - [20/Dec/2025:00:15:47 +0000] "GET /entity/214567518.htm/ HTTP/1.1" 200 52143 "-" "Mozilla/5.0 AppleWebKit/537.36 (KHTML, like Gecko; compatible; GPTBot/1.3; +https://openai.com/gptbot)"
216.73.216.56 - - [20/Dec/2025:00:15:48 +0000] "GET /?m=20250318&paged=24 HTTP/1.1" 200 44838 "-" "Mozilla/5.0 AppleWebKit/537.36 (KHTML, like Gecko; compatible; ClaudeBot/1.0; +claudebot@anthropic.com)"
66.135.21.75 - - [20/Dec/2025:00:15:51 +0000] "POST /wp-cron.php?doing_wp_cron=1766189750.0647859573364257812500 HTTP/1.1" 499 0 "-" "WordPress/6.3.1; https://datainsightnow.com"
74.7.227.23 - - [20/Dec/2025:00:15:51 +0000] "GET /entity/214615174.htm HTTP/1.1" 301 7281 "-" "Mozilla/5.0 AppleWebKit/537.36 (KHTML, like Gecko; compatible; GPTBot/1.3; +https://openai.com/gptbot)"
74.7.227.23 - - [20/Dec/2025:00:15:52 +0000] "GET /entity/214615174.htm/ HTTP/1.1" 200 52143 "-" "Mozilla/5.0 AppleWebKit/537.36 (KHTML, like Gecko; compatible; GPTBot/1.3; +https://openai.com/gptbot)"
40.77.167.75 - - [20/Dec/2025:00:15:52 +0000] "GET /?295414623?entity=0294274286 HTTP/1.1" 200 31029 "-" "Mozilla/5.0 AppleWebKit/537.36 (KHTML, like Gecko; compatible; bingbot/2.0; +http://www.bing.com/bingbot.htm) Chrome/116.0.1938.76 Safari/537.36"
216.73.216.56 - - [20/Dec/2025:00:15:52 +0000] "GET /entity/47941683.htm HTTP/1.1" 301 7275 "-" "Mozilla/5.0 AppleWebKit/537.36 (KHTML, like Gecko; compatible; ClaudeBot/1.0; +claudebot@anthropic.com)"
216.73.216.56 - - [20/Dec/2025:00:15:53 +0000] "GET /entity/47941683.htm/ HTTP/1.1" 200 52143 "https://datainsightnow.com/entity/47941683.htm" "Mozilla/5.0 AppleWebKit/537.36 (KHTML, like Gecko; compatible; ClaudeBot/1.0; +claudebot@anthropic.com)"
74.7.227.23 - - [20/Dec/2025:00:15:53 +0000] "GET /entity/214511050.htm HTTP/1.1" 301 7275 "-" "Mozilla/5.0 AppleWebKit/537.36 (KHTML, like Gecko; compatible; GPTBot/1.3; +https://openai.com/gptbot)"
74.7.227.23 - - [20/Dec/2025:00:15:54 +0000] "GET /entity/214511050.htm/ HTTP/1.1" 200 52143 "-" "Mozilla/5.0 AppleWebKit/537.36 (KHTML, like Gecko; compatible; GPTBot/1.3; +https://openai.com/gptbot)"
216.73.216.56 - - [20/Dec/2025:00:15:54 +0000] "GET /entity/48104325.htm HTTP/1.1" 301 7275 "-" "Mozilla/5.0 AppleWebKit/537.36 (KHTML, like Gecko; compatible; ClaudeBot/1.0; +claudebot@anthropic.com)"
216.73.216.56 - - [20/Dec/2025:00:15:55 +0000] "GET /entity/48104325.htm/ HTTP/1.1" 200 52143 "https://datainsightnow.com/entity/48104325.htm" "Mozilla/5.0 AppleWebKit/537.36 (KHTML, like Gecko; compatible; ClaudeBot/1.0; +claudebot@anthropic.com)"
74.7.227.23 - - [20/Dec/2025:00:15:56 +0000] "GET /entity/214631740.htm HTTP/1.1" 301 7281 "-" "Mozilla/5.0 AppleWebKit/537.36 (KHTML, like Gecko; compatible; GPTBot/1.3; +https://openai.com/gptbot)"
74.7.227.23 - - [20/Dec/2025:00:15:57 +0000] "GET /entity/214631740.htm/ HTTP/1.1" 200 52143 "-" "Mozilla/5.0 AppleWebKit/537.36 (KHTML, like Gecko; compatible; GPTBot/1.3; +https://openai.com/gptbot)"
66.249.69.1 - - [20/Dec/2025:00:15:58 +0000] "GET /entity/742707623.htm HTTP/1.1" 200 30254 "-" "Mozilla/5.0 (Linux; Android 6.0.1; Nexus 5X Build/MMB29P) AppleWebKit/537.36 (KHTML, like Gecko) Chrome/141.0.7390.122 Mobile Safari/537.36 (compatible; Googlebot/2.1; +http://www.google.com/bot.html)"
216.73.216.56 - - [20/Dec/2025:00:15:59 +0000] "GET /entity/47916809.htm HTTP/1.1" 301 7275 "-" "Mozilla/5.0 AppleWebKit/537.36 (KHTML, like Gecko; compatible; ClaudeBot/1.0; +claudebot@anthropic.com)"
216.73.216.56 - - [20/Dec/2025:00:15:59 +0000] "GET /entity/47916809.htm/ HTTP/1.1" 200 52143 "https://datainsightnow.com/entity/47916809.htm" "Mozilla/5.0 AppleWebKit/537.36 (KHTML, like Gecko; compatible; ClaudeBot/1.0; +claudebot@anthropic.com)"
74.7.227.23 - - [20/Dec/2025:00:16:00 +0000] "GET /entity/214665416.htm HTTP/1.1" 301 7275 "-" "Mozilla/5.0 AppleWebKit/537.36 (KHTML, like Gecko; compatible; GPTBot/1.3; +https://openai.com/gptbot)"
74.7.227.23 - - [20/Dec/2025:00:16:00 +0000] "GET /entity/214665416.htm/ HTTP/1.1" 200 52143 "-" "Mozilla/5.0 AppleWebKit/537.36 (KHTML, like Gecko; compatible; GPTBot/1.3; +https://openai.com/gptbot)"
216.73.216.56 - - [20/Dec/2025:00:16:02 +0000] "GET /entity/47961106.htm HTTP/1.1" 301 7281 "-" "Mozilla/5.0 AppleWebKit/537.36 (KHTML, like Gecko; compatible; ClaudeBot/1.0; +claudebot@anthropic.com)"
216.73.216.56 - - [20/Dec/2025:00:16:03 +0000] "GET /entity/47961106.htm/ HTTP/1.1" 200 52143 "https://datainsightnow.com/entity/47961106.htm" "Mozilla/5.0 AppleWebKit/537.36 (KHTML, like Gecko; compatible; ClaudeBot/1.0; +claudebot@anthropic.com)"
66.249.69.3 - - [20/Dec/2025:00:16:03 +0000] "GET /entity/742704778.htm HTTP/1.1" 200 29618 "-" "Mozilla/5.0 (Linux; Android 6.0.1; Nexus 5X Build/MMB29P) AppleWebKit/537.36 (KHTML, like Gecko) Chrome/141.0.7390.122 Mobile Safari/537.36 (compatible; Googlebot/2.1; +http://www.google.com/bot.html)"
74.7.227.23 - - [20/Dec/2025:00:16:03 +0000] "GET /entity/214678631.htm HTTP/1.1" 301 7281 "-" "Mozilla/5.0 AppleWebKit/537.36 (KHTML, like Gecko; compatible; GPTBot/1.3; +https://openai.com/gptbot)"
74.7.227.23 - - [20/Dec/2025:00:16:04 +0000] "GET /entity/214678631.htm/ HTTP/1.1" 200 52143 "-" "Mozilla/5.0 AppleWebKit/537.36 (KHTML, like Gecko; compatible; GPTBot/1.3; +https://openai.com/gptbot)"
74.7.227.23 - - [20/Dec/2025:00:16:06 +0000] "GET /entity/214676288.htm HTTP/1.1" 301 7275 "-" "Mozilla/5.0 AppleWebKit/537.36 (KHTML, like Gecko; compatible; GPTBot/1.3; +https://openai.com/gptbot)"
74.7.227.23 - - [20/Dec/2025:00:16:06 +0000] "GET /entity/214676288.htm/ HTTP/1.1" 200 52143 "-" "Mozilla/5.0 AppleWebKit/537.36 (KHTML, like Gecko; compatible; GPTBot/1.3; +https://openai.com/gptbot)"
216.73.216.56 - - [20/Dec/2025:00:16:07 +0000] "GET /entity/48019122.htm HTTP/1.1" 301 7281 "-" "Mozilla/5.0 AppleWebKit/537.36 (KHTML, like Gecko; compatible; ClaudeBot/1.0; +claudebot@anthropic.com)"
57.141.0.59 - - [20/Dec/2025:00:16:08 +0000] "GET /2025/03/07/page/6/?fileloc=//sys/class/pci_bus/0000:05/subsystem/0000:06/subsystem/0000:09/subsystem/0000:0f/subsystem/0000:0a/subsystem/0000:0b/cpuaffinity&path=//sys/class/pci_bus/0000:05/subsystem/0000:06/subsystem/0000:09/subsystem/0000:0f/subsystem/0000:0a/subsystem/0000:0b HTTP/1.1" 200 276788 "-" "meta-externalagent/1.1 (+https://developers.facebook.com/docs/sharing/webmasters/crawler)"
216.73.216.56 - - [20/Dec/2025:00:16:08 +0000] "GET /entity/48019122.htm/ HTTP/1.1" 200 52143 "https://datainsightnow.com/entity/48019122.htm" "Mozilla/5.0 AppleWebKit/537.36 (KHTML, like Gecko; compatible; ClaudeBot/1.0; +claudebot@anthropic.com)"
74.7.227.23 - - [20/Dec/2025:00:16:09 +0000] "GET /entity/214709450.htm HTTP/1.1" 301 7281 "-" "Mozilla/5.0 AppleWebKit/537.36 (KHTML, like Gecko; compatible; GPTBot/1.3; +https://openai.com/gptbot)"
74.7.227.23 - - [20/Dec/2025:00:16:10 +0000] "GET /entity/214709450.htm/ HTTP/1.1" 200 52143 "-" "Mozilla/5.0 AppleWebKit/537.36 (KHTML, like Gecko; compatible; GPTBot/1.3; +https://openai.com/gptbot)"
216.73.216.56 - - [20/Dec/2025:00:16:10 +0000] "GET /entity/48085165.htm HTTP/1.1" 301 7281 "-" "Mozilla/5.0 AppleWebKit/537.36 (KHTML, like Gecko; compatible; ClaudeBot/1.0; +claudebot@anthropic.com)"
216.73.216.56 - - [20/Dec/2025:00:16:11 +0000] "GET /entity/48085165.htm/ HTTP/1.1" 200 52143 "https://datainsightnow.com/entity/48085165.htm" "Mozilla/5.0 AppleWebKit/537.36 (KHTML, like Gecko; compatible; ClaudeBot/1.0; +claudebot@anthropic.com)"
74.7.227.23 - - [20/Dec/2025:00:16:12 +0000] "GET /entity/214565697.htm HTTP/1.1" 301 7275 "-" "Mozilla/5.0 AppleWebKit/537.36 (KHTML, like Gecko; compatible; GPTBot/1.3; +https://openai.com/gptbot)"
216.73.216.56 - - [20/Dec/2025:00:16:12 +0000] "GET /entity/48048903.htm HTTP/1.1" 301 7281 "-" "Mozilla/5.0 AppleWebKit/537.36 (KHTML, like Gecko; compatible; ClaudeBot/1.0; +claudebot@anthropic.com)"
74.7.227.23 - - [20/Dec/2025:00:16:13 +0000] "GET /entity/214565697.htm/ HTTP/1.1" 200 52143 "-" "Mozilla/5.0 AppleWebKit/537.36 (KHTML, like Gecko; compatible; GPTBot/1.3; +https://openai.com/gptbot)"
216.73.216.56 - - [20/Dec/2025:00:16:14 +0000] "GET /entity/48048903.htm/ HTTP/1.1" 200 52143 "https://datainsightnow.com/entity/48048903.htm" "Mozilla/5.0 AppleWebKit/537.36 (KHTML, like Gecko; compatible; ClaudeBot/1.0; +claudebot@anthropic.com)"
114.119.133.46 - - [20/Dec/2025:00:16:15 +0000] "GET /zodiac-kasino-erfahrungen-2024-480-bonus-80-freispiele/?path=//sys/dev/char/4:66/subsystem/tty48/subsystem/tty34/subsystem/tty22 HTTP/1.1" 200 52145 "https://datainsightnow.com/zodiac-kasino-erfahrungen-2024-480-bonus-80-freispiele/?path=//sys/dev/char/4%3A66/subsystem/tty48/subsystem/tty34/subsystem" "Mozilla/5.0 (Linux; Android 7.0;) AppleWebKit/537.36 (KHTML, like Gecko) Mobile Safari/537.36 (compatible; PetalBot;+https://webmaster.petalsearch.com/site/petalbot)"
74.7.227.23 - - [20/Dec/2025:00:16:15 +0000] "GET /entity/214565960.htm HTTP/1.1" 301 7275 "-" "Mozilla/5.0 AppleWebKit/537.36 (KHTML, like Gecko; compatible; GPTBot/1.3; +https://openai.com/gptbot)"
216.73.216.56 - - [20/Dec/2025:00:16:15 +0000] "GET /entity/48087237.htm HTTP/1.1" 301 7275 "-" "Mozilla/5.0 AppleWebKit/537.36 (KHTML, like Gecko; compatible; ClaudeBot/1.0; +claudebot@anthropic.com)"
74.7.227.23 - - [20/Dec/2025:00:16:16 +0000] "GET /entity/214565960.htm/ HTTP/1.1" 200 52143 "-" "Mozilla/5.0 AppleWebKit/537.36 (KHTML, like Gecko; compatible; GPTBot/1.3; +https://openai.com/gptbot)"
216.73.216.56 - - [20/Dec/2025:00:16:17 +0000] "GET /entity/48087237.htm/ HTTP/1.1" 200 52143 "https://datainsightnow.com/entity/48087237.htm" "Mozilla/5.0 AppleWebKit/537.36 (KHTML, like Gecko; compatible; ClaudeBot/1.0; +claudebot@anthropic.com)"
216.73.216.56 - - [20/Dec/2025:00:16:18 +0000] "GET /entity/47898422.htm HTTP/1.1" 301 7281 "-" "Mozilla/5.0 AppleWebKit/537.36 (KHTML, like Gecko; compatible; ClaudeBot/1.0; +claudebot@anthropic.com)"
74.7.227.23 - - [20/Dec/2025:00:16:18 +0000] "GET /entity/214708151.htm HTTP/1.1" 301 7281 "-" "Mozilla/5.0 AppleWebKit/537.36 (KHTML, like Gecko; compatible; GPTBot/1.3; +https://openai.com/gptbot)"
216.73.216.56 - - [20/Dec/2025:00:16:19 +0000] "GET /entity/47898422.htm/ HTTP/1.1" 200 52143 "https://datainsightnow.com/entity/47898422.htm" "Mozilla/5.0 AppleWebKit/537.36 (KHTML, like Gecko; compatible; ClaudeBot/1.0; +claudebot@anthropic.com)"
74.7.227.23 - - [20/Dec/2025:00:16:20 +0000] "GET /entity/214708151.htm/ HTTP/1.1" 200 52143 "-" "Mozilla/5.0 AppleWebKit/537.36 (KHTML, like Gecko; compatible; GPTBot/1.3; +https://openai.com/gptbot)"
66.249.69.2 - - [20/Dec/2025:00:16:20 +0000] "GET /entity/742720308.htm HTTP/1.1" 200 29719 "-" "Mozilla/5.0 (Linux; Android 6.0.1; Nexus 5X Build/MMB29P) AppleWebKit/537.36 (KHTML, like Gecko) Chrome/141.0.7390.122 Mobile Safari/537.36 (compatible; Googlebot/2.1; +http://www.google.com/bot.html)"
216.73.216.56 - - [20/Dec/2025:00:16:21 +0000] "GET /entity/47956701.htm HTTP/1.1" 301 7275 "-" "Mozilla/5.0 AppleWebKit/537.36 (KHTML, like Gecko; compatible; ClaudeBot/1.0; +claudebot@anthropic.com)"
216.73.216.56 - - [20/Dec/2025:00:16:22 +0000] "GET /entity/47956701.htm/ HTTP/1.1" 200 52143 "https://datainsightnow.com/entity/47956701.htm" "Mozilla/5.0 AppleWebKit/537.36 (KHTML, like Gecko; compatible; ClaudeBot/1.0; +claudebot@anthropic.com)"
74.7.227.23 - - [20/Dec/2025:00:16:22 +0000] "GET /entity/214586427.htm HTTP/1.1" 301 7275 "-" "Mozilla/5.0 AppleWebKit/537.36 (KHTML, like Gecko; compatible; GPTBot/1.3; +https://openai.com/gptbot)"
74.7.227.23 - - [20/Dec/2025:00:16:23 +0000] "GET /entity/214586427.htm/ HTTP/1.1" 200 52143 "-" "Mozilla/5.0 AppleWebKit/537.36 (KHTML, like Gecko; compatible; GPTBot/1.3; +https://openai.com/gptbot)"
216.73.216.56 - - [20/Dec/2025:00:16:24 +0000] "GET /entity/48023266.htm HTTP/1.1" 301 7275 "-" "Mozilla/5.0 AppleWebKit/537.36 (KHTML, like Gecko; compatible; ClaudeBot/1.0; +claudebot@anthropic.com)"
216.73.216.56 - - [20/Dec/2025:00:16:24 +0000] "GET /entity/48023266.htm/ HTTP/1.1" 200 52143 "https://datainsightnow.com/entity/48023266.htm" "Mozilla/5.0 AppleWebKit/537.36 (KHTML, like Gecko; compatible; ClaudeBot/1.0; +claudebot@anthropic.com)"
74.7.227.23 - - [20/Dec/2025:00:16:25 +0000] "GET /entity/214623462.htm HTTP/1.1" 301 7275 "-" "Mozilla/5.0 AppleWebKit/537.36 (KHTML, like Gecko; compatible; GPTBot/1.3; +https://openai.com/gptbot)"
74.7.227.23 - - [20/Dec/2025:00:16:25 +0000] "GET /entity/214623462.htm/ HTTP/1.1" 200 52143 "-" "Mozilla/5.0 AppleWebKit/537.36 (KHTML, like Gecko; compatible; GPTBot/1.3; +https://openai.com/gptbot)"
216.73.216.56 - - [20/Dec/2025:00:16:27 +0000] "GET /entity/47996591.htm HTTP/1.1" 301 7275 "-" "Mozilla/5.0 AppleWebKit/537.36 (KHTML, like Gecko; compatible; ClaudeBot/1.0; +claudebot@anthropic.com)"
216.73.216.56 - - [20/Dec/2025:00:16:27 +0000] "GET /entity/47996591.htm/ HTTP/1.1" 200 52143 "https://datainsightnow.com/entity/47996591.htm" "Mozilla/5.0 AppleWebKit/537.36 (KHTML, like Gecko; compatible; ClaudeBot/1.0; +claudebot@anthropic.com)"
74.7.227.23 - - [20/Dec/2025:00:16:28 +0000] "GET /entity/214724729.htm HTTP/1.1" 301 7275 "-" "Mozilla/5.0 AppleWebKit/537.36 (KHTML, like Gecko; compatible; GPTBot/1.3; +https://openai.com/gptbot)"
74.7.227.23 - - [20/Dec/2025:00:16:28 +0000] "GET /entity/214724729.htm/ HTTP/1.1" 200 52143 "-" "Mozilla/5.0 AppleWebKit/537.36 (KHTML, like Gecko; compatible; GPTBot/1.3; +https://openai.com/gptbot)"
216.73.216.56 - - [20/Dec/2025:00:16:30 +0000] "GET /entity/47990889.htm HTTP/1.1" 301 7275 "-" "Mozilla/5.0 AppleWebKit/537.36 (KHTML, like Gecko; compatible; ClaudeBot/1.0; +claudebot@anthropic.com)"
216.73.216.56 - - [20/Dec/2025:00:16:30 +0000] "GET /entity/47990889.htm/ HTTP/1.1" 200 52143 "https://datainsightnow.com/entity/47990889.htm" "Mozilla/5.0 AppleWebKit/537.36 (KHTML, like Gecko; compatible; ClaudeBot/1.0; +claudebot@anthropic.com)"
74.7.227.23 - - [20/Dec/2025:00:16:31 +0000] "GET /entity/214722143.htm HTTP/1.1" 301 7275 "-" "Mozilla/5.0 AppleWebKit/537.36 (KHTML, like Gecko; compatible; GPTBot/1.3; +https://openai.com/gptbot)"
74.7.227.23 - - [20/Dec/2025:00:16:31 +0000] "GET /entity/214722143.htm/ HTTP/1.1" 200 52143 "-" "Mozilla/5.0 AppleWebKit/537.36 (KHTML, like Gecko; compatible; GPTBot/1.3; +https://openai.com/gptbot)"
57.141.0.62 - - [20/Dec/2025:00:16:32 +0000] "GET /2025/03/07/page/6/?path=//sys/class/pci_bus/0000:09/device/driver/0000:00:03.3/driver/0000:00:02.0/subsystem/devices/0000:00:03.1 HTTP/1.1" 200 276788 "-" "meta-externalagent/1.1 (+https://developers.facebook.com/docs/sharing/webmasters/crawler)"
216.73.216.56 - - [20/Dec/2025:00:16:33 +0000] "GET /entity/47895063.htm HTTP/1.1" 301 7275 "-" "Mozilla/5.0 AppleWebKit/537.36 (KHTML, like Gecko; compatible; ClaudeBot/1.0; +claudebot@anthropic.com)"
216.73.216.56 - - [20/Dec/2025:00:16:34 +0000] "GET /entity/47895063.htm/ HTTP/1.1" 200 52143 "https://datainsightnow.com/entity/47895063.htm" "Mozilla/5.0 AppleWebKit/537.36 (KHTML, like Gecko; compatible; ClaudeBot/1.0; +claudebot@anthropic.com)"
74.7.227.23 - - [20/Dec/2025:00:16:34 +0000] "GET /entity/214600146.htm HTTP/1.1" 301 7281 "-" "Mozilla/5.0 AppleWebKit/537.36 (KHTML, like Gecko; compatible; GPTBot/1.3; +https://openai.com/gptbot)"
91.92.243.249 - - [20/Dec/2025:00:16:34 +0000] "POST /wp-login.php HTTP/1.1" 200 14733 "-" "Mozilla/5.0"
74.7.227.23 - - [20/Dec/2025:00:16:35 +0000] "GET /entity/214600146.htm/ HTTP/1.1" 200 52143 "-" "Mozilla/5.0 AppleWebKit/537.36 (KHTML, like Gecko; compatible; GPTBot/1.3; +https://openai.com/gptbot)"
216.73.216.56 - - [20/Dec/2025:00:16:36 +0000] "GET /entity/48024302.htm HTTP/1.1" 301 7281 "-" "Mozilla/5.0 AppleWebKit/537.36 (KHTML, like Gecko; compatible; ClaudeBot/1.0; +claudebot@anthropic.com)"
216.73.216.56 - - [20/Dec/2025:00:16:37 +0000] "GET /entity/48024302.htm/ HTTP/1.1" 200 52143 "https://datainsightnow.com/entity/48024302.htm" "Mozilla/5.0 AppleWebKit/537.36 (KHTML, like Gecko; compatible; ClaudeBot/1.0; +claudebot@anthropic.com)"
74.7.227.23 - - [20/Dec/2025:00:16:37 +0000] "GET /entity/214672144.htm HTTP/1.1" 301 7281 "-" "Mozilla/5.0 AppleWebKit/537.36 (KHTML, like Gecko; compatible; GPTBot/1.3; +https://openai.com/gptbot)"
74.7.227.23 - - [20/Dec/2025:00:16:38 +0000] "GET /entity/214672144.htm/ HTTP/1.1" 200 52143 "-" "Mozilla/5.0 AppleWebKit/537.36 (KHTML, like Gecko; compatible; GPTBot/1.3; +https://openai.com/gptbot)"
216.73.216.56 - - [20/Dec/2025:00:16:39 +0000] "GET /entity/47915512.htm HTTP/1.1" 301 7281 "-" "Mozilla/5.0 AppleWebKit/537.36 (KHTML, like Gecko; compatible; ClaudeBot/1.0; +claudebot@anthropic.com)"
74.7.227.23 - - [20/Dec/2025:00:16:40 +0000] "GET /entity/214524520.htm HTTP/1.1" 301 7275 "-" "Mozilla/5.0 AppleWebKit/537.36 (KHTML, like Gecko; compatible; GPTBot/1.3; +https://openai.com/gptbot)"
74.7.227.23 - - [20/Dec/2025:00:16:41 +0000] "GET /entity/214524520.htm/ HTTP/1.1" 200 52143 "-" "Mozilla/5.0 AppleWebKit/537.36 (KHTML, like Gecko; compatible; GPTBot/1.3; +https://openai.com/gptbot)"
216.73.216.56 - - [20/Dec/2025:00:16:42 +0000] "GET /entity/47915512.htm/ HTTP/1.1" 200 52143 "https://datainsightnow.com/entity/47915512.htm" "Mozilla/5.0 AppleWebKit/537.36 (KHTML, like Gecko; compatible; ClaudeBot/1.0; +claudebot@anthropic.com)"
74.7.227.23 - - [20/Dec/2025:00:16:43 +0000] "GET /entity/214614652.htm HTTP/1.1" 301 7275 "-" "Mozilla/5.0 AppleWebKit/537.36 (KHTML, like Gecko; compatible; GPTBot/1.3; +https://openai.com/gptbot)"
74.7.227.23 - - [20/Dec/2025:00:16:44 +0000] "GET /entity/214614652.htm/ HTTP/1.1" 200 52143 "-" "Mozilla/5.0 AppleWebKit/537.36 (KHTML, like Gecko; compatible; GPTBot/1.3; +https://openai.com/gptbot)"
216.73.216.56 - - [20/Dec/2025:00:16:45 +0000] "GET /entity/47970167.htm HTTP/1.1" 301 7281 "-" "Mozilla/5.0 AppleWebKit/537.36 (KHTML, like Gecko; compatible; ClaudeBot/1.0; +claudebot@anthropic.com)"
216.73.216.56 - - [20/Dec/2025:00:16:46 +0000] "GET /entity/47970167.htm/ HTTP/1.1" 200 52143 "https://datainsightnow.com/entity/47970167.htm" "Mozilla/5.0 AppleWebKit/537.36 (KHTML, like Gecko; compatible; ClaudeBot/1.0; +claudebot@anthropic.com)"
74.7.227.23 - - [20/Dec/2025:00:16:46 +0000] "GET /entity/214558455.htm HTTP/1.1" 301 7281 "-" "Mozilla/5.0 AppleWebKit/537.36 (KHTML, like Gecko; compatible; GPTBot/1.3; +https://openai.com/gptbot)"
74.7.227.23 - - [20/Dec/2025:00:16:47 +0000] "GET /entity/214558455.htm/ HTTP/1.1" 200 52143 "-" "Mozilla/5.0 AppleWebKit/537.36 (KHTML, like Gecko; compatible; GPTBot/1.3; +https://openai.com/gptbot)"
216.73.216.56 - - [20/Dec/2025:00:16:48 +0000] "GET /entity/48103552.htm HTTP/1.1" 301 7281 "-" "Mozilla/5.0 AppleWebKit/537.36 (KHTML, like Gecko; compatible; ClaudeBot/1.0; +claudebot@anthropic.com)"
216.73.216.56 - - [20/Dec/2025:00:16:49 +0000] "GET /entity/48103552.htm/ HTTP/1.1" 200 52143 "https://datainsightnow.com/entity/48103552.htm" "Mozilla/5.0 AppleWebKit/537.36 (KHTML, like Gecko; compatible; ClaudeBot/1.0; +claudebot@anthropic.com)"
74.7.227.23 - - [20/Dec/2025:00:16:49 +0000] "GET /entity/214621641.htm HTTP/1.1" 301 7275 "-" "Mozilla/5.0 AppleWebKit/537.36 (KHTML, like Gecko; compatible; GPTBot/1.3; +https://openai.com/gptbot)"
66.135.21.75 - - [20/Dec/2025:00:16:51 +0000] "POST /wp-cron.php?doing_wp_cron=1766189810.0694260597229003906250 HTTP/1.1" 499 0 "-" "WordPress/6.3.1; https://datainsightnow.com"
74.7.227.23 - - [20/Dec/2025:00:16:51 +0000] "GET /entity/214621641.htm/ HTTP/1.1" 200 52143 "-" "Mozilla/5.0 AppleWebKit/537.36 (KHTML, like Gecko; compatible; GPTBot/1.3; +https://openai.com/gptbot)"
216.73.216.56 - - [20/Dec/2025:00:16:52 +0000] "GET /entity/48003321.htm HTTP/1.1" 301 7275 "-" "Mozilla/5.0 AppleWebKit/537.36 (KHTML, like Gecko; compatible; ClaudeBot/1.0; +claudebot@anthropic.com)"
216.73.216.56 - - [20/Dec/2025:00:16:53 +0000] "GET /entity/48003321.htm/ HTTP/1.1" 200 52143 "https://datainsightnow.com/entity/48003321.htm" "Mozilla/5.0 AppleWebKit/537.36 (KHTML, like Gecko; compatible; ClaudeBot/1.0; +claudebot@anthropic.com)"
74.7.227.23 - - [20/Dec/2025:00:16:53 +0000] "GET /entity/214681468.htm HTTP/1.1" 301 7281 "-" "Mozilla/5.0 AppleWebKit/537.36 (KHTML, like Gecko; compatible; GPTBot/1.3; +https://openai.com/gptbot)"
74.7.227.23 - - [20/Dec/2025:00:16:54 +0000] "GET /entity/214681468.htm/ HTTP/1.1" 200 52143 "-" "Mozilla/5.0 AppleWebKit/537.36 (KHTML, like Gecko; compatible; GPTBot/1.3; +https://openai.com/gptbot)"
216.73.216.56 - - [20/Dec/2025:00:16:55 +0000] "GET /entity/47881848.htm HTTP/1.1" 301 7275 "-" "Mozilla/5.0 AppleWebKit/537.36 (KHTML, like Gecko; compatible; ClaudeBot/1.0; +claudebot@anthropic.com)"
216.73.216.56 - - [20/Dec/2025:00:16:56 +0000] "GET /entity/47881848.htm/ HTTP/1.1" 200 52143 "https://datainsightnow.com/entity/47881848.htm" "Mozilla/5.0 AppleWebKit/537.36 (KHTML, like Gecko; compatible; ClaudeBot/1.0; +claudebot@anthropic.com)"
74.7.227.23 - - [20/Dec/2025:00:16:56 +0000] "GET /entity/214646244.htm HTTP/1.1" 301 7275 "-" "Mozilla/5.0 AppleWebKit/537.36 (KHTML, like Gecko; compatible; GPTBot/1.3; +https://openai.com/gptbot)"
74.7.227.23 - - [20/Dec/2025:00:16:57 +0000] "GET /entity/214646244.htm/ HTTP/1.1" 200 52143 "-" "Mozilla/5.0 AppleWebKit/537.36 (KHTML, like Gecko; compatible; GPTBot/1.3; +https://openai.com/gptbot)"
57.141.0.33 - - [20/Dec/2025:00:16:58 +0000] "GET /2025/03/07/page/6/?fileloc=//sys/class/pci_bus/0000:05/subsystem/0000:12/device/driver/0000:00:02.2/driver/0000:00:02.2/uevent&path=//sys/class/pci_bus/0000:05/subsystem/0000:12/device/driver/0000:00:02.2/driver/0000:00:02.2 HTTP/1.1" 200 276788 "-" "meta-externalagent/1.1 (+https://developers.facebook.com/docs/sharing/webmasters/crawler)"
216.73.216.56 - - [20/Dec/2025:00:16:58 +0000] "GET /entity/47982077.htm HTTP/1.1" 301 7281 "-" "Mozilla/5.0 AppleWebKit/537.36 (KHTML, like Gecko; compatible; ClaudeBot/1.0; +claudebot@anthropic.com)"
216.73.216.56 - - [20/Dec/2025:00:16:59 +0000] "GET /entity/47982077.htm/ HTTP/1.1" 200 52143 "https://datainsightnow.com/entity/47982077.htm" "Mozilla/5.0 AppleWebKit/537.36 (KHTML, like Gecko; compatible; ClaudeBot/1.0; +claudebot@anthropic.com)"
74.7.227.23 - - [20/Dec/2025:00:16:59 +0000] "GET /entity/214514421.htm HTTP/1.1" 301 7281 "-" "Mozilla/5.0 AppleWebKit/537.36 (KHTML, like Gecko; compatible; GPTBot/1.3; +https://openai.com/gptbot)"
74.7.227.23 - - [20/Dec/2025:00:17:00 +0000] "GET /entity/214514421.htm/ HTTP/1.1" 200 52143 "-" "Mozilla/5.0 AppleWebKit/537.36 (KHTML, like Gecko; compatible; GPTBot/1.3; +https://openai.com/gptbot)"
185.191.171.1 - - [20/Dec/2025:00:17:00 +0000] "GET /?p=29455 HTTP/1.1" 200 49705 "-" "Mozilla/5.0 (compatible; SemrushBot/7~bl; +http://www.semrush.com/bot.html)"
216.73.216.56 - - [20/Dec/2025:00:17:01 +0000] "GET /entity/48004869.htm HTTP/1.1" 301 7275 "-" "Mozilla/5.0 AppleWebKit/537.36 (KHTML, like Gecko; compatible; ClaudeBot/1.0; +claudebot@anthropic.com)"
216.73.216.56 - - [20/Dec/2025:00:17:02 +0000] "GET /entity/48004869.htm/ HTTP/1.1" 200 52143 "https://datainsightnow.com/entity/48004869.htm" "Mozilla/5.0 AppleWebKit/537.36 (KHTML, like Gecko; compatible; ClaudeBot/1.0; +claudebot@anthropic.com)"
74.7.227.23 - - [20/Dec/2025:00:17:02 +0000] "GET /entity/214717477.htm HTTP/1.1" 301 7281 "-" "Mozilla/5.0 AppleWebKit/537.36 (KHTML, like Gecko; compatible; GPTBot/1.3; +https://openai.com/gptbot)"
74.7.227.23 - - [20/Dec/2025:00:17:03 +0000] "GET /entity/214717477.htm/ HTTP/1.1" 200 52143 "-" "Mozilla/5.0 AppleWebKit/537.36 (KHTML, like Gecko; compatible; GPTBot/1.3; +https://openai.com/gptbot)"
216.73.216.56 - - [20/Dec/2025:00:17:04 +0000] "GET /entity/47884442.htm HTTP/1.1" 301 7275 "-" "Mozilla/5.0 AppleWebKit/537.36 (KHTML, like Gecko; compatible; ClaudeBot/1.0; +claudebot@anthropic.com)"
216.73.216.56 - - [20/Dec/2025:00:17:05 +0000] "GET /entity/47884442.htm/ HTTP/1.1" 200 52143 "https://datainsightnow.com/entity/47884442.htm" "Mozilla/5.0 AppleWebKit/537.36 (KHTML, like Gecko; compatible; ClaudeBot/1.0; +claudebot@anthropic.com)"
74.7.227.23 - - [20/Dec/2025:00:17:05 +0000] "GET /entity/214642622.htm HTTP/1.1" 301 7281 "-" "Mozilla/5.0 AppleWebKit/537.36 (KHTML, like Gecko; compatible; GPTBot/1.3; +https://openai.com/gptbot)"
74.7.227.23 - - [20/Dec/2025:00:17:06 +0000] "GET /entity/214642622.htm/ HTTP/1.1" 200 52143 "-" "Mozilla/5.0 AppleWebKit/537.36 (KHTML, like Gecko; compatible; GPTBot/1.3; +https://openai.com/gptbot)"
216.73.216.56 - - [20/Dec/2025:00:17:07 +0000] "GET /entity/48005654.htm HTTP/1.1" 301 7281 "-" "Mozilla/5.0 AppleWebKit/537.36 (KHTML, like Gecko; compatible; ClaudeBot/1.0; +claudebot@anthropic.com)"
216.73.216.56 - - [20/Dec/2025:00:17:08 +0000] "GET /entity/48005654.htm/ HTTP/1.1" 200 52143 "https://datainsightnow.com/entity/48005654.htm" "Mozilla/5.0 AppleWebKit/537.36 (KHTML, like Gecko; compatible; ClaudeBot/1.0; +claudebot@anthropic.com)"
74.7.227.23 - - [20/Dec/2025:00:17:08 +0000] "GET /entity/214622426.htm HTTP/1.1" 301 7281 "-" "Mozilla/5.0 AppleWebKit/537.36 (KHTML, like Gecko; compatible; GPTBot/1.3; +https://openai.com/gptbot)"
74.7.227.23 - - [20/Dec/2025:00:17:09 +0000] "GET /entity/214622426.htm/ HTTP/1.1" 200 52143 "-" "Mozilla/5.0 AppleWebKit/537.36 (KHTML, like Gecko; compatible; GPTBot/1.3; +https://openai.com/gptbot)"
185.191.171.7 - - [20/Dec/2025:00:17:10 +0000] "GET /?p=42107 HTTP/1.1" 200 48232 "-" "Mozilla/5.0 (compatible; SemrushBot/7~bl; +http://www.semrush.com/bot.html)"
216.73.216.56 - - [20/Dec/2025:00:17:10 +0000] "GET /entity/48014978.htm HTTP/1.1" 301 7275 "-" "Mozilla/5.0 AppleWebKit/537.36 (KHTML, like Gecko; compatible; ClaudeBot/1.0; +claudebot@anthropic.com)"
216.73.216.56 - - [20/Dec/2025:00:17:12 +0000] "GET /entity/48014978.htm/ HTTP/1.1" 200 52143 "https://datainsightnow.com/entity/48014978.htm" "Mozilla/5.0 AppleWebKit/537.36 (KHTML, like Gecko; compatible; ClaudeBot/1.0; +claudebot@anthropic.com)"
74.7.227.23 - - [20/Dec/2025:00:17:12 +0000] "GET /entity/214717214.htm HTTP/1.1" 301 7275 "-" "Mozilla/5.0 AppleWebKit/537.36 (KHTML, like Gecko; compatible; GPTBot/1.3; +https://openai.com/gptbot)"
74.7.227.23 - - [20/Dec/2025:00:17:13 +0000] "GET /entity/214717214.htm/ HTTP/1.1" 200 52143 "-" "Mozilla/5.0 AppleWebKit/537.36 (KHTML, like Gecko; compatible; GPTBot/1.3; +https://openai.com/gptbot)"
216.73.216.56 - - [20/Dec/2025:00:17:13 +0000] "GET /entity/47899207.htm HTTP/1.1" 301 7281 "-" "Mozilla/5.0 AppleWebKit/537.36 (KHTML, like Gecko; compatible; ClaudeBot/1.0; +claudebot@anthropic.com)"
216.73.216.56 - - [20/Dec/2025:00:17:14 +0000] "GET /entity/47899207.htm/ HTTP/1.1" 200 52143 "https://datainsightnow.com/entity/47899207.htm" "Mozilla/5.0 AppleWebKit/537.36 (KHTML, like Gecko; compatible; ClaudeBot/1.0; +claudebot@anthropic.com)"
85.208.96.199 - - [20/Dec/2025:00:17:14 +0000] "GET /?p=41181 HTTP/1.1" 200 48191 "-" "Mozilla/5.0 (compatible; SemrushBot/7~bl; +http://www.semrush.com/bot.html)"
74.7.227.23 - - [20/Dec/2025:00:17:15 +0000] "GET /entity/214521412.htm HTTP/1.1" 301 7281 "-" "Mozilla/5.0 AppleWebKit/537.36 (KHTML, like Gecko; compatible; GPTBot/1.3; +https://openai.com/gptbot)"
74.7.227.23 - - [20/Dec/2025:00:17:15 +0000] "GET /entity/214521412.htm/ HTTP/1.1" 200 52143 "-" "Mozilla/5.0 AppleWebKit/537.36 (KHTML, like Gecko; compatible; GPTBot/1.3; +https://openai.com/gptbot)"
216.73.216.56 - - [20/Dec/2025:00:17:16 +0000] "GET /entity/47937529.htm HTTP/1.1" 301 7281 "-" "Mozilla/5.0 AppleWebKit/537.36 (KHTML, like Gecko; compatible; ClaudeBot/1.0; +claudebot@anthropic.com)"
216.73.216.56 - - [20/Dec/2025:00:17:17 +0000] "GET /entity/47937529.htm/ HTTP/1.1" 200 52143 "https://datainsightnow.com/entity/47937529.htm" "Mozilla/5.0 AppleWebKit/537.36 (KHTML, like Gecko; compatible; ClaudeBot/1.0; +claudebot@anthropic.com)"
74.7.227.23 - - [20/Dec/2025:00:17:18 +0000] "GET /entity/214616461.htm HTTP/1.1" 301 7275 "-" "Mozilla/5.0 AppleWebKit/537.36 (KHTML, like Gecko; compatible; GPTBot/1.3; +https://openai.com/gptbot)"
74.7.227.23 - - [20/Dec/2025:00:17:19 +0000] "GET /entity/214616461.htm/ HTTP/1.1" 200 52143 "-" "Mozilla/5.0 AppleWebKit/537.36 (KHTML, like Gecko; compatible; GPTBot/1.3; +https://openai.com/gptbot)"
216.73.216.56 - - [20/Dec/2025:00:17:19 +0000] "GET /entity/47962393.htm HTTP/1.1" 301 7275 "-" "Mozilla/5.0 AppleWebKit/537.36 (KHTML, like Gecko; compatible; ClaudeBot/1.0; +claudebot@anthropic.com)"
216.73.216.56 - - [20/Dec/2025:00:17:20 +0000] "GET /entity/47962393.htm/ HTTP/1.1" 200 52143 "https://datainsightnow.com/entity/47962393.htm" "Mozilla/5.0 AppleWebKit/537.36 (KHTML, like Gecko; compatible; ClaudeBot/1.0; +claudebot@anthropic.com)"
40.77.167.75 - - [20/Dec/2025:00:17:20 +0000] "GET /usm_0.66_1.00_0.01?path=//sys/bus/pci/drivers/pata_sis HTTP/1.1" 301 7275 "-" "Mozilla/5.0 AppleWebKit/537.36 (KHTML, like Gecko; compatible; bingbot/2.0; +http://www.bing.com/bingbot.htm) Chrome/116.0.1938.76 Safari/537.36"
57.141.0.62 - - [20/Dec/2025:00:17:21 +0000] "GET /2025/03/07/page/6/?fileloc=//sys/class/pci_bus/0000:05/subsystem/0000:11/subsystem/0000:10/subsystem/0000:0f/subsystem/0000:04/power/autosuspend_delay_ms&path=//sys/class/pci_bus/0000:05/subsystem/0000:11/subsystem/0000:10/subsystem/0000:0f/subsystem/0000:04/power HTTP/1.1" 200 276788 "-" "meta-externalagent/1.1 (+https://developers.facebook.com/docs/sharing/webmasters/crawler)"
74.7.227.23 - - [20/Dec/2025:00:17:21 +0000] "GET /entity/214666452.htm HTTP/1.1" 301 7275 "-" "Mozilla/5.0 AppleWebKit/537.36 (KHTML, like Gecko; compatible; GPTBot/1.3; +https://openai.com/gptbot)"
74.7.227.23 - - [20/Dec/2025:00:17:22 +0000] "GET /entity/214666452.htm/ HTTP/1.1" 200 52143 "-" "Mozilla/5.0 AppleWebKit/537.36 (KHTML, like Gecko; compatible; GPTBot/1.3; +https://openai.com/gptbot)"
216.73.216.56 - - [20/Dec/2025:00:17:22 +0000] "GET /entity/48114946.htm HTTP/1.1" 301 7281 "-" "Mozilla/5.0 AppleWebKit/537.36 (KHTML, like Gecko; compatible; ClaudeBot/1.0; +claudebot@anthropic.com)"
216.73.216.56 - - [20/Dec/2025:00:17:23 +0000] "GET /entity/48114946.htm/ HTTP/1.1" 200 52143 "https://datainsightnow.com/entity/48114946.htm" "Mozilla/5.0 AppleWebKit/537.36 (KHTML, like Gecko; compatible; ClaudeBot/1.0; +claudebot@anthropic.com)"
157.55.39.9 - - [20/Dec/2025:00:17:24 +0000] "GET /?483069700?entity=0481204826 HTTP/1.1" 200 29652 "-" "Mozilla/5.0 AppleWebKit/537.36 (KHTML, like Gecko; compatible; bingbot/2.0; +http://www.bing.com/bingbot.htm) Chrome/116.0.1938.76 Safari/537.36"
74.7.227.23 - - [20/Dec/2025:00:17:24 +0000] "GET /entity/214705557.htm HTTP/1.1" 301 7275 "-" "Mozilla/5.0 AppleWebKit/537.36 (KHTML, like Gecko; compatible; GPTBot/1.3; +https://openai.com/gptbot)"
74.7.227.23 - - [20/Dec/2025:00:17:25 +0000] "GET /entity/214705557.htm/ HTTP/1.1" 200 52143 "-" "Mozilla/5.0 AppleWebKit/537.36 (KHTML, like Gecko; compatible; GPTBot/1.3; +https://openai.com/gptbot)"
216.73.216.56 - - [20/Dec/2025:00:17:25 +0000] "GET /entity/47950222.htm HTTP/1.1" 301 7275 "-" "Mozilla/5.0 AppleWebKit/537.36 (KHTML, like Gecko; compatible; ClaudeBot/1.0; +claudebot@anthropic.com)"
216.73.216.56 - - [20/Dec/2025:00:17:26 +0000] "GET /entity/47950222.htm/ HTTP/1.1" 200 52143 "https://datainsightnow.com/entity/47950222.htm" "Mozilla/5.0 AppleWebKit/537.36 (KHTML, like Gecko; compatible; ClaudeBot/1.0; +claudebot@anthropic.com)"
74.7.227.23 - - [20/Dec/2025:00:17:28 +0000] "GET /entity/214672666.htm HTTP/1.1" 301 7281 "-" "Mozilla/5.0 AppleWebKit/537.36 (KHTML, like Gecko; compatible; GPTBot/1.3; +https://openai.com/gptbot)"
74.7.227.23 - - [20/Dec/2025:00:17:28 +0000] "GET /entity/214672666.htm/ HTTP/1.1" 200 52143 "-" "Mozilla/5.0 AppleWebKit/537.36 (KHTML, like Gecko; compatible; GPTBot/1.3; +https://openai.com/gptbot)"
216.73.216.56 - - [20/Dec/2025:00:17:29 +0000] "GET /entity/47963429.htm HTTP/1.1" 301 7275 "-" "Mozilla/5.0 AppleWebKit/537.36 (KHTML, like Gecko; compatible; ClaudeBot/1.0; +claudebot@anthropic.com)"
216.73.216.56 - - [20/Dec/2025:00:17:29 +0000] "GET /entity/47963429.htm/ HTTP/1.1" 200 52143 "https://datainsightnow.com/entity/47963429.htm" "Mozilla/5.0 AppleWebKit/537.36 (KHTML, like Gecko; compatible; ClaudeBot/1.0; +claudebot@anthropic.com)"
74.7.227.23 - - [20/Dec/2025:00:17:31 +0000] "GET /entity/214551454.htm HTTP/1.1" 301 7281 "-" "Mozilla/5.0 AppleWebKit/537.36 (KHTML, like Gecko; compatible; GPTBot/1.3; +https://openai.com/gptbot)"
74.7.227.23 - - [20/Dec/2025:00:17:31 +0000] "GET /entity/214551454.htm/ HTTP/1.1" 200 52143 "-" "Mozilla/5.0 AppleWebKit/537.36 (KHTML, like Gecko; compatible; GPTBot/1.3; +https://openai.com/gptbot)"
216.73.216.56 - - [20/Dec/2025:00:17:32 +0000] "GET /entity/47881334.htm HTTP/1.1" 301 7275 "-" "Mozilla/5.0 AppleWebKit/537.36 (KHTML, like Gecko; compatible; ClaudeBot/1.0; +claudebot@anthropic.com)"
216.73.216.56 - - [20/Dec/2025:00:17:32 +0000] "GET /entity/47881334.htm/ HTTP/1.1" 200 52143 "https://datainsightnow.com/entity/47881334.htm" "Mozilla/5.0 AppleWebKit/537.36 (KHTML, like Gecko; compatible; ClaudeBot/1.0; +claudebot@anthropic.com)"
74.7.227.23 - - [20/Dec/2025:00:17:34 +0000] "GET /entity/214678882.htm HTTP/1.1" 301 7275 "-" "Mozilla/5.0 AppleWebKit/537.36 (KHTML, like Gecko; compatible; GPTBot/1.3; +https://openai.com/gptbot)"
114.119.158.156 - - [20/Dec/2025:00:17:34 +0000] "GET /zodiac-kasino-erfahrungen-2024-480-bonus-80-freispiele/?fileloc=/opt/wpsites/gsudice.dataconn.net/wp-admin/export.php&path=/opt/wpsites/gsudice.dataconn.net/wp-admin HTTP/1.1" 200 52145 "https://datainsightnow.com/zodiac-kasino-erfahrungen-2024-480-bonus-80-freispiele/?path=/opt/wpsites/gsudice.dataconn.net/wp-admin" "Mozilla/5.0 (Linux; Android 7.0;) AppleWebKit/537.36 (KHTML, like Gecko) Mobile Safari/537.36 (compatible; PetalBot;+https://webmaster.petalsearch.com/site/petalbot)"
74.7.227.23 - - [20/Dec/2025:00:17:35 +0000] "GET /entity/214678882.htm/ HTTP/1.1" 200 52143 "-" "Mozilla/5.0 AppleWebKit/537.36 (KHTML, like Gecko; compatible; GPTBot/1.3; +https://openai.com/gptbot)"
216.73.216.56 - - [20/Dec/2025:00:17:37 +0000] "GET /entity/48112362.htm HTTP/1.1" 301 7275 "-" "Mozilla/5.0 AppleWebKit/537.36 (KHTML, like Gecko; compatible; ClaudeBot/1.0; +claudebot@anthropic.com)"
74.7.227.23 - - [20/Dec/2025:00:17:37 +0000] "GET /entity/214711000.htm HTTP/1.1" 301 7281 "-" "Mozilla/5.0 AppleWebKit/537.36 (KHTML, like Gecko; compatible; GPTBot/1.3; +https://openai.com/gptbot)"
216.73.216.56 - - [20/Dec/2025:00:17:38 +0000] "GET /entity/48112362.htm/ HTTP/1.1" 200 52143 "https://datainsightnow.com/entity/48112362.htm" "Mozilla/5.0 AppleWebKit/537.36 (KHTML, like Gecko; compatible; ClaudeBot/1.0; +claudebot@anthropic.com)"
74.7.227.23 - - [20/Dec/2025:00:17:38 +0000] "GET /entity/214711000.htm/ HTTP/1.1" 200 52143 "-" "Mozilla/5.0 AppleWebKit/537.36 (KHTML, like Gecko; compatible; GPTBot/1.3; +https://openai.com/gptbot)"
216.73.216.56 - - [20/Dec/2025:00:17:39 +0000] "GET /entity/48008240.htm HTTP/1.1" 301 7275 "-" "Mozilla/5.0 AppleWebKit/537.36 (KHTML, like Gecko; compatible; ClaudeBot/1.0; +claudebot@anthropic.com)"
216.73.216.56 - - [20/Dec/2025:00:17:40 +0000] "GET /entity/48008240.htm/ HTTP/1.1" 200 52143 "https://datainsightnow.com/entity/48008240.htm" "Mozilla/5.0 AppleWebKit/537.36 (KHTML, like Gecko; compatible; ClaudeBot/1.0; +claudebot@anthropic.com)"
74.7.227.23 - - [20/Dec/2025:00:17:40 +0000] "GET /entity/214563111.htm HTTP/1.1" 301 7275 "-" "Mozilla/5.0 AppleWebKit/537.36 (KHTML, like Gecko; compatible; GPTBot/1.3; +https://openai.com/gptbot)"
74.7.227.23 - - [20/Dec/2025:00:17:41 +0000] "GET /entity/214563111.htm/ HTTP/1.1" 200 52143 "-" "Mozilla/5.0 AppleWebKit/537.36 (KHTML, like Gecko; compatible; GPTBot/1.3; +https://openai.com/gptbot)"
216.73.216.56 - - [20/Dec/2025:00:17:42 +0000] "GET /entity/47985709.htm HTTP/1.1" 301 7281 "-" "Mozilla/5.0 AppleWebKit/537.36 (KHTML, like Gecko; compatible; ClaudeBot/1.0; +claudebot@anthropic.com)"
216.73.216.56 - - [20/Dec/2025:00:17:43 +0000] "GET /entity/47985709.htm/ HTTP/1.1" 200 52143 "https://datainsightnow.com/entity/47985709.htm" "Mozilla/5.0 AppleWebKit/537.36 (KHTML, like Gecko; compatible; ClaudeBot/1.0; +claudebot@anthropic.com)"
85.208.96.200 - - [20/Dec/2025:00:17:43 +0000] "GET /entity/305267497.htm HTTP/1.1" 301 7281 "-" "Mozilla/5.0 (compatible; SemrushBot/7~bl; +http://www.semrush.com/bot.html)"
74.7.227.23 - - [20/Dec/2025:00:17:43 +0000] "GET /entity/214560003.htm HTTP/1.1" 301 7275 "-" "Mozilla/5.0 AppleWebKit/537.36 (KHTML, like Gecko; compatible; GPTBot/1.3; +https://openai.com/gptbot)"
74.7.227.23 - - [20/Dec/2025:00:17:44 +0000] "GET /entity/214560003.htm/ HTTP/1.1" 200 52143 "-" "Mozilla/5.0 AppleWebKit/537.36 (KHTML, like Gecko; compatible; GPTBot/1.3; +https://openai.com/gptbot)"
57.141.0.12 - - [20/Dec/2025:00:17:45 +0000] "GET /2025/03/07/page/6/?fileloc=//sys/class/pci_bus/0000:05/subsystem/0000:0b/subsystem/0000:09/device/driver/0000:00:03.4/driver/0000:00:03.6/local_cpus&path=//sys/class/pci_bus/0000:05/subsystem/0000:0b/subsystem/0000:09/device/driver/0000:00:03.4/driver/0000:00:03.6 HTTP/1.1" 200 276788 "-" "meta-externalagent/1.1 (+https://developers.facebook.com/docs/sharing/webmasters/crawler)"
216.73.216.56 - - [20/Dec/2025:00:17:45 +0000] "GET /entity/48009798.htm HTTP/1.1" 301 7275 "-" "Mozilla/5.0 AppleWebKit/537.36 (KHTML, like Gecko; compatible; ClaudeBot/1.0; +claudebot@anthropic.com)"
216.73.216.56 - - [20/Dec/2025:00:17:46 +0000] "GET /entity/48009798.htm/ HTTP/1.1" 200 52143 "https://datainsightnow.com/entity/48009798.htm" "Mozilla/5.0 AppleWebKit/537.36 (KHTML, like Gecko; compatible; ClaudeBot/1.0; +claudebot@anthropic.com)"
74.7.227.23 - - [20/Dec/2025:00:17:46 +0000] "GET /entity/214639777.htm HTTP/1.1" 301 7275 "-" "Mozilla/5.0 AppleWebKit/537.36 (KHTML, like Gecko; compatible; GPTBot/1.3; +https://openai.com/gptbot)"
185.191.171.18 - - [20/Dec/2025:00:17:47 +0000] "GET /?p=42317 HTTP/1.1" 200 48409 "-" "Mozilla/5.0 (compatible; SemrushBot/7~bl; +http://www.semrush.com/bot.html)"
74.7.227.23 - - [20/Dec/2025:00:17:48 +0000] "GET /entity/214639777.htm/ HTTP/1.1" 200 52143 "-" "Mozilla/5.0 AppleWebKit/537.36 (KHTML, like Gecko; compatible; GPTBot/1.3; +https://openai.com/gptbot)"
216.73.216.56 - - [20/Dec/2025:00:17:48 +0000] "GET /entity/47986231.htm HTTP/1.1" 301 7281 "-" "Mozilla/5.0 AppleWebKit/537.36 (KHTML, like Gecko; compatible; ClaudeBot/1.0; +claudebot@anthropic.com)"
216.73.216.56 - - [20/Dec/2025:00:17:49 +0000] "GET /entity/47986231.htm/ HTTP/1.1" 200 52143 "https://datainsightnow.com/entity/47986231.htm" "Mozilla/5.0 AppleWebKit/537.36 (KHTML, like Gecko; compatible; ClaudeBot/1.0; +claudebot@anthropic.com)"
66.135.21.75 - - [20/Dec/2025:00:17:51 +0000] "POST /wp-cron.php?doing_wp_cron=1766189870.1144471168518066406250 HTTP/1.1" 499 0 "-" "WordPress/6.3.1; https://datainsightnow.com"
74.7.227.23 - - [20/Dec/2025:00:17:51 +0000] "GET /entity/214713331.htm HTTP/1.1" 301 7275 "-" "Mozilla/5.0 AppleWebKit/537.36 (KHTML, like Gecko; compatible; GPTBot/1.3; +https://openai.com/gptbot)"
85.208.96.208 - - [20/Dec/2025:00:17:52 +0000] "GET /entity/305267497.htm/ HTTP/1.1" 200 52143 "-" "Mozilla/5.0 (compatible; SemrushBot/7~bl; +http://www.semrush.com/bot.html)"
74.7.227.23 - - [20/Dec/2025:00:17:52 +0000] "GET /entity/214713331.htm/ HTTP/1.1" 200 52143 "-" "Mozilla/5.0 AppleWebKit/537.36 (KHTML, like Gecko; compatible; GPTBot/1.3; +https://openai.com/gptbot)"
216.73.216.56 - - [20/Dec/2025:00:17:53 +0000] "GET /entity/48018859.htm HTTP/1.1" 301 7281 "-" "Mozilla/5.0 AppleWebKit/537.36 (KHTML, like Gecko; compatible; ClaudeBot/1.0; +claudebot@anthropic.com)"
74.7.227.23 - - [20/Dec/2025:00:17:53 +0000] "GET /entity/214563888.htm HTTP/1.1" 301 7275 "-" "Mozilla/5.0 AppleWebKit/537.36 (KHTML, like Gecko; compatible; GPTBot/1.3; +https://openai.com/gptbot)"
74.7.227.23 - - [20/Dec/2025:00:17:54 +0000] "GET /entity/214563888.htm/ HTTP/1.1" 200 52143 "-" "Mozilla/5.0 AppleWebKit/537.36 (KHTML, like Gecko; compatible; GPTBot/1.3; +https://openai.com/gptbot)"
216.73.216.56 - - [20/Dec/2025:00:17:56 +0000] "GET /entity/48018859.htm/ HTTP/1.1" 200 52143 "https://datainsightnow.com/entity/48018859.htm" "Mozilla/5.0 AppleWebKit/537.36 (KHTML, like Gecko; compatible; ClaudeBot/1.0; +claudebot@anthropic.com)"
74.7.227.23 - - [20/Dec/2025:00:17:56 +0000] "GET /entity/214544465.htm HTTP/1.1" 301 7281 "-" "Mozilla/5.0 AppleWebKit/537.36 (KHTML, like Gecko; compatible; GPTBot/1.3; +https://openai.com/gptbot)"
74.7.227.23 - - [20/Dec/2025:00:17:56 +0000] "GET /entity/214544465.htm/ HTTP/1.1" 200 52143 "-" "Mozilla/5.0 AppleWebKit/537.36 (KHTML, like Gecko; compatible; GPTBot/1.3; +https://openai.com/gptbot)"
216.73.216.56 - - [20/Dec/2025:00:17:57 +0000] "GET /entity/47886251.htm HTTP/1.1" 301 7281 "-" "Mozilla/5.0 AppleWebKit/537.36 (KHTML, like Gecko; compatible; ClaudeBot/1.0; +claudebot@anthropic.com)"
