45.154.98.70 - - [20/Dec/2025:01:01:31 +0000] "POST //xmlrpc.php HTTP/1.1" 200 7682 "-" "Mozilla/5.0 (Windows NT 10.0; Win64; x64) AppleWebKit/537.36 (KHTML, like Gecko) Chrome/78.0.3904.108 Safari/537.36"
45.154.98.70 - - [20/Dec/2025:01:01:31 +0000] "POST //xmlrpc.php HTTP/1.1" 200 7682 "-" "Mozilla/5.0 (Windows NT 10.0; Win64; x64) AppleWebKit/537.36 (KHTML, like Gecko) Chrome/78.0.3904.108 Safari/537.36"
57.141.0.30 - - [20/Dec/2025:01:01:31 +0000] "GET /2025/03/05/page/6/?fileloc=//sys/class/pci_bus/0000:0e/subsystem/0000:0c/subsystem/0000:09/device/0000:09:00.0/resource1&path=//sys/class/pci_bus/0000:0e/subsystem/0000:0c/subsystem/0000:09/device/0000:09:00.0 HTTP/1.1" 200 276788 "-" "meta-externalagent/1.1 (+https://developers.facebook.com/docs/sharing/webmasters/crawler)"
45.154.98.70 - - [20/Dec/2025:01:01:31 +0000] "POST //xmlrpc.php HTTP/1.1" 200 7682 "-" "Mozilla/5.0 (Windows NT 10.0; Win64; x64) AppleWebKit/537.36 (KHTML, like Gecko) Chrome/78.0.3904.108 Safari/537.36"
45.154.98.70 - - [20/Dec/2025:01:01:32 +0000] "POST //xmlrpc.php HTTP/1.1" 200 7676 "-" "Mozilla/5.0 (Windows NT 10.0; Win64; x64) AppleWebKit/537.36 (KHTML, like Gecko) Chrome/78.0.3904.108 Safari/537.36"
45.154.98.70 - - [20/Dec/2025:01:01:32 +0000] "POST //xmlrpc.php HTTP/1.1" 200 7682 "-" "Mozilla/5.0 (Windows NT 10.0; Win64; x64) AppleWebKit/537.36 (KHTML, like Gecko) Chrome/78.0.3904.108 Safari/537.36"
45.154.98.70 - - [20/Dec/2025:01:01:32 +0000] "POST //xmlrpc.php HTTP/1.1" 200 7676 "-" "Mozilla/5.0 (Windows NT 10.0; Win64; x64) AppleWebKit/537.36 (KHTML, like Gecko) Chrome/78.0.3904.108 Safari/537.36"
45.154.98.70 - - [20/Dec/2025:01:01:32 +0000] "POST //xmlrpc.php HTTP/1.1" 200 7676 "-" "Mozilla/5.0 (Windows NT 10.0; Win64; x64) AppleWebKit/537.36 (KHTML, like Gecko) Chrome/78.0.3904.108 Safari/537.36"
45.154.98.70 - - [20/Dec/2025:01:01:32 +0000] "POST //xmlrpc.php HTTP/1.1" 200 7676 "-" "Mozilla/5.0 (Windows NT 10.0; Win64; x64) AppleWebKit/537.36 (KHTML, like Gecko) Chrome/78.0.3904.108 Safari/537.36"
216.73.216.56 - - [20/Dec/2025:01:01:32 +0000] "GET /entity/367917788.htm HTTP/1.1" 301 7281 "-" "Mozilla/5.0 AppleWebKit/537.36 (KHTML, like Gecko; compatible; ClaudeBot/1.0; +claudebot@anthropic.com)"
45.154.98.70 - - [20/Dec/2025:01:01:33 +0000] "POST //xmlrpc.php HTTP/1.1" 200 7682 "-" "Mozilla/5.0 (Windows NT 10.0; Win64; x64) AppleWebKit/537.36 (KHTML, like Gecko) Chrome/78.0.3904.108 Safari/537.36"
57.141.0.58 - - [20/Dec/2025:01:01:33 +0000] "GET /karamba-spielsaal-erfahrungen-angeschlossen-testbericht-werfen-sie-einen-blick-auf-den-link-within-2025-pro-teutonia/?fileloc=//sys/class/pci_bus/0000:06/subsystem/0000:12/device/driver/0000:00:02.6/driver/0000:00:02.4/driver/0000:00:03.1/local_cpus&path=//sys/class/pci_bus/0000:06/subsystem/0000:12/device/driver/0000:00:02.6/driver/0000:00:02.4/driver/0000:00:03.1 HTTP/1.1" 200 276788 "-" "meta-externalagent/1.1 (+https://developers.facebook.com/docs/sharing/webmasters/crawler)"
45.154.98.70 - - [20/Dec/2025:01:01:33 +0000] "POST //xmlrpc.php HTTP/1.1" 200 7682 "-" "Mozilla/5.0 (Windows NT 10.0; Win64; x64) AppleWebKit/537.36 (KHTML, like Gecko) Chrome/78.0.3904.108 Safari/537.36"
216.73.216.56 - - [20/Dec/2025:01:01:33 +0000] "GET /entity/367917788.htm/ HTTP/1.1" 200 52143 "https://datainsightnow.com/entity/367917788.htm" "Mozilla/5.0 AppleWebKit/537.36 (KHTML, like Gecko; compatible; ClaudeBot/1.0; +claudebot@anthropic.com)"
45.154.98.70 - - [20/Dec/2025:01:01:34 +0000] "POST //xmlrpc.php HTTP/1.1" 200 7676 "-" "Mozilla/5.0 (Windows NT 10.0; Win64; x64) AppleWebKit/537.36 (KHTML, like Gecko) Chrome/78.0.3904.108 Safari/537.36"
45.154.98.70 - - [20/Dec/2025:01:01:34 +0000] "POST //xmlrpc.php HTTP/1.1" 200 7676 "-" "Mozilla/5.0 (Windows NT 10.0; Win64; x64) AppleWebKit/537.36 (KHTML, like Gecko) Chrome/78.0.3904.108 Safari/537.36"
45.154.98.70 - - [20/Dec/2025:01:01:34 +0000] "POST //xmlrpc.php HTTP/1.1" 200 7682 "-" "Mozilla/5.0 (Windows NT 10.0; Win64; x64) AppleWebKit/537.36 (KHTML, like Gecko) Chrome/78.0.3904.108 Safari/537.36"
45.154.98.70 - - [20/Dec/2025:01:01:34 +0000] "POST //xmlrpc.php HTTP/1.1" 200 7682 "-" "Mozilla/5.0 (Windows NT 10.0; Win64; x64) AppleWebKit/537.36 (KHTML, like Gecko) Chrome/78.0.3904.108 Safari/537.36"
45.154.98.70 - - [20/Dec/2025:01:01:34 +0000] "POST //xmlrpc.php HTTP/1.1" 200 7676 "-" "Mozilla/5.0 (Windows NT 10.0; Win64; x64) AppleWebKit/537.36 (KHTML, like Gecko) Chrome/78.0.3904.108 Safari/537.36"
57.141.0.1 - - [20/Dec/2025:01:01:35 +0000] "GET /karamba-spielsaal-erfahrungen-angeschlossen-testbericht-werfen-sie-einen-blick-auf-den-link-within-2025-pro-teutonia/?path=//sys/class/pci_bus/0000:06/subsystem/0000:04/subsystem/0000:0e/device/0000:00:03.4:pcie010/subsystem/devices/0000:00:02.5:pcie001 HTTP/1.1" 200 276788 "-" "meta-externalagent/1.1 (+https://developers.facebook.com/docs/sharing/webmasters/crawler)"
45.154.98.70 - - [20/Dec/2025:01:01:35 +0000] "POST //xmlrpc.php HTTP/1.1" 200 7676 "-" "Mozilla/5.0 (Windows NT 10.0; Win64; x64) AppleWebKit/537.36 (KHTML, like Gecko) Chrome/78.0.3904.108 Safari/537.36"
45.154.98.70 - - [20/Dec/2025:01:01:35 +0000] "POST //xmlrpc.php HTTP/1.1" 200 7676 "-" "Mozilla/5.0 (Windows NT 10.0; Win64; x64) AppleWebKit/537.36 (KHTML, like Gecko) Chrome/78.0.3904.108 Safari/537.36"
45.154.98.70 - - [20/Dec/2025:01:01:35 +0000] "POST //xmlrpc.php HTTP/1.1" 200 7682 "-" "Mozilla/5.0 (Windows NT 10.0; Win64; x64) AppleWebKit/537.36 (KHTML, like Gecko) Chrome/78.0.3904.108 Safari/537.36"
45.154.98.70 - - [20/Dec/2025:01:01:35 +0000] "POST //xmlrpc.php HTTP/1.1" 200 7682 "-" "Mozilla/5.0 (Windows NT 10.0; Win64; x64) AppleWebKit/537.36 (KHTML, like Gecko) Chrome/78.0.3904.108 Safari/537.36"
216.73.216.56 - - [20/Dec/2025:01:01:36 +0000] "GET /entity/125919845.htm HTTP/1.1" 301 7281 "-" "Mozilla/5.0 AppleWebKit/537.36 (KHTML, like Gecko; compatible; ClaudeBot/1.0; +claudebot@anthropic.com)"
45.154.98.70 - - [20/Dec/2025:01:01:36 +0000] "POST //xmlrpc.php HTTP/1.1" 200 7682 "-" "Mozilla/5.0 (Windows NT 10.0; Win64; x64) AppleWebKit/537.36 (KHTML, like Gecko) Chrome/78.0.3904.108 Safari/537.36"
57.141.0.69 - - [20/Dec/2025:01:01:36 +0000] "GET /karamba-spielsaal-erfahrungen-angeschlossen-testbericht-werfen-sie-einen-blick-auf-den-link-within-2025-pro-teutonia/?fileloc=//sys/class/pci_bus/0000:07/device/pci_bus/0000:07/device/driver/0000:00:03.5/driver/0000:00:03.7/msi_bus&path=//sys/class/pci_bus/0000:07/device/pci_bus/0000:07/device/driver/0000:00:03.5/driver/0000:00:03.7 HTTP/1.1" 200 276788 "-" "meta-externalagent/1.1 (+https://developers.facebook.com/docs/sharing/webmasters/crawler)"
45.154.98.70 - - [20/Dec/2025:01:01:36 +0000] "POST //xmlrpc.php HTTP/1.1" 200 7682 "-" "Mozilla/5.0 (Windows NT 10.0; Win64; x64) AppleWebKit/537.36 (KHTML, like Gecko) Chrome/78.0.3904.108 Safari/537.36"
45.154.98.70 - - [20/Dec/2025:01:01:36 +0000] "POST //xmlrpc.php HTTP/1.1" 200 7682 "-" "Mozilla/5.0 (Windows NT 10.0; Win64; x64) AppleWebKit/537.36 (KHTML, like Gecko) Chrome/78.0.3904.108 Safari/537.36"
216.73.216.56 - - [20/Dec/2025:01:01:36 +0000] "GET /entity/125919845.htm/ HTTP/1.1" 200 52143 "https://datainsightnow.com/entity/125919845.htm" "Mozilla/5.0 AppleWebKit/537.36 (KHTML, like Gecko; compatible; ClaudeBot/1.0; +claudebot@anthropic.com)"
45.154.98.70 - - [20/Dec/2025:01:01:36 +0000] "POST //xmlrpc.php HTTP/1.1" 200 7682 "-" "Mozilla/5.0 (Windows NT 10.0; Win64; x64) AppleWebKit/537.36 (KHTML, like Gecko) Chrome/78.0.3904.108 Safari/537.36"
45.154.98.70 - - [20/Dec/2025:01:01:37 +0000] "POST //xmlrpc.php HTTP/1.1" 200 7682 "-" "Mozilla/5.0 (Windows NT 10.0; Win64; x64) AppleWebKit/537.36 (KHTML, like Gecko) Chrome/78.0.3904.108 Safari/537.36"
45.154.98.70 - - [20/Dec/2025:01:01:37 +0000] "POST //xmlrpc.php HTTP/1.1" 200 7682 "-" "Mozilla/5.0 (Windows NT 10.0; Win64; x64) AppleWebKit/537.36 (KHTML, like Gecko) Chrome/78.0.3904.108 Safari/537.36"
45.154.98.70 - - [20/Dec/2025:01:01:37 +0000] "POST //xmlrpc.php HTTP/1.1" 200 7676 "-" "Mozilla/5.0 (Windows NT 10.0; Win64; x64) AppleWebKit/537.36 (KHTML, like Gecko) Chrome/78.0.3904.108 Safari/537.36"
45.154.98.70 - - [20/Dec/2025:01:01:37 +0000] "POST //xmlrpc.php HTTP/1.1" 200 7682 "-" "Mozilla/5.0 (Windows NT 10.0; Win64; x64) AppleWebKit/537.36 (KHTML, like Gecko) Chrome/78.0.3904.108 Safari/537.36"
45.154.98.70 - - [20/Dec/2025:01:01:38 +0000] "POST //xmlrpc.php HTTP/1.1" 200 7682 "-" "Mozilla/5.0 (Windows NT 10.0; Win64; x64) AppleWebKit/537.36 (KHTML, like Gecko) Chrome/78.0.3904.108 Safari/537.36"
57.141.0.4 - - [20/Dec/2025:01:01:38 +0000] "GET /2025/03/07/page/6/?fileloc=//sys/class/pci_bus/0000:0c/device/driver/0000:00:02.1/subsystem/devices/0000:02:00.0/firmware_node/physical_node/0000:03:01.0/enable&path=//sys/class/pci_bus/0000:0c/device/driver/0000:00:02.1/subsystem/devices/0000:02:00.0/firmware_node/physical_node/0000:03:01.0 HTTP/1.1" 200 276733 "-" "meta-externalagent/1.1 (+https://developers.facebook.com/docs/sharing/webmasters/crawler)"
45.154.98.70 - - [20/Dec/2025:01:01:38 +0000] "POST //xmlrpc.php HTTP/1.1" 200 7682 "-" "Mozilla/5.0 (Windows NT 10.0; Win64; x64) AppleWebKit/537.36 (KHTML, like Gecko) Chrome/78.0.3904.108 Safari/537.36"
45.154.98.70 - - [20/Dec/2025:01:01:38 +0000] "POST //xmlrpc.php HTTP/1.1" 200 7682 "-" "Mozilla/5.0 (Windows NT 10.0; Win64; x64) AppleWebKit/537.36 (KHTML, like Gecko) Chrome/78.0.3904.108 Safari/537.36"
45.154.98.70 - - [20/Dec/2025:01:01:38 +0000] "POST //xmlrpc.php HTTP/1.1" 200 7676 "-" "Mozilla/5.0 (Windows NT 10.0; Win64; x64) AppleWebKit/537.36 (KHTML, like Gecko) Chrome/78.0.3904.108 Safari/537.36"
216.73.216.56 - - [20/Dec/2025:01:01:38 +0000] "GET /entity/125922439.htm HTTP/1.1" 301 7275 "-" "Mozilla/5.0 AppleWebKit/537.36 (KHTML, like Gecko; compatible; ClaudeBot/1.0; +claudebot@anthropic.com)"
45.154.98.70 - - [20/Dec/2025:01:01:39 +0000] "POST //xmlrpc.php HTTP/1.1" 200 7676 "-" "Mozilla/5.0 (Windows NT 10.0; Win64; x64) AppleWebKit/537.36 (KHTML, like Gecko) Chrome/78.0.3904.108 Safari/537.36"
45.154.98.70 - - [20/Dec/2025:01:01:39 +0000] "POST //xmlrpc.php HTTP/1.1" 200 7682 "-" "Mozilla/5.0 (Windows NT 10.0; Win64; x64) AppleWebKit/537.36 (KHTML, like Gecko) Chrome/78.0.3904.108 Safari/537.36"
216.73.216.56 - - [20/Dec/2025:01:01:39 +0000] "GET /entity/125922439.htm/ HTTP/1.1" 200 52143 "https://datainsightnow.com/entity/125922439.htm" "Mozilla/5.0 AppleWebKit/537.36 (KHTML, like Gecko; compatible; ClaudeBot/1.0; +claudebot@anthropic.com)"
45.154.98.70 - - [20/Dec/2025:01:01:39 +0000] "POST //xmlrpc.php HTTP/1.1" 200 7682 "-" "Mozilla/5.0 (Windows NT 10.0; Win64; x64) AppleWebKit/537.36 (KHTML, like Gecko) Chrome/78.0.3904.108 Safari/537.36"
57.141.0.42 - - [20/Dec/2025:01:01:40 +0000] "GET /karamba-spielsaal-erfahrungen-angeschlossen-testbericht-werfen-sie-einen-blick-auf-den-link-within-2025-pro-teutonia/?path=//sys/class/pci_bus/0000:06/subsystem/0000:0b/subsystem/0000:13/device/driver/0000:00:02.1/0000:02:00.0/0000:03:01.0/firmware_node/wakeup/wakeup26 HTTP/1.1" 200 276788 "-" "meta-externalagent/1.1 (+https://developers.facebook.com/docs/sharing/webmasters/crawler)"
45.154.98.70 - - [20/Dec/2025:01:01:40 +0000] "POST //xmlrpc.php HTTP/1.1" 200 7676 "-" "Mozilla/5.0 (Windows NT 10.0; Win64; x64) AppleWebKit/537.36 (KHTML, like Gecko) Chrome/78.0.3904.108 Safari/537.36"
45.154.98.70 - - [20/Dec/2025:01:01:40 +0000] "POST //xmlrpc.php HTTP/1.1" 200 7682 "-" "Mozilla/5.0 (Windows NT 10.0; Win64; x64) AppleWebKit/537.36 (KHTML, like Gecko) Chrome/78.0.3904.108 Safari/537.36"
45.154.98.70 - - [20/Dec/2025:01:01:40 +0000] "POST //xmlrpc.php HTTP/1.1" 200 7682 "-" "Mozilla/5.0 (Windows NT 10.0; Win64; x64) AppleWebKit/537.36 (KHTML, like Gecko) Chrome/78.0.3904.108 Safari/537.36"
45.154.98.70 - - [20/Dec/2025:01:01:40 +0000] "POST //xmlrpc.php HTTP/1.1" 200 7676 "-" "Mozilla/5.0 (Windows NT 10.0; Win64; x64) AppleWebKit/537.36 (KHTML, like Gecko) Chrome/78.0.3904.108 Safari/537.36"
45.154.98.70 - - [20/Dec/2025:01:01:41 +0000] "POST //xmlrpc.php HTTP/1.1" 200 7682 "-" "Mozilla/5.0 (Windows NT 10.0; Win64; x64) AppleWebKit/537.36 (KHTML, like Gecko) Chrome/78.0.3904.108 Safari/537.36"
45.154.98.70 - - [20/Dec/2025:01:01:41 +0000] "POST //xmlrpc.php HTTP/1.1" 200 7682 "-" "Mozilla/5.0 (Windows NT 10.0; Win64; x64) AppleWebKit/537.36 (KHTML, like Gecko) Chrome/78.0.3904.108 Safari/537.36"
45.154.98.70 - - [20/Dec/2025:01:01:41 +0000] "POST //xmlrpc.php HTTP/1.1" 200 7682 "-" "Mozilla/5.0 (Windows NT 10.0; Win64; x64) AppleWebKit/537.36 (KHTML, like Gecko) Chrome/78.0.3904.108 Safari/537.36"
57.141.0.48 - - [20/Dec/2025:01:01:41 +0000] "GET /2025/03/07/page/6/?fileloc=//sys/class/pci_bus/0000:03/subsystem/0000:09/subsystem/0000:0f/subsystem/0000:0b/subsystem/0000:12/cpulistaffinity&path=//sys/class/pci_bus/0000:03/subsystem/0000:09/subsystem/0000:0f/subsystem/0000:0b/subsystem/0000:12 HTTP/1.1" 200 276733 "-" "meta-externalagent/1.1 (+https://developers.facebook.com/docs/sharing/webmasters/crawler)"
45.154.98.70 - - [20/Dec/2025:01:01:41 +0000] "POST //xmlrpc.php HTTP/1.1" 200 7676 "-" "Mozilla/5.0 (Windows NT 10.0; Win64; x64) AppleWebKit/537.36 (KHTML, like Gecko) Chrome/78.0.3904.108 Safari/537.36"
216.73.216.56 - - [20/Dec/2025:01:01:42 +0000] "GET /entity/367901985.htm HTTP/1.1" 301 7281 "-" "Mozilla/5.0 AppleWebKit/537.36 (KHTML, like Gecko; compatible; ClaudeBot/1.0; +claudebot@anthropic.com)"
45.154.98.70 - - [20/Dec/2025:01:01:42 +0000] "POST //xmlrpc.php HTTP/1.1" 200 7682 "-" "Mozilla/5.0 (Windows NT 10.0; Win64; x64) AppleWebKit/537.36 (KHTML, like Gecko) Chrome/78.0.3904.108 Safari/537.36"
45.154.98.70 - - [20/Dec/2025:01:01:42 +0000] "POST //xmlrpc.php HTTP/1.1" 200 7682 "-" "Mozilla/5.0 (Windows NT 10.0; Win64; x64) AppleWebKit/537.36 (KHTML, like Gecko) Chrome/78.0.3904.108 Safari/537.36"
45.154.98.70 - - [20/Dec/2025:01:01:42 +0000] "POST //xmlrpc.php HTTP/1.1" 200 7682 "-" "Mozilla/5.0 (Windows NT 10.0; Win64; x64) AppleWebKit/537.36 (KHTML, like Gecko) Chrome/78.0.3904.108 Safari/537.36"
216.73.216.56 - - [20/Dec/2025:01:01:42 +0000] "GET /entity/367901985.htm/ HTTP/1.1" 200 52143 "https://datainsightnow.com/entity/367901985.htm" "Mozilla/5.0 AppleWebKit/537.36 (KHTML, like Gecko; compatible; ClaudeBot/1.0; +claudebot@anthropic.com)"
45.154.98.70 - - [20/Dec/2025:01:01:42 +0000] "POST //xmlrpc.php HTTP/1.1" 200 7676 "-" "Mozilla/5.0 (Windows NT 10.0; Win64; x64) AppleWebKit/537.36 (KHTML, like Gecko) Chrome/78.0.3904.108 Safari/537.36"
45.154.98.70 - - [20/Dec/2025:01:01:42 +0000] "POST //xmlrpc.php HTTP/1.1" 200 7676 "-" "Mozilla/5.0 (Windows NT 10.0; Win64; x64) AppleWebKit/537.36 (KHTML, like Gecko) Chrome/78.0.3904.108 Safari/537.36"
45.154.98.70 - - [20/Dec/2025:01:01:43 +0000] "POST //xmlrpc.php HTTP/1.1" 200 7676 "-" "Mozilla/5.0 (Windows NT 10.0; Win64; x64) AppleWebKit/537.36 (KHTML, like Gecko) Chrome/78.0.3904.108 Safari/537.36"
45.154.98.70 - - [20/Dec/2025:01:01:43 +0000] "POST //xmlrpc.php HTTP/1.1" 200 7676 "-" "Mozilla/5.0 (Windows NT 10.0; Win64; x64) AppleWebKit/537.36 (KHTML, like Gecko) Chrome/78.0.3904.108 Safari/537.36"
57.141.0.11 - - [20/Dec/2025:01:01:43 +0000] "GET /2025/03/06/page/39/?fileloc=//sys/class/pci_bus/0000:0c/subsystem/0000:0f/device/driver/0000:00:02.7/driver/0000:00:03.4/uevent&path=//sys/class/pci_bus/0000:0c/subsystem/0000:0f/device/driver/0000:00:02.7/driver/0000:00:03.4 HTTP/1.1" 200 276733 "-" "meta-externalagent/1.1 (+https://developers.facebook.com/docs/sharing/webmasters/crawler)"
45.154.98.70 - - [20/Dec/2025:01:01:43 +0000] "POST //xmlrpc.php HTTP/1.1" 200 7682 "-" "Mozilla/5.0 (Windows NT 10.0; Win64; x64) AppleWebKit/537.36 (KHTML, like Gecko) Chrome/78.0.3904.108 Safari/537.36"
45.154.98.70 - - [20/Dec/2025:01:01:43 +0000] "POST //xmlrpc.php HTTP/1.1" 200 7676 "-" "Mozilla/5.0 (Windows NT 10.0; Win64; x64) AppleWebKit/537.36 (KHTML, like Gecko) Chrome/78.0.3904.108 Safari/537.36"
45.154.98.70 - - [20/Dec/2025:01:01:44 +0000] "POST //xmlrpc.php HTTP/1.1" 200 7682 "-" "Mozilla/5.0 (Windows NT 10.0; Win64; x64) AppleWebKit/537.36 (KHTML, like Gecko) Chrome/78.0.3904.108 Safari/537.36"
45.154.98.70 - - [20/Dec/2025:01:01:44 +0000] "POST //xmlrpc.php HTTP/1.1" 200 7682 "-" "Mozilla/5.0 (Windows NT 10.0; Win64; x64) AppleWebKit/537.36 (KHTML, like Gecko) Chrome/78.0.3904.108 Safari/537.36"
45.154.98.70 - - [20/Dec/2025:01:01:44 +0000] "POST //xmlrpc.php HTTP/1.1" 200 7676 "-" "Mozilla/5.0 (Windows NT 10.0; Win64; x64) AppleWebKit/537.36 (KHTML, like Gecko) Chrome/78.0.3904.108 Safari/537.36"
40.77.167.25 - - [20/Dec/2025:01:01:44 +0000] "GET /266190099?entity=0265162598 HTTP/1.1" 200 34536 "-" "Mozilla/5.0 AppleWebKit/537.36 (KHTML, like Gecko; compatible; bingbot/2.0; +http://www.bing.com/bingbot.htm) Chrome/116.0.1938.76 Safari/537.36"
45.154.98.70 - - [20/Dec/2025:01:01:44 +0000] "POST //xmlrpc.php HTTP/1.1" 200 7676 "-" "Mozilla/5.0 (Windows NT 10.0; Win64; x64) AppleWebKit/537.36 (KHTML, like Gecko) Chrome/78.0.3904.108 Safari/537.36"
216.73.216.56 - - [20/Dec/2025:01:01:45 +0000] "GET /entity/87944480.htm HTTP/1.1" 301 7275 "-" "Mozilla/5.0 AppleWebKit/537.36 (KHTML, like Gecko; compatible; ClaudeBot/1.0; +claudebot@anthropic.com)"
45.154.98.70 - - [20/Dec/2025:01:01:45 +0000] "POST //xmlrpc.php HTTP/1.1" 200 7682 "-" "Mozilla/5.0 (Windows NT 10.0; Win64; x64) AppleWebKit/537.36 (KHTML, like Gecko) Chrome/78.0.3904.108 Safari/537.36"
57.141.0.15 - - [20/Dec/2025:01:01:45 +0000] "GET /2025/03/07/page/6/?path=//sys/class/pci_bus/0000:0b/subsystem/0000:02/device/subsystem/devices/0000:00:02.4/subsystem/slots HTTP/1.1" 200 276788 "-" "meta-externalagent/1.1 (+https://developers.facebook.com/docs/sharing/webmasters/crawler)"
45.154.98.70 - - [20/Dec/2025:01:01:45 +0000] "POST //xmlrpc.php HTTP/1.1" 200 7682 "-" "Mozilla/5.0 (Windows NT 10.0; Win64; x64) AppleWebKit/537.36 (KHTML, like Gecko) Chrome/78.0.3904.108 Safari/537.36"
45.154.98.70 - - [20/Dec/2025:01:01:45 +0000] "POST //xmlrpc.php HTTP/1.1" 200 7682 "-" "Mozilla/5.0 (Windows NT 10.0; Win64; x64) AppleWebKit/537.36 (KHTML, like Gecko) Chrome/78.0.3904.108 Safari/537.36"
216.73.216.56 - - [20/Dec/2025:01:01:45 +0000] "GET /entity/87944480.htm/ HTTP/1.1" 200 52143 "https://datainsightnow.com/entity/87944480.htm" "Mozilla/5.0 AppleWebKit/537.36 (KHTML, like Gecko; compatible; ClaudeBot/1.0; +claudebot@anthropic.com)"
45.154.98.70 - - [20/Dec/2025:01:01:46 +0000] "POST //xmlrpc.php HTTP/1.1" 200 7676 "-" "Mozilla/5.0 (Windows NT 10.0; Win64; x64) AppleWebKit/537.36 (KHTML, like Gecko) Chrome/78.0.3904.108 Safari/537.36"
45.154.98.70 - - [20/Dec/2025:01:01:46 +0000] "POST //xmlrpc.php HTTP/1.1" 200 7676 "-" "Mozilla/5.0 (Windows NT 10.0; Win64; x64) AppleWebKit/537.36 (KHTML, like Gecko) Chrome/78.0.3904.108 Safari/537.36"
45.154.98.70 - - [20/Dec/2025:01:01:46 +0000] "POST //xmlrpc.php HTTP/1.1" 200 7682 "-" "Mozilla/5.0 (Windows NT 10.0; Win64; x64) AppleWebKit/537.36 (KHTML, like Gecko) Chrome/78.0.3904.108 Safari/537.36"
45.154.98.70 - - [20/Dec/2025:01:01:46 +0000] "POST //xmlrpc.php HTTP/1.1" 200 7682 "-" "Mozilla/5.0 (Windows NT 10.0; Win64; x64) AppleWebKit/537.36 (KHTML, like Gecko) Chrome/78.0.3904.108 Safari/537.36"
57.141.0.24 - - [20/Dec/2025:01:01:46 +0000] "GET /2025/03/07/page/6/?fileloc=//sys/class/pci_bus/0000:0f/subsystem/0000:08/subsystem/0000:0b/device/config&path=//sys/class/pci_bus/0000:0f/subsystem/0000:08/subsystem/0000:0b/device HTTP/1.1" 200 276788 "-" "meta-externalagent/1.1 (+https://developers.facebook.com/docs/sharing/webmasters/crawler)"
45.154.98.70 - - [20/Dec/2025:01:01:46 +0000] "POST //xmlrpc.php HTTP/1.1" 200 7682 "-" "Mozilla/5.0 (Windows NT 10.0; Win64; x64) AppleWebKit/537.36 (KHTML, like Gecko) Chrome/78.0.3904.108 Safari/537.36"
45.154.98.70 - - [20/Dec/2025:01:01:47 +0000] "POST //xmlrpc.php HTTP/1.1" 200 7676 "-" "Mozilla/5.0 (Windows NT 10.0; Win64; x64) AppleWebKit/537.36 (KHTML, like Gecko) Chrome/78.0.3904.108 Safari/537.36"
45.154.98.70 - - [20/Dec/2025:01:01:47 +0000] "POST //xmlrpc.php HTTP/1.1" 200 7682 "-" "Mozilla/5.0 (Windows NT 10.0; Win64; x64) AppleWebKit/537.36 (KHTML, like Gecko) Chrome/78.0.3904.108 Safari/537.36"
45.154.98.70 - - [20/Dec/2025:01:01:47 +0000] "POST //xmlrpc.php HTTP/1.1" 200 7682 "-" "Mozilla/5.0 (Windows NT 10.0; Win64; x64) AppleWebKit/537.36 (KHTML, like Gecko) Chrome/78.0.3904.108 Safari/537.36"
45.154.98.70 - - [20/Dec/2025:01:01:47 +0000] "POST //xmlrpc.php HTTP/1.1" 200 7682 "-" "Mozilla/5.0 (Windows NT 10.0; Win64; x64) AppleWebKit/537.36 (KHTML, like Gecko) Chrome/78.0.3904.108 Safari/537.36"
216.73.216.56 - - [20/Dec/2025:01:01:47 +0000] "GET /entity/125970860.htm HTTP/1.1" 301 7281 "-" "Mozilla/5.0 AppleWebKit/537.36 (KHTML, like Gecko; compatible; ClaudeBot/1.0; +claudebot@anthropic.com)"
45.154.98.70 - - [20/Dec/2025:01:01:48 +0000] "POST //xmlrpc.php HTTP/1.1" 200 7676 "-" "Mozilla/5.0 (Windows NT 10.0; Win64; x64) AppleWebKit/537.36 (KHTML, like Gecko) Chrome/78.0.3904.108 Safari/537.36"
216.73.216.56 - - [20/Dec/2025:01:01:48 +0000] "GET /entity/125970860.htm/ HTTP/1.1" 200 52143 "https://datainsightnow.com/entity/125970860.htm" "Mozilla/5.0 AppleWebKit/537.36 (KHTML, like Gecko; compatible; ClaudeBot/1.0; +claudebot@anthropic.com)"
57.141.0.5 - - [20/Dec/2025:01:01:48 +0000] "GET /karamba-spielsaal-erfahrungen-angeschlossen-testbericht-werfen-sie-einen-blick-auf-den-link-within-2025-pro-teutonia/?fileloc=//sys/class/pci_bus/0000:0b/subsystem/0000:01/subsystem/0000:0d/device/driver/0000:00:02.6/driver/0000:00:03.3/aer_dev_nonfatal&path=//sys/class/pci_bus/0000:0b/subsystem/0000:01/subsystem/0000:0d/device/driver/0000:00:02.6/driver/0000:00:03.3 HTTP/1.1" 200 276740 "-" "meta-externalagent/1.1 (+https://developers.facebook.com/docs/sharing/webmasters/crawler)"
45.154.98.70 - - [20/Dec/2025:01:01:48 +0000] "POST //xmlrpc.php HTTP/1.1" 200 7682 "-" "Mozilla/5.0 (Windows NT 10.0; Win64; x64) AppleWebKit/537.36 (KHTML, like Gecko) Chrome/78.0.3904.108 Safari/537.36"
45.154.98.70 - - [20/Dec/2025:01:01:49 +0000] "POST //xmlrpc.php HTTP/1.1" 200 7676 "-" "Mozilla/5.0 (Windows NT 10.0; Win64; x64) AppleWebKit/537.36 (KHTML, like Gecko) Chrome/78.0.3904.108 Safari/537.36"
45.154.98.70 - - [20/Dec/2025:01:01:49 +0000] "POST //xmlrpc.php HTTP/1.1" 200 7682 "-" "Mozilla/5.0 (Windows NT 10.0; Win64; x64) AppleWebKit/537.36 (KHTML, like Gecko) Chrome/78.0.3904.108 Safari/537.36"
57.141.0.34 - - [20/Dec/2025:01:01:49 +0000] "GET /karamba-spielsaal-erfahrungen-angeschlossen-testbericht-werfen-sie-einen-blick-auf-den-link-within-2025-pro-teutonia/?path=//sys/class/pci_bus/0000:0b/subsystem/0000:05/device/driver/0000:00:03.0/subsystem/devices/0000:00:02.7/firmware_node/subsystem HTTP/1.1" 200 276788 "-" "meta-externalagent/1.1 (+https://developers.facebook.com/docs/sharing/webmasters/crawler)"
45.154.98.70 - - [20/Dec/2025:01:01:49 +0000] "POST //xmlrpc.php HTTP/1.1" 200 7682 "-" "Mozilla/5.0 (Windows NT 10.0; Win64; x64) AppleWebKit/537.36 (KHTML, like Gecko) Chrome/78.0.3904.108 Safari/537.36"
45.154.98.70 - - [20/Dec/2025:01:01:49 +0000] "POST //xmlrpc.php HTTP/1.1" 200 7682 "-" "Mozilla/5.0 (Windows NT 10.0; Win64; x64) AppleWebKit/537.36 (KHTML, like Gecko) Chrome/78.0.3904.108 Safari/537.36"
66.135.21.75 - - [20/Dec/2025:01:01:50 +0000] "POST /wp-cron.php?doing_wp_cron=1766192510.0831470489501953125000 HTTP/1.1" 200 31 "-" "WordPress/6.3.1; https://datainsightnow.com"
45.154.98.70 - - [20/Dec/2025:01:01:50 +0000] "POST //xmlrpc.php HTTP/1.1" 200 7676 "-" "Mozilla/5.0 (Windows NT 10.0; Win64; x64) AppleWebKit/537.36 (KHTML, like Gecko) Chrome/78.0.3904.108 Safari/537.36"
45.154.98.70 - - [20/Dec/2025:01:01:50 +0000] "POST //xmlrpc.php HTTP/1.1" 200 7676 "-" "Mozilla/5.0 (Windows NT 10.0; Win64; x64) AppleWebKit/537.36 (KHTML, like Gecko) Chrome/78.0.3904.108 Safari/537.36"
45.154.98.70 - - [20/Dec/2025:01:01:50 +0000] "POST //xmlrpc.php HTTP/1.1" 200 7682 "-" "Mozilla/5.0 (Windows NT 10.0; Win64; x64) AppleWebKit/537.36 (KHTML, like Gecko) Chrome/78.0.3904.108 Safari/537.36"
45.154.98.70 - - [20/Dec/2025:01:01:50 +0000] "POST //xmlrpc.php HTTP/1.1" 200 7682 "-" "Mozilla/5.0 (Windows NT 10.0; Win64; x64) AppleWebKit/537.36 (KHTML, like Gecko) Chrome/78.0.3904.108 Safari/537.36"
45.154.98.70 - - [20/Dec/2025:01:01:50 +0000] "POST //xmlrpc.php HTTP/1.1" 200 7682 "-" "Mozilla/5.0 (Windows NT 10.0; Win64; x64) AppleWebKit/537.36 (KHTML, like Gecko) Chrome/78.0.3904.108 Safari/537.36"
216.73.216.56 - - [20/Dec/2025:01:01:51 +0000] "GET /entity/367931768.htm HTTP/1.1" 301 7281 "-" "Mozilla/5.0 AppleWebKit/537.36 (KHTML, like Gecko; compatible; ClaudeBot/1.0; +claudebot@anthropic.com)"
45.154.98.70 - - [20/Dec/2025:01:01:51 +0000] "POST //xmlrpc.php HTTP/1.1" 200 7676 "-" "Mozilla/5.0 (Windows NT 10.0; Win64; x64) AppleWebKit/537.36 (KHTML, like Gecko) Chrome/78.0.3904.108 Safari/537.36"
45.154.98.70 - - [20/Dec/2025:01:01:51 +0000] "POST //xmlrpc.php HTTP/1.1" 200 7676 "-" "Mozilla/5.0 (Windows NT 10.0; Win64; x64) AppleWebKit/537.36 (KHTML, like Gecko) Chrome/78.0.3904.108 Safari/537.36"
45.154.98.70 - - [20/Dec/2025:01:01:51 +0000] "POST //xmlrpc.php HTTP/1.1" 200 7682 "-" "Mozilla/5.0 (Windows NT 10.0; Win64; x64) AppleWebKit/537.36 (KHTML, like Gecko) Chrome/78.0.3904.108 Safari/537.36"
57.141.0.12 - - [20/Dec/2025:01:01:51 +0000] "GET /2025/03/06/page/39/?path=//sys/class/pci_bus/0000:0c/subsystem/0000:04/device/driver/0000:00:02.3/0000:00:02.3:pcie002/driver HTTP/1.1" 200 276740 "-" "meta-externalagent/1.1 (+https://developers.facebook.com/docs/sharing/webmasters/crawler)"
45.154.98.70 - - [20/Dec/2025:01:01:51 +0000] "POST //xmlrpc.php HTTP/1.1" 200 7682 "-" "Mozilla/5.0 (Windows NT 10.0; Win64; x64) AppleWebKit/537.36 (KHTML, like Gecko) Chrome/78.0.3904.108 Safari/537.36"
45.154.98.70 - - [20/Dec/2025:01:01:52 +0000] "POST //xmlrpc.php HTTP/1.1" 200 7676 "-" "Mozilla/5.0 (Windows NT 10.0; Win64; x64) AppleWebKit/537.36 (KHTML, like Gecko) Chrome/78.0.3904.108 Safari/537.36"
45.154.98.70 - - [20/Dec/2025:01:01:52 +0000] "POST //xmlrpc.php HTTP/1.1" 200 7682 "-" "Mozilla/5.0 (Windows NT 10.0; Win64; x64) AppleWebKit/537.36 (KHTML, like Gecko) Chrome/78.0.3904.108 Safari/537.36"
216.73.216.56 - - [20/Dec/2025:01:01:52 +0000] "GET /entity/367931768.htm/ HTTP/1.1" 200 52143 "https://datainsightnow.com/entity/367931768.htm" "Mozilla/5.0 AppleWebKit/537.36 (KHTML, like Gecko; compatible; ClaudeBot/1.0; +claudebot@anthropic.com)"
45.154.98.70 - - [20/Dec/2025:01:01:52 +0000] "POST //xmlrpc.php HTTP/1.1" 200 7682 "-" "Mozilla/5.0 (Windows NT 10.0; Win64; x64) AppleWebKit/537.36 (KHTML, like Gecko) Chrome/78.0.3904.108 Safari/537.36"
45.154.98.70 - - [20/Dec/2025:01:01:53 +0000] "POST //xmlrpc.php HTTP/1.1" 200 7682 "-" "Mozilla/5.0 (Windows NT 10.0; Win64; x64) AppleWebKit/537.36 (KHTML, like Gecko) Chrome/78.0.3904.108 Safari/537.36"
57.141.0.57 - - [20/Dec/2025:01:01:53 +0000] "GET /2025/03/07/page/6/?path=//sys/class/pci_bus/0000:13/subsystem/0000:02/device/driver/0000:00:03.1/driver/0000:00:04.0/0000:00:04.0:pcie002/driver/0000:00:02.3:pcie002/driver HTTP/1.1" 200 276787 "-" "meta-externalagent/1.1 (+https://developers.facebook.com/docs/sharing/webmasters/crawler)"
45.154.98.70 - - [20/Dec/2025:01:01:53 +0000] "POST //xmlrpc.php HTTP/1.1" 200 7682 "-" "Mozilla/5.0 (Windows NT 10.0; Win64; x64) AppleWebKit/537.36 (KHTML, like Gecko) Chrome/78.0.3904.108 Safari/537.36"
45.154.98.70 - - [20/Dec/2025:01:01:53 +0000] "POST //xmlrpc.php HTTP/1.1" 200 7682 "-" "Mozilla/5.0 (Windows NT 10.0; Win64; x64) AppleWebKit/537.36 (KHTML, like Gecko) Chrome/78.0.3904.108 Safari/537.36"
45.154.98.70 - - [20/Dec/2025:01:01:53 +0000] "POST //xmlrpc.php HTTP/1.1" 200 7682 "-" "Mozilla/5.0 (Windows NT 10.0; Win64; x64) AppleWebKit/537.36 (KHTML, like Gecko) Chrome/78.0.3904.108 Safari/537.36"
45.154.98.70 - - [20/Dec/2025:01:01:53 +0000] "POST //xmlrpc.php HTTP/1.1" 200 7682 "-" "Mozilla/5.0 (Windows NT 10.0; Win64; x64) AppleWebKit/537.36 (KHTML, like Gecko) Chrome/78.0.3904.108 Safari/537.36"
45.154.98.70 - - [20/Dec/2025:01:01:54 +0000] "POST //xmlrpc.php HTTP/1.1" 200 7682 "-" "Mozilla/5.0 (Windows NT 10.0; Win64; x64) AppleWebKit/537.36 (KHTML, like Gecko) Chrome/78.0.3904.108 Safari/537.36"
45.154.98.70 - - [20/Dec/2025:01:01:54 +0000] "POST //xmlrpc.php HTTP/1.1" 200 7682 "-" "Mozilla/5.0 (Windows NT 10.0; Win64; x64) AppleWebKit/537.36 (KHTML, like Gecko) Chrome/78.0.3904.108 Safari/537.36"
45.154.98.70 - - [20/Dec/2025:01:01:54 +0000] "POST //xmlrpc.php HTTP/1.1" 200 7682 "-" "Mozilla/5.0 (Windows NT 10.0; Win64; x64) AppleWebKit/537.36 (KHTML, like Gecko) Chrome/78.0.3904.108 Safari/537.36"
45.154.98.70 - - [20/Dec/2025:01:01:54 +0000] "POST //xmlrpc.php HTTP/1.1" 200 7682 "-" "Mozilla/5.0 (Windows NT 10.0; Win64; x64) AppleWebKit/537.36 (KHTML, like Gecko) Chrome/78.0.3904.108 Safari/537.36"
57.141.0.76 - - [20/Dec/2025:01:01:55 +0000] "GET /2025/03/07/page/6/?fileloc=//sys/class/pci_bus/0000:0f/subsystem/0000:05/subsystem/0000:0b/subsystem/0000:04/device/pci_bus/0000:04/device/subordinate_bus_number&path=//sys/class/pci_bus/0000:0f/subsystem/0000:05/subsystem/0000:0b/subsystem/0000:04/device/pci_bus/0000:04/device HTTP/1.1" 200 276772 "-" "meta-externalagent/1.1 (+https://developers.facebook.com/docs/sharing/webmasters/crawler)"
45.154.98.70 - - [20/Dec/2025:01:01:55 +0000] "POST //xmlrpc.php HTTP/1.1" 200 7682 "-" "Mozilla/5.0 (Windows NT 10.0; Win64; x64) AppleWebKit/537.36 (KHTML, like Gecko) Chrome/78.0.3904.108 Safari/537.36"
45.154.98.70 - - [20/Dec/2025:01:01:55 +0000] "POST //xmlrpc.php HTTP/1.1" 200 7682 "-" "Mozilla/5.0 (Windows NT 10.0; Win64; x64) AppleWebKit/537.36 (KHTML, like Gecko) Chrome/78.0.3904.108 Safari/537.36"
216.73.216.56 - - [20/Dec/2025:01:01:55 +0000] "GET /entity/125783866.htm HTTP/1.1" 301 7281 "-" "Mozilla/5.0 AppleWebKit/537.36 (KHTML, like Gecko; compatible; ClaudeBot/1.0; +claudebot@anthropic.com)"
45.154.98.70 - - [20/Dec/2025:01:01:55 +0000] "POST //xmlrpc.php HTTP/1.1" 200 7682 "-" "Mozilla/5.0 (Windows NT 10.0; Win64; x64) AppleWebKit/537.36 (KHTML, like Gecko) Chrome/78.0.3904.108 Safari/537.36"
45.154.98.70 - - [20/Dec/2025:01:01:55 +0000] "POST //xmlrpc.php HTTP/1.1" 200 7676 "-" "Mozilla/5.0 (Windows NT 10.0; Win64; x64) AppleWebKit/537.36 (KHTML, like Gecko) Chrome/78.0.3904.108 Safari/537.36"
216.73.216.56 - - [20/Dec/2025:01:01:56 +0000] "GET /entity/125783866.htm/ HTTP/1.1" 200 52143 "https://datainsightnow.com/entity/125783866.htm" "Mozilla/5.0 AppleWebKit/537.36 (KHTML, like Gecko; compatible; ClaudeBot/1.0; +claudebot@anthropic.com)"
45.154.98.70 - - [20/Dec/2025:01:01:56 +0000] "POST //xmlrpc.php HTTP/1.1" 200 7682 "-" "Mozilla/5.0 (Windows NT 10.0; Win64; x64) AppleWebKit/537.36 (KHTML, like Gecko) Chrome/78.0.3904.108 Safari/537.36"
57.141.0.28 - - [20/Dec/2025:01:01:56 +0000] "GET /2025/03/06/page/39/?fileloc=//sys/class/pci_bus/0000:0a/subsystem/0000:02/device/driver/0000:00:03.2/driver/0000:00:03.3/driver/0000:00:02.4/power_state&path=//sys/class/pci_bus/0000:0a/subsystem/0000:02/device/driver/0000:00:03.2/driver/0000:00:03.3/driver/0000:00:02.4 HTTP/1.1" 200 276733 "-" "meta-externalagent/1.1 (+https://developers.facebook.com/docs/sharing/webmasters/crawler)"
45.154.98.70 - - [20/Dec/2025:01:01:56 +0000] "POST //xmlrpc.php HTTP/1.1" 200 7682 "-" "Mozilla/5.0 (Windows NT 10.0; Win64; x64) AppleWebKit/537.36 (KHTML, like Gecko) Chrome/78.0.3904.108 Safari/537.36"
45.154.98.70 - - [20/Dec/2025:01:01:56 +0000] "POST //xmlrpc.php HTTP/1.1" 200 7682 "-" "Mozilla/5.0 (Windows NT 10.0; Win64; x64) AppleWebKit/537.36 (KHTML, like Gecko) Chrome/78.0.3904.108 Safari/537.36"
45.154.98.70 - - [20/Dec/2025:01:01:57 +0000] "POST //xmlrpc.php HTTP/1.1" 200 7676 "-" "Mozilla/5.0 (Windows NT 10.0; Win64; x64) AppleWebKit/537.36 (KHTML, like Gecko) Chrome/78.0.3904.108 Safari/537.36"
45.154.98.70 - - [20/Dec/2025:01:01:57 +0000] "POST //xmlrpc.php HTTP/1.1" 200 7676 "-" "Mozilla/5.0 (Windows NT 10.0; Win64; x64) AppleWebKit/537.36 (KHTML, like Gecko) Chrome/78.0.3904.108 Safari/537.36"
45.154.98.70 - - [20/Dec/2025:01:01:57 +0000] "POST //xmlrpc.php HTTP/1.1" 200 7676 "-" "Mozilla/5.0 (Windows NT 10.0; Win64; x64) AppleWebKit/537.36 (KHTML, like Gecko) Chrome/78.0.3904.108 Safari/537.36"
45.154.98.70 - - [20/Dec/2025:01:01:57 +0000] "POST //xmlrpc.php HTTP/1.1" 200 7676 "-" "Mozilla/5.0 (Windows NT 10.0; Win64; x64) AppleWebKit/537.36 (KHTML, like Gecko) Chrome/78.0.3904.108 Safari/537.36"
45.154.98.70 - - [20/Dec/2025:01:01:58 +0000] "POST //xmlrpc.php HTTP/1.1" 200 7682 "-" "Mozilla/5.0 (Windows NT 10.0; Win64; x64) AppleWebKit/537.36 (KHTML, like Gecko) Chrome/78.0.3904.108 Safari/537.36"
45.154.98.70 - - [20/Dec/2025:01:01:58 +0000] "POST //xmlrpc.php HTTP/1.1" 200 7682 "-" "Mozilla/5.0 (Windows NT 10.0; Win64; x64) AppleWebKit/537.36 (KHTML, like Gecko) Chrome/78.0.3904.108 Safari/537.36"
57.141.0.58 - - [20/Dec/2025:01:01:58 +0000] "GET /2025/03/07/page/6/?fileloc=//sys/class/pci_bus/0000:0e/subsystem/0000:12/subsystem/0000:08/subsystem/0000:0b/subsystem/0000:0a/cpuaffinity&path=//sys/class/pci_bus/0000:0e/subsystem/0000:12/subsystem/0000:08/subsystem/0000:0b/subsystem/0000:0a HTTP/1.1" 200 276772 "-" "meta-externalagent/1.1 (+https://developers.facebook.com/docs/sharing/webmasters/crawler)"
216.73.216.56 - - [20/Dec/2025:01:01:58 +0000] "GET /entity/125871675.htm HTTP/1.1" 301 7275 "-" "Mozilla/5.0 AppleWebKit/537.36 (KHTML, like Gecko; compatible; ClaudeBot/1.0; +claudebot@anthropic.com)"
45.154.98.70 - - [20/Dec/2025:01:01:58 +0000] "POST //xmlrpc.php HTTP/1.1" 200 7676 "-" "Mozilla/5.0 (Windows NT 10.0; Win64; x64) AppleWebKit/537.36 (KHTML, like Gecko) Chrome/78.0.3904.108 Safari/537.36"
45.154.98.70 - - [20/Dec/2025:01:01:58 +0000] "POST //xmlrpc.php HTTP/1.1" 200 7682 "-" "Mozilla/5.0 (Windows NT 10.0; Win64; x64) AppleWebKit/537.36 (KHTML, like Gecko) Chrome/78.0.3904.108 Safari/537.36"
216.73.216.56 - - [20/Dec/2025:01:01:59 +0000] "GET /entity/125871675.htm/ HTTP/1.1" 200 52143 "https://datainsightnow.com/entity/125871675.htm" "Mozilla/5.0 AppleWebKit/537.36 (KHTML, like Gecko; compatible; ClaudeBot/1.0; +claudebot@anthropic.com)"
45.154.98.70 - - [20/Dec/2025:01:02:04 +0000] "POST //xmlrpc.php HTTP/1.1" 200 7676 "-" "Mozilla/5.0 (Windows NT 10.0; Win64; x64) AppleWebKit/537.36 (KHTML, like Gecko) Chrome/78.0.3904.108 Safari/537.36"
57.141.0.11 - - [20/Dec/2025:01:02:04 +0000] "GET /karamba-spielsaal-erfahrungen-angeschlossen-testbericht-werfen-sie-einen-blick-auf-den-link-within-2025-pro-teutonia/?path=//sys/class/pci_bus/0000:0e/subsystem/0000:01/subsystem/0000:0a/subsystem/0000:07/subsystem/0000:07/subsystem/0000:07 HTTP/1.1" 200 276788 "-" "meta-externalagent/1.1 (+https://developers.facebook.com/docs/sharing/webmasters/crawler)"
216.73.216.56 - - [20/Dec/2025:01:02:05 +0000] "GET /entity/683331096.htm HTTP/1.1" 301 7275 "-" "Mozilla/5.0 AppleWebKit/537.36 (KHTML, like Gecko; compatible; ClaudeBot/1.0; +claudebot@anthropic.com)"
57.141.0.65 - - [20/Dec/2025:01:02:05 +0000] "GET /2025/03/07/page/6/?path=//sys/class/pci_bus/0000:0b/subsystem/0000:10/device/driver/0000:00:02.4/0000:00:02.4:pcie001/subsystem/devices/0000:00:02.5:pcie010 HTTP/1.1" 200 276733 "-" "meta-externalagent/1.1 (+https://developers.facebook.com/docs/sharing/webmasters/crawler)"
85.208.96.193 - - [20/Dec/2025:01:02:05 +0000] "GET /entity/305255840.htm HTTP/1.1" 301 7281 "-" "Mozilla/5.0 (compatible; SemrushBot/7~bl; +http://www.semrush.com/bot.html)"
57.141.0.77 - - [20/Dec/2025:01:02:05 +0000] "GET /2025/03/06/page/39/?fileloc=//sys/class/pci_bus/0000:08/device/driver/0000:00:02.3/driver/0000:00:02.0/driver/0000:00:02.4/max_link_width&path=//sys/class/pci_bus/0000:08/device/driver/0000:00:02.3/driver/0000:00:02.0/driver/0000:00:02.4 HTTP/1.1" 200 276788 "-" "meta-externalagent/1.1 (+https://developers.facebook.com/docs/sharing/webmasters/crawler)"
45.154.98.70 - - [20/Dec/2025:01:02:06 +0000] "POST //xmlrpc.php HTTP/1.1" 200 7682 "-" "Mozilla/5.0 (Windows NT 10.0; Win64; x64) AppleWebKit/537.36 (KHTML, like Gecko) Chrome/78.0.3904.108 Safari/537.36"
57.141.0.41 - - [20/Dec/2025:01:02:06 +0000] "GET /karamba-spielsaal-erfahrungen-angeschlossen-testbericht-werfen-sie-einen-blick-auf-den-link-within-2025-pro-teutonia/?fileloc=//sys/class/pci_bus/0000:04/subsystem/0000:0a/device/driver/0000:00:03.2/pci_bus/0000:0c/power/runtime_status&path=//sys/class/pci_bus/0000:04/subsystem/0000:0a/device/driver/0000:00:03.2/pci_bus/0000:0c/power HTTP/1.1" 200 276788 "-" "meta-externalagent/1.1 (+https://developers.facebook.com/docs/sharing/webmasters/crawler)"
216.73.216.56 - - [20/Dec/2025:01:02:07 +0000] "GET /entity/683331096.htm/ HTTP/1.1" 200 52143 "https://datainsightnow.com/entity/683331096.htm" "Mozilla/5.0 AppleWebKit/537.36 (KHTML, like Gecko; compatible; ClaudeBot/1.0; +claudebot@anthropic.com)"
57.141.0.1 - - [20/Dec/2025:01:02:07 +0000] "GET /karamba-spielsaal-erfahrungen-angeschlossen-testbericht-werfen-sie-einen-blick-auf-den-link-within-2025-pro-teutonia/?path=//sys/class/pci_bus/0000:11/subsystem/0000:0b/subsystem/0000:07/subsystem/0000:0a/subsystem/0000:10 HTTP/1.1" 200 276788 "-" "meta-externalagent/1.1 (+https://developers.facebook.com/docs/sharing/webmasters/crawler)"
45.154.98.70 - - [20/Dec/2025:01:02:07 +0000] "POST //xmlrpc.php HTTP/1.1" 200 7676 "-" "Mozilla/5.0 (Windows NT 10.0; Win64; x64) AppleWebKit/537.36 (KHTML, like Gecko) Chrome/78.0.3904.108 Safari/537.36"
45.154.98.70 - - [20/Dec/2025:01:02:12 +0000] "POST //xmlrpc.php HTTP/1.1" 200 7676 "-" "Mozilla/5.0 (Windows NT 10.0; Win64; x64) AppleWebKit/537.36 (KHTML, like Gecko) Chrome/78.0.3904.108 Safari/537.36"
57.141.0.34 - - [20/Dec/2025:01:02:13 +0000] "GET /karamba-spielsaal-erfahrungen-angeschlossen-testbericht-werfen-sie-einen-blick-auf-den-link-within-2025-pro-teutonia/?fileloc=//sys/class/pci_bus/0000:0b/subsystem/0000:01/subsystem/0000:0b/device/driver/0000:00:03.4/firmware_node/power/runtime_active_kids&path=//sys/class/pci_bus/0000:0b/subsystem/0000:01/subsystem/0000:0b/device/driver/0000:00:03.4/firmware_node/power HTTP/1.1" 200 276733 "-" "meta-externalagent/1.1 (+https://developers.facebook.com/docs/sharing/webmasters/crawler)"
57.141.0.8 - - [20/Dec/2025:01:02:13 +0000] "GET /2025/03/07/page/6/?fileloc=//sys/class/pci_bus/0000:02/subsystem/0000:11/subsystem/0000:02/subsystem/0000:05/cpuaffinity&path=//sys/class/pci_bus/0000:02/subsystem/0000:11/subsystem/0000:02/subsystem/0000:05 HTTP/1.1" 200 276733 "-" "meta-externalagent/1.1 (+https://developers.facebook.com/docs/sharing/webmasters/crawler)"
185.191.171.11 - - [20/Dec/2025:01:02:14 +0000] "GET /entity/305255840.htm/ HTTP/1.1" 200 52143 "-" "Mozilla/5.0 (compatible; SemrushBot/7~bl; +http://www.semrush.com/bot.html)"
216.73.216.56 - - [20/Dec/2025:01:02:14 +0000] "GET /entity/683471992.htm HTTP/1.1" 301 7275 "-" "Mozilla/5.0 AppleWebKit/537.36 (KHTML, like Gecko; compatible; ClaudeBot/1.0; +claudebot@anthropic.com)"
114.119.157.166 - - [20/Dec/2025:01:02:14 +0000] "GET /zodiac-casino-india-2025-bonus-100-percent-free-spins-comment/?fileloc=//etc/console-setup/compose.CP1256.inc&path=//etc/console-setup HTTP/1.1" 200 52145 "https://datainsightnow.com/zodiac-casino-india-2025-bonus-100-percent-free-spins-comment/?path=//etc/console-setup" "Mozilla/5.0 (Linux; Android 7.0;) AppleWebKit/537.36 (KHTML, like Gecko) Mobile Safari/537.36 (compatible; PetalBot;+https://webmaster.petalsearch.com/site/petalbot)"
66.249.69.3 - - [20/Dec/2025:01:02:14 +0000] "GET /entity/3704212.htm HTTP/1.1" 200 29228 "-" "Mozilla/5.0 (Linux; Android 6.0.1; Nexus 5X Build/MMB29P) AppleWebKit/537.36 (KHTML, like Gecko) Chrome/141.0.7390.122 Mobile Safari/537.36 (compatible; Googlebot/2.1; +http://www.google.com/bot.html)"
57.141.0.22 - - [20/Dec/2025:01:02:15 +0000] "GET /2025/03/07/page/6/?fileloc=//sys/class/pci_bus/0000:05/subsystem/0000:05/subsystem/0000:00/subsystem/0000:0b/subsystem/0000:01/subsystem/0000:12/uevent&path=//sys/class/pci_bus/0000:05/subsystem/0000:05/subsystem/0000:00/subsystem/0000:0b/subsystem/0000:01/subsystem/0000:12 HTTP/1.1" 200 276788 "-" "meta-externalagent/1.1 (+https://developers.facebook.com/docs/sharing/webmasters/crawler)"
45.154.98.70 - - [20/Dec/2025:01:02:15 +0000] "POST //xmlrpc.php HTTP/1.1" 200 7682 "-" "Mozilla/5.0 (Windows NT 10.0; Win64; x64) AppleWebKit/537.36 (KHTML, like Gecko) Chrome/78.0.3904.108 Safari/537.36"
57.141.0.12 - - [20/Dec/2025:01:02:15 +0000] "GET /2025/03/07/page/6/?path=//sys/class/pci_bus/0000:09/device/driver/0000:00:04.1/driver/0000:00:02.3/driver/0000:00:02.5/link HTTP/1.1" 200 276788 "-" "meta-externalagent/1.1 (+https://developers.facebook.com/docs/sharing/webmasters/crawler)"
216.73.216.56 - - [20/Dec/2025:01:02:16 +0000] "GET /entity/683471992.htm/ HTTP/1.1" 200 52143 "https://datainsightnow.com/entity/683471992.htm" "Mozilla/5.0 AppleWebKit/537.36 (KHTML, like Gecko; compatible; ClaudeBot/1.0; +claudebot@anthropic.com)"
57.141.0.39 - - [20/Dec/2025:01:02:16 +0000] "GET /2025/03/07/page/6/?fileloc=//sys/class/pci_bus/0000:0f/subsystem/0000:02/subsystem/0000:0e/subsystem/0000:0f/subsystem/0000:0c/rescan&path=//sys/class/pci_bus/0000:0f/subsystem/0000:02/subsystem/0000:0e/subsystem/0000:0f/subsystem/0000:0c HTTP/1.1" 200 276733 "-" "meta-externalagent/1.1 (+https://developers.facebook.com/docs/sharing/webmasters/crawler)"
45.154.98.70 - - [20/Dec/2025:01:02:16 +0000] "POST //xmlrpc.php HTTP/1.1" 200 7682 "-" "Mozilla/5.0 (Windows NT 10.0; Win64; x64) AppleWebKit/537.36 (KHTML, like Gecko) Chrome/78.0.3904.108 Safari/537.36"
216.73.216.56 - - [20/Dec/2025:01:02:16 +0000] "GET /entity/125955067.htm HTTP/1.1" 301 7275 "-" "Mozilla/5.0 AppleWebKit/537.36 (KHTML, like Gecko; compatible; ClaudeBot/1.0; +claudebot@anthropic.com)"
45.154.98.70 - - [20/Dec/2025:01:02:16 +0000] "POST //xmlrpc.php HTTP/1.1" 200 7682 "-" "Mozilla/5.0 (Windows NT 10.0; Win64; x64) AppleWebKit/537.36 (KHTML, like Gecko) Chrome/78.0.3904.108 Safari/537.36"
57.141.0.12 - - [20/Dec/2025:01:02:16 +0000] "GET /2025/03/07/page/6/?fileloc=//sys/class/pci_bus/0000:11/subsystem/0000:03/subsystem/0000:03/subsystem/0000:08/power/async&path=//sys/class/pci_bus/0000:11/subsystem/0000:03/subsystem/0000:03/subsystem/0000:08/power HTTP/1.1" 200 276733 "-" "meta-externalagent/1.1 (+https://developers.facebook.com/docs/sharing/webmasters/crawler)"
57.141.0.34 - - [20/Dec/2025:01:02:17 +0000] "GET /2025/03/07/page/6/?path=//sys/class/pci_bus/0000:0b/subsystem/0000:12/subsystem/0000:02/subsystem/0000:05/device/subsystem/devices/0000:00:02.3 HTTP/1.1" 200 276788 "-" "meta-externalagent/1.1 (+https://developers.facebook.com/docs/sharing/webmasters/crawler)"
216.73.216.56 - - [20/Dec/2025:01:02:17 +0000] "GET /entity/125955067.htm/ HTTP/1.1" 200 52143 "https://datainsightnow.com/entity/125955067.htm" "Mozilla/5.0 AppleWebKit/537.36 (KHTML, like Gecko; compatible; ClaudeBot/1.0; +claudebot@anthropic.com)"
45.154.98.70 - - [20/Dec/2025:01:02:17 +0000] "POST //xmlrpc.php HTTP/1.1" 200 7682 "-" "Mozilla/5.0 (Windows NT 10.0; Win64; x64) AppleWebKit/537.36 (KHTML, like Gecko) Chrome/78.0.3904.108 Safari/537.36"
45.154.98.70 - - [20/Dec/2025:01:02:18 +0000] "POST //xmlrpc.php HTTP/1.1" 200 7682 "-" "Mozilla/5.0 (Windows NT 10.0; Win64; x64) AppleWebKit/537.36 (KHTML, like Gecko) Chrome/78.0.3904.108 Safari/537.36"
45.154.98.70 - - [20/Dec/2025:01:02:18 +0000] "POST //xmlrpc.php HTTP/1.1" 200 7682 "-" "Mozilla/5.0 (Windows NT 10.0; Win64; x64) AppleWebKit/537.36 (KHTML, like Gecko) Chrome/78.0.3904.108 Safari/537.36"
45.154.98.70 - - [20/Dec/2025:01:02:18 +0000] "POST //xmlrpc.php HTTP/1.1" 200 7682 "-" "Mozilla/5.0 (Windows NT 10.0; Win64; x64) AppleWebKit/537.36 (KHTML, like Gecko) Chrome/78.0.3904.108 Safari/537.36"
57.141.0.26 - - [20/Dec/2025:01:02:18 +0000] "GET /moneysense-self-help-guide-to-the-ideal-profile/?fileloc=//sys/class/pci_bus/0000:0f/subsystem/0000:0b/subsystem/0000:04/subsystem/0000:0b/device/current_link_speed&path=//sys/class/pci_bus/0000:0f/subsystem/0000:0b/subsystem/0000:04/subsystem/0000:0b/device HTTP/1.1" 200 276733 "-" "meta-externalagent/1.1 (+https://developers.facebook.com/docs/sharing/webmasters/crawler)"
45.154.98.70 - - [20/Dec/2025:01:02:18 +0000] "POST //xmlrpc.php HTTP/1.1" 200 7682 "-" "Mozilla/5.0 (Windows NT 10.0; Win64; x64) AppleWebKit/537.36 (KHTML, like Gecko) Chrome/78.0.3904.108 Safari/537.36"
45.154.98.70 - - [20/Dec/2025:01:02:19 +0000] "POST //xmlrpc.php HTTP/1.1" 200 7682 "-" "Mozilla/5.0 (Windows NT 10.0; Win64; x64) AppleWebKit/537.36 (KHTML, like Gecko) Chrome/78.0.3904.108 Safari/537.36"
45.154.98.70 - - [20/Dec/2025:01:02:19 +0000] "POST //xmlrpc.php HTTP/1.1" 200 7682 "-" "Mozilla/5.0 (Windows NT 10.0; Win64; x64) AppleWebKit/537.36 (KHTML, like Gecko) Chrome/78.0.3904.108 Safari/537.36"
216.73.216.56 - - [20/Dec/2025:01:02:19 +0000] "GET /entity/683512133.htm HTTP/1.1" 301 7281 "-" "Mozilla/5.0 AppleWebKit/537.36 (KHTML, like Gecko; compatible; ClaudeBot/1.0; +claudebot@anthropic.com)"
45.154.98.70 - - [20/Dec/2025:01:02:19 +0000] "POST //xmlrpc.php HTTP/1.1" 200 7676 "-" "Mozilla/5.0 (Windows NT 10.0; Win64; x64) AppleWebKit/537.36 (KHTML, like Gecko) Chrome/78.0.3904.108 Safari/537.36"
45.154.98.70 - - [20/Dec/2025:01:02:19 +0000] "POST //xmlrpc.php HTTP/1.1" 200 7682 "-" "Mozilla/5.0 (Windows NT 10.0; Win64; x64) AppleWebKit/537.36 (KHTML, like Gecko) Chrome/78.0.3904.108 Safari/537.36"
45.154.98.70 - - [20/Dec/2025:01:02:20 +0000] "POST //xmlrpc.php HTTP/1.1" 200 7676 "-" "Mozilla/5.0 (Windows NT 10.0; Win64; x64) AppleWebKit/537.36 (KHTML, like Gecko) Chrome/78.0.3904.108 Safari/537.36"
216.73.216.56 - - [20/Dec/2025:01:02:20 +0000] "GET /entity/683512133.htm/ HTTP/1.1" 200 52143 "https://datainsightnow.com/entity/683512133.htm" "Mozilla/5.0 AppleWebKit/537.36 (KHTML, like Gecko; compatible; ClaudeBot/1.0; +claudebot@anthropic.com)"
45.154.98.70 - - [20/Dec/2025:01:02:20 +0000] "POST //xmlrpc.php HTTP/1.1" 200 7676 "-" "Mozilla/5.0 (Windows NT 10.0; Win64; x64) AppleWebKit/537.36 (KHTML, like Gecko) Chrome/78.0.3904.108 Safari/537.36"
45.154.98.70 - - [20/Dec/2025:01:02:20 +0000] "POST //xmlrpc.php HTTP/1.1" 200 7676 "-" "Mozilla/5.0 (Windows NT 10.0; Win64; x64) AppleWebKit/537.36 (KHTML, like Gecko) Chrome/78.0.3904.108 Safari/537.36"
45.154.98.70 - - [20/Dec/2025:01:02:20 +0000] "POST //xmlrpc.php HTTP/1.1" 200 7682 "-" "Mozilla/5.0 (Windows NT 10.0; Win64; x64) AppleWebKit/537.36 (KHTML, like Gecko) Chrome/78.0.3904.108 Safari/537.36"
45.154.98.70 - - [20/Dec/2025:01:02:20 +0000] "POST //xmlrpc.php HTTP/1.1" 200 7676 "-" "Mozilla/5.0 (Windows NT 10.0; Win64; x64) AppleWebKit/537.36 (KHTML, like Gecko) Chrome/78.0.3904.108 Safari/537.36"
57.141.0.7 - - [20/Dec/2025:01:02:20 +0000] "GET /2025/03/07/page/6/?path=//sys/class/pci_bus/0000:0b/device/0000:00:03.1:pcie001/driver/0000:00:02.7:pcie001/subsystem/devices/0000:00:02.0:pcie002/driver/0000:00:02.0:pcie002 HTTP/1.1" 200 276779 "-" "meta-externalagent/1.1 (+https://developers.facebook.com/docs/sharing/webmasters/crawler)"
45.154.98.70 - - [20/Dec/2025:01:02:21 +0000] "POST //xmlrpc.php HTTP/1.1" 200 7682 "-" "Mozilla/5.0 (Windows NT 10.0; Win64; x64) AppleWebKit/537.36 (KHTML, like Gecko) Chrome/78.0.3904.108 Safari/537.36"
45.154.98.70 - - [20/Dec/2025:01:02:21 +0000] "POST //xmlrpc.php HTTP/1.1" 200 7676 "-" "Mozilla/5.0 (Windows NT 10.0; Win64; x64) AppleWebKit/537.36 (KHTML, like Gecko) Chrome/78.0.3904.108 Safari/537.36"
45.154.98.70 - - [20/Dec/2025:01:02:21 +0000] "POST //xmlrpc.php HTTP/1.1" 200 7682 "-" "Mozilla/5.0 (Windows NT 10.0; Win64; x64) AppleWebKit/537.36 (KHTML, like Gecko) Chrome/78.0.3904.108 Safari/537.36"
57.141.0.28 - - [20/Dec/2025:01:02:21 +0000] "GET /2025/03/07/page/6/?fileloc=//sys/class/pci_bus/0000:05/subsystem/0000:0f/subsystem/0000:06/device/subsystem/devices/0000:09:00.0/ari_enabled&path=//sys/class/pci_bus/0000:05/subsystem/0000:0f/subsystem/0000:06/device/subsystem/devices/0000:09:00.0 HTTP/1.1" 200 276733 "-" "meta-externalagent/1.1 (+https://developers.facebook.com/docs/sharing/webmasters/crawler)"
45.154.98.70 - - [20/Dec/2025:01:02:21 +0000] "POST //xmlrpc.php HTTP/1.1" 200 7676 "-" "Mozilla/5.0 (Windows NT 10.0; Win64; x64) AppleWebKit/537.36 (KHTML, like Gecko) Chrome/78.0.3904.108 Safari/537.36"
45.154.98.70 - - [20/Dec/2025:01:02:22 +0000] "POST //xmlrpc.php HTTP/1.1" 200 7676 "-" "Mozilla/5.0 (Windows NT 10.0; Win64; x64) AppleWebKit/537.36 (KHTML, like Gecko) Chrome/78.0.3904.108 Safari/537.36"
45.154.98.70 - - [20/Dec/2025:01:02:22 +0000] "POST //xmlrpc.php HTTP/1.1" 200 7682 "-" "Mozilla/5.0 (Windows NT 10.0; Win64; x64) AppleWebKit/537.36 (KHTML, like Gecko) Chrome/78.0.3904.108 Safari/537.36"
216.73.216.56 - - [20/Dec/2025:01:02:22 +0000] "GET /entity/683523015.htm HTTP/1.1" 301 7275 "-" "Mozilla/5.0 AppleWebKit/537.36 (KHTML, like Gecko; compatible; ClaudeBot/1.0; +claudebot@anthropic.com)"
45.154.98.70 - - [20/Dec/2025:01:02:22 +0000] "POST //xmlrpc.php HTTP/1.1" 200 7676 "-" "Mozilla/5.0 (Windows NT 10.0; Win64; x64) AppleWebKit/537.36 (KHTML, like Gecko) Chrome/78.0.3904.108 Safari/537.36"
45.154.98.70 - - [20/Dec/2025:01:02:22 +0000] "POST //xmlrpc.php HTTP/1.1" 200 7682 "-" "Mozilla/5.0 (Windows NT 10.0; Win64; x64) AppleWebKit/537.36 (KHTML, like Gecko) Chrome/78.0.3904.108 Safari/537.36"
216.73.216.56 - - [20/Dec/2025:01:02:23 +0000] "GET /entity/683523015.htm/ HTTP/1.1" 200 52143 "https://datainsightnow.com/entity/683523015.htm" "Mozilla/5.0 AppleWebKit/537.36 (KHTML, like Gecko; compatible; ClaudeBot/1.0; +claudebot@anthropic.com)"
45.154.98.70 - - [20/Dec/2025:01:02:23 +0000] "POST //xmlrpc.php HTTP/1.1" 200 7676 "-" "Mozilla/5.0 (Windows NT 10.0; Win64; x64) AppleWebKit/537.36 (KHTML, like Gecko) Chrome/78.0.3904.108 Safari/537.36"
45.154.98.70 - - [20/Dec/2025:01:02:23 +0000] "POST //xmlrpc.php HTTP/1.1" 200 7676 "-" "Mozilla/5.0 (Windows NT 10.0; Win64; x64) AppleWebKit/537.36 (KHTML, like Gecko) Chrome/78.0.3904.108 Safari/537.36"
