216.73.216.56 - - [20/Dec/2025:00:17:58 +0000] "GET /entity/47886251.htm/ HTTP/1.1" 200 52143 "https://datainsightnow.com/entity/47886251.htm" "Mozilla/5.0 AppleWebKit/537.36 (KHTML, like Gecko; compatible; ClaudeBot/1.0; +claudebot@anthropic.com)"
74.7.227.23 - - [20/Dec/2025:00:17:59 +0000] "GET /entity/214666974.htm HTTP/1.1" 301 7275 "-" "Mozilla/5.0 AppleWebKit/537.36 (KHTML, like Gecko; compatible; GPTBot/1.3; +https://openai.com/gptbot)"
74.7.227.23 - - [20/Dec/2025:00:17:59 +0000] "GET /entity/214666974.htm/ HTTP/1.1" 200 52143 "-" "Mozilla/5.0 AppleWebKit/537.36 (KHTML, like Gecko; compatible; GPTBot/1.3; +https://openai.com/gptbot)"
66.240.223.230 - - [20/Dec/2025:00:18:00 +0000] "GET /wp-login.php HTTP/1.1" 200 5744 "-" "Mozilla/4.0 (compatible; MSIE 7.0; Windows NT 6.1; WOW64; Trident/7.0; SLCC2; .NET CLR 2.0.50727; .NET4.0C; .NET4.0E; FBViewer-6.0.4.0; .NET CLR 3.5.30729; .NET CLR 3.0.30729)"
216.73.216.56 - - [20/Dec/2025:00:18:00 +0000] "GET /entity/48017564.htm HTTP/1.1" 301 7275 "-" "Mozilla/5.0 AppleWebKit/537.36 (KHTML, like Gecko; compatible; ClaudeBot/1.0; +claudebot@anthropic.com)"
216.73.216.56 - - [20/Dec/2025:00:18:00 +0000] "GET /entity/48017564.htm/ HTTP/1.1" 200 52143 "https://datainsightnow.com/entity/48017564.htm" "Mozilla/5.0 AppleWebKit/537.36 (KHTML, like Gecko; compatible; ClaudeBot/1.0; +claudebot@anthropic.com)"
66.240.223.230 - - [20/Dec/2025:00:18:01 +0000] "POST /wp-login.php HTTP/1.1" 200 5895 "https://datainsightnow.com/wp-login.php" "Mozilla/4.0 (compatible; MSIE 7.0; Windows NT 6.1; WOW64; Trident/7.0; SLCC2; .NET CLR 2.0.50727; .NET4.0C; .NET4.0E; FBViewer-6.0.4.0; .NET CLR 3.5.30729; .NET CLR 3.0.30729)"
74.7.227.23 - - [20/Dec/2025:00:18:02 +0000] "GET /entity/214636669.htm HTTP/1.1" 301 7281 "-" "Mozilla/5.0 AppleWebKit/537.36 (KHTML, like Gecko; compatible; GPTBot/1.3; +https://openai.com/gptbot)"
74.7.227.23 - - [20/Dec/2025:00:18:03 +0000] "GET /entity/214636669.htm/ HTTP/1.1" 200 52143 "-" "Mozilla/5.0 AppleWebKit/537.36 (KHTML, like Gecko; compatible; GPTBot/1.3; +https://openai.com/gptbot)"
216.73.216.56 - - [20/Dec/2025:00:18:03 +0000] "GET /entity/47891945.htm HTTP/1.1" 301 7275 "-" "Mozilla/5.0 AppleWebKit/537.36 (KHTML, like Gecko; compatible; ClaudeBot/1.0; +claudebot@anthropic.com)"
216.73.216.56 - - [20/Dec/2025:00:18:04 +0000] "GET /entity/47891945.htm/ HTTP/1.1" 200 52143 "https://datainsightnow.com/entity/47891945.htm" "Mozilla/5.0 AppleWebKit/537.36 (KHTML, like Gecko; compatible; ClaudeBot/1.0; +claudebot@anthropic.com)"
74.7.227.23 - - [20/Dec/2025:00:18:05 +0000] "GET /entity/214555076.htm HTTP/1.1" 301 7281 "-" "Mozilla/5.0 AppleWebKit/537.36 (KHTML, like Gecko; compatible; GPTBot/1.3; +https://openai.com/gptbot)"
74.7.227.23 - - [20/Dec/2025:00:18:06 +0000] "GET /entity/214555076.htm/ HTTP/1.1" 200 52143 "-" "Mozilla/5.0 AppleWebKit/537.36 (KHTML, like Gecko; compatible; GPTBot/1.3; +https://openai.com/gptbot)"
216.73.216.56 - - [20/Dec/2025:00:18:06 +0000] "GET /entity/48070912.htm HTTP/1.1" 301 7275 "-" "Mozilla/5.0 AppleWebKit/537.36 (KHTML, like Gecko; compatible; ClaudeBot/1.0; +claudebot@anthropic.com)"
57.141.0.44 - - [20/Dec/2025:00:18:07 +0000] "GET /karamba-spielsaal-erfahrungen-angeschlossen-testbericht-werfen-sie-einen-blick-auf-den-link-within-2025-pro-teutonia/?fileloc=//sys/class/pci_bus/0000:06/subsystem/0000:13/subsystem/0000:0d/subsystem/0000:01/subsystem/0000:00/subsystem/0000:00/cpuaffinity&path=//sys/class/pci_bus/0000:06/subsystem/0000:13/subsystem/0000:0d/subsystem/0000:01/subsystem/0000:00/subsystem/0000:00 HTTP/1.1" 200 276733 "-" "meta-externalagent/1.1 (+https://developers.facebook.com/docs/sharing/webmasters/crawler)"
216.73.216.56 - - [20/Dec/2025:00:18:08 +0000] "GET /entity/48070912.htm/ HTTP/1.1" 200 52143 "https://datainsightnow.com/entity/48070912.htm" "Mozilla/5.0 AppleWebKit/537.36 (KHTML, like Gecko; compatible; ClaudeBot/1.0; +claudebot@anthropic.com)"
74.7.227.23 - - [20/Dec/2025:00:18:08 +0000] "GET /entity/214498881.htm HTTP/1.1" 301 7281 "-" "Mozilla/5.0 AppleWebKit/537.36 (KHTML, like Gecko; compatible; GPTBot/1.3; +https://openai.com/gptbot)"
74.7.227.23 - - [20/Dec/2025:00:18:09 +0000] "GET /entity/214498881.htm/ HTTP/1.1" 200 52143 "-" "Mozilla/5.0 AppleWebKit/537.36 (KHTML, like Gecko; compatible; GPTBot/1.3; +https://openai.com/gptbot)"
216.73.216.56 - - [20/Dec/2025:00:18:09 +0000] "GET /entity/47892981.htm HTTP/1.1" 301 7275 "-" "Mozilla/5.0 AppleWebKit/537.36 (KHTML, like Gecko; compatible; ClaudeBot/1.0; +claudebot@anthropic.com)"
216.73.216.56 - - [20/Dec/2025:00:18:10 +0000] "GET /entity/47892981.htm/ HTTP/1.1" 200 52143 "https://datainsightnow.com/entity/47892981.htm" "Mozilla/5.0 AppleWebKit/537.36 (KHTML, like Gecko; compatible; ClaudeBot/1.0; +claudebot@anthropic.com)"
74.7.227.23 - - [20/Dec/2025:00:18:12 +0000] "GET /entity/214666189.htm HTTP/1.1" 301 7281 "-" "Mozilla/5.0 AppleWebKit/537.36 (KHTML, like Gecko; compatible; GPTBot/1.3; +https://openai.com/gptbot)"
74.7.227.23 - - [20/Dec/2025:00:18:12 +0000] "GET /entity/214666189.htm/ HTTP/1.1" 200 52143 "-" "Mozilla/5.0 AppleWebKit/537.36 (KHTML, like Gecko; compatible; GPTBot/1.3; +https://openai.com/gptbot)"
216.73.216.56 - - [20/Dec/2025:00:18:13 +0000] "GET /entity/47887801.htm HTTP/1.1" 301 7275 "-" "Mozilla/5.0 AppleWebKit/537.36 (KHTML, like Gecko; compatible; ClaudeBot/1.0; +claudebot@anthropic.com)"
216.73.216.56 - - [20/Dec/2025:00:18:13 +0000] "GET /entity/47887801.htm/ HTTP/1.1" 200 52143 "https://datainsightnow.com/entity/47887801.htm" "Mozilla/5.0 AppleWebKit/537.36 (KHTML, like Gecko; compatible; ClaudeBot/1.0; +claudebot@anthropic.com)"
74.7.227.23 - - [20/Dec/2025:00:18:15 +0000] "GET /entity/214717999.htm HTTP/1.1" 301 7281 "-" "Mozilla/5.0 AppleWebKit/537.36 (KHTML, like Gecko; compatible; GPTBot/1.3; +https://openai.com/gptbot)"
74.7.227.23 - - [20/Dec/2025:00:18:16 +0000] "GET /entity/214717999.htm/ HTTP/1.1" 200 52143 "-" "Mozilla/5.0 AppleWebKit/537.36 (KHTML, like Gecko; compatible; GPTBot/1.3; +https://openai.com/gptbot)"
216.73.216.56 - - [20/Dec/2025:00:18:16 +0000] "GET /entity/48011607.htm HTTP/1.1" 301 7275 "-" "Mozilla/5.0 AppleWebKit/537.36 (KHTML, like Gecko; compatible; ClaudeBot/1.0; +claudebot@anthropic.com)"
216.73.216.56 - - [20/Dec/2025:00:18:16 +0000] "GET /entity/48011607.htm/ HTTP/1.1" 200 52143 "https://datainsightnow.com/entity/48011607.htm" "Mozilla/5.0 AppleWebKit/537.36 (KHTML, like Gecko; compatible; ClaudeBot/1.0; +claudebot@anthropic.com)"
74.7.227.23 - - [20/Dec/2025:00:18:18 +0000] "GET /entity/214525556.htm HTTP/1.1" 301 7275 "-" "Mozilla/5.0 AppleWebKit/537.36 (KHTML, like Gecko; compatible; GPTBot/1.3; +https://openai.com/gptbot)"
216.73.216.56 - - [20/Dec/2025:00:18:18 +0000] "GET /entity/48063148.htm HTTP/1.1" 301 7275 "-" "Mozilla/5.0 AppleWebKit/537.36 (KHTML, like Gecko; compatible; ClaudeBot/1.0; +claudebot@anthropic.com)"
74.7.227.23 - - [20/Dec/2025:00:18:19 +0000] "GET /entity/214525556.htm/ HTTP/1.1" 200 52143 "-" "Mozilla/5.0 AppleWebKit/537.36 (KHTML, like Gecko; compatible; GPTBot/1.3; +https://openai.com/gptbot)"
216.73.216.56 - - [20/Dec/2025:00:18:20 +0000] "GET /entity/48063148.htm/ HTTP/1.1" 200 52143 "https://datainsightnow.com/entity/48063148.htm" "Mozilla/5.0 AppleWebKit/537.36 (KHTML, like Gecko; compatible; ClaudeBot/1.0; +claudebot@anthropic.com)"
74.7.227.23 - - [20/Dec/2025:00:18:21 +0000] "GET /entity/214670333.htm HTTP/1.1" 301 7281 "-" "Mozilla/5.0 AppleWebKit/537.36 (KHTML, like Gecko; compatible; GPTBot/1.3; +https://openai.com/gptbot)"
74.7.227.23 - - [20/Dec/2025:00:18:22 +0000] "GET /entity/214670333.htm/ HTTP/1.1" 200 52143 "-" "Mozilla/5.0 AppleWebKit/537.36 (KHTML, like Gecko; compatible; GPTBot/1.3; +https://openai.com/gptbot)"
216.73.216.56 - - [20/Dec/2025:00:18:22 +0000] "GET /entity/48006941.htm HTTP/1.1" 301 7275 "-" "Mozilla/5.0 AppleWebKit/537.36 (KHTML, like Gecko; compatible; ClaudeBot/1.0; +claudebot@anthropic.com)"
216.73.216.56 - - [20/Dec/2025:00:18:23 +0000] "GET /entity/48006941.htm/ HTTP/1.1" 200 52143 "https://datainsightnow.com/entity/48006941.htm" "Mozilla/5.0 AppleWebKit/537.36 (KHTML, like Gecko; compatible; ClaudeBot/1.0; +claudebot@anthropic.com)"
74.7.227.23 - - [20/Dec/2025:00:18:24 +0000] "GET /entity/214555861.htm HTTP/1.1" 301 7281 "-" "Mozilla/5.0 AppleWebKit/537.36 (KHTML, like Gecko; compatible; GPTBot/1.3; +https://openai.com/gptbot)"
74.7.227.23 - - [20/Dec/2025:00:18:25 +0000] "GET /entity/214555861.htm/ HTTP/1.1" 200 52143 "-" "Mozilla/5.0 AppleWebKit/537.36 (KHTML, like Gecko; compatible; GPTBot/1.3; +https://openai.com/gptbot)"
216.73.216.56 - - [20/Dec/2025:00:18:25 +0000] "GET /entity/48113912.htm HTTP/1.1" 301 7281 "-" "Mozilla/5.0 AppleWebKit/537.36 (KHTML, like Gecko; compatible; ClaudeBot/1.0; +claudebot@anthropic.com)"
216.73.216.56 - - [20/Dec/2025:00:18:26 +0000] "GET /entity/48113912.htm/ HTTP/1.1" 200 52143 "https://datainsightnow.com/entity/48113912.htm" "Mozilla/5.0 AppleWebKit/537.36 (KHTML, like Gecko; compatible; ClaudeBot/1.0; +claudebot@anthropic.com)"
66.249.69.3 - - [20/Dec/2025:00:18:26 +0000] "GET /?fileloc=/opt/wpsites/datacloudnow.com/wp-admin/network/plugin-editor.php?entity/17408169.htm HTTP/1.1" 200 31421 "-" "Mozilla/5.0 (Linux; Android 6.0.1; Nexus 5X Build/MMB29P) AppleWebKit/537.36 (KHTML, like Gecko) Chrome/141.0.7390.122 Mobile Safari/537.36 (compatible; Googlebot/2.1; +http://www.google.com/bot.html)"
74.7.227.23 - - [20/Dec/2025:00:18:27 +0000] "GET /entity/214530222.htm HTTP/1.1" 301 7281 "-" "Mozilla/5.0 AppleWebKit/537.36 (KHTML, like Gecko; compatible; GPTBot/1.3; +https://openai.com/gptbot)"
74.7.227.23 - - [20/Dec/2025:00:18:28 +0000] "GET /entity/214530222.htm/ HTTP/1.1" 200 52143 "-" "Mozilla/5.0 AppleWebKit/537.36 (KHTML, like Gecko; compatible; GPTBot/1.3; +https://openai.com/gptbot)"
216.73.216.56 - - [20/Dec/2025:00:18:28 +0000] "GET /entity/47993997.htm HTTP/1.1" 301 7275 "-" "Mozilla/5.0 AppleWebKit/537.36 (KHTML, like Gecko; compatible; ClaudeBot/1.0; +claudebot@anthropic.com)"
57.141.0.35 - - [20/Dec/2025:00:18:29 +0000] "GET /2025/03/05/page/6/?fileloc=//sys/class/pci_bus/0000:01/subsystem/0000:0c/device/driver/0000:00:02.5/current_link_width&path=//sys/class/pci_bus/0000:01/subsystem/0000:0c/device/driver/0000:00:02.5 HTTP/1.1" 200 276733 "-" "meta-externalagent/1.1 (+https://developers.facebook.com/docs/sharing/webmasters/crawler)"
216.73.216.56 - - [20/Dec/2025:00:18:30 +0000] "GET /entity/47993997.htm/ HTTP/1.1" 200 52143 "https://datainsightnow.com/entity/47993997.htm" "Mozilla/5.0 AppleWebKit/537.36 (KHTML, like Gecko; compatible; ClaudeBot/1.0; +claudebot@anthropic.com)"
74.7.227.23 - - [20/Dec/2025:00:18:30 +0000] "GET /entity/214655578.htm HTTP/1.1" 301 7275 "-" "Mozilla/5.0 AppleWebKit/537.36 (KHTML, like Gecko; compatible; GPTBot/1.3; +https://openai.com/gptbot)"
74.7.227.23 - - [20/Dec/2025:00:18:31 +0000] "GET /entity/214655578.htm/ HTTP/1.1" 200 52143 "-" "Mozilla/5.0 AppleWebKit/537.36 (KHTML, like Gecko; compatible; GPTBot/1.3; +https://openai.com/gptbot)"
216.73.216.56 - - [20/Dec/2025:00:18:31 +0000] "GET /entity/48060562.htm HTTP/1.1" 301 7275 "-" "Mozilla/5.0 AppleWebKit/537.36 (KHTML, like Gecko; compatible; ClaudeBot/1.0; +claudebot@anthropic.com)"
216.73.216.56 - - [20/Dec/2025:00:18:32 +0000] "GET /entity/48060562.htm/ HTTP/1.1" 200 52143 "https://datainsightnow.com/entity/48060562.htm" "Mozilla/5.0 AppleWebKit/537.36 (KHTML, like Gecko; compatible; ClaudeBot/1.0; +claudebot@anthropic.com)"
74.7.227.23 - - [20/Dec/2025:00:18:34 +0000] "GET /entity/214609994.htm HTTP/1.1" 301 7275 "-" "Mozilla/5.0 AppleWebKit/537.36 (KHTML, like Gecko; compatible; GPTBot/1.3; +https://openai.com/gptbot)"
216.73.216.56 - - [20/Dec/2025:00:18:34 +0000] "GET /entity/47947114.htm HTTP/1.1" 301 7275 "-" "Mozilla/5.0 AppleWebKit/537.36 (KHTML, like Gecko; compatible; ClaudeBot/1.0; +claudebot@anthropic.com)"
74.7.227.23 - - [20/Dec/2025:00:18:35 +0000] "GET /entity/214609994.htm/ HTTP/1.1" 200 52143 "-" "Mozilla/5.0 AppleWebKit/537.36 (KHTML, like Gecko; compatible; GPTBot/1.3; +https://openai.com/gptbot)"
216.73.216.56 - - [20/Dec/2025:00:18:36 +0000] "GET /entity/47947114.htm/ HTTP/1.1" 200 52143 "https://datainsightnow.com/entity/47947114.htm" "Mozilla/5.0 AppleWebKit/537.36 (KHTML, like Gecko; compatible; ClaudeBot/1.0; +claudebot@anthropic.com)"
216.73.216.56 - - [20/Dec/2025:00:18:37 +0000] "GET /entity/48107955.htm HTTP/1.1" 301 7275 "-" "Mozilla/5.0 AppleWebKit/537.36 (KHTML, like Gecko; compatible; ClaudeBot/1.0; +claudebot@anthropic.com)"
216.73.216.56 - - [20/Dec/2025:00:18:38 +0000] "GET /entity/48107955.htm/ HTTP/1.1" 200 52143 "https://datainsightnow.com/entity/48107955.htm" "Mozilla/5.0 AppleWebKit/537.36 (KHTML, like Gecko; compatible; ClaudeBot/1.0; +claudebot@anthropic.com)"
74.7.227.23 - - [20/Dec/2025:00:18:38 +0000] "GET /entity/214499917.htm HTTP/1.1" 301 7275 "-" "Mozilla/5.0 AppleWebKit/537.36 (KHTML, like Gecko; compatible; GPTBot/1.3; +https://openai.com/gptbot)"
74.7.227.23 - - [20/Dec/2025:00:18:39 +0000] "GET /entity/214499917.htm/ HTTP/1.1" 200 52143 "-" "Mozilla/5.0 AppleWebKit/537.36 (KHTML, like Gecko; compatible; GPTBot/1.3; +https://openai.com/gptbot)"
85.208.96.196 - - [20/Dec/2025:00:18:40 +0000] "GET /?p=30787 HTTP/1.1" 200 49672 "-" "Mozilla/5.0 (compatible; SemrushBot/7~bl; +http://www.semrush.com/bot.html)"
216.73.216.56 - - [20/Dec/2025:00:18:40 +0000] "GET /entity/47961879.htm HTTP/1.1" 301 7281 "-" "Mozilla/5.0 AppleWebKit/537.36 (KHTML, like Gecko; compatible; ClaudeBot/1.0; +claudebot@anthropic.com)"
216.73.216.56 - - [20/Dec/2025:00:18:41 +0000] "GET /entity/47961879.htm/ HTTP/1.1" 200 52143 "https://datainsightnow.com/entity/47961879.htm" "Mozilla/5.0 AppleWebKit/537.36 (KHTML, like Gecko; compatible; ClaudeBot/1.0; +claudebot@anthropic.com)"
74.7.227.23 - - [20/Dec/2025:00:18:41 +0000] "GET /entity/214555347.htm HTTP/1.1" 301 7281 "-" "Mozilla/5.0 AppleWebKit/537.36 (KHTML, like Gecko; compatible; GPTBot/1.3; +https://openai.com/gptbot)"
74.7.227.23 - - [20/Dec/2025:00:18:42 +0000] "GET /entity/214555347.htm/ HTTP/1.1" 200 52143 "-" "Mozilla/5.0 AppleWebKit/537.36 (KHTML, like Gecko; compatible; GPTBot/1.3; +https://openai.com/gptbot)"
216.73.216.56 - - [20/Dec/2025:00:18:43 +0000] "GET /entity/48041904.htm HTTP/1.1" 301 7275 "-" "Mozilla/5.0 AppleWebKit/537.36 (KHTML, like Gecko; compatible; ClaudeBot/1.0; +claudebot@anthropic.com)"
216.73.216.56 - - [20/Dec/2025:00:18:44 +0000] "GET /entity/48041904.htm/ HTTP/1.1" 200 52143 "https://datainsightnow.com/entity/48041904.htm" "Mozilla/5.0 AppleWebKit/537.36 (KHTML, like Gecko; compatible; ClaudeBot/1.0; +claudebot@anthropic.com)"
74.7.227.23 - - [20/Dec/2025:00:18:44 +0000] "GET /entity/214555598.htm HTTP/1.1" 301 7281 "-" "Mozilla/5.0 AppleWebKit/537.36 (KHTML, like Gecko; compatible; GPTBot/1.3; +https://openai.com/gptbot)"
74.7.227.23 - - [20/Dec/2025:00:18:45 +0000] "GET /entity/214555598.htm/ HTTP/1.1" 200 52143 "-" "Mozilla/5.0 AppleWebKit/537.36 (KHTML, like Gecko; compatible; GPTBot/1.3; +https://openai.com/gptbot)"
216.73.216.56 - - [20/Dec/2025:00:18:46 +0000] "GET /entity/47990626.htm HTTP/1.1" 301 7281 "-" "Mozilla/5.0 AppleWebKit/537.36 (KHTML, like Gecko; compatible; ClaudeBot/1.0; +claudebot@anthropic.com)"
216.73.216.56 - - [20/Dec/2025:00:18:47 +0000] "GET /entity/47990626.htm/ HTTP/1.1" 200 52143 "https://datainsightnow.com/entity/47990626.htm" "Mozilla/5.0 AppleWebKit/537.36 (KHTML, like Gecko; compatible; ClaudeBot/1.0; +claudebot@anthropic.com)"
74.7.227.23 - - [20/Dec/2025:00:18:47 +0000] "GET /entity/214644443.htm HTTP/1.1" 301 7281 "-" "Mozilla/5.0 AppleWebKit/537.36 (KHTML, like Gecko; compatible; GPTBot/1.3; +https://openai.com/gptbot)"
74.7.227.23 - - [20/Dec/2025:00:18:47 +0000] "GET /entity/214644443.htm/ HTTP/1.1" 200 52143 "-" "Mozilla/5.0 AppleWebKit/537.36 (KHTML, like Gecko; compatible; GPTBot/1.3; +https://openai.com/gptbot)"
40.77.167.75 - - [20/Dec/2025:00:18:49 +0000] "GET /safe_search/config?return_url=%2Fproduct%2Fdetail%2FD3722601503 HTTP/1.1" 200 29876 "-" "Mozilla/5.0 AppleWebKit/537.36 (KHTML, like Gecko; compatible; bingbot/2.0; +http://www.bing.com/bingbot.htm) Chrome/116.0.1938.76 Safari/537.36"
216.73.216.56 - - [20/Dec/2025:00:18:49 +0000] "GET /entity/47932098.htm HTTP/1.1" 301 7281 "-" "Mozilla/5.0 AppleWebKit/537.36 (KHTML, like Gecko; compatible; ClaudeBot/1.0; +claudebot@anthropic.com)"
66.135.21.75 - - [20/Dec/2025:00:18:51 +0000] "POST /wp-cron.php?doing_wp_cron=1766189930.0265560150146484375000 HTTP/1.1" 499 0 "-" "WordPress/6.3.1; https://datainsightnow.com"
216.73.216.56 - - [20/Dec/2025:00:18:51 +0000] "GET /entity/47932098.htm/ HTTP/1.1" 200 52143 "https://datainsightnow.com/entity/47932098.htm" "Mozilla/5.0 AppleWebKit/537.36 (KHTML, like Gecko; compatible; ClaudeBot/1.0; +claudebot@anthropic.com)"
74.7.227.23 - - [20/Dec/2025:00:18:51 +0000] "GET /entity/214594444.htm HTTP/1.1" 301 7281 "-" "Mozilla/5.0 AppleWebKit/537.36 (KHTML, like Gecko; compatible; GPTBot/1.3; +https://openai.com/gptbot)"
57.141.0.15 - - [20/Dec/2025:00:18:52 +0000] "GET /karamba-spielsaal-erfahrungen-angeschlossen-testbericht-werfen-sie-einen-blick-auf-den-link-within-2025-pro-teutonia/?fileloc=//sys/class/pci_bus/0000:0b/subsystem/0000:01/device/driver/0000:00:02.7/subsystem/devices/0000:00:02.4/current_link_speed&path=//sys/class/pci_bus/0000:0b/subsystem/0000:01/device/driver/0000:00:02.7/subsystem/devices/0000:00:02.4 HTTP/1.1" 200 276733 "-" "meta-externalagent/1.1 (+https://developers.facebook.com/docs/sharing/webmasters/crawler)"
74.7.227.23 - - [20/Dec/2025:00:18:53 +0000] "GET /entity/214594444.htm/ HTTP/1.1" 200 52143 "-" "Mozilla/5.0 AppleWebKit/537.36 (KHTML, like Gecko; compatible; GPTBot/1.3; +https://openai.com/gptbot)"
216.73.216.56 - - [20/Dec/2025:00:18:53 +0000] "GET /entity/48106919.htm HTTP/1.1" 301 7275 "-" "Mozilla/5.0 AppleWebKit/537.36 (KHTML, like Gecko; compatible; ClaudeBot/1.0; +claudebot@anthropic.com)"
85.208.96.210 - - [20/Dec/2025:00:18:53 +0000] "GET /robots.txt HTTP/1.1" 200 109 "-" "Mozilla/5.0 (compatible; SemrushBot/7~bl; +http://www.semrush.com/bot.html)"
74.7.227.23 - - [20/Dec/2025:00:18:54 +0000] "GET /?feed=comments-rss2 HTTP/1.1" 200 8454 "-" "Mozilla/5.0 AppleWebKit/537.36 (KHTML, like Gecko; compatible; GPTBot/1.3; +https://openai.com/gptbot)"
216.73.216.56 - - [20/Dec/2025:00:18:55 +0000] "GET /entity/48106919.htm/ HTTP/1.1" 200 52143 "https://datainsightnow.com/entity/48106919.htm" "Mozilla/5.0 AppleWebKit/537.36 (KHTML, like Gecko; compatible; ClaudeBot/1.0; +claudebot@anthropic.com)"
85.208.96.206 - - [20/Dec/2025:00:18:55 +0000] "GET /?p=29017 HTTP/1.1" 200 48885 "-" "Mozilla/5.0 (compatible; SemrushBot/7~bl; +http://www.semrush.com/bot.html)"
74.7.227.23 - - [20/Dec/2025:00:18:57 +0000] "GET /entity/214533330.htm HTTP/1.1" 301 7275 "-" "Mozilla/5.0 AppleWebKit/537.36 (KHTML, like Gecko; compatible; GPTBot/1.3; +https://openai.com/gptbot)"
74.7.227.23 - - [20/Dec/2025:00:18:58 +0000] "GET /entity/214533330.htm/ HTTP/1.1" 200 52143 "-" "Mozilla/5.0 AppleWebKit/537.36 (KHTML, like Gecko; compatible; GPTBot/1.3; +https://openai.com/gptbot)"
216.73.216.56 - - [20/Dec/2025:00:18:58 +0000] "GET /entity/48109768.htm HTTP/1.1" 301 7275 "-" "Mozilla/5.0 AppleWebKit/537.36 (KHTML, like Gecko; compatible; ClaudeBot/1.0; +claudebot@anthropic.com)"
216.73.216.56 - - [20/Dec/2025:00:18:59 +0000] "GET /entity/48109768.htm/ HTTP/1.1" 200 52143 "https://datainsightnow.com/entity/48109768.htm" "Mozilla/5.0 AppleWebKit/537.36 (KHTML, like Gecko; compatible; ClaudeBot/1.0; +claudebot@anthropic.com)"
85.208.96.199 - - [20/Dec/2025:00:18:59 +0000] "GET /?p=16591 HTTP/1.1" 200 49743 "-" "Mozilla/5.0 (compatible; SemrushBot/7~bl; +http://www.semrush.com/bot.html)"
114.119.137.141 - - [20/Dec/2025:00:19:01 +0000] "GET /zodiac-kasino-erfahrungen-2024-480-bonus-80-freispiele/?fileloc=/opt/wpsites/datacloudnow.com/wp-includes/wp-db.php&path=/opt/wpsites/datacloudnow.com/wp-includes HTTP/1.1" 200 52145 "https://datainsightnow.com/zodiac-kasino-erfahrungen-2024-480-bonus-80-freispiele/?path=/opt/wpsites/datacloudnow.com/wp-includes" "Mozilla/5.0 (Linux; Android 7.0;) AppleWebKit/537.36 (KHTML, like Gecko) Mobile Safari/537.36 (compatible; PetalBot;+https://webmaster.petalsearch.com/site/petalbot)"
216.73.216.56 - - [20/Dec/2025:00:19:02 +0000] "GET /entity/48095786.htm HTTP/1.1" 301 7275 "-" "Mozilla/5.0 AppleWebKit/537.36 (KHTML, like Gecko; compatible; ClaudeBot/1.0; +claudebot@anthropic.com)"
216.73.216.56 - - [20/Dec/2025:00:19:02 +0000] "GET /entity/48095786.htm/ HTTP/1.1" 200 52143 "https://datainsightnow.com/entity/48095786.htm" "Mozilla/5.0 AppleWebKit/537.36 (KHTML, like Gecko; compatible; ClaudeBot/1.0; +claudebot@anthropic.com)"
85.208.96.195 - - [20/Dec/2025:00:19:03 +0000] "GET /?m=20250317&paged=16 HTTP/1.1" 200 44364 "-" "Mozilla/5.0 (compatible; SemrushBot/7~bl; +http://www.semrush.com/bot.html)"
216.73.216.56 - - [20/Dec/2025:00:19:05 +0000] "GET /entity/47887287.htm HTTP/1.1" 301 7275 "-" "Mozilla/5.0 AppleWebKit/537.36 (KHTML, like Gecko; compatible; ClaudeBot/1.0; +claudebot@anthropic.com)"
216.73.216.56 - - [20/Dec/2025:00:19:06 +0000] "GET /entity/47887287.htm/ HTTP/1.1" 200 52143 "https://datainsightnow.com/entity/47887287.htm" "Mozilla/5.0 AppleWebKit/537.36 (KHTML, like Gecko; compatible; ClaudeBot/1.0; +claudebot@anthropic.com)"
216.73.216.56 - - [20/Dec/2025:00:19:08 +0000] "GET /entity/48100444.htm HTTP/1.1" 301 7281 "-" "Mozilla/5.0 AppleWebKit/537.36 (KHTML, like Gecko; compatible; ClaudeBot/1.0; +claudebot@anthropic.com)"
216.73.216.56 - - [20/Dec/2025:00:19:09 +0000] "GET /entity/48100444.htm/ HTTP/1.1" 200 52143 "https://datainsightnow.com/entity/48100444.htm" "Mozilla/5.0 AppleWebKit/537.36 (KHTML, like Gecko; compatible; ClaudeBot/1.0; +claudebot@anthropic.com)"
57.141.0.62 - - [20/Dec/2025:00:19:11 +0000] "GET /2025/03/07/page/6/?fileloc=//sys/class/pci_bus/0000:05/subsystem/0000:02/subsystem/0000:09/subsystem/0000:01/subsystem/0000:12/subsystem/0000:07/device/class&path=//sys/class/pci_bus/0000:05/subsystem/0000:02/subsystem/0000:09/subsystem/0000:01/subsystem/0000:12/subsystem/0000:07/device HTTP/1.1" 200 276740 "-" "meta-externalagent/1.1 (+https://developers.facebook.com/docs/sharing/webmasters/crawler)"
216.73.216.56 - - [20/Dec/2025:00:19:12 +0000] "GET /entity/48109254.htm HTTP/1.1" 301 7281 "-" "Mozilla/5.0 AppleWebKit/537.36 (KHTML, like Gecko; compatible; ClaudeBot/1.0; +claudebot@anthropic.com)"
216.73.216.56 - - [20/Dec/2025:00:19:14 +0000] "GET /entity/48109254.htm/ HTTP/1.1" 200 52143 "https://datainsightnow.com/entity/48109254.htm" "Mozilla/5.0 AppleWebKit/537.36 (KHTML, like Gecko; compatible; ClaudeBot/1.0; +claudebot@anthropic.com)"
216.73.216.56 - - [20/Dec/2025:00:19:17 +0000] "GET /entity/47954115.htm HTTP/1.1" 301 7275 "-" "Mozilla/5.0 AppleWebKit/537.36 (KHTML, like Gecko; compatible; ClaudeBot/1.0; +claudebot@anthropic.com)"
216.73.216.56 - - [20/Dec/2025:00:19:17 +0000] "GET /entity/47954115.htm/ HTTP/1.1" 200 52143 "https://datainsightnow.com/entity/47954115.htm" "Mozilla/5.0 AppleWebKit/537.36 (KHTML, like Gecko; compatible; ClaudeBot/1.0; +claudebot@anthropic.com)"
216.73.216.56 - - [20/Dec/2025:00:19:20 +0000] "GET /entity/48033365.htm HTTP/1.1" 301 7275 "-" "Mozilla/5.0 AppleWebKit/537.36 (KHTML, like Gecko; compatible; ClaudeBot/1.0; +claudebot@anthropic.com)"
216.73.216.56 - - [20/Dec/2025:00:19:21 +0000] "GET /entity/48033365.htm/ HTTP/1.1" 200 52143 "https://datainsightnow.com/entity/48033365.htm" "Mozilla/5.0 AppleWebKit/537.36 (KHTML, like Gecko; compatible; ClaudeBot/1.0; +claudebot@anthropic.com)"
216.73.216.56 - - [20/Dec/2025:00:19:23 +0000] "GET /entity/48107696.htm HTTP/1.1" 301 7281 "-" "Mozilla/5.0 AppleWebKit/537.36 (KHTML, like Gecko; compatible; ClaudeBot/1.0; +claudebot@anthropic.com)"
216.73.216.56 - - [20/Dec/2025:00:19:23 +0000] "GET /entity/48107696.htm/ HTTP/1.1" 200 52143 "https://datainsightnow.com/entity/48107696.htm" "Mozilla/5.0 AppleWebKit/537.36 (KHTML, like Gecko; compatible; ClaudeBot/1.0; +claudebot@anthropic.com)"
216.73.216.56 - - [20/Dec/2025:00:19:26 +0000] "GET /entity/47965764.htm HTTP/1.1" 301 7275 "-" "Mozilla/5.0 AppleWebKit/537.36 (KHTML, like Gecko; compatible; ClaudeBot/1.0; +claudebot@anthropic.com)"
216.73.216.56 - - [20/Dec/2025:00:19:26 +0000] "GET /entity/47965764.htm/ HTTP/1.1" 200 52143 "https://datainsightnow.com/entity/47965764.htm" "Mozilla/5.0 AppleWebKit/537.36 (KHTML, like Gecko; compatible; ClaudeBot/1.0; +claudebot@anthropic.com)"
216.73.216.56 - - [20/Dec/2025:00:19:29 +0000] "GET /entity/47991411.htm HTTP/1.1" 301 7275 "-" "Mozilla/5.0 AppleWebKit/537.36 (KHTML, like Gecko; compatible; ClaudeBot/1.0; +claudebot@anthropic.com)"
216.73.216.56 - - [20/Dec/2025:00:19:29 +0000] "GET /entity/47991411.htm/ HTTP/1.1" 200 52143 "https://datainsightnow.com/entity/47991411.htm" "Mozilla/5.0 AppleWebKit/537.36 (KHTML, like Gecko; compatible; ClaudeBot/1.0; +claudebot@anthropic.com)"
216.73.216.56 - - [20/Dec/2025:00:19:32 +0000] "GET /entity/48087488.htm HTTP/1.1" 301 7281 "-" "Mozilla/5.0 AppleWebKit/537.36 (KHTML, like Gecko; compatible; ClaudeBot/1.0; +claudebot@anthropic.com)"
216.73.216.56 - - [20/Dec/2025:00:19:33 +0000] "GET /entity/48087488.htm/ HTTP/1.1" 200 52143 "https://datainsightnow.com/entity/48087488.htm" "Mozilla/5.0 AppleWebKit/537.36 (KHTML, like Gecko; compatible; ClaudeBot/1.0; +claudebot@anthropic.com)"
57.141.0.21 - - [20/Dec/2025:00:19:33 +0000] "GET /karamba-spielsaal-erfahrungen-angeschlossen-testbericht-werfen-sie-einen-blick-auf-den-link-within-2025-pro-teutonia/?path=//sys/class/pci_bus/0000:01/subsystem/0000:0b/subsystem/0000:00/device/firmware_node/physical_node/0000:00:1f.2/ata3 HTTP/1.1" 200 276733 "-" "meta-externalagent/1.1 (+https://developers.facebook.com/docs/sharing/webmasters/crawler)"
216.73.216.56 - - [20/Dec/2025:00:19:35 +0000] "GET /entity/48015492.htm HTTP/1.1" 301 7275 "-" "Mozilla/5.0 AppleWebKit/537.36 (KHTML, like Gecko; compatible; ClaudeBot/1.0; +claudebot@anthropic.com)"
216.73.216.56 - - [20/Dec/2025:00:19:36 +0000] "GET /entity/48015492.htm/ HTTP/1.1" 200 52143 "https://datainsightnow.com/entity/48015492.htm" "Mozilla/5.0 AppleWebKit/537.36 (KHTML, like Gecko; compatible; ClaudeBot/1.0; +claudebot@anthropic.com)"
85.208.96.205 - - [20/Dec/2025:00:19:38 +0000] "GET /?p=16131 HTTP/1.1" 200 50699 "-" "Mozilla/5.0 (compatible; SemrushBot/7~bl; +http://www.semrush.com/bot.html)"
216.73.216.56 - - [20/Dec/2025:00:19:38 +0000] "GET /entity/47902566.htm HTTP/1.1" 301 7275 "-" "Mozilla/5.0 AppleWebKit/537.36 (KHTML, like Gecko; compatible; ClaudeBot/1.0; +claudebot@anthropic.com)"
216.73.216.56 - - [20/Dec/2025:00:19:39 +0000] "GET /entity/47902566.htm/ HTTP/1.1" 200 52143 "https://datainsightnow.com/entity/47902566.htm" "Mozilla/5.0 AppleWebKit/537.36 (KHTML, like Gecko; compatible; ClaudeBot/1.0; +claudebot@anthropic.com)"
216.73.216.56 - - [20/Dec/2025:00:19:41 +0000] "GET /entity/48074291.htm HTTP/1.1" 301 7281 "-" "Mozilla/5.0 AppleWebKit/537.36 (KHTML, like Gecko; compatible; ClaudeBot/1.0; +claudebot@anthropic.com)"
216.73.216.56 - - [20/Dec/2025:00:19:42 +0000] "GET /entity/48074291.htm/ HTTP/1.1" 200 52143 "https://datainsightnow.com/entity/48074291.htm" "Mozilla/5.0 AppleWebKit/537.36 (KHTML, like Gecko; compatible; ClaudeBot/1.0; +claudebot@anthropic.com)"
216.73.216.56 - - [20/Dec/2025:00:19:44 +0000] "GET /entity/47980005.htm HTTP/1.1" 301 7281 "-" "Mozilla/5.0 AppleWebKit/537.36 (KHTML, like Gecko; compatible; ClaudeBot/1.0; +claudebot@anthropic.com)"
216.73.216.56 - - [20/Dec/2025:00:19:45 +0000] "GET /entity/47980005.htm/ HTTP/1.1" 200 52143 "https://datainsightnow.com/entity/47980005.htm" "Mozilla/5.0 AppleWebKit/537.36 (KHTML, like Gecko; compatible; ClaudeBot/1.0; +claudebot@anthropic.com)"
216.73.216.56 - - [20/Dec/2025:00:19:49 +0000] "GET /entity/47908009.htm HTTP/1.1" 301 7275 "-" "Mozilla/5.0 AppleWebKit/537.36 (KHTML, like Gecko; compatible; ClaudeBot/1.0; +claudebot@anthropic.com)"
216.73.216.56 - - [20/Dec/2025:00:19:50 +0000] "GET /entity/47908009.htm/ HTTP/1.1" 200 52143 "https://datainsightnow.com/entity/47908009.htm" "Mozilla/5.0 AppleWebKit/537.36 (KHTML, like Gecko; compatible; ClaudeBot/1.0; +claudebot@anthropic.com)"
66.135.21.75 - - [20/Dec/2025:00:19:53 +0000] "POST /wp-cron.php?doing_wp_cron=1766189992.2723751068115234375000 HTTP/1.1" 499 0 "-" "WordPress/6.3.1; https://datainsightnow.com"
216.73.216.56 - - [20/Dec/2025:00:19:53 +0000] "GET /entity/48098894.htm HTTP/1.1" 301 7281 "-" "Mozilla/5.0 AppleWebKit/537.36 (KHTML, like Gecko; compatible; ClaudeBot/1.0; +claudebot@anthropic.com)"
57.141.0.46 - - [20/Dec/2025:00:19:54 +0000] "GET /2025/03/07/page/6/?fileloc=//sys/class/pci_bus/0000:0f/subsystem/0000:01/subsystem/0000:02/device/subsystem/devices/0000:01:00.0/firmware_node/power/async&path=//sys/class/pci_bus/0000:0f/subsystem/0000:01/subsystem/0000:02/device/subsystem/devices/0000:01:00.0/firmware_node/power HTTP/1.1" 200 276788 "-" "meta-externalagent/1.1 (+https://developers.facebook.com/docs/sharing/webmasters/crawler)"
216.73.216.56 - - [20/Dec/2025:00:19:55 +0000] "GET /entity/48098894.htm/ HTTP/1.1" 200 52143 "https://datainsightnow.com/entity/48098894.htm" "Mozilla/5.0 AppleWebKit/537.36 (KHTML, like Gecko; compatible; ClaudeBot/1.0; +claudebot@anthropic.com)"
216.73.216.56 - - [20/Dec/2025:00:19:58 +0000] "GET /entity/47986745.htm HTTP/1.1" 301 7275 "-" "Mozilla/5.0 AppleWebKit/537.36 (KHTML, like Gecko; compatible; ClaudeBot/1.0; +claudebot@anthropic.com)"
216.73.216.56 - - [20/Dec/2025:00:19:59 +0000] "GET /entity/47986745.htm/ HTTP/1.1" 200 52143 "https://datainsightnow.com/entity/47986745.htm" "Mozilla/5.0 AppleWebKit/537.36 (KHTML, like Gecko; compatible; ClaudeBot/1.0; +claudebot@anthropic.com)"
216.73.216.56 - - [20/Dec/2025:00:20:01 +0000] "GET /entity/48105110.htm HTTP/1.1" 301 7275 "-" "Mozilla/5.0 AppleWebKit/537.36 (KHTML, like Gecko; compatible; ClaudeBot/1.0; +claudebot@anthropic.com)"
216.73.216.56 - - [20/Dec/2025:00:20:02 +0000] "GET /entity/48105110.htm/ HTTP/1.1" 200 52143 "https://datainsightnow.com/entity/48105110.htm" "Mozilla/5.0 AppleWebKit/537.36 (KHTML, like Gecko; compatible; ClaudeBot/1.0; +claudebot@anthropic.com)"
216.73.216.56 - - [20/Dec/2025:00:20:06 +0000] "GET /entity/48015751.htm HTTP/1.1" 301 7281 "-" "Mozilla/5.0 AppleWebKit/537.36 (KHTML, like Gecko; compatible; ClaudeBot/1.0; +claudebot@anthropic.com)"
216.73.216.56 - - [20/Dec/2025:00:20:07 +0000] "GET /entity/48015751.htm/ HTTP/1.1" 200 52143 "https://datainsightnow.com/entity/48015751.htm" "Mozilla/5.0 AppleWebKit/537.36 (KHTML, like Gecko; compatible; ClaudeBot/1.0; +claudebot@anthropic.com)"
216.73.216.56 - - [20/Dec/2025:00:20:09 +0000] "GET /entity/47956438.htm HTTP/1.1" 301 7281 "-" "Mozilla/5.0 AppleWebKit/537.36 (KHTML, like Gecko; compatible; ClaudeBot/1.0; +claudebot@anthropic.com)"
216.73.216.56 - - [20/Dec/2025:00:20:10 +0000] "GET /entity/47956438.htm/ HTTP/1.1" 200 52143 "https://datainsightnow.com/entity/47956438.htm" "Mozilla/5.0 AppleWebKit/537.36 (KHTML, like Gecko; compatible; ClaudeBot/1.0; +claudebot@anthropic.com)"
216.73.216.56 - - [20/Dec/2025:00:20:12 +0000] "GET /entity/48069364.htm HTTP/1.1" 301 7275 "-" "Mozilla/5.0 AppleWebKit/537.36 (KHTML, like Gecko; compatible; ClaudeBot/1.0; +claudebot@anthropic.com)"
216.73.216.56 - - [20/Dec/2025:00:20:13 +0000] "GET /entity/48069364.htm/ HTTP/1.1" 200 52143 "https://datainsightnow.com/entity/48069364.htm" "Mozilla/5.0 AppleWebKit/537.36 (KHTML, like Gecko; compatible; ClaudeBot/1.0; +claudebot@anthropic.com)"
57.141.0.3 - - [20/Dec/2025:00:20:14 +0000] "GET /2025/03/07/page/6/?fileloc=//sys/class/pci_bus/0000:05/subsystem/0000:02/device/driver/0000:00:02.2/driver/0000:00:03.0/driver/0000:00:04.1/class&path=//sys/class/pci_bus/0000:05/subsystem/0000:02/device/driver/0000:00:02.2/driver/0000:00:03.0/driver/0000:00:04.1 HTTP/1.1" 200 276733 "-" "meta-externalagent/1.1 (+https://developers.facebook.com/docs/sharing/webmasters/crawler)"
216.73.216.56 - - [20/Dec/2025:00:20:15 +0000] "GET /entity/48081272.htm HTTP/1.1" 301 7281 "-" "Mozilla/5.0 AppleWebKit/537.36 (KHTML, like Gecko; compatible; ClaudeBot/1.0; +claudebot@anthropic.com)"
216.73.216.56 - - [20/Dec/2025:00:20:16 +0000] "GET /entity/48081272.htm/ HTTP/1.1" 200 52143 "https://datainsightnow.com/entity/48081272.htm" "Mozilla/5.0 AppleWebKit/537.36 (KHTML, like Gecko; compatible; ClaudeBot/1.0; +claudebot@anthropic.com)"
216.73.216.56 - - [20/Dec/2025:00:20:18 +0000] "GET /entity/47985960.htm HTTP/1.1" 301 7275 "-" "Mozilla/5.0 AppleWebKit/537.36 (KHTML, like Gecko; compatible; ClaudeBot/1.0; +claudebot@anthropic.com)"
216.73.216.56 - - [20/Dec/2025:00:20:19 +0000] "GET /entity/47985960.htm/ HTTP/1.1" 200 52143 "https://datainsightnow.com/entity/47985960.htm" "Mozilla/5.0 AppleWebKit/537.36 (KHTML, like Gecko; compatible; ClaudeBot/1.0; +claudebot@anthropic.com)"
114.119.140.178 - - [20/Dec/2025:00:20:21 +0000] "GET /znamenitye-jemuljatory-ot-proverennyh-vremenem-4/?path=//proc/sys/dev HTTP/1.1" 200 52145 "https://datainsightnow.com/znamenitye-jemuljatory-ot-proverennyh-vremenem-4/?path=//proc/sys/dev" "Mozilla/5.0 (Linux; Android 7.0;) AppleWebKit/537.36 (KHTML, like Gecko) Mobile Safari/537.36 (compatible; PetalBot;+https://webmaster.petalsearch.com/site/petalbot)"
216.73.216.56 - - [20/Dec/2025:00:20:21 +0000] "GET /entity/48044761.htm HTTP/1.1" 301 7281 "-" "Mozilla/5.0 AppleWebKit/537.36 (KHTML, like Gecko; compatible; ClaudeBot/1.0; +claudebot@anthropic.com)"
216.73.216.56 - - [20/Dec/2025:00:20:22 +0000] "GET /entity/48044761.htm/ HTTP/1.1" 200 52143 "https://datainsightnow.com/entity/48044761.htm" "Mozilla/5.0 AppleWebKit/537.36 (KHTML, like Gecko; compatible; ClaudeBot/1.0; +claudebot@anthropic.com)"
216.73.216.56 - - [20/Dec/2025:00:20:24 +0000] "GET /entity/48071697.htm HTTP/1.1" 301 7275 "-" "Mozilla/5.0 AppleWebKit/537.36 (KHTML, like Gecko; compatible; ClaudeBot/1.0; +claudebot@anthropic.com)"
216.73.216.56 - - [20/Dec/2025:00:20:25 +0000] "GET /entity/48071697.htm/ HTTP/1.1" 200 52143 "https://datainsightnow.com/entity/48071697.htm" "Mozilla/5.0 AppleWebKit/537.36 (KHTML, like Gecko; compatible; ClaudeBot/1.0; +claudebot@anthropic.com)"
216.73.216.56 - - [20/Dec/2025:00:20:27 +0000] "GET /entity/48033102.htm HTTP/1.1" 301 7281 "-" "Mozilla/5.0 AppleWebKit/537.36 (KHTML, like Gecko; compatible; ClaudeBot/1.0; +claudebot@anthropic.com)"
216.73.216.56 - - [20/Dec/2025:00:20:28 +0000] "GET /entity/48033102.htm/ HTTP/1.1" 200 52143 "https://datainsightnow.com/entity/48033102.htm" "Mozilla/5.0 AppleWebKit/537.36 (KHTML, like Gecko; compatible; ClaudeBot/1.0; +claudebot@anthropic.com)"
216.73.216.56 - - [20/Dec/2025:00:20:30 +0000] "GET /entity/47888586.htm HTTP/1.1" 301 7281 "-" "Mozilla/5.0 AppleWebKit/537.36 (KHTML, like Gecko; compatible; ClaudeBot/1.0; +claudebot@anthropic.com)"
47.128.56.173 - - [20/Dec/2025:00:20:31 +0000] "GET /?fileloc=%2F%2Fproc%2F38%2Fcpuset&path=%2F%2Fproc%2F38 HTTP/1.1" 200 52145 "-" "Mozilla/5.0 (Linux; Android 5.0) AppleWebKit/537.36 (KHTML, like Gecko) Mobile Safari/537.36 (compatible; Bytespider; spider-feedback@bytedance.com)"
47.128.46.107 - - [20/Dec/2025:00:20:32 +0000] "GET /?fileloc=%2F%2Fproc%2F34%2Fmounts&path=%2F%2Fproc%2F34 HTTP/1.1" 200 52145 "-" "Mozilla/5.0 (Linux; Android 5.0) AppleWebKit/537.36 (KHTML, like Gecko) Mobile Safari/537.36 (compatible; Bytespider; spider-feedback@bytedance.com)"
66.135.21.75 - - [20/Dec/2025:00:20:33 +0000] "POST /wp-cron.php?doing_wp_cron=1766190032.2494530677795410156250 HTTP/1.1" 499 0 "-" "WordPress/6.3.1; https://datainsightnow.com"
216.73.216.56 - - [20/Dec/2025:00:20:33 +0000] "GET /entity/47888586.htm/ HTTP/1.1" 200 52143 "https://datainsightnow.com/entity/47888586.htm" "Mozilla/5.0 AppleWebKit/537.36 (KHTML, like Gecko; compatible; ClaudeBot/1.0; +claudebot@anthropic.com)"
57.141.0.37 - - [20/Dec/2025:00:20:35 +0000] "GET /karamba-spielsaal-erfahrungen-angeschlossen-testbericht-werfen-sie-einen-blick-auf-den-link-within-2025-pro-teutonia/?fileloc=//sys/class/pci_bus/0000:02/subsystem/0000:11/subsystem/0000:01/device/power/runtime_status&path=//sys/class/pci_bus/0000:02/subsystem/0000:11/subsystem/0000:01/device/power HTTP/1.1" 200 276779 "-" "meta-externalagent/1.1 (+https://developers.facebook.com/docs/sharing/webmasters/crawler)"
216.73.216.56 - - [20/Dec/2025:00:20:36 +0000] "GET /entity/47904116.htm HTTP/1.1" 301 7275 "-" "Mozilla/5.0 AppleWebKit/537.36 (KHTML, like Gecko; compatible; ClaudeBot/1.0; +claudebot@anthropic.com)"
216.73.216.56 - - [20/Dec/2025:00:20:37 +0000] "GET /entity/47904116.htm/ HTTP/1.1" 200 52143 "https://datainsightnow.com/entity/47904116.htm" "Mozilla/5.0 AppleWebKit/537.36 (KHTML, like Gecko; compatible; ClaudeBot/1.0; +claudebot@anthropic.com)"
66.135.21.75 - - [20/Dec/2025:00:20:41 +0000] "POST /wp-cron.php?doing_wp_cron=1766190040.1442289352416992187500 HTTP/1.1" 499 0 "-" "WordPress/6.3.1; https://datainsightnow.com"
216.73.216.56 - - [20/Dec/2025:00:20:41 +0000] "GET /entity/48047606.htm HTTP/1.1" 301 7281 "-" "Mozilla/5.0 AppleWebKit/537.36 (KHTML, like Gecko; compatible; ClaudeBot/1.0; +claudebot@anthropic.com)"
216.73.216.56 - - [20/Dec/2025:00:20:42 +0000] "GET /entity/48047606.htm/ HTTP/1.1" 200 52143 "https://datainsightnow.com/entity/48047606.htm" "Mozilla/5.0 AppleWebKit/537.36 (KHTML, like Gecko; compatible; ClaudeBot/1.0; +claudebot@anthropic.com)"
216.73.216.56 - - [20/Dec/2025:00:20:43 +0000] "GET /entity/47940376.htm HTTP/1.1" 301 7275 "-" "Mozilla/5.0 AppleWebKit/537.36 (KHTML, like Gecko; compatible; ClaudeBot/1.0; +claudebot@anthropic.com)"
216.73.216.56 - - [20/Dec/2025:00:20:43 +0000] "GET /entity/47940376.htm/ HTTP/1.1" 200 52143 "https://datainsightnow.com/entity/47940376.htm" "Mozilla/5.0 AppleWebKit/537.36 (KHTML, like Gecko; compatible; ClaudeBot/1.0; +claudebot@anthropic.com)"
216.73.216.56 - - [20/Dec/2025:00:20:46 +0000] "GET /entity/48075327.htm HTTP/1.1" 301 7275 "-" "Mozilla/5.0 AppleWebKit/537.36 (KHTML, like Gecko; compatible; ClaudeBot/1.0; +claudebot@anthropic.com)"
216.73.216.56 - - [20/Dec/2025:00:20:46 +0000] "GET /entity/48075327.htm/ HTTP/1.1" 200 52143 "https://datainsightnow.com/entity/48075327.htm" "Mozilla/5.0 AppleWebKit/537.36 (KHTML, like Gecko; compatible; ClaudeBot/1.0; +claudebot@anthropic.com)"
216.73.216.56 - - [20/Dec/2025:00:20:49 +0000] "GET /entity/47916036.htm HTTP/1.1" 301 7281 "-" "Mozilla/5.0 AppleWebKit/537.36 (KHTML, like Gecko; compatible; ClaudeBot/1.0; +claudebot@anthropic.com)"
216.73.216.56 - - [20/Dec/2025:00:20:49 +0000] "GET /entity/47916036.htm/ HTTP/1.1" 200 52143 "https://datainsightnow.com/entity/47916036.htm" "Mozilla/5.0 AppleWebKit/537.36 (KHTML, like Gecko; compatible; ClaudeBot/1.0; +claudebot@anthropic.com)"
66.135.21.75 - - [20/Dec/2025:00:20:52 +0000] "POST /wp-cron.php?doing_wp_cron=1766190051.7382299900054931640625 HTTP/1.1" 499 0 "-" "WordPress/6.3.1; https://datainsightnow.com"
57.141.0.26 - - [20/Dec/2025:00:20:53 +0000] "GET /nouveau-salle-de-jeu-durante-courbe-notre-pays-top-3-les-principaux-du-2025-updated-february-2025/ HTTP/1.1" 200 276788 "-" "meta-externalagent/1.1 (+https://developers.facebook.com/docs/sharing/webmasters/crawler)"
216.73.216.56 - - [20/Dec/2025:00:20:53 +0000] "GET /entity/47972753.htm HTTP/1.1" 301 7281 "-" "Mozilla/5.0 AppleWebKit/537.36 (KHTML, like Gecko; compatible; ClaudeBot/1.0; +claudebot@anthropic.com)"
216.73.216.56 - - [20/Dec/2025:00:20:54 +0000] "GET /entity/47972753.htm/ HTTP/1.1" 200 52143 "https://datainsightnow.com/entity/47972753.htm" "Mozilla/5.0 AppleWebKit/537.36 (KHTML, like Gecko; compatible; ClaudeBot/1.0; +claudebot@anthropic.com)"
216.73.216.56 - - [20/Dec/2025:00:20:54 +0000] "GET /entity/47995284.htm HTTP/1.1" 301 7275 "-" "Mozilla/5.0 AppleWebKit/537.36 (KHTML, like Gecko; compatible; ClaudeBot/1.0; +claudebot@anthropic.com)"
216.73.216.56 - - [20/Dec/2025:00:20:55 +0000] "GET /entity/47995284.htm/ HTTP/1.1" 200 52143 "https://datainsightnow.com/entity/47995284.htm" "Mozilla/5.0 AppleWebKit/537.36 (KHTML, like Gecko; compatible; ClaudeBot/1.0; +claudebot@anthropic.com)"
216.73.216.56 - - [20/Dec/2025:00:20:57 +0000] "GET /entity/48042426.htm HTTP/1.1" 301 7275 "-" "Mozilla/5.0 AppleWebKit/537.36 (KHTML, like Gecko; compatible; ClaudeBot/1.0; +claudebot@anthropic.com)"
216.73.216.56 - - [20/Dec/2025:00:20:58 +0000] "GET /entity/48042426.htm/ HTTP/1.1" 200 52143 "https://datainsightnow.com/entity/48042426.htm" "Mozilla/5.0 AppleWebKit/537.36 (KHTML, like Gecko; compatible; ClaudeBot/1.0; +claudebot@anthropic.com)"
216.73.216.56 - - [20/Dec/2025:00:21:01 +0000] "GET /entity/48073769.htm HTTP/1.1" 301 7281 "-" "Mozilla/5.0 AppleWebKit/537.36 (KHTML, like Gecko; compatible; ClaudeBot/1.0; +claudebot@anthropic.com)"
216.73.216.56 - - [20/Dec/2025:00:21:01 +0000] "GET /entity/48073769.htm/ HTTP/1.1" 200 52143 "https://datainsightnow.com/entity/48073769.htm" "Mozilla/5.0 AppleWebKit/537.36 (KHTML, like Gecko; compatible; ClaudeBot/1.0; +claudebot@anthropic.com)"
216.73.216.56 - - [20/Dec/2025:00:21:04 +0000] "GET /entity/48071183.htm HTTP/1.1" 301 7281 "-" "Mozilla/5.0 AppleWebKit/537.36 (KHTML, like Gecko; compatible; ClaudeBot/1.0; +claudebot@anthropic.com)"
216.73.216.56 - - [20/Dec/2025:00:21:04 +0000] "GET /entity/48071183.htm/ HTTP/1.1" 200 52143 "https://datainsightnow.com/entity/48071183.htm" "Mozilla/5.0 AppleWebKit/537.36 (KHTML, like Gecko; compatible; ClaudeBot/1.0; +claudebot@anthropic.com)"
216.73.216.56 - - [20/Dec/2025:00:21:07 +0000] "GET /entity/48034138.htm HTTP/1.1" 301 7281 "-" "Mozilla/5.0 AppleWebKit/537.36 (KHTML, like Gecko; compatible; ClaudeBot/1.0; +claudebot@anthropic.com)"
216.73.216.56 - - [20/Dec/2025:00:21:07 +0000] "GET /entity/48034138.htm/ HTTP/1.1" 200 52143 "https://datainsightnow.com/entity/48034138.htm" "Mozilla/5.0 AppleWebKit/537.36 (KHTML, like Gecko; compatible; ClaudeBot/1.0; +claudebot@anthropic.com)"
216.73.216.56 - - [20/Dec/2025:00:21:10 +0000] "GET /entity/48054597.htm HTTP/1.1" 301 7275 "-" "Mozilla/5.0 AppleWebKit/537.36 (KHTML, like Gecko; compatible; ClaudeBot/1.0; +claudebot@anthropic.com)"
216.73.216.56 - - [20/Dec/2025:00:21:10 +0000] "GET /entity/48054597.htm/ HTTP/1.1" 200 52143 "https://datainsightnow.com/entity/48054597.htm" "Mozilla/5.0 AppleWebKit/537.36 (KHTML, like Gecko; compatible; ClaudeBot/1.0; +claudebot@anthropic.com)"
57.141.0.35 - - [20/Dec/2025:00:21:11 +0000] "GET /2025/03/07/page/6/?fileloc=//sys/class/pci_bus/0000:05/subsystem/0000:02/subsystem/0000:0e/device/driver/0000:00:02.4/driver/0000:00:04.0/driver/0000:00:02.4/power_state&path=//sys/class/pci_bus/0000:05/subsystem/0000:02/subsystem/0000:0e/device/driver/0000:00:02.4/driver/0000:00:04.0/driver/0000:00:02.4 HTTP/1.1" 200 276788 "-" "meta-externalagent/1.1 (+https://developers.facebook.com/docs/sharing/webmasters/crawler)"
216.73.216.56 - - [20/Dec/2025:00:21:13 +0000] "GET /entity/47973789.htm HTTP/1.1" 301 7275 "-" "Mozilla/5.0 AppleWebKit/537.36 (KHTML, like Gecko; compatible; ClaudeBot/1.0; +claudebot@anthropic.com)"
216.73.216.56 - - [20/Dec/2025:00:21:13 +0000] "GET /entity/47973789.htm/ HTTP/1.1" 200 52143 "https://datainsightnow.com/entity/47973789.htm" "Mozilla/5.0 AppleWebKit/537.36 (KHTML, like Gecko; compatible; ClaudeBot/1.0; +claudebot@anthropic.com)"
216.73.216.56 - - [20/Dec/2025:00:21:16 +0000] "GET /entity/47995806.htm HTTP/1.1" 301 7281 "-" "Mozilla/5.0 AppleWebKit/537.36 (KHTML, like Gecko; compatible; ClaudeBot/1.0; +claudebot@anthropic.com)"
185.191.171.2 - - [20/Dec/2025:00:21:16 +0000] "GET /?p=45531 HTTP/1.1" 200 48299 "-" "Mozilla/5.0 (compatible; SemrushBot/7~bl; +http://www.semrush.com/bot.html)"
216.73.216.56 - - [20/Dec/2025:00:21:17 +0000] "GET /entity/47995806.htm/ HTTP/1.1" 200 52143 "https://datainsightnow.com/entity/47995806.htm" "Mozilla/5.0 AppleWebKit/537.36 (KHTML, like Gecko; compatible; ClaudeBot/1.0; +claudebot@anthropic.com)"
66.249.69.2 - - [20/Dec/2025:00:21:22 +0000] "GET /entity/254091169.htm HTTP/1.1" 200 32203 "-" "Mozilla/5.0 (Linux; Android 6.0.1; Nexus 5X Build/MMB29P) AppleWebKit/537.36 (KHTML, like Gecko) Chrome/141.0.7390.122 Mobile Safari/537.36 (compatible; Googlebot/2.1; +http://www.google.com/bot.html)"
57.141.0.12 - - [20/Dec/2025:00:21:30 +0000] "GET /2025/03/06/page/39/?fileloc=//sys/class/pci_bus/0000:07/subsystem/0000:0c/device/driver/0000:00:03.5/driver/new_id&path=//sys/class/pci_bus/0000:07/subsystem/0000:0c/device/driver/0000:00:03.5/driver HTTP/1.1" 200 276733 "-" "meta-externalagent/1.1 (+https://developers.facebook.com/docs/sharing/webmasters/crawler)"
185.191.171.14 - - [20/Dec/2025:00:21:43 +0000] "GET /?p=17343 HTTP/1.1" 200 49295 "-" "Mozilla/5.0 (compatible; SemrushBot/7~bl; +http://www.semrush.com/bot.html)"
216.73.216.56 - - [20/Dec/2025:00:21:43 +0000] "GET /entity/48094750.htm HTTP/1.1" 301 7281 "-" "Mozilla/5.0 AppleWebKit/537.36 (KHTML, like Gecko; compatible; ClaudeBot/1.0; +claudebot@anthropic.com)"
216.73.216.56 - - [20/Dec/2025:00:21:44 +0000] "GET /entity/48094750.htm/ HTTP/1.1" 200 52143 "https://datainsightnow.com/entity/48094750.htm" "Mozilla/5.0 AppleWebKit/537.36 (KHTML, like Gecko; compatible; ClaudeBot/1.0; +claudebot@anthropic.com)"
114.119.140.178 - - [20/Dec/2025:00:21:46 +0000] "GET /znamenitye-jemuljatory-ot-proverennyh-vremenem-4/?fileloc=//etc/pam.d/sudo-i&path=//etc/pam.d HTTP/1.1" 200 52145 "https://datainsightnow.com/znamenitye-jemuljatory-ot-proverennyh-vremenem-4/?path=//etc/pam.d" "Mozilla/5.0 (Linux; Android 7.0;) AppleWebKit/537.36 (KHTML, like Gecko) Mobile Safari/537.36 (compatible; PetalBot;+https://webmaster.petalsearch.com/site/petalbot)"
216.73.216.56 - - [20/Dec/2025:00:21:46 +0000] "GET /entity/47897649.htm HTTP/1.1" 301 7281 "-" "Mozilla/5.0 AppleWebKit/537.36 (KHTML, like Gecko; compatible; ClaudeBot/1.0; +claudebot@anthropic.com)"
216.73.216.56 - - [20/Dec/2025:00:21:47 +0000] "GET /entity/47897649.htm/ HTTP/1.1" 200 52143 "https://datainsightnow.com/entity/47897649.htm" "Mozilla/5.0 AppleWebKit/537.36 (KHTML, like Gecko; compatible; ClaudeBot/1.0; +claudebot@anthropic.com)"
57.141.0.1 - - [20/Dec/2025:00:21:47 +0000] "GET /karamba-spielsaal-erfahrungen-angeschlossen-testbericht-werfen-sie-einen-blick-auf-den-link-within-2025-pro-teutonia/?path=//sys/class/pci_bus/0000:04/device/driver/0000:00:02.1/driver/0000:00:02.2/driver/0000:00:02.7/0000:09:00.0/virtio4 HTTP/1.1" 200 276788 "-" "meta-externalagent/1.1 (+https://developers.facebook.com/docs/sharing/webmasters/crawler)"
216.73.216.56 - - [20/Dec/2025:00:21:49 +0000] "GET /entity/47962915.htm HTTP/1.1" 301 7281 "-" "Mozilla/5.0 AppleWebKit/537.36 (KHTML, like Gecko; compatible; ClaudeBot/1.0; +claudebot@anthropic.com)"
216.73.216.56 - - [20/Dec/2025:00:21:50 +0000] "GET /entity/47962915.htm/ HTTP/1.1" 200 52143 "https://datainsightnow.com/entity/47962915.htm" "Mozilla/5.0 AppleWebKit/537.36 (KHTML, like Gecko; compatible; ClaudeBot/1.0; +claudebot@anthropic.com)"
66.135.21.75 - - [20/Dec/2025:00:21:53 +0000] "POST /wp-cron.php?doing_wp_cron=1766190112.3565878868103027343750 HTTP/1.1" 499 0 "-" "WordPress/6.3.1; https://datainsightnow.com"
216.73.216.56 - - [20/Dec/2025:00:21:53 +0000] "GET /entity/47934170.htm HTTP/1.1" 301 7275 "-" "Mozilla/5.0 AppleWebKit/537.36 (KHTML, like Gecko; compatible; ClaudeBot/1.0; +claudebot@anthropic.com)"
216.73.216.56 - - [20/Dec/2025:00:21:54 +0000] "GET /entity/47934170.htm/ HTTP/1.1" 200 52143 "https://datainsightnow.com/entity/47934170.htm" "Mozilla/5.0 AppleWebKit/537.36 (KHTML, like Gecko; compatible; ClaudeBot/1.0; +claudebot@anthropic.com)"
216.73.216.56 - - [20/Dec/2025:00:21:55 +0000] "GET /entity/48089560.htm HTTP/1.1" 301 7281 "-" "Mozilla/5.0 AppleWebKit/537.36 (KHTML, like Gecko; compatible; ClaudeBot/1.0; +claudebot@anthropic.com)"
216.73.216.56 - - [20/Dec/2025:00:21:56 +0000] "GET /entity/48089560.htm/ HTTP/1.1" 200 52143 "https://datainsightnow.com/entity/48089560.htm" "Mozilla/5.0 AppleWebKit/537.36 (KHTML, like Gecko; compatible; ClaudeBot/1.0; +claudebot@anthropic.com)"
216.73.216.56 - - [20/Dec/2025:00:21:58 +0000] "GET /entity/48089046.htm HTTP/1.1" 301 7281 "-" "Mozilla/5.0 AppleWebKit/537.36 (KHTML, like Gecko; compatible; ClaudeBot/1.0; +claudebot@anthropic.com)"
216.73.216.56 - - [20/Dec/2025:00:21:59 +0000] "GET /entity/48089046.htm/ HTTP/1.1" 200 52143 "https://datainsightnow.com/entity/48089046.htm" "Mozilla/5.0 AppleWebKit/537.36 (KHTML, like Gecko; compatible; ClaudeBot/1.0; +claudebot@anthropic.com)"
216.73.216.56 - - [20/Dec/2025:00:22:01 +0000] "GET /entity/48071948.htm HTTP/1.1" 301 7281 "-" "Mozilla/5.0 AppleWebKit/537.36 (KHTML, like Gecko; compatible; ClaudeBot/1.0; +claudebot@anthropic.com)"
216.73.216.56 - - [20/Dec/2025:00:22:02 +0000] "GET /entity/48071948.htm/ HTTP/1.1" 200 52143 "https://datainsightnow.com/entity/48071948.htm" "Mozilla/5.0 AppleWebKit/537.36 (KHTML, like Gecko; compatible; ClaudeBot/1.0; +claudebot@anthropic.com)"
216.73.216.56 - - [20/Dec/2025:00:22:04 +0000] "GET /entity/48076092.htm HTTP/1.1" 301 7275 "-" "Mozilla/5.0 AppleWebKit/537.36 (KHTML, like Gecko; compatible; ClaudeBot/1.0; +claudebot@anthropic.com)"
216.73.216.56 - - [20/Dec/2025:00:22:05 +0000] "GET /entity/48076092.htm/ HTTP/1.1" 200 52143 "https://datainsightnow.com/entity/48076092.htm" "Mozilla/5.0 AppleWebKit/537.36 (KHTML, like Gecko; compatible; ClaudeBot/1.0; +claudebot@anthropic.com)"
57.141.0.20 - - [20/Dec/2025:00:22:06 +0000] "GET /2025/03/07/page/6/?path=//sys/class/pci_bus/0000:00/subsystem/0000:0f/subsystem/0000:10/subsystem/0000:08/device/driver/0000:00:03.0 HTTP/1.1" 200 276741 "-" "meta-externalagent/1.1 (+https://developers.facebook.com/docs/sharing/webmasters/crawler)"
216.73.216.56 - - [20/Dec/2025:00:22:07 +0000] "GET /entity/48095264.htm HTTP/1.1" 301 7281 "-" "Mozilla/5.0 AppleWebKit/537.36 (KHTML, like Gecko; compatible; ClaudeBot/1.0; +claudebot@anthropic.com)"
