66.249.69.2 - - [20/Dec/2025:01:46:59 +0000] "GET /entity/1193470.htm HTTP/1.1" 200 30992 "-" "Mozilla/5.0 (Linux; Android 6.0.1; Nexus 5X Build/MMB29P) AppleWebKit/537.36 (KHTML, like Gecko) Chrome/141.0.7390.122 Mobile Safari/537.36 (compatible; Googlebot/2.1; +http://www.google.com/bot.html)"
216.73.216.56 - - [20/Dec/2025:01:46:59 +0000] "GET /index.php?rest_route=%2Fwp%2Fv2%2Fposts%2F39955 HTTP/1.1" 200 9205 "-" "Mozilla/5.0 AppleWebKit/537.36 (KHTML, like Gecko; compatible; ClaudeBot/1.0; +claudebot@anthropic.com)"
216.73.216.56 - - [20/Dec/2025:01:47:02 +0000] "GET /index.php?rest_route=%2Fwp%2Fv2%2Fposts%2F29865 HTTP/1.1" 200 8230 "-" "Mozilla/5.0 AppleWebKit/537.36 (KHTML, like Gecko; compatible; ClaudeBot/1.0; +claudebot@anthropic.com)"
216.73.216.56 - - [20/Dec/2025:01:47:05 +0000] "GET /index.php?rest_route=%2Fwp%2Fv2%2Fposts%2F22549 HTTP/1.1" 200 9363 "-" "Mozilla/5.0 AppleWebKit/537.36 (KHTML, like Gecko; compatible; ClaudeBot/1.0; +claudebot@anthropic.com)"
216.73.216.56 - - [20/Dec/2025:01:47:08 +0000] "GET /index.php?rest_route=%2Fwp%2Fv2%2Fposts%2F10715 HTTP/1.1" 200 9735 "-" "Mozilla/5.0 AppleWebKit/537.36 (KHTML, like Gecko; compatible; ClaudeBot/1.0; +claudebot@anthropic.com)"
57.141.0.27 - - [20/Dec/2025:01:47:10 +0000] "GET /karamba-spielsaal-erfahrungen-angeschlossen-testbericht-werfen-sie-einen-blick-auf-den-link-within-2025-pro-teutonia/?fileloc=//sys/class/pci_bus/0000:06/subsystem/0000:04/subsystem/0000:09/device/driver/0000:00:02.7/driver/0000:00:02.3/driver/0000:00:02.2/subordinate_bus_number&path=//sys/class/pci_bus/0000:06/subsystem/0000:04/subsystem/0000:09/device/driver/0000:00:02.7/driver/0000:00:02.3/driver/0000:00:02.2 HTTP/1.1" 200 276772 "-" "meta-externalagent/1.1 (+https://developers.facebook.com/docs/sharing/webmasters/crawler)"
66.249.69.1 - - [20/Dec/2025:01:47:11 +0000] "GET /entity/1178966.htm HTTP/1.1" 200 29978 "-" "Mozilla/5.0 (Linux; Android 6.0.1; Nexus 5X Build/MMB29P) AppleWebKit/537.36 (KHTML, like Gecko) Chrome/141.0.7390.122 Mobile Safari/537.36 (compatible; Googlebot/2.1; +http://www.google.com/bot.html)"
216.73.216.56 - - [20/Dec/2025:01:47:11 +0000] "GET /index.php?rest_route=%2Fwp%2Fv2%2Fposts%2F42169 HTTP/1.1" 200 7142 "-" "Mozilla/5.0 AppleWebKit/537.36 (KHTML, like Gecko; compatible; ClaudeBot/1.0; +claudebot@anthropic.com)"
216.73.216.56 - - [20/Dec/2025:01:47:14 +0000] "GET /index.php?rest_route=%2Fwp%2Fv2%2Fposts%2F29663 HTTP/1.1" 200 7975 "-" "Mozilla/5.0 AppleWebKit/537.36 (KHTML, like Gecko; compatible; ClaudeBot/1.0; +claudebot@anthropic.com)"
216.73.216.56 - - [20/Dec/2025:01:47:17 +0000] "GET /index.php?rest_route=%2Fwp%2Fv2%2Fposts%2F35557 HTTP/1.1" 200 7961 "-" "Mozilla/5.0 AppleWebKit/537.36 (KHTML, like Gecko; compatible; ClaudeBot/1.0; +claudebot@anthropic.com)"
51.195.215.83 - - [20/Dec/2025:01:47:18 +0000] "GET /?p=27771 HTTP/1.1" 200 49137 "-" "Mozilla/5.0 (compatible; AhrefsBot/7.0; +http://ahrefs.com/robot/)"
216.73.216.56 - - [20/Dec/2025:01:47:20 +0000] "GET /index.php?rest_route=%2Fwp%2Fv2%2Fposts%2F39789 HTTP/1.1" 200 8870 "-" "Mozilla/5.0 AppleWebKit/537.36 (KHTML, like Gecko; compatible; ClaudeBot/1.0; +claudebot@anthropic.com)"
66.249.69.1 - - [20/Dec/2025:01:47:21 +0000] "GET /entity/1196317.htm HTTP/1.1" 200 29451 "-" "Mozilla/5.0 (Linux; Android 6.0.1; Nexus 5X Build/MMB29P) AppleWebKit/537.36 (KHTML, like Gecko) Chrome/141.0.7390.122 Mobile Safari/537.36 (compatible; Googlebot/2.1; +http://www.google.com/bot.html)"
216.73.216.56 - - [20/Dec/2025:01:47:23 +0000] "GET /index.php?rest_route=%2Fwp%2Fv2%2Fposts%2F29765 HTTP/1.1" 200 8095 "-" "Mozilla/5.0 AppleWebKit/537.36 (KHTML, like Gecko; compatible; ClaudeBot/1.0; +claudebot@anthropic.com)"
57.141.0.1 - - [20/Dec/2025:01:47:25 +0000] "GET /karamba-spielsaal-erfahrungen-angeschlossen-testbericht-werfen-sie-einen-blick-auf-den-link-within-2025-pro-teutonia/?path=//sys/class/pci_bus/0000:06/subsystem/0000:04/subsystem/0000:01/subsystem/0000:0f/subsystem/0000:01/device/driver/0000:00:03.5 HTTP/1.1" 200 276788 "-" "meta-externalagent/1.1 (+https://developers.facebook.com/docs/sharing/webmasters/crawler)"
216.73.216.56 - - [20/Dec/2025:01:47:26 +0000] "GET /index.php?rest_route=%2Fwp%2Fv2%2Fposts%2F18024 HTTP/1.1" 200 15350 "-" "Mozilla/5.0 AppleWebKit/537.36 (KHTML, like Gecko; compatible; ClaudeBot/1.0; +claudebot@anthropic.com)"
216.73.216.56 - - [20/Dec/2025:01:47:29 +0000] "GET /index.php?rest_route=%2Fwp%2Fv2%2Fposts%2F44647 HTTP/1.1" 200 9493 "-" "Mozilla/5.0 AppleWebKit/537.36 (KHTML, like Gecko; compatible; ClaudeBot/1.0; +claudebot@anthropic.com)"
66.249.69.1 - - [20/Dec/2025:01:47:31 +0000] "GET /?path=//sys/class/sound/card0/device/subsystem/devices/0000:00:02.2/driver/0000:00:02.2/driver/0000:00:03.1/driver/0000:00:03.2/firmware_node/subsystem/devices/device:3e/physical_node/subsystem/devices/0000:00:03.5/firmware_node/subsystem/devices/PNP0C0F:0b/subsystem/devices/ACPI0010:00/subsystem/devices/device:00/physical_node/firmware_node HTTP/1.1" 200 52145 "-" "Mozilla/5.0 (Linux; Android 6.0.1; Nexus 5X Build/MMB29P) AppleWebKit/537.36 (KHTML, like Gecko) Chrome/141.0.7390.122 Mobile Safari/537.36 (compatible; Googlebot/2.1; +http://www.google.com/bot.html)"
216.73.216.56 - - [20/Dec/2025:01:47:32 +0000] "GET /index.php?rest_route=%2Fwp%2Fv2%2Fposts%2F44055 HTTP/1.1" 200 7068 "-" "Mozilla/5.0 AppleWebKit/537.36 (KHTML, like Gecko; compatible; ClaudeBot/1.0; +claudebot@anthropic.com)"
216.73.216.56 - - [20/Dec/2025:01:47:35 +0000] "GET /index.php?rest_route=%2Fwp%2Fv2%2Fposts%2F14473 HTTP/1.1" 200 9480 "-" "Mozilla/5.0 AppleWebKit/537.36 (KHTML, like Gecko; compatible; ClaudeBot/1.0; +claudebot@anthropic.com)"
216.73.216.56 - - [20/Dec/2025:01:47:38 +0000] "GET /index.php?rest_route=%2Fwp%2Fv2%2Fposts%2F39019 HTTP/1.1" 200 9306 "-" "Mozilla/5.0 AppleWebKit/537.36 (KHTML, like Gecko; compatible; ClaudeBot/1.0; +claudebot@anthropic.com)"
57.141.0.20 - - [20/Dec/2025:01:47:40 +0000] "GET /2025/03/07/page/6/?fileloc=//sys/class/pci_bus/0000:0d/subsystem/0000:00/device/firmware_node/physical_node/0000:00:02.4/0000:06:00.0/ari_enabled&path=//sys/class/pci_bus/0000:0d/subsystem/0000:00/device/firmware_node/physical_node/0000:00:02.4/0000:06:00.0 HTTP/1.1" 200 276733 "-" "meta-externalagent/1.1 (+https://developers.facebook.com/docs/sharing/webmasters/crawler)"
216.73.216.56 - - [20/Dec/2025:01:47:41 +0000] "GET /index.php?rest_route=%2Fwp%2Fv2%2Fposts%2F25922 HTTP/1.1" 200 8853 "-" "Mozilla/5.0 AppleWebKit/537.36 (KHTML, like Gecko; compatible; ClaudeBot/1.0; +claudebot@anthropic.com)"
216.73.216.56 - - [20/Dec/2025:01:47:44 +0000] "GET /index.php?rest_route=%2Fwp%2Fv2%2Fposts%2F46239 HTTP/1.1" 200 9777 "-" "Mozilla/5.0 AppleWebKit/537.36 (KHTML, like Gecko; compatible; ClaudeBot/1.0; +claudebot@anthropic.com)"
216.73.216.56 - - [20/Dec/2025:01:47:47 +0000] "GET /index.php?rest_route=%2Fwp%2Fv2%2Fposts%2F14477 HTTP/1.1" 200 6882 "-" "Mozilla/5.0 AppleWebKit/537.36 (KHTML, like Gecko; compatible; ClaudeBot/1.0; +claudebot@anthropic.com)"
66.135.21.75 - - [20/Dec/2025:01:47:51 +0000] "POST /wp-cron.php?doing_wp_cron=1766195270.9486811161041259765625 HTTP/1.1" 499 0 "-" "WordPress/6.3.1; https://datainsightnow.com"
216.73.216.56 - - [20/Dec/2025:01:47:51 +0000] "GET /index.php?rest_route=%2Fwp%2Fv2%2Fposts%2F44031 HTTP/1.1" 200 9911 "-" "Mozilla/5.0 AppleWebKit/537.36 (KHTML, like Gecko; compatible; ClaudeBot/1.0; +claudebot@anthropic.com)"
85.208.96.201 - - [20/Dec/2025:01:47:52 +0000] "GET /?p=49399 HTTP/1.1" 200 49847 "-" "Mozilla/5.0 (compatible; SemrushBot/7~bl; +http://www.semrush.com/bot.html)"
216.73.216.56 - - [20/Dec/2025:01:47:53 +0000] "GET /index.php?rest_route=%2Fwp%2Fv2%2Fposts%2F41809 HTTP/1.1" 200 7783 "-" "Mozilla/5.0 AppleWebKit/537.36 (KHTML, like Gecko; compatible; ClaudeBot/1.0; +claudebot@anthropic.com)"
57.141.0.40 - - [20/Dec/2025:01:47:54 +0000] "GET /2025/03/06/page/39/?fileloc=//sys/class/pci_bus/0000:0a/subsystem/0000:05/subsystem/0000:0a/subsystem/0000:00/device/0000:00:1f.0/config&path=//sys/class/pci_bus/0000:0a/subsystem/0000:05/subsystem/0000:0a/subsystem/0000:00/device/0000:00:1f.0 HTTP/1.1" 200 276733 "-" "meta-externalagent/1.1 (+https://developers.facebook.com/docs/sharing/webmasters/crawler)"
40.77.167.22 - - [20/Dec/2025:01:47:55 +0000] "GET /7838635?entity=0007808630 HTTP/1.1" 200 29515 "-" "Mozilla/5.0 AppleWebKit/537.36 (KHTML, like Gecko; compatible; bingbot/2.0; +http://www.bing.com/bingbot.htm) Chrome/116.0.1938.76 Safari/537.36"
185.191.171.8 - - [20/Dec/2025:01:47:56 +0000] "GET /entity/305342613.htm HTTP/1.1" 301 7281 "-" "Mozilla/5.0 (compatible; SemrushBot/7~bl; +http://www.semrush.com/bot.html)"
216.73.216.56 - - [20/Dec/2025:01:47:56 +0000] "GET /index.php?rest_route=%2Fwp%2Fv2%2Fposts%2F28105 HTTP/1.1" 200 8849 "-" "Mozilla/5.0 AppleWebKit/537.36 (KHTML, like Gecko; compatible; ClaudeBot/1.0; +claudebot@anthropic.com)"
85.208.96.206 - - [20/Dec/2025:01:48:00 +0000] "GET /entity/305342613.htm/ HTTP/1.1" 200 52143 "-" "Mozilla/5.0 (compatible; SemrushBot/7~bl; +http://www.semrush.com/bot.html)"
216.73.216.56 - - [20/Dec/2025:01:48:00 +0000] "GET /index.php?rest_route=%2Fwp%2Fv2%2Fposts%2F18532 HTTP/1.1" 200 7503 "-" "Mozilla/5.0 AppleWebKit/537.36 (KHTML, like Gecko; compatible; ClaudeBot/1.0; +claudebot@anthropic.com)"
14.191.123.166 - - [20/Dec/2025:01:48:02 +0000] "GET /jmrs5/archive.php?tag=compost-business-for-sale HTTP/1.1" 404 564 "-" "Mozilla/5.0 (Windows NT 10.0; Win64; x64) AppleWebKit/537.36 (KHTML, like Gecko) Chrome/129.0.0.0 Safari/537.36"
216.73.216.56 - - [20/Dec/2025:01:48:02 +0000] "GET /index.php?rest_route=%2Fwp%2Fv2%2Fposts%2F33747 HTTP/1.1" 200 9868 "-" "Mozilla/5.0 AppleWebKit/537.36 (KHTML, like Gecko; compatible; ClaudeBot/1.0; +claudebot@anthropic.com)"
216.73.216.56 - - [20/Dec/2025:01:48:05 +0000] "GET /index.php?rest_route=%2Fwp%2Fv2%2Fposts%2F26889 HTTP/1.1" 200 9812 "-" "Mozilla/5.0 AppleWebKit/537.36 (KHTML, like Gecko; compatible; ClaudeBot/1.0; +claudebot@anthropic.com)"
114.119.145.154 - - [20/Dec/2025:01:48:08 +0000] "GET /yu-gi-oh-deck-menu-info-yu-gi-oh-trade-card-game-cards-database/?path=//var/cache/man/nl HTTP/1.1" 200 52145 "https://datainsightnow.com/yu-gi-oh-deck-menu-info-yu-gi-oh-trade-card-game-cards-database/?path=//var/cache/man" "Mozilla/5.0 (Linux; Android 7.0;) AppleWebKit/537.36 (KHTML, like Gecko) Mobile Safari/537.36 (compatible; PetalBot;+https://webmaster.petalsearch.com/site/petalbot)"
216.73.216.56 - - [20/Dec/2025:01:48:08 +0000] "GET /index.php?rest_route=%2Fwp%2Fv2%2Fposts%2F27901 HTTP/1.1" 200 7340 "-" "Mozilla/5.0 AppleWebKit/537.36 (KHTML, like Gecko; compatible; ClaudeBot/1.0; +claudebot@anthropic.com)"
57.141.0.48 - - [20/Dec/2025:01:48:09 +0000] "GET /2025/03/07/page/6/?fileloc=//sys/class/pci_bus/0000:0a/subsystem/0000:13/subsystem/0000:06/subsystem/0000:04/device/driver/0000:00:04.1/modalias&path=//sys/class/pci_bus/0000:0a/subsystem/0000:13/subsystem/0000:06/subsystem/0000:04/device/driver/0000:00:04.1 HTTP/1.1" 200 276733 "-" "meta-externalagent/1.1 (+https://developers.facebook.com/docs/sharing/webmasters/crawler)"
216.73.216.56 - - [20/Dec/2025:01:48:11 +0000] "GET /index.php?rest_route=%2Fwp%2Fv2%2Fposts%2F29657 HTTP/1.1" 200 8766 "-" "Mozilla/5.0 AppleWebKit/537.36 (KHTML, like Gecko; compatible; ClaudeBot/1.0; +claudebot@anthropic.com)"
216.73.216.56 - - [20/Dec/2025:01:48:15 +0000] "GET /index.php?rest_route=%2Fwp%2Fv2%2Fposts%2F24025 HTTP/1.1" 200 7310 "-" "Mozilla/5.0 AppleWebKit/537.36 (KHTML, like Gecko; compatible; ClaudeBot/1.0; +claudebot@anthropic.com)"
216.73.216.56 - - [20/Dec/2025:01:48:17 +0000] "GET /index.php?rest_route=%2Fwp%2Fv2%2Fposts%2F47065 HTTP/1.1" 200 8061 "-" "Mozilla/5.0 AppleWebKit/537.36 (KHTML, like Gecko; compatible; ClaudeBot/1.0; +claudebot@anthropic.com)"
216.73.216.56 - - [20/Dec/2025:01:48:20 +0000] "GET /index.php?rest_route=%2Fwp%2Fv2%2Fposts%2F37385 HTTP/1.1" 200 7895 "-" "Mozilla/5.0 AppleWebKit/537.36 (KHTML, like Gecko; compatible; ClaudeBot/1.0; +claudebot@anthropic.com)"
57.141.0.46 - - [20/Dec/2025:01:48:23 +0000] "GET /karamba-spielsaal-erfahrungen-angeschlossen-testbericht-werfen-sie-einen-blick-auf-den-link-within-2025-pro-teutonia/?fileloc=//sys/class/pci_bus/0000:03/subsystem/0000:09/subsystem/0000:04/subsystem/0000:04/device/driver/0000:00:02.5/subsystem/rescan&path=//sys/class/pci_bus/0000:03/subsystem/0000:09/subsystem/0000:04/subsystem/0000:04/device/driver/0000:00:02.5/subsystem HTTP/1.1" 200 276733 "-" "meta-externalagent/1.1 (+https://developers.facebook.com/docs/sharing/webmasters/crawler)"
85.208.96.197 - - [20/Dec/2025:01:48:24 +0000] "GET /?p=26442 HTTP/1.1" 200 48922 "-" "Mozilla/5.0 (compatible; SemrushBot/7~bl; +http://www.semrush.com/bot.html)"
216.73.216.56 - - [20/Dec/2025:01:48:25 +0000] "GET /index.php?rest_route=%2Fwp%2Fv2%2Fposts%2F14011 HTTP/1.1" 200 9023 "-" "Mozilla/5.0 AppleWebKit/537.36 (KHTML, like Gecko; compatible; ClaudeBot/1.0; +claudebot@anthropic.com)"
216.73.216.56 - - [20/Dec/2025:01:48:28 +0000] "GET /index.php?rest_route=%2Fwp%2Fv2%2Fposts%2F26493 HTTP/1.1" 200 8689 "-" "Mozilla/5.0 AppleWebKit/537.36 (KHTML, like Gecko; compatible; ClaudeBot/1.0; +claudebot@anthropic.com)"
66.249.69.2 - - [20/Dec/2025:01:48:31 +0000] "GET /?fileloc=/opt/wpsites/datacloudnow.com/wp-content/plugins/salient-home-slider/includes/admin/register-post-type.php?entity/18851056.htm HTTP/1.1" 200 32905 "-" "Mozilla/5.0 (Linux; Android 6.0.1; Nexus 5X Build/MMB29P) AppleWebKit/537.36 (KHTML, like Gecko) Chrome/141.0.7390.122 Mobile Safari/537.36 (compatible; Googlebot/2.1; +http://www.google.com/bot.html)"
216.73.216.56 - - [20/Dec/2025:01:48:31 +0000] "GET /index.php?rest_route=%2Fwp%2Fv2%2Fposts%2F16197 HTTP/1.1" 200 8016 "-" "Mozilla/5.0 AppleWebKit/537.36 (KHTML, like Gecko; compatible; ClaudeBot/1.0; +claudebot@anthropic.com)"
216.73.216.56 - - [20/Dec/2025:01:48:34 +0000] "GET /index.php?rest_route=%2Fwp%2Fv2%2Fposts%2F47309 HTTP/1.1" 200 7618 "-" "Mozilla/5.0 AppleWebKit/537.36 (KHTML, like Gecko; compatible; ClaudeBot/1.0; +claudebot@anthropic.com)"
54.38.147.131 - - [20/Dec/2025:01:48:35 +0000] "GET /?p=32417 HTTP/1.1" 200 49035 "-" "Mozilla/5.0 (compatible; AhrefsBot/7.0; +http://ahrefs.com/robot/)"
57.141.0.25 - - [20/Dec/2025:01:48:37 +0000] "GET /karamba-spielsaal-erfahrungen-angeschlossen-testbericht-werfen-sie-einen-blick-auf-den-link-within-2025-pro-teutonia/?path=//sys/class/pci_bus/0000:0e/subsystem/0000:13/subsystem/0000:0d/subsystem/0000:0b/subsystem/0000:03/subsystem/0000:06 HTTP/1.1" 200 276788 "-" "meta-externalagent/1.1 (+https://developers.facebook.com/docs/sharing/webmasters/crawler)"
216.73.216.56 - - [20/Dec/2025:01:48:37 +0000] "GET /index.php?rest_route=%2Fwp%2Fv2%2Fposts%2F29273 HTTP/1.1" 200 8710 "-" "Mozilla/5.0 AppleWebKit/537.36 (KHTML, like Gecko; compatible; ClaudeBot/1.0; +claudebot@anthropic.com)"
216.73.216.56 - - [20/Dec/2025:01:48:40 +0000] "GET /index.php?rest_route=%2Fwp%2Fv2%2Fposts%2F15048 HTTP/1.1" 200 7545 "-" "Mozilla/5.0 AppleWebKit/537.36 (KHTML, like Gecko; compatible; ClaudeBot/1.0; +claudebot@anthropic.com)"
216.73.216.56 - - [20/Dec/2025:01:48:43 +0000] "GET /index.php?rest_route=%2Fwp%2Fv2%2Fposts%2F18674 HTTP/1.1" 200 7899 "-" "Mozilla/5.0 AppleWebKit/537.36 (KHTML, like Gecko; compatible; ClaudeBot/1.0; +claudebot@anthropic.com)"
216.73.216.56 - - [20/Dec/2025:01:48:47 +0000] "GET /index.php?rest_route=%2Fwp%2Fv2%2Fposts%2F45447 HTTP/1.1" 200 8991 "-" "Mozilla/5.0 AppleWebKit/537.36 (KHTML, like Gecko; compatible; ClaudeBot/1.0; +claudebot@anthropic.com)"
66.135.21.75 - - [20/Dec/2025:01:48:51 +0000] "POST /wp-cron.php?doing_wp_cron=1766195330.5353810787200927734375 HTTP/1.1" 499 0 "-" "WordPress/6.3.1; https://datainsightnow.com"
216.73.216.56 - - [20/Dec/2025:01:48:51 +0000] "GET /index.php?rest_route=%2Fwp%2Fv2%2Fposts%2F39561 HTTP/1.1" 200 8604 "-" "Mozilla/5.0 AppleWebKit/537.36 (KHTML, like Gecko; compatible; ClaudeBot/1.0; +claudebot@anthropic.com)"
57.141.0.62 - - [20/Dec/2025:01:48:52 +0000] "GET /karamba-spielsaal-erfahrungen-angeschlossen-testbericht-werfen-sie-einen-blick-auf-den-link-within-2025-pro-teutonia/?fileloc=//sys/class/pci_bus/0000:0e/subsystem/0000:01/subsystem/0000:02/subsystem/0000:02/device/0000:02:00.0/aer_dev_nonfatal&path=//sys/class/pci_bus/0000:0e/subsystem/0000:01/subsystem/0000:02/subsystem/0000:02/device/0000:02:00.0 HTTP/1.1" 200 276788 "-" "meta-externalagent/1.1 (+https://developers.facebook.com/docs/sharing/webmasters/crawler)"
216.73.216.56 - - [20/Dec/2025:01:48:53 +0000] "GET /index.php?rest_route=%2Fwp%2Fv2%2Fposts%2F42179 HTTP/1.1" 200 6902 "-" "Mozilla/5.0 AppleWebKit/537.36 (KHTML, like Gecko; compatible; ClaudeBot/1.0; +claudebot@anthropic.com)"
216.73.216.56 - - [20/Dec/2025:01:48:56 +0000] "GET /index.php?rest_route=%2Fwp%2Fv2%2Fposts%2F46115 HTTP/1.1" 200 10160 "-" "Mozilla/5.0 AppleWebKit/537.36 (KHTML, like Gecko; compatible; ClaudeBot/1.0; +claudebot@anthropic.com)"
216.73.216.56 - - [20/Dec/2025:01:48:59 +0000] "GET /index.php?rest_route=%2Fwp%2Fv2%2Fposts%2F17591 HTTP/1.1" 200 7180 "-" "Mozilla/5.0 AppleWebKit/537.36 (KHTML, like Gecko; compatible; ClaudeBot/1.0; +claudebot@anthropic.com)"
216.73.216.56 - - [20/Dec/2025:01:49:02 +0000] "GET /index.php?rest_route=%2Fwp%2Fv2%2Fposts%2F40693 HTTP/1.1" 200 9664 "-" "Mozilla/5.0 AppleWebKit/537.36 (KHTML, like Gecko; compatible; ClaudeBot/1.0; +claudebot@anthropic.com)"
57.141.0.23 - - [20/Dec/2025:01:49:05 +0000] "GET /moneysense-self-help-guide-to-the-ideal-profile/?fileloc=//sys/class/pci_bus/0000:05/subsystem/0000:00/subsystem/0000:00/device/0000:00:04.1/modalias&path=//sys/class/pci_bus/0000:05/subsystem/0000:00/subsystem/0000:00/device/0000:00:04.1 HTTP/1.1" 200 276740 "-" "meta-externalagent/1.1 (+https://developers.facebook.com/docs/sharing/webmasters/crawler)"
216.73.216.56 - - [20/Dec/2025:01:49:05 +0000] "GET /index.php?rest_route=%2Fwp%2Fv2%2Fposts%2F35551 HTTP/1.1" 200 8317 "-" "Mozilla/5.0 AppleWebKit/537.36 (KHTML, like Gecko; compatible; ClaudeBot/1.0; +claudebot@anthropic.com)"
216.73.216.56 - - [20/Dec/2025:01:49:08 +0000] "GET /index.php?rest_route=%2Fwp%2Fv2%2Fposts%2F25134 HTTP/1.1" 200 7525 "-" "Mozilla/5.0 AppleWebKit/537.36 (KHTML, like Gecko; compatible; ClaudeBot/1.0; +claudebot@anthropic.com)"
216.73.216.56 - - [20/Dec/2025:01:49:11 +0000] "GET /index.php?rest_route=%2Fwp%2Fv2%2Fposts%2F13965 HTTP/1.1" 200 8449 "-" "Mozilla/5.0 AppleWebKit/537.36 (KHTML, like Gecko; compatible; ClaudeBot/1.0; +claudebot@anthropic.com)"
216.73.216.56 - - [20/Dec/2025:01:49:14 +0000] "GET /index.php?rest_route=%2Fwp%2Fv2%2Fposts%2F46173 HTTP/1.1" 200 10681 "-" "Mozilla/5.0 AppleWebKit/537.36 (KHTML, like Gecko; compatible; ClaudeBot/1.0; +claudebot@anthropic.com)"
57.141.0.22 - - [20/Dec/2025:01:49:18 +0000] "GET /karamba-spielsaal-erfahrungen-angeschlossen-testbericht-werfen-sie-einen-blick-auf-den-link-within-2025-pro-teutonia/?fileloc=//sys/class/pci_bus/0000:06/subsystem/0000:0f/subsystem/0000:11/device/driver/0000:00:03.5/driver/0000:00:02.1/ari_enabled&path=//sys/class/pci_bus/0000:06/subsystem/0000:0f/subsystem/0000:11/device/driver/0000:00:03.5/driver/0000:00:02.1 HTTP/1.1" 200 276733 "-" "meta-externalagent/1.1 (+https://developers.facebook.com/docs/sharing/webmasters/crawler)"
216.73.216.56 - - [20/Dec/2025:01:49:18 +0000] "GET /index.php?rest_route=%2Fwp%2Fv2%2Fposts%2F45157 HTTP/1.1" 200 7373 "-" "Mozilla/5.0 AppleWebKit/537.36 (KHTML, like Gecko; compatible; ClaudeBot/1.0; +claudebot@anthropic.com)"
216.73.216.56 - - [20/Dec/2025:01:49:20 +0000] "GET /index.php?rest_route=%2Fwp%2Fv2%2Fposts%2F13556 HTTP/1.1" 200 8801 "-" "Mozilla/5.0 AppleWebKit/537.36 (KHTML, like Gecko; compatible; ClaudeBot/1.0; +claudebot@anthropic.com)"
216.73.216.56 - - [20/Dec/2025:01:49:23 +0000] "GET /index.php?rest_route=%2Fwp%2Fv2%2Fposts%2F18176 HTTP/1.1" 200 11026 "-" "Mozilla/5.0 AppleWebKit/537.36 (KHTML, like Gecko; compatible; ClaudeBot/1.0; +claudebot@anthropic.com)"
85.208.96.199 - - [20/Dec/2025:01:49:24 +0000] "GET /?p=21269 HTTP/1.1" 200 45999 "-" "Mozilla/5.0 (compatible; SemrushBot/7~bl; +http://www.semrush.com/bot.html)"
216.73.216.56 - - [20/Dec/2025:01:49:26 +0000] "GET /index.php?rest_route=%2Fwp%2Fv2%2Fposts%2F34281 HTTP/1.1" 200 8224 "-" "Mozilla/5.0 AppleWebKit/537.36 (KHTML, like Gecko; compatible; ClaudeBot/1.0; +claudebot@anthropic.com)"
216.73.216.56 - - [20/Dec/2025:01:49:29 +0000] "GET /index.php?rest_route=%2Fwp%2Fv2%2Fposts%2F29795 HTTP/1.1" 200 8718 "-" "Mozilla/5.0 AppleWebKit/537.36 (KHTML, like Gecko; compatible; ClaudeBot/1.0; +claudebot@anthropic.com)"
114.119.158.156 - - [20/Dec/2025:01:49:30 +0000] "GET /yu-gi-oh-deck-menu-info-yu-gi-oh-trade-card-game-cards-database/?path=//lost%2Bfound HTTP/1.1" 200 52145 "https://datainsightnow.com/yu-gi-oh-deck-menu-info-yu-gi-oh-trade-card-game-cards-database/?path=//lost%2Bfound" "Mozilla/5.0 (Linux; Android 7.0;) AppleWebKit/537.36 (KHTML, like Gecko) Mobile Safari/537.36 (compatible; PetalBot;+https://webmaster.petalsearch.com/site/petalbot)"
57.141.0.75 - - [20/Dec/2025:01:49:31 +0000] "GET /2025/03/07/page/6/?path=//sys/class/pci_bus/0000:04/subsystem/0000:0a/subsystem/0000:03/device/subsystem/devices/0000:00:02.6 HTTP/1.1" 200 276788 "-" "meta-externalagent/1.1 (+https://developers.facebook.com/docs/sharing/webmasters/crawler)"
216.73.216.56 - - [20/Dec/2025:01:49:32 +0000] "GET /index.php?rest_route=%2Fwp%2Fv2%2Fposts%2F30861 HTTP/1.1" 200 9248 "-" "Mozilla/5.0 AppleWebKit/537.36 (KHTML, like Gecko; compatible; ClaudeBot/1.0; +claudebot@anthropic.com)"
216.73.216.56 - - [20/Dec/2025:01:49:35 +0000] "GET /index.php?rest_route=%2Fwp%2Fv2%2Fposts%2F16563 HTTP/1.1" 200 9501 "-" "Mozilla/5.0 AppleWebKit/537.36 (KHTML, like Gecko; compatible; ClaudeBot/1.0; +claudebot@anthropic.com)"
216.73.216.56 - - [20/Dec/2025:01:49:38 +0000] "GET /index.php?rest_route=%2Fwp%2Fv2%2Fposts%2F41125 HTTP/1.1" 200 8220 "-" "Mozilla/5.0 AppleWebKit/537.36 (KHTML, like Gecko; compatible; ClaudeBot/1.0; +claudebot@anthropic.com)"
185.191.171.15 - - [20/Dec/2025:01:49:40 +0000] "GET /entity/305335098.htm HTTP/1.1" 301 7281 "-" "Mozilla/5.0 (compatible; SemrushBot/7~bl; +http://www.semrush.com/bot.html)"
216.73.216.56 - - [20/Dec/2025:01:49:41 +0000] "GET /index.php?rest_route=%2Fwp%2Fv2%2Fposts%2F30609 HTTP/1.1" 200 9079 "-" "Mozilla/5.0 AppleWebKit/537.36 (KHTML, like Gecko; compatible; ClaudeBot/1.0; +claudebot@anthropic.com)"
57.141.0.5 - - [20/Dec/2025:01:49:44 +0000] "GET /2025/03/06/page/39/?path=//sys/class/pci_bus/0000:0b/subsystem/0000:11/subsystem/0000:11/subsystem/0000:04/device/power HTTP/1.1" 200 276741 "-" "meta-externalagent/1.1 (+https://developers.facebook.com/docs/sharing/webmasters/crawler)"
216.73.216.56 - - [20/Dec/2025:01:49:44 +0000] "GET /index.php?rest_route=%2Fwp%2Fv2%2Fposts%2F27703 HTTP/1.1" 200 7583 "-" "Mozilla/5.0 AppleWebKit/537.36 (KHTML, like Gecko; compatible; ClaudeBot/1.0; +claudebot@anthropic.com)"
185.191.171.13 - - [20/Dec/2025:01:49:45 +0000] "GET /entity/305335098.htm/ HTTP/1.1" 200 52143 "-" "Mozilla/5.0 (compatible; SemrushBot/7~bl; +http://www.semrush.com/bot.html)"
216.73.216.56 - - [20/Dec/2025:01:49:47 +0000] "GET /index.php?rest_route=%2Fwp%2Fv2%2Fposts%2F16199 HTTP/1.1" 200 7699 "-" "Mozilla/5.0 AppleWebKit/537.36 (KHTML, like Gecko; compatible; ClaudeBot/1.0; +claudebot@anthropic.com)"
54.38.147.174 - - [20/Dec/2025:01:49:49 +0000] "GET /?p=34737 HTTP/1.1" 200 49187 "-" "Mozilla/5.0 (compatible; AhrefsBot/7.0; +http://ahrefs.com/robot/)"
66.135.21.75 - - [20/Dec/2025:01:49:51 +0000] "POST /wp-cron.php?doing_wp_cron=1766195390.5495901107788085937500 HTTP/1.1" 499 0 "-" "WordPress/6.3.1; https://datainsightnow.com"
216.73.216.56 - - [20/Dec/2025:01:49:51 +0000] "GET /index.php?rest_route=%2Fwp%2Fv2%2Fposts%2F33193 HTTP/1.1" 200 9560 "-" "Mozilla/5.0 AppleWebKit/537.36 (KHTML, like Gecko; compatible; ClaudeBot/1.0; +claudebot@anthropic.com)"
216.73.216.56 - - [20/Dec/2025:01:49:53 +0000] "GET /index.php?rest_route=%2Fwp%2Fv2%2Fposts%2F39548 HTTP/1.1" 200 9055 "-" "Mozilla/5.0 AppleWebKit/537.36 (KHTML, like Gecko; compatible; ClaudeBot/1.0; +claudebot@anthropic.com)"
57.141.0.42 - - [20/Dec/2025:01:49:57 +0000] "GET /2025/03/07/page/6/?path=//sys/class/pci_bus/0000:05/subsystem/0000:02/subsystem/0000:0c/subsystem/0000:0e/device/driver/0000:00:02.1/0000:00:02.1:pcie010/subsystem HTTP/1.1" 200 276788 "-" "meta-externalagent/1.1 (+https://developers.facebook.com/docs/sharing/webmasters/crawler)"
216.73.216.56 - - [20/Dec/2025:01:49:58 +0000] "GET /index.php?rest_route=%2Fwp%2Fv2%2Fposts%2F32043 HTTP/1.1" 200 7693 "-" "Mozilla/5.0 AppleWebKit/537.36 (KHTML, like Gecko; compatible; ClaudeBot/1.0; +claudebot@anthropic.com)"
216.73.216.56 - - [20/Dec/2025:01:50:01 +0000] "GET /index.php?rest_route=%2Fwp%2Fv2%2Fposts%2F10027 HTTP/1.1" 200 10207 "-" "Mozilla/5.0 AppleWebKit/537.36 (KHTML, like Gecko; compatible; ClaudeBot/1.0; +claudebot@anthropic.com)"
216.73.216.56 - - [20/Dec/2025:01:50:04 +0000] "GET /index.php?rest_route=%2Fwp%2Fv2%2Fposts%2F47401 HTTP/1.1" 200 8479 "-" "Mozilla/5.0 AppleWebKit/537.36 (KHTML, like Gecko; compatible; ClaudeBot/1.0; +claudebot@anthropic.com)"
216.73.216.56 - - [20/Dec/2025:01:50:07 +0000] "GET /index.php?rest_route=%2Fwp%2Fv2%2Fposts%2F33191 HTTP/1.1" 200 9541 "-" "Mozilla/5.0 AppleWebKit/537.36 (KHTML, like Gecko; compatible; ClaudeBot/1.0; +claudebot@anthropic.com)"
40.77.167.56 - - [20/Dec/2025:01:50:09 +0000] "GET /usm_0.66_1.00_0.01/?fileloc=/proc/24/patch_state&path=/proc/24 HTTP/1.1" 200 52143 "-" "Mozilla/5.0 AppleWebKit/537.36 (KHTML, like Gecko; compatible; bingbot/2.0; +http://www.bing.com/bingbot.htm) Chrome/116.0.1938.76 Safari/537.36"
57.141.0.50 - - [20/Dec/2025:01:50:10 +0000] "GET /2025/03/07/page/6/?fileloc=//sys/class/pci_bus/0000:05/subsystem/0000:0c/device/driver/0000:00:02.7/driver/0000:00:03.2/driver/0000:00:02.4/numa_node&path=//sys/class/pci_bus/0000:05/subsystem/0000:0c/device/driver/0000:00:02.7/driver/0000:00:03.2/driver/0000:00:02.4 HTTP/1.1" 200 276788 "-" "meta-externalagent/1.1 (+https://developers.facebook.com/docs/sharing/webmasters/crawler)"
216.73.216.56 - - [20/Dec/2025:01:50:10 +0000] "GET /index.php?rest_route=%2Fwp%2Fv2%2Fposts%2F46977 HTTP/1.1" 200 11879 "-" "Mozilla/5.0 AppleWebKit/537.36 (KHTML, like Gecko; compatible; ClaudeBot/1.0; +claudebot@anthropic.com)"
85.208.96.202 - - [20/Dec/2025:01:50:10 +0000] "GET /?p=19920 HTTP/1.1" 200 48898 "-" "Mozilla/5.0 (compatible; SemrushBot/7~bl; +http://www.semrush.com/bot.html)"
216.73.216.56 - - [20/Dec/2025:01:50:13 +0000] "GET /index.php?rest_route=%2Fwp%2Fv2%2Fposts%2F10049 HTTP/1.1" 200 8885 "-" "Mozilla/5.0 AppleWebKit/537.36 (KHTML, like Gecko; compatible; ClaudeBot/1.0; +claudebot@anthropic.com)"
185.191.171.10 - - [20/Dec/2025:01:50:14 +0000] "GET /entity/305301173.htm HTTP/1.1" 301 7281 "-" "Mozilla/5.0 (compatible; SemrushBot/7~bl; +http://www.semrush.com/bot.html)"
216.73.216.56 - - [20/Dec/2025:01:50:16 +0000] "GET /index.php?rest_route=%2Fwp%2Fv2%2Fposts%2F25918 HTTP/1.1" 200 10017 "-" "Mozilla/5.0 AppleWebKit/537.36 (KHTML, like Gecko; compatible; ClaudeBot/1.0; +claudebot@anthropic.com)"
185.191.171.11 - - [20/Dec/2025:01:50:18 +0000] "GET /entity/305301173.htm/ HTTP/1.1" 200 52143 "-" "Mozilla/5.0 (compatible; SemrushBot/7~bl; +http://www.semrush.com/bot.html)"
216.73.216.56 - - [20/Dec/2025:01:50:19 +0000] "GET /index.php?rest_route=%2Fwp%2Fv2%2Fposts%2F45041 HTTP/1.1" 200 8796 "-" "Mozilla/5.0 AppleWebKit/537.36 (KHTML, like Gecko; compatible; ClaudeBot/1.0; +claudebot@anthropic.com)"
57.141.0.29 - - [20/Dec/2025:01:50:22 +0000] "GET /2025/03/07/page/6/?path=//sys/class/pci_bus/0000:09/device/0000:00:02.7:pcie001/driver/0000:00:04.0:pcie001/driver/0000:00:03.7:pcie001/subsystem/devices/0000:00:03.1:pcie002/driver HTTP/1.1" 200 276740 "-" "meta-externalagent/1.1 (+https://developers.facebook.com/docs/sharing/webmasters/crawler)"
216.73.216.56 - - [20/Dec/2025:01:50:22 +0000] "GET /index.php?rest_route=%2Fwp%2Fv2%2Fposts%2F14445 HTTP/1.1" 200 8913 "-" "Mozilla/5.0 AppleWebKit/537.36 (KHTML, like Gecko; compatible; ClaudeBot/1.0; +claudebot@anthropic.com)"
216.73.216.56 - - [20/Dec/2025:01:50:25 +0000] "GET /index.php?rest_route=%2Fwp%2Fv2%2Fposts%2F13859 HTTP/1.1" 200 9673 "-" "Mozilla/5.0 AppleWebKit/537.36 (KHTML, like Gecko; compatible; ClaudeBot/1.0; +claudebot@anthropic.com)"
216.73.216.56 - - [20/Dec/2025:01:50:28 +0000] "GET /index.php?rest_route=%2Fwp%2Fv2%2Fposts%2F45039 HTTP/1.1" 200 9692 "-" "Mozilla/5.0 AppleWebKit/537.36 (KHTML, like Gecko; compatible; ClaudeBot/1.0; +claudebot@anthropic.com)"
216.73.216.56 - - [20/Dec/2025:01:50:31 +0000] "GET /index.php?rest_route=%2Fwp%2Fv2%2Fposts%2F36367 HTTP/1.1" 200 9601 "-" "Mozilla/5.0 AppleWebKit/537.36 (KHTML, like Gecko; compatible; ClaudeBot/1.0; +claudebot@anthropic.com)"
66.249.69.1 - - [20/Dec/2025:01:50:31 +0000] "GET /vm9da/article.php?id=jp-davis-louisville HTTP/1.1" 404 564 "-" "Mozilla/5.0 (Linux; Android 6.0.1; Nexus 5X Build/MMB29P) AppleWebKit/537.36 (KHTML, like Gecko) Chrome/141.0.7390.122 Mobile Safari/537.36 (compatible; Googlebot/2.1; +http://www.google.com/bot.html)"
66.135.21.75 - - [20/Dec/2025:01:50:35 +0000] "POST /wp-cron.php?doing_wp_cron=1766195434.0381920337677001953125 HTTP/1.1" 499 0 "-" "WordPress/6.3.1; https://datainsightnow.com"
216.73.216.56 - - [20/Dec/2025:01:50:35 +0000] "GET /index.php?rest_route=%2Fwp%2Fv2%2Fposts%2F36211 HTTP/1.1" 200 8764 "-" "Mozilla/5.0 AppleWebKit/537.36 (KHTML, like Gecko; compatible; ClaudeBot/1.0; +claudebot@anthropic.com)"
57.141.0.24 - - [20/Dec/2025:01:50:36 +0000] "GET /2025/03/06/page/39/?fileloc=//sys/class/pci_bus/0000:03/subsystem/0000:04/subsystem/0000:0d/subsystem/0000:06/cpulistaffinity&path=//sys/class/pci_bus/0000:03/subsystem/0000:04/subsystem/0000:0d/subsystem/0000:06 HTTP/1.1" 200 276788 "-" "meta-externalagent/1.1 (+https://developers.facebook.com/docs/sharing/webmasters/crawler)"
216.73.216.56 - - [20/Dec/2025:01:50:37 +0000] "GET /index.php?rest_route=%2Fwp%2Fv2%2Fposts%2F25324 HTTP/1.1" 200 8457 "-" "Mozilla/5.0 AppleWebKit/537.36 (KHTML, like Gecko; compatible; ClaudeBot/1.0; +claudebot@anthropic.com)"
216.73.216.56 - - [20/Dec/2025:01:50:40 +0000] "GET /index.php?rest_route=%2Fwp%2Fv2%2Fposts%2F12547 HTTP/1.1" 200 8392 "-" "Mozilla/5.0 AppleWebKit/537.36 (KHTML, like Gecko; compatible; ClaudeBot/1.0; +claudebot@anthropic.com)"
85.208.96.209 - - [20/Dec/2025:01:50:41 +0000] "GET /?p=37157 HTTP/1.1" 200 48049 "-" "Mozilla/5.0 (compatible; SemrushBot/7~bl; +http://www.semrush.com/bot.html)"
216.73.216.56 - - [20/Dec/2025:01:50:43 +0000] "GET /index.php?rest_route=%2Fwp%2Fv2%2Fposts%2F19955 HTTP/1.1" 200 6975 "-" "Mozilla/5.0 AppleWebKit/537.36 (KHTML, like Gecko; compatible; ClaudeBot/1.0; +claudebot@anthropic.com)"
57.141.0.37 - - [20/Dec/2025:01:50:46 +0000] "GET /karamba-spielsaal-erfahrungen-angeschlossen-testbericht-werfen-sie-einen-blick-auf-den-link-within-2025-pro-teutonia/?fileloc=//sys/class/pci_bus/0000:06/subsystem/0000:0b/subsystem/0000:06/subsystem/0000:12/subsystem/0000:00/device/0000:00:1f.0/subsystem_device&path=//sys/class/pci_bus/0000:06/subsystem/0000:0b/subsystem/0000:06/subsystem/0000:12/subsystem/0000:00/device/0000:00:1f.0 HTTP/1.1" 200 276788 "-" "meta-externalagent/1.1 (+https://developers.facebook.com/docs/sharing/webmasters/crawler)"
216.73.216.56 - - [20/Dec/2025:01:50:46 +0000] "GET /index.php?rest_route=%2Fwp%2Fv2%2Fposts%2F27909 HTTP/1.1" 200 9902 "-" "Mozilla/5.0 AppleWebKit/537.36 (KHTML, like Gecko; compatible; ClaudeBot/1.0; +claudebot@anthropic.com)"
216.73.216.56 - - [20/Dec/2025:01:50:49 +0000] "GET /index.php?rest_route=%2Fwp%2Fv2%2Fposts%2F38031 HTTP/1.1" 200 7106 "-" "Mozilla/5.0 AppleWebKit/537.36 (KHTML, like Gecko; compatible; ClaudeBot/1.0; +claudebot@anthropic.com)"
66.135.21.75 - - [20/Dec/2025:01:50:53 +0000] "POST /wp-cron.php?doing_wp_cron=1766195452.0447919368743896484375 HTTP/1.1" 499 0 "-" "WordPress/6.3.1; https://datainsightnow.com"
216.73.216.56 - - [20/Dec/2025:01:50:53 +0000] "GET /index.php?rest_route=%2Fwp%2Fv2%2Fposts%2F21041 HTTP/1.1" 200 10687 "-" "Mozilla/5.0 AppleWebKit/537.36 (KHTML, like Gecko; compatible; ClaudeBot/1.0; +claudebot@anthropic.com)"
216.73.216.56 - - [20/Dec/2025:01:50:55 +0000] "GET /index.php?rest_route=%2Fwp%2Fv2%2Fposts%2F41799 HTTP/1.1" 200 8757 "-" "Mozilla/5.0 AppleWebKit/537.36 (KHTML, like Gecko; compatible; ClaudeBot/1.0; +claudebot@anthropic.com)"
114.119.145.154 - - [20/Dec/2025:01:50:57 +0000] "GET /yu-gi-oh-deck-menu-info-yu-gi-oh-trade-card-game-cards-database/?fileloc=/opt/wpsites/datainsightnow.com/wp-config.php&path=/opt/wpsites/datainsightnow.com HTTP/1.1" 200 52145 "https://datainsightnow.com/yu-gi-oh-deck-menu-info-yu-gi-oh-trade-card-game-cards-database/" "Mozilla/5.0 (Linux; Android 7.0;) AppleWebKit/537.36 (KHTML, like Gecko) Mobile Safari/537.36 (compatible; PetalBot;+https://webmaster.petalsearch.com/site/petalbot)"
216.73.216.56 - - [20/Dec/2025:01:50:58 +0000] "GET /index.php?rest_route=%2Fwp%2Fv2%2Fposts%2F44973 HTTP/1.1" 200 7924 "-" "Mozilla/5.0 AppleWebKit/537.36 (KHTML, like Gecko; compatible; ClaudeBot/1.0; +claudebot@anthropic.com)"
57.141.0.48 - - [20/Dec/2025:01:50:59 +0000] "GET /2025/03/07/page/6/?fileloc=//sys/class/pci_bus/0000:04/subsystem/0000:05/subsystem/0000:05/subsystem/0000:00/device/0000:00:02.7/enable&path=//sys/class/pci_bus/0000:04/subsystem/0000:05/subsystem/0000:05/subsystem/0000:00/device/0000:00:02.7 HTTP/1.1" 200 276733 "-" "meta-externalagent/1.1 (+https://developers.facebook.com/docs/sharing/webmasters/crawler)"
40.77.167.56 - - [20/Dec/2025:01:50:59 +0000] "GET /745159837?entity=0742283030 HTTP/1.1" 200 29733 "-" "Mozilla/5.0 AppleWebKit/537.36 (KHTML, like Gecko; compatible; bingbot/2.0; +http://www.bing.com/bingbot.htm) Chrome/116.0.1938.76 Safari/537.36"
216.73.216.56 - - [20/Dec/2025:01:51:01 +0000] "GET /index.php?rest_route=%2Fwp%2Fv2%2Fposts%2F46483 HTTP/1.1" 200 9065 "-" "Mozilla/5.0 AppleWebKit/537.36 (KHTML, like Gecko; compatible; ClaudeBot/1.0; +claudebot@anthropic.com)"
198.244.168.242 - - [20/Dec/2025:01:51:02 +0000] "GET /?p=25482 HTTP/1.1" 200 49606 "-" "Mozilla/5.0 (compatible; AhrefsBot/7.0; +http://ahrefs.com/robot/)"
216.73.216.56 - - [20/Dec/2025:01:51:04 +0000] "GET /index.php?rest_route=%2Fwp%2Fv2%2Fposts%2F46623 HTTP/1.1" 200 7412 "-" "Mozilla/5.0 AppleWebKit/537.36 (KHTML, like Gecko; compatible; ClaudeBot/1.0; +claudebot@anthropic.com)"
216.73.216.56 - - [20/Dec/2025:01:51:07 +0000] "GET /index.php?rest_route=%2Fwp%2Fv2%2Fposts%2F27747 HTTP/1.1" 200 8428 "-" "Mozilla/5.0 AppleWebKit/537.36 (KHTML, like Gecko; compatible; ClaudeBot/1.0; +claudebot@anthropic.com)"
57.141.0.69 - - [20/Dec/2025:01:51:10 +0000] "GET /karamba-spielsaal-erfahrungen-angeschlossen-testbericht-werfen-sie-einen-blick-auf-den-link-within-2025-pro-teutonia/?fileloc=//sys/class/pci_bus/0000:06/subsystem/0000:0c/device/driver/0000:00:02.3/driver/0000:00:02.3/driver/0000:00:02.5/secondary_bus_number&path=//sys/class/pci_bus/0000:06/subsystem/0000:0c/device/driver/0000:00:02.3/driver/0000:00:02.3/driver/0000:00:02.5 HTTP/1.1" 200 276788 "-" "meta-externalagent/1.1 (+https://developers.facebook.com/docs/sharing/webmasters/crawler)"
216.73.216.56 - - [20/Dec/2025:01:51:10 +0000] "GET /index.php?rest_route=%2Fwp%2Fv2%2Fposts%2F44979 HTTP/1.1" 200 9206 "-" "Mozilla/5.0 AppleWebKit/537.36 (KHTML, like Gecko; compatible; ClaudeBot/1.0; +claudebot@anthropic.com)"
216.73.216.56 - - [20/Dec/2025:01:51:13 +0000] "GET /index.php?rest_route=%2Fwp%2Fv2%2Fposts%2F44965 HTTP/1.1" 200 8101 "-" "Mozilla/5.0 AppleWebKit/537.36 (KHTML, like Gecko; compatible; ClaudeBot/1.0; +claudebot@anthropic.com)"
216.73.216.56 - - [20/Dec/2025:01:51:16 +0000] "GET /index.php?rest_route=%2Fwp%2Fv2%2Fposts%2F14209 HTTP/1.1" 200 9218 "-" "Mozilla/5.0 AppleWebKit/537.36 (KHTML, like Gecko; compatible; ClaudeBot/1.0; +claudebot@anthropic.com)"
216.73.216.56 - - [20/Dec/2025:01:51:19 +0000] "GET /index.php?rest_route=%2Fwp%2Fv2%2Fposts%2F44971 HTTP/1.1" 200 9633 "-" "Mozilla/5.0 AppleWebKit/537.36 (KHTML, like Gecko; compatible; ClaudeBot/1.0; +claudebot@anthropic.com)"
216.73.216.56 - - [20/Dec/2025:01:51:22 +0000] "GET /index.php?rest_route=%2Fwp%2Fv2%2Fposts%2F46471 HTTP/1.1" 200 7806 "-" "Mozilla/5.0 AppleWebKit/537.36 (KHTML, like Gecko; compatible; ClaudeBot/1.0; +claudebot@anthropic.com)"
57.141.0.13 - - [20/Dec/2025:01:51:23 +0000] "GET /2025/03/07/page/6/?path=//sys/class/pci_bus/0000:05/subsystem/0000:0d/subsystem/0000:0b/subsystem/0000:04/subsystem/0000:13/subsystem/0000:0d HTTP/1.1" 200 276733 "-" "meta-externalagent/1.1 (+https://developers.facebook.com/docs/sharing/webmasters/crawler)"
216.73.216.56 - - [20/Dec/2025:01:51:25 +0000] "GET /index.php?rest_route=%2Fwp%2Fv2%2Fposts%2F23925 HTTP/1.1" 200 8092 "-" "Mozilla/5.0 AppleWebKit/537.36 (KHTML, like Gecko; compatible; ClaudeBot/1.0; +claudebot@anthropic.com)"
185.191.171.3 - - [20/Dec/2025:01:51:26 +0000] "GET /?p=36251 HTTP/1.1" 200 49099 "-" "Mozilla/5.0 (compatible; SemrushBot/7~bl; +http://www.semrush.com/bot.html)"
216.73.216.56 - - [20/Dec/2025:01:51:28 +0000] "GET /entity/47984924.htm HTTP/1.1" 301 7281 "-" "Mozilla/5.0 AppleWebKit/537.36 (KHTML, like Gecko; compatible; ClaudeBot/1.0; +claudebot@anthropic.com)"
216.73.216.56 - - [20/Dec/2025:01:51:30 +0000] "GET /entity/47984924.htm/ HTTP/1.1" 200 52143 "https://datainsightnow.com/entity/47984924.htm" "Mozilla/5.0 AppleWebKit/537.36 (KHTML, like Gecko; compatible; ClaudeBot/1.0; +claudebot@anthropic.com)"
216.73.216.56 - - [20/Dec/2025:01:51:31 +0000] "GET /entity/47953079.htm HTTP/1.1" 301 7281 "-" "Mozilla/5.0 AppleWebKit/537.36 (KHTML, like Gecko; compatible; ClaudeBot/1.0; +claudebot@anthropic.com)"
66.249.69.2 - - [20/Dec/2025:01:51:32 +0000] "GET /?fileloc=//sys/class/sound/card0/device/subsystem/devices/0000:00:02.2/subsystem/devices/0000:00:03.4/driver/0000:00:02.1/driver/0000:00:03.3/driver/0000:00:03.4/driver/0000:00:04.0/driver/0000:00:02.1/driver/0000:00:02.0/driver/0000:00:03.4/firmware_node/physical_node/local_cpus&path=//sys/class/sound/card0/device/subsystem/devices/0000:00:02.2/subsystem/devices/0000:00:03.4/driver/0000:00:02.1/driver/0000:00:03.3/driver/0000:00:03.4/driver/0000:00:04.0/driver/0000:00:02.1/driver/0000:00:02.0/driver/0000:00:03.4/firmware_node/physical_node HTTP/1.1" 200 52145 "-" "Mozilla/5.0 (Linux; Android 6.0.1; Nexus 5X Build/MMB29P) AppleWebKit/537.36 (KHTML, like Gecko) Chrome/141.0.7390.122 Mobile Safari/537.36 (compatible; Googlebot/2.1; +http://www.google.com/bot.html)"
216.73.216.56 - - [20/Dec/2025:01:51:33 +0000] "GET /entity/47953079.htm/ HTTP/1.1" 200 52143 "https://datainsightnow.com/entity/47953079.htm" "Mozilla/5.0 AppleWebKit/537.36 (KHTML, like Gecko; compatible; ClaudeBot/1.0; +claudebot@anthropic.com)"
66.249.69.3 - - [20/Dec/2025:01:51:34 +0000] "GET /?path=//sys/class/sound/card0/device/subsystem/devices/0000:00:02.2/driver/0000:00:03.4/driver/0000:00:02.6/driver/0000:00:03.0/subsystem/devices/0000:00:03.4/driver/0000:00:02.4/subsystem/devices/0000:00:02.4/driver/0000:00:02.4/driver/0000:00:02.1/subsystem/devices/0000:00:02.1/driver/0000:00:03.3/driver/0000:00:03.7/subsystem/drivers/pcieport/0000:00:02.1/0000:00:02.1:pcie002/subsystem HTTP/1.1" 200 52145 "-" "Mozilla/5.0 (Linux; Android 6.0.1; Nexus 5X Build/MMB29P) AppleWebKit/537.36 (KHTML, like Gecko) Chrome/141.0.7390.122 Mobile Safari/537.36 (compatible; Googlebot/2.1; +http://www.google.com/bot.html)"
57.141.0.74 - - [20/Dec/2025:01:51:35 +0000] "GET /karamba-spielsaal-erfahrungen-angeschlossen-testbericht-werfen-sie-einen-blick-auf-den-link-within-2025-pro-teutonia/?fileloc=//sys/class/pci_bus/0000:02/device/driver/0000:00:02.2/subsystem/devices/0000:00:02.5/firmware_node/physical_node/0000:00:02.5:pcie010/uevent&path=//sys/class/pci_bus/0000:02/device/driver/0000:00:02.2/subsystem/devices/0000:00:02.5/firmware_node/physical_node/0000:00:02.5:pcie010 HTTP/1.1" 200 276740 "-" "meta-externalagent/1.1 (+https://developers.facebook.com/docs/sharing/webmasters/crawler)"
216.73.216.56 - - [20/Dec/2025:01:51:35 +0000] "GET /entity/47894792.htm HTTP/1.1" 301 7275 "-" "Mozilla/5.0 AppleWebKit/537.36 (KHTML, like Gecko; compatible; ClaudeBot/1.0; +claudebot@anthropic.com)"
216.73.216.56 - - [20/Dec/2025:01:51:36 +0000] "GET /entity/47894792.htm/ HTTP/1.1" 200 52143 "https://datainsightnow.com/entity/47894792.htm" "Mozilla/5.0 AppleWebKit/537.36 (KHTML, like Gecko; compatible; ClaudeBot/1.0; +claudebot@anthropic.com)"
216.73.216.56 - - [20/Dec/2025:01:51:37 +0000] "GET /entity/47921738.htm HTTP/1.1" 301 7275 "-" "Mozilla/5.0 AppleWebKit/537.36 (KHTML, like Gecko; compatible; ClaudeBot/1.0; +claudebot@anthropic.com)"
216.73.216.56 - - [20/Dec/2025:01:51:37 +0000] "GET /entity/47921738.htm/ HTTP/1.1" 200 52143 "https://datainsightnow.com/entity/47921738.htm" "Mozilla/5.0 AppleWebKit/537.36 (KHTML, like Gecko; compatible; ClaudeBot/1.0; +claudebot@anthropic.com)"
216.73.216.56 - - [20/Dec/2025:01:51:40 +0000] "GET /entity/47921989.htm HTTP/1.1" 301 7281 "-" "Mozilla/5.0 AppleWebKit/537.36 (KHTML, like Gecko; compatible; ClaudeBot/1.0; +claudebot@anthropic.com)"
216.73.216.56 - - [20/Dec/2025:01:51:40 +0000] "GET /entity/47921989.htm/ HTTP/1.1" 200 52143 "https://datainsightnow.com/entity/47921989.htm" "Mozilla/5.0 AppleWebKit/537.36 (KHTML, like Gecko; compatible; ClaudeBot/1.0; +claudebot@anthropic.com)"
216.73.216.56 - - [20/Dec/2025:01:51:43 +0000] "GET /entity/47956952.htm HTTP/1.1" 301 7281 "-" "Mozilla/5.0 AppleWebKit/537.36 (KHTML, like Gecko; compatible; ClaudeBot/1.0; +claudebot@anthropic.com)"
57.141.0.13 - - [20/Dec/2025:01:51:45 +0000] "GET /karamba-spielsaal-erfahrungen-angeschlossen-testbericht-werfen-sie-einen-blick-auf-den-link-within-2025-pro-teutonia/?path=//sys/class/pci_bus/0000:02/subsystem/0000:13/subsystem/0000:0a/device/driver/0000:00:02.7/driver/0000:00:02.3/0000:00:02.3:pcie010 HTTP/1.1" 200 276740 "-" "meta-externalagent/1.1 (+https://developers.facebook.com/docs/sharing/webmasters/crawler)"
216.73.216.56 - - [20/Dec/2025:01:51:46 +0000] "GET /entity/47956952.htm/ HTTP/1.1" 200 52143 "https://datainsightnow.com/entity/47956952.htm" "Mozilla/5.0 AppleWebKit/537.36 (KHTML, like Gecko; compatible; ClaudeBot/1.0; +claudebot@anthropic.com)"
216.73.216.56 - - [20/Dec/2025:01:51:49 +0000] "GET /entity/47922511.htm HTTP/1.1" 301 7275 "-" "Mozilla/5.0 AppleWebKit/537.36 (KHTML, like Gecko; compatible; ClaudeBot/1.0; +claudebot@anthropic.com)"
216.73.216.56 - - [20/Dec/2025:01:51:50 +0000] "GET /entity/47922511.htm/ HTTP/1.1" 200 52143 "https://datainsightnow.com/entity/47922511.htm" "Mozilla/5.0 AppleWebKit/537.36 (KHTML, like Gecko; compatible; ClaudeBot/1.0; +claudebot@anthropic.com)"
66.135.21.75 - - [20/Dec/2025:01:51:53 +0000] "POST /wp-cron.php?doing_wp_cron=1766195512.1694920063018798828125 HTTP/1.1" 499 0 "-" "WordPress/6.3.1; https://datainsightnow.com"
216.73.216.56 - - [20/Dec/2025:01:51:53 +0000] "GET /entity/47951007.htm HTTP/1.1" 301 7281 "-" "Mozilla/5.0 AppleWebKit/537.36 (KHTML, like Gecko; compatible; ClaudeBot/1.0; +claudebot@anthropic.com)"
216.73.216.56 - - [20/Dec/2025:01:51:54 +0000] "GET /entity/47951007.htm/ HTTP/1.1" 200 52143 "https://datainsightnow.com/entity/47951007.htm" "Mozilla/5.0 AppleWebKit/537.36 (KHTML, like Gecko; compatible; ClaudeBot/1.0; +claudebot@anthropic.com)"
216.73.216.56 - - [20/Dec/2025:01:51:55 +0000] "GET /entity/48005132.htm HTTP/1.1" 301 7281 "-" "Mozilla/5.0 AppleWebKit/537.36 (KHTML, like Gecko; compatible; ClaudeBot/1.0; +claudebot@anthropic.com)"
216.73.216.56 - - [20/Dec/2025:01:51:56 +0000] "GET /entity/48005132.htm/ HTTP/1.1" 200 52143 "https://datainsightnow.com/entity/48005132.htm" "Mozilla/5.0 AppleWebKit/537.36 (KHTML, like Gecko; compatible; ClaudeBot/1.0; +claudebot@anthropic.com)"
57.141.0.28 - - [20/Dec/2025:01:51:57 +0000] "GET /karamba-spielsaal-erfahrungen-angeschlossen-testbericht-werfen-sie-einen-blick-auf-den-link-within-2025-pro-teutonia/?path=//sys/class/pci_bus/0000:06/subsystem/0000:04/subsystem/0000:0f/subsystem/0000:01/subsystem/0000:02/subsystem/0000:09/subsystem HTTP/1.1" 200 276741 "-" "meta-externalagent/1.1 (+https://developers.facebook.com/docs/sharing/webmasters/crawler)"
216.73.216.56 - - [20/Dec/2025:01:51:58 +0000] "GET /entity/47923025.htm HTTP/1.1" 301 7281 "-" "Mozilla/5.0 AppleWebKit/537.36 (KHTML, like Gecko; compatible; ClaudeBot/1.0; +claudebot@anthropic.com)"
216.73.216.56 - - [20/Dec/2025:01:51:59 +0000] "GET /entity/47923025.htm/ HTTP/1.1" 200 52143 "https://datainsightnow.com/entity/47923025.htm" "Mozilla/5.0 AppleWebKit/537.36 (KHTML, like Gecko; compatible; ClaudeBot/1.0; +claudebot@anthropic.com)"
216.73.216.56 - - [20/Dec/2025:01:52:01 +0000] "GET /entity/48112613.htm HTTP/1.1" 301 7281 "-" "Mozilla/5.0 AppleWebKit/537.36 (KHTML, like Gecko; compatible; ClaudeBot/1.0; +claudebot@anthropic.com)"
216.73.216.56 - - [20/Dec/2025:01:52:02 +0000] "GET /entity/48112613.htm/ HTTP/1.1" 200 52143 "https://datainsightnow.com/entity/48112613.htm" "Mozilla/5.0 AppleWebKit/537.36 (KHTML, like Gecko; compatible; ClaudeBot/1.0; +claudebot@anthropic.com)"
216.73.216.56 - - [20/Dec/2025:01:52:06 +0000] "GET /entity/47896350.htm HTTP/1.1" 301 7281 "-" "Mozilla/5.0 AppleWebKit/537.36 (KHTML, like Gecko; compatible; ClaudeBot/1.0; +claudebot@anthropic.com)"
216.73.216.56 - - [20/Dec/2025:01:52:08 +0000] "GET /entity/47896350.htm/ HTTP/1.1" 200 52143 "https://datainsightnow.com/entity/47896350.htm" "Mozilla/5.0 AppleWebKit/537.36 (KHTML, like Gecko; compatible; ClaudeBot/1.0; +claudebot@anthropic.com)"
57.141.0.46 - - [20/Dec/2025:01:52:08 +0000] "GET /karamba-spielsaal-erfahrungen-angeschlossen-testbericht-werfen-sie-einen-blick-auf-den-link-within-2025-pro-teutonia/?fileloc=//sys/class/pci_bus/0000:06/subsystem/0000:04/subsystem/0000:08/device/driver/0000:00:02.0/driver/0000:00:02.5/msi_bus&path=//sys/class/pci_bus/0000:06/subsystem/0000:04/subsystem/0000:08/device/driver/0000:00:02.0/driver/0000:00:02.5 HTTP/1.1" 200 276788 "-" "meta-externalagent/1.1 (+https://developers.facebook.com/docs/sharing/webmasters/crawler)"
216.73.216.56 - - [20/Dec/2025:01:52:09 +0000] "GET /entity/48006427.htm HTTP/1.1" 301 7275 "-" "Mozilla/5.0 AppleWebKit/537.36 (KHTML, like Gecko; compatible; ClaudeBot/1.0; +claudebot@anthropic.com)"
216.73.216.56 - - [20/Dec/2025:01:52:10 +0000] "GET /entity/48006427.htm/ HTTP/1.1" 200 52143 "https://datainsightnow.com/entity/48006427.htm" "Mozilla/5.0 AppleWebKit/537.36 (KHTML, like Gecko; compatible; ClaudeBot/1.0; +claudebot@anthropic.com)"
216.73.216.56 - - [20/Dec/2025:01:52:11 +0000] "GET /entity/47954629.htm HTTP/1.1" 301 7281 "-" "Mozilla/5.0 AppleWebKit/537.36 (KHTML, like Gecko; compatible; ClaudeBot/1.0; +claudebot@anthropic.com)"
216.73.216.56 - - [20/Dec/2025:01:52:12 +0000] "GET /entity/47954629.htm/ HTTP/1.1" 200 52143 "https://datainsightnow.com/entity/47954629.htm" "Mozilla/5.0 AppleWebKit/537.36 (KHTML, like Gecko; compatible; ClaudeBot/1.0; +claudebot@anthropic.com)"
198.244.168.109 - - [20/Dec/2025:01:52:13 +0000] "GET /?p=34783 HTTP/1.1" 200 50421 "-" "Mozilla/5.0 (compatible; AhrefsBot/7.0; +http://ahrefs.com/robot/)"
216.73.216.56 - - [20/Dec/2025:01:52:14 +0000] "GET /entity/48084902.htm HTTP/1.1" 301 7275 "-" "Mozilla/5.0 AppleWebKit/537.36 (KHTML, like Gecko; compatible; ClaudeBot/1.0; +claudebot@anthropic.com)"
216.73.216.56 - - [20/Dec/2025:01:52:15 +0000] "GET /entity/48084902.htm/ HTTP/1.1" 200 52143 "https://datainsightnow.com/entity/48084902.htm" "Mozilla/5.0 AppleWebKit/537.36 (KHTML, like Gecko; compatible; ClaudeBot/1.0; +claudebot@anthropic.com)"
114.119.153.242 - - [20/Dec/2025:01:52:17 +0000] "GET /yu-gi-oh-deck-menu-info-yu-gi-oh-trade-card-game-cards-database/?fileloc=//sys/kernel/address_bits&path=//sys/kernel HTTP/1.1" 200 52145 "https://datainsightnow.com/yu-gi-oh-deck-menu-info-yu-gi-oh-trade-card-game-cards-database/?path=//sys/kernel" "Mozilla/5.0 (Linux; Android 7.0;) AppleWebKit/537.36 (KHTML, like Gecko) Mobile Safari/537.36 (compatible; PetalBot;+https://webmaster.petalsearch.com/site/petalbot)"
216.73.216.56 - - [20/Dec/2025:01:52:17 +0000] "GET /entity/47925097.htm HTTP/1.1" 301 7281 "-" "Mozilla/5.0 AppleWebKit/537.36 (KHTML, like Gecko; compatible; ClaudeBot/1.0; +claudebot@anthropic.com)"
216.73.216.56 - - [20/Dec/2025:01:52:18 +0000] "GET /entity/47925097.htm/ HTTP/1.1" 200 52143 "https://datainsightnow.com/entity/47925097.htm" "Mozilla/5.0 AppleWebKit/537.36 (KHTML, like Gecko; compatible; ClaudeBot/1.0; +claudebot@anthropic.com)"
57.141.0.27 - - [20/Dec/2025:01:52:19 +0000] "GET /2025/03/07/page/6/?path=//sys/class/pci_bus/0000:0b/device/0000:00:03.1:pcie002/driver/0000:00:02.2:pcie002/subsystem/devices/0000:00:03.1:pcie002 HTTP/1.1" 200 276733 "-" "meta-externalagent/1.1 (+https://developers.facebook.com/docs/sharing/webmasters/crawler)"
216.73.216.56 - - [20/Dec/2025:01:52:20 +0000] "GET /entity/47892730.htm HTTP/1.1" 301 7275 "-" "Mozilla/5.0 AppleWebKit/537.36 (KHTML, like Gecko; compatible; ClaudeBot/1.0; +claudebot@anthropic.com)"
216.73.216.56 - - [20/Dec/2025:01:52:21 +0000] "GET /entity/47892730.htm/ HTTP/1.1" 200 52143 "https://datainsightnow.com/entity/47892730.htm" "Mozilla/5.0 AppleWebKit/537.36 (KHTML, like Gecko; compatible; ClaudeBot/1.0; +claudebot@anthropic.com)"
216.73.216.56 - - [20/Dec/2025:01:52:24 +0000] "GET /entity/47991662.htm HTTP/1.1" 301 7275 "-" "Mozilla/5.0 AppleWebKit/537.36 (KHTML, like Gecko; compatible; ClaudeBot/1.0; +claudebot@anthropic.com)"
216.73.216.56 - - [20/Dec/2025:01:52:24 +0000] "GET /entity/47991662.htm/ HTTP/1.1" 200 52143 "https://datainsightnow.com/entity/47991662.htm" "Mozilla/5.0 AppleWebKit/537.36 (KHTML, like Gecko; compatible; ClaudeBot/1.0; +claudebot@anthropic.com)"
216.73.216.56 - - [20/Dec/2025:01:52:27 +0000] "GET /entity/48009276.htm HTTP/1.1" 301 7281 "-" "Mozilla/5.0 AppleWebKit/537.36 (KHTML, like Gecko; compatible; ClaudeBot/1.0; +claudebot@anthropic.com)"
