74.225.236.10 - - [20/Dec/2025:01:43:05 +0000] "GET /buy.php HTTP/1.1" 404 564 "https://www.bing.com/" "Mozilla/5.0 (Linux; Android 13; M2101K6G) AppleWebKit/537.36 (KHTML, like Gecko) Chrome/116.0.0.0 Mobile Safari/537.36"
74.225.236.10 - - [20/Dec/2025:01:43:05 +0000] "GET /cgi-bin/file.php HTTP/1.1" 404 162 "https://www.google.de/" "Mozilla/5.0 (iPhone; CPU iPhone OS 17_1 like Mac OS X) AppleWebKit/605.1.15 (KHTML, like Gecko) CriOS/119.0.6045.109 Mobile/15E148 Safari/604.1"
74.225.236.10 - - [20/Dec/2025:01:43:06 +0000] "GET /cgi-bin/index.php HTTP/1.1" 404 564 "https://www.yahoo.com/" "Mozilla/5.0 (Linux; Android 13; M2101K6G) AppleWebKit/537.36 (KHTML, like Gecko) Chrome/116.0.0.0 Mobile Safari/537.36"
74.225.236.10 - - [20/Dec/2025:01:43:06 +0000] "GET /chosen.php HTTP/1.1" 404 564 "https://www.google.com/" "Mozilla/5.0 (Linux; Android 11; 21081111RG) AppleWebKit/537.36 (KHTML, like Gecko) Chrome/116.0.0.0 Mobile Safari/537.36"
74.225.236.10 - - [20/Dec/2025:01:43:06 +0000] "GET /classwithtostring.php HTTP/1.1" 404 162 "https://www.google.fr/" "Mozilla/5.0 (iPhone; CPU iPhone OS 16_0 like Mac OS X) AppleWebKit/605.1.15 (KHTML, like Gecko) FxiOS/118.0 Mobile/15E148 Safari/605.1.15"
74.225.236.10 - - [20/Dec/2025:01:43:07 +0000] "GET /edit.php HTTP/1.1" 404 564 "https://www.yahoo.com/" "Mozilla/5.0 (Linux; Android 12; 2201116SG) AppleWebKit/537.36 (KHTML, like Gecko) Chrome/116.0.0.0 Mobile Safari/537.36"
74.225.236.10 - - [20/Dec/2025:01:43:07 +0000] "GET /elp.php HTTP/1.1" 404 564 "https://www.yahoo.com/" "Mozilla/5.0 (Linux; Android 13; SM-G991U) AppleWebKit/537.36 (KHTML, like Gecko) Chrome/117.0.0.0 Mobile Safari/537.36"
74.225.236.10 - - [20/Dec/2025:01:43:07 +0000] "GET /file.php HTTP/1.1" 404 564 "https://www.google.fr/" "Mozilla/5.0 (Linux; Android 13; SM-G991U) AppleWebKit/537.36 (KHTML, like Gecko) Chrome/117.0.0.0 Mobile Safari/537.36"
74.225.236.10 - - [20/Dec/2025:01:43:09 +0000] "GET /files/ HTTP/1.1" 200 276878 "https://www.bing.com/" "Mozilla/5.g (Linux; Android 13; Pixel 7) AppleWebKit/537.36 (KHTML, like Gecko) Chrome/116.0.0.0 Mobile Safari/537.36"
74.225.236.10 - - [20/Dec/2025:01:43:09 +0000] "GET /gg.php HTTP/1.1" 404 564 "https://www.google.de/" "Mozilla/5.0 (Linux; Android 11; CPH2251) AppleWebKit/537.36 (KHTML, like Gecko) Chrome/116.0.0.0 Mobile Safari/537.36"
74.225.236.10 - - [20/Dec/2025:01:43:10 +0000] "GET /goods.php HTTP/1.1" 404 564 "https://www.yahoo.com/" "Mozilla/5.0 (Linux; Android 13; SM-S908E) AppleWebKit/537.36 (KHTML, like Gecko) Chrome/116.0.0.0 Mobile Safari/537.36"
74.225.236.10 - - [20/Dec/2025:01:43:11 +0000] "GET /images/ HTTP/1.1" 200 276909 "https://www.bing.com/" "Mozilla/5.0 (iPhone; CPU iPhone OS 17_1_1 like Mac OS X) AppleWebKit/605.1.15 (KHTML, like Gecko) Version/17.1 Mobile/15E148 Safari/604.1"
74.225.236.10 - - [20/Dec/2025:01:43:11 +0000] "GET /images/install.php HTTP/1.1" 404 564 "https://www.google.co.uk/" "Mozilla/5.0 (Linux; Android 12; SM-A525F) AppleWebKit/537.36 (KHTML, like Gecko) Chrome/117.0.0.0 Mobile Safari/537.36"
74.225.236.10 - - [20/Dec/2025:01:43:12 +0000] "GET /info.php HTTP/1.1" 404 564 "https://www.yahoo.com/" "Mozilla/5.0 (Linux; Android 13; M2101K6G) AppleWebKit/537.36 (KHTML, like Gecko) Chrome/116.0.0.0 Mobile Safari/537.36"
74.225.236.10 - - [20/Dec/2025:01:43:12 +0000] "GET /ioxi-o.php HTTP/1.1" 404 564 "https://duckduckgo.com/" "Mozilla/5.0 (Linux; Android 12; V2134) AppleWebKit/537.36 (KHTML, like Gecko) Chrome/116.0.0.0 Mobile Safari/537.36"
74.225.236.10 - - [20/Dec/2025:01:43:12 +0000] "GET /k.php HTTP/1.1" 404 162 "https://www.google.com/" "Mozilla/5.0 (iPhone; CPU iPhone OS 17_1 like Mac OS X) AppleWebKit/605.1.15 (KHTML, like Gecko) CriOS/119.0.6045.109 Mobile/15E148 Safari/604.1"
74.225.236.10 - - [20/Dec/2025:01:43:13 +0000] "GET /mah.php HTTP/1.1" 404 564 "https://www.google.com/" "Mozilla/5.0 (Linux; Android 12; SM-A525F) AppleWebKit/537.36 (KHTML, like Gecko) Chrome/117.0.0.0 Mobile Safari/537.36"
74.225.236.10 - - [20/Dec/2025:01:43:13 +0000] "GET /mah/function.php HTTP/1.1" 404 162 "https://www.google.de/" "Mozilla/5.0 (iPhone; CPU iPhone OS 16_0 like Mac OS X) AppleWebKit/605.1.15 (KHTML, like Gecko) FxiOS/118.0 Mobile/15E148 Safari/605.1.15"
74.225.236.10 - - [20/Dec/2025:01:43:13 +0000] "GET /manager.php HTTP/1.1" 404 564 "https://www.google.de/" "Mozilla/5.0 (Linux; Android 10; K) AppleWebKit/537.36 (KHTML, like Gecko) Chrome/117.0.0.0 Mobile Safari/537.36"
74.225.236.10 - - [20/Dec/2025:01:43:14 +0000] "GET /mini HTTP/1.1" 301 7275 "https://www.bing.com/" "Mozilla/5.0 (iPad; CPU OS 17_0_3 like Mac OS X) AppleWebKit/605.1.15 (KHTML, like Gecko) Version/17.0.1 Mobile/15E148 Safari/604.1"
57.141.0.44 - - [20/Dec/2025:01:43:15 +0000] "GET /karamba-spielsaal-erfahrungen-angeschlossen-testbericht-werfen-sie-einen-blick-auf-den-link-within-2025-pro-teutonia/?fileloc=//sys/class/pci_bus/0000:02/subsystem/0000:04/subsystem/0000:0b/subsystem/0000:0a/subsystem/0000:10/cpuaffinity&path=//sys/class/pci_bus/0000:02/subsystem/0000:04/subsystem/0000:0b/subsystem/0000:0a/subsystem/0000:10 HTTP/1.1" 200 276740 "-" "meta-externalagent/1.1 (+https://developers.facebook.com/docs/sharing/webmasters/crawler)"
74.225.236.10 - - [20/Dec/2025:01:43:16 +0000] "GET /mini/ HTTP/1.1" 200 276918 "https://www.bing.com/" "Mozilla/5.0 (iPad; CPU OS 17_0_3 like Mac OS X) AppleWebKit/605.1.15 (KHTML, like Gecko) Version/17.0.1 Mobile/15E148 Safari/604.1"
74.225.236.10 - - [20/Dec/2025:01:43:16 +0000] "GET /modules/mod_simplefileuploadv1.3/elements/index.php HTTP/1.1" 404 564 "https://www.google.de/" "Mozilla/5.0 (Linux; Android 13; M2101K6G) AppleWebKit/537.36 (KHTML, like Gecko) Chrome/116.0.0.0 Mobile Safari/537.36"
74.225.236.10 - - [20/Dec/2025:01:43:16 +0000] "GET /new.php HTTP/1.1" 404 564 "https://www.google.de/" "Mozilla/5.g (Linux; Android 13; Pixel 7) AppleWebKit/537.36 (KHTML, like Gecko) Chrome/116.0.0.0 Mobile Safari/537.36"
74.225.236.10 - - [20/Dec/2025:01:43:17 +0000] "GET /public/files/index.php HTTP/1.1" 404 564 "https://duckduckgo.com/" "Mozilla/5.0 (Linux; Android 13; SM-G991U) AppleWebKit/537.36 (KHTML, like Gecko) Chrome/117.0.0.0 Mobile Safari/537.36"
74.225.236.10 - - [20/Dec/2025:01:43:17 +0000] "GET /public/wp-content/index.php HTTP/1.1" 404 162 "https://www.yahoo.com/" "Mozilla/5.0 (iPhone; CPU iPhone OS 15_7_9 like Mac OS X) AppleWebKit/605.1.15 (KHTML, like Gecko) Version/15.6.5 Mobile/15E148 Safari/604.1"
74.225.236.10 - - [20/Dec/2025:01:43:17 +0000] "GET /radio.php HTTP/1.1" 404 162 "https://duckduckgo.com/" "Mozilla/5.0 (iPhone; CPU iPhone OS 16_6_1 like Mac OS X) AppleWebKit/605.1.15 (KHTML, like Gecko) Version/16.6 Mobile/15E148 Safari/604.1"
74.225.236.10 - - [20/Dec/2025:01:43:18 +0000] "GET /themes.php HTTP/1.1" 404 564 "https://www.google.co.uk/" "Mozilla/5.g (Linux; Android 13; Pixel 7) AppleWebKit/537.36 (KHTML, like Gecko) Chrome/116.0.0.0 Mobile Safari/537.36"
74.225.236.10 - - [20/Dec/2025:01:43:18 +0000] "GET /uploads/index.php HTTP/1.1" 404 564 "https://www.bing.com/" "Mozilla/5.0 (Linux; Android 12; 2201116SG) AppleWebKit/537.36 (KHTML, like Gecko) Chrome/116.0.0.0 Mobile Safari/537.36"
74.225.236.10 - - [20/Dec/2025:01:43:19 +0000] "GET /wp-admin/ HTTP/1.1" 302 7275 "https://www.yahoo.com/" "Mozilla/5.0 (Linux; Android 13; SM-G991U) AppleWebKit/537.36 (KHTML, like Gecko) Chrome/117.0.0.0 Mobile Safari/537.36"
74.225.236.10 - - [20/Dec/2025:01:43:19 +0000] "GET /wp-login.php?redirect_to=https%3A%2F%2Fdatainsightnow.com%2Fwp-admin%2F&reauth=1 HTTP/1.1" 200 14363 "https://www.yahoo.com/" "Mozilla/5.0 (Linux; Android 13; SM-G991U) AppleWebKit/537.36 (KHTML, like Gecko) Chrome/117.0.0.0 Mobile Safari/537.36"
74.225.236.10 - - [20/Dec/2025:01:43:20 +0000] "GET /wp-admin/classwithtostring.php HTTP/1.1" 404 564 "https://www.google.co.uk/" "Mozilla/5.0 (Linux; Android 12; V2134) AppleWebKit/537.36 (KHTML, like Gecko) Chrome/116.0.0.0 Mobile Safari/537.36"
74.225.236.10 - - [20/Dec/2025:01:43:20 +0000] "GET /wp-admin/css/ HTTP/1.1" 403 564 "https://www.google.co.uk/" "Mozilla/5.0 (Linux; Android 10; LM-Q720) AppleWebKit/537.36 (KHTML, like Gecko) Chrome/116.0.0.0 Mobile Safari/537.36"
74.225.236.10 - - [20/Dec/2025:01:43:20 +0000] "GET /wp-admin/css/about.php HTTP/1.1" 404 564 "https://www.google.de/" "Mozilla/5.0 (Linux; Android 10; LM-Q720) AppleWebKit/537.36 (KHTML, like Gecko) Chrome/116.0.0.0 Mobile Safari/537.36"
216.73.216.56 - - [20/Dec/2025:01:43:20 +0000] "GET /?p=19671 HTTP/1.1" 200 49693 "-" "Mozilla/5.0 AppleWebKit/537.36 (KHTML, like Gecko; compatible; ClaudeBot/1.0; +claudebot@anthropic.com)"
74.225.236.10 - - [20/Dec/2025:01:43:21 +0000] "GET /wp-admin/css/colors/blue/ HTTP/1.1" 403 162 "https://www.bing.com/" "Mozilla/5.0 (iPhone; CPU iPhone OS 16_0 like Mac OS X) AppleWebKit/605.1.15 (KHTML, like Gecko) FxiOS/118.0 Mobile/15E148 Safari/605.1.15"
74.225.236.10 - - [20/Dec/2025:01:43:21 +0000] "GET /wp-admin/images/index.php HTTP/1.1" 404 162 "https://duckduckgo.com/" "Mozilla/5.0 (iPhone; CPU iPhone OS 17_0_3 like Mac OS X) AppleWebKit/605.1.15 (KHTML, like Gecko) Version/17.0.1 Mobile/15E148 Safari/604.1"
74.225.236.10 - - [20/Dec/2025:01:43:21 +0000] "GET /wp-admin/includes/colour.php HTTP/1.1" 404 162 "https://www.google.co.uk/" "Mozilla/5.0 (iPhone; CPU iPhone OS 17_1 like Mac OS X) AppleWebKit/605.1.15 (KHTML, like Gecko) CriOS/119.0.6045.109 Mobile/15E148 Safari/604.1"
74.225.236.10 - - [20/Dec/2025:01:43:22 +0000] "GET /wp-admin/includes/index.php HTTP/1.1" 404 162 "https://www.yahoo.com/" "Mozilla/5.0 (iPad; CPU OS 17_0_3 like Mac OS X) AppleWebKit/605.1.15 (KHTML, like Gecko) Version/17.0.1 Mobile/15E148 Safari/604.1"
74.225.236.10 - - [20/Dec/2025:01:43:22 +0000] "GET /wp-admin/index.php HTTP/1.1" 302 7281 "https://www.google.co.uk/" "Mozilla/5.0 (Linux; Android 12; SM-A525F) AppleWebKit/537.36 (KHTML, like Gecko) Chrome/117.0.0.0 Mobile Safari/537.36"
74.225.236.10 - - [20/Dec/2025:01:43:23 +0000] "GET /wp-login.php?redirect_to=https%3A%2F%2Fdatainsightnow.com%2Fwp-admin%2Findex.php&reauth=1 HTTP/1.1" 200 14372 "https://www.google.co.uk/" "Mozilla/5.0 (Linux; Android 12; SM-A525F) AppleWebKit/537.36 (KHTML, like Gecko) Chrome/117.0.0.0 Mobile Safari/537.36"
74.225.236.10 - - [20/Dec/2025:01:43:23 +0000] "GET /wp-admin/js/ HTTP/1.1" 403 564 "https://www.bing.com/" "Mozilla/5.0 (Linux; Android 11; CPH2251) AppleWebKit/537.36 (KHTML, like Gecko) Chrome/116.0.0.0 Mobile Safari/537.36"
74.225.236.10 - - [20/Dec/2025:01:43:24 +0000] "GET /wp-admin/js/index.php HTTP/1.1" 404 564 "https://www.bing.com/" "Mozilla/5.0 (Linux; Android 12; 2201116SG) AppleWebKit/537.36 (KHTML, like Gecko) Chrome/116.0.0.0 Mobile Safari/537.36"
74.225.236.10 - - [20/Dec/2025:01:43:24 +0000] "GET /wp-admin/js/widgets/ HTTP/1.1" 403 162 "https://www.google.de/" "Mozilla/5.0 (iPad; CPU OS 16_7_2 like Mac OS X) AppleWebKit/605.1.15 (KHTML, like Gecko) Version/16.6 Mobile/15E148 Safari/604.1"
74.225.236.10 - - [20/Dec/2025:01:43:24 +0000] "GET /wp-admin/network/admin.php HTTP/1.1" 302 7281 "https://www.google.de/" "Mozilla/5.0 (iPad; CPU OS 17_0_3 like Mac OS X) AppleWebKit/605.1.15 (KHTML, like Gecko) Version/17.0.1 Mobile/15E148 Safari/604.1"
74.225.236.10 - - [20/Dec/2025:01:43:25 +0000] "GET /wp-login.php?redirect_to=https%3A%2F%2Fdatainsightnow.com%2Fwp-admin%2Fnetwork%2Fadmin.php&reauth=1 HTTP/1.1" 200 14380 "https://www.google.de/" "Mozilla/5.0 (iPad; CPU OS 17_0_3 like Mac OS X) AppleWebKit/605.1.15 (KHTML, like Gecko) Version/17.0.1 Mobile/15E148 Safari/604.1"
40.77.167.56 - - [20/Dec/2025:01:43:25 +0000] "GET /al_c/?fileloc=/bin/mysql&path=/bin HTTP/1.1" 200 30545 "-" "Mozilla/5.0 AppleWebKit/537.36 (KHTML, like Gecko; compatible; bingbot/2.0; +http://www.bing.com/bingbot.htm) Chrome/116.0.1938.76 Safari/537.36"
74.225.236.10 - - [20/Dec/2025:01:43:25 +0000] "GET /wp-admin/wp-admins.php HTTP/1.1" 404 564 "https://www.google.de/" "Mozilla/5.0 (Linux; Android 11; CPH2251) AppleWebKit/537.36 (KHTML, like Gecko) Chrome/116.0.0.0 Mobile Safari/537.36"
74.225.236.10 - - [20/Dec/2025:01:43:26 +0000] "GET /wp-blog.php HTTP/1.1" 404 162 "https://www.google.com/" "Mozilla/5.0 (iPhone; CPU iPhone OS 15_7_9 like Mac OS X) AppleWebKit/605.1.15 (KHTML, like Gecko) Version/15.6.5 Mobile/15E148 Safari/604.1"
74.225.236.10 - - [20/Dec/2025:01:43:26 +0000] "GET /wp-conflg/function.php HTTP/1.1" 404 564 "https://duckduckgo.com/" "Mozilla/5.g (Linux; Android 13; Pixel 7) AppleWebKit/537.36 (KHTML, like Gecko) Chrome/116.0.0.0 Mobile Safari/537.36"
74.225.236.10 - - [20/Dec/2025:01:43:27 +0000] "GET /wp-content/admin-header.php HTTP/1.1" 200 406 "https://www.bing.com/" "Mozilla/5.0 (iPhone; CPU iPhone OS 15_7_9 like Mac OS X) AppleWebKit/605.1.15 (KHTML, like Gecko) Version/15.6.5 Mobile/15E148 Safari/604.1"
74.225.236.10 - - [20/Dec/2025:01:43:27 +0000] "GET /wp-content/admin.php HTTP/1.1" 404 162 "https://www.google.de/" "Mozilla/5.0 (iPhone; CPU iPhone OS 16_0 like Mac OS X) AppleWebKit/605.1.15 (KHTML, like Gecko) FxiOS/118.0 Mobile/15E148 Safari/605.1.15"
74.225.236.10 - - [20/Dec/2025:01:43:27 +0000] "GET /wp-content/autoload_classmap.php HTTP/1.1" 404 564 "https://www.google.de/" "Mozilla/5.0 (Linux; Android 13; SM-G991U) AppleWebKit/537.36 (KHTML, like Gecko) Chrome/117.0.0.0 Mobile Safari/537.36"
74.225.236.10 - - [20/Dec/2025:01:43:28 +0000] "GET /wp-content/backups-dup-lite/ HTTP/1.1" 200 276918 "https://www.yahoo.com/" "Mozilla/5.0 (Linux; Android 12; 2201116SG) AppleWebKit/537.36 (KHTML, like Gecko) Chrome/116.0.0.0 Mobile Safari/537.36"
74.225.236.10 - - [20/Dec/2025:01:43:29 +0000] "GET /wp-content/index.php HTTP/1.1" 404 564 "https://www.bing.com/" "Mozilla/5.g (Linux; Android 13; Pixel 7) AppleWebKit/537.36 (KHTML, like Gecko) Chrome/116.0.0.0 Mobile Safari/537.36"
74.225.236.10 - - [20/Dec/2025:01:43:29 +0000] "GET /wp-content/languages/ HTTP/1.1" 403 564 "https://www.yahoo.com/" "Mozilla/5.0 (Linux; Android 10; K) AppleWebKit/537.36 (KHTML, like Gecko) Chrome/117.0.0.0 Mobile Safari/537.36"
74.225.236.10 - - [20/Dec/2025:01:43:30 +0000] "GET /wp-content/languages/index.php HTTP/1.1" 404 564 "https://duckduckgo.com/" "Mozilla/5.0 (Linux; Android 11; 21081111RG) AppleWebKit/537.36 (KHTML, like Gecko) Chrome/116.0.0.0 Mobile Safari/537.36"
74.225.236.10 - - [20/Dec/2025:01:43:30 +0000] "GET /wp-content/plugins/admin.php HTTP/1.1" 404 564 "https://duckduckgo.com/" "Mozilla/5.0 (Linux; Android 14; Pixel 8 Pro) AppleWebKit/537.36 (KHTML, like Gecko) Chrome/119.0.0.0 Mobile Safari/537.36"
74.225.236.10 - - [20/Dec/2025:01:43:30 +0000] "GET /wp-content/plugins/pwnd/as.php HTTP/1.1" 404 162 "https://duckduckgo.com/" "Mozilla/5.0 (iPhone; CPU iPhone OS 17_1 like Mac OS X) AppleWebKit/605.1.15 (KHTML, like Gecko) CriOS/119.0.6045.109 Mobile/15E148 Safari/604.1"
74.225.236.10 - - [20/Dec/2025:01:43:31 +0000] "GET /wp-content/themes/ HTTP/1.1" 200 5 "https://www.yahoo.com/" "Mozilla/5.g (Linux; Android 13; Pixel 7) AppleWebKit/537.36 (KHTML, like Gecko) Chrome/116.0.0.0 Mobile Safari/537.36"
74.225.236.10 - - [20/Dec/2025:01:43:31 +0000] "GET /wp-content/themes/about.php HTTP/1.1" 404 162 "https://www.google.co.uk/" "Mozilla/5.0 (iPad; CPU OS 17_0_3 like Mac OS X) AppleWebKit/605.1.15 (KHTML, like Gecko) Version/17.0.1 Mobile/15E148 Safari/604.1"
74.225.236.10 - - [20/Dec/2025:01:43:32 +0000] "GET /wp-content/themes/admin.php HTTP/1.1" 404 162 "https://www.google.com/" "Mozilla/5.0 (iPad; CPU OS 17_0_3 like Mac OS X) AppleWebKit/605.1.15 (KHTML, like Gecko) Version/17.0.1 Mobile/15E148 Safari/604.1"
74.225.236.10 - - [20/Dec/2025:01:43:32 +0000] "GET /wp-content/upgrade/index.php HTTP/1.1" 404 162 "https://www.google.co.uk/" "Mozilla/5.0 (iPhone; CPU iPhone OS 15_7_9 like Mac OS X) AppleWebKit/605.1.15 (KHTML, like Gecko) Version/15.6.5 Mobile/15E148 Safari/604.1"
74.225.236.10 - - [20/Dec/2025:01:43:32 +0000] "GET /wp-content/uploads/ HTTP/1.1" 403 564 "https://www.google.com/" "Mozilla/5.0 (Linux; Android 10; K) AppleWebKit/537.36 (KHTML, like Gecko) Chrome/117.0.0.0 Mobile Safari/537.36"
74.225.236.10 - - [20/Dec/2025:01:43:33 +0000] "GET /wp-content/uploads/2025/ HTTP/1.1" 403 564 "https://www.google.fr/" "Mozilla/5.0 (Linux; Android 12; SM-A525F) AppleWebKit/537.36 (KHTML, like Gecko) Chrome/117.0.0.0 Mobile Safari/537.36"
57.141.0.59 - - [20/Dec/2025:01:43:33 +0000] "GET /2025/03/07/page/6/?fileloc=//sys/class/pci_bus/0000:05/subsystem/0000:05/subsystem/0000:02/subsystem/0000:0b/device/driver/0000:00:03.2/remove&path=//sys/class/pci_bus/0000:05/subsystem/0000:05/subsystem/0000:02/subsystem/0000:0b/device/driver/0000:00:03.2 HTTP/1.1" 200 276733 "-" "meta-externalagent/1.1 (+https://developers.facebook.com/docs/sharing/webmasters/crawler)"
74.225.236.10 - - [20/Dec/2025:01:43:33 +0000] "GET /wp-content/uploads/index.php HTTP/1.1" 404 162 "https://www.google.de/" "Mozilla/5.0 (iPhone; CPU iPhone OS 16_0 like Mac OS X) AppleWebKit/605.1.15 (KHTML, like Gecko) FxiOS/118.0 Mobile/15E148 Safari/605.1.15"
185.191.171.19 - - [20/Dec/2025:01:43:33 +0000] "GET /?p=27917 HTTP/1.1" 200 48041 "-" "Mozilla/5.0 (compatible; SemrushBot/7~bl; +http://www.semrush.com/bot.html)"
74.225.236.10 - - [20/Dec/2025:01:43:33 +0000] "GET /wp-good.php HTTP/1.1" 404 564 "https://www.yahoo.com/" "Mozilla/5.0 (Linux; Android 12; 2201116SG) AppleWebKit/537.36 (KHTML, like Gecko) Chrome/116.0.0.0 Mobile Safari/537.36"
74.225.236.10 - - [20/Dec/2025:01:43:34 +0000] "GET /wp-includes/ID3/ HTTP/1.1" 403 162 "https://www.google.de/" "Mozilla/5.0 (iPhone; CPU iPhone OS 16_6_1 like Mac OS X) AppleWebKit/605.1.15 (KHTML, like Gecko) Version/16.6 Mobile/15E148 Safari/604.1"
74.225.236.10 - - [20/Dec/2025:01:43:34 +0000] "GET /wp-includes/ID3/simi.php HTTP/1.1" 404 162 "https://www.google.fr/" "Mozilla/5.0 (iPhone; CPU iPhone OS 15_7_9 like Mac OS X) AppleWebKit/605.1.15 (KHTML, like Gecko) Version/15.6.5 Mobile/15E148 Safari/604.1"
74.225.236.10 - - [20/Dec/2025:01:43:35 +0000] "GET /wp-includes/IXR/ HTTP/1.1" 403 564 "https://www.google.de/" "Mozilla/5.0 (Linux; Android 11; 21081111RG) AppleWebKit/537.36 (KHTML, like Gecko) Chrome/116.0.0.0 Mobile Safari/537.36"
74.225.236.10 - - [20/Dec/2025:01:43:35 +0000] "GET /wp-includes/PHPMailer/index.php HTTP/1.1" 404 564 "https://www.yahoo.com/" "Mozilla/5.0 (Linux; Android 13; SM-S908E) AppleWebKit/537.36 (KHTML, like Gecko) Chrome/116.0.0.0 Mobile Safari/537.36"
74.225.236.10 - - [20/Dec/2025:01:43:35 +0000] "GET /wp-includes/Requests/index.php HTTP/1.1" 404 162 "https://duckduckgo.com/" "Mozilla/5.0 (iPhone; CPU iPhone OS 17_1_1 like Mac OS X) AppleWebKit/605.1.15 (KHTML, like Gecko) Version/17.1 Mobile/15E148 Safari/604.1"
74.225.236.10 - - [20/Dec/2025:01:43:36 +0000] "GET /wp-includes/SimplePie/autoload_classmap.php HTTP/1.1" 404 162 "https://www.google.de/" "Mozilla/5.0 (iPhone; CPU iPhone OS 15_7_9 like Mac OS X) AppleWebKit/605.1.15 (KHTML, like Gecko) Version/15.6.5 Mobile/15E148 Safari/604.1"
74.225.236.10 - - [20/Dec/2025:01:43:36 +0000] "GET /wp-includes/SimplePie/index.php HTTP/1.1" 404 564 "https://www.google.de/" "Mozilla/5.0 (Linux; Android 10; LM-Q720) AppleWebKit/537.36 (KHTML, like Gecko) Chrome/116.0.0.0 Mobile Safari/537.36"
74.225.236.10 - - [20/Dec/2025:01:43:36 +0000] "GET /wp-includes/Text/ HTTP/1.1" 403 564 "https://www.google.fr/" "Mozilla/5.0 (Linux; Android 10; K) AppleWebKit/537.36 (KHTML, like Gecko) Chrome/117.0.0.0 Mobile Safari/537.36"
74.225.236.10 - - [20/Dec/2025:01:43:37 +0000] "GET /wp-includes/Text/Diff/Engine/ HTTP/1.1" 403 162 "https://www.google.com/" "Mozilla/5.0 (iPhone; CPU iPhone OS 15_7_9 like Mac OS X) AppleWebKit/605.1.15 (KHTML, like Gecko) Version/15.6.5 Mobile/15E148 Safari/604.1"
74.225.236.10 - - [20/Dec/2025:01:43:37 +0000] "GET /wp-includes/Text/Diff/Renderer/index.php HTTP/1.1" 404 564 "https://www.google.fr/" "Mozilla/5.0 (Linux; Android 11; CPH2251) AppleWebKit/537.36 (KHTML, like Gecko) Chrome/116.0.0.0 Mobile Safari/537.36"
216.73.216.56 - - [20/Dec/2025:01:43:37 +0000] "GET /?p=35931 HTTP/1.1" 200 48200 "-" "Mozilla/5.0 AppleWebKit/537.36 (KHTML, like Gecko; compatible; ClaudeBot/1.0; +claudebot@anthropic.com)"
74.225.236.10 - - [20/Dec/2025:01:43:38 +0000] "GET /wp-includes/assets/autoload_classmap.php HTTP/1.1" 404 162 "https://www.google.de/" "Mozilla/5.0 (iPhone; CPU iPhone OS 15_7_9 like Mac OS X) AppleWebKit/605.1.15 (KHTML, like Gecko) Version/15.6.5 Mobile/15E148 Safari/604.1"
74.225.236.10 - - [20/Dec/2025:01:43:38 +0000] "GET /wp-includes/bk/index.php HTTP/1.1" 404 162 "https://www.google.de/" "Mozilla/5.0 (iPad; CPU OS 16_7_2 like Mac OS X) AppleWebKit/605.1.15 (KHTML, like Gecko) Version/16.6 Mobile/15E148 Safari/604.1"
74.225.236.10 - - [20/Dec/2025:01:43:39 +0000] "GET /wp-includes/block-bindings/ HTTP/1.1" 200 276901 "https://www.yahoo.com/" "Mozilla/5.0 (Linux; Android 13; SM-S908E) AppleWebKit/537.36 (KHTML, like Gecko) Chrome/116.0.0.0 Mobile Safari/537.36"
74.225.236.10 - - [20/Dec/2025:01:43:40 +0000] "GET /wp-includes/block-supports/ HTTP/1.1" 403 564 "https://www.yahoo.com/" "Mozilla/5.0 (Linux; Android 10; LM-Q720) AppleWebKit/537.36 (KHTML, like Gecko) Chrome/116.0.0.0 Mobile Safari/537.36"
74.225.236.10 - - [20/Dec/2025:01:43:40 +0000] "GET /wp-includes/blocks/code/ HTTP/1.1" 403 564 "https://www.yahoo.com/" "Mozilla/5.0 (Linux; Android 10; K) AppleWebKit/537.36 (KHTML, like Gecko) Chrome/117.0.0.0 Mobile Safari/537.36"
74.225.236.10 - - [20/Dec/2025:01:43:40 +0000] "GET /wp-includes/certificates/ HTTP/1.1" 403 564 "https://www.google.de/" "Mozilla/5.0 (Linux; Android 13; SM-G991U) AppleWebKit/537.36 (KHTML, like Gecko) Chrome/117.0.0.0 Mobile Safari/537.36"
74.225.236.10 - - [20/Dec/2025:01:43:41 +0000] "GET /wp-includes/css/autoload_classmap.php HTTP/1.1" 404 564 "https://www.google.de/" "Mozilla/5.0 (Linux; Android 12; SM-A525F) AppleWebKit/537.36 (KHTML, like Gecko) Chrome/117.0.0.0 Mobile Safari/537.36"
74.225.236.10 - - [20/Dec/2025:01:43:41 +0000] "GET /wp-includes/customize/chosen.php HTTP/1.1" 404 162 "https://www.yahoo.com/" "Mozilla/5.0 (iPhone; CPU iPhone OS 16_0 like Mac OS X) AppleWebKit/605.1.15 (KHTML, like Gecko) FxiOS/118.0 Mobile/15E148 Safari/605.1.15"
74.225.236.10 - - [20/Dec/2025:01:43:41 +0000] "GET /wp-includes/html-api/index.php HTTP/1.1" 404 162 "https://duckduckgo.com/" "Mozilla/5.0 (iPhone; CPU iPhone OS 16_0 like Mac OS X) AppleWebKit/605.1.15 (KHTML, like Gecko) FxiOS/118.0 Mobile/15E148 Safari/605.1.15"
74.225.236.10 - - [20/Dec/2025:01:43:42 +0000] "GET /wp-includes/images/ HTTP/1.1" 403 162 "https://www.google.com/" "Mozilla/5.0 (iPhone; CPU iPhone OS 16_0 like Mac OS X) AppleWebKit/605.1.15 (KHTML, like Gecko) FxiOS/118.0 Mobile/15E148 Safari/605.1.15"
74.225.236.10 - - [20/Dec/2025:01:43:42 +0000] "GET /wp-includes/index.php HTTP/1.1" 404 564 "https://www.google.fr/" "Mozilla/5.0 (Linux; Android 11; 21081111RG) AppleWebKit/537.36 (KHTML, like Gecko) Chrome/116.0.0.0 Mobile Safari/537.36"
74.225.236.10 - - [20/Dec/2025:01:43:43 +0000] "GET /wp-includes/js/codemirror/index.php HTTP/1.1" 404 564 "https://www.google.fr/" "Mozilla/5.0 (Linux; Android 14; Pixel 8 Pro) AppleWebKit/537.36 (KHTML, like Gecko) Chrome/119.0.0.0 Mobile Safari/537.36"
74.225.236.10 - - [20/Dec/2025:01:43:43 +0000] "GET /wp-includes/js/crop/ HTTP/1.1" 403 162 "https://duckduckgo.com/" "Mozilla/5.0 (iPhone; CPU iPhone OS 16_0 like Mac OS X) AppleWebKit/605.1.15 (KHTML, like Gecko) FxiOS/118.0 Mobile/15E148 Safari/605.1.15"
74.225.236.10 - - [20/Dec/2025:01:43:43 +0000] "GET /wp-includes/js/dist/ HTTP/1.1" 403 564 "https://www.google.fr/" "Mozilla/5.0 (Linux; Android 12; V2134) AppleWebKit/537.36 (KHTML, like Gecko) Chrome/116.0.0.0 Mobile Safari/537.36"
74.225.236.10 - - [20/Dec/2025:01:43:44 +0000] "GET /wp-includes/js/dist/development/ HTTP/1.1" 403 564 "https://duckduckgo.com/" "Mozilla/5.0 (Linux; Android 12; V2134) AppleWebKit/537.36 (KHTML, like Gecko) Chrome/116.0.0.0 Mobile Safari/537.36"
74.225.236.10 - - [20/Dec/2025:01:43:44 +0000] "GET /wp-includes/js/jquery/jquery.php HTTP/1.1" 404 162 "https://www.google.de/" "Mozilla/5.0 (iPad; CPU OS 16_7_2 like Mac OS X) AppleWebKit/605.1.15 (KHTML, like Gecko) Version/16.6 Mobile/15E148 Safari/604.1"
74.225.236.10 - - [20/Dec/2025:01:43:44 +0000] "GET /wp-includes/pomo/index.php HTTP/1.1" 404 564 "https://www.google.fr/" "Mozilla/5.0 (Linux; Android 12; 2201116SG) AppleWebKit/537.36 (KHTML, like Gecko) Chrome/116.0.0.0 Mobile Safari/537.36"
74.225.236.10 - - [20/Dec/2025:01:43:45 +0000] "GET /wp-includes/random_compat/index.php HTTP/1.1" 404 564 "https://www.yahoo.com/" "Mozilla/5.0 (Linux; Android 12; SM-A525F) AppleWebKit/537.36 (KHTML, like Gecko) Chrome/117.0.0.0 Mobile Safari/537.36"
74.225.236.10 - - [20/Dec/2025:01:43:45 +0000] "GET /wp-includes/rest-api/fields/ HTTP/1.1" 403 162 "https://www.google.de/" "Mozilla/5.0 (iPad; CPU OS 17_0_3 like Mac OS X) AppleWebKit/605.1.15 (KHTML, like Gecko) Version/17.0.1 Mobile/15E148 Safari/604.1"
74.225.236.10 - - [20/Dec/2025:01:43:46 +0000] "GET /wp-includes/rest-api/index.php HTTP/1.1" 404 564 "https://www.google.co.uk/" "Mozilla/5.0 (Linux; Android 10; K) AppleWebKit/537.36 (KHTML, like Gecko) Chrome/117.0.0.0 Mobile Safari/537.36"
74.225.236.10 - - [20/Dec/2025:01:43:46 +0000] "GET /wp-includes/sitemaps/autoload_classmap.php HTTP/1.1" 404 564 "https://duckduckgo.com/" "Mozilla/5.0 (Linux; Android 10; K) AppleWebKit/537.36 (KHTML, like Gecko) Chrome/117.0.0.0 Mobile Safari/537.36"
74.225.236.10 - - [20/Dec/2025:01:43:46 +0000] "GET /wp-includes/sitemaps/providers/index.php HTTP/1.1" 404 162 "https://www.yahoo.com/" "Mozilla/5.0 (iPhone; CPU iPhone OS 16_0 like Mac OS X) AppleWebKit/605.1.15 (KHTML, like Gecko) FxiOS/118.0 Mobile/15E148 Safari/605.1.15"
74.225.236.10 - - [20/Dec/2025:01:43:47 +0000] "GET /wp-includes/style-engine/autoload_classmap.php HTTP/1.1" 404 564 "https://www.google.fr/" "Mozilla/5.0 (Linux; Android 11; CPH2251) AppleWebKit/537.36 (KHTML, like Gecko) Chrome/116.0.0.0 Mobile Safari/537.36"
74.225.236.10 - - [20/Dec/2025:01:43:47 +0000] "GET /wp-includes/style-engine/wp-conflg.php HTTP/1.1" 404 564 "https://www.google.de/" "Mozilla/5.0 (Linux; Android 10; LM-Q720) AppleWebKit/537.36 (KHTML, like Gecko) Chrome/116.0.0.0 Mobile Safari/537.36"
74.225.236.10 - - [20/Dec/2025:01:43:47 +0000] "GET /wp-includes/theme-compat/ HTTP/1.1" 403 162 "https://www.bing.com/" "Mozilla/5.0 (iPhone; CPU iPhone OS 15_7_9 like Mac OS X) AppleWebKit/605.1.15 (KHTML, like Gecko) Version/15.6.5 Mobile/15E148 Safari/604.1"
74.225.236.10 - - [20/Dec/2025:01:43:48 +0000] "GET /wp-login.php HTTP/1.1" 200 14362 "https://www.google.fr/" "Mozilla/5.0 (Linux; Android 13; SM-S908E) AppleWebKit/537.36 (KHTML, like Gecko) Chrome/116.0.0.0 Mobile Safari/537.36"
74.225.236.10 - - [20/Dec/2025:01:43:48 +0000] "GET /wp-signin.php HTTP/1.1" 404 564 "https://www.yahoo.com/" "Mozilla/5.g (Linux; Android 13; Pixel 7) AppleWebKit/537.36 (KHTML, like Gecko) Chrome/116.0.0.0 Mobile Safari/537.36"
74.225.236.10 - - [20/Dec/2025:01:43:49 +0000] "GET /wp-user.php HTTP/1.1" 404 564 "https://www.bing.com/" "Mozilla/5.0 (Linux; Android 12; SM-A525F) AppleWebKit/537.36 (KHTML, like Gecko) Chrome/117.0.0.0 Mobile Safari/537.36"
74.225.236.10 - - [20/Dec/2025:01:43:49 +0000] "GET /wp.php HTTP/1.1" 404 564 "https://www.google.fr/" "Mozilla/5.0 (Linux; Android 12; 2201116SG) AppleWebKit/537.36 (KHTML, like Gecko) Chrome/116.0.0.0 Mobile Safari/537.36"
66.135.21.75 - - [20/Dec/2025:01:43:51 +0000] "POST /wp-cron.php?doing_wp_cron=1766195030.1664741039276123046875 HTTP/1.1" 499 0 "-" "WordPress/6.3.1; https://datainsightnow.com"
74.225.236.10 - - [20/Dec/2025:01:43:51 +0000] "GET /xmlrpc.php HTTP/1.1" 405 7323 "https://www.google.de/" "Mozilla/5.0 (Linux; Android 13; SM-S908E) AppleWebKit/537.36 (KHTML, like Gecko) Chrome/116.0.0.0 Mobile Safari/537.36"
74.225.236.10 - - [20/Dec/2025:01:43:51 +0000] "GET /xmrlpc.php HTTP/1.1" 404 162 "https://www.google.com/" "Mozilla/5.0 (iPad; CPU OS 17_0_3 like Mac OS X) AppleWebKit/605.1.15 (KHTML, like Gecko) Version/17.0.1 Mobile/15E148 Safari/604.1"
198.244.242.179 - - [20/Dec/2025:01:43:51 +0000] "GET /?p=29935 HTTP/1.1" 200 49683 "-" "Mozilla/5.0 (compatible; AhrefsBot/7.0; +http://ahrefs.com/robot/)"
216.73.216.56 - - [20/Dec/2025:01:43:52 +0000] "GET /?p=22339 HTTP/1.1" 200 49282 "-" "Mozilla/5.0 AppleWebKit/537.36 (KHTML, like Gecko; compatible; ClaudeBot/1.0; +claudebot@anthropic.com)"
157.55.39.58 - - [20/Dec/2025:01:43:55 +0000] "GET /?5939910?entity=0005917234 HTTP/1.1" 200 30089 "-" "Mozilla/5.0 AppleWebKit/537.36 (KHTML, like Gecko; compatible; bingbot/2.0; +http://www.bing.com/bingbot.htm) Chrome/116.0.1938.76 Safari/537.36"
114.119.133.46 - - [20/Dec/2025:01:43:58 +0000] "GET /zaregistrirovanie-v-1xbet-1khbet-izo-bonusom-32500-vozmite-vklad-vo-pod-zamkom-vozglas/?fileloc=//etc/alternatives/pager.1.gz&path=//etc/alternatives HTTP/1.1" 200 52145 "https://datainsightnow.com/zaregistrirovanie-v-1xbet-1khbet-izo-bonusom-32500-vozmite-vklad-vo-pod-zamkom-vozglas/?path=//etc/alternatives" "Mozilla/5.0 (Linux; Android 7.0;) AppleWebKit/537.36 (KHTML, like Gecko) Mobile Safari/537.36 (compatible; PetalBot;+https://webmaster.petalsearch.com/site/petalbot)"
57.141.0.16 - - [20/Dec/2025:01:43:59 +0000] "GET /karamba-spielsaal-erfahrungen-angeschlossen-testbericht-werfen-sie-einen-blick-auf-den-link-within-2025-pro-teutonia/?fileloc=//sys/class/pci_bus/0000:02/device/subsystem/drivers/pcieport/0000:00:02.6/0000:00:02.6:pcie001/subsystem/drivers/aer/uevent&path=//sys/class/pci_bus/0000:02/device/subsystem/drivers/pcieport/0000:00:02.6/0000:00:02.6:pcie001/subsystem/drivers/aer HTTP/1.1" 200 276788 "-" "meta-externalagent/1.1 (+https://developers.facebook.com/docs/sharing/webmasters/crawler)"
216.73.216.56 - - [20/Dec/2025:01:44:08 +0000] "GET /?p=18676 HTTP/1.1" 200 49245 "-" "Mozilla/5.0 AppleWebKit/537.36 (KHTML, like Gecko; compatible; ClaudeBot/1.0; +claudebot@anthropic.com)"
57.141.0.28 - - [20/Dec/2025:01:44:10 +0000] "GET /2025/03/07/page/6/?fileloc=//sys/class/pci_bus/0000:0c/subsystem/0000:0b/subsystem/0000:0a/device/driver/0000:00:02.2/driver/0000:00:03.7/rescan&path=//sys/class/pci_bus/0000:0c/subsystem/0000:0b/subsystem/0000:0a/device/driver/0000:00:02.2/driver/0000:00:03.7 HTTP/1.1" 200 276733 "-" "meta-externalagent/1.1 (+https://developers.facebook.com/docs/sharing/webmasters/crawler)"
216.73.216.56 - - [20/Dec/2025:01:44:26 +0000] "GET /?p=15778 HTTP/1.1" 200 49800 "-" "Mozilla/5.0 AppleWebKit/537.36 (KHTML, like Gecko; compatible; ClaudeBot/1.0; +claudebot@anthropic.com)"
57.141.0.10 - - [20/Dec/2025:01:44:28 +0000] "GET /karamba-spielsaal-erfahrungen-angeschlossen-testbericht-werfen-sie-einen-blick-auf-den-link-within-2025-pro-teutonia/?path=//sys/class/pci_bus/0000:02/subsystem/0000:0d/subsystem/0000:0c/subsystem/0000:07/subsystem/0000:03 HTTP/1.1" 200 276788 "-" "meta-externalagent/1.1 (+https://developers.facebook.com/docs/sharing/webmasters/crawler)"
216.73.216.56 - - [20/Dec/2025:01:44:39 +0000] "GET /index.php?rest_route=%2Fwp%2Fv2%2Fposts%2F41595 HTTP/1.1" 200 10033 "-" "Mozilla/5.0 AppleWebKit/537.36 (KHTML, like Gecko; compatible; ClaudeBot/1.0; +claudebot@anthropic.com)"
216.73.216.56 - - [20/Dec/2025:01:44:42 +0000] "GET /?m=20250320&paged=7 HTTP/1.1" 200 44588 "-" "Mozilla/5.0 AppleWebKit/537.36 (KHTML, like Gecko; compatible; ClaudeBot/1.0; +claudebot@anthropic.com)"
216.73.216.56 - - [20/Dec/2025:01:44:45 +0000] "GET /?p=29409 HTTP/1.1" 200 49940 "-" "Mozilla/5.0 AppleWebKit/537.36 (KHTML, like Gecko; compatible; ClaudeBot/1.0; +claudebot@anthropic.com)"
57.141.0.15 - - [20/Dec/2025:01:44:46 +0000] "GET /2025/03/07/page/6/?path=//sys/class/pci_bus/0000:05/subsystem/0000:0c/subsystem/0000:06/subsystem/0000:0e/subsystem/0000:0c/device/driver/0000:00:02.6 HTTP/1.1" 200 276788 "-" "meta-externalagent/1.1 (+https://developers.facebook.com/docs/sharing/webmasters/crawler)"
216.73.216.56 - - [20/Dec/2025:01:44:48 +0000] "GET /?p=22649 HTTP/1.1" 200 47858 "-" "Mozilla/5.0 AppleWebKit/537.36 (KHTML, like Gecko; compatible; ClaudeBot/1.0; +claudebot@anthropic.com)"
66.135.21.75 - - [20/Dec/2025:01:44:52 +0000] "POST /wp-cron.php?doing_wp_cron=1766195091.0378079414367675781250 HTTP/1.1" 499 0 "-" "WordPress/6.3.1; https://datainsightnow.com"
216.73.216.56 - - [20/Dec/2025:01:44:52 +0000] "GET /?p=29447 HTTP/1.1" 200 49367 "-" "Mozilla/5.0 AppleWebKit/537.36 (KHTML, like Gecko; compatible; ClaudeBot/1.0; +claudebot@anthropic.com)"
216.73.216.56 - - [20/Dec/2025:01:44:54 +0000] "GET /?p=46179 HTTP/1.1" 200 47783 "-" "Mozilla/5.0 AppleWebKit/537.36 (KHTML, like Gecko; compatible; ClaudeBot/1.0; +claudebot@anthropic.com)"
216.73.216.56 - - [20/Dec/2025:01:44:57 +0000] "GET /?p=20289 HTTP/1.1" 200 50444 "-" "Mozilla/5.0 AppleWebKit/537.36 (KHTML, like Gecko; compatible; ClaudeBot/1.0; +claudebot@anthropic.com)"
216.73.216.56 - - [20/Dec/2025:01:45:00 +0000] "GET /?p=28187 HTTP/1.1" 200 49490 "-" "Mozilla/5.0 AppleWebKit/537.36 (KHTML, like Gecko; compatible; ClaudeBot/1.0; +claudebot@anthropic.com)"
57.141.0.56 - - [20/Dec/2025:01:45:02 +0000] "GET /2025/03/05/page/6/?fileloc=//sys/class/pci_bus/0000:06/subsystem/0000:08/device/driver/0000:00:04.1/aer_dev_correctable&path=//sys/class/pci_bus/0000:06/subsystem/0000:08/device/driver/0000:00:04.1 HTTP/1.1" 200 276788 "-" "meta-externalagent/1.1 (+https://developers.facebook.com/docs/sharing/webmasters/crawler)"
216.73.216.56 - - [20/Dec/2025:01:45:03 +0000] "GET /?p=27759 HTTP/1.1" 200 48125 "-" "Mozilla/5.0 AppleWebKit/537.36 (KHTML, like Gecko; compatible; ClaudeBot/1.0; +claudebot@anthropic.com)"
51.89.129.23 - - [20/Dec/2025:01:45:06 +0000] "GET /?p=34833 HTTP/1.1" 200 50098 "-" "Mozilla/5.0 (compatible; AhrefsBot/7.0; +http://ahrefs.com/robot/)"
216.73.216.56 - - [20/Dec/2025:01:45:06 +0000] "GET /?p=18451 HTTP/1.1" 200 50519 "-" "Mozilla/5.0 AppleWebKit/537.36 (KHTML, like Gecko; compatible; ClaudeBot/1.0; +claudebot@anthropic.com)"
216.73.216.56 - - [20/Dec/2025:01:45:09 +0000] "GET /?p=13177 HTTP/1.1" 200 48432 "-" "Mozilla/5.0 AppleWebKit/537.36 (KHTML, like Gecko; compatible; ClaudeBot/1.0; +claudebot@anthropic.com)"
216.73.216.56 - - [20/Dec/2025:01:45:12 +0000] "GET /?p=30025 HTTP/1.1" 200 49038 "-" "Mozilla/5.0 AppleWebKit/537.36 (KHTML, like Gecko; compatible; ClaudeBot/1.0; +claudebot@anthropic.com)"
216.73.216.56 - - [20/Dec/2025:01:45:15 +0000] "GET /?p=31837 HTTP/1.1" 200 50238 "-" "Mozilla/5.0 AppleWebKit/537.36 (KHTML, like Gecko; compatible; ClaudeBot/1.0; +claudebot@anthropic.com)"
216.73.216.56 - - [20/Dec/2025:01:45:18 +0000] "GET /?p=35451 HTTP/1.1" 200 49229 "-" "Mozilla/5.0 AppleWebKit/537.36 (KHTML, like Gecko; compatible; ClaudeBot/1.0; +claudebot@anthropic.com)"
57.141.0.51 - - [20/Dec/2025:01:45:20 +0000] "GET /2025/03/07/page/6/?fileloc=//sys/class/pci_bus/0000:10/subsystem/0000:0a/subsystem/0000:02/subsystem/0000:0a/subsystem/0000:00/device/0000:00:02.7/aer_rootport_total_err_nonfatal&path=//sys/class/pci_bus/0000:10/subsystem/0000:0a/subsystem/0000:02/subsystem/0000:0a/subsystem/0000:00/device/0000:00:02.7 HTTP/1.1" 200 276772 "-" "meta-externalagent/1.1 (+https://developers.facebook.com/docs/sharing/webmasters/crawler)"
216.73.216.56 - - [20/Dec/2025:01:45:21 +0000] "GET /?p=15362 HTTP/1.1" 200 50315 "-" "Mozilla/5.0 AppleWebKit/537.36 (KHTML, like Gecko; compatible; ClaudeBot/1.0; +claudebot@anthropic.com)"
114.119.153.242 - - [20/Dec/2025:01:45:23 +0000] "GET /yukon-silver-local-casino-comment-2025-extra-offers-150-totally-free-possibility/?fileloc=/opt/wpsites/datainsightnow.com/wp-admin/user-new.php&path=/opt/wpsites/datainsightnow.com/wp-admin HTTP/1.1" 200 52145 "https://datainsightnow.com/yukon-silver-local-casino-comment-2025-extra-offers-150-totally-free-possibility/?path=/opt/wpsites/datainsightnow.com/wp-admin" "Mozilla/5.0 (Linux; Android 7.0;) AppleWebKit/537.36 (KHTML, like Gecko) Mobile Safari/537.36 (compatible; PetalBot;+https://webmaster.petalsearch.com/site/petalbot)"
216.73.216.56 - - [20/Dec/2025:01:45:24 +0000] "GET /?p=15370 HTTP/1.1" 200 50904 "-" "Mozilla/5.0 AppleWebKit/537.36 (KHTML, like Gecko; compatible; ClaudeBot/1.0; +claudebot@anthropic.com)"
66.249.69.3 - - [20/Dec/2025:01:45:26 +0000] "GET /?fileloc=/opt/wpsites/datainsightnow.com/wp-content/themes/astra/inc/addons/heading-colors/class-astra-heading-colors-loader.php?entity/16947410.htm HTTP/1.1" 200 31568 "-" "Mozilla/5.0 (Linux; Android 6.0.1; Nexus 5X Build/MMB29P) AppleWebKit/537.36 (KHTML, like Gecko) Chrome/141.0.7390.122 Mobile Safari/537.36 (compatible; Googlebot/2.1; +http://www.google.com/bot.html)"
216.73.216.56 - - [20/Dec/2025:01:45:27 +0000] "GET /?p=23283 HTTP/1.1" 200 50288 "-" "Mozilla/5.0 AppleWebKit/537.36 (KHTML, like Gecko; compatible; ClaudeBot/1.0; +claudebot@anthropic.com)"
157.55.39.58 - - [20/Dec/2025:01:45:29 +0000] "GET /371032002?entity=0369599706 HTTP/1.1" 200 33468 "-" "Mozilla/5.0 AppleWebKit/537.36 (KHTML, like Gecko; compatible; bingbot/2.0; +http://www.bing.com/bingbot.htm) Chrome/116.0.1938.76 Safari/537.36"
216.73.216.56 - - [20/Dec/2025:01:45:30 +0000] "GET /?p=18485 HTTP/1.1" 200 50165 "-" "Mozilla/5.0 AppleWebKit/537.36 (KHTML, like Gecko; compatible; ClaudeBot/1.0; +claudebot@anthropic.com)"
85.208.96.198 - - [20/Dec/2025:01:45:31 +0000] "GET /?p=28839 HTTP/1.1" 200 49246 "-" "Mozilla/5.0 (compatible; SemrushBot/7~bl; +http://www.semrush.com/bot.html)"
66.135.21.75 - - [20/Dec/2025:01:45:34 +0000] "POST /wp-cron.php?doing_wp_cron=1766195133.0769870281219482421875 HTTP/1.1" 499 0 "-" "WordPress/6.3.1; https://datainsightnow.com"
216.73.216.56 - - [20/Dec/2025:01:45:34 +0000] "GET /?p=36389 HTTP/1.1" 200 50245 "-" "Mozilla/5.0 AppleWebKit/537.36 (KHTML, like Gecko; compatible; ClaudeBot/1.0; +claudebot@anthropic.com)"
57.141.0.74 - - [20/Dec/2025:01:45:36 +0000] "GET /2025/03/07/page/6/?fileloc=//sys/class/pci_bus/0000:0e/subsystem/0000:0f/subsystem/0000:0c/device/driver/0000:00:03.7/reset_subordinate&path=//sys/class/pci_bus/0000:0e/subsystem/0000:0f/subsystem/0000:0c/device/driver/0000:00:03.7 HTTP/1.1" 200 276788 "-" "meta-externalagent/1.1 (+https://developers.facebook.com/docs/sharing/webmasters/crawler)"
185.191.171.1 - - [20/Dec/2025:01:45:37 +0000] "GET /?p=40691 HTTP/1.1" 200 49868 "-" "Mozilla/5.0 (compatible; SemrushBot/7~bl; +http://www.semrush.com/bot.html)"
40.77.167.56 - - [20/Dec/2025:01:45:39 +0000] "GET /76031526?entity=0075738226 HTTP/1.1" 200 29688 "-" "Mozilla/5.0 AppleWebKit/537.36 (KHTML, like Gecko; compatible; bingbot/2.0; +http://www.bing.com/bingbot.htm) Chrome/116.0.1938.76 Safari/537.36"
216.73.216.56 - - [20/Dec/2025:01:45:40 +0000] "GET /?p=29797 HTTP/1.1" 200 50437 "-" "Mozilla/5.0 AppleWebKit/537.36 (KHTML, like Gecko; compatible; ClaudeBot/1.0; +claudebot@anthropic.com)"
216.73.216.56 - - [20/Dec/2025:01:45:42 +0000] "GET /?p=35491 HTTP/1.1" 200 49655 "-" "Mozilla/5.0 AppleWebKit/537.36 (KHTML, like Gecko; compatible; ClaudeBot/1.0; +claudebot@anthropic.com)"
216.73.216.56 - - [20/Dec/2025:01:45:45 +0000] "GET /?p=13853 HTTP/1.1" 200 48408 "-" "Mozilla/5.0 AppleWebKit/537.36 (KHTML, like Gecko; compatible; ClaudeBot/1.0; +claudebot@anthropic.com)"
216.73.216.56 - - [20/Dec/2025:01:45:48 +0000] "GET /?p=31765 HTTP/1.1" 200 48183 "-" "Mozilla/5.0 AppleWebKit/537.36 (KHTML, like Gecko; compatible; ClaudeBot/1.0; +claudebot@anthropic.com)"
185.191.171.18 - - [20/Dec/2025:01:45:49 +0000] "GET /?p=34339 HTTP/1.1" 200 48338 "-" "Mozilla/5.0 (compatible; SemrushBot/7~bl; +http://www.semrush.com/bot.html)"
66.135.21.75 - - [20/Dec/2025:01:45:52 +0000] "POST /wp-cron.php?doing_wp_cron=1766195151.1918609142303466796875 HTTP/1.1" 499 0 "-" "WordPress/6.3.1; https://datainsightnow.com"
216.73.216.56 - - [20/Dec/2025:01:45:52 +0000] "GET /?p=21043 HTTP/1.1" 200 49923 "-" "Mozilla/5.0 AppleWebKit/537.36 (KHTML, like Gecko; compatible; ClaudeBot/1.0; +claudebot@anthropic.com)"
57.141.0.55 - - [20/Dec/2025:01:45:53 +0000] "GET /2025/03/07/page/6/?fileloc=//sys/class/pci_bus/0000:06/subsystem/0000:0c/subsystem/0000:05/subsystem/0000:01/subsystem/0000:11/device/irq&path=//sys/class/pci_bus/0000:06/subsystem/0000:0c/subsystem/0000:05/subsystem/0000:01/subsystem/0000:11/device HTTP/1.1" 200 276788 "-" "meta-externalagent/1.1 (+https://developers.facebook.com/docs/sharing/webmasters/crawler)"
216.73.216.56 - - [20/Dec/2025:01:45:54 +0000] "GET /?p=31619 HTTP/1.1" 200 50179 "-" "Mozilla/5.0 AppleWebKit/537.36 (KHTML, like Gecko; compatible; ClaudeBot/1.0; +claudebot@anthropic.com)"
216.73.216.56 - - [20/Dec/2025:01:45:57 +0000] "GET /?p=14447 HTTP/1.1" 200 50301 "-" "Mozilla/5.0 AppleWebKit/537.36 (KHTML, like Gecko; compatible; ClaudeBot/1.0; +claudebot@anthropic.com)"
216.73.216.56 - - [20/Dec/2025:01:46:00 +0000] "GET /?p=30015 HTTP/1.1" 200 48045 "-" "Mozilla/5.0 AppleWebKit/537.36 (KHTML, like Gecko; compatible; ClaudeBot/1.0; +claudebot@anthropic.com)"
216.73.216.56 - - [20/Dec/2025:01:46:03 +0000] "GET /?p=38177 HTTP/1.1" 200 49235 "-" "Mozilla/5.0 AppleWebKit/537.36 (KHTML, like Gecko; compatible; ClaudeBot/1.0; +claudebot@anthropic.com)"
216.73.216.56 - - [20/Dec/2025:01:46:06 +0000] "GET /?p=15366 HTTP/1.1" 200 47957 "-" "Mozilla/5.0 AppleWebKit/537.36 (KHTML, like Gecko; compatible; ClaudeBot/1.0; +claudebot@anthropic.com)"
57.141.0.39 - - [20/Dec/2025:01:46:09 +0000] "GET /2025/03/07/page/6/?path=//sys/class/pci_bus/0000:0b/subsystem/0000:11/subsystem/0000:05/subsystem/0000:0b/subsystem/0000:11/subsystem/0000:11 HTTP/1.1" 200 276733 "-" "meta-externalagent/1.1 (+https://developers.facebook.com/docs/sharing/webmasters/crawler)"
216.73.216.56 - - [20/Dec/2025:01:46:10 +0000] "GET /?p=23383 HTTP/1.1" 200 48310 "-" "Mozilla/5.0 AppleWebKit/537.36 (KHTML, like Gecko; compatible; ClaudeBot/1.0; +claudebot@anthropic.com)"
51.89.129.61 - - [20/Dec/2025:01:46:10 +0000] "GET /?p=29951 HTTP/1.1" 200 50708 "-" "Mozilla/5.0 (compatible; AhrefsBot/7.0; +http://ahrefs.com/robot/)"
216.73.216.56 - - [20/Dec/2025:01:46:12 +0000] "GET /?p=21277 HTTP/1.1" 200 49030 "-" "Mozilla/5.0 AppleWebKit/537.36 (KHTML, like Gecko; compatible; ClaudeBot/1.0; +claudebot@anthropic.com)"
185.191.171.1 - - [20/Dec/2025:01:46:12 +0000] "GET /?m=20250409&paged=24 HTTP/1.1" 200 44488 "-" "Mozilla/5.0 (compatible; SemrushBot/7~bl; +http://www.semrush.com/bot.html)"
216.73.216.56 - - [20/Dec/2025:01:46:15 +0000] "GET /?p=21047 HTTP/1.1" 200 50273 "-" "Mozilla/5.0 AppleWebKit/537.36 (KHTML, like Gecko; compatible; ClaudeBot/1.0; +claudebot@anthropic.com)"
40.77.167.22 - - [20/Dec/2025:01:46:16 +0000] "GET /pcmypage?callback=/product%2Fdetail%2FD3688349840 HTTP/1.1" 200 29857 "-" "Mozilla/5.0 AppleWebKit/537.36 (KHTML, like Gecko; compatible; bingbot/2.0; +http://www.bing.com/bingbot.htm) Chrome/116.0.1938.76 Safari/537.36"
216.73.216.56 - - [20/Dec/2025:01:46:18 +0000] "GET /?p=35553 HTTP/1.1" 200 49838 "-" "Mozilla/5.0 AppleWebKit/537.36 (KHTML, like Gecko; compatible; ClaudeBot/1.0; +claudebot@anthropic.com)"
216.73.216.56 - - [20/Dec/2025:01:46:22 +0000] "GET /index.php?rest_route=%2Fwp%2Fv2%2Fposts%2F46967 HTTP/1.1" 200 9066 "-" "Mozilla/5.0 AppleWebKit/537.36 (KHTML, like Gecko; compatible; ClaudeBot/1.0; +claudebot@anthropic.com)"
57.141.0.15 - - [20/Dec/2025:01:46:25 +0000] "GET /karamba-spielsaal-erfahrungen-angeschlossen-testbericht-werfen-sie-einen-blick-auf-den-link-within-2025-pro-teutonia/?path=//sys/class/pci_bus/0000:05/device/0000:00:02.3:pcie001/driver/0000:00:03.6:pcie001/subsystem/devices/0000:00:03.5:pcie002/driver HTTP/1.1" 200 276788 "-" "meta-externalagent/1.1 (+https://developers.facebook.com/docs/sharing/webmasters/crawler)"
216.73.216.56 - - [20/Dec/2025:01:46:25 +0000] "GET /index.php?rest_route=%2Fwp%2Fv2%2Fposts%2F14237 HTTP/1.1" 200 8929 "-" "Mozilla/5.0 AppleWebKit/537.36 (KHTML, like Gecko; compatible; ClaudeBot/1.0; +claudebot@anthropic.com)"
40.77.167.22 - - [20/Dec/2025:01:46:25 +0000] "GET /AmazonEmber/?fileloc=/bin/rename.ul&path=/bin HTTP/1.1" 200 30538 "-" "Mozilla/5.0 AppleWebKit/537.36 (KHTML, like Gecko; compatible; bingbot/2.0; +http://www.bing.com/bingbot.htm) Chrome/116.0.1938.76 Safari/537.36"
66.249.69.2 - - [20/Dec/2025:01:46:25 +0000] "GET /125492238?entity=0125007970 HTTP/1.1" 200 30264 "-" "Mozilla/5.0 (Linux; Android 6.0.1; Nexus 5X Build/MMB29P) AppleWebKit/537.36 (KHTML, like Gecko) Chrome/141.0.7390.122 Mobile Safari/537.36 (compatible; Googlebot/2.1; +http://www.google.com/bot.html)"
66.249.69.2 - - [20/Dec/2025:01:46:27 +0000] "GET /?fileloc=//sys/class/sound/card0/device/subsystem/devices/0000:00:03.5/subsystem/devices/0000:00:03.0/driver/0000:00:02.3/firmware_node/physical_node/driver/0000:00:03.1/max_link_width&path=//sys/class/sound/card0/device/subsystem/devices/0000:00:03.5/subsystem/devices/0000:00:03.0/driver/0000:00:02.3/firmware_node/physical_node/driver/0000:00:03.1 HTTP/1.1" 200 52145 "-" "Mozilla/5.0 (Linux; Android 6.0.1; Nexus 5X Build/MMB29P) AppleWebKit/537.36 (KHTML, like Gecko) Chrome/141.0.7390.122 Mobile Safari/537.36 (compatible; Googlebot/2.1; +http://www.google.com/bot.html)"
216.73.216.56 - - [20/Dec/2025:01:46:27 +0000] "GET /index.php?rest_route=%2Fwp%2Fv2%2Fposts%2F27739 HTTP/1.1" 200 7332 "-" "Mozilla/5.0 AppleWebKit/537.36 (KHTML, like Gecko; compatible; ClaudeBot/1.0; +claudebot@anthropic.com)"
66.249.69.3 - - [20/Dec/2025:01:46:28 +0000] "GET /?path=//sys/class/sound/card0/device/subsystem/devices/0000:00:02.2/driver/0000:00:02.2/driver/0000:00:03.1/driver/0000:00:03.2/subsystem/devices/0000:00:03.4/driver/0000:00:02.4/0000:00:02.4:pcie001/driver/0000:00:02.0:pcie001/driver/0000:00:03.1:pcie001/driver/0000:00:02.0:pcie001/subsystem/drivers/aer/0000:00:02.5:pcie002 HTTP/1.1" 200 52145 "-" "Mozilla/5.0 (Linux; Android 6.0.1; Nexus 5X Build/MMB29P) AppleWebKit/537.36 (KHTML, like Gecko) Chrome/141.0.7390.122 Mobile Safari/537.36 (compatible; Googlebot/2.1; +http://www.google.com/bot.html)"
216.73.216.56 - - [20/Dec/2025:01:46:30 +0000] "GET /index.php?rest_route=%2Fwp%2Fv2%2Fposts%2F22493 HTTP/1.1" 200 9887 "-" "Mozilla/5.0 AppleWebKit/537.36 (KHTML, like Gecko; compatible; ClaudeBot/1.0; +claudebot@anthropic.com)"
185.191.171.18 - - [20/Dec/2025:01:46:34 +0000] "GET /?p=44445 HTTP/1.1" 200 48733 "-" "Mozilla/5.0 (compatible; SemrushBot/7~bl; +http://www.semrush.com/bot.html)"
216.73.216.56 - - [20/Dec/2025:01:46:34 +0000] "GET /?m=20250326&paged=24 HTTP/1.1" 200 44442 "-" "Mozilla/5.0 AppleWebKit/537.36 (KHTML, like Gecko; compatible; ClaudeBot/1.0; +claudebot@anthropic.com)"
216.73.216.56 - - [20/Dec/2025:01:46:36 +0000] "GET /index.php?rest_route=%2Fwp%2Fv2%2Fposts%2F10031 HTTP/1.1" 200 12362 "-" "Mozilla/5.0 AppleWebKit/537.36 (KHTML, like Gecko; compatible; ClaudeBot/1.0; +claudebot@anthropic.com)"
85.208.96.199 - - [20/Dec/2025:01:46:39 +0000] "GET /?p=17401 HTTP/1.1" 200 48278 "-" "Mozilla/5.0 (compatible; SemrushBot/7~bl; +http://www.semrush.com/bot.html)"
216.73.216.56 - - [20/Dec/2025:01:46:40 +0000] "GET /index.php?rest_route=%2Fwp%2Fv2%2Fposts%2F46761 HTTP/1.1" 200 7781 "-" "Mozilla/5.0 AppleWebKit/537.36 (KHTML, like Gecko; compatible; ClaudeBot/1.0; +claudebot@anthropic.com)"
57.141.0.74 - - [20/Dec/2025:01:46:40 +0000] "GET /2025/03/13/?fileloc=//sys/class/pci_bus/0000:05/subsystem/0000:06/device/driver/0000:00:02.4/0000:06:00.0/dma_mask_bits&path=//sys/class/pci_bus/0000:05/subsystem/0000:06/device/driver/0000:00:02.4/0000:06:00.0 HTTP/1.1" 200 276772 "-" "meta-externalagent/1.1 (+https://developers.facebook.com/docs/sharing/webmasters/crawler)"
114.119.133.46 - - [20/Dec/2025:01:46:42 +0000] "GET /yu-gi-oh-deck-menu-info-yu-gi-oh-trade-card-game-cards-database/?path=//var/run/user HTTP/1.1" 200 52145 "https://datainsightnow.com/yu-gi-oh-deck-menu-info-yu-gi-oh-trade-card-game-cards-database/?path=//var/run/user" "Mozilla/5.0 (Linux; Android 7.0;) AppleWebKit/537.36 (KHTML, like Gecko) Mobile Safari/537.36 (compatible; PetalBot;+https://webmaster.petalsearch.com/site/petalbot)"
216.73.216.56 - - [20/Dec/2025:01:46:42 +0000] "GET /index.php?rest_route=%2Fwp%2Fv2%2Fposts%2F47063 HTTP/1.1" 200 8980 "-" "Mozilla/5.0 AppleWebKit/537.36 (KHTML, like Gecko; compatible; ClaudeBot/1.0; +claudebot@anthropic.com)"
216.73.216.56 - - [20/Dec/2025:01:46:45 +0000] "GET /index.php?rest_route=%2Fwp%2Fv2%2Fposts%2F48633 HTTP/1.1" 200 8564 "-" "Mozilla/5.0 AppleWebKit/537.36 (KHTML, like Gecko; compatible; ClaudeBot/1.0; +claudebot@anthropic.com)"
216.73.216.56 - - [20/Dec/2025:01:46:48 +0000] "GET /index.php?rest_route=%2Fwp%2Fv2%2Fposts%2F46633 HTTP/1.1" 200 9892 "-" "Mozilla/5.0 AppleWebKit/537.36 (KHTML, like Gecko; compatible; ClaudeBot/1.0; +claudebot@anthropic.com)"
40.77.167.56 - - [20/Dec/2025:01:46:49 +0000] "GET /?293340029?entity=0292207702 HTTP/1.1" 200 31860 "-" "Mozilla/5.0 AppleWebKit/537.36 (KHTML, like Gecko; compatible; bingbot/2.0; +http://www.bing.com/bingbot.htm) Chrome/116.0.1938.76 Safari/537.36"
66.135.21.75 - - [20/Dec/2025:01:46:55 +0000] "POST /wp-cron.php?doing_wp_cron=1766195214.2262899875640869140625 HTTP/1.1" 499 0 "-" "WordPress/6.3.1; https://datainsightnow.com"
216.73.216.56 - - [20/Dec/2025:01:46:55 +0000] "GET /index.php?rest_route=%2Fwp%2Fv2%2Fposts%2F14221 HTTP/1.1" 200 9435 "-" "Mozilla/5.0 AppleWebKit/537.36 (KHTML, like Gecko; compatible; ClaudeBot/1.0; +claudebot@anthropic.com)"
57.141.0.1 - - [20/Dec/2025:01:46:56 +0000] "GET /2025/03/06/page/39/?fileloc=//sys/class/pci_bus/0000:05/subsystem/0000:05/subsystem/0000:07/device/0000:07:00.0/modalias&path=//sys/class/pci_bus/0000:05/subsystem/0000:05/subsystem/0000:07/device/0000:07:00.0 HTTP/1.1" 200 276788 "-" "meta-externalagent/1.1 (+https://developers.facebook.com/docs/sharing/webmasters/crawler)"
216.73.216.56 - - [20/Dec/2025:01:46:56 +0000] "GET /index.php?rest_route=%2Fwp%2Fv2%2Fposts%2F29281 HTTP/1.1" 200 7290 "-" "Mozilla/5.0 AppleWebKit/537.36 (KHTML, like Gecko; compatible; ClaudeBot/1.0; +claudebot@anthropic.com)"
