File: //var/log/nginx/gsudice.dataconn.net.access.log.1
66.135.21.75 - - [10/Jan/2026:00:17:10 +0000] "POST /wp-cron.php?doing_wp_cron=1768004230.7438309192657470703125 HTTP/1.1" 200 31 "-" "WordPress/6.3.1; https://gsudice.dataconn.net"
154.54.249.206 - - [10/Jan/2026:00:17:10 +0000] "GET /robots.txt HTTP/1.1" 301 7281 "-" "Mozilla/5.0 (compatible; Barkrowler/0.9; +https://babbar.tech/crawler)"
154.54.249.206 - - [10/Jan/2026:00:17:11 +0000] "GET /robots.txt/ HTTP/1.1" 200 122063 "-" "Mozilla/5.0 (compatible; Barkrowler/0.9; +https://babbar.tech/crawler)"
66.135.21.75 - - [10/Jan/2026:00:17:27 +0000] "POST /wp-cron.php?doing_wp_cron=1768004246.9009699821472167968750 HTTP/1.1" 200 31 "-" "WordPress/6.3.1; https://gsudice.dataconn.net"
217.113.194.230 - - [10/Jan/2026:00:17:27 +0000] "GET /www.linkedin.com/in/bayonle/ HTTP/1.1" 200 122063 "-" "Mozilla/5.0 (compatible; Barkrowler/0.9; +https://babbar.tech/crawler)"
66.135.21.75 - - [10/Jan/2026:00:18:46 +0000] "POST /wp-cron.php?doing_wp_cron=1768004326.5302801132202148437500 HTTP/1.1" 200 31 "-" "WordPress/6.3.1; https://gsudice.dataconn.net"
74.7.241.171 - - [10/Jan/2026:00:18:46 +0000] "GET /robots.txt HTTP/1.1" 301 7275 "-" "Mozilla/5.0 (Macintosh; Intel Mac OS X 10_15_7) AppleWebKit/537.36 (KHTML, like Gecko) Chrome/131.0.0.0 Safari/537.36; compatible; OAI-SearchBot/1.3; robots.txt; +https://openai.com/searchbot"
74.7.241.171 - - [10/Jan/2026:00:18:46 +0000] "GET /robots.txt/ HTTP/1.1" 200 122063 "https://gsudice.dataconn.net/robots.txt" "Mozilla/5.0 (Macintosh; Intel Mac OS X 10_15_7) AppleWebKit/537.36 (KHTML, like Gecko) Chrome/131.0.0.0 Safari/537.36; compatible; OAI-SearchBot/1.3; robots.txt; +https://openai.com/searchbot"
66.135.21.75 - - [10/Jan/2026:01:51:54 +0000] "POST /wp-cron.php?doing_wp_cron=1768009914.1009309291839599609375 HTTP/1.1" 200 31 "-" "WordPress/6.3.1; https://gsudice.dataconn.net"
74.7.241.171 - - [10/Jan/2026:01:51:54 +0000] "GET /robots.txt HTTP/1.1" 301 7275 "-" "Mozilla/5.0 (Macintosh; Intel Mac OS X 10_15_7) AppleWebKit/537.36 (KHTML, like Gecko) Chrome/131.0.0.0 Safari/537.36; compatible; OAI-SearchBot/1.3; robots.txt; +https://openai.com/searchbot"
74.7.241.171 - - [10/Jan/2026:01:51:54 +0000] "GET /robots.txt/ HTTP/1.1" 200 122063 "https://gsudice.dataconn.net/robots.txt" "Mozilla/5.0 (Macintosh; Intel Mac OS X 10_15_7) AppleWebKit/537.36 (KHTML, like Gecko) Chrome/131.0.0.0 Safari/537.36; compatible; OAI-SearchBot/1.3; robots.txt; +https://openai.com/searchbot"
66.135.21.75 - - [10/Jan/2026:02:47:51 +0000] "POST /wp-cron.php?doing_wp_cron=1768013271.5019769668579101562500 HTTP/1.1" 200 31 "-" "WordPress/6.3.1; https://gsudice.dataconn.net"
74.7.241.171 - - [10/Jan/2026:02:47:51 +0000] "GET /robots.txt HTTP/1.1" 301 7281 "-" "Mozilla/5.0 (Macintosh; Intel Mac OS X 10_15_7) AppleWebKit/537.36 (KHTML, like Gecko) Chrome/131.0.0.0 Safari/537.36; compatible; OAI-SearchBot/1.3; robots.txt; +https://openai.com/searchbot"
74.7.241.171 - - [10/Jan/2026:02:47:51 +0000] "GET /robots.txt/ HTTP/1.1" 200 122063 "https://gsudice.dataconn.net/robots.txt" "Mozilla/5.0 (Macintosh; Intel Mac OS X 10_15_7) AppleWebKit/537.36 (KHTML, like Gecko) Chrome/131.0.0.0 Safari/537.36; compatible; OAI-SearchBot/1.3; robots.txt; +https://openai.com/searchbot"
74.7.241.171 - - [10/Jan/2026:02:47:54 +0000] "GET /robots.txt HTTP/1.1" 301 7281 "-" "Mozilla/5.0 (Macintosh; Intel Mac OS X 10_15_7) AppleWebKit/537.36 (KHTML, like Gecko) Chrome/131.0.0.0 Safari/537.36; compatible; OAI-SearchBot/1.3; robots.txt; +https://openai.com/searchbot"
74.7.241.171 - - [10/Jan/2026:02:47:54 +0000] "GET /robots.txt/ HTTP/1.1" 200 122063 "https://gsudice.dataconn.net/robots.txt" "Mozilla/5.0 (Macintosh; Intel Mac OS X 10_15_7) AppleWebKit/537.36 (KHTML, like Gecko) Chrome/131.0.0.0 Safari/537.36; compatible; OAI-SearchBot/1.3; robots.txt; +https://openai.com/searchbot"
74.7.243.208 - - [10/Jan/2026:02:47:55 +0000] "GET /?feed=rss2 HTTP/1.1" 200 8462 "-" "Mozilla/5.0 AppleWebKit/537.36 (KHTML, like Gecko; compatible; GPTBot/1.3; +https://openai.com/gptbot)"
74.7.243.208 - - [10/Jan/2026:02:47:58 +0000] "GET /?page_id=182 HTTP/1.1" 200 54284 "-" "Mozilla/5.0 AppleWebKit/537.36 (KHTML, like Gecko; compatible; GPTBot/1.3; +https://openai.com/gptbot)"
66.135.21.75 - - [10/Jan/2026:02:48:00 +0000] "POST /wp-cron.php?doing_wp_cron=1768013280.8617930412292480468750 HTTP/1.1" 200 31 "-" "WordPress/6.3.1; https://gsudice.dataconn.net"
74.7.243.208 - - [10/Jan/2026:02:48:00 +0000] "GET /?feed=comments-rss2 HTTP/1.1" 200 8052 "-" "Mozilla/5.0 AppleWebKit/537.36 (KHTML, like Gecko; compatible; GPTBot/1.3; +https://openai.com/gptbot)"
74.7.243.208 - - [10/Jan/2026:02:48:03 +0000] "GET /?page_id=122 HTTP/1.1" 200 26410 "-" "Mozilla/5.0 AppleWebKit/537.36 (KHTML, like Gecko; compatible; GPTBot/1.3; +https://openai.com/gptbot)"
74.7.243.208 - - [10/Jan/2026:02:48:06 +0000] "GET /?page_id=185 HTTP/1.1" 200 24939 "-" "Mozilla/5.0 AppleWebKit/537.36 (KHTML, like Gecko; compatible; GPTBot/1.3; +https://openai.com/gptbot)"
74.7.243.208 - - [10/Jan/2026:02:48:07 +0000] "GET /?page_id=126 HTTP/1.1" 200 30192 "-" "Mozilla/5.0 AppleWebKit/537.36 (KHTML, like Gecko; compatible; GPTBot/1.3; +https://openai.com/gptbot)"
74.7.243.208 - - [10/Jan/2026:02:48:09 +0000] "GET /?p=182 HTTP/1.1" 301 7281 "-" "Mozilla/5.0 AppleWebKit/537.36 (KHTML, like Gecko; compatible; GPTBot/1.3; +https://openai.com/gptbot)"
74.7.243.208 - - [10/Jan/2026:02:48:10 +0000] "GET /?page_id=182 HTTP/1.1" 200 54284 "-" "Mozilla/5.0 AppleWebKit/537.36 (KHTML, like Gecko; compatible; GPTBot/1.3; +https://openai.com/gptbot)"
74.7.243.208 - - [10/Jan/2026:02:48:11 +0000] "GET /?p=122 HTTP/1.1" 301 7281 "-" "Mozilla/5.0 AppleWebKit/537.36 (KHTML, like Gecko; compatible; GPTBot/1.3; +https://openai.com/gptbot)"
74.7.243.208 - - [10/Jan/2026:02:48:11 +0000] "GET /?page_id=122 HTTP/1.1" 200 26410 "-" "Mozilla/5.0 AppleWebKit/537.36 (KHTML, like Gecko; compatible; GPTBot/1.3; +https://openai.com/gptbot)"
66.135.21.75 - - [10/Jan/2026:02:48:12 +0000] "POST /wp-cron.php?doing_wp_cron=1768013292.9691870212554931640625 HTTP/1.1" 200 31 "-" "WordPress/6.3.1; https://gsudice.dataconn.net"
74.7.243.208 - - [10/Jan/2026:02:48:12 +0000] "GET /?p=185 HTTP/1.1" 301 7275 "-" "Mozilla/5.0 AppleWebKit/537.36 (KHTML, like Gecko; compatible; GPTBot/1.3; +https://openai.com/gptbot)"
74.7.243.208 - - [10/Jan/2026:02:48:13 +0000] "GET /?page_id=185 HTTP/1.1" 200 24939 "-" "Mozilla/5.0 AppleWebKit/537.36 (KHTML, like Gecko; compatible; GPTBot/1.3; +https://openai.com/gptbot)"
74.7.243.208 - - [10/Jan/2026:02:48:14 +0000] "GET /?p=126 HTTP/1.1" 301 7275 "-" "Mozilla/5.0 AppleWebKit/537.36 (KHTML, like Gecko; compatible; GPTBot/1.3; +https://openai.com/gptbot)"
74.7.243.208 - - [10/Jan/2026:02:48:14 +0000] "GET /?page_id=126 HTTP/1.1" 200 30192 "-" "Mozilla/5.0 AppleWebKit/537.36 (KHTML, like Gecko; compatible; GPTBot/1.3; +https://openai.com/gptbot)"
66.135.21.75 - - [10/Jan/2026:04:05:37 +0000] "POST /wp-cron.php?doing_wp_cron=1768017936.9685299396514892578125 HTTP/1.1" 200 31 "-" "WordPress/6.3.1; https://gsudice.dataconn.net"
116.204.34.106 - - [10/Jan/2026:04:05:38 +0000] "GET /www.linkedin.com/in/bayonle/ HTTP/1.1" 200 122063 "https://gsudice.dataconn.net/www.linkedin.com/in/bayonle/#content" "Mozilla/5.0 (Macintosh; Intel Mac OS X 10_15_7) AppleWebKit/537.36 (KHTML, like Gecko) Chrome/123.0.0.0 Safari/537.36"
66.135.21.75 - - [10/Jan/2026:05:34:24 +0000] "POST /wp-cron.php?doing_wp_cron=1768023264.8896930217742919921875 HTTP/1.1" 200 31 "-" "WordPress/6.3.1; https://gsudice.dataconn.net"
43.173.175.169 - - [10/Jan/2026:05:34:24 +0000] "GET /?p=608 HTTP/1.1" 301 7275 "-" "Mozilla/5.0 (Windows NT 10.0; Win64; x64) AppleWebKit/537.36 (KHTML, like Gecko) Chrome/133.0.0.0 Safari/537.36"
43.173.175.169 - - [10/Jan/2026:05:34:26 +0000] "GET /?page_id=608 HTTP/1.1" 200 28694 "https://gsudice.dataconn.net/?p=608" "Mozilla/5.0 (Windows NT 10.0; Win64; x64) AppleWebKit/537.36 (KHTML, like Gecko) Chrome/133.0.0.0 Safari/537.36"
66.135.21.75 - - [10/Jan/2026:05:41:40 +0000] "POST /wp-cron.php?doing_wp_cron=1768023700.8438429832458496093750 HTTP/1.1" 200 31 "-" "WordPress/6.3.1; https://gsudice.dataconn.net"
172.71.148.82 - - [10/Jan/2026:05:41:40 +0000] "GET /.git/config HTTP/1.1" 301 7281 "-" "Wget/1.21.3 (linux-gnu)"
172.71.148.82 - - [10/Jan/2026:05:41:41 +0000] "GET /.git/config/ HTTP/1.1" 200 122063 "-" "Wget/1.21.3 (linux-gnu)"
66.135.21.75 - - [10/Jan/2026:06:38:22 +0000] "POST /wp-cron.php?doing_wp_cron=1768027102.2798058986663818359375 HTTP/1.1" 200 31 "-" "WordPress/6.3.1; https://gsudice.dataconn.net"
98.42.189.24 - - [10/Jan/2026:06:38:22 +0000] "GET / HTTP/1.1" 200 122063 "https://geosciences.gsu.edu/" "Mozilla/5.0 (Linux; Android 10; K) AppleWebKit/537.36 (KHTML, like Gecko) Chrome/143.0.0.0 Mobile Safari/537.36"
157.230.177.249 - - [10/Jan/2026:06:38:49 +0000] "GET / HTTP/1.1" 200 122063 "-" "Mozilla/5.0 (X11; Linux x86_64) AppleWebKit/537.36 (KHTML, like Gecko) Chrome/55.0.2883.87 Safari/537.36"
66.135.21.75 - - [10/Jan/2026:08:14:21 +0000] "POST /wp-cron.php?doing_wp_cron=1768032861.8165700435638427734375 HTTP/1.1" 200 31 "-" "WordPress/6.3.1; https://gsudice.dataconn.net"
43.131.243.61 - - [10/Jan/2026:08:14:22 +0000] "GET / HTTP/1.1" 200 122063 "http://gsudice.dataconn.net" "Mozilla/5.0 (iPhone; CPU iPhone OS 13_2_3 like Mac OS X) AppleWebKit/605.1.15 (KHTML, like Gecko) Version/13.0.3 Mobile/15E148 Safari/604.1"
66.135.21.75 - - [10/Jan/2026:09:16:19 +0000] "POST /wp-cron.php?doing_wp_cron=1768036579.7034199237823486328125 HTTP/1.1" 200 31 "-" "WordPress/6.3.1; https://gsudice.dataconn.net"
216.81.248.84 - - [10/Jan/2026:09:16:19 +0000] "GET /.git/config HTTP/1.1" 301 7281 "-" "Mozilla/5.0 (compatible; Konqueror/4.5; FreeBSD) KHTML/4.5.4 (like Gecko)"
66.135.21.75 - - [10/Jan/2026:09:49:09 +0000] "POST /wp-cron.php?doing_wp_cron=1768038549.6036798954010009765625 HTTP/1.1" 200 31 "-" "WordPress/6.3.1; https://gsudice.dataconn.net"
104.210.140.140 - - [10/Jan/2026:09:49:09 +0000] "GET /robots.txt HTTP/1.1" 301 7275 "-" "Mozilla/5.0 (Macintosh; Intel Mac OS X 10_15_7) AppleWebKit/537.36 (KHTML, like Gecko) Chrome/131.0.0.0 Safari/537.36; compatible; OAI-SearchBot/1.0; +https://openai.com/searchbot"
104.210.140.140 - - [10/Jan/2026:09:49:10 +0000] "GET /robots.txt/ HTTP/1.1" 200 122063 "-" "Mozilla/5.0 (Macintosh; Intel Mac OS X 10_15_7) AppleWebKit/537.36 (KHTML, like Gecko) Chrome/131.0.0.0 Safari/537.36; compatible; OAI-SearchBot/1.0; +https://openai.com/searchbot"
66.135.21.75 - - [10/Jan/2026:09:49:10 +0000] "GET / HTTP/1.1" 200 122063 "-" "WordPress/6.3.1; https://gsudice.dataconn.net"
66.135.21.75 - - [10/Jan/2026:10:04:29 +0000] "POST /wp-cron.php?doing_wp_cron=1768039469.7809031009674072265625 HTTP/1.1" 200 31 "-" "WordPress/6.3.1; https://gsudice.dataconn.net"
185.177.72.10 - - [10/Jan/2026:10:04:29 +0000] "HEAD / HTTP/1.1" 200 0 "-" "Mozilla/5.0 (Windows NT 10.0; Win64; x64) AppleWebKit/537.36"
185.177.72.10 - - [10/Jan/2026:10:04:30 +0000] "GET /.env HTTP/1.1" 403 162 "-" "Mozilla/5.0 (Windows NT 10.0; Win64; x64) AppleWebKit/537.36"
185.177.72.10 - - [10/Jan/2026:10:04:30 +0000] "GET /.env.local HTTP/1.1" 301 7281 "-" "Mozilla/5.0 (Windows NT 10.0; Win64; x64) AppleWebKit/537.36"
185.177.72.10 - - [10/Jan/2026:10:04:53 +0000] "GET /bootstrap/.env HTTP/1.1" 403 162 "-" "Mozilla/5.0 (Windows NT 10.0; Win64; x64) AppleWebKit/537.36"
185.177.72.10 - - [10/Jan/2026:10:04:57 +0000] "GET /info.php HTTP/1.1" 404 162 "-" "Mozilla/5.0 (Windows NT 10.0; Win64; x64) AppleWebKit/537.36"
66.135.21.75 - - [10/Jan/2026:10:05:16 +0000] "POST /wp-cron.php?doing_wp_cron=1768039516.4685869216918945312500 HTTP/1.1" 200 31 "-" "WordPress/6.3.1; https://gsudice.dataconn.net"
185.177.72.10 - - [10/Jan/2026:10:05:16 +0000] "GET /config.json HTTP/1.1" 301 7275 "-" "Mozilla/5.0 (Windows NT 10.0; Win64; x64) AppleWebKit/537.36"
185.177.72.10 - - [10/Jan/2026:10:05:54 +0000] "GET /api/swagger.json HTTP/1.1" 301 7275 "-" "Mozilla/5.0 (Windows NT 10.0; Win64; x64) AppleWebKit/537.36"
66.135.21.75 - - [10/Jan/2026:10:07:52 +0000] "POST /wp-cron.php?doing_wp_cron=1768039672.5657739639282226562500 HTTP/1.1" 200 31 "-" "WordPress/6.3.1; https://gsudice.dataconn.net"
17.241.75.102 - - [10/Jan/2026:10:07:52 +0000] "GET /robots.txt HTTP/1.1" 301 7275 "-" "Mozilla/5.0 (Macintosh; Intel Mac OS X 10_15_7) AppleWebKit/605.1.15 (KHTML, like Gecko) Version/17.4 Safari/605.1.15 (Applebot/0.1; +http://www.apple.com/go/applebot)"
17.241.75.102 - - [10/Jan/2026:10:07:52 +0000] "GET /robots.txt/ HTTP/1.1" 200 122063 "-" "Mozilla/5.0 (Macintosh; Intel Mac OS X 10_15_7) AppleWebKit/605.1.15 (KHTML, like Gecko) Version/17.4 Safari/605.1.15 (Applebot/0.1; +http://www.apple.com/go/applebot)"
17.241.75.102 - - [10/Jan/2026:10:07:53 +0000] "GET /?feed=rss2 HTTP/1.1" 200 8462 "-" "Mozilla/5.0 (Macintosh; Intel Mac OS X 10_15_7) AppleWebKit/605.1.15 (KHTML, like Gecko) Version/17.4 Safari/605.1.15 (Applebot/0.1; +http://www.apple.com/go/applebot)"
66.135.21.75 - - [10/Jan/2026:11:31:41 +0000] "POST /wp-cron.php?doing_wp_cron=1768044701.2822151184082031250000 HTTP/1.1" 200 31 "-" "WordPress/6.3.1; https://gsudice.dataconn.net"
65.108.78.33 - - [10/Jan/2026:11:31:41 +0000] "GET /robots.txt HTTP/1.1" 301 7281 "-" "Mozilla/5.0 (compatible; MJ12bot/v1.4.8; http://mj12bot.com/)"
65.108.78.33 - - [10/Jan/2026:11:31:42 +0000] "GET /robots.txt/ HTTP/1.1" 200 378242 "-" "Mozilla/5.0 (compatible; MJ12bot/v1.4.8; http://mj12bot.com/)"
65.108.78.33 - - [10/Jan/2026:11:31:45 +0000] "GET /?feed=comments-rss2 HTTP/1.1" 200 8052 "-" "Mozilla/5.0 (compatible; MJ12bot/v1.4.8; http://mj12bot.com/)"
65.108.78.33 - - [10/Jan/2026:11:31:47 +0000] "GET /?feed=rss2 HTTP/1.1" 200 8462 "-" "Mozilla/5.0 (compatible; MJ12bot/v1.4.8; http://mj12bot.com/)"
65.108.78.33 - - [10/Jan/2026:11:31:48 +0000] "GET /?page_id=122 HTTP/1.1" 200 26410 "-" "Mozilla/5.0 (compatible; MJ12bot/v1.4.8; http://mj12bot.com/)"
65.108.78.33 - - [10/Jan/2026:11:31:50 +0000] "GET /?page_id=126 HTTP/1.1" 200 30192 "-" "Mozilla/5.0 (compatible; MJ12bot/v1.4.8; http://mj12bot.com/)"
65.108.78.33 - - [10/Jan/2026:11:31:53 +0000] "GET /?page_id=1573 HTTP/1.1" 200 24779 "-" "Mozilla/5.0 (compatible; MJ12bot/v1.4.8; http://mj12bot.com/)"
65.108.78.33 - - [10/Jan/2026:11:31:55 +0000] "GET /?page_id=182 HTTP/1.1" 200 54284 "-" "Mozilla/5.0 (compatible; MJ12bot/v1.4.8; http://mj12bot.com/)"
65.108.78.33 - - [10/Jan/2026:11:31:57 +0000] "GET /?page_id=185 HTTP/1.1" 200 24939 "-" "Mozilla/5.0 (compatible; MJ12bot/v1.4.8; http://mj12bot.com/)"
66.135.21.75 - - [10/Jan/2026:11:31:59 +0000] "POST /wp-cron.php?doing_wp_cron=1768044719.4548521041870117187500 HTTP/1.1" 200 31 "-" "WordPress/6.3.1; https://gsudice.dataconn.net"
65.108.78.33 - - [10/Jan/2026:11:31:59 +0000] "GET /?page_id=608 HTTP/1.1" 200 28694 "-" "Mozilla/5.0 (compatible; MJ12bot/v1.4.8; http://mj12bot.com/)"
66.135.21.75 - - [10/Jan/2026:11:46:58 +0000] "POST /wp-cron.php?doing_wp_cron=1768045618.1361789703369140625000 HTTP/1.1" 200 31 "-" "WordPress/6.3.1; https://gsudice.dataconn.net"
114.119.140.237 - - [10/Jan/2026:11:46:58 +0000] "GET /?page_id=185 HTTP/1.1" 200 24939 "https://gsudice.dataconn.net/?page_id=608" "Mozilla/5.0 (Linux; Android 7.0;) AppleWebKit/537.36 (KHTML, like Gecko) Mobile Safari/537.36 (compatible; PetalBot;+https://webmaster.petalsearch.com/site/petalbot)"
66.135.21.75 - - [10/Jan/2026:12:31:28 +0000] "POST /wp-cron.php?doing_wp_cron=1768048288.9346990585327148437500 HTTP/1.1" 200 31 "-" "WordPress/6.3.1; https://gsudice.dataconn.net"
35.203.210.183 - - [10/Jan/2026:12:31:28 +0000] "GET //gsudice.dataconn.net HTTP/1.1" 301 7275 "-" "Hello from Palo Alto Networks, find out more about our scans in https://docs-cortex.paloaltonetworks.com/r/1/Cortex-Xpanse/Scanning-activity"
35.203.210.183 - - [10/Jan/2026:12:31:29 +0000] "GET /gsudice.dataconn.net/ HTTP/1.1" 200 378242 "-" "Hello from Palo Alto Networks, find out more about our scans in https://docs-cortex.paloaltonetworks.com/r/1/Cortex-Xpanse/Scanning-activity"
66.135.21.75 - - [10/Jan/2026:12:46:29 +0000] "POST /wp-cron.php?doing_wp_cron=1768049189.6034440994262695312500 HTTP/1.1" 200 31 "-" "WordPress/6.3.1; https://gsudice.dataconn.net"
35.156.240.123 - - [10/Jan/2026:12:46:29 +0000] "GET / HTTP/1.1" 200 122063 "-" "Mozilla/5.0 (compatible; MSIE 10.0; Windows NT 6.1; Trident/6.0) LinkCheck by Siteimprove.com"
66.135.21.75 - - [10/Jan/2026:13:14:37 +0000] "POST /wp-cron.php?doing_wp_cron=1768050877.8924760818481445312500 HTTP/1.1" 200 31 "-" "WordPress/6.3.1; https://gsudice.dataconn.net"
47.128.57.14 - - [10/Jan/2026:13:14:37 +0000] "GET /robots.txt HTTP/1.1" 301 7281 "-" "Mozilla/5.0 (Linux; Android 5.0) AppleWebKit/537.36 (KHTML, like Gecko) Mobile Safari/537.36 (compatible; Bytespider; spider-feedback@bytedance.com)"
47.128.57.14 - - [10/Jan/2026:13:14:39 +0000] "GET /robots.txt/ HTTP/1.1" 200 122063 "-" "Mozilla/5.0 (Linux; Android 5.0) AppleWebKit/537.36 (KHTML, like Gecko) Mobile Safari/537.36 (compatible; Bytespider; spider-feedback@bytedance.com)"
66.135.21.75 - - [10/Jan/2026:13:28:19 +0000] "POST /wp-cron.php?doing_wp_cron=1768051699.6369380950927734375000 HTTP/1.1" 200 31 "-" "WordPress/6.3.1; https://gsudice.dataconn.net"
3.88.237.80 - - [10/Jan/2026:13:28:19 +0000] "HEAD /robots.txt HTTP/1.1" 301 0 "-" "blackboardally"
3.88.237.80 - - [10/Jan/2026:13:28:19 +0000] "HEAD /robots.txt/ HTTP/1.1" 200 0 "-" "blackboardally"
3.88.237.80 - - [10/Jan/2026:13:28:19 +0000] "GET /robots.txt HTTP/1.1" 301 7281 "-" "blackboardally"
3.88.237.80 - - [10/Jan/2026:13:28:20 +0000] "GET /robots.txt/ HTTP/1.1" 200 122063 "-" "blackboardally"
66.135.21.75 - - [10/Jan/2026:14:16:16 +0000] "POST /wp-cron.php?doing_wp_cron=1768054576.5389630794525146484375 HTTP/1.1" 200 31 "-" "WordPress/6.3.1; https://gsudice.dataconn.net"
57.141.20.6 - - [10/Jan/2026:14:16:16 +0000] "GET /?page_id=608 HTTP/1.1" 200 127943 "-" "meta-externalagent/1.1 (+https://developers.facebook.com/docs/sharing/webmasters/crawler)"
66.135.21.75 - - [10/Jan/2026:14:50:50 +0000] "POST /wp-cron.php?doing_wp_cron=1768056650.9268560409545898437500 HTTP/1.1" 200 31 "-" "WordPress/6.3.1; https://gsudice.dataconn.net"
170.106.193.108 - - [10/Jan/2026:14:50:51 +0000] "GET / HTTP/1.1" 200 122063 "http://gsudice.dataconn.net" "Mozilla/5.0 (iPhone; CPU iPhone OS 13_2_3 like Mac OS X) AppleWebKit/605.1.15 (KHTML, like Gecko) Version/13.0.3 Mobile/15E148 Safari/604.1"
66.135.21.75 - - [10/Jan/2026:16:03:21 +0000] "POST /wp-cron.php?doing_wp_cron=1768061001.1423730850219726562500 HTTP/1.1" 200 31 "-" "WordPress/6.3.1; https://gsudice.dataconn.net"
45.88.97.88 - - [10/Jan/2026:16:03:26 +0000] "GET / HTTP/1.1" 200 97843 "-" "Mozilla/5.0 (Windows; U; Windows NT 6.1; en-US; rv:1.9.1.5) Gecko/20091102 Firefox/3.5.5 (.NET CLR 3.5.30729)"
66.135.21.75 - - [10/Jan/2026:18:05:42 +0000] "POST /wp-cron.php?doing_wp_cron=1768068342.6140871047973632812500 HTTP/1.1" 200 31 "-" "WordPress/6.3.1; https://gsudice.dataconn.net"
208.84.101.66 - - [10/Jan/2026:18:05:42 +0000] "GET / HTTP/1.1" 200 378242 "-" "Mozilla/5.0 (Windows NT 10.0; Win64; x64) AppleWebKit/537.36 (KHTML, like Gecko) Chrome/78.0.3904.108 Safari/537.36"
208.84.101.66 - - [10/Jan/2026:18:05:43 +0000] "GET //wp-includes/wlwmanifest.xml HTTP/1.1" 301 7281 "-" "Mozilla/5.0 (Windows NT 10.0; Win64; x64) AppleWebKit/537.36 (KHTML, like Gecko) Chrome/78.0.3904.108 Safari/537.36"
208.84.101.66 - - [10/Jan/2026:18:05:43 +0000] "GET //xmlrpc.php?rsd HTTP/1.1" 200 8129 "-" "Mozilla/5.0 (Windows NT 10.0; Win64; x64) AppleWebKit/537.36 (KHTML, like Gecko) Chrome/78.0.3904.108 Safari/537.36"
208.84.101.66 - - [10/Jan/2026:18:05:43 +0000] "GET //?author=1 HTTP/1.1" 301 7281 "-" "Mozilla/5.0 (Windows NT 10.0; Win64; x64) AppleWebKit/537.36 (KHTML, like Gecko) Chrome/78.0.3904.108 Safari/537.36"
208.84.101.66 - - [10/Jan/2026:18:05:43 +0000] "GET //?author=2 HTTP/1.1" 301 7281 "-" "Mozilla/5.0 (Windows NT 10.0; Win64; x64) AppleWebKit/537.36 (KHTML, like Gecko) Chrome/78.0.3904.108 Safari/537.36"
208.84.101.66 - - [10/Jan/2026:18:05:44 +0000] "GET //wp-json/wp/v2/users/ HTTP/1.1" 301 7281 "-" "Mozilla/5.0 (Windows NT 10.0; Win64; x64) AppleWebKit/537.36 (KHTML, like Gecko) Chrome/78.0.3904.108 Safari/537.36"
208.84.101.66 - - [10/Jan/2026:18:05:44 +0000] "GET //wp-json/oembed/1.0/embed?url=https://gsudice.dataconn.net/ HTTP/1.1" 301 7275 "-" "Mozilla/5.0 (Windows NT 10.0; Win64; x64) AppleWebKit/537.36 (KHTML, like Gecko) Chrome/78.0.3904.108 Safari/537.36"
208.84.101.66 - - [10/Jan/2026:18:05:44 +0000] "POST //xmlrpc.php HTTP/1.1" 200 7682 "-" "Mozilla/5.0 (Windows NT 10.0; Win64; x64) AppleWebKit/537.36 (KHTML, like Gecko) Chrome/78.0.3904.108 Safari/537.36"
208.84.101.66 - - [10/Jan/2026:18:05:44 +0000] "POST //xmlrpc.php HTTP/1.1" 200 7682 "-" "Mozilla/5.0 (Windows NT 10.0; Win64; x64) AppleWebKit/537.36 (KHTML, like Gecko) Chrome/78.0.3904.108 Safari/537.36"
208.84.101.66 - - [10/Jan/2026:18:05:44 +0000] "POST //xmlrpc.php HTTP/1.1" 200 7676 "-" "Mozilla/5.0 (Windows NT 10.0; Win64; x64) AppleWebKit/537.36 (KHTML, like Gecko) Chrome/78.0.3904.108 Safari/537.36"
208.84.101.66 - - [10/Jan/2026:18:05:44 +0000] "POST //xmlrpc.php HTTP/1.1" 200 7682 "-" "Mozilla/5.0 (Windows NT 10.0; Win64; x64) AppleWebKit/537.36 (KHTML, like Gecko) Chrome/78.0.3904.108 Safari/537.36"
208.84.101.66 - - [10/Jan/2026:18:05:45 +0000] "POST //xmlrpc.php HTTP/1.1" 200 7676 "-" "Mozilla/5.0 (Windows NT 10.0; Win64; x64) AppleWebKit/537.36 (KHTML, like Gecko) Chrome/78.0.3904.108 Safari/537.36"
208.84.101.66 - - [10/Jan/2026:18:05:45 +0000] "POST //xmlrpc.php HTTP/1.1" 200 7676 "-" "Mozilla/5.0 (Windows NT 10.0; Win64; x64) AppleWebKit/537.36 (KHTML, like Gecko) Chrome/78.0.3904.108 Safari/537.36"
208.84.101.66 - - [10/Jan/2026:18:05:45 +0000] "POST //xmlrpc.php HTTP/1.1" 200 7682 "-" "Mozilla/5.0 (Windows NT 10.0; Win64; x64) AppleWebKit/537.36 (KHTML, like Gecko) Chrome/78.0.3904.108 Safari/537.36"
208.84.101.66 - - [10/Jan/2026:18:05:45 +0000] "POST //xmlrpc.php HTTP/1.1" 200 7682 "-" "Mozilla/5.0 (Windows NT 10.0; Win64; x64) AppleWebKit/537.36 (KHTML, like Gecko) Chrome/78.0.3904.108 Safari/537.36"
208.84.101.66 - - [10/Jan/2026:18:05:45 +0000] "POST //xmlrpc.php HTTP/1.1" 200 7676 "-" "Mozilla/5.0 (Windows NT 10.0; Win64; x64) AppleWebKit/537.36 (KHTML, like Gecko) Chrome/78.0.3904.108 Safari/537.36"
208.84.101.66 - - [10/Jan/2026:18:05:45 +0000] "POST //xmlrpc.php HTTP/1.1" 200 7682 "-" "Mozilla/5.0 (Windows NT 10.0; Win64; x64) AppleWebKit/537.36 (KHTML, like Gecko) Chrome/78.0.3904.108 Safari/537.36"
208.84.101.66 - - [10/Jan/2026:18:05:45 +0000] "POST //xmlrpc.php HTTP/1.1" 200 7682 "-" "Mozilla/5.0 (Windows NT 10.0; Win64; x64) AppleWebKit/537.36 (KHTML, like Gecko) Chrome/78.0.3904.108 Safari/537.36"
208.84.101.66 - - [10/Jan/2026:18:05:45 +0000] "POST //xmlrpc.php HTTP/1.1" 200 7682 "-" "Mozilla/5.0 (Windows NT 10.0; Win64; x64) AppleWebKit/537.36 (KHTML, like Gecko) Chrome/78.0.3904.108 Safari/537.36"
208.84.101.66 - - [10/Jan/2026:18:05:46 +0000] "POST //xmlrpc.php HTTP/1.1" 200 7682 "-" "Mozilla/5.0 (Windows NT 10.0; Win64; x64) AppleWebKit/537.36 (KHTML, like Gecko) Chrome/78.0.3904.108 Safari/537.36"
208.84.101.66 - - [10/Jan/2026:18:05:46 +0000] "POST //xmlrpc.php HTTP/1.1" 200 7682 "-" "Mozilla/5.0 (Windows NT 10.0; Win64; x64) AppleWebKit/537.36 (KHTML, like Gecko) Chrome/78.0.3904.108 Safari/537.36"
208.84.101.66 - - [10/Jan/2026:18:05:46 +0000] "POST //xmlrpc.php HTTP/1.1" 200 7682 "-" "Mozilla/5.0 (Windows NT 10.0; Win64; x64) AppleWebKit/537.36 (KHTML, like Gecko) Chrome/78.0.3904.108 Safari/537.36"
208.84.101.66 - - [10/Jan/2026:18:05:46 +0000] "POST //xmlrpc.php HTTP/1.1" 200 7682 "-" "Mozilla/5.0 (Windows NT 10.0; Win64; x64) AppleWebKit/537.36 (KHTML, like Gecko) Chrome/78.0.3904.108 Safari/537.36"
208.84.101.66 - - [10/Jan/2026:18:05:46 +0000] "POST //xmlrpc.php HTTP/1.1" 200 7682 "-" "Mozilla/5.0 (Windows NT 10.0; Win64; x64) AppleWebKit/537.36 (KHTML, like Gecko) Chrome/78.0.3904.108 Safari/537.36"
208.84.101.66 - - [10/Jan/2026:18:05:46 +0000] "POST //xmlrpc.php HTTP/1.1" 200 7682 "-" "Mozilla/5.0 (Windows NT 10.0; Win64; x64) AppleWebKit/537.36 (KHTML, like Gecko) Chrome/78.0.3904.108 Safari/537.36"
208.84.101.66 - - [10/Jan/2026:18:05:46 +0000] "POST //xmlrpc.php HTTP/1.1" 200 7682 "-" "Mozilla/5.0 (Windows NT 10.0; Win64; x64) AppleWebKit/537.36 (KHTML, like Gecko) Chrome/78.0.3904.108 Safari/537.36"
208.84.101.66 - - [10/Jan/2026:18:05:47 +0000] "POST //xmlrpc.php HTTP/1.1" 200 7682 "-" "Mozilla/5.0 (Windows NT 10.0; Win64; x64) AppleWebKit/537.36 (KHTML, like Gecko) Chrome/78.0.3904.108 Safari/537.36"
208.84.101.66 - - [10/Jan/2026:18:05:47 +0000] "POST //xmlrpc.php HTTP/1.1" 200 7676 "-" "Mozilla/5.0 (Windows NT 10.0; Win64; x64) AppleWebKit/537.36 (KHTML, like Gecko) Chrome/78.0.3904.108 Safari/537.36"
208.84.101.66 - - [10/Jan/2026:18:05:47 +0000] "POST //xmlrpc.php HTTP/1.1" 200 7682 "-" "Mozilla/5.0 (Windows NT 10.0; Win64; x64) AppleWebKit/537.36 (KHTML, like Gecko) Chrome/78.0.3904.108 Safari/537.36"
208.84.101.66 - - [10/Jan/2026:18:05:47 +0000] "POST //xmlrpc.php HTTP/1.1" 200 7682 "-" "Mozilla/5.0 (Windows NT 10.0; Win64; x64) AppleWebKit/537.36 (KHTML, like Gecko) Chrome/78.0.3904.108 Safari/537.36"
208.84.101.66 - - [10/Jan/2026:18:05:47 +0000] "POST //xmlrpc.php HTTP/1.1" 200 7682 "-" "Mozilla/5.0 (Windows NT 10.0; Win64; x64) AppleWebKit/537.36 (KHTML, like Gecko) Chrome/78.0.3904.108 Safari/537.36"
208.84.101.66 - - [10/Jan/2026:18:05:47 +0000] "POST //xmlrpc.php HTTP/1.1" 200 7676 "-" "Mozilla/5.0 (Windows NT 10.0; Win64; x64) AppleWebKit/537.36 (KHTML, like Gecko) Chrome/78.0.3904.108 Safari/537.36"
208.84.101.66 - - [10/Jan/2026:18:05:47 +0000] "POST //xmlrpc.php HTTP/1.1" 200 7682 "-" "Mozilla/5.0 (Windows NT 10.0; Win64; x64) AppleWebKit/537.36 (KHTML, like Gecko) Chrome/78.0.3904.108 Safari/537.36"
208.84.101.66 - - [10/Jan/2026:18:05:48 +0000] "POST //xmlrpc.php HTTP/1.1" 200 7682 "-" "Mozilla/5.0 (Windows NT 10.0; Win64; x64) AppleWebKit/537.36 (KHTML, like Gecko) Chrome/78.0.3904.108 Safari/537.36"
208.84.101.66 - - [10/Jan/2026:18:05:48 +0000] "POST //xmlrpc.php HTTP/1.1" 200 7682 "-" "Mozilla/5.0 (Windows NT 10.0; Win64; x64) AppleWebKit/537.36 (KHTML, like Gecko) Chrome/78.0.3904.108 Safari/537.36"
208.84.101.66 - - [10/Jan/2026:18:05:48 +0000] "POST //xmlrpc.php HTTP/1.1" 200 7682 "-" "Mozilla/5.0 (Windows NT 10.0; Win64; x64) AppleWebKit/537.36 (KHTML, like Gecko) Chrome/78.0.3904.108 Safari/537.36"
208.84.101.66 - - [10/Jan/2026:18:05:48 +0000] "POST //xmlrpc.php HTTP/1.1" 200 7676 "-" "Mozilla/5.0 (Windows NT 10.0; Win64; x64) AppleWebKit/537.36 (KHTML, like Gecko) Chrome/78.0.3904.108 Safari/537.36"
208.84.101.66 - - [10/Jan/2026:18:05:48 +0000] "POST //xmlrpc.php HTTP/1.1" 200 7676 "-" "Mozilla/5.0 (Windows NT 10.0; Win64; x64) AppleWebKit/537.36 (KHTML, like Gecko) Chrome/78.0.3904.108 Safari/537.36"
208.84.101.66 - - [10/Jan/2026:18:05:48 +0000] "POST //xmlrpc.php HTTP/1.1" 200 7682 "-" "Mozilla/5.0 (Windows NT 10.0; Win64; x64) AppleWebKit/537.36 (KHTML, like Gecko) Chrome/78.0.3904.108 Safari/537.36"
208.84.101.66 - - [10/Jan/2026:18:05:49 +0000] "POST //xmlrpc.php HTTP/1.1" 200 7676 "-" "Mozilla/5.0 (Windows NT 10.0; Win64; x64) AppleWebKit/537.36 (KHTML, like Gecko) Chrome/78.0.3904.108 Safari/537.36"
208.84.101.66 - - [10/Jan/2026:18:05:49 +0000] "POST //xmlrpc.php HTTP/1.1" 200 7682 "-" "Mozilla/5.0 (Windows NT 10.0; Win64; x64) AppleWebKit/537.36 (KHTML, like Gecko) Chrome/78.0.3904.108 Safari/537.36"
208.84.101.66 - - [10/Jan/2026:18:05:49 +0000] "POST //xmlrpc.php HTTP/1.1" 200 7682 "-" "Mozilla/5.0 (Windows NT 10.0; Win64; x64) AppleWebKit/537.36 (KHTML, like Gecko) Chrome/78.0.3904.108 Safari/537.36"
208.84.101.66 - - [10/Jan/2026:18:05:49 +0000] "POST //xmlrpc.php HTTP/1.1" 200 7682 "-" "Mozilla/5.0 (Windows NT 10.0; Win64; x64) AppleWebKit/537.36 (KHTML, like Gecko) Chrome/78.0.3904.108 Safari/537.36"
208.84.101.66 - - [10/Jan/2026:18:05:50 +0000] "POST //xmlrpc.php HTTP/1.1" 200 7682 "-" "Mozilla/5.0 (Windows NT 10.0; Win64; x64) AppleWebKit/537.36 (KHTML, like Gecko) Chrome/78.0.3904.108 Safari/537.36"
208.84.101.66 - - [10/Jan/2026:18:05:50 +0000] "POST //xmlrpc.php HTTP/1.1" 200 7682 "-" "Mozilla/5.0 (Windows NT 10.0; Win64; x64) AppleWebKit/537.36 (KHTML, like Gecko) Chrome/78.0.3904.108 Safari/537.36"
208.84.101.66 - - [10/Jan/2026:18:05:50 +0000] "POST //xmlrpc.php HTTP/1.1" 200 7682 "-" "Mozilla/5.0 (Windows NT 10.0; Win64; x64) AppleWebKit/537.36 (KHTML, like Gecko) Chrome/78.0.3904.108 Safari/537.36"
208.84.101.66 - - [10/Jan/2026:18:05:51 +0000] "POST //xmlrpc.php HTTP/1.1" 200 7682 "-" "Mozilla/5.0 (Windows NT 10.0; Win64; x64) AppleWebKit/537.36 (KHTML, like Gecko) Chrome/78.0.3904.108 Safari/537.36"
208.84.101.66 - - [10/Jan/2026:18:05:51 +0000] "POST //xmlrpc.php HTTP/1.1" 200 7682 "-" "Mozilla/5.0 (Windows NT 10.0; Win64; x64) AppleWebKit/537.36 (KHTML, like Gecko) Chrome/78.0.3904.108 Safari/537.36"
208.84.101.66 - - [10/Jan/2026:18:05:51 +0000] "POST //xmlrpc.php HTTP/1.1" 200 7682 "-" "Mozilla/5.0 (Windows NT 10.0; Win64; x64) AppleWebKit/537.36 (KHTML, like Gecko) Chrome/78.0.3904.108 Safari/537.36"
208.84.101.66 - - [10/Jan/2026:18:05:51 +0000] "POST //xmlrpc.php HTTP/1.1" 200 7676 "-" "Mozilla/5.0 (Windows NT 10.0; Win64; x64) AppleWebKit/537.36 (KHTML, like Gecko) Chrome/78.0.3904.108 Safari/537.36"
208.84.101.66 - - [10/Jan/2026:18:05:51 +0000] "POST //xmlrpc.php HTTP/1.1" 200 7682 "-" "Mozilla/5.0 (Windows NT 10.0; Win64; x64) AppleWebKit/537.36 (KHTML, like Gecko) Chrome/78.0.3904.108 Safari/537.36"
208.84.101.66 - - [10/Jan/2026:18:05:52 +0000] "POST //xmlrpc.php HTTP/1.1" 200 7682 "-" "Mozilla/5.0 (Windows NT 10.0; Win64; x64) AppleWebKit/537.36 (KHTML, like Gecko) Chrome/78.0.3904.108 Safari/537.36"
208.84.101.66 - - [10/Jan/2026:18:05:52 +0000] "POST //xmlrpc.php HTTP/1.1" 200 7682 "-" "Mozilla/5.0 (Windows NT 10.0; Win64; x64) AppleWebKit/537.36 (KHTML, like Gecko) Chrome/78.0.3904.108 Safari/537.36"
208.84.101.66 - - [10/Jan/2026:18:05:52 +0000] "POST //xmlrpc.php HTTP/1.1" 200 7676 "-" "Mozilla/5.0 (Windows NT 10.0; Win64; x64) AppleWebKit/537.36 (KHTML, like Gecko) Chrome/78.0.3904.108 Safari/537.36"
208.84.101.66 - - [10/Jan/2026:18:05:52 +0000] "POST //xmlrpc.php HTTP/1.1" 200 7682 "-" "Mozilla/5.0 (Windows NT 10.0; Win64; x64) AppleWebKit/537.36 (KHTML, like Gecko) Chrome/78.0.3904.108 Safari/537.36"
208.84.101.66 - - [10/Jan/2026:18:05:52 +0000] "POST //xmlrpc.php HTTP/1.1" 200 7682 "-" "Mozilla/5.0 (Windows NT 10.0; Win64; x64) AppleWebKit/537.36 (KHTML, like Gecko) Chrome/78.0.3904.108 Safari/537.36"
208.84.101.66 - - [10/Jan/2026:18:05:53 +0000] "POST //xmlrpc.php HTTP/1.1" 200 7682 "-" "Mozilla/5.0 (Windows NT 10.0; Win64; x64) AppleWebKit/537.36 (KHTML, like Gecko) Chrome/78.0.3904.108 Safari/537.36"
208.84.101.66 - - [10/Jan/2026:18:05:53 +0000] "POST //xmlrpc.php HTTP/1.1" 200 7682 "-" "Mozilla/5.0 (Windows NT 10.0; Win64; x64) AppleWebKit/537.36 (KHTML, like Gecko) Chrome/78.0.3904.108 Safari/537.36"
208.84.101.66 - - [10/Jan/2026:18:05:53 +0000] "POST //xmlrpc.php HTTP/1.1" 200 7676 "-" "Mozilla/5.0 (Windows NT 10.0; Win64; x64) AppleWebKit/537.36 (KHTML, like Gecko) Chrome/78.0.3904.108 Safari/537.36"
208.84.101.66 - - [10/Jan/2026:18:05:54 +0000] "POST //xmlrpc.php HTTP/1.1" 200 7682 "-" "Mozilla/5.0 (Windows NT 10.0; Win64; x64) AppleWebKit/537.36 (KHTML, like Gecko) Chrome/78.0.3904.108 Safari/537.36"
208.84.101.66 - - [10/Jan/2026:18:05:54 +0000] "POST //xmlrpc.php HTTP/1.1" 200 7682 "-" "Mozilla/5.0 (Windows NT 10.0; Win64; x64) AppleWebKit/537.36 (KHTML, like Gecko) Chrome/78.0.3904.108 Safari/537.36"
208.84.101.66 - - [10/Jan/2026:18:05:54 +0000] "POST //xmlrpc.php HTTP/1.1" 200 7682 "-" "Mozilla/5.0 (Windows NT 10.0; Win64; x64) AppleWebKit/537.36 (KHTML, like Gecko) Chrome/78.0.3904.108 Safari/537.36"
208.84.101.66 - - [10/Jan/2026:18:05:54 +0000] "POST //xmlrpc.php HTTP/1.1" 200 7676 "-" "Mozilla/5.0 (Windows NT 10.0; Win64; x64) AppleWebKit/537.36 (KHTML, like Gecko) Chrome/78.0.3904.108 Safari/537.36"
208.84.101.66 - - [10/Jan/2026:18:05:54 +0000] "POST //xmlrpc.php HTTP/1.1" 200 7682 "-" "Mozilla/5.0 (Windows NT 10.0; Win64; x64) AppleWebKit/537.36 (KHTML, like Gecko) Chrome/78.0.3904.108 Safari/537.36"
208.84.101.66 - - [10/Jan/2026:18:05:54 +0000] "POST //xmlrpc.php HTTP/1.1" 200 7676 "-" "Mozilla/5.0 (Windows NT 10.0; Win64; x64) AppleWebKit/537.36 (KHTML, like Gecko) Chrome/78.0.3904.108 Safari/537.36"
208.84.101.66 - - [10/Jan/2026:18:05:54 +0000] "POST //xmlrpc.php HTTP/1.1" 200 7682 "-" "Mozilla/5.0 (Windows NT 10.0; Win64; x64) AppleWebKit/537.36 (KHTML, like Gecko) Chrome/78.0.3904.108 Safari/537.36"
208.84.101.66 - - [10/Jan/2026:18:05:55 +0000] "POST //xmlrpc.php HTTP/1.1" 200 7676 "-" "Mozilla/5.0 (Windows NT 10.0; Win64; x64) AppleWebKit/537.36 (KHTML, like Gecko) Chrome/78.0.3904.108 Safari/537.36"
208.84.101.66 - - [10/Jan/2026:18:05:55 +0000] "POST //xmlrpc.php HTTP/1.1" 200 7682 "-" "Mozilla/5.0 (Windows NT 10.0; Win64; x64) AppleWebKit/537.36 (KHTML, like Gecko) Chrome/78.0.3904.108 Safari/537.36"
208.84.101.66 - - [10/Jan/2026:18:05:55 +0000] "POST //xmlrpc.php HTTP/1.1" 200 7682 "-" "Mozilla/5.0 (Windows NT 10.0; Win64; x64) AppleWebKit/537.36 (KHTML, like Gecko) Chrome/78.0.3904.108 Safari/537.36"
208.84.101.66 - - [10/Jan/2026:18:05:55 +0000] "POST //xmlrpc.php HTTP/1.1" 200 7676 "-" "Mozilla/5.0 (Windows NT 10.0; Win64; x64) AppleWebKit/537.36 (KHTML, like Gecko) Chrome/78.0.3904.108 Safari/537.36"
208.84.101.66 - - [10/Jan/2026:18:05:56 +0000] "POST //xmlrpc.php HTTP/1.1" 200 7682 "-" "Mozilla/5.0 (Windows NT 10.0; Win64; x64) AppleWebKit/537.36 (KHTML, like Gecko) Chrome/78.0.3904.108 Safari/537.36"
208.84.101.66 - - [10/Jan/2026:18:05:56 +0000] "POST //xmlrpc.php HTTP/1.1" 200 7682 "-" "Mozilla/5.0 (Windows NT 10.0; Win64; x64) AppleWebKit/537.36 (KHTML, like Gecko) Chrome/78.0.3904.108 Safari/537.36"
208.84.101.66 - - [10/Jan/2026:18:05:58 +0000] "POST //xmlrpc.php HTTP/1.1" 200 7682 "-" "Mozilla/5.0 (Windows NT 10.0; Win64; x64) AppleWebKit/537.36 (KHTML, like Gecko) Chrome/78.0.3904.108 Safari/537.36"
208.84.101.66 - - [10/Jan/2026:18:05:58 +0000] "POST //xmlrpc.php HTTP/1.1" 200 7676 "-" "Mozilla/5.0 (Windows NT 10.0; Win64; x64) AppleWebKit/537.36 (KHTML, like Gecko) Chrome/78.0.3904.108 Safari/537.36"
208.84.101.66 - - [10/Jan/2026:18:05:58 +0000] "POST //xmlrpc.php HTTP/1.1" 200 7682 "-" "Mozilla/5.0 (Windows NT 10.0; Win64; x64) AppleWebKit/537.36 (KHTML, like Gecko) Chrome/78.0.3904.108 Safari/537.36"
208.84.101.66 - - [10/Jan/2026:18:05:58 +0000] "POST //xmlrpc.php HTTP/1.1" 200 7682 "-" "Mozilla/5.0 (Windows NT 10.0; Win64; x64) AppleWebKit/537.36 (KHTML, like Gecko) Chrome/78.0.3904.108 Safari/537.36"
66.135.21.75 - - [10/Jan/2026:18:05:59 +0000] "POST /wp-cron.php?doing_wp_cron=1768068359.2993879318237304687500 HTTP/1.1" 200 31 "-" "WordPress/6.3.1; https://gsudice.dataconn.net"
208.84.101.66 - - [10/Jan/2026:18:05:59 +0000] "POST //xmlrpc.php HTTP/1.1" 200 7682 "-" "Mozilla/5.0 (Windows NT 10.0; Win64; x64) AppleWebKit/537.36 (KHTML, like Gecko) Chrome/78.0.3904.108 Safari/537.36"
208.84.101.66 - - [10/Jan/2026:18:05:59 +0000] "POST //xmlrpc.php HTTP/1.1" 200 7682 "-" "Mozilla/5.0 (Windows NT 10.0; Win64; x64) AppleWebKit/537.36 (KHTML, like Gecko) Chrome/78.0.3904.108 Safari/537.36"
208.84.101.66 - - [10/Jan/2026:18:05:59 +0000] "POST //xmlrpc.php HTTP/1.1" 200 7682 "-" "Mozilla/5.0 (Windows NT 10.0; Win64; x64) AppleWebKit/537.36 (KHTML, like Gecko) Chrome/78.0.3904.108 Safari/537.36"
208.84.101.66 - - [10/Jan/2026:18:06:00 +0000] "POST //xmlrpc.php HTTP/1.1" 200 7682 "-" "Mozilla/5.0 (Windows NT 10.0; Win64; x64) AppleWebKit/537.36 (KHTML, like Gecko) Chrome/78.0.3904.108 Safari/537.36"
208.84.101.66 - - [10/Jan/2026:18:06:00 +0000] "POST //xmlrpc.php HTTP/1.1" 200 7682 "-" "Mozilla/5.0 (Windows NT 10.0; Win64; x64) AppleWebKit/537.36 (KHTML, like Gecko) Chrome/78.0.3904.108 Safari/537.36"
208.84.101.66 - - [10/Jan/2026:18:06:00 +0000] "POST //xmlrpc.php HTTP/1.1" 200 7682 "-" "Mozilla/5.0 (Windows NT 10.0; Win64; x64) AppleWebKit/537.36 (KHTML, like Gecko) Chrome/78.0.3904.108 Safari/537.36"
208.84.101.66 - - [10/Jan/2026:18:06:00 +0000] "POST //xmlrpc.php HTTP/1.1" 200 7682 "-" "Mozilla/5.0 (Windows NT 10.0; Win64; x64) AppleWebKit/537.36 (KHTML, like Gecko) Chrome/78.0.3904.108 Safari/537.36"
208.84.101.66 - - [10/Jan/2026:18:06:01 +0000] "POST //xmlrpc.php HTTP/1.1" 200 7682 "-" "Mozilla/5.0 (Windows NT 10.0; Win64; x64) AppleWebKit/537.36 (KHTML, like Gecko) Chrome/78.0.3904.108 Safari/537.36"
208.84.101.66 - - [10/Jan/2026:18:06:02 +0000] "POST //xmlrpc.php HTTP/1.1" 200 7682 "-" "Mozilla/5.0 (Windows NT 10.0; Win64; x64) AppleWebKit/537.36 (KHTML, like Gecko) Chrome/78.0.3904.108 Safari/537.36"
208.84.101.66 - - [10/Jan/2026:18:06:03 +0000] "POST //xmlrpc.php HTTP/1.1" 200 7682 "-" "Mozilla/5.0 (Windows NT 10.0; Win64; x64) AppleWebKit/537.36 (KHTML, like Gecko) Chrome/78.0.3904.108 Safari/537.36"
208.84.101.66 - - [10/Jan/2026:18:06:03 +0000] "POST //xmlrpc.php HTTP/1.1" 200 7682 "-" "Mozilla/5.0 (Windows NT 10.0; Win64; x64) AppleWebKit/537.36 (KHTML, like Gecko) Chrome/78.0.3904.108 Safari/537.36"
208.84.101.66 - - [10/Jan/2026:18:06:04 +0000] "POST //xmlrpc.php HTTP/1.1" 200 7682 "-" "Mozilla/5.0 (Windows NT 10.0; Win64; x64) AppleWebKit/537.36 (KHTML, like Gecko) Chrome/78.0.3904.108 Safari/537.36"
208.84.101.66 - - [10/Jan/2026:18:06:04 +0000] "POST //xmlrpc.php HTTP/1.1" 200 7676 "-" "Mozilla/5.0 (Windows NT 10.0; Win64; x64) AppleWebKit/537.36 (KHTML, like Gecko) Chrome/78.0.3904.108 Safari/537.36"
208.84.101.66 - - [10/Jan/2026:18:06:04 +0000] "POST //xmlrpc.php HTTP/1.1" 200 7682 "-" "Mozilla/5.0 (Windows NT 10.0; Win64; x64) AppleWebKit/537.36 (KHTML, like Gecko) Chrome/78.0.3904.108 Safari/537.36"
208.84.101.66 - - [10/Jan/2026:18:06:04 +0000] "POST //xmlrpc.php HTTP/1.1" 200 7682 "-" "Mozilla/5.0 (Windows NT 10.0; Win64; x64) AppleWebKit/537.36 (KHTML, like Gecko) Chrome/78.0.3904.108 Safari/537.36"
208.84.101.66 - - [10/Jan/2026:18:06:05 +0000] "POST //xmlrpc.php HTTP/1.1" 200 7676 "-" "Mozilla/5.0 (Windows NT 10.0; Win64; x64) AppleWebKit/537.36 (KHTML, like Gecko) Chrome/78.0.3904.108 Safari/537.36"
208.84.101.66 - - [10/Jan/2026:18:06:05 +0000] "POST //xmlrpc.php HTTP/1.1" 200 7676 "-" "Mozilla/5.0 (Windows NT 10.0; Win64; x64) AppleWebKit/537.36 (KHTML, like Gecko) Chrome/78.0.3904.108 Safari/537.36"
208.84.101.66 - - [10/Jan/2026:18:06:05 +0000] "POST //xmlrpc.php HTTP/1.1" 200 7676 "-" "Mozilla/5.0 (Windows NT 10.0; Win64; x64) AppleWebKit/537.36 (KHTML, like Gecko) Chrome/78.0.3904.108 Safari/537.36"
208.84.101.66 - - [10/Jan/2026:18:06:05 +0000] "POST //xmlrpc.php HTTP/1.1" 200 7676 "-" "Mozilla/5.0 (Windows NT 10.0; Win64; x64) AppleWebKit/537.36 (KHTML, like Gecko) Chrome/78.0.3904.108 Safari/537.36"
208.84.101.66 - - [10/Jan/2026:18:06:05 +0000] "POST //xmlrpc.php HTTP/1.1" 200 7682 "-" "Mozilla/5.0 (Windows NT 10.0; Win64; x64) AppleWebKit/537.36 (KHTML, like Gecko) Chrome/78.0.3904.108 Safari/537.36"
208.84.101.66 - - [10/Jan/2026:18:06:05 +0000] "POST //xmlrpc.php HTTP/1.1" 200 7676 "-" "Mozilla/5.0 (Windows NT 10.0; Win64; x64) AppleWebKit/537.36 (KHTML, like Gecko) Chrome/78.0.3904.108 Safari/537.36"
208.84.101.66 - - [10/Jan/2026:18:06:05 +0000] "POST //xmlrpc.php HTTP/1.1" 200 7676 "-" "Mozilla/5.0 (Windows NT 10.0; Win64; x64) AppleWebKit/537.36 (KHTML, like Gecko) Chrome/78.0.3904.108 Safari/537.36"
208.84.101.66 - - [10/Jan/2026:18:06:05 +0000] "POST //xmlrpc.php HTTP/1.1" 200 7682 "-" "Mozilla/5.0 (Windows NT 10.0; Win64; x64) AppleWebKit/537.36 (KHTML, like Gecko) Chrome/78.0.3904.108 Safari/537.36"
208.84.101.66 - - [10/Jan/2026:18:06:05 +0000] "POST //xmlrpc.php HTTP/1.1" 200 7676 "-" "Mozilla/5.0 (Windows NT 10.0; Win64; x64) AppleWebKit/537.36 (KHTML, like Gecko) Chrome/78.0.3904.108 Safari/537.36"
208.84.101.66 - - [10/Jan/2026:18:06:05 +0000] "POST //xmlrpc.php HTTP/1.1" 200 7676 "-" "Mozilla/5.0 (Windows NT 10.0; Win64; x64) AppleWebKit/537.36 (KHTML, like Gecko) Chrome/78.0.3904.108 Safari/537.36"
208.84.101.66 - - [10/Jan/2026:18:06:05 +0000] "POST //xmlrpc.php HTTP/1.1" 200 7682 "-" "Mozilla/5.0 (Windows NT 10.0; Win64; x64) AppleWebKit/537.36 (KHTML, like Gecko) Chrome/78.0.3904.108 Safari/537.36"
208.84.101.66 - - [10/Jan/2026:18:06:06 +0000] "POST //xmlrpc.php HTTP/1.1" 200 7682 "-" "Mozilla/5.0 (Windows NT 10.0; Win64; x64) AppleWebKit/537.36 (KHTML, like Gecko) Chrome/78.0.3904.108 Safari/537.36"
208.84.101.66 - - [10/Jan/2026:18:06:06 +0000] "POST //xmlrpc.php HTTP/1.1" 200 7676 "-" "Mozilla/5.0 (Windows NT 10.0; Win64; x64) AppleWebKit/537.36 (KHTML, like Gecko) Chrome/78.0.3904.108 Safari/537.36"
208.84.101.66 - - [10/Jan/2026:18:06:06 +0000] "POST //xmlrpc.php HTTP/1.1" 200 7676 "-" "Mozilla/5.0 (Windows NT 10.0; Win64; x64) AppleWebKit/537.36 (KHTML, like Gecko) Chrome/78.0.3904.108 Safari/537.36"
208.84.101.66 - - [10/Jan/2026:18:06:06 +0000] "POST //xmlrpc.php HTTP/1.1" 200 7682 "-" "Mozilla/5.0 (Windows NT 10.0; Win64; x64) AppleWebKit/537.36 (KHTML, like Gecko) Chrome/78.0.3904.108 Safari/537.36"
208.84.101.66 - - [10/Jan/2026:18:06:06 +0000] "POST //xmlrpc.php HTTP/1.1" 200 7676 "-" "Mozilla/5.0 (Windows NT 10.0; Win64; x64) AppleWebKit/537.36 (KHTML, like Gecko) Chrome/78.0.3904.108 Safari/537.36"
208.84.101.66 - - [10/Jan/2026:18:06:06 +0000] "POST //xmlrpc.php HTTP/1.1" 200 7676 "-" "Mozilla/5.0 (Windows NT 10.0; Win64; x64) AppleWebKit/537.36 (KHTML, like Gecko) Chrome/78.0.3904.108 Safari/537.36"
208.84.101.66 - - [10/Jan/2026:18:06:06 +0000] "POST //xmlrpc.php HTTP/1.1" 200 7676 "-" "Mozilla/5.0 (Windows NT 10.0; Win64; x64) AppleWebKit/537.36 (KHTML, like Gecko) Chrome/78.0.3904.108 Safari/537.36"
208.84.101.66 - - [10/Jan/2026:18:06:06 +0000] "POST //xmlrpc.php HTTP/1.1" 200 7676 "-" "Mozilla/5.0 (Windows NT 10.0; Win64; x64) AppleWebKit/537.36 (KHTML, like Gecko) Chrome/78.0.3904.108 Safari/537.36"
208.84.101.66 - - [10/Jan/2026:18:06:06 +0000] "POST //xmlrpc.php HTTP/1.1" 200 7682 "-" "Mozilla/5.0 (Windows NT 10.0; Win64; x64) AppleWebKit/537.36 (KHTML, like Gecko) Chrome/78.0.3904.108 Safari/537.36"
208.84.101.66 - - [10/Jan/2026:18:06:06 +0000] "POST //xmlrpc.php HTTP/1.1" 200 7676 "-" "Mozilla/5.0 (Windows NT 10.0; Win64; x64) AppleWebKit/537.36 (KHTML, like Gecko) Chrome/78.0.3904.108 Safari/537.36"
208.84.101.66 - - [10/Jan/2026:18:06:06 +0000] "POST //xmlrpc.php HTTP/1.1" 200 7676 "-" "Mozilla/5.0 (Windows NT 10.0; Win64; x64) AppleWebKit/537.36 (KHTML, like Gecko) Chrome/78.0.3904.108 Safari/537.36"
208.84.101.66 - - [10/Jan/2026:18:06:06 +0000] "POST //xmlrpc.php HTTP/1.1" 200 7676 "-" "Mozilla/5.0 (Windows NT 10.0; Win64; x64) AppleWebKit/537.36 (KHTML, like Gecko) Chrome/78.0.3904.108 Safari/537.36"
208.84.101.66 - - [10/Jan/2026:18:06:07 +0000] "POST //xmlrpc.php HTTP/1.1" 200 7682 "-" "Mozilla/5.0 (Windows NT 10.0; Win64; x64) AppleWebKit/537.36 (KHTML, like Gecko) Chrome/78.0.3904.108 Safari/537.36"
208.84.101.66 - - [10/Jan/2026:18:06:07 +0000] "POST //xmlrpc.php HTTP/1.1" 200 7676 "-" "Mozilla/5.0 (Windows NT 10.0; Win64; x64) AppleWebKit/537.36 (KHTML, like Gecko) Chrome/78.0.3904.108 Safari/537.36"
208.84.101.66 - - [10/Jan/2026:18:06:07 +0000] "POST //xmlrpc.php HTTP/1.1" 200 7676 "-" "Mozilla/5.0 (Windows NT 10.0; Win64; x64) AppleWebKit/537.36 (KHTML, like Gecko) Chrome/78.0.3904.108 Safari/537.36"
208.84.101.66 - - [10/Jan/2026:18:06:07 +0000] "POST //xmlrpc.php HTTP/1.1" 200 7676 "-" "Mozilla/5.0 (Windows NT 10.0; Win64; x64) AppleWebKit/537.36 (KHTML, like Gecko) Chrome/78.0.3904.108 Safari/537.36"
208.84.101.66 - - [10/Jan/2026:18:06:07 +0000] "POST //xmlrpc.php HTTP/1.1" 200 7682 "-" "Mozilla/5.0 (Windows NT 10.0; Win64; x64) AppleWebKit/537.36 (KHTML, like Gecko) Chrome/78.0.3904.108 Safari/537.36"
208.84.101.66 - - [10/Jan/2026:18:06:07 +0000] "POST //xmlrpc.php HTTP/1.1" 200 7682 "-" "Mozilla/5.0 (Windows NT 10.0; Win64; x64) AppleWebKit/537.36 (KHTML, like Gecko) Chrome/78.0.3904.108 Safari/537.36"
208.84.101.66 - - [10/Jan/2026:18:06:07 +0000] "POST //xmlrpc.php HTTP/1.1" 200 7682 "-" "Mozilla/5.0 (Windows NT 10.0; Win64; x64) AppleWebKit/537.36 (KHTML, like Gecko) Chrome/78.0.3904.108 Safari/537.36"
208.84.101.66 - - [10/Jan/2026:18:06:07 +0000] "POST //xmlrpc.php HTTP/1.1" 200 7682 "-" "Mozilla/5.0 (Windows NT 10.0; Win64; x64) AppleWebKit/537.36 (KHTML, like Gecko) Chrome/78.0.3904.108 Safari/537.36"
208.84.101.66 - - [10/Jan/2026:18:06:08 +0000] "POST //xmlrpc.php HTTP/1.1" 200 7682 "-" "Mozilla/5.0 (Windows NT 10.0; Win64; x64) AppleWebKit/537.36 (KHTML, like Gecko) Chrome/78.0.3904.108 Safari/537.36"
208.84.101.66 - - [10/Jan/2026:18:06:08 +0000] "POST //xmlrpc.php HTTP/1.1" 200 7676 "-" "Mozilla/5.0 (Windows NT 10.0; Win64; x64) AppleWebKit/537.36 (KHTML, like Gecko) Chrome/78.0.3904.108 Safari/537.36"
208.84.101.66 - - [10/Jan/2026:18:06:08 +0000] "POST //xmlrpc.php HTTP/1.1" 200 7676 "-" "Mozilla/5.0 (Windows NT 10.0; Win64; x64) AppleWebKit/537.36 (KHTML, like Gecko) Chrome/78.0.3904.108 Safari/537.36"
208.84.101.66 - - [10/Jan/2026:18:06:08 +0000] "POST //xmlrpc.php HTTP/1.1" 200 7676 "-" "Mozilla/5.0 (Windows NT 10.0; Win64; x64) AppleWebKit/537.36 (KHTML, like Gecko) Chrome/78.0.3904.108 Safari/537.36"
208.84.101.66 - - [10/Jan/2026:18:06:08 +0000] "POST //xmlrpc.php HTTP/1.1" 200 7676 "-" "Mozilla/5.0 (Windows NT 10.0; Win64; x64) AppleWebKit/537.36 (KHTML, like Gecko) Chrome/78.0.3904.108 Safari/537.36"
208.84.101.66 - - [10/Jan/2026:18:06:08 +0000] "POST //xmlrpc.php HTTP/1.1" 200 7682 "-" "Mozilla/5.0 (Windows NT 10.0; Win64; x64) AppleWebKit/537.36 (KHTML, like Gecko) Chrome/78.0.3904.108 Safari/537.36"
208.84.101.66 - - [10/Jan/2026:18:06:08 +0000] "POST //xmlrpc.php HTTP/1.1" 200 7676 "-" "Mozilla/5.0 (Windows NT 10.0; Win64; x64) AppleWebKit/537.36 (KHTML, like Gecko) Chrome/78.0.3904.108 Safari/537.36"
208.84.101.66 - - [10/Jan/2026:18:06:08 +0000] "POST //xmlrpc.php HTTP/1.1" 200 7676 "-" "Mozilla/5.0 (Windows NT 10.0; Win64; x64) AppleWebKit/537.36 (KHTML, like Gecko) Chrome/78.0.3904.108 Safari/537.36"
208.84.101.66 - - [10/Jan/2026:18:06:08 +0000] "POST //xmlrpc.php HTTP/1.1" 200 7682 "-" "Mozilla/5.0 (Windows NT 10.0; Win64; x64) AppleWebKit/537.36 (KHTML, like Gecko) Chrome/78.0.3904.108 Safari/537.36"
208.84.101.66 - - [10/Jan/2026:18:06:09 +0000] "POST //xmlrpc.php HTTP/1.1" 200 7682 "-" "Mozilla/5.0 (Windows NT 10.0; Win64; x64) AppleWebKit/537.36 (KHTML, like Gecko) Chrome/78.0.3904.108 Safari/537.36"
208.84.101.66 - - [10/Jan/2026:18:06:09 +0000] "POST //xmlrpc.php HTTP/1.1" 200 7682 "-" "Mozilla/5.0 (Windows NT 10.0; Win64; x64) AppleWebKit/537.36 (KHTML, like Gecko) Chrome/78.0.3904.108 Safari/537.36"
208.84.101.66 - - [10/Jan/2026:18:06:09 +0000] "POST //xmlrpc.php HTTP/1.1" 200 7682 "-" "Mozilla/5.0 (Windows NT 10.0; Win64; x64) AppleWebKit/537.36 (KHTML, like Gecko) Chrome/78.0.3904.108 Safari/537.36"
208.84.101.66 - - [10/Jan/2026:18:06:09 +0000] "POST //xmlrpc.php HTTP/1.1" 200 7676 "-" "Mozilla/5.0 (Windows NT 10.0; Win64; x64) AppleWebKit/537.36 (KHTML, like Gecko) Chrome/78.0.3904.108 Safari/537.36"
208.84.101.66 - - [10/Jan/2026:18:06:09 +0000] "POST //xmlrpc.php HTTP/1.1" 200 7676 "-" "Mozilla/5.0 (Windows NT 10.0; Win64; x64) AppleWebKit/537.36 (KHTML, like Gecko) Chrome/78.0.3904.108 Safari/537.36"
208.84.101.66 - - [10/Jan/2026:18:06:09 +0000] "POST //xmlrpc.php HTTP/1.1" 200 7676 "-" "Mozilla/5.0 (Windows NT 10.0; Win64; x64) AppleWebKit/537.36 (KHTML, like Gecko) Chrome/78.0.3904.108 Safari/537.36"
208.84.101.66 - - [10/Jan/2026:18:06:09 +0000] "POST //xmlrpc.php HTTP/1.1" 200 7682 "-" "Mozilla/5.0 (Windows NT 10.0; Win64; x64) AppleWebKit/537.36 (KHTML, like Gecko) Chrome/78.0.3904.108 Safari/537.36"
208.84.101.66 - - [10/Jan/2026:18:06:09 +0000] "POST //xmlrpc.php HTTP/1.1" 200 7676 "-" "Mozilla/5.0 (Windows NT 10.0; Win64; x64) AppleWebKit/537.36 (KHTML, like Gecko) Chrome/78.0.3904.108 Safari/537.36"
208.84.101.66 - - [10/Jan/2026:18:06:09 +0000] "POST //xmlrpc.php HTTP/1.1" 200 7676 "-" "Mozilla/5.0 (Windows NT 10.0; Win64; x64) AppleWebKit/537.36 (KHTML, like Gecko) Chrome/78.0.3904.108 Safari/537.36"
208.84.101.66 - - [10/Jan/2026:18:06:10 +0000] "POST //xmlrpc.php HTTP/1.1" 200 7682 "-" "Mozilla/5.0 (Windows NT 10.0; Win64; x64) AppleWebKit/537.36 (KHTML, like Gecko) Chrome/78.0.3904.108 Safari/537.36"
208.84.101.66 - - [10/Jan/2026:18:06:10 +0000] "POST //xmlrpc.php HTTP/1.1" 200 7676 "-" "Mozilla/5.0 (Windows NT 10.0; Win64; x64) AppleWebKit/537.36 (KHTML, like Gecko) Chrome/78.0.3904.108 Safari/537.36"
208.84.101.66 - - [10/Jan/2026:18:06:10 +0000] "POST //xmlrpc.php HTTP/1.1" 200 7682 "-" "Mozilla/5.0 (Windows NT 10.0; Win64; x64) AppleWebKit/537.36 (KHTML, like Gecko) Chrome/78.0.3904.108 Safari/537.36"
208.84.101.66 - - [10/Jan/2026:18:06:10 +0000] "POST //xmlrpc.php HTTP/1.1" 200 7676 "-" "Mozilla/5.0 (Windows NT 10.0; Win64; x64) AppleWebKit/537.36 (KHTML, like Gecko) Chrome/78.0.3904.108 Safari/537.36"
208.84.101.66 - - [10/Jan/2026:18:06:10 +0000] "POST //xmlrpc.php HTTP/1.1" 200 7682 "-" "Mozilla/5.0 (Windows NT 10.0; Win64; x64) AppleWebKit/537.36 (KHTML, like Gecko) Chrome/78.0.3904.108 Safari/537.36"
208.84.101.66 - - [10/Jan/2026:18:06:10 +0000] "POST //xmlrpc.php HTTP/1.1" 200 7682 "-" "Mozilla/5.0 (Windows NT 10.0; Win64; x64) AppleWebKit/537.36 (KHTML, like Gecko) Chrome/78.0.3904.108 Safari/537.36"
208.84.101.66 - - [10/Jan/2026:18:06:11 +0000] "POST //xmlrpc.php HTTP/1.1" 200 7676 "-" "Mozilla/5.0 (Windows NT 10.0; Win64; x64) AppleWebKit/537.36 (KHTML, like Gecko) Chrome/78.0.3904.108 Safari/537.36"
208.84.101.66 - - [10/Jan/2026:18:06:11 +0000] "POST //xmlrpc.php HTTP/1.1" 200 7676 "-" "Mozilla/5.0 (Windows NT 10.0; Win64; x64) AppleWebKit/537.36 (KHTML, like Gecko) Chrome/78.0.3904.108 Safari/537.36"
