40.83.95.233 - - [11/Jan/2026:05:45:22 +0000] "GET /flower.php HTTP/1.1" 404 162 "https://www.yahoo.com/" "Mozilla/5.0 (iPhone; CPU iPhone OS 16_0 like Mac OS X) AppleWebKit/605.1.15 (KHTML, like Gecko) FxiOS/118.0 Mobile/15E148 Safari/605.1.15"
40.83.95.233 - - [11/Jan/2026:05:45:22 +0000] "GET /radio.php HTTP/1.1" 301 178 "https://duckduckgo.com/" "Mozilla/5.0 (iPad; CPU OS 17_0_3 like Mac OS X) AppleWebKit/605.1.15 (KHTML, like Gecko) Version/17.0.1 Mobile/15E148 Safari/604.1"
40.83.95.233 - - [11/Jan/2026:05:45:22 +0000] "GET /radio.php HTTP/1.1" 404 162 "https://duckduckgo.com/" "Mozilla/5.0 (iPad; CPU OS 17_0_3 like Mac OS X) AppleWebKit/605.1.15 (KHTML, like Gecko) Version/17.0.1 Mobile/15E148 Safari/604.1"
40.83.95.233 - - [11/Jan/2026:05:45:22 +0000] "GET /wp-admin/maint/about.php HTTP/1.1" 301 178 "https://www.google.de/" "Mozilla/5.0 (iPhone; CPU iPhone OS 16_6_1 like Mac OS X) AppleWebKit/605.1.15 (KHTML, like Gecko) Version/16.6 Mobile/15E148 Safari/604.1"
40.83.95.233 - - [11/Jan/2026:05:45:23 +0000] "GET /wp-admin/maint/about.php HTTP/1.1" 404 162 "https://www.google.de/" "Mozilla/5.0 (iPhone; CPU iPhone OS 16_6_1 like Mac OS X) AppleWebKit/605.1.15 (KHTML, like Gecko) Version/16.6 Mobile/15E148 Safari/604.1"
40.83.95.233 - - [11/Jan/2026:05:45:23 +0000] "GET /wp-content/plugins/index.php HTTP/1.1" 301 178 "https://www.google.de/" "Mozilla/5.0 (iPhone; CPU iPhone OS 17_1 like Mac OS X) AppleWebKit/605.1.15 (KHTML, like Gecko) CriOS/119.0.6045.109 Mobile/15E148 Safari/604.1"
40.83.95.233 - - [11/Jan/2026:05:45:23 +0000] "GET /wp-content/plugins/index.php HTTP/1.1" 404 162 "https://www.google.de/" "Mozilla/5.0 (iPhone; CPU iPhone OS 17_1 like Mac OS X) AppleWebKit/605.1.15 (KHTML, like Gecko) CriOS/119.0.6045.109 Mobile/15E148 Safari/604.1"
40.83.95.233 - - [11/Jan/2026:05:45:23 +0000] "GET /filemanager.php HTTP/1.1" 301 178 "https://www.google.co.uk/" "Mozilla/5.0 (Linux; Android 10; K) AppleWebKit/537.36 (KHTML, like Gecko) Chrome/117.0.0.0 Mobile Safari/537.36"
40.83.95.233 - - [11/Jan/2026:05:45:24 +0000] "GET /filemanager.php HTTP/1.1" 404 564 "https://www.google.co.uk/" "Mozilla/5.0 (Linux; Android 10; K) AppleWebKit/537.36 (KHTML, like Gecko) Chrome/117.0.0.0 Mobile Safari/537.36"
40.83.95.233 - - [11/Jan/2026:05:45:24 +0000] "GET /wp-includes/images/wp-login.php HTTP/1.1" 301 178 "https://www.bing.com/" "Mozilla/5.0 (Linux; Android 11; 21081111RG) AppleWebKit/537.36 (KHTML, like Gecko) Chrome/116.0.0.0 Mobile Safari/537.36"
40.83.95.233 - - [11/Jan/2026:05:45:24 +0000] "GET /wp-includes/images/wp-login.php HTTP/1.1" 404 564 "https://www.bing.com/" "Mozilla/5.0 (Linux; Android 11; 21081111RG) AppleWebKit/537.36 (KHTML, like Gecko) Chrome/116.0.0.0 Mobile Safari/537.36"
40.83.95.233 - - [11/Jan/2026:05:45:24 +0000] "GET /403.php HTTP/1.1" 301 178 "https://www.google.com/" "Mozilla/5.0 (Linux; Android 14; Pixel 8 Pro) AppleWebKit/537.36 (KHTML, like Gecko) Chrome/119.0.0.0 Mobile Safari/537.36"
40.83.95.233 - - [11/Jan/2026:05:45:24 +0000] "GET /403.php HTTP/1.1" 404 564 "https://www.google.com/" "Mozilla/5.0 (Linux; Android 14; Pixel 8 Pro) AppleWebKit/537.36 (KHTML, like Gecko) Chrome/119.0.0.0 Mobile Safari/537.36"
40.83.95.233 - - [11/Jan/2026:05:45:25 +0000] "GET /makeasmtp.php HTTP/1.1" 301 178 "https://duckduckgo.com/" "Mozilla/5.0 (Linux; Android 14; Pixel 8 Pro) AppleWebKit/537.36 (KHTML, like Gecko) Chrome/119.0.0.0 Mobile Safari/537.36"
40.83.95.233 - - [11/Jan/2026:05:45:25 +0000] "GET /makeasmtp.php HTTP/1.1" 404 564 "https://duckduckgo.com/" "Mozilla/5.0 (Linux; Android 14; Pixel 8 Pro) AppleWebKit/537.36 (KHTML, like Gecko) Chrome/119.0.0.0 Mobile Safari/537.36"
40.83.95.233 - - [11/Jan/2026:05:45:25 +0000] "GET /file5.php HTTP/1.1" 301 178 "https://www.google.co.uk/" "Mozilla/5.0 (Linux; Android 11; CPH2251) AppleWebKit/537.36 (KHTML, like Gecko) Chrome/116.0.0.0 Mobile Safari/537.36"
40.83.95.233 - - [11/Jan/2026:05:45:25 +0000] "GET /file5.php HTTP/1.1" 404 564 "https://www.google.co.uk/" "Mozilla/5.0 (Linux; Android 11; CPH2251) AppleWebKit/537.36 (KHTML, like Gecko) Chrome/116.0.0.0 Mobile Safari/537.36"
40.83.95.233 - - [11/Jan/2026:05:45:25 +0000] "GET /upload.php HTTP/1.1" 301 178 "https://duckduckgo.com/" "Mozilla/5.0 (iPhone; CPU iPhone OS 16_0 like Mac OS X) AppleWebKit/605.1.15 (KHTML, like Gecko) FxiOS/118.0 Mobile/15E148 Safari/605.1.15"
40.83.95.233 - - [11/Jan/2026:05:45:26 +0000] "GET /upload.php HTTP/1.1" 404 162 "https://duckduckgo.com/" "Mozilla/5.0 (iPhone; CPU iPhone OS 16_0 like Mac OS X) AppleWebKit/605.1.15 (KHTML, like Gecko) FxiOS/118.0 Mobile/15E148 Safari/605.1.15"
40.83.95.233 - - [11/Jan/2026:05:45:26 +0000] "GET /vx.php HTTP/1.1" 301 178 "https://www.yahoo.com/" "Mozilla/5.0 (Linux; Android 14; Pixel 8 Pro) AppleWebKit/537.36 (KHTML, like Gecko) Chrome/119.0.0.0 Mobile Safari/537.36"
40.83.95.233 - - [11/Jan/2026:05:45:26 +0000] "GET /vx.php HTTP/1.1" 404 564 "https://www.yahoo.com/" "Mozilla/5.0 (Linux; Android 14; Pixel 8 Pro) AppleWebKit/537.36 (KHTML, like Gecko) Chrome/119.0.0.0 Mobile Safari/537.36"
40.83.95.233 - - [11/Jan/2026:05:45:26 +0000] "GET /dropdown.php HTTP/1.1" 301 178 "https://www.yahoo.com/" "Mozilla/5.0 (Linux; Android 10; LM-Q720) AppleWebKit/537.36 (KHTML, like Gecko) Chrome/116.0.0.0 Mobile Safari/537.36"
40.83.95.233 - - [11/Jan/2026:05:45:26 +0000] "GET /dropdown.php HTTP/1.1" 404 564 "https://www.yahoo.com/" "Mozilla/5.0 (Linux; Android 10; LM-Q720) AppleWebKit/537.36 (KHTML, like Gecko) Chrome/116.0.0.0 Mobile Safari/537.36"
40.83.95.233 - - [11/Jan/2026:05:45:27 +0000] "GET /system.php HTTP/1.1" 301 178 "https://www.google.co.uk/" "Mozilla/5.0 (Linux; Android 10; K) AppleWebKit/537.36 (KHTML, like Gecko) Chrome/117.0.0.0 Mobile Safari/537.36"
40.83.95.233 - - [11/Jan/2026:05:45:27 +0000] "GET /system.php HTTP/1.1" 404 564 "https://www.google.co.uk/" "Mozilla/5.0 (Linux; Android 10; K) AppleWebKit/537.36 (KHTML, like Gecko) Chrome/117.0.0.0 Mobile Safari/537.36"
23.100.94.228 - - [11/Jan/2026:05:46:51 +0000] "GET /images/index.php HTTP/1.1" 404 564 "https://www.google.co.uk/" "Mozilla/5.0 (Linux; Android 13; SM-G991U) AppleWebKit/537.36 (KHTML, like Gecko) Chrome/117.0.0.0 Mobile Safari/537.36"
23.100.94.228 - - [11/Jan/2026:05:46:52 +0000] "GET /fonts/index.php HTTP/1.1" 404 564 "https://www.google.de/" "Mozilla/5.0 (Linux; Android 13; SM-S908E) AppleWebKit/537.36 (KHTML, like Gecko) Chrome/116.0.0.0 Mobile Safari/537.36"
23.100.94.228 - - [11/Jan/2026:05:46:52 +0000] "GET /test/index.php HTTP/1.1" 404 564 "https://www.google.com/" "Mozilla/5.0 (Linux; Android 12; 2201116SG) AppleWebKit/537.36 (KHTML, like Gecko) Chrome/116.0.0.0 Mobile Safari/537.36"
23.100.94.228 - - [11/Jan/2026:05:46:52 +0000] "GET /css/index.php HTTP/1.1" 404 162 "https://www.google.fr/" "Mozilla/5.0 (iPad; CPU OS 16_7_2 like Mac OS X) AppleWebKit/605.1.15 (KHTML, like Gecko) Version/16.6 Mobile/15E148 Safari/604.1"
23.100.94.228 - - [11/Jan/2026:05:46:52 +0000] "GET /css/smoothness/images/index.php HTTP/1.1" 404 564 "https://www.google.com/" "Mozilla/5.0 (Linux; Android 12; 2201116SG) AppleWebKit/537.36 (KHTML, like Gecko) Chrome/116.0.0.0 Mobile Safari/537.36"
23.100.94.228 - - [11/Jan/2026:05:46:52 +0000] "GET /uploads/index.php HTTP/1.1" 404 564 "https://www.yahoo.com/" "Mozilla/5.0 (Linux; Android 12; SM-A525F) AppleWebKit/537.36 (KHTML, like Gecko) Chrome/117.0.0.0 Mobile Safari/537.36"
23.100.94.228 - - [11/Jan/2026:05:46:53 +0000] "GET /wp-admin/css/colors/coffee/index.php HTTP/1.1" 404 564 "https://www.yahoo.com/" "Mozilla/5.0 (Linux; Android 11; CPH2251) AppleWebKit/537.36 (KHTML, like Gecko) Chrome/116.0.0.0 Mobile Safari/537.36"
23.100.94.228 - - [11/Jan/2026:05:46:53 +0000] "GET /wp-admin/network/index.php HTTP/1.1" 404 564 "https://www.google.fr/" "Mozilla/5.0 (Linux; Android 12; SM-A525F) AppleWebKit/537.36 (KHTML, like Gecko) Chrome/117.0.0.0 Mobile Safari/537.36"
23.100.94.228 - - [11/Jan/2026:05:46:53 +0000] "GET /wp-admin/js/index.php HTTP/1.1" 404 162 "https://www.yahoo.com/" "Mozilla/5.0 (iPhone; CPU iPhone OS 16_0 like Mac OS X) AppleWebKit/605.1.15 (KHTML, like Gecko) FxiOS/118.0 Mobile/15E148 Safari/605.1.15"
23.100.94.228 - - [11/Jan/2026:05:46:53 +0000] "GET /wp-admin/maint/index.php HTTP/1.1" 404 564 "https://www.google.co.uk/" "Mozilla/5.0 (Linux; Android 12; 2201116SG) AppleWebKit/537.36 (KHTML, like Gecko) Chrome/116.0.0.0 Mobile Safari/537.36"
23.100.94.228 - - [11/Jan/2026:05:46:53 +0000] "GET /wp-content/index.php HTTP/1.1" 404 162 "https://www.google.fr/" "Mozilla/5.0 (iPad; CPU OS 17_0_3 like Mac OS X) AppleWebKit/605.1.15 (KHTML, like Gecko) Version/17.0.1 Mobile/15E148 Safari/604.1"
23.100.94.228 - - [11/Jan/2026:05:46:54 +0000] "GET /wp-content/themes/index.php HTTP/1.1" 404 564 "https://duckduckgo.com/" "Mozilla/5.0 (Linux; Android 10; LM-Q720) AppleWebKit/537.36 (KHTML, like Gecko) Chrome/116.0.0.0 Mobile Safari/537.36"
23.100.94.228 - - [11/Jan/2026:05:46:54 +0000] "GET /wp-content/plugins/index.php HTTP/1.1" 404 162 "https://duckduckgo.com/" "Mozilla/5.0 (iPhone; CPU iPhone OS 17_0_3 like Mac OS X) AppleWebKit/605.1.15 (KHTML, like Gecko) Version/17.0.1 Mobile/15E148 Safari/604.1"
23.100.94.228 - - [11/Jan/2026:05:46:54 +0000] "GET /wp-content/upgrade/index.php HTTP/1.1" 404 564 "https://www.google.com/" "Mozilla/5.0 (Linux; Android 13; SM-G991U) AppleWebKit/537.36 (KHTML, like Gecko) Chrome/117.0.0.0 Mobile Safari/537.36"
23.100.94.228 - - [11/Jan/2026:05:46:54 +0000] "GET /wp-includes/bk/index.php HTTP/1.1" 404 162 "https://www.google.de/" "Mozilla/5.0 (iPhone; CPU iPhone OS 17_1_1 like Mac OS X) AppleWebKit/605.1.15 (KHTML, like Gecko) Version/17.1 Mobile/15E148 Safari/604.1"
23.100.94.228 - - [11/Jan/2026:05:46:54 +0000] "GET /wp-includes/ID3/index.php HTTP/1.1" 404 162 "https://www.google.fr/" "Mozilla/5.0 (iPad; CPU OS 16_7_2 like Mac OS X) AppleWebKit/605.1.15 (KHTML, like Gecko) Version/16.6 Mobile/15E148 Safari/604.1"
23.100.94.228 - - [11/Jan/2026:05:46:55 +0000] "GET /wp-includes/blocks/list-item/index.php HTTP/1.1" 404 564 "https://www.google.co.uk/" "Mozilla/5.0 (Linux; Android 11; 21081111RG) AppleWebKit/537.36 (KHTML, like Gecko) Chrome/116.0.0.0 Mobile Safari/537.36"
23.100.94.228 - - [11/Jan/2026:05:46:55 +0000] "GET /wp-includes/style-engine/index.php HTTP/1.1" 404 162 "https://www.google.co.uk/" "Mozilla/5.0 (iPad; CPU OS 17_0_3 like Mac OS X) AppleWebKit/605.1.15 (KHTML, like Gecko) Version/17.0.1 Mobile/15E148 Safari/604.1"
23.100.94.228 - - [11/Jan/2026:05:46:55 +0000] "GET /wp-includes/rest-api/fields/index.php HTTP/1.1" 404 162 "https://www.bing.com/" "Mozilla/5.0 (iPad; CPU OS 17_0_3 like Mac OS X) AppleWebKit/605.1.15 (KHTML, like Gecko) Version/17.0.1 Mobile/15E148 Safari/604.1"
23.100.94.228 - - [11/Jan/2026:05:46:55 +0000] "GET /wp-includes/PHPMailer/index.php HTTP/1.1" 404 162 "https://www.google.com/" "Mozilla/5.0 (iPhone; CPU iPhone OS 17_1 like Mac OS X) AppleWebKit/605.1.15 (KHTML, like Gecko) CriOS/119.0.6045.109 Mobile/15E148 Safari/604.1"
23.100.94.228 - - [11/Jan/2026:05:46:56 +0000] "GET /wp-includes/html-api/index.php HTTP/1.1" 404 564 "https://www.google.com/" "Mozilla/5.g (Linux; Android 13; Pixel 7) AppleWebKit/537.36 (KHTML, like Gecko) Chrome/116.0.0.0 Mobile Safari/537.36"
23.100.94.228 - - [11/Jan/2026:05:46:56 +0000] "GET /wp-includes/Text/index.php HTTP/1.1" 404 162 "https://www.google.fr/" "Mozilla/5.0 (iPhone; CPU iPhone OS 17_1 like Mac OS X) AppleWebKit/605.1.15 (KHTML, like Gecko) CriOS/119.0.6045.109 Mobile/15E148 Safari/604.1"
23.100.94.228 - - [11/Jan/2026:05:46:56 +0000] "GET /wp-includes/blocks/gallery/index.php HTTP/1.1" 404 162 "https://duckduckgo.com/" "Mozilla/5.0 (iPhone; CPU iPhone OS 16_0 like Mac OS X) AppleWebKit/605.1.15 (KHTML, like Gecko) FxiOS/118.0 Mobile/15E148 Safari/605.1.15"
23.100.94.228 - - [11/Jan/2026:05:46:56 +0000] "GET /wp-includes/blocks/media-text/index.php HTTP/1.1" 404 162 "https://www.google.de/" "Mozilla/5.0 (iPhone; CPU iPhone OS 15_7_9 like Mac OS X) AppleWebKit/605.1.15 (KHTML, like Gecko) Version/15.6.5 Mobile/15E148 Safari/604.1"
23.100.94.228 - - [11/Jan/2026:05:46:56 +0000] "GET /wp-includes/blocks/nextpage/index.php HTTP/1.1" 404 162 "https://www.google.co.uk/" "Mozilla/5.0 (iPad; CPU OS 17_0_3 like Mac OS X) AppleWebKit/605.1.15 (KHTML, like Gecko) Version/17.0.1 Mobile/15E148 Safari/604.1"
23.100.94.228 - - [11/Jan/2026:05:46:57 +0000] "GET /wp-includes/block-patterns/index.php HTTP/1.1" 404 162 "https://www.google.fr/" "Mozilla/5.0 (iPad; CPU OS 16_7_2 like Mac OS X) AppleWebKit/605.1.15 (KHTML, like Gecko) Version/16.6 Mobile/15E148 Safari/604.1"
23.100.94.228 - - [11/Jan/2026:05:46:57 +0000] "GET /wp-includes/blocks/buttons/index.php HTTP/1.1" 404 564 "https://www.google.de/" "Mozilla/5.0 (Linux; Android 12; SM-A525F) AppleWebKit/537.36 (KHTML, like Gecko) Chrome/117.0.0.0 Mobile Safari/537.36"
23.100.94.228 - - [11/Jan/2026:05:46:57 +0000] "GET /wp-includes/blocks/details/index.php HTTP/1.1" 404 564 "https://www.google.fr/" "Mozilla/5.0 (Linux; Android 13; M2101K6G) AppleWebKit/537.36 (KHTML, like Gecko) Chrome/116.0.0.0 Mobile Safari/537.36"
23.100.94.228 - - [11/Jan/2026:05:46:57 +0000] "GET /wp-includes/blocks/file/index.php HTTP/1.1" 404 564 "https://www.google.co.uk/" "Mozilla/5.g (Linux; Android 13; Pixel 7) AppleWebKit/537.36 (KHTML, like Gecko) Chrome/116.0.0.0 Mobile Safari/537.36"
23.100.94.228 - - [11/Jan/2026:05:46:57 +0000] "GET /wp-includes/blocks/freeform/index.php HTTP/1.1" 404 564 "https://www.yahoo.com/" "Mozilla/5.0 (Linux; Android 14; Pixel 8 Pro) AppleWebKit/537.36 (KHTML, like Gecko) Chrome/119.0.0.0 Mobile Safari/537.36"
23.100.94.228 - - [11/Jan/2026:05:46:58 +0000] "GET /wp-includes/blocks/missing/index.php HTTP/1.1" 404 162 "https://duckduckgo.com/" "Mozilla/5.0 (iPhone; CPU iPhone OS 17_1 like Mac OS X) AppleWebKit/605.1.15 (KHTML, like Gecko) CriOS/119.0.6045.109 Mobile/15E148 Safari/604.1"
23.100.94.228 - - [11/Jan/2026:05:46:58 +0000] "GET /wp-includes/blocks/post-comments-form/index.php HTTP/1.1" 404 564 "https://www.google.com/" "Mozilla/5.0 (Linux; Android 14; Pixel 8 Pro) AppleWebKit/537.36 (KHTML, like Gecko) Chrome/119.0.0.0 Mobile Safari/537.36"
23.100.94.228 - - [11/Jan/2026:05:46:58 +0000] "GET /wp-includes/blocks/post-terms/index.php HTTP/1.1" 404 162 "https://www.google.de/" "Mozilla/5.0 (iPhone; CPU iPhone OS 16_0 like Mac OS X) AppleWebKit/605.1.15 (KHTML, like Gecko) FxiOS/118.0 Mobile/15E148 Safari/605.1.15"
23.100.94.228 - - [11/Jan/2026:05:46:58 +0000] "GET /wp-includes/blocks/read-more/index.php HTTP/1.1" 404 162 "https://www.google.fr/" "Mozilla/5.0 (iPhone; CPU iPhone OS 17_1 like Mac OS X) AppleWebKit/605.1.15 (KHTML, like Gecko) CriOS/119.0.6045.109 Mobile/15E148 Safari/604.1"
23.100.94.228 - - [11/Jan/2026:05:46:58 +0000] "GET /wp-includes/blocks/search/index.php HTTP/1.1" 404 564 "https://www.google.co.uk/" "Mozilla/5.0 (Linux; Android 10; LM-Q720) AppleWebKit/537.36 (KHTML, like Gecko) Chrome/116.0.0.0 Mobile Safari/537.36"
23.100.94.228 - - [11/Jan/2026:05:46:59 +0000] "GET /wp-includes/blocks/shortcode/index.php HTTP/1.1" 404 162 "https://www.google.fr/" "Mozilla/5.0 (iPhone; CPU iPhone OS 16_6_1 like Mac OS X) AppleWebKit/605.1.15 (KHTML, like Gecko) Version/16.6 Mobile/15E148 Safari/604.1"
23.100.94.228 - - [11/Jan/2026:05:46:59 +0000] "GET /wp-includes/blocks/social-link/index.php HTTP/1.1" 404 162 "https://www.google.fr/" "Mozilla/5.0 (iPhone; CPU iPhone OS 17_0_3 like Mac OS X) AppleWebKit/605.1.15 (KHTML, like Gecko) Version/17.0.1 Mobile/15E148 Safari/604.1"
23.100.94.228 - - [11/Jan/2026:05:46:59 +0000] "GET /wp-includes/Requests/library/index.php HTTP/1.1" 404 162 "https://www.bing.com/" "Mozilla/5.0 (iPhone; CPU iPhone OS 16_0 like Mac OS X) AppleWebKit/605.1.15 (KHTML, like Gecko) FxiOS/118.0 Mobile/15E148 Safari/605.1.15"
23.100.94.228 - - [11/Jan/2026:05:46:59 +0000] "GET /wp-includes/SimplePie/index.php HTTP/1.1" 404 162 "https://www.yahoo.com/" "Mozilla/5.0 (iPhone; CPU iPhone OS 16_0 like Mac OS X) AppleWebKit/605.1.15 (KHTML, like Gecko) FxiOS/118.0 Mobile/15E148 Safari/605.1.15"
23.100.94.228 - - [11/Jan/2026:05:47:00 +0000] "GET /wp-includes/certificates/index.php HTTP/1.1" 404 564 "https://www.yahoo.com/" "Mozilla/5.0 (Linux; Android 10; LM-Q720) AppleWebKit/537.36 (KHTML, like Gecko) Chrome/116.0.0.0 Mobile Safari/537.36"
23.100.94.228 - - [11/Jan/2026:05:47:00 +0000] "GET /wp-includes/images/media/index.php HTTP/1.1" 404 564 "https://www.google.co.uk/" "Mozilla/5.0 (Linux; Android 14; Pixel 8 Pro) AppleWebKit/537.36 (KHTML, like Gecko) Chrome/119.0.0.0 Mobile Safari/537.36"
23.100.94.228 - - [11/Jan/2026:05:47:00 +0000] "GET /wp-includes/interactivity-api/index.php HTTP/1.1" 404 564 "https://www.google.com/" "Mozilla/5.0 (Linux; Android 11; 21081111RG) AppleWebKit/537.36 (KHTML, like Gecko) Chrome/116.0.0.0 Mobile Safari/537.36"
23.100.94.228 - - [11/Jan/2026:05:47:00 +0000] "GET /wp-includes/js/plupload/index.php HTTP/1.1" 404 564 "https://www.google.de/" "Mozilla/5.0 (Linux; Android 13; M2101K6G) AppleWebKit/537.36 (KHTML, like Gecko) Chrome/116.0.0.0 Mobile Safari/537.36"
23.100.94.228 - - [11/Jan/2026:05:47:00 +0000] "GET /wp-includes/js/thickbox/index.php HTTP/1.1" 404 564 "https://www.google.co.uk/" "Mozilla/5.0 (Linux; Android 13; SM-S908E) AppleWebKit/537.36 (KHTML, like Gecko) Chrome/116.0.0.0 Mobile Safari/537.36"
23.100.94.228 - - [11/Jan/2026:05:47:01 +0000] "GET /wp-includes/js/tinymce/index.php HTTP/1.1" 404 162 "https://www.google.fr/" "Mozilla/5.0 (iPad; CPU OS 16_7_2 like Mac OS X) AppleWebKit/605.1.15 (KHTML, like Gecko) Version/16.6 Mobile/15E148 Safari/604.1"
23.100.94.228 - - [11/Jan/2026:05:47:01 +0000] "GET /wp-includes/pomo/index.php HTTP/1.1" 404 162 "https://www.google.fr/" "Mozilla/5.0 (iPad; CPU OS 16_7_2 like Mac OS X) AppleWebKit/605.1.15 (KHTML, like Gecko) Version/16.6 Mobile/15E148 Safari/604.1"
23.100.94.228 - - [11/Jan/2026:05:47:01 +0000] "GET /wp-includes/theme-compat/index.php HTTP/1.1" 404 564 "https://www.google.de/" "Mozilla/5.0 (Linux; Android 11; 21081111RG) AppleWebKit/537.36 (KHTML, like Gecko) Chrome/116.0.0.0 Mobile Safari/537.36"
23.100.94.228 - - [11/Jan/2026:05:47:01 +0000] "GET /wp-includes/widgets/index.php HTTP/1.1" 404 564 "https://www.bing.com/" "Mozilla/5.0 (Linux; Android 13; M2101K6G) AppleWebKit/537.36 (KHTML, like Gecko) Chrome/116.0.0.0 Mobile Safari/537.36"
23.100.94.228 - - [11/Jan/2026:05:47:01 +0000] "GET /wp-content/themes/twentytwentytwo/index.php HTTP/1.1" 404 564 "https://www.google.de/" "Mozilla/5.0 (Linux; Android 12; SM-A525F) AppleWebKit/537.36 (KHTML, like Gecko) Chrome/117.0.0.0 Mobile Safari/537.36"
23.100.94.228 - - [11/Jan/2026:05:47:02 +0000] "GET /wp-content/themes/twentytwentyfour/index.php HTTP/1.1" 404 162 "https://duckduckgo.com/" "Mozilla/5.0 (iPhone; CPU iPhone OS 16_6_1 like Mac OS X) AppleWebKit/605.1.15 (KHTML, like Gecko) Version/16.6 Mobile/15E148 Safari/604.1"
23.100.94.228 - - [11/Jan/2026:05:47:02 +0000] "GET /well-known/acme-challenge/e/index.php HTTP/1.1" 404 564 "https://www.yahoo.com/" "Mozilla/5.0 (Linux; Android 10; K) AppleWebKit/537.36 (KHTML, like Gecko) Chrome/117.0.0.0 Mobile Safari/537.36"
45.194.92.12 - - [11/Jan/2026:05:48:44 +0000] "GET /geoserver/wfs?request=ListStoredQueries&service=wfs&version=2.0.0 HTTP/1.1" 301 178 "-" "Mozilla/5.0 zgrab/0.x"
74.125.218.200 - - [11/Jan/2026:05:48:57 +0000] "GET /.well-known/mta-sts.txt HTTP/1.1" 200 60 "-" "Google-SMTP-STS"
66.249.77.33 - - [11/Jan/2026:05:50:14 +0000] "GET /index.html HTTP/1.1" 200 3458 "-" "Mozilla/5.0 (Linux; Android 6.0.1; Nexus 5X Build/MMB29P) AppleWebKit/537.36 (KHTML, like Gecko) Chrome/143.0.7499.192 Mobile Safari/537.36 (compatible; Googlebot/2.1; +http://www.google.com/bot.html)"
66.249.77.34 - - [11/Jan/2026:05:50:44 +0000] "GET /plugins/google-map/gmap3.min.js HTTP/1.1" 200 9828 "https://imgs2024.org/index.html" "Mozilla/5.0 (Linux; Android 6.0.1; Nexus 5X Build/MMB29P) AppleWebKit/537.36 (KHTML, like Gecko) Chrome/143.0.7499.169 Mobile Safari/537.36 (compatible; Googlebot/2.1; +http://www.google.com/bot.html)"
66.249.77.34 - - [11/Jan/2026:05:50:44 +0000] "GET /plugins/easing/waypoint.js HTTP/1.1" 200 8051 "https://imgs2024.org/index.html" "Mozilla/5.0 (Linux; Android 6.0.1; Nexus 5X Build/MMB29P) AppleWebKit/537.36 (KHTML, like Gecko) Chrome/143.0.7499.169 Mobile Safari/537.36 (compatible; Googlebot/2.1; +http://www.google.com/bot.html)"
66.249.77.34 - - [11/Jan/2026:05:50:44 +0000] "GET /plugins/slick-carousel/slick/slick.css HTTP/1.1" 200 1895 "https://imgs2024.org/index.html" "Mozilla/5.0 (Linux; Android 6.0.1; Nexus 5X Build/MMB29P) AppleWebKit/537.36 (KHTML, like Gecko) Chrome/143.0.7499.169 Mobile Safari/537.36 (compatible; Googlebot/2.1; +http://www.google.com/bot.html)"
43.130.74.193 - - [11/Jan/2026:05:50:53 +0000] "GET / HTTP/1.1" 301 178 "-" "Mozilla/5.0 (iPhone; CPU iPhone OS 13_2_3 like Mac OS X) AppleWebKit/605.1.15 (KHTML, like Gecko) Version/13.0.3 Mobile/15E148 Safari/604.1"
43.130.74.193 - - [11/Jan/2026:05:50:54 +0000] "GET / HTTP/1.1" 200 894 "http://www.enterprisegis.net" "Mozilla/5.0 (iPhone; CPU iPhone OS 13_2_3 like Mac OS X) AppleWebKit/605.1.15 (KHTML, like Gecko) Version/13.0.3 Mobile/15E148 Safari/604.1"
81.29.142.100 - - [11/Jan/2026:05:51:17 +0000] "\x16\x03\x01\x05\xDE\x01\x00\x05\xDA\x03\x03\xF2\xC6\xC7\x8C\xD5\x96 " 400 166 "-" "-"
81.29.142.100 - - [11/Jan/2026:05:51:22 +0000] "GET / HTTP/1.1" 301 178 "-" "Mozilla/5.0 (X11; Linux x86_64) AppleWebKit/537.36 (KHTML, like Gecko) Ubuntu Chromium/66.0.3359.181 Chrome/66.0.3359.181 Safari/537.36"
81.29.142.100 - - [11/Jan/2026:05:51:22 +0000] "GET / HTTP/1.1" 301 178 "-" "Mozilla/5.0 (Windows NT 6.1) AppleWebKit/537.36 (KHTML, like Gecko) Chrome/87.0.4280.88 Safari/537.36"
185.128.227.63 - - [11/Jan/2026:05:55:38 +0000] "GET /wp-login.php HTTP/1.1" 404 196 "https://www.linkedin.com/" "Mozilla/5.0 (X11; Ubuntu; Linux x86_64) AppleWebKit/537.36 (KHTML, like Gecko) Chrome/122.0.6261.57 Safari/537.36"
185.128.227.63 - - [11/Jan/2026:05:55:38 +0000] "GET /wp-login.php HTTP/1.1" 301 178 "-" "Mozilla/5.0 (Windows NT 10.0; Win64; x64) Gecko/20100101 Firefox/119.0.1"
185.128.227.63 - - [11/Jan/2026:05:55:38 +0000] "GET /wp-login.php HTTP/1.1" 404 134 "-" "Mozilla/5.0 (Windows NT 10.0; Win64; x64) Gecko/20100101 Firefox/119.0.1"
185.128.227.63 - - [11/Jan/2026:05:55:39 +0000] "GET /wp-admin/ HTTP/1.1" 404 134 "https://www.google.com/" "Mozilla/5.0 (X11; Linux x86_64) Gecko/20100101 Firefox/122.0"
165.154.135.73 - - [11/Jan/2026:05:55:55 +0000] "GET / HTTP/1.1" 400 264 "-" "curl/7.29.0"
165.154.135.73 - - [11/Jan/2026:05:56:04 +0000] "GET / HTTP/1.1" 200 1952 "-" "curl/7.29.0"
118.26.39.231 - - [11/Jan/2026:05:56:28 +0000] "GET / HTTP/1.1" 200 894 "-" "Mozilla/5.0 (X11; Linux x86_64) AppleWebKit/539.48 (KHTML, like Gecko) Chrome/64.0.422 Safari/537.36"
118.26.39.231 - - [11/Jan/2026:05:56:30 +0000] "GET /favicon.ico HTTP/1.1" 404 134 "-" "Go-http-client/1.1"
118.26.39.231 - - [11/Jan/2026:05:56:32 +0000] "GET /assets/js/main.js HTTP/1.1" 200 3755 "-" "Go-http-client/1.1"
118.26.39.231 - - [11/Jan/2026:05:56:34 +0000] "GET /assets/js/homepage.js HTTP/1.1" 200 2749 "-" "Go-http-client/1.1"
118.26.39.231 - - [11/Jan/2026:05:56:35 +0000] "GET /robots.txt HTTP/1.1" 404 134 "-" "Go-http-client/1.1"
118.26.39.231 - - [11/Jan/2026:05:56:35 +0000] "GET /sitemap.xml HTTP/1.1" 404 134 "-" "Go-http-client/1.1"
182.44.10.67 - - [11/Jan/2026:05:56:59 +0000] "GET / HTTP/1.1" 200 409 "-" "Mozilla/5.0 (iPhone; CPU iPhone OS 13_2_3 like Mac OS X) AppleWebKit/605.1.15 (KHTML, like Gecko) Version/13.0.3 Mobile/15E148 Safari/604.1"
68.183.87.1 - - [11/Jan/2026:05:58:48 +0000] "GET /wp-login.php HTTP/1.1" 301 178 "-" "Mozilla/5.0"
68.183.87.1 - - [11/Jan/2026:05:58:49 +0000] "GET /wp-login.php HTTP/1.1" 404 134 "-" "Mozilla/5.0"
185.39.19.49 - - [11/Jan/2026:06:00:40 +0000] "GET / HTTP/1.0" 301 178 "http://gisforhealth.com/" "Mozilla/5.0 (Windows NT 10.0; Win64; x64) AppleWebKit/537.36 (KHTML, like Gecko) Chrome/129.0.0.0 Safari/537.36"
185.39.19.49 - - [11/Jan/2026:06:00:41 +0000] "GET / HTTP/1.0" 200 1952 "https://gisforhealth.com/" "Mozilla/5.0 (Windows NT 10.0; Win64; x64) AppleWebKit/537.36 (KHTML, like Gecko) Chrome/129.0.0.0 Safari/537.36"
131.226.101.246 - - [11/Jan/2026:06:00:43 +0000] "POST /xmlrpc.php HTTP/1.1" 404 162 "-" "Mozilla/5.0 (Macintosh; Intel Mac OS X 10_15_7; arm64) AppleWebKit/537.36 (KHTML, like Gecko) Firefox/88.0.0.0 Safari/537.36"
116.179.32.217 - - [11/Jan/2026:06:01:05 +0000] "GET /big-data/?fileloc=/opt/wpsites/datacloudnow.com/wp-signup.php&path=/opt/wpsites/datacloudnow.com HTTP/1.1" 301 178 "-" "Mozilla/5.0 (compatible; Baiduspider/2.0; +http://www.baidu.com/search/spider.html)"
34.38.38.180 - - [11/Jan/2026:06:02:12 +0000] "GET / HTTP/1.1" 200 894 "-" "python-requests/2.32.5"
54.39.89.172 - - [11/Jan/2026:06:05:12 +0000] "GET /robots.txt HTTP/1.1" 404 134 "-" "Mozilla/5.0 (compatible; AhrefsBot/7.0; +http://ahrefs.com/robot/)"
51.161.37.222 - - [11/Jan/2026:06:05:15 +0000] "GET / HTTP/1.1" 200 894 "-" "Mozilla/5.0 (compatible; AhrefsBot/7.0; +http://ahrefs.com/robot/)"
64.227.122.193 - - [11/Jan/2026:06:05:43 +0000] "GET /wp-login.php HTTP/1.1" 301 178 "-" "Mozilla/5.0"
206.189.9.226 - - [11/Jan/2026:06:06:18 +0000] "GET /wp-login.php HTTP/1.1" 301 178 "-" "Mozilla/5.0"
206.189.9.226 - - [11/Jan/2026:06:06:18 +0000] "GET /wp-login.php HTTP/1.1" 404 134 "-" "Mozilla/5.0"
199.45.154.148 - - [11/Jan/2026:06:08:31 +0000] "GET / HTTP/1.1" 301 178 "-" "Mozilla/5.0 (compatible; CensysInspect/1.1; +https://about.censys.io/)"
199.45.154.148 - - [11/Jan/2026:06:08:34 +0000] "\x16\x03\x01\x01" 400 166 "-" "-"
199.45.154.148 - - [11/Jan/2026:06:08:34 +0000] "PRI * HTTP/2.0" 400 166 "-" "-"
40.83.95.233 - - [11/Jan/2026:06:09:33 +0000] "GET /admin.php HTTP/1.1" 301 178 "https://www.google.com/" "Mozilla/5.0 (iPhone; CPU iPhone OS 17_1 like Mac OS X) AppleWebKit/605.1.15 (KHTML, like Gecko) CriOS/119.0.6045.109 Mobile/15E148 Safari/604.1"
40.83.95.233 - - [11/Jan/2026:06:09:33 +0000] "GET /admin.php HTTP/1.1" 404 162 "https://www.google.com/" "Mozilla/5.0 (iPhone; CPU iPhone OS 17_1 like Mac OS X) AppleWebKit/605.1.15 (KHTML, like Gecko) CriOS/119.0.6045.109 Mobile/15E148 Safari/604.1"
40.83.95.233 - - [11/Jan/2026:06:09:34 +0000] "GET /file.php HTTP/1.1" 301 178 "https://www.google.fr/" "Mozilla/5.0 (Linux; Android 11; 21081111RG) AppleWebKit/537.36 (KHTML, like Gecko) Chrome/116.0.0.0 Mobile Safari/537.36"
40.83.95.233 - - [11/Jan/2026:06:09:34 +0000] "GET /file.php HTTP/1.1" 404 564 "https://www.google.fr/" "Mozilla/5.0 (Linux; Android 11; 21081111RG) AppleWebKit/537.36 (KHTML, like Gecko) Chrome/116.0.0.0 Mobile Safari/537.36"
40.83.95.233 - - [11/Jan/2026:06:09:34 +0000] "GET /index.php HTTP/1.1" 301 178 "https://www.bing.com/" "Mozilla/5.0 (iPhone; CPU iPhone OS 17_1_1 like Mac OS X) AppleWebKit/605.1.15 (KHTML, like Gecko) Version/17.1 Mobile/15E148 Safari/604.1"
40.83.95.233 - - [11/Jan/2026:06:09:34 +0000] "GET /index.php HTTP/1.1" 404 162 "https://www.bing.com/" "Mozilla/5.0 (iPhone; CPU iPhone OS 17_1_1 like Mac OS X) AppleWebKit/605.1.15 (KHTML, like Gecko) Version/17.1 Mobile/15E148 Safari/604.1"
40.83.95.233 - - [11/Jan/2026:06:09:35 +0000] "GET /about.php HTTP/1.1" 301 178 "https://www.google.co.uk/" "Mozilla/5.0 (iPhone; CPU iPhone OS 16_0 like Mac OS X) AppleWebKit/605.1.15 (KHTML, like Gecko) FxiOS/118.0 Mobile/15E148 Safari/605.1.15"
40.83.95.233 - - [11/Jan/2026:06:09:35 +0000] "GET /about.php HTTP/1.1" 404 162 "https://www.google.co.uk/" "Mozilla/5.0 (iPhone; CPU iPhone OS 16_0 like Mac OS X) AppleWebKit/605.1.15 (KHTML, like Gecko) FxiOS/118.0 Mobile/15E148 Safari/605.1.15"
40.83.95.233 - - [11/Jan/2026:06:09:35 +0000] "GET /ioxi-o.php HTTP/1.1" 301 178 "https://duckduckgo.com/" "Mozilla/5.0 (iPhone; CPU iPhone OS 15_7_9 like Mac OS X) AppleWebKit/605.1.15 (KHTML, like Gecko) Version/15.6.5 Mobile/15E148 Safari/604.1"
40.83.95.233 - - [11/Jan/2026:06:09:35 +0000] "GET /ioxi-o.php HTTP/1.1" 404 162 "https://duckduckgo.com/" "Mozilla/5.0 (iPhone; CPU iPhone OS 15_7_9 like Mac OS X) AppleWebKit/605.1.15 (KHTML, like Gecko) Version/15.6.5 Mobile/15E148 Safari/604.1"
40.83.95.233 - - [11/Jan/2026:06:09:35 +0000] "GET /adminfuns.php HTTP/1.1" 301 178 "https://www.google.co.uk/" "Mozilla/5.0 (Linux; Android 11; 21081111RG) AppleWebKit/537.36 (KHTML, like Gecko) Chrome/116.0.0.0 Mobile Safari/537.36"
40.83.95.233 - - [11/Jan/2026:06:09:36 +0000] "GET /adminfuns.php HTTP/1.1" 404 564 "https://www.google.co.uk/" "Mozilla/5.0 (Linux; Android 11; 21081111RG) AppleWebKit/537.36 (KHTML, like Gecko) Chrome/116.0.0.0 Mobile Safari/537.36"
40.83.95.233 - - [11/Jan/2026:06:09:36 +0000] "GET /defaults.php HTTP/1.1" 301 178 "https://www.bing.com/" "Mozilla/5.g (Linux; Android 13; Pixel 7) AppleWebKit/537.36 (KHTML, like Gecko) Chrome/116.0.0.0 Mobile Safari/537.36"
40.83.95.233 - - [11/Jan/2026:06:09:36 +0000] "GET /defaults.php HTTP/1.1" 404 564 "https://www.bing.com/" "Mozilla/5.g (Linux; Android 13; Pixel 7) AppleWebKit/537.36 (KHTML, like Gecko) Chrome/116.0.0.0 Mobile Safari/537.36"
40.83.95.233 - - [11/Jan/2026:06:09:36 +0000] "GET /chosen.php HTTP/1.1" 301 178 "https://www.google.fr/" "Mozilla/5.0 (iPhone; CPU iPhone OS 16_0 like Mac OS X) AppleWebKit/605.1.15 (KHTML, like Gecko) FxiOS/118.0 Mobile/15E148 Safari/605.1.15"
40.83.95.233 - - [11/Jan/2026:06:09:36 +0000] "GET /chosen.php HTTP/1.1" 404 162 "https://www.google.fr/" "Mozilla/5.0 (iPhone; CPU iPhone OS 16_0 like Mac OS X) AppleWebKit/605.1.15 (KHTML, like Gecko) FxiOS/118.0 Mobile/15E148 Safari/605.1.15"
40.83.95.233 - - [11/Jan/2026:06:09:37 +0000] "GET /wp-admin HTTP/1.1" 301 178 "https://duckduckgo.com/" "Mozilla/5.0 (Linux; Android 13; M2101K6G) AppleWebKit/537.36 (KHTML, like Gecko) Chrome/116.0.0.0 Mobile Safari/537.36"
40.83.95.233 - - [11/Jan/2026:06:09:37 +0000] "GET /wp-admin HTTP/1.1" 404 564 "https://duckduckgo.com/" "Mozilla/5.0 (Linux; Android 13; M2101K6G) AppleWebKit/537.36 (KHTML, like Gecko) Chrome/116.0.0.0 Mobile Safari/537.36"
40.83.95.233 - - [11/Jan/2026:06:09:37 +0000] "GET /autoload_classmap.php HTTP/1.1" 301 178 "https://www.google.com/" "Mozilla/5.0 (Linux; Android 11; 21081111RG) AppleWebKit/537.36 (KHTML, like Gecko) Chrome/116.0.0.0 Mobile Safari/537.36"
40.83.95.233 - - [11/Jan/2026:06:09:37 +0000] "GET /autoload_classmap.php HTTP/1.1" 404 564 "https://www.google.com/" "Mozilla/5.0 (Linux; Android 11; 21081111RG) AppleWebKit/537.36 (KHTML, like Gecko) Chrome/116.0.0.0 Mobile Safari/537.36"
40.83.95.233 - - [11/Jan/2026:06:09:38 +0000] "GET /goods.php HTTP/1.1" 301 178 "https://www.yahoo.com/" "Mozilla/5.0 (iPhone; CPU iPhone OS 16_0 like Mac OS X) AppleWebKit/605.1.15 (KHTML, like Gecko) FxiOS/118.0 Mobile/15E148 Safari/605.1.15"
40.83.95.233 - - [11/Jan/2026:06:09:38 +0000] "GET /goods.php HTTP/1.1" 404 162 "https://www.yahoo.com/" "Mozilla/5.0 (iPhone; CPU iPhone OS 16_0 like Mac OS X) AppleWebKit/605.1.15 (KHTML, like Gecko) FxiOS/118.0 Mobile/15E148 Safari/605.1.15"
40.83.95.233 - - [11/Jan/2026:06:09:38 +0000] "GET /wp-includes/Requests/about.php HTTP/1.1" 301 178 "https://www.google.com/" "Mozilla/5.0 (Linux; Android 12; 2201116SG) AppleWebKit/537.36 (KHTML, like Gecko) Chrome/116.0.0.0 Mobile Safari/537.36"
40.83.95.233 - - [11/Jan/2026:06:09:38 +0000] "GET /wp-includes/Requests/about.php HTTP/1.1" 404 564 "https://www.google.com/" "Mozilla/5.0 (Linux; Android 12; 2201116SG) AppleWebKit/537.36 (KHTML, like Gecko) Chrome/116.0.0.0 Mobile Safari/537.36"
40.83.95.233 - - [11/Jan/2026:06:09:38 +0000] "GET /inputs.php HTTP/1.1" 301 178 "https://www.bing.com/" "Mozilla/5.0 (Linux; Android 13; SM-G991U) AppleWebKit/537.36 (KHTML, like Gecko) Chrome/117.0.0.0 Mobile Safari/537.36"
40.83.95.233 - - [11/Jan/2026:06:09:39 +0000] "GET /inputs.php HTTP/1.1" 404 564 "https://www.bing.com/" "Mozilla/5.0 (Linux; Android 13; SM-G991U) AppleWebKit/537.36 (KHTML, like Gecko) Chrome/117.0.0.0 Mobile Safari/537.36"
40.83.95.233 - - [11/Jan/2026:06:09:39 +0000] "GET /classwithtostring.php HTTP/1.1" 301 178 "https://www.google.de/" "Mozilla/5.0 (Linux; Android 14; Pixel 8 Pro) AppleWebKit/537.36 (KHTML, like Gecko) Chrome/119.0.0.0 Mobile Safari/537.36"
40.83.95.233 - - [11/Jan/2026:06:09:39 +0000] "GET /classwithtostring.php HTTP/1.1" 404 564 "https://www.google.de/" "Mozilla/5.0 (Linux; Android 14; Pixel 8 Pro) AppleWebKit/537.36 (KHTML, like Gecko) Chrome/119.0.0.0 Mobile Safari/537.36"
40.83.95.233 - - [11/Jan/2026:06:09:39 +0000] "GET /asasx.php HTTP/1.1" 301 178 "https://www.google.com/" "Mozilla/5.0 (iPhone; CPU iPhone OS 16_6_1 like Mac OS X) AppleWebKit/605.1.15 (KHTML, like Gecko) Version/16.6 Mobile/15E148 Safari/604.1"
40.83.95.233 - - [11/Jan/2026:06:09:39 +0000] "GET /asasx.php HTTP/1.1" 404 162 "https://www.google.com/" "Mozilla/5.0 (iPhone; CPU iPhone OS 16_6_1 like Mac OS X) AppleWebKit/605.1.15 (KHTML, like Gecko) Version/16.6 Mobile/15E148 Safari/604.1"
40.83.95.233 - - [11/Jan/2026:06:09:40 +0000] "GET /wp-good.php HTTP/1.1" 301 178 "https://www.google.fr/" "Mozilla/5.0 (Linux; Android 11; 21081111RG) AppleWebKit/537.36 (KHTML, like Gecko) Chrome/116.0.0.0 Mobile Safari/537.36"
40.83.95.233 - - [11/Jan/2026:06:09:40 +0000] "GET /wp-good.php HTTP/1.1" 404 564 "https://www.google.fr/" "Mozilla/5.0 (Linux; Android 11; 21081111RG) AppleWebKit/537.36 (KHTML, like Gecko) Chrome/116.0.0.0 Mobile Safari/537.36"
40.83.95.233 - - [11/Jan/2026:06:09:40 +0000] "GET /simple.php HTTP/1.1" 301 178 "https://www.google.com/" "Mozilla/5.0 (Linux; Android 13; SM-G991U) AppleWebKit/537.36 (KHTML, like Gecko) Chrome/117.0.0.0 Mobile Safari/537.36"
40.83.95.233 - - [11/Jan/2026:06:09:40 +0000] "GET /simple.php HTTP/1.1" 404 564 "https://www.google.com/" "Mozilla/5.0 (Linux; Android 13; SM-G991U) AppleWebKit/537.36 (KHTML, like Gecko) Chrome/117.0.0.0 Mobile Safari/537.36"
40.83.95.233 - - [11/Jan/2026:06:09:40 +0000] "GET /fm.php HTTP/1.1" 301 178 "https://www.google.de/" "Mozilla/5.0 (Linux; Android 13; M2101K6G) AppleWebKit/537.36 (KHTML, like Gecko) Chrome/116.0.0.0 Mobile Safari/537.36"
40.83.95.233 - - [11/Jan/2026:06:09:41 +0000] "GET /fm.php HTTP/1.1" 404 564 "https://www.google.de/" "Mozilla/5.0 (Linux; Android 13; M2101K6G) AppleWebKit/537.36 (KHTML, like Gecko) Chrome/116.0.0.0 Mobile Safari/537.36"
23.100.94.228 - - [11/Jan/2026:06:09:41 +0000] "GET /php.php HTTP/1.1" 301 178 "https://www.google.de/" "Mozilla/5.0 (Linux; Android 12; 2201116SG) AppleWebKit/537.36 (KHTML, like Gecko) Chrome/116.0.0.0 Mobile Safari/537.36"
40.83.95.233 - - [11/Jan/2026:06:09:41 +0000] "GET /k.php HTTP/1.1" 301 178 "https://www.bing.com/" "Mozilla/5.0 (iPad; CPU OS 16_7_2 like Mac OS X) AppleWebKit/605.1.15 (KHTML, like Gecko) Version/16.6 Mobile/15E148 Safari/604.1"
40.83.95.233 - - [11/Jan/2026:06:09:41 +0000] "GET /k.php HTTP/1.1" 404 162 "https://www.bing.com/" "Mozilla/5.0 (iPad; CPU OS 16_7_2 like Mac OS X) AppleWebKit/605.1.15 (KHTML, like Gecko) Version/16.6 Mobile/15E148 Safari/604.1"
40.83.95.233 - - [11/Jan/2026:06:09:41 +0000] "GET /mah.php HTTP/1.1" 301 178 "https://duckduckgo.com/" "Mozilla/5.0 (Linux; Android 13; SM-G991U) AppleWebKit/537.36 (KHTML, like Gecko) Chrome/117.0.0.0 Mobile Safari/537.36"
23.100.94.228 - - [11/Jan/2026:06:09:41 +0000] "GET /php.php HTTP/1.1" 404 564 "https://www.google.de/" "Mozilla/5.0 (Linux; Android 12; 2201116SG) AppleWebKit/537.36 (KHTML, like Gecko) Chrome/116.0.0.0 Mobile Safari/537.36"
40.83.95.233 - - [11/Jan/2026:06:09:42 +0000] "GET /mah.php HTTP/1.1" 404 564 "https://duckduckgo.com/" "Mozilla/5.0 (Linux; Android 13; SM-G991U) AppleWebKit/537.36 (KHTML, like Gecko) Chrome/117.0.0.0 Mobile Safari/537.36"
23.100.94.228 - - [11/Jan/2026:06:09:42 +0000] "GET /wp-admin/js/index.php HTTP/1.1" 301 178 "https://duckduckgo.com/" "Mozilla/5.0 (iPhone; CPU iPhone OS 16_0 like Mac OS X) AppleWebKit/605.1.15 (KHTML, like Gecko) FxiOS/118.0 Mobile/15E148 Safari/605.1.15"
40.83.95.233 - - [11/Jan/2026:06:09:42 +0000] "GET /info.php HTTP/1.1" 301 178 "https://www.google.fr/" "Mozilla/5.0 (iPhone; CPU iPhone OS 16_6_1 like Mac OS X) AppleWebKit/605.1.15 (KHTML, like Gecko) Version/16.6 Mobile/15E148 Safari/604.1"
23.100.94.228 - - [11/Jan/2026:06:09:42 +0000] "GET /wp-admin/js/index.php HTTP/1.1" 404 162 "https://duckduckgo.com/" "Mozilla/5.0 (iPhone; CPU iPhone OS 16_0 like Mac OS X) AppleWebKit/605.1.15 (KHTML, like Gecko) FxiOS/118.0 Mobile/15E148 Safari/605.1.15"
40.83.95.233 - - [11/Jan/2026:06:09:42 +0000] "GET /info.php HTTP/1.1" 404 162 "https://www.google.fr/" "Mozilla/5.0 (iPhone; CPU iPhone OS 16_6_1 like Mac OS X) AppleWebKit/605.1.15 (KHTML, like Gecko) Version/16.6 Mobile/15E148 Safari/604.1"
23.100.94.228 - - [11/Jan/2026:06:09:42 +0000] "GET /wp-content/plugins/erinyani/baxa1.php7 HTTP/1.1" 301 178 "https://www.google.com/" "Mozilla/5.0 (iPhone; CPU iPhone OS 17_1_1 like Mac OS X) AppleWebKit/605.1.15 (KHTML, like Gecko) Version/17.1 Mobile/15E148 Safari/604.1"
40.83.95.233 - - [11/Jan/2026:06:09:42 +0000] "GET /abcd.php HTTP/1.1" 301 178 "https://duckduckgo.com/" "Mozilla/5.0 (Linux; Android 10; LM-Q720) AppleWebKit/537.36 (KHTML, like Gecko) Chrome/116.0.0.0 Mobile Safari/537.36"
23.100.94.228 - - [11/Jan/2026:06:09:42 +0000] "GET /wp-content/plugins/erinyani/baxa1.php7 HTTP/1.1" 404 162 "https://www.google.com/" "Mozilla/5.0 (iPhone; CPU iPhone OS 17_1_1 like Mac OS X) AppleWebKit/605.1.15 (KHTML, like Gecko) Version/17.1 Mobile/15E148 Safari/604.1"
40.83.95.233 - - [11/Jan/2026:06:09:42 +0000] "GET /abcd.php HTTP/1.1" 404 564 "https://duckduckgo.com/" "Mozilla/5.0 (Linux; Android 10; LM-Q720) AppleWebKit/537.36 (KHTML, like Gecko) Chrome/116.0.0.0 Mobile Safari/537.36"
23.100.94.228 - - [11/Jan/2026:06:09:42 +0000] "GET /wp-content/plugins/secure-fortress/ HTTP/1.1" 301 178 "https://www.google.fr/" "Mozilla/5.0 (Linux; Android 10; K) AppleWebKit/537.36 (KHTML, like Gecko) Chrome/117.0.0.0 Mobile Safari/537.36"
40.83.95.233 - - [11/Jan/2026:06:09:43 +0000] "GET /css/index.php HTTP/1.1" 301 178 "https://www.google.de/" "Mozilla/5.0 (iPhone; CPU iPhone OS 16_0 like Mac OS X) AppleWebKit/605.1.15 (KHTML, like Gecko) FxiOS/118.0 Mobile/15E148 Safari/605.1.15"
23.100.94.228 - - [11/Jan/2026:06:09:43 +0000] "GET /wp-content/plugins/secure-fortress/ HTTP/1.1" 404 564 "https://www.google.fr/" "Mozilla/5.0 (Linux; Android 10; K) AppleWebKit/537.36 (KHTML, like Gecko) Chrome/117.0.0.0 Mobile Safari/537.36"
40.83.95.233 - - [11/Jan/2026:06:09:43 +0000] "GET /css/index.php HTTP/1.1" 404 162 "https://www.google.de/" "Mozilla/5.0 (iPhone; CPU iPhone OS 16_0 like Mac OS X) AppleWebKit/605.1.15 (KHTML, like Gecko) FxiOS/118.0 Mobile/15E148 Safari/605.1.15"
23.100.94.228 - - [11/Jan/2026:06:09:43 +0000] "GET /wp-includes/themes7.php HTTP/1.1" 301 178 "https://www.yahoo.com/" "Mozilla/5.0 (iPhone; CPU iPhone OS 17_0_3 like Mac OS X) AppleWebKit/605.1.15 (KHTML, like Gecko) Version/17.0.1 Mobile/15E148 Safari/604.1"
40.83.95.233 - - [11/Jan/2026:06:09:43 +0000] "GET /1.php HTTP/1.1" 301 178 "https://www.google.com/" "Mozilla/5.0 (iPad; CPU OS 17_0_3 like Mac OS X) AppleWebKit/605.1.15 (KHTML, like Gecko) Version/17.0.1 Mobile/15E148 Safari/604.1"
23.100.94.228 - - [11/Jan/2026:06:09:43 +0000] "GET /wp-includes/themes7.php HTTP/1.1" 404 162 "https://www.yahoo.com/" "Mozilla/5.0 (iPhone; CPU iPhone OS 17_0_3 like Mac OS X) AppleWebKit/605.1.15 (KHTML, like Gecko) Version/17.0.1 Mobile/15E148 Safari/604.1"
23.100.94.228 - - [11/Jan/2026:06:09:43 +0000] "GET /contact.php HTTP/1.1" 301 178 "https://www.google.co.uk/" "Mozilla/5.0 (iPhone; CPU iPhone OS 16_0 like Mac OS X) AppleWebKit/605.1.15 (KHTML, like Gecko) FxiOS/118.0 Mobile/15E148 Safari/605.1.15"
40.83.95.233 - - [11/Jan/2026:06:09:43 +0000] "GET /1.php HTTP/1.1" 404 162 "https://www.google.com/" "Mozilla/5.0 (iPad; CPU OS 17_0_3 like Mac OS X) AppleWebKit/605.1.15 (KHTML, like Gecko) Version/17.0.1 Mobile/15E148 Safari/604.1"
23.100.94.228 - - [11/Jan/2026:06:09:43 +0000] "GET /contact.php HTTP/1.1" 404 162 "https://www.google.co.uk/" "Mozilla/5.0 (iPhone; CPU iPhone OS 16_0 like Mac OS X) AppleWebKit/605.1.15 (KHTML, like Gecko) FxiOS/118.0 Mobile/15E148 Safari/605.1.15"
40.83.95.233 - - [11/Jan/2026:06:09:43 +0000] "GET /wp.php HTTP/1.1" 301 178 "https://duckduckgo.com/" "Mozilla/5.0 (Linux; Android 13; SM-G991U) AppleWebKit/537.36 (KHTML, like Gecko) Chrome/117.0.0.0 Mobile Safari/537.36"
23.100.94.228 - - [11/Jan/2026:06:09:44 +0000] "GET /load.php HTTP/1.1" 301 178 "https://www.google.com/" "Mozilla/5.0 (iPad; CPU OS 17_0_3 like Mac OS X) AppleWebKit/605.1.15 (KHTML, like Gecko) Version/17.0.1 Mobile/15E148 Safari/604.1"
40.83.95.233 - - [11/Jan/2026:06:09:44 +0000] "GET /wp.php HTTP/1.1" 404 564 "https://duckduckgo.com/" "Mozilla/5.0 (Linux; Android 13; SM-G991U) AppleWebKit/537.36 (KHTML, like Gecko) Chrome/117.0.0.0 Mobile Safari/537.36"
23.100.94.228 - - [11/Jan/2026:06:09:44 +0000] "GET /load.php HTTP/1.1" 404 162 "https://www.google.com/" "Mozilla/5.0 (iPad; CPU OS 17_0_3 like Mac OS X) AppleWebKit/605.1.15 (KHTML, like Gecko) Version/17.0.1 Mobile/15E148 Safari/604.1"
40.83.95.233 - - [11/Jan/2026:06:09:44 +0000] "GET /adminfuns.php/.well-known/acme-challenge/file.php HTTP/1.1" 301 178 "https://duckduckgo.com/" "Mozilla/5.0 (Linux; Android 11; CPH2251) AppleWebKit/537.36 (KHTML, like Gecko) Chrome/116.0.0.0 Mobile Safari/537.36"
23.100.94.228 - - [11/Jan/2026:06:09:44 +0000] "GET /wp-content/plugins/janusv2/janus.php HTTP/1.1" 301 178 "https://www.google.co.uk/" "Mozilla/5.0 (Linux; Android 11; 21081111RG) AppleWebKit/537.36 (KHTML, like Gecko) Chrome/116.0.0.0 Mobile Safari/537.36"
40.83.95.233 - - [11/Jan/2026:06:09:44 +0000] "GET /adminfuns.php/.well-known/acme-challenge/file.php HTTP/1.1" 404 564 "https://duckduckgo.com/" "Mozilla/5.0 (Linux; Android 11; CPH2251) AppleWebKit/537.36 (KHTML, like Gecko) Chrome/116.0.0.0 Mobile Safari/537.36"
23.100.94.228 - - [11/Jan/2026:06:09:44 +0000] "GET /wp-content/plugins/janusv2/janus.php HTTP/1.1" 404 564 "https://www.google.co.uk/" "Mozilla/5.0 (Linux; Android 11; 21081111RG) AppleWebKit/537.36 (KHTML, like Gecko) Chrome/116.0.0.0 Mobile Safari/537.36"
40.83.95.233 - - [11/Jan/2026:06:09:44 +0000] "GET /xmlrpc.php HTTP/1.1" 301 178 "https://www.google.fr/" "Mozilla/5.0 (iPhone; CPU iPhone OS 17_0_3 like Mac OS X) AppleWebKit/605.1.15 (KHTML, like Gecko) Version/17.0.1 Mobile/15E148 Safari/604.1"
23.100.94.228 - - [11/Jan/2026:06:09:44 +0000] "GET /wp-login.php HTTP/1.1" 301 178 "https://www.google.de/" "Mozilla/5.0 (iPhone; CPU iPhone OS 17_0_3 like Mac OS X) AppleWebKit/605.1.15 (KHTML, like Gecko) Version/17.0.1 Mobile/15E148 Safari/604.1"
40.83.95.233 - - [11/Jan/2026:06:09:44 +0000] "GET /xmlrpc.php HTTP/1.1" 404 162 "https://www.google.fr/" "Mozilla/5.0 (iPhone; CPU iPhone OS 17_0_3 like Mac OS X) AppleWebKit/605.1.15 (KHTML, like Gecko) Version/17.0.1 Mobile/15E148 Safari/604.1"
23.100.94.228 - - [11/Jan/2026:06:09:45 +0000] "GET /wp-login.php HTTP/1.1" 404 162 "https://www.google.de/" "Mozilla/5.0 (iPhone; CPU iPhone OS 17_0_3 like Mac OS X) AppleWebKit/605.1.15 (KHTML, like Gecko) Version/17.0.1 Mobile/15E148 Safari/604.1"
40.83.95.233 - - [11/Jan/2026:06:09:45 +0000] "GET /edit.php HTTP/1.1" 301 178 "https://duckduckgo.com/" "Mozilla/5.0 (iPhone; CPU iPhone OS 17_1 like Mac OS X) AppleWebKit/605.1.15 (KHTML, like Gecko) CriOS/119.0.6045.109 Mobile/15E148 Safari/604.1"
23.100.94.228 - - [11/Jan/2026:06:09:45 +0000] "GET /mah/function.php HTTP/1.1" 301 178 "https://www.google.co.uk/" "Mozilla/5.0 (iPhone; CPU iPhone OS 16_0 like Mac OS X) AppleWebKit/605.1.15 (KHTML, like Gecko) FxiOS/118.0 Mobile/15E148 Safari/605.1.15"
40.83.95.233 - - [11/Jan/2026:06:09:45 +0000] "GET /edit.php HTTP/1.1" 404 162 "https://duckduckgo.com/" "Mozilla/5.0 (iPhone; CPU iPhone OS 17_1 like Mac OS X) AppleWebKit/605.1.15 (KHTML, like Gecko) CriOS/119.0.6045.109 Mobile/15E148 Safari/604.1"
23.100.94.228 - - [11/Jan/2026:06:09:45 +0000] "GET /mah/function.php HTTP/1.1" 404 162 "https://www.google.co.uk/" "Mozilla/5.0 (iPhone; CPU iPhone OS 16_0 like Mac OS X) AppleWebKit/605.1.15 (KHTML, like Gecko) FxiOS/118.0 Mobile/15E148 Safari/605.1.15"
40.83.95.233 - - [11/Jan/2026:06:09:45 +0000] "GET /test.php HTTP/1.1" 301 178 "https://www.google.co.uk/" "Mozilla/5.0 (Linux; Android 10; K) AppleWebKit/537.36 (KHTML, like Gecko) Chrome/117.0.0.0 Mobile Safari/537.36"
23.100.94.228 - - [11/Jan/2026:06:09:45 +0000] "GET /wp-Owl.php HTTP/1.1" 301 178 "https://www.yahoo.com/" "Mozilla/5.0 (iPad; CPU OS 16_7_2 like Mac OS X) AppleWebKit/605.1.15 (KHTML, like Gecko) Version/16.6 Mobile/15E148 Safari/604.1"
40.83.95.233 - - [11/Jan/2026:06:09:45 +0000] "GET /test.php HTTP/1.1" 404 564 "https://www.google.co.uk/" "Mozilla/5.0 (Linux; Android 10; K) AppleWebKit/537.36 (KHTML, like Gecko) Chrome/117.0.0.0 Mobile Safari/537.36"
23.100.94.228 - - [11/Jan/2026:06:09:45 +0000] "GET /wp-Owl.php HTTP/1.1" 404 162 "https://www.yahoo.com/" "Mozilla/5.0 (iPad; CPU OS 16_7_2 like Mac OS X) AppleWebKit/605.1.15 (KHTML, like Gecko) Version/16.6 Mobile/15E148 Safari/604.1"
40.83.95.233 - - [11/Jan/2026:06:09:46 +0000] "GET /index.php/feed/atom HTTP/1.1" 301 178 "https://www.google.co.uk/" "Mozilla/5.0 (iPhone; CPU iPhone OS 17_0_3 like Mac OS X) AppleWebKit/605.1.15 (KHTML, like Gecko) Version/17.0.1 Mobile/15E148 Safari/604.1"
23.100.94.228 - - [11/Jan/2026:06:09:46 +0000] "GET /classsmtps.php HTTP/1.1" 301 178 "https://www.google.com/" "Mozilla/5.0 (Linux; Android 12; 2201116SG) AppleWebKit/537.36 (KHTML, like Gecko) Chrome/116.0.0.0 Mobile Safari/537.36"
40.83.95.233 - - [11/Jan/2026:06:09:46 +0000] "GET /index.php/feed/atom HTTP/1.1" 404 162 "https://www.google.co.uk/" "Mozilla/5.0 (iPhone; CPU iPhone OS 17_0_3 like Mac OS X) AppleWebKit/605.1.15 (KHTML, like Gecko) Version/17.0.1 Mobile/15E148 Safari/604.1"
23.100.94.228 - - [11/Jan/2026:06:09:46 +0000] "GET /classsmtps.php HTTP/1.1" 404 564 "https://www.google.com/" "Mozilla/5.0 (Linux; Android 12; 2201116SG) AppleWebKit/537.36 (KHTML, like Gecko) Chrome/116.0.0.0 Mobile Safari/537.36"
40.83.95.233 - - [11/Jan/2026:06:09:46 +0000] "GET /wp-includes/SimplePie/about.php HTTP/1.1" 301 178 "https://duckduckgo.com/" "Mozilla/5.0 (Linux; Android 12; V2134) AppleWebKit/537.36 (KHTML, like Gecko) Chrome/116.0.0.0 Mobile Safari/537.36"
23.100.94.228 - - [11/Jan/2026:06:09:46 +0000] "GET /wp-admin/css/colors HTTP/1.1" 301 178 "https://www.google.co.uk/" "Mozilla/5.0 (Linux; Android 13; SM-S908E) AppleWebKit/537.36 (KHTML, like Gecko) Chrome/116.0.0.0 Mobile Safari/537.36"
40.83.95.233 - - [11/Jan/2026:06:09:46 +0000] "GET /wp-includes/SimplePie/about.php HTTP/1.1" 404 564 "https://duckduckgo.com/" "Mozilla/5.0 (Linux; Android 12; V2134) AppleWebKit/537.36 (KHTML, like Gecko) Chrome/116.0.0.0 Mobile Safari/537.36"
23.100.94.228 - - [11/Jan/2026:06:09:46 +0000] "GET /wp-admin/css/colors HTTP/1.1" 404 564 "https://www.google.co.uk/" "Mozilla/5.0 (Linux; Android 13; SM-S908E) AppleWebKit/537.36 (KHTML, like Gecko) Chrome/116.0.0.0 Mobile Safari/537.36"
40.83.95.233 - - [11/Jan/2026:06:09:46 +0000] "GET /alfa.php HTTP/1.1" 301 178 "https://www.yahoo.com/" "Mozilla/5.0 (Linux; Android 11; CPH2251) AppleWebKit/537.36 (KHTML, like Gecko) Chrome/116.0.0.0 Mobile Safari/537.36"
23.100.94.228 - - [11/Jan/2026:06:09:47 +0000] "GET /wp-content/plugins/core/include.php HTTP/1.1" 301 178 "https://www.google.fr/" "Mozilla/5.0 (iPhone; CPU iPhone OS 16_0 like Mac OS X) AppleWebKit/605.1.15 (KHTML, like Gecko) FxiOS/118.0 Mobile/15E148 Safari/605.1.15"
40.83.95.233 - - [11/Jan/2026:06:09:47 +0000] "GET /alfa.php HTTP/1.1" 404 564 "https://www.yahoo.com/" "Mozilla/5.0 (Linux; Android 11; CPH2251) AppleWebKit/537.36 (KHTML, like Gecko) Chrome/116.0.0.0 Mobile Safari/537.36"
23.100.94.228 - - [11/Jan/2026:06:09:47 +0000] "GET /wp-content/plugins/core/include.php HTTP/1.1" 404 162 "https://www.google.fr/" "Mozilla/5.0 (iPhone; CPU iPhone OS 16_0 like Mac OS X) AppleWebKit/605.1.15 (KHTML, like Gecko) FxiOS/118.0 Mobile/15E148 Safari/605.1.15"
40.83.95.233 - - [11/Jan/2026:06:09:47 +0000] "GET /wp-content/uploads/wpr-addons/forms/b1ack.php HTTP/1.1" 301 178 "https://www.google.de/" "Mozilla/5.0 (iPhone; CPU iPhone OS 16_0 like Mac OS X) AppleWebKit/605.1.15 (KHTML, like Gecko) FxiOS/118.0 Mobile/15E148 Safari/605.1.15"
23.100.94.228 - - [11/Jan/2026:06:09:47 +0000] "GET /wp-content/themes HTTP/1.1" 301 178 "https://www.google.de/" "Mozilla/5.0 (iPad; CPU OS 17_0_3 like Mac OS X) AppleWebKit/605.1.15 (KHTML, like Gecko) Version/17.0.1 Mobile/15E148 Safari/604.1"
40.83.95.233 - - [11/Jan/2026:06:09:47 +0000] "GET /wp-content/uploads/wpr-addons/forms/b1ack.php HTTP/1.1" 404 162 "https://www.google.de/" "Mozilla/5.0 (iPhone; CPU iPhone OS 16_0 like Mac OS X) AppleWebKit/605.1.15 (KHTML, like Gecko) FxiOS/118.0 Mobile/15E148 Safari/605.1.15"
23.100.94.228 - - [11/Jan/2026:06:09:47 +0000] "GET /wp-content/themes HTTP/1.1" 404 162 "https://www.google.de/" "Mozilla/5.0 (iPad; CPU OS 17_0_3 like Mac OS X) AppleWebKit/605.1.15 (KHTML, like Gecko) Version/17.0.1 Mobile/15E148 Safari/604.1"
40.83.95.233 - - [11/Jan/2026:06:09:47 +0000] "GET /index/function.php HTTP/1.1" 301 178 "https://www.yahoo.com/" "Mozilla/5.0 (iPhone; CPU iPhone OS 16_0 like Mac OS X) AppleWebKit/605.1.15 (KHTML, like Gecko) FxiOS/118.0 Mobile/15E148 Safari/605.1.15"
23.100.94.228 - - [11/Jan/2026:06:09:47 +0000] "GET /wp-includes/about.php HTTP/1.1" 301 178 "https://www.google.co.uk/" "Mozilla/5.0 (Linux; Android 11; 21081111RG) AppleWebKit/537.36 (KHTML, like Gecko) Chrome/116.0.0.0 Mobile Safari/537.36"
40.83.95.233 - - [11/Jan/2026:06:09:47 +0000] "GET /index/function.php HTTP/1.1" 404 162 "https://www.yahoo.com/" "Mozilla/5.0 (iPhone; CPU iPhone OS 16_0 like Mac OS X) AppleWebKit/605.1.15 (KHTML, like Gecko) FxiOS/118.0 Mobile/15E148 Safari/605.1.15"
