74.7.241.0 - - [13/Dec/2025:12:48:14 +0000] "GET /?p=122 HTTP/1.1" 301 5 "-" "Mozilla/5.0 AppleWebKit/537.36 (KHTML, like Gecko; compatible; GPTBot/1.3; +https://openai.com/gptbot)"
74.7.241.0 - - [13/Dec/2025:12:48:14 +0000] "GET /?page_id=122 HTTP/1.1" 200 19523 "-" "Mozilla/5.0 AppleWebKit/537.36 (KHTML, like Gecko; compatible; GPTBot/1.3; +https://openai.com/gptbot)"
74.7.241.0 - - [13/Dec/2025:12:48:15 +0000] "GET /?p=185 HTTP/1.1" 301 5 "-" "Mozilla/5.0 AppleWebKit/537.36 (KHTML, like Gecko; compatible; GPTBot/1.3; +https://openai.com/gptbot)"
74.7.241.0 - - [13/Dec/2025:12:48:15 +0000] "GET /?page_id=185 HTTP/1.1" 200 18119 "-" "Mozilla/5.0 AppleWebKit/537.36 (KHTML, like Gecko; compatible; GPTBot/1.3; +https://openai.com/gptbot)"
74.7.241.0 - - [13/Dec/2025:12:48:15 +0000] "GET /?p=608 HTTP/1.1" 301 5 "-" "Mozilla/5.0 AppleWebKit/537.36 (KHTML, like Gecko; compatible; GPTBot/1.3; +https://openai.com/gptbot)"
74.7.241.0 - - [13/Dec/2025:12:48:16 +0000] "GET /?page_id=608 HTTP/1.1" 200 21854 "-" "Mozilla/5.0 AppleWebKit/537.36 (KHTML, like Gecko; compatible; GPTBot/1.3; +https://openai.com/gptbot)"
74.7.241.0 - - [13/Dec/2025:12:48:16 +0000] "GET /?p=182 HTTP/1.1" 301 5 "-" "Mozilla/5.0 AppleWebKit/537.36 (KHTML, like Gecko; compatible; GPTBot/1.3; +https://openai.com/gptbot)"
74.7.241.0 - - [13/Dec/2025:12:48:16 +0000] "GET /?page_id=182 HTTP/1.1" 200 45375 "-" "Mozilla/5.0 AppleWebKit/537.36 (KHTML, like Gecko; compatible; GPTBot/1.3; +https://openai.com/gptbot)"
74.7.241.0 - - [13/Dec/2025:12:48:17 +0000] "GET /4:40%20PM%20%20%20%20%20%20%20https:/www.linkedin.com/in/mdraiyanhaque/ HTTP/1.1" 200 115835 "-" "Mozilla/5.0 AppleWebKit/537.36 (KHTML, like Gecko; compatible; GPTBot/1.3; +https://openai.com/gptbot)"
74.7.241.0 - - [13/Dec/2025:12:48:17 +0000] "GET /?p=1573 HTTP/1.1" 301 5 "-" "Mozilla/5.0 AppleWebKit/537.36 (KHTML, like Gecko; compatible; GPTBot/1.3; +https://openai.com/gptbot)"
74.7.241.0 - - [13/Dec/2025:12:48:18 +0000] "GET /?page_id=1573 HTTP/1.1" 200 17951 "-" "Mozilla/5.0 AppleWebKit/537.36 (KHTML, like Gecko; compatible; GPTBot/1.3; +https://openai.com/gptbot)"
74.7.241.0 - - [13/Dec/2025:12:48:18 +0000] "GET /www.linkedin.com/in/bayonle HTTP/1.1" 301 5 "-" "Mozilla/5.0 AppleWebKit/537.36 (KHTML, like Gecko; compatible; GPTBot/1.3; +https://openai.com/gptbot)"
74.7.241.0 - - [13/Dec/2025:12:48:18 +0000] "GET /www.linkedin.com/in/bayonle/ HTTP/1.1" 200 115835 "-" "Mozilla/5.0 AppleWebKit/537.36 (KHTML, like Gecko; compatible; GPTBot/1.3; +https://openai.com/gptbot)"
74.7.241.0 - - [13/Dec/2025:12:48:18 +0000] "GET /?author=1 HTTP/1.1" 200 20939 "-" "Mozilla/5.0 AppleWebKit/537.36 (KHTML, like Gecko; compatible; GPTBot/1.3; +https://openai.com/gptbot)"
74.7.241.0 - - [13/Dec/2025:12:48:19 +0000] "GET /index.php?rest_route=%2Foembed%2F1.0%2Fembed&url=https%3A%2F%2Fgsudice.dataconn.net%2F%3Fpage_id%3D1573 HTTP/1.1" 200 1286 "-" "Mozilla/5.0 AppleWebKit/537.36 (KHTML, like Gecko; compatible; GPTBot/1.3; +https://openai.com/gptbot)"
74.7.241.0 - - [13/Dec/2025:12:48:20 +0000] "GET /index.php?rest_route=%2Foembed%2F1.0%2Fembed&url=https%3A%2F%2Fgsudice.dataconn.net%2F%3Fpage_id%3D608 HTTP/1.1" 200 1274 "-" "Mozilla/5.0 AppleWebKit/537.36 (KHTML, like Gecko; compatible; GPTBot/1.3; +https://openai.com/gptbot)"
74.7.241.0 - - [13/Dec/2025:12:48:20 +0000] "GET /index.php?rest_route=%2Foembed%2F1.0%2Fembed&url=https%3A%2F%2Fgsudice.dataconn.net%2F%3Fpage_id%3D182 HTTP/1.1" 200 1271 "-" "Mozilla/5.0 AppleWebKit/537.36 (KHTML, like Gecko; compatible; GPTBot/1.3; +https://openai.com/gptbot)"
74.7.241.0 - - [13/Dec/2025:12:48:21 +0000] "GET /index.php?rest_route=/wp/v2/pages/182 HTTP/1.1" 200 27947 "-" "Mozilla/5.0 AppleWebKit/537.36 (KHTML, like Gecko; compatible; GPTBot/1.3; +https://openai.com/gptbot)"
74.7.241.0 - - [13/Dec/2025:12:48:21 +0000] "GET /index.php?rest_route=/wp/v2/pages/185 HTTP/1.1" 200 1451 "-" "Mozilla/5.0 AppleWebKit/537.36 (KHTML, like Gecko; compatible; GPTBot/1.3; +https://openai.com/gptbot)"
74.7.241.0 - - [13/Dec/2025:12:48:22 +0000] "GET /index.php?rest_route=/wp/v2/pages/608 HTTP/1.1" 200 5325 "-" "Mozilla/5.0 AppleWebKit/537.36 (KHTML, like Gecko; compatible; GPTBot/1.3; +https://openai.com/gptbot)"
74.7.241.0 - - [13/Dec/2025:12:48:22 +0000] "GET /index.php?rest_route=/wp/v2/pages/1573 HTTP/1.1" 200 1571 "-" "Mozilla/5.0 AppleWebKit/537.36 (KHTML, like Gecko; compatible; GPTBot/1.3; +https://openai.com/gptbot)"
74.7.241.0 - - [13/Dec/2025:12:48:23 +0000] "GET /index.php?format=xml&rest_route=%2Foembed%2F1.0%2Fembed&url=https%3A%2F%2Fgsudice.dataconn.net%2F%3Fpage_id%3D185 HTTP/1.1" 200 1295 "-" "Mozilla/5.0 AppleWebKit/537.36 (KHTML, like Gecko; compatible; GPTBot/1.3; +https://openai.com/gptbot)"
74.7.241.0 - - [13/Dec/2025:12:48:23 +0000] "GET /www.linkedin.com/in/bayonle/ HTTP/1.1" 200 115835 "-" "Mozilla/5.0 AppleWebKit/537.36 (KHTML, like Gecko; compatible; GPTBot/1.3; +https://openai.com/gptbot)"
74.7.241.0 - - [13/Dec/2025:12:48:24 +0000] "GET /?author=1&feed=rss2 HTTP/1.1" 200 1232 "-" "Mozilla/5.0 AppleWebKit/537.36 (KHTML, like Gecko; compatible; GPTBot/1.3; +https://openai.com/gptbot)"
74.7.241.0 - - [13/Dec/2025:12:48:24 +0000] "GET /index.php?rest_route=/wp/v2/users/1 HTTP/1.1" 200 284 "-" "Mozilla/5.0 AppleWebKit/537.36 (KHTML, like Gecko; compatible; GPTBot/1.3; +https://openai.com/gptbot)"
74.7.241.0 - - [13/Dec/2025:12:48:25 +0000] "GET /index.php?format=xml&rest_route=%2Foembed%2F1.0%2Fembed&url=https%3A%2F%2Fgsudice.dataconn.net%2F%3Fpage_id%3D608 HTTP/1.1" 200 1301 "-" "Mozilla/5.0 AppleWebKit/537.36 (KHTML, like Gecko; compatible; GPTBot/1.3; +https://openai.com/gptbot)"
74.7.241.0 - - [13/Dec/2025:12:48:25 +0000] "GET /index.php?format=xml&rest_route=%2Foembed%2F1.0%2Fembed&url=https%3A%2F%2Fgsudice.dataconn.net%2F%3Fpage_id%3D182 HTTP/1.1" 200 1297 "-" "Mozilla/5.0 AppleWebKit/537.36 (KHTML, like Gecko; compatible; GPTBot/1.3; +https://openai.com/gptbot)"
74.7.241.0 - - [13/Dec/2025:12:48:26 +0000] "GET /index.php?format=xml&rest_route=%2Foembed%2F1.0%2Fembed&url=https%3A%2F%2Fgsudice.dataconn.net%2F%3Fpage_id%3D1573 HTTP/1.1" 200 1311 "-" "Mozilla/5.0 AppleWebKit/537.36 (KHTML, like Gecko; compatible; GPTBot/1.3; +https://openai.com/gptbot)"
66.135.21.75 - - [13/Dec/2025:12:50:41 +0000] "POST /wp-cron.php?doing_wp_cron=1765630241.6773478984832763671875 HTTP/1.1" 200 31 "-" "WordPress/6.3.1; https://gsudice.dataconn.net"
43.130.9.111 - - [13/Dec/2025:12:50:41 +0000] "GET / HTTP/1.1" 200 115835 "http://gsudice.dataconn.net" "Mozilla/5.0 (iPhone; CPU iPhone OS 13_2_3 like Mac OS X) AppleWebKit/605.1.15 (KHTML, like Gecko) Version/13.0.3 Mobile/15E148 Safari/604.1"
66.135.21.75 - - [13/Dec/2025:13:23:52 +0000] "POST /wp-cron.php?doing_wp_cron=1765632232.3769910335540771484375 HTTP/1.1" 200 31 "-" "WordPress/6.3.1; https://gsudice.dataconn.net"
43.135.139.165 - - [13/Dec/2025:13:23:52 +0000] "GET /?feed=rss2 HTTP/1.1" 200 1192 "-" "Mozilla/5.0 (iPhone; CPU iPhone OS 13_2_3 like Mac OS X) AppleWebKit/605.1.15 (KHTML, like Gecko) Version/13.0.3 Mobile/15E148 Safari/604.1"
66.135.21.75 - - [13/Dec/2025:13:33:23 +0000] "POST /wp-cron.php?doing_wp_cron=1765632803.6344521045684814453125 HTTP/1.1" 200 31 "-" "WordPress/6.3.1; https://gsudice.dataconn.net"
43.157.20.63 - - [13/Dec/2025:13:33:23 +0000] "GET /?feed=comments-rss2 HTTP/1.1" 200 783 "-" "Mozilla/5.0 (iPhone; CPU iPhone OS 13_2_3 like Mac OS X) AppleWebKit/605.1.15 (KHTML, like Gecko) Version/13.0.3 Mobile/15E148 Safari/604.1"
66.135.21.75 - - [13/Dec/2025:13:43:04 +0000] "POST /wp-cron.php?doing_wp_cron=1765633383.9572010040283203125000 HTTP/1.1" 200 31 "-" "WordPress/6.3.1; https://gsudice.dataconn.net"
162.62.213.165 - - [13/Dec/2025:13:43:04 +0000] "GET /?page_id=126 HTTP/1.1" 200 23321 "-" "Mozilla/5.0 (iPhone; CPU iPhone OS 13_2_3 like Mac OS X) AppleWebKit/605.1.15 (KHTML, like Gecko) Version/13.0.3 Mobile/15E148 Safari/604.1"
66.135.21.75 - - [13/Dec/2025:13:52:56 +0000] "POST /wp-cron.php?doing_wp_cron=1765633976.1272931098937988281250 HTTP/1.1" 200 31 "-" "WordPress/6.3.1; https://gsudice.dataconn.net"
43.157.148.38 - - [13/Dec/2025:13:52:56 +0000] "GET /?page_id=182 HTTP/1.1" 200 45375 "-" "Mozilla/5.0 (iPhone; CPU iPhone OS 13_2_3 like Mac OS X) AppleWebKit/605.1.15 (KHTML, like Gecko) Version/13.0.3 Mobile/15E148 Safari/604.1"
66.135.21.75 - - [13/Dec/2025:14:24:15 +0000] "POST /wp-cron.php?doing_wp_cron=1765635854.9954380989074707031250 HTTP/1.1" 200 31 "-" "WordPress/6.3.1; https://gsudice.dataconn.net"
150.109.230.210 - - [13/Dec/2025:14:24:15 +0000] "GET /index.php?rest_route=%2Foembed%2F1.0%2Fembed&url=https%3A%2F%2Fgsudice.dataconn.net%2F%3Fpage_id%3D126 HTTP/1.1" 200 1268 "-" "Mozilla/5.0 (iPhone; CPU iPhone OS 13_2_3 like Mac OS X) AppleWebKit/605.1.15 (KHTML, like Gecko) Version/13.0.3 Mobile/15E148 Safari/604.1"
66.135.21.75 - - [13/Dec/2025:14:29:10 +0000] "POST /wp-cron.php?doing_wp_cron=1765636150.7638919353485107421875 HTTP/1.1" 200 31 "-" "WordPress/6.3.1; https://gsudice.dataconn.net"
35.156.240.123 - - [13/Dec/2025:14:29:10 +0000] "GET / HTTP/1.1" 200 115835 "-" "Mozilla/5.0 (compatible; MSIE 10.0; Windows NT 6.1; Trident/6.0) LinkCheck by Siteimprove.com"
66.135.21.75 - - [13/Dec/2025:14:33:53 +0000] "POST /wp-cron.php?doing_wp_cron=1765636433.5109860897064208984375 HTTP/1.1" 200 31 "-" "WordPress/6.3.1; https://gsudice.dataconn.net"
43.133.139.6 - - [13/Dec/2025:14:33:53 +0000] "GET /?page_id=122 HTTP/1.1" 200 19523 "-" "Mozilla/5.0 (iPhone; CPU iPhone OS 13_2_3 like Mac OS X) AppleWebKit/605.1.15 (KHTML, like Gecko) Version/13.0.3 Mobile/15E148 Safari/604.1"
66.135.21.75 - - [13/Dec/2025:14:39:06 +0000] "POST /wp-cron.php?doing_wp_cron=1765636746.3713049888610839843750 HTTP/1.1" 200 31 "-" "WordPress/6.3.1; https://gsudice.dataconn.net"
107.172.195.198 - - [13/Dec/2025:14:39:06 +0000] "GET / HTTP/1.1" 200 115835 "-" "Mozilla/5.0 (Macintosh; Intel Mac OS X 10_15_7) AppleWebKit/537.36 (KHTML, like Gecko) Chrome/117.0.0.0 Safari/537.36"
66.135.21.75 - - [13/Dec/2025:14:39:21 +0000] "POST /wp-cron.php?doing_wp_cron=1765636761.0325460433959960937500 HTTP/1.1" 200 31 "-" "WordPress/6.3.1; https://gsudice.dataconn.net"
104.164.126.100 - - [13/Dec/2025:14:39:21 +0000] "GET / HTTP/1.1" 200 115835 "-" "Mozilla/5.0 (Macintosh; Intel Mac OS X 10_15_7) AppleWebKit/537.36 (KHTML, like Gecko) Chrome/117.0.0.0 Safari/537.36"
104.164.126.100 - - [13/Dec/2025:14:39:43 +0000] "GET / HTTP/1.1" 200 115835 "-" "Mozilla/5.0 (X11; Linux x86_64) AppleWebKit/537.36 (KHTML, like Gecko) Chrome/117.0.0.0 Safari/537.36"
66.135.21.75 - - [13/Dec/2025:14:41:30 +0000] "POST /wp-cron.php?doing_wp_cron=1765636890.3954849243164062500000 HTTP/1.1" 200 31 "-" "WordPress/6.3.1; https://gsudice.dataconn.net"
66.249.75.32 - - [13/Dec/2025:14:41:30 +0000] "GET /robots.txt HTTP/1.1" 301 5 "-" "Mozilla/5.0 (compatible; Googlebot/2.1; +http://www.google.com/bot.html)"
66.249.75.45 - - [13/Dec/2025:14:41:30 +0000] "GET /robots.txt/ HTTP/1.1" 200 115835 "-" "Mozilla/5.0 (compatible; Googlebot/2.1; +http://www.google.com/bot.html)"
66.249.75.45 - - [13/Dec/2025:14:41:31 +0000] "GET / HTTP/1.1" 200 115835 "-" "Mozilla/5.0 (Linux; Android 6.0.1; Nexus 5X Build/MMB29P) AppleWebKit/537.36 (KHTML, like Gecko) Chrome/141.0.7390.122 Mobile Safari/537.36 (compatible; Googlebot/2.1; +http://www.google.com/bot.html)"
66.249.75.45 - - [13/Dec/2025:14:41:47 +0000] "GET / HTTP/1.1" 200 115835 "-" "Mozilla/5.0 (Linux; Android 6.0.1; Nexus 5X Build/MMB29P) AppleWebKit/537.36 (KHTML, like Gecko) Chrome/99.0.4844.84 Mobile Safari/537.36 (compatible; Googlebot/2.1; +http://www.google.com/bot.html)"
66.249.75.45 - - [13/Dec/2025:14:41:47 +0000] "GET / HTTP/1.1" 200 115835 "-" "Mozilla/5.0 (compatible; Googlebot/2.1; +http://www.google.com/bot.html)"
66.135.21.75 - - [13/Dec/2025:14:44:32 +0000] "POST /wp-cron.php?doing_wp_cron=1765637072.6183319091796875000000 HTTP/1.1" 200 31 "-" "WordPress/6.3.1; https://gsudice.dataconn.net"
43.166.247.155 - - [13/Dec/2025:14:44:32 +0000] "GET /?page_id=185 HTTP/1.1" 200 18119 "-" "Mozilla/5.0 (iPhone; CPU iPhone OS 13_2_3 like Mac OS X) AppleWebKit/605.1.15 (KHTML, like Gecko) Version/13.0.3 Mobile/15E148 Safari/604.1"
66.135.21.75 - - [13/Dec/2025:14:53:17 +0000] "POST /wp-cron.php?doing_wp_cron=1765637597.0249381065368652343750 HTTP/1.1" 200 31 "-" "WordPress/6.3.1; https://gsudice.dataconn.net"
150.109.46.88 - - [13/Dec/2025:14:53:17 +0000] "GET /index.php?rest_route=/ HTTP/1.1" 200 17903 "-" "Mozilla/5.0 (iPhone; CPU iPhone OS 13_2_3 like Mac OS X) AppleWebKit/605.1.15 (KHTML, like Gecko) Version/13.0.3 Mobile/15E148 Safari/604.1"
66.135.21.75 - - [13/Dec/2025:14:56:21 +0000] "POST /wp-cron.php?doing_wp_cron=1765637781.7363619804382324218750 HTTP/1.1" 200 31 "-" "WordPress/6.3.1; https://gsudice.dataconn.net"
34.235.163.183 - - [13/Dec/2025:14:56:21 +0000] "HEAD /robots.txt HTTP/1.1" 301 0 "-" "blackboardally"
34.235.163.183 - - [13/Dec/2025:14:56:21 +0000] "HEAD /robots.txt/ HTTP/1.1" 200 0 "-" "blackboardally"
34.235.163.183 - - [13/Dec/2025:14:56:21 +0000] "GET /robots.txt HTTP/1.1" 301 5 "-" "blackboardally"
34.235.163.183 - - [13/Dec/2025:14:56:22 +0000] "GET /robots.txt/ HTTP/1.1" 200 115835 "-" "blackboardally"
66.135.21.75 - - [13/Dec/2025:15:05:49 +0000] "POST /wp-cron.php?doing_wp_cron=1765638349.7620360851287841796875 HTTP/1.1" 200 31 "-" "WordPress/6.3.1; https://gsudice.dataconn.net"
104.252.191.224 - - [13/Dec/2025:15:05:49 +0000] "GET / HTTP/1.1" 200 115835 "-" "Mozilla/5.0 (Windows NT 10.0; Win64; x64) AppleWebKit/537.36 (KHTML, like Gecko) Chrome/116.0.0.0 Safari/537.36"
104.164.173.16 - - [13/Dec/2025:15:05:57 +0000] "GET / HTTP/1.1" 200 115835 "-" "Mozilla/5.0 (Windows NT 10.0; Win64; x64) AppleWebKit/537.36 (KHTML, like Gecko) Chrome/116.0.0.0 Safari/537.36"
66.135.21.75 - - [13/Dec/2025:15:06:09 +0000] "POST /wp-cron.php?doing_wp_cron=1765638369.3961660861968994140625 HTTP/1.1" 200 31 "-" "WordPress/6.3.1; https://gsudice.dataconn.net"
104.164.173.16 - - [13/Dec/2025:15:06:09 +0000] "GET / HTTP/1.1" 200 115835 "-" "Mozilla/5.0 (X11; Linux x86_64) AppleWebKit/537.36 (KHTML, like Gecko) Chrome/116.0.0.0 Safari/537.36"
66.135.21.75 - - [13/Dec/2025:15:14:31 +0000] "POST /wp-cron.php?doing_wp_cron=1765638871.5379629135131835937500 HTTP/1.1" 200 31 "-" "WordPress/6.3.1; https://gsudice.dataconn.net"
43.130.16.140 - - [13/Dec/2025:15:14:31 +0000] "GET /?page_id=1573 HTTP/1.1" 200 17951 "-" "Mozilla/5.0 (iPhone; CPU iPhone OS 13_2_3 like Mac OS X) AppleWebKit/605.1.15 (KHTML, like Gecko) Version/13.0.3 Mobile/15E148 Safari/604.1"
66.135.21.75 - - [13/Dec/2025:15:26:39 +0000] "POST /wp-cron.php?doing_wp_cron=1765639599.0807900428771972656250 HTTP/1.1" 200 31 "-" "WordPress/6.3.1; https://gsudice.dataconn.net"
162.62.213.187 - - [13/Dec/2025:15:26:39 +0000] "GET /?page_id=122 HTTP/1.1" 200 19523 "-" "Mozilla/5.0 (iPhone; CPU iPhone OS 13_2_3 like Mac OS X) AppleWebKit/605.1.15 (KHTML, like Gecko) Version/13.0.3 Mobile/15E148 Safari/604.1"
66.135.21.75 - - [13/Dec/2025:15:40:55 +0000] "POST /wp-cron.php?doing_wp_cron=1765640455.3558459281921386718750 HTTP/1.1" 200 31 "-" "WordPress/6.3.1; https://gsudice.dataconn.net"
107.172.195.127 - - [13/Dec/2025:15:40:55 +0000] "GET / HTTP/1.1" 200 115835 "-" "Mozilla/5.0 (Macintosh; Intel Mac OS X 10_15_7) AppleWebKit/537.36 (KHTML, like Gecko) Chrome/116.0.0.0 Safari/537.36"
66.135.21.75 - - [13/Dec/2025:15:41:19 +0000] "POST /wp-cron.php?doing_wp_cron=1765640479.8642680644989013671875 HTTP/1.1" 200 31 "-" "WordPress/6.3.1; https://gsudice.dataconn.net"
107.172.195.127 - - [13/Dec/2025:15:41:20 +0000] "GET / HTTP/1.1" 200 115835 "-" "Mozilla/5.0 (X11; Linux x86_64) AppleWebKit/537.36 (KHTML, like Gecko) Chrome/116.0.0.0 Safari/537.36"
104.164.126.154 - - [13/Dec/2025:15:41:31 +0000] "GET / HTTP/1.1" 200 115835 "-" "Mozilla/5.0 (Windows NT 10.0; Win64; x64) AppleWebKit/537.36 (KHTML, like Gecko) Chrome/117.0.0.0 Safari/537.36"
107.172.195.127 - - [13/Dec/2025:15:41:43 +0000] "GET /https%3A/gsudice.dataconn.net/%3Ffeed%3Dcomments-rss2 HTTP/1.1" 301 5 "-" "Mozilla/5.0 (X11; Linux x86_64) AppleWebKit/537.36 (KHTML, like Gecko) Chrome/116.0.0.0 Safari/537.36"
107.172.195.127 - - [13/Dec/2025:15:41:43 +0000] "GET /https%3A/gsudice.dataconn.net/xmlrpc.php%3Frsd HTTP/1.1" 301 5 "-" "Mozilla/5.0 (X11; Linux x86_64) AppleWebKit/537.36 (KHTML, like Gecko) Chrome/116.0.0.0 Safari/537.36"
107.172.195.127 - - [13/Dec/2025:15:41:43 +0000] "GET /https%3A/gsudice.dataconn.net/index.php%3Frest_route%3D/oembed/1.0/embed%26url%3Dhttps%3A/gsudice.dataconn.net/%26format%3Dxml HTTP/1.1" 301 5 "-" "Mozilla/5.0 (X11; Linux x86_64) AppleWebKit/537.36 (KHTML, like Gecko) Chrome/116.0.0.0 Safari/537.36"
107.172.195.127 - - [13/Dec/2025:15:41:43 +0000] "GET /https%3A/gsudice.dataconn.net/index.php%3Frest_route%3D/wp/v2/pages/20 HTTP/1.1" 301 5 "-" "Mozilla/5.0 (X11; Linux x86_64) AppleWebKit/537.36 (KHTML, like Gecko) Chrome/116.0.0.0 Safari/537.36"
107.172.195.127 - - [13/Dec/2025:15:41:43 +0000] "GET /https%3A/gsudice.dataconn.net/%3Ffeed%3Drss2 HTTP/1.1" 301 5 "-" "Mozilla/5.0 (X11; Linux x86_64) AppleWebKit/537.36 (KHTML, like Gecko) Chrome/116.0.0.0 Safari/537.36"
107.172.195.127 - - [13/Dec/2025:15:41:44 +0000] "GET /https%3A/gsudice.dataconn.net/ HTTP/1.1" 200 115835 "-" "Mozilla/5.0 (X11; Linux x86_64) AppleWebKit/537.36 (KHTML, like Gecko) Chrome/116.0.0.0 Safari/537.36"
107.172.195.127 - - [13/Dec/2025:15:41:44 +0000] "GET /https%3A/gsudice.dataconn.net/wp-content/plugins/colibri-page-builder/extend-builder/assets/static/fancybox/jquery.fancybox.min.css%3Fver%3D1.0.315 HTTP/1.1" 301 5 "-" "Mozilla/5.0 (X11; Linux x86_64) AppleWebKit/537.36 (KHTML, like Gecko) Chrome/116.0.0.0 Safari/537.36"
107.172.195.127 - - [13/Dec/2025:15:41:44 +0000] "GET /https%3A/fonts.googleapis.com/css%3Ffamily%3DMuli%3A200%2C200italic%2C300%2C300italic%2C400%2C400italic%2C600%2C600italic%2C700%2C700italic%2C800%2C800italic%2C900%2C900italic%7COpen%2BSans%3A300%2C300italic%2C400%2C400italic%2C600%2C600italic%2C700%2C700italic%2C800%2C800italic%7CPlayfair%2BDisplay%3A400%2C400italic%2C700%2C700italic%2C900%2C900italic%7CAbril%2BFatface%3A400%7CAcme%3A400%7CAdvent%2BPro%3A100%2C200%2C300%2C400%2C500%2C600%2C700%7CAlef%3A400%2C700%7CArsenal%3A400%2C400italic%2C700%2C700italic%7CBaloo%3A400%26subset%3Dlatin%2Clatin-ext%26display%3Dswap HTTP/1.1" 301 5 "-" "Mozilla/5.0 (X11; Linux x86_64) AppleWebKit/537.36 (KHTML, like Gecko) Chrome/116.0.0.0 Safari/537.36"
107.172.195.127 - - [13/Dec/2025:15:41:44 +0000] "GET /https%3A/gsudice.dataconn.net/index.php%3Frest_route%3D/ HTTP/1.1" 200 115835 "-" "Mozilla/5.0 (X11; Linux x86_64) AppleWebKit/537.36 (KHTML, like Gecko) Chrome/116.0.0.0 Safari/537.36"
107.172.195.127 - - [13/Dec/2025:15:41:44 +0000] "GET /https%3A/gsudice.dataconn.net/wp-content/plugins/colibri-page-builder/extend-builder/assets/static/css/theme.css%3Fver%3D1.0.315 HTTP/1.1" 301 5 "-" "Mozilla/5.0 (X11; Linux x86_64) AppleWebKit/537.36 (KHTML, like Gecko) Chrome/116.0.0.0 Safari/537.36"
107.172.195.127 - - [13/Dec/2025:15:41:44 +0000] "GET /https%3A/gsudice.dataconn.net/wp-includes/css/dist/block-library/style.min.css%3Fver%3D6.3.1 HTTP/1.1" 301 5 "-" "Mozilla/5.0 (X11; Linux x86_64) AppleWebKit/537.36 (KHTML, like Gecko) Chrome/116.0.0.0 Safari/537.36"
107.172.195.127 - - [13/Dec/2025:15:41:44 +0000] "GET /https%3A/gsudice.dataconn.net/%3Fpage_id%3D122 HTTP/1.1" 301 5 "-" "Mozilla/5.0 (X11; Linux x86_64) AppleWebKit/537.36 (KHTML, like Gecko) Chrome/116.0.0.0 Safari/537.36"
107.172.195.127 - - [13/Dec/2025:15:41:44 +0000] "GET /https%3A/gsudice.dataconn.net/index.php%3Frest_route%3D/oembed/1.0/embed%26url%3Dhttps%3A/gsudice.dataconn.net/ HTTP/1.1" 200 115835 "-" "Mozilla/5.0 (X11; Linux x86_64) AppleWebKit/537.36 (KHTML, like Gecko) Chrome/116.0.0.0 Safari/537.36"
107.172.195.127 - - [13/Dec/2025:15:41:44 +0000] "GET /%23content HTTP/1.1" 301 5 "-" "Mozilla/5.0 (X11; Linux x86_64) AppleWebKit/537.36 (KHTML, like Gecko) Chrome/116.0.0.0 Safari/537.36"
107.172.195.127 - - [13/Dec/2025:15:41:44 +0000] "GET /https%3A/gsudice.dataconn.net/%3Fpage_id%3D608 HTTP/1.1" 301 5 "-" "Mozilla/5.0 (X11; Linux x86_64) AppleWebKit/537.36 (KHTML, like Gecko) Chrome/116.0.0.0 Safari/537.36"
107.172.195.127 - - [13/Dec/2025:15:41:44 +0000] "GET /http%3A/gmpg.org/xfn/11 HTTP/1.1" 301 5 "-" "Mozilla/5.0 (X11; Linux x86_64) AppleWebKit/537.36 (KHTML, like Gecko) Chrome/116.0.0.0 Safari/537.36"
107.172.195.127 - - [13/Dec/2025:15:41:44 +0000] "GET /https%3A/gsudice.dataconn.net/%3Fpage_id%3D1573 HTTP/1.1" 301 5 "-" "Mozilla/5.0 (X11; Linux x86_64) AppleWebKit/537.36 (KHTML, like Gecko) Chrome/116.0.0.0 Safari/537.36"
107.172.195.127 - - [13/Dec/2025:15:41:44 +0000] "GET /https%3A/gsudice.dataconn.net/%3Fpage_id%3D126 HTTP/1.1" 301 5 "-" "Mozilla/5.0 (X11; Linux x86_64) AppleWebKit/537.36 (KHTML, like Gecko) Chrome/116.0.0.0 Safari/537.36"
107.172.195.127 - - [13/Dec/2025:15:41:45 +0000] "GET /https%3A/gsudice.dataconn.net/%3Fpage_id%3D182 HTTP/1.1" 301 5 "-" "Mozilla/5.0 (X11; Linux x86_64) AppleWebKit/537.36 (KHTML, like Gecko) Chrome/116.0.0.0 Safari/537.36"
107.172.195.127 - - [13/Dec/2025:15:41:45 +0000] "GET /https%3A/gsudice.dataconn.net/%3Fpage_id%3D185 HTTP/1.1" 301 5 "-" "Mozilla/5.0 (X11; Linux x86_64) AppleWebKit/537.36 (KHTML, like Gecko) Chrome/116.0.0.0 Safari/537.36"
107.172.195.127 - - [13/Dec/2025:15:41:45 +0000] "GET /%23 HTTP/1.1" 301 5 "-" "Mozilla/5.0 (X11; Linux x86_64) AppleWebKit/537.36 (KHTML, like Gecko) Chrome/116.0.0.0 Safari/537.36"
107.172.195.127 - - [13/Dec/2025:15:41:45 +0000] "GET /https%3A/gsudice.dataconn.net/xmlrpc.php%3Frsd/ HTTP/1.1" 200 115835 "-" "Mozilla/5.0 (X11; Linux x86_64) AppleWebKit/537.36 (KHTML, like Gecko) Chrome/116.0.0.0 Safari/537.36"
107.172.195.127 - - [13/Dec/2025:15:41:45 +0000] "GET /https%3A/gsudice.dataconn.net/%3Ffeed%3Dcomments-rss2/ HTTP/1.1" 200 115835 "-" "Mozilla/5.0 (X11; Linux x86_64) AppleWebKit/537.36 (KHTML, like Gecko) Chrome/116.0.0.0 Safari/537.36"
107.172.195.127 - - [13/Dec/2025:15:41:45 +0000] "GET /https%3A/gsudice.dataconn.net/index.php%3Frest_route%3D/oembed/1.0/embed%26url%3Dhttps%3A/gsudice.dataconn.net/%26format%3Dxml/ HTTP/1.1" 200 115835 "-" "Mozilla/5.0 (X11; Linux x86_64) AppleWebKit/537.36 (KHTML, like Gecko) Chrome/116.0.0.0 Safari/537.36"
107.172.195.127 - - [13/Dec/2025:15:41:45 +0000] "GET /https%3A/gsudice.dataconn.net/index.php%3Frest_route%3D/wp/v2/pages/20/ HTTP/1.1" 200 115835 "-" "Mozilla/5.0 (X11; Linux x86_64) AppleWebKit/537.36 (KHTML, like Gecko) Chrome/116.0.0.0 Safari/537.36"
107.172.195.127 - - [13/Dec/2025:15:41:45 +0000] "GET /https%3A/gsudice.dataconn.net/%3Ffeed%3Drss2/ HTTP/1.1" 200 115835 "-" "Mozilla/5.0 (X11; Linux x86_64) AppleWebKit/537.36 (KHTML, like Gecko) Chrome/116.0.0.0 Safari/537.36"
204.76.203.25 - - [13/Dec/2025:16:01:11 +0000] "GET /.env HTTP/1.1" 403 564 "-" "Mozilla/5.0 (Windows NT 10.0; Win64; x64) AppleWebKit/537.36 (KHTML, like Gecko) Chrome/134.0.0.0 Safari/537.3"
66.135.21.75 - - [13/Dec/2025:16:12:39 +0000] "POST /wp-cron.php?doing_wp_cron=1765642359.1560859680175781250000 HTTP/1.1" 200 31 "-" "WordPress/6.3.1; https://gsudice.dataconn.net"
72.213.227.27 - - [13/Dec/2025:16:12:39 +0000] "GET / HTTP/1.1" 200 115835 "-" "Mozilla/5.0 (Windows NT 10.0; Win64; x64) AppleWebKit/537.36 (KHTML, like Gecko) Chrome/142.0.0.0 Safari/537.36"
72.213.227.27 - - [13/Dec/2025:16:12:47 +0000] "GET /?page_id=182 HTTP/1.1" 200 45375 "https://gsudice.dataconn.net/" "Mozilla/5.0 (Windows NT 10.0; Win64; x64) AppleWebKit/537.36 (KHTML, like Gecko) Chrome/142.0.0.0 Safari/537.36"
66.135.21.75 - - [13/Dec/2025:16:13:37 +0000] "POST /wp-cron.php?doing_wp_cron=1765642417.9910960197448730468750 HTTP/1.1" 200 31 "-" "WordPress/6.3.1; https://gsudice.dataconn.net"
72.213.227.27 - - [13/Dec/2025:16:13:38 +0000] "GET /?page_id=608 HTTP/1.1" 200 21854 "https://gsudice.dataconn.net/?page_id=182" "Mozilla/5.0 (Windows NT 10.0; Win64; x64) AppleWebKit/537.36 (KHTML, like Gecko) Chrome/142.0.0.0 Safari/537.36"
72.213.227.27 - - [13/Dec/2025:16:13:49 +0000] "GET /?page_id=122 HTTP/1.1" 200 19523 "https://gsudice.dataconn.net/?page_id=608" "Mozilla/5.0 (Windows NT 10.0; Win64; x64) AppleWebKit/537.36 (KHTML, like Gecko) Chrome/142.0.0.0 Safari/537.36"
66.135.21.75 - - [13/Dec/2025:16:20:08 +0000] "POST /wp-cron.php?doing_wp_cron=1765642808.7903630733489990234375 HTTP/1.1" 200 31 "-" "WordPress/6.3.1; https://gsudice.dataconn.net"
49.171.47.70 - - [13/Dec/2025:16:20:09 +0000] "POST / HTTP/1.1" 200 228944 "-" "Mozilla/5.0 (Windows NT 10.0; Win64; x64) AppleWebKit/537.36"
66.135.21.75 - - [13/Dec/2025:16:22:39 +0000] "POST /wp-cron.php?doing_wp_cron=1765642959.1660900115966796875000 HTTP/1.1" 200 31 "-" "WordPress/6.3.1; https://gsudice.dataconn.net"
13.222.250.82 - - [13/Dec/2025:16:22:39 +0000] "GET / HTTP/1.1" 200 115835 "-" "Mozilla/5.0 (X11; Linux x86_64) AppleWebKit/537.36 (KHTML, like Gecko) HeadlessChrome/138.0.7204.23 Safari/537.36"
66.135.21.75 - - [13/Dec/2025:17:59:15 +0000] "POST /wp-cron.php?doing_wp_cron=1765648755.4540669918060302734375 HTTP/1.1" 200 31 "-" "WordPress/6.3.1; https://gsudice.dataconn.net"
73.184.94.63 - - [13/Dec/2025:17:59:15 +0000] "GET / HTTP/1.1" 200 115835 "https://www.google.com/" "Mozilla/5.0 (iPhone; CPU iPhone OS 18_5_0 like Mac OS X) AppleWebKit/605.1.15 (KHTML, like Gecko) CriOS/143.0.7499.108 Mobile/15E148 Safari/604.1"
73.184.94.63 - - [13/Dec/2025:17:59:23 +0000] "GET /?page_id=182 HTTP/1.1" 200 45375 "https://gsudice.dataconn.net/" "Mozilla/5.0 (iPhone; CPU iPhone OS 18_5_0 like Mac OS X) AppleWebKit/605.1.15 (KHTML, like Gecko) CriOS/143.0.7499.108 Mobile/15E148 Safari/604.1"
66.135.21.75 - - [13/Dec/2025:18:02:01 +0000] "POST /wp-cron.php?doing_wp_cron=1765648921.3085339069366455078125 HTTP/1.1" 200 31 "-" "WordPress/6.3.1; https://gsudice.dataconn.net"
114.119.140.237 - - [13/Dec/2025:18:02:01 +0000] "GET /wp-login.php?action=lostpassword HTTP/1.1" 200 1268 "https://gsudice.dataconn.net/wp-admin/" "Mozilla/5.0 (Linux; Android 7.0;) AppleWebKit/537.36 (KHTML, like Gecko) Mobile Safari/537.36 (compatible; PetalBot;+https://webmaster.petalsearch.com/site/petalbot)"
66.135.21.75 - - [13/Dec/2025:18:05:11 +0000] "POST /wp-cron.php?doing_wp_cron=1765649111.1442430019378662109375 HTTP/1.1" 200 31 "-" "WordPress/6.3.1; https://gsudice.dataconn.net"
177.1.145.74 - - [13/Dec/2025:18:05:11 +0000] "GET /?page_id=608 HTTP/1.1" 200 21854 "-" "Mozilla/5.0 (Windows NT 6.3; Win64; x64) AppleWebKit/537.36 (KHTML, like Gecko) Chrome/98.0.4758.81 Safari/537.36"
190.242.106.244 - - [13/Dec/2025:18:05:11 +0000] "GET /?page_id=122 HTTP/1.1" 200 19523 "-" "Mozilla/5.0 (Windows NT 10.0; Win64; x64) AppleWebKit/537.36 (KHTML, like Gecko) Chrome/93.0.4564.0 Safari/537.36"
66.135.21.75 - - [13/Dec/2025:18:44:42 +0000] "POST /wp-cron.php?doing_wp_cron=1765651482.5538520812988281250000 HTTP/1.1" 200 31 "-" "WordPress/6.3.1; https://gsudice.dataconn.net"
52.167.144.59 - - [13/Dec/2025:18:44:42 +0000] "GET /robots.txt HTTP/1.1" 301 5 "-" "Mozilla/5.0 AppleWebKit/537.36 (KHTML, like Gecko; compatible; bingbot/2.0; +http://www.bing.com/bingbot.htm) Chrome/116.0.1938.76 Safari/537.36"
52.167.144.59 - - [13/Dec/2025:18:44:42 +0000] "GET /robots.txt/ HTTP/1.1" 200 115835 "-" "Mozilla/5.0 AppleWebKit/537.36 (KHTML, like Gecko; compatible; bingbot/2.0; +http://www.bing.com/bingbot.htm) Chrome/116.0.1938.76 Safari/537.36"
40.77.167.79 - - [13/Dec/2025:18:44:45 +0000] "GET / HTTP/1.1" 200 115835 "-" "Mozilla/5.0 AppleWebKit/537.36 (KHTML, like Gecko; compatible; bingbot/2.0; +http://www.bing.com/bingbot.htm) Chrome/116.0.1938.76 Safari/537.36"
66.135.21.75 - - [13/Dec/2025:19:37:21 +0000] "POST /wp-cron.php?doing_wp_cron=1765654641.9048368930816650390625 HTTP/1.1" 200 31 "-" "WordPress/6.3.1; https://gsudice.dataconn.net"
66.249.75.45 - - [13/Dec/2025:19:37:22 +0000] "GET /members/ HTTP/1.1" 200 115835 "-" "Mozilla/5.0 (Linux; Android 6.0.1; Nexus 5X Build/MMB29P) AppleWebKit/537.36 (KHTML, like Gecko) Chrome/141.0.7390.122 Mobile Safari/537.36 (compatible; Googlebot/2.1; +http://www.google.com/bot.html)"
43.159.144.16 - - [13/Dec/2025:19:37:25 +0000] "GET / HTTP/1.1" 200 115835 "http://gsudice.dataconn.net" "Mozilla/5.0 (iPhone; CPU iPhone OS 13_2_3 like Mac OS X) AppleWebKit/605.1.15 (KHTML, like Gecko) Version/13.0.3 Mobile/15E148 Safari/604.1"
66.135.21.75 - - [13/Dec/2025:19:59:23 +0000] "POST /wp-cron.php?doing_wp_cron=1765655962.9887330532073974609375 HTTP/1.1" 200 31 "-" "WordPress/6.3.1; https://gsudice.dataconn.net"
43.155.27.244 - - [13/Dec/2025:19:59:23 +0000] "GET /?page_id=608 HTTP/1.1" 200 21854 "-" "Mozilla/5.0 (iPhone; CPU iPhone OS 13_2_3 like Mac OS X) AppleWebKit/605.1.15 (KHTML, like Gecko) Version/13.0.3 Mobile/15E148 Safari/604.1"
66.135.21.75 - - [13/Dec/2025:20:11:28 +0000] "POST /wp-cron.php?doing_wp_cron=1765656688.5857410430908203125000 HTTP/1.1" 200 31 "-" "WordPress/6.3.1; https://gsudice.dataconn.net"
170.106.110.146 - - [13/Dec/2025:20:11:28 +0000] "GET / HTTP/1.1" 200 115835 "-" "Mozilla/5.0 (iPhone; CPU iPhone OS 13_2_3 like Mac OS X) AppleWebKit/605.1.15 (KHTML, like Gecko) Version/13.0.3 Mobile/15E148 Safari/604.1"
66.135.21.75 - - [13/Dec/2025:20:20:20 +0000] "POST /wp-cron.php?doing_wp_cron=1765657220.8314089775085449218750 HTTP/1.1" 200 31 "-" "WordPress/6.3.1; https://gsudice.dataconn.net"
43.135.145.73 - - [13/Dec/2025:20:20:20 +0000] "GET /xmlrpc.php?rsd HTTP/1.1" 200 333 "-" "Mozilla/5.0 (iPhone; CPU iPhone OS 13_2_3 like Mac OS X) AppleWebKit/605.1.15 (KHTML, like Gecko) Version/13.0.3 Mobile/15E148 Safari/604.1"
66.135.21.75 - - [13/Dec/2025:20:29:18 +0000] "POST /wp-cron.php?doing_wp_cron=1765657758.6610538959503173828125 HTTP/1.1" 200 31 "-" "WordPress/6.3.1; https://gsudice.dataconn.net"
43.157.82.252 - - [13/Dec/2025:20:29:18 +0000] "GET /index.php?rest_route=%2Foembed%2F1.0%2Fembed&url=https%3A%2F%2Fgsudice.dataconn.net%2F HTTP/1.1" 200 1262 "-" "Mozilla/5.0 (iPhone; CPU iPhone OS 13_2_3 like Mac OS X) AppleWebKit/605.1.15 (KHTML, like Gecko) Version/13.0.3 Mobile/15E148 Safari/604.1"
66.135.21.75 - - [13/Dec/2025:20:40:33 +0000] "POST /wp-cron.php?doing_wp_cron=1765658432.9578011035919189453125 HTTP/1.1" 200 31 "-" "WordPress/6.3.1; https://gsudice.dataconn.net"
66.249.75.32 - - [13/Dec/2025:20:40:33 +0000] "GET /hello-world/ HTTP/1.1" 200 115835 "-" "Mozilla/5.0 (Linux; Android 6.0.1; Nexus 5X Build/MMB29P) AppleWebKit/537.36 (KHTML, like Gecko) Chrome/141.0.7390.122 Mobile Safari/537.36 (compatible; Googlebot/2.1; +http://www.google.com/bot.html)"
43.130.131.18 - - [13/Dec/2025:20:40:46 +0000] "GET /index.php?rest_route=/wp/v2/pages/20 HTTP/1.1" 200 3183 "-" "Mozilla/5.0 (iPhone; CPU iPhone OS 13_2_3 like Mac OS X) AppleWebKit/605.1.15 (KHTML, like Gecko) Version/13.0.3 Mobile/15E148 Safari/604.1"
66.135.21.75 - - [13/Dec/2025:20:47:18 +0000] "POST /wp-cron.php?doing_wp_cron=1765658838.7847070693969726562500 HTTP/1.1" 200 31 "-" "WordPress/6.3.1; https://gsudice.dataconn.net"
40.77.167.9 - - [13/Dec/2025:20:47:18 +0000] "GET /?page_id=182 HTTP/1.1" 200 45375 "-" "Mozilla/5.0 AppleWebKit/537.36 (KHTML, like Gecko; compatible; bingbot/2.0; +http://www.bing.com/bingbot.htm) Chrome/116.0.1938.76 Safari/537.36"
66.135.21.75 - - [13/Dec/2025:20:50:22 +0000] "POST /wp-cron.php?doing_wp_cron=1765659022.1019198894500732421875 HTTP/1.1" 200 31 "-" "WordPress/6.3.1; https://gsudice.dataconn.net"
43.159.138.217 - - [13/Dec/2025:20:50:22 +0000] "GET /index.php?rest_route=/wp/v2/pages/608 HTTP/1.1" 200 5325 "-" "Mozilla/5.0 (iPhone; CPU iPhone OS 13_2_3 like Mac OS X) AppleWebKit/605.1.15 (KHTML, like Gecko) Version/13.0.3 Mobile/15E148 Safari/604.1"
66.135.21.75 - - [13/Dec/2025:20:59:57 +0000] "POST /wp-cron.php?doing_wp_cron=1765659597.3815240859985351562500 HTTP/1.1" 200 31 "-" "WordPress/6.3.1; https://gsudice.dataconn.net"
43.156.109.53 - - [13/Dec/2025:20:59:57 +0000] "GET /?p=608 HTTP/1.1" 301 5 "-" "Mozilla/5.0 (iPhone; CPU iPhone OS 13_2_3 like Mac OS X) AppleWebKit/605.1.15 (KHTML, like Gecko) Version/13.0.3 Mobile/15E148 Safari/604.1"
66.135.21.75 - - [13/Dec/2025:20:59:59 +0000] "POST /wp-cron.php?doing_wp_cron=1765659599.9470319747924804687500 HTTP/1.1" 200 31 "-" "WordPress/6.3.1; https://gsudice.dataconn.net"
43.156.109.53 - - [13/Dec/2025:21:00:00 +0000] "GET /?page_id=608 HTTP/1.1" 200 21854 "https://gsudice.dataconn.net/?p=608" "Mozilla/5.0 (iPhone; CPU iPhone OS 13_2_3 like Mac OS X) AppleWebKit/605.1.15 (KHTML, like Gecko) Version/13.0.3 Mobile/15E148 Safari/604.1"
66.135.21.75 - - [13/Dec/2025:21:09:44 +0000] "POST /wp-cron.php?doing_wp_cron=1765660184.3901450634002685546875 HTTP/1.1" 200 31 "-" "WordPress/6.3.1; https://gsudice.dataconn.net"
129.226.93.214 - - [13/Dec/2025:21:09:44 +0000] "GET /index.php?rest_route=%2Foembed%2F1.0%2Fembed&url=https%3A%2F%2Fgsudice.dataconn.net%2F&format=xml HTTP/1.1" 200 1289 "-" "Mozilla/5.0 (iPhone; CPU iPhone OS 13_2_3 like Mac OS X) AppleWebKit/605.1.15 (KHTML, like Gecko) Version/13.0.3 Mobile/15E148 Safari/604.1"
66.135.21.75 - - [13/Dec/2025:21:19:43 +0000] "POST /wp-cron.php?doing_wp_cron=1765660783.8969221115112304687500 HTTP/1.1" 200 31 "-" "WordPress/6.3.1; https://gsudice.dataconn.net"
129.226.174.80 - - [13/Dec/2025:21:19:43 +0000] "GET /xmlrpc.php HTTP/1.1" 405 53 "-" "Mozilla/5.0 (iPhone; CPU iPhone OS 13_2_3 like Mac OS X) AppleWebKit/605.1.15 (KHTML, like Gecko) Version/13.0.3 Mobile/15E148 Safari/604.1"
66.135.21.75 - - [13/Dec/2025:21:28:30 +0000] "POST /wp-cron.php?doing_wp_cron=1765661310.0810320377349853515625 HTTP/1.1" 200 31 "-" "WordPress/6.3.1; https://gsudice.dataconn.net"
43.130.105.21 - - [13/Dec/2025:21:28:30 +0000] "GET /?page_id=608 HTTP/1.1" 200 21854 "-" "Mozilla/5.0 (iPhone; CPU iPhone OS 13_2_3 like Mac OS X) AppleWebKit/605.1.15 (KHTML, like Gecko) Version/13.0.3 Mobile/15E148 Safari/604.1"
66.135.21.75 - - [13/Dec/2025:21:41:05 +0000] "POST /wp-cron.php?doing_wp_cron=1765662065.7456929683685302734375 HTTP/1.1" 200 31 "-" "WordPress/6.3.1; https://gsudice.dataconn.net"
43.166.130.123 - - [13/Dec/2025:21:41:05 +0000] "GET /index.php?rest_route=%2Foembed%2F1.0%2Fembed&url=https%3A%2F%2Fgsudice.dataconn.net%2F%3Fpage_id%3D608 HTTP/1.1" 200 1275 "-" "Mozilla/5.0 (iPhone; CPU iPhone OS 13_2_3 like Mac OS X) AppleWebKit/605.1.15 (KHTML, like Gecko) Version/13.0.3 Mobile/15E148 Safari/604.1"
66.135.21.75 - - [13/Dec/2025:21:49:30 +0000] "POST /wp-cron.php?doing_wp_cron=1765662570.3080499172210693359375 HTTP/1.1" 200 31 "-" "WordPress/6.3.1; https://gsudice.dataconn.net"
162.62.213.187 - - [13/Dec/2025:21:49:30 +0000] "GET /index.php?rest_route=%2Foembed%2F1.0%2Fembed&url=https%3A%2F%2Fgsudice.dataconn.net%2F%3Fpage_id%3D608&format=xml HTTP/1.1" 200 1301 "-" "Mozilla/5.0 (iPhone; CPU iPhone OS 13_2_3 like Mac OS X) AppleWebKit/605.1.15 (KHTML, like Gecko) Version/13.0.3 Mobile/15E148 Safari/604.1"
66.135.21.75 - - [13/Dec/2025:21:49:30 +0000] "GET / HTTP/1.1" 200 115835 "-" "WordPress/6.3.1; https://gsudice.dataconn.net"
170.106.192.208 - - [13/Dec/2025:22:00:27 +0000] "GET /?embed=true HTTP/1.1" 200 7495 "-" "Mozilla/5.0 (iPhone; CPU iPhone OS 13_2_3 like Mac OS X) AppleWebKit/605.1.15 (KHTML, like Gecko) Version/13.0.3 Mobile/15E148 Safari/604.1"
66.135.21.75 - - [13/Dec/2025:22:38:33 +0000] "POST /wp-cron.php?doing_wp_cron=1765665513.5705668926239013671875 HTTP/1.1" 200 31 "-" "WordPress/6.3.1; https://gsudice.dataconn.net"
66.249.75.32 - - [13/Dec/2025:22:38:33 +0000] "GET /my.counter HTTP/1.1" 301 5 "-" "Mozilla/5.0 (Linux; Android 6.0.1; Nexus 5X Build/MMB29P) AppleWebKit/537.36 (KHTML, like Gecko) Chrome/141.0.7390.122 Mobile Safari/537.36 (compatible; Googlebot/2.1; +http://www.google.com/bot.html)"
66.249.75.33 - - [13/Dec/2025:22:38:34 +0000] "GET /my.counter/ HTTP/1.1" 200 115835 "-" "Mozilla/5.0 (Linux; Android 6.0.1; Nexus 5X Build/MMB29P) AppleWebKit/537.36 (KHTML, like Gecko) Chrome/141.0.7390.122 Mobile Safari/537.36 (compatible; Googlebot/2.1; +http://www.google.com/bot.html)"
66.135.21.75 - - [13/Dec/2025:22:59:46 +0000] "POST /wp-cron.php?doing_wp_cron=1765666786.1939020156860351562500 HTTP/1.1" 200 31 "-" "WordPress/6.3.1; https://gsudice.dataconn.net"
13.223.81.121 - - [13/Dec/2025:22:59:46 +0000] "HEAD / HTTP/1.1" 200 0 "https://geosciences.gsu.edu" "blackboardally"
66.135.21.75 - - [13/Dec/2025:23:00:02 +0000] "POST /wp-cron.php?doing_wp_cron=1765666802.2591218948364257812500 HTTP/1.1" 200 31 "-" "WordPress/6.3.1; https://gsudice.dataconn.net"
13.223.81.121 - - [13/Dec/2025:23:00:02 +0000] "HEAD /robots.txt HTTP/1.1" 301 0 "-" "blackboardally"
13.223.81.121 - - [13/Dec/2025:23:00:02 +0000] "HEAD /robots.txt/ HTTP/1.1" 200 0 "-" "blackboardally"
13.223.81.121 - - [13/Dec/2025:23:00:02 +0000] "GET /robots.txt HTTP/1.1" 301 5 "-" "blackboardally"
13.223.81.121 - - [13/Dec/2025:23:00:02 +0000] "GET /robots.txt/ HTTP/1.1" 200 115835 "-" "blackboardally"