HEX
Server: nginx/1.24.0
System: Linux webserver 6.8.0-87-generic #88-Ubuntu SMP PREEMPT_DYNAMIC Sat Oct 11 09:28:41 UTC 2025 x86_64
User: wpuser (1002)
PHP: 8.3.6
Disabled: NONE
Upload Files
File: //var/log/nginx/gsudice.dataconn.net.access.log
66.135.21.75 - - [14/Dec/2025:00:26:01 +0000] "POST /wp-cron.php?doing_wp_cron=1765671961.6467790603637695312500 HTTP/1.1" 200 31 "-" "WordPress/6.3.1; https://gsudice.dataconn.net"
74.7.241.177 - - [14/Dec/2025:00:26:01 +0000] "GET /robots.txt HTTP/1.1" 301 5 "-" "Mozilla/5.0 (Macintosh; Intel Mac OS X 10_15_7) AppleWebKit/537.36 (KHTML, like Gecko) Chrome/131.0.0.0 Safari/537.36; compatible; OAI-SearchBot/1.3; robots.txt; +https://openai.com/searchbot"
74.7.241.177 - - [14/Dec/2025:00:26:01 +0000] "GET /robots.txt/ HTTP/1.1" 200 115835 "https://gsudice.dataconn.net/robots.txt" "Mozilla/5.0 (Macintosh; Intel Mac OS X 10_15_7) AppleWebKit/537.36 (KHTML, like Gecko) Chrome/131.0.0.0 Safari/537.36; compatible; OAI-SearchBot/1.3; robots.txt; +https://openai.com/searchbot"
66.135.21.75 - - [14/Dec/2025:01:00:44 +0000] "POST /wp-cron.php?doing_wp_cron=1765674044.3722538948059082031250 HTTP/1.1" 200 31 "-" "WordPress/6.3.1; https://gsudice.dataconn.net"
161.35.194.47 - - [14/Dec/2025:01:00:44 +0000] "GET / HTTP/1.1" 200 115835 "-" "Mozilla/5.0 (X11; Linux x86_64) AppleWebKit/537.36 (KHTML, like Gecko) Chrome/142.0.0.0 Safari/537.36"
66.135.21.75 - - [14/Dec/2025:01:31:32 +0000] "POST /wp-cron.php?doing_wp_cron=1765675892.7722489833831787109375 HTTP/1.1" 200 31 "-" "WordPress/6.3.1; https://gsudice.dataconn.net"
148.178.75.100 - - [14/Dec/2025:01:31:32 +0000] "GET / HTTP/1.1" 200 115835 "-" "Mozilla/5.0 (Macintosh; Intel Mac OS X 10_15_7) AppleWebKit/537.36 (KHTML, like Gecko) Chrome/138.0.0.0 Safari/537.36"
148.178.86.188 - - [14/Dec/2025:01:31:34 +0000] "GET / HTTP/1.1" 200 115835 "-" "Mozilla/5.0 (Macintosh; Intel Mac OS X 10_15_7) AppleWebKit/537.36 (KHTML, like Gecko) Chrome/138.0.0.0 Safari/537.36"
66.135.21.75 - - [14/Dec/2025:02:10:13 +0000] "POST /wp-cron.php?doing_wp_cron=1765678213.1975018978118896484375 HTTP/1.1" 200 31 "-" "WordPress/6.3.1; https://gsudice.dataconn.net"
74.7.228.2 - - [14/Dec/2025:02:10:13 +0000] "GET /robots.txt HTTP/1.1" 301 5 "-" "Mozilla/5.0 (Macintosh; Intel Mac OS X 10_15_7) AppleWebKit/537.36 (KHTML, like Gecko) Chrome/131.0.0.0 Safari/537.36; compatible; OAI-SearchBot/1.3; robots.txt; +https://openai.com/searchbot"
74.7.228.2 - - [14/Dec/2025:02:10:13 +0000] "GET /robots.txt/ HTTP/1.1" 200 115835 "https://gsudice.dataconn.net/robots.txt" "Mozilla/5.0 (Macintosh; Intel Mac OS X 10_15_7) AppleWebKit/537.36 (KHTML, like Gecko) Chrome/131.0.0.0 Safari/537.36; compatible; OAI-SearchBot/1.3; robots.txt; +https://openai.com/searchbot"
66.135.21.75 - - [14/Dec/2025:02:19:30 +0000] "POST /wp-cron.php?doing_wp_cron=1765678770.6672940254211425781250 HTTP/1.1" 200 31 "-" "WordPress/6.3.1; https://gsudice.dataconn.net"
100.30.248.17 - - [14/Dec/2025:02:19:30 +0000] "GET / HTTP/1.1" 200 115835 "-" "Mozilla/5.0 (Windows NT 10.0; Win64; x64) AppleWebKit/537.36 (KHTML, like Gecko) Chrome/139.0.0.0 Safari/537.36 Edg/139.0.0.0"
66.135.21.75 - - [14/Dec/2025:02:32:06 +0000] "POST /wp-cron.php?doing_wp_cron=1765679526.9290649890899658203125 HTTP/1.1" 200 31 "-" "WordPress/6.3.1; https://gsudice.dataconn.net"
162.62.132.25 - - [14/Dec/2025:02:32:07 +0000] "GET / HTTP/1.1" 200 115835 "http://gsudice.dataconn.net" "Mozilla/5.0 (iPhone; CPU iPhone OS 13_2_3 like Mac OS X) AppleWebKit/605.1.15 (KHTML, like Gecko) Version/13.0.3 Mobile/15E148 Safari/604.1"
66.135.21.75 - - [14/Dec/2025:02:35:46 +0000] "POST /wp-cron.php?doing_wp_cron=1765679746.4474489688873291015625 HTTP/1.1" 200 31 "-" "WordPress/6.3.1; https://gsudice.dataconn.net"
35.160.79.132 - - [14/Dec/2025:02:35:46 +0000] "GET /robots.txt HTTP/1.1" 301 5 "-" "SlaccaleBot"
35.160.79.132 - - [14/Dec/2025:02:35:46 +0000] "GET /robots.txt/ HTTP/1.1" 200 115835 "-" "SlaccaleBot"
66.135.21.75 - - [14/Dec/2025:04:50:45 +0000] "POST /wp-cron.php?doing_wp_cron=1765687845.1740369796752929687500 HTTP/1.1" 200 31 "-" "WordPress/6.3.1; https://gsudice.dataconn.net"
114.119.143.103 - - [14/Dec/2025:04:50:45 +0000] "GET /?page_id=449 HTTP/1.1" 200 18018 "-" "Mozilla/5.0 (Linux; Android 7.0;) AppleWebKit/537.36 (KHTML, like Gecko) Mobile Safari/537.36 (compatible; PetalBot;+https://webmaster.petalsearch.com/site/petalbot)"
66.135.21.75 - - [14/Dec/2025:04:52:47 +0000] "POST /wp-cron.php?doing_wp_cron=1765687967.4609711170196533203125 HTTP/1.1" 200 31 "-" "WordPress/6.3.1; https://gsudice.dataconn.net"
114.119.147.116 - - [14/Dec/2025:04:52:47 +0000] "GET / HTTP/1.1" 200 115835 "-" "Mozilla/5.0 (Linux; Android 7.0;) AppleWebKit/537.36 (KHTML, like Gecko) Mobile Safari/537.36 (compatible; PetalBot;+https://webmaster.petalsearch.com/site/petalbot)"
66.135.21.75 - - [14/Dec/2025:05:28:33 +0000] "POST /wp-cron.php?doing_wp_cron=1765690113.4643800258636474609375 HTTP/1.1" 200 31 "-" "WordPress/6.3.1; https://gsudice.dataconn.net"
74.7.241.146 - - [14/Dec/2025:05:28:33 +0000] "GET /robots.txt HTTP/1.1" 301 5 "-" "Mozilla/5.0 (Macintosh; Intel Mac OS X 10_15_7) AppleWebKit/537.36 (KHTML, like Gecko) Chrome/131.0.0.0 Safari/537.36; compatible; OAI-SearchBot/1.3; robots.txt; +https://openai.com/searchbot"
74.7.241.146 - - [14/Dec/2025:05:28:33 +0000] "GET /robots.txt/ HTTP/1.1" 200 115835 "https://gsudice.dataconn.net/robots.txt" "Mozilla/5.0 (Macintosh; Intel Mac OS X 10_15_7) AppleWebKit/537.36 (KHTML, like Gecko) Chrome/131.0.0.0 Safari/537.36; compatible; OAI-SearchBot/1.3; robots.txt; +https://openai.com/searchbot"
66.135.21.75 - - [14/Dec/2025:05:44:56 +0000] "POST /wp-cron.php?doing_wp_cron=1765691096.8247199058532714843750 HTTP/1.1" 200 31 "-" "WordPress/6.3.1; https://gsudice.dataconn.net"
45.148.10.238 - - [14/Dec/2025:05:44:56 +0000] "GET /.git/config HTTP/1.1" 301 5 "-" "Mozilla/5.0 (Macintosh; Intel Mac OS X 14_7_3) AppleWebKit/605.1.15 (KHTML, like Gecko) Version/18.4 Safari/605.1.15"
66.135.21.75 - - [14/Dec/2025:05:48:10 +0000] "POST /wp-cron.php?doing_wp_cron=1765691289.9729940891265869140625 HTTP/1.1" 200 31 "-" "WordPress/6.3.1; https://gsudice.dataconn.net"
52.167.144.167 - - [14/Dec/2025:05:48:10 +0000] "GET /?page_id=126 HTTP/1.1" 200 23321 "-" "Mozilla/5.0 AppleWebKit/537.36 (KHTML, like Gecko; compatible; bingbot/2.0; +http://www.bing.com/bingbot.htm) Chrome/116.0.1938.76 Safari/537.36"
66.135.21.75 - - [14/Dec/2025:05:55:26 +0000] "POST /wp-cron.php?doing_wp_cron=1765691726.8820021152496337890625 HTTP/1.1" 200 31 "-" "WordPress/6.3.1; https://gsudice.dataconn.net"
45.82.78.109 - - [14/Dec/2025:05:55:26 +0000] "GET / HTTP/1.1" 200 115835 "-" "Mozilla/5.0 (Windows NT 10.0; Win64; x64) AppleWebKit/537.36 (KHTML, like Gecko) Chrome/135.0.0.0 Safari/537.36"
66.135.21.75 - - [14/Dec/2025:06:02:20 +0000] "POST /wp-cron.php?doing_wp_cron=1765692140.3730280399322509765625 HTTP/1.1" 200 31 "-" "WordPress/6.3.1; https://gsudice.dataconn.net"
172.203.190.142 - - [14/Dec/2025:06:02:20 +0000] "GET /robots.txt HTTP/1.1" 301 5 "-" "Mozilla/5.0 (Macintosh; Intel Mac OS X 10_15_7) AppleWebKit/537.36 (KHTML, like Gecko) Chrome/131.0.0.0 Safari/537.36; compatible; OAI-SearchBot/1.0; +https://openai.com/searchbot"
172.203.190.142 - - [14/Dec/2025:06:02:21 +0000] "GET /robots.txt/ HTTP/1.1" 200 115835 "-" "Mozilla/5.0 (Macintosh; Intel Mac OS X 10_15_7) AppleWebKit/537.36 (KHTML, like Gecko) Chrome/131.0.0.0 Safari/537.36; compatible; OAI-SearchBot/1.0; +https://openai.com/searchbot"
66.135.21.75 - - [14/Dec/2025:07:00:01 +0000] "POST /wp-cron.php?doing_wp_cron=1765695601.3313639163970947265625 HTTP/1.1" 200 31 "-" "WordPress/6.3.1; https://gsudice.dataconn.net"
173.252.70.31 - - [14/Dec/2025:07:00:01 +0000] "GET /robots.txt HTTP/1.1" 301 5 "-" "facebookexternalhit/1.1 (+http://www.facebook.com/externalhit_uatext.php)"
173.252.70.31 - - [14/Dec/2025:07:00:02 +0000] "GET /robots.txt/ HTTP/1.1" 200 356549 "-" "facebookexternalhit/1.1 (+http://www.facebook.com/externalhit_uatext.php)"
66.135.21.75 - - [14/Dec/2025:08:04:33 +0000] "POST /wp-cron.php?doing_wp_cron=1765699473.7029380798339843750000 HTTP/1.1" 200 31 "-" "WordPress/6.3.1; https://gsudice.dataconn.net"
66.249.75.32 - - [14/Dec/2025:08:04:33 +0000] "GET /?page_id=126 HTTP/1.1" 200 23321 "-" "Mozilla/5.0 (Linux; Android 6.0.1; Nexus 5X Build/MMB29P) AppleWebKit/537.36 (KHTML, like Gecko) Chrome/141.0.7390.122 Mobile Safari/537.36 (compatible; Googlebot/2.1; +http://www.google.com/bot.html)"
66.135.21.75 - - [14/Dec/2025:08:06:05 +0000] "POST /wp-cron.php?doing_wp_cron=1765699565.8827190399169921875000 HTTP/1.1" 200 31 "-" "WordPress/6.3.1; https://gsudice.dataconn.net"
66.249.75.32 - - [14/Dec/2025:08:06:06 +0000] "GET /?page_id=185 HTTP/1.1" 200 18119 "-" "Mozilla/5.0 (Linux; Android 6.0.1; Nexus 5X Build/MMB29P) AppleWebKit/537.36 (KHTML, like Gecko) Chrome/141.0.7390.122 Mobile Safari/537.36 (compatible; Googlebot/2.1; +http://www.google.com/bot.html)"
66.249.75.33 - - [14/Dec/2025:08:06:09 +0000] "GET /?page_id=608 HTTP/1.1" 200 21854 "-" "Mozilla/5.0 (Linux; Android 6.0.1; Nexus 5X Build/MMB29P) AppleWebKit/537.36 (KHTML, like Gecko) Chrome/141.0.7390.122 Mobile Safari/537.36 (compatible; Googlebot/2.1; +http://www.google.com/bot.html)"
66.135.21.75 - - [14/Dec/2025:08:07:28 +0000] "POST /wp-cron.php?doing_wp_cron=1765699648.9381680488586425781250 HTTP/1.1" 200 31 "-" "WordPress/6.3.1; https://gsudice.dataconn.net"
66.249.75.32 - - [14/Dec/2025:08:07:28 +0000] "GET /?feed=rss2 HTTP/1.1" 200 1192 "-" "Mozilla/5.0 (Linux; Android 6.0.1; Nexus 5X Build/MMB29P) AppleWebKit/537.36 (KHTML, like Gecko) Chrome/141.0.7390.122 Mobile Safari/537.36 (compatible; Googlebot/2.1; +http://www.google.com/bot.html)"
66.135.21.75 - - [14/Dec/2025:08:15:33 +0000] "POST /wp-cron.php?doing_wp_cron=1765700133.3056359291076660156250 HTTP/1.1" 200 31 "-" "WordPress/6.3.1; https://gsudice.dataconn.net"
66.249.75.33 - - [14/Dec/2025:08:15:33 +0000] "GET /?feed=comments-rss2 HTTP/1.1" 200 783 "-" "Mozilla/5.0 (Linux; Android 6.0.1; Nexus 5X Build/MMB29P) AppleWebKit/537.36 (KHTML, like Gecko) Chrome/141.0.7390.122 Mobile Safari/537.36 (compatible; Googlebot/2.1; +http://www.google.com/bot.html)"
66.135.21.75 - - [14/Dec/2025:08:58:27 +0000] "POST /wp-cron.php?doing_wp_cron=1765702707.2400810718536376953125 HTTP/1.1" 200 31 "-" "WordPress/6.3.1; https://gsudice.dataconn.net"
114.119.143.114 - - [14/Dec/2025:08:58:27 +0000] "GET /?page_id=608 HTTP/1.1" 200 21854 "https://gsudice.dataconn.net/?page_id=449" "Mozilla/5.0 (Linux; Android 7.0;) AppleWebKit/537.36 (KHTML, like Gecko) Mobile Safari/537.36 (compatible; PetalBot;+https://webmaster.petalsearch.com/site/petalbot)"
66.135.21.75 - - [14/Dec/2025:09:12:29 +0000] "POST /wp-cron.php?doing_wp_cron=1765703549.0895400047302246093750 HTTP/1.1" 200 31 "-" "WordPress/6.3.1; https://gsudice.dataconn.net"
74.7.244.54 - - [14/Dec/2025:09:12:29 +0000] "GET /robots.txt HTTP/1.1" 301 5 "-" "Mozilla/5.0 (Macintosh; Intel Mac OS X 10_15_7) AppleWebKit/537.36 (KHTML, like Gecko) Chrome/131.0.0.0 Safari/537.36; compatible; OAI-SearchBot/1.3; robots.txt; +https://openai.com/searchbot"
74.7.244.54 - - [14/Dec/2025:09:12:29 +0000] "GET /robots.txt/ HTTP/1.1" 200 115835 "https://gsudice.dataconn.net/robots.txt" "Mozilla/5.0 (Macintosh; Intel Mac OS X 10_15_7) AppleWebKit/537.36 (KHTML, like Gecko) Chrome/131.0.0.0 Safari/537.36; compatible; OAI-SearchBot/1.3; robots.txt; +https://openai.com/searchbot"
66.135.21.75 - - [14/Dec/2025:09:15:07 +0000] "POST /wp-cron.php?doing_wp_cron=1765703707.6285700798034667968750 HTTP/1.1" 200 31 "-" "WordPress/6.3.1; https://gsudice.dataconn.net"
104.210.140.132 - - [14/Dec/2025:09:15:07 +0000] "GET /robots.txt HTTP/1.1" 301 5 "-" "Mozilla/5.0 (Macintosh; Intel Mac OS X 10_15_7) AppleWebKit/537.36 (KHTML, like Gecko) Chrome/131.0.0.0 Safari/537.36; compatible; OAI-SearchBot/1.0; +https://openai.com/searchbot"
104.210.140.132 - - [14/Dec/2025:09:15:07 +0000] "GET /robots.txt/ HTTP/1.1" 200 115835 "-" "Mozilla/5.0 (Macintosh; Intel Mac OS X 10_15_7) AppleWebKit/537.36 (KHTML, like Gecko) Chrome/131.0.0.0 Safari/537.36; compatible; OAI-SearchBot/1.0; +https://openai.com/searchbot"
66.135.21.75 - - [14/Dec/2025:09:18:39 +0000] "POST /wp-cron.php?doing_wp_cron=1765703919.6733279228210449218750 HTTP/1.1" 200 31 "-" "WordPress/6.3.1; https://gsudice.dataconn.net"
43.135.140.225 - - [14/Dec/2025:09:18:39 +0000] "GET / HTTP/1.1" 200 115835 "http://gsudice.dataconn.net" "Mozilla/5.0 (iPhone; CPU iPhone OS 13_2_3 like Mac OS X) AppleWebKit/605.1.15 (KHTML, like Gecko) Version/13.0.3 Mobile/15E148 Safari/604.1"
66.135.21.75 - - [14/Dec/2025:09:28:24 +0000] "POST /wp-cron.php?doing_wp_cron=1765704504.6578330993652343750000 HTTP/1.1" 200 31 "-" "WordPress/6.3.1; https://gsudice.dataconn.net"
176.53.223.76 - - [14/Dec/2025:09:28:24 +0000] "GET / HTTP/1.1" 200 115835 "-" "Mozilla/5.0 (Windows NT 10.0; Win64; x64) AppleWebKit/537.36 (KHTML, like Gecko) Chrome/94.0.4606.61 Safari/537.36"
66.135.21.75 - - [14/Dec/2025:09:36:51 +0000] "POST /wp-cron.php?doing_wp_cron=1765705011.3297019004821777343750 HTTP/1.1" 200 31 "-" "WordPress/6.3.1; https://gsudice.dataconn.net"
149.100.186.197 - - [14/Dec/2025:09:36:51 +0000] "HEAD / HTTP/1.1" 200 0 "-" "Mozilla/5.0 (Windows NT 10.0; Win64; x64) AppleWebKit/537.36 (KHTML, like Gecko) Chrome/134.0.6998.35/36 Safari/537.36"
65.87.7.112 - - [14/Dec/2025:09:36:58 +0000] "HEAD / HTTP/1.1" 200 0 "http://gsudice.dataconn.net" "Mozilla/5.0 (compatible; Let's Encrypt validation server; +https://www.letsencrypt.org)"
195.123.244.84 - - [14/Dec/2025:09:36:58 +0000] "HEAD / HTTP/1.1" 200 0 "http://gsudice.dataconn.net" "Mozilla/5.0 (X11; Linux x86_64) AppleWebKit/537.36 (KHTML, like Gecko) Chrome/91.0.4472.124 Safari/537.36"
65.87.7.112 - - [14/Dec/2025:09:36:58 +0000] "GET / HTTP/1.1" 200 356471 "http://gsudice.dataconn.net" "Mozilla/5.0 (compatible; Let's Encrypt validation server; +https://www.letsencrypt.org)"
66.135.21.75 - - [14/Dec/2025:09:36:59 +0000] "POST /wp-cron.php?doing_wp_cron=1765705019.3062698841094970703125 HTTP/1.1" 200 31 "-" "WordPress/6.3.1; https://gsudice.dataconn.net"
195.123.244.84 - - [14/Dec/2025:09:36:59 +0000] "GET / HTTP/1.1" 200 115835 "http://gsudice.dataconn.net" "Mozilla/5.0 (Macintosh; Intel Mac OS X 10_15_7) AppleWebKit/537.36 (KHTML, like Gecko) Chrome/120.0.0.0 Safari/537.36"
65.87.7.112 - - [14/Dec/2025:09:36:59 +0000] "HEAD /_next HTTP/1.1" 301 0 "http://gsudice.dataconn.net/_next" "Mozilla/5.0 (compatible; Let's Encrypt validation server; +https://www.letsencrypt.org)"
66.135.21.75 - - [14/Dec/2025:09:37:57 +0000] "POST /wp-cron.php?doing_wp_cron=1765705077.4274690151214599609375 HTTP/1.1" 200 31 "-" "WordPress/6.3.1; https://gsudice.dataconn.net"
65.87.7.112 - - [14/Dec/2025:09:37:57 +0000] "HEAD / HTTP/1.1" 200 0 "http://gsudice.dataconn.net" "Mozilla/5.0 (compatible; Let's Encrypt validation server; +https://www.letsencrypt.org)"
65.87.7.112 - - [14/Dec/2025:09:37:58 +0000] "GET / HTTP/1.1" 200 356471 "http://gsudice.dataconn.net" "Mozilla/5.0 (compatible; Let's Encrypt validation server; +https://www.letsencrypt.org)"
66.135.21.75 - - [14/Dec/2025:09:37:59 +0000] "POST /wp-cron.php?doing_wp_cron=1765705079.2180008888244628906250 HTTP/1.1" 200 31 "-" "WordPress/6.3.1; https://gsudice.dataconn.net"
65.87.7.112 - - [14/Dec/2025:09:37:59 +0000] "HEAD /_next HTTP/1.1" 301 0 "http://gsudice.dataconn.net/_next" "Mozilla/5.0 (compatible; Let's Encrypt validation server; +https://www.letsencrypt.org)"
66.135.21.75 - - [14/Dec/2025:10:32:58 +0000] "POST /wp-cron.php?doing_wp_cron=1765708378.1615710258483886718750 HTTP/1.1" 200 31 "-" "WordPress/6.3.1; https://gsudice.dataconn.net"
5.161.52.229 - - [14/Dec/2025:10:32:58 +0000] "GET /?page_id=185 HTTP/1.1" 200 18119 "-" "Mozilla/5.0 (Windows NT 10.0; Win64; x64) AppleWebKit/537.36 (KHTML, like Gecko) Chrome/84.0.4147.105 Safari/537.36"
66.135.21.75 - - [14/Dec/2025:10:32:58 +0000] "GET / HTTP/1.1" 200 115835 "-" "WordPress/6.3.1; https://gsudice.dataconn.net"
66.135.21.75 - - [14/Dec/2025:10:34:54 +0000] "POST /wp-cron.php?doing_wp_cron=1765708494.5025880336761474609375 HTTP/1.1" 200 31 "-" "WordPress/6.3.1; https://gsudice.dataconn.net"
74.7.244.54 - - [14/Dec/2025:10:34:54 +0000] "GET /robots.txt HTTP/1.1" 301 5 "-" "Mozilla/5.0 (Macintosh; Intel Mac OS X 10_15_7) AppleWebKit/537.36 (KHTML, like Gecko) Chrome/131.0.0.0 Safari/537.36; compatible; OAI-SearchBot/1.3; robots.txt; +https://openai.com/searchbot"
74.7.244.54 - - [14/Dec/2025:10:34:54 +0000] "GET /robots.txt/ HTTP/1.1" 200 115835 "https://gsudice.dataconn.net/robots.txt" "Mozilla/5.0 (Macintosh; Intel Mac OS X 10_15_7) AppleWebKit/537.36 (KHTML, like Gecko) Chrome/131.0.0.0 Safari/537.36; compatible; OAI-SearchBot/1.3; robots.txt; +https://openai.com/searchbot"
66.135.21.75 - - [14/Dec/2025:10:41:21 +0000] "POST /wp-cron.php?doing_wp_cron=1765708881.9232029914855957031250 HTTP/1.1" 200 31 "-" "WordPress/6.3.1; https://gsudice.dataconn.net"
114.119.140.237 - - [14/Dec/2025:10:41:21 +0000] "GET /wp-admin/ HTTP/1.1" 302 5 "https://gsudice.dataconn.net/" "Mozilla/5.0 (Linux; Android 7.0;) AppleWebKit/537.36 (KHTML, like Gecko) Mobile Safari/537.36 (compatible; PetalBot;+https://webmaster.petalsearch.com/site/petalbot)"
114.119.140.237 - - [14/Dec/2025:10:41:22 +0000] "GET /wp-login.php?redirect_to=https://gsudice.dataconn.net/wp-admin/&reauth=1 HTTP/1.1" 200 2168 "https://gsudice.dataconn.net/" "Mozilla/5.0 (Linux; Android 7.0;) AppleWebKit/537.36 (KHTML, like Gecko) Mobile Safari/537.36 (compatible; PetalBot;+https://webmaster.petalsearch.com/site/petalbot)"
66.135.21.75 - - [14/Dec/2025:10:43:52 +0000] "POST /wp-cron.php?doing_wp_cron=1765709032.9114649295806884765625 HTTP/1.1" 200 31 "-" "WordPress/6.3.1; https://gsudice.dataconn.net"
65.87.7.112 - - [14/Dec/2025:10:43:52 +0000] "HEAD / HTTP/1.1" 200 0 "http://gsudice.dataconn.net" "Mozilla/5.0 (compatible; Let's Encrypt validation server; +https://www.letsencrypt.org)"
65.87.7.112 - - [14/Dec/2025:10:43:52 +0000] "HEAD / HTTP/1.1" 200 0 "http://gsudice.dataconn.net" "Mozilla/5.0 (compatible; Let's Encrypt validation server; +https://www.letsencrypt.org)"
65.87.7.112 - - [14/Dec/2025:10:43:53 +0000] "GET / HTTP/1.1" 200 356471 "http://gsudice.dataconn.net" "Mozilla/5.0 (compatible; Let's Encrypt validation server; +https://www.letsencrypt.org)"
65.87.7.112 - - [14/Dec/2025:10:43:53 +0000] "GET / HTTP/1.1" 200 356463 "http://gsudice.dataconn.net" "Mozilla/5.0 (compatible; Let's Encrypt validation server; +https://www.letsencrypt.org)"
65.87.7.112 - - [14/Dec/2025:10:43:54 +0000] "HEAD /_next HTTP/1.1" 301 0 "http://gsudice.dataconn.net/_next" "Mozilla/5.0 (compatible; Let's Encrypt validation server; +https://www.letsencrypt.org)"
65.87.7.112 - - [14/Dec/2025:10:43:54 +0000] "HEAD /_next HTTP/1.1" 301 0 "http://gsudice.dataconn.net/_next" "Mozilla/5.0 (compatible; Let's Encrypt validation server; +https://www.letsencrypt.org)"
66.135.21.75 - - [14/Dec/2025:12:27:44 +0000] "POST /wp-cron.php?doing_wp_cron=1765715264.0918118953704833984375 HTTP/1.1" 200 31 "-" "WordPress/6.3.1; https://gsudice.dataconn.net"
162.216.149.44 - - [14/Dec/2025:12:27:44 +0000] "GET //gsudice.dataconn.net HTTP/1.1" 301 5 "-" "Hello from Palo Alto Networks, find out more about our scans in https://docs-cortex.paloaltonetworks.com/r/1/Cortex-Xpanse/Scanning-activity"
162.216.149.44 - - [14/Dec/2025:12:27:44 +0000] "GET /gsudice.dataconn.net/ HTTP/1.1" 200 356471 "-" "Hello from Palo Alto Networks, find out more about our scans in https://docs-cortex.paloaltonetworks.com/r/1/Cortex-Xpanse/Scanning-activity"
66.135.21.75 - - [14/Dec/2025:13:01:38 +0000] "POST /wp-cron.php?doing_wp_cron=1765717298.8192169666290283203125 HTTP/1.1" 200 31 "-" "WordPress/6.3.1; https://gsudice.dataconn.net"
74.7.244.54 - - [14/Dec/2025:13:01:38 +0000] "GET /robots.txt HTTP/1.1" 301 5 "-" "Mozilla/5.0 (Macintosh; Intel Mac OS X 10_15_7) AppleWebKit/537.36 (KHTML, like Gecko) Chrome/131.0.0.0 Safari/537.36; compatible; OAI-SearchBot/1.3; robots.txt; +https://openai.com/searchbot"
74.7.244.54 - - [14/Dec/2025:13:01:39 +0000] "GET /robots.txt/ HTTP/1.1" 200 115835 "https://gsudice.dataconn.net/robots.txt" "Mozilla/5.0 (Macintosh; Intel Mac OS X 10_15_7) AppleWebKit/537.36 (KHTML, like Gecko) Chrome/131.0.0.0 Safari/537.36; compatible; OAI-SearchBot/1.3; robots.txt; +https://openai.com/searchbot"
198.44.138.89 - - [14/Dec/2025:13:01:47 +0000] "GET / HTTP/1.1" 200 356456 "-" "Mozilla/5.0 (Windows NT 10.0; Win64; x64) AppleWebKit/537.36 (KHTML, like Gecko) Chrome/131.0.0.0 Safari/537.36 Edg/131.0.0.0"