66.249.77.98 - - [13/Dec/2025:05:48:42 +0000] "GET /robots.txt HTTP/1.1" 502 166 "-" "Mozilla/5.0 (compatible; Googlebot/2.1; +http://www.google.com/bot.html)"
185.191.171.16 - - [13/Dec/2025:05:48:54 +0000] "GET /?p=49473 HTTP/1.1" 502 166 "-" "Mozilla/5.0 (compatible; SemrushBot/7~bl; +http://www.semrush.com/bot.html)"
57.141.0.37 - - [13/Dec/2025:05:49:17 +0000] "GET /2025/03/07/page/6/?fileloc=//sys/class/pci_bus/0000:05/subsystem/0000:06/device/driver/0000:00:02.1/driver/0000:00:02.3/pci_bus/0000:05/power/runtime_suspended_time&path=//sys/class/pci_bus/0000:05/subsystem/0000:06/device/driver/0000:00:02.1/driver/0000:00:02.3/pci_bus/0000:05/power HTTP/1.1" 502 166 "-" "meta-externalagent/1.1 (+https://developers.facebook.com/docs/sharing/webmasters/crawler)"
66.249.77.98 - - [13/Dec/2025:05:49:53 +0000] "GET /robots.txt HTTP/1.1" 502 166 "-" "Mozilla/5.0 (compatible; Googlebot/2.1; +http://www.google.com/bot.html)"
185.191.171.8 - - [13/Dec/2025:05:49:55 +0000] "GET /?p=24330 HTTP/1.1" 502 166 "-" "Mozilla/5.0 (compatible; SemrushBot/7~bl; +http://www.semrush.com/bot.html)"
57.141.0.54 - - [13/Dec/2025:05:50:23 +0000] "GET /best-online-slots-us-march-2025-play-at-the-real-money-position-sites/ HTTP/1.1" 502 166 "-" "meta-externalagent/1.1 (+https://developers.facebook.com/docs/sharing/webmasters/crawler)"
40.77.167.132 - - [13/Dec/2025:05:50:48 +0000] "GET /usm_0.66_1.00_0.01/?path=/proc/thread-self/root/sbin.usr-is-merged HTTP/1.1" 502 568 "-" "Mozilla/5.0 AppleWebKit/537.36 (KHTML, like Gecko; compatible; bingbot/2.0; +http://www.bing.com/bingbot.htm) Chrome/116.0.1938.76 Safari/537.36"
85.208.96.206 - - [13/Dec/2025:05:50:56 +0000] "GET /?p=13711 HTTP/1.1" 502 166 "-" "Mozilla/5.0 (compatible; SemrushBot/7~bl; +http://www.semrush.com/bot.html)"
66.249.77.98 - - [13/Dec/2025:05:51:00 +0000] "GET /robots.txt HTTP/1.1" 502 166 "-" "Mozilla/5.0 (compatible; Googlebot/2.1; +http://www.google.com/bot.html)"
57.141.0.71 - - [13/Dec/2025:05:51:31 +0000] "GET /karamba-spielsaal-erfahrungen-angeschlossen-testbericht-werfen-sie-einen-blick-auf-den-link-within-2025-pro-teutonia/?path=//sys/class/pci_bus/0000:0e/subsystem/0000:04/subsystem/0000:11/subsystem/0000:08/subsystem/0000:0e/subsystem HTTP/1.1" 502 166 "-" "meta-externalagent/1.1 (+https://developers.facebook.com/docs/sharing/webmasters/crawler)"
185.191.171.12 - - [13/Dec/2025:05:51:58 +0000] "GET /?p=29271 HTTP/1.1" 502 166 "-" "Mozilla/5.0 (compatible; SemrushBot/7~bl; +http://www.semrush.com/bot.html)"
66.249.77.99 - - [13/Dec/2025:05:52:02 +0000] "GET /robots.txt HTTP/1.1" 502 166 "-" "Mozilla/5.0 (compatible; Googlebot/2.1; +http://www.google.com/bot.html)"
57.141.0.62 - - [13/Dec/2025:05:52:37 +0000] "GET /2025/03/07/page/6/?fileloc=//sys/class/pci_bus/0000:05/subsystem/0000:06/subsystem/0000:0a/subsystem/0000:0b/subsystem/0000:07/rescan&path=//sys/class/pci_bus/0000:05/subsystem/0000:06/subsystem/0000:0a/subsystem/0000:0b/subsystem/0000:07 HTTP/1.1" 502 166 "-" "meta-externalagent/1.1 (+https://developers.facebook.com/docs/sharing/webmasters/crawler)"
40.77.167.16 - - [13/Dec/2025:05:52:49 +0000] "GET /?20758593?entity=0020678702 HTTP/1.1" 502 568 "-" "Mozilla/5.0 AppleWebKit/537.36 (KHTML, like Gecko; compatible; bingbot/2.0; +http://www.bing.com/bingbot.htm) Chrome/116.0.1938.76 Safari/537.36"
43.173.175.137 - - [13/Dec/2025:05:52:54 +0000] "GET /?path=//usr/local/share/xml HTTP/1.1" 502 568 "-" "Mozilla/5.0 (Windows NT 6.1; Win64; x64) AppleWebKit/537.36 (KHTML, like Gecko) Chrome/126.0.6478.114 Safari/537.36"
185.191.171.16 - - [13/Dec/2025:05:52:59 +0000] "GET /?p=45593 HTTP/1.1" 502 166 "-" "Mozilla/5.0 (compatible; SemrushBot/7~bl; +http://www.semrush.com/bot.html)"
66.249.77.98 - - [13/Dec/2025:05:53:09 +0000] "GET /robots.txt HTTP/1.1" 502 166 "-" "Mozilla/5.0 (compatible; Googlebot/2.1; +http://www.google.com/bot.html)"
40.77.167.16 - - [13/Dec/2025:05:53:27 +0000] "GET /722008084?entity=0719220666 HTTP/1.1" 502 568 "-" "Mozilla/5.0 AppleWebKit/537.36 (KHTML, like Gecko; compatible; bingbot/2.0; +http://www.bing.com/bingbot.htm) Chrome/116.0.1938.76 Safari/537.36"
57.141.0.6 - - [13/Dec/2025:05:53:44 +0000] "GET /karamba-spielsaal-erfahrungen-angeschlossen-testbericht-werfen-sie-einen-blick-auf-den-link-within-2025-pro-teutonia/?fileloc=//sys/class/pci_bus/0000:06/subsystem/0000:01/subsystem/0000:10/subsystem/0000:11/device/consistent_dma_mask_bits&path=//sys/class/pci_bus/0000:06/subsystem/0000:01/subsystem/0000:10/subsystem/0000:11/device HTTP/1.1" 502 166 "-" "meta-externalagent/1.1 (+https://developers.facebook.com/docs/sharing/webmasters/crawler)"
185.191.171.1 - - [13/Dec/2025:05:54:00 +0000] "GET /?p=34853 HTTP/1.1" 502 166 "-" "Mozilla/5.0 (compatible; SemrushBot/7~bl; +http://www.semrush.com/bot.html)"
40.77.167.16 - - [13/Dec/2025:05:54:35 +0000] "GET /?p=30231 HTTP/1.1" 502 568 "-" "Mozilla/5.0 AppleWebKit/537.36 (KHTML, like Gecko; compatible; bingbot/2.0; +http://www.bing.com/bingbot.htm) Chrome/116.0.1938.76 Safari/537.36"
57.141.0.71 - - [13/Dec/2025:05:54:51 +0000] "GET /karamba-spielsaal-erfahrungen-angeschlossen-testbericht-werfen-sie-einen-blick-auf-den-link-within-2025-pro-teutonia/?fileloc=//sys/class/pci_bus/0000:06/subsystem/0000:09/subsystem/0000:00/subsystem/0000:0b/device/driver/0000:00:03.4/config&path=//sys/class/pci_bus/0000:06/subsystem/0000:09/subsystem/0000:00/subsystem/0000:0b/device/driver/0000:00:03.4 HTTP/1.1" 502 166 "-" "meta-externalagent/1.1 (+https://developers.facebook.com/docs/sharing/webmasters/crawler)"
85.208.96.197 - - [13/Dec/2025:05:55:00 +0000] "GET /?p=28247 HTTP/1.1" 502 166 "-" "Mozilla/5.0 (compatible; SemrushBot/7~bl; +http://www.semrush.com/bot.html)"
52.167.144.183 - - [13/Dec/2025:05:55:24 +0000] "GET /product/edit/D152321957 HTTP/1.1" 502 568 "-" "Mozilla/5.0 AppleWebKit/537.36 (KHTML, like Gecko; compatible; bingbot/2.0; +http://www.bing.com/bingbot.htm) Chrome/116.0.1938.76 Safari/537.36"
66.249.77.98 - - [13/Dec/2025:05:55:28 +0000] "GET /robots.txt HTTP/1.1" 502 166 "-" "Mozilla/5.0 (compatible; Googlebot/2.1; +http://www.google.com/bot.html)"
40.77.167.132 - - [13/Dec/2025:05:55:45 +0000] "GET /?al_c?fileloc=/etc/ssl/certs/1e09d511.0&path=/etc/ssl/certs HTTP/1.1" 502 568 "-" "Mozilla/5.0 AppleWebKit/537.36 (KHTML, like Gecko; compatible; bingbot/2.0; +http://www.bing.com/bingbot.htm) Chrome/116.0.1938.76 Safari/537.36"
57.141.0.46 - - [13/Dec/2025:05:55:58 +0000] "GET /2025/03/07/page/6/?path=//sys/class/pci_bus/0000:05/subsystem/0000:0b/subsystem/0000:0a/subsystem/0000:01/device/subsystem/drivers/uhci_hcd HTTP/1.1" 502 166 "-" "meta-externalagent/1.1 (+https://developers.facebook.com/docs/sharing/webmasters/crawler)"
185.191.171.2 - - [13/Dec/2025:05:56:01 +0000] "GET /?p=10958 HTTP/1.1" 502 166 "-" "Mozilla/5.0 (compatible; SemrushBot/7~bl; +http://www.semrush.com/bot.html)"
52.167.144.185 - - [13/Dec/2025:05:56:26 +0000] "GET /?295432759?entity=0294292350 HTTP/1.1" 502 568 "-" "Mozilla/5.0 AppleWebKit/537.36 (KHTML, like Gecko; compatible; bingbot/2.0; +http://www.bing.com/bingbot.htm) Chrome/116.0.1938.76 Safari/537.36"
66.249.77.98 - - [13/Dec/2025:05:56:44 +0000] "GET /robots.txt HTTP/1.1" 502 166 "-" "Mozilla/5.0 (compatible; Googlebot/2.1; +http://www.google.com/bot.html)"
85.208.96.205 - - [13/Dec/2025:05:57:01 +0000] "GET /?p=41557 HTTP/1.1" 502 166 "-" "Mozilla/5.0 (compatible; SemrushBot/7~bl; +http://www.semrush.com/bot.html)"
57.141.0.70 - - [13/Dec/2025:05:57:03 +0000] "GET /karamba-spielsaal-erfahrungen-angeschlossen-testbericht-werfen-sie-einen-blick-auf-den-link-within-2025-pro-teutonia/?fileloc=//sys/class/pci_bus/0000:06/subsystem/0000:13/subsystem/0000:0c/device/driver/0000:00:02.3/0000:05:00.0/remove&path=//sys/class/pci_bus/0000:06/subsystem/0000:13/subsystem/0000:0c/device/driver/0000:00:02.3/0000:05:00.0 HTTP/1.1" 502 166 "-" "meta-externalagent/1.1 (+https://developers.facebook.com/docs/sharing/webmasters/crawler)"
66.249.77.98 - - [13/Dec/2025:05:57:46 +0000] "GET /robots.txt HTTP/1.1" 502 166 "-" "Mozilla/5.0 (compatible; Googlebot/2.1; +http://www.google.com/bot.html)"
185.191.171.1 - - [13/Dec/2025:05:58:02 +0000] "GET /?p=28437 HTTP/1.1" 502 166 "-" "Mozilla/5.0 (compatible; SemrushBot/7~bl; +http://www.semrush.com/bot.html)"
66.45.23.20 - - [13/Dec/2025:05:58:09 +0000] "GET /wp-login.php HTTP/1.1" 502 568 "-" "Mozilla/5.0 (X11; Linux x86_64) AppleWebKit/537.36 (KHTML, like Gecko) Chrome/65.0.3325.181 Safari/537.36"
66.45.23.20 - - [13/Dec/2025:05:58:09 +0000] "POST /wp-login.php HTTP/1.1" 502 568 "https://datainsightnow.com/wp-login.php" "Mozilla/5.0 (X11; Linux x86_64) AppleWebKit/537.36 (KHTML, like Gecko) Chrome/65.0.3325.181 Safari/537.36"
57.141.0.28 - - [13/Dec/2025:05:58:11 +0000] "GET /karamba-spielsaal-erfahrungen-angeschlossen-testbericht-werfen-sie-einen-blick-auf-den-link-within-2025-pro-teutonia/?path=//sys/class/pci_bus/0000:06/subsystem/0000:00/subsystem/0000:0d/device/driver/0000:00:02.2/driver/0000:00:02.3/subsystem HTTP/1.1" 502 166 "-" "meta-externalagent/1.1 (+https://developers.facebook.com/docs/sharing/webmasters/crawler)"
40.77.167.78 - - [13/Dec/2025:05:58:24 +0000] "GET /?enc_avif?fileloc=/usr/lib/firmware/brcm/brcmfmac43455-sdio.pine64,pinenote-v1.2.txt.zst&path=/usr/lib/firmware/brcm HTTP/1.1" 502 568 "-" "Mozilla/5.0 AppleWebKit/537.36 (KHTML, like Gecko; compatible; bingbot/2.0; +http://www.bing.com/bingbot.htm) Chrome/116.0.1938.76 Safari/537.36"
40.77.167.78 - - [13/Dec/2025:05:58:43 +0000] "GET /?721658175?entity=0718872110 HTTP/1.1" 502 568 "-" "Mozilla/5.0 AppleWebKit/537.36 (KHTML, like Gecko; compatible; bingbot/2.0; +http://www.bing.com/bingbot.htm) Chrome/116.0.1938.76 Safari/537.36"
47.128.27.250 - - [13/Dec/2025:05:58:49 +0000] "GET /?fileloc=%2F%2Fproc%2F1033%2Fsched&path=%2F%2Fproc%2F1033 HTTP/1.1" 502 166 "-" "Mozilla/5.0 (Linux; Android 5.0) AppleWebKit/537.36 (KHTML, like Gecko) Mobile Safari/537.36 (compatible; Bytespider; spider-feedback@bytedance.com)"
47.128.126.83 - - [13/Dec/2025:05:58:49 +0000] "GET /?path=%2F%2Fproc%2F41%2Fnet%2Fdev_snmp6 HTTP/1.1" 502 166 "-" "Mozilla/5.0 (Linux; Android 5.0) AppleWebKit/537.36 (KHTML, like Gecko) Mobile Safari/537.36 (compatible; Bytespider; spider-feedback@bytedance.com)"
185.191.171.12 - - [13/Dec/2025:05:59:02 +0000] "GET /?p=43327 HTTP/1.1" 502 166 "-" "Mozilla/5.0 (compatible; SemrushBot/7~bl; +http://www.semrush.com/bot.html)"
57.141.0.33 - - [13/Dec/2025:05:59:17 +0000] "GET /karamba-spielsaal-erfahrungen-angeschlossen-testbericht-werfen-sie-einen-blick-auf-den-link-within-2025-pro-teutonia/?fileloc=//sys/class/pci_bus/0000:04/subsystem/0000:01/subsystem/0000:00/device/0000:00:02.7/reset_subordinate&path=//sys/class/pci_bus/0000:04/subsystem/0000:01/subsystem/0000:00/device/0000:00:02.7 HTTP/1.1" 502 166 "-" "meta-externalagent/1.1 (+https://developers.facebook.com/docs/sharing/webmasters/crawler)"
47.128.22.162 - - [13/Dec/2025:05:59:38 +0000] "GET /?fileloc=%2F%2Fproc%2F7%2Ftimerslack_ns&path=%2F%2Fproc%2F7 HTTP/1.1" 502 166 "-" "Mozilla/5.0 (Linux; Android 5.0) AppleWebKit/537.36 (KHTML, like Gecko) Mobile Safari/537.36 (compatible; Bytespider; spider-feedback@bytedance.com)"
47.128.39.63 - - [13/Dec/2025:05:59:38 +0000] "GET /?path=%2Fopt%2Fwpsites%2Fdatainsightnow.com%2Fwp-content%2Fuploads%2Felementor HTTP/1.1" 502 166 "-" "Mozilla/5.0 (Linux; Android 5.0) AppleWebKit/537.36 (KHTML, like Gecko) Mobile Safari/537.36 (compatible; Bytespider; spider-feedback@bytedance.com)"
52.167.144.185 - - [13/Dec/2025:05:59:45 +0000] "GET /5434081?entity=0005413358 HTTP/1.1" 502 568 "-" "Mozilla/5.0 AppleWebKit/537.36 (KHTML, like Gecko; compatible; bingbot/2.0; +http://www.bing.com/bingbot.htm) Chrome/116.0.1938.76 Safari/537.36"
85.208.96.199 - - [13/Dec/2025:06:00:02 +0000] "GET /?p=30409 HTTP/1.1" 502 166 "-" "Mozilla/5.0 (compatible; SemrushBot/7~bl; +http://www.semrush.com/bot.html)"
40.77.167.78 - - [13/Dec/2025:06:00:05 +0000] "GET /?294417993?entity=0293281502 HTTP/1.1" 502 568 "-" "Mozilla/5.0 AppleWebKit/537.36 (KHTML, like Gecko; compatible; bingbot/2.0; +http://www.bing.com/bingbot.htm) Chrome/116.0.1938.76 Safari/537.36"
57.141.0.4 - - [13/Dec/2025:06:00:24 +0000] "GET /2025/03/07/page/6/?fileloc=//sys/class/pci_bus/0000:05/subsystem/0000:0c/subsystem/0000:11/subsystem/0000:0f/subsystem/0000:13/device/power/wakeup_last_time_ms&path=//sys/class/pci_bus/0000:05/subsystem/0000:0c/subsystem/0000:11/subsystem/0000:0f/subsystem/0000:13/device/power HTTP/1.1" 502 166 "-" "meta-externalagent/1.1 (+https://developers.facebook.com/docs/sharing/webmasters/crawler)"
47.128.123.6 - - [13/Dec/2025:06:00:27 +0000] "GET /?path=%2F%2Fusr%2Fshare%2Fdoc%2Flibnvme1t64 HTTP/1.1" 502 166 "-" "Mozilla/5.0 (Linux; Android 5.0) AppleWebKit/537.36 (KHTML, like Gecko) Mobile Safari/537.36 (compatible; Bytespider; spider-feedback@bytedance.com)"
47.128.16.243 - - [13/Dec/2025:06:00:49 +0000] "GET /?fileloc=%2F%2Fproc%2F28%2Ftimerslack_ns&path=%2F%2Fproc%2F28 HTTP/1.1" 502 166 "-" "Mozilla/5.0 (Linux; Android 5.0) AppleWebKit/537.36 (KHTML, like Gecko) Mobile Safari/537.36 (compatible; Bytespider; spider-feedback@bytedance.com)"
85.208.96.206 - - [13/Dec/2025:06:01:02 +0000] "GET /?p=15658 HTTP/1.1" 502 166 "-" "Mozilla/5.0 (compatible; SemrushBot/7~bl; +http://www.semrush.com/bot.html)"
66.249.77.98 - - [13/Dec/2025:06:01:03 +0000] "GET /robots.txt HTTP/1.1" 502 166 "-" "Mozilla/5.0 (compatible; Googlebot/2.1; +http://www.google.com/bot.html)"
5.255.231.63 - - [13/Dec/2025:06:01:05 +0000] "GET /robots.txt HTTP/1.1" 502 166 "-" "Mozilla/5.0 (compatible; YandexBot/3.0; +http://yandex.com/bots)"
87.250.224.225 - - [13/Dec/2025:06:01:06 +0000] "GET /wp-sitemap.xml HTTP/1.1" 502 166 "-" "Mozilla/5.0 (compatible; YandexBot/3.0; +http://yandex.com/bots)"
57.141.0.18 - - [13/Dec/2025:06:01:30 +0000] "GET /2025/03/07/page/6/?fileloc=//sys/class/pci_bus/0000:13/subsystem/0000:04/subsystem/0000:0f/subsystem/0000:10/subsystem/0000:02/device/max_link_speed&path=//sys/class/pci_bus/0000:13/subsystem/0000:04/subsystem/0000:0f/subsystem/0000:10/subsystem/0000:02/device HTTP/1.1" 502 166 "-" "meta-externalagent/1.1 (+https://developers.facebook.com/docs/sharing/webmasters/crawler)"
85.208.96.199 - - [13/Dec/2025:06:02:02 +0000] "GET /?p=41679 HTTP/1.1" 502 166 "-" "Mozilla/5.0 (compatible; SemrushBot/7~bl; +http://www.semrush.com/bot.html)"
66.249.77.98 - - [13/Dec/2025:06:02:07 +0000] "GET /robots.txt HTTP/1.1" 502 166 "-" "Mozilla/5.0 (compatible; Googlebot/2.1; +http://www.google.com/bot.html)"
57.141.0.51 - - [13/Dec/2025:06:02:37 +0000] "GET /2025/03/07/page/6/?fileloc=//sys/class/pci_bus/0000:0f/subsystem/0000:0f/device/driver/0000:00:03.2/driver/0000:00:02.0/resource&path=//sys/class/pci_bus/0000:0f/subsystem/0000:0f/device/driver/0000:00:03.2/driver/0000:00:02.0 HTTP/1.1" 502 166 "-" "meta-externalagent/1.1 (+https://developers.facebook.com/docs/sharing/webmasters/crawler)"
85.208.96.201 - - [13/Dec/2025:06:03:02 +0000] "GET /?p=33195 HTTP/1.1" 502 166 "-" "Mozilla/5.0 (compatible; SemrushBot/7~bl; +http://www.semrush.com/bot.html)"
66.249.77.98 - - [13/Dec/2025:06:03:42 +0000] "GET /robots.txt HTTP/1.1" 200 109 "-" "Mozilla/5.0 (compatible; Googlebot/2.1; +http://www.google.com/bot.html)"
66.135.21.75 - - [13/Dec/2025:06:03:44 +0000] "POST /wp-cron.php?doing_wp_cron=1765605824.7368509769439697265625 HTTP/1.1" 200 31 "-" "WordPress/6.3.1; https://datainsightnow.com"
66.135.21.75 - - [13/Dec/2025:06:03:44 +0000] "POST /wp-cron.php?doing_wp_cron=1765605824.9160349369049072265625 HTTP/1.1" 200 31 "-" "WordPress/6.3.1; https://datainsightnow.com"
66.135.21.75 - - [13/Dec/2025:06:03:46 +0000] "GET / HTTP/1.1" 200 45440 "-" "WordPress/6.3.1; https://datainsightnow.com"
57.141.0.55 - - [13/Dec/2025:06:03:46 +0000] "GET /2025/03/06/page/39/?path=//sys/class/pci_bus/0000:0a/subsystem/0000:02/subsystem/0000:01/subsystem/0000:04/subsystem/0000:03 HTTP/1.1" 200 262264 "-" "meta-externalagent/1.1 (+https://developers.facebook.com/docs/sharing/webmasters/crawler)"
66.135.21.75 - - [13/Dec/2025:06:03:49 +0000] "POST /wp-cron.php HTTP/1.1" 200 31 "-" "WordPress/6.3.1; https://datainsightnow.com"
66.135.21.75 - - [13/Dec/2025:06:03:50 +0000] "GET / HTTP/1.1" 200 45440 "-" "WordPress/6.3.1; https://datainsightnow.com"
66.135.21.75 - - [13/Dec/2025:06:03:50 +0000] "GET / HTTP/1.1" 200 45440 "-" "WordPress/6.3.1; https://datainsightnow.com"
66.135.21.75 - - [13/Dec/2025:06:03:51 +0000] "GET / HTTP/1.1" 200 45440 "-" "WordPress/6.3.1; https://datainsightnow.com"
66.135.21.75 - - [13/Dec/2025:06:03:51 +0000] "GET / HTTP/1.1" 200 45440 "-" "WordPress/6.3.1; https://datainsightnow.com"
52.167.144.185 - - [13/Dec/2025:06:03:57 +0000] "GET /AmazonEmber/?path=/sys/class/tty/tty53 HTTP/1.1" 200 30323 "-" "Mozilla/5.0 AppleWebKit/537.36 (KHTML, like Gecko; compatible; bingbot/2.0; +http://www.bing.com/bingbot.htm) Chrome/116.0.1938.76 Safari/537.36"
66.135.21.75 - - [13/Dec/2025:06:04:03 +0000] "POST /wp-cron.php?doing_wp_cron=1765605843.2695739269256591796875 HTTP/1.1" 200 31 "-" "WordPress/6.3.1; https://datainsightnow.com"
85.208.96.195 - - [13/Dec/2025:06:04:03 +0000] "GET /?p=19830 HTTP/1.1" 200 41775 "-" "Mozilla/5.0 (compatible; SemrushBot/7~bl; +http://www.semrush.com/bot.html)"
85.208.96.197 - - [13/Dec/2025:06:04:34 +0000] "GET /?p=30809 HTTP/1.1" 200 40942 "-" "Mozilla/5.0 (compatible; SemrushBot/7~bl; +http://www.semrush.com/bot.html)"
85.208.96.200 - - [13/Dec/2025:06:04:49 +0000] "GET /?p=33691 HTTP/1.1" 200 41672 "-" "Mozilla/5.0 (compatible; SemrushBot/7~bl; +http://www.semrush.com/bot.html)"
66.249.77.98 - - [13/Dec/2025:06:04:49 +0000] "GET /robots.txt HTTP/1.1" 200 109 "-" "Mozilla/5.0 (compatible; Googlebot/2.1; +http://www.google.com/bot.html)"
66.135.21.75 - - [13/Dec/2025:06:04:50 +0000] "POST /wp-cron.php?doing_wp_cron=1765605890.4586639404296875000000 HTTP/1.1" 200 31 "-" "WordPress/6.3.1; https://datainsightnow.com"
57.141.0.42 - - [13/Dec/2025:06:04:50 +0000] "GET /2025/03/07/page/6/?path=//sys/class/pci_bus/0000:0b/subsystem/0000:0c/subsystem/0000:00/device/firmware_node/device:44/subsystem/devices/device:45 HTTP/1.1" 200 262215 "-" "meta-externalagent/1.1 (+https://developers.facebook.com/docs/sharing/webmasters/crawler)"
85.208.96.201 - - [13/Dec/2025:06:04:57 +0000] "GET /?p=42105 HTTP/1.1" 200 41631 "-" "Mozilla/5.0 (compatible; SemrushBot/7~bl; +http://www.semrush.com/bot.html)"
85.208.96.209 - - [13/Dec/2025:06:05:01 +0000] "GET /?p=33847 HTTP/1.1" 200 42502 "-" "Mozilla/5.0 (compatible; SemrushBot/7~bl; +http://www.semrush.com/bot.html)"
85.208.96.200 - - [13/Dec/2025:06:05:05 +0000] "GET /?p=26220 HTTP/1.1" 200 43271 "-" "Mozilla/5.0 (compatible; SemrushBot/7~bl; +http://www.semrush.com/bot.html)"
85.208.96.205 - - [13/Dec/2025:06:05:08 +0000] "GET /?p=15796 HTTP/1.1" 200 43417 "-" "Mozilla/5.0 (compatible; SemrushBot/7~bl; +http://www.semrush.com/bot.html)"
85.208.96.198 - - [13/Dec/2025:06:05:12 +0000] "GET /?p=23507 HTTP/1.1" 200 43444 "-" "Mozilla/5.0 (compatible; SemrushBot/7~bl; +http://www.semrush.com/bot.html)"
52.167.144.183 - - [13/Dec/2025:06:05:14 +0000] "GET /product/edit/D3051604240 HTTP/1.1" 200 34368 "-" "Mozilla/5.0 AppleWebKit/537.36 (KHTML, like Gecko; compatible; bingbot/2.0; +http://www.bing.com/bingbot.htm) Chrome/116.0.1938.76 Safari/537.36"
185.191.171.15 - - [13/Dec/2025:06:05:15 +0000] "GET /?p=26695 HTTP/1.1" 200 43412 "-" "Mozilla/5.0 (compatible; SemrushBot/7~bl; +http://www.semrush.com/bot.html)"
185.191.171.13 - - [13/Dec/2025:06:05:20 +0000] "GET /?p=44921 HTTP/1.1" 200 42738 "-" "Mozilla/5.0 (compatible; SemrushBot/7~bl; +http://www.semrush.com/bot.html)"
85.208.96.200 - - [13/Dec/2025:06:05:24 +0000] "GET /?p=21775 HTTP/1.1" 200 41455 "-" "Mozilla/5.0 (compatible; SemrushBot/7~bl; +http://www.semrush.com/bot.html)"
85.208.96.200 - - [13/Dec/2025:06:05:27 +0000] "GET /?p=11808 HTTP/1.1" 200 41310 "-" "Mozilla/5.0 (compatible; SemrushBot/7~bl; +http://www.semrush.com/bot.html)"
185.191.171.9 - - [13/Dec/2025:06:05:31 +0000] "GET /?p=20743 HTTP/1.1" 200 43752 "-" "Mozilla/5.0 (compatible; SemrushBot/7~bl; +http://www.semrush.com/bot.html)"
43.173.173.205 - - [13/Dec/2025:06:05:31 +0000] "GET /password-reset/?path=/opt/wpsites/datainsightnow.com/wp-content/plugins/fluentform/vendor/wpfluent/framework HTTP/1.1" 200 45440 "-" "Mozilla/5.0 (Windows NT 6.1; Win64; x64) AppleWebKit/537.36 (KHTML, like Gecko) Chrome/126.0.6478.114 Safari/537.36"
66.135.21.75 - - [13/Dec/2025:06:05:35 +0000] "POST /wp-cron.php?doing_wp_cron=1765605935.7235000133514404296875 HTTP/1.1" 200 31 "-" "WordPress/6.3.1; https://datainsightnow.com"
185.191.171.14 - - [13/Dec/2025:06:05:35 +0000] "GET /?p=19310 HTTP/1.1" 200 42452 "-" "Mozilla/5.0 (compatible; SemrushBot/7~bl; +http://www.semrush.com/bot.html)"
85.208.96.205 - - [13/Dec/2025:06:05:39 +0000] "GET /?p=46347 HTTP/1.1" 200 43843 "-" "Mozilla/5.0 (compatible; SemrushBot/7~bl; +http://www.semrush.com/bot.html)"
85.208.96.205 - - [13/Dec/2025:06:05:43 +0000] "GET /?p=48013 HTTP/1.1" 200 44730 "-" "Mozilla/5.0 (compatible; SemrushBot/7~bl; +http://www.semrush.com/bot.html)"
85.208.96.202 - - [13/Dec/2025:06:05:46 +0000] "GET /?p=20307 HTTP/1.1" 200 41750 "-" "Mozilla/5.0 (compatible; SemrushBot/7~bl; +http://www.semrush.com/bot.html)"
66.135.21.75 - - [13/Dec/2025:06:05:50 +0000] "POST /wp-cron.php?doing_wp_cron=1765605950.0464279651641845703125 HTTP/1.1" 200 31 "-" "WordPress/6.3.1; https://datainsightnow.com"
85.208.96.198 - - [13/Dec/2025:06:05:50 +0000] "GET /?p=25448 HTTP/1.1" 200 45591 "-" "Mozilla/5.0 (compatible; SemrushBot/7~bl; +http://www.semrush.com/bot.html)"
57.141.0.30 - - [13/Dec/2025:06:05:53 +0000] "GET /2025/03/07/page/6/?fileloc=//sys/class/pci_bus/0000:05/subsystem/0000:07/subsystem/0000:07/device/driver/0000:00:02.5/0000:07:00.0/max_link_speed&path=//sys/class/pci_bus/0000:05/subsystem/0000:07/subsystem/0000:07/device/driver/0000:00:02.5/0000:07:00.0 HTTP/1.1" 200 262264 "-" "meta-externalagent/1.1 (+https://developers.facebook.com/docs/sharing/webmasters/crawler)"
85.208.96.204 - - [13/Dec/2025:06:05:53 +0000] "GET /?p=18948 HTTP/1.1" 200 42419 "-" "Mozilla/5.0 (compatible; SemrushBot/7~bl; +http://www.semrush.com/bot.html)"
85.208.96.197 - - [13/Dec/2025:06:05:57 +0000] "GET /?p=15398 HTTP/1.1" 200 43323 "-" "Mozilla/5.0 (compatible; SemrushBot/7~bl; +http://www.semrush.com/bot.html)"
185.191.171.18 - - [13/Dec/2025:06:06:00 +0000] "GET /?p=28427 HTTP/1.1" 200 43415 "-" "Mozilla/5.0 (compatible; SemrushBot/7~bl; +http://www.semrush.com/bot.html)"
66.249.77.98 - - [13/Dec/2025:06:06:00 +0000] "GET /robots.txt HTTP/1.1" 200 109 "-" "Mozilla/5.0 (compatible; Googlebot/2.1; +http://www.google.com/bot.html)"
85.208.96.199 - - [13/Dec/2025:06:06:04 +0000] "GET /?p=19300 HTTP/1.1" 200 42606 "-" "Mozilla/5.0 (compatible; SemrushBot/7~bl; +http://www.semrush.com/bot.html)"
185.191.171.7 - - [13/Dec/2025:06:06:07 +0000] "GET /?p=14737 HTTP/1.1" 200 41876 "-" "Mozilla/5.0 (compatible; SemrushBot/7~bl; +http://www.semrush.com/bot.html)"
85.208.96.193 - - [13/Dec/2025:06:06:11 +0000] "GET /?p=46821 HTTP/1.1" 200 42869 "-" "Mozilla/5.0 (compatible; SemrushBot/7~bl; +http://www.semrush.com/bot.html)"
85.208.96.206 - - [13/Dec/2025:06:06:15 +0000] "GET /?p=47133 HTTP/1.1" 200 42774 "-" "Mozilla/5.0 (compatible; SemrushBot/7~bl; +http://www.semrush.com/bot.html)"
185.191.171.5 - - [13/Dec/2025:06:06:19 +0000] "GET /?p=44047 HTTP/1.1" 200 42257 "-" "Mozilla/5.0 (compatible; SemrushBot/7~bl; +http://www.semrush.com/bot.html)"
85.208.96.201 - - [13/Dec/2025:06:06:23 +0000] "GET /?p=10299 HTTP/1.1" 200 43583 "-" "Mozilla/5.0 (compatible; SemrushBot/7~bl; +http://www.semrush.com/bot.html)"
185.113.8.55 - - [13/Dec/2025:06:06:23 +0000] "GET /wp-links-opml.php HTTP/1.1" 200 186 "-" "Mozilla/5.0 (X11; Linux x86_64) AppleWebKit/537.36 (KHTML, like Gecko) Chrome/128.0.6197.839 Safari/537.36"
85.208.96.194 - - [13/Dec/2025:06:06:26 +0000] "GET /?p=22083 HTTP/1.1" 200 43694 "-" "Mozilla/5.0 (compatible; SemrushBot/7~bl; +http://www.semrush.com/bot.html)"
85.208.96.205 - - [13/Dec/2025:06:06:30 +0000] "GET /?p=9012 HTTP/1.1" 200 40436 "-" "Mozilla/5.0 (compatible; SemrushBot/7~bl; +http://www.semrush.com/bot.html)"
85.208.96.206 - - [13/Dec/2025:06:06:35 +0000] "GET /?p=18196 HTTP/1.1" 200 41819 "-" "Mozilla/5.0 (compatible; SemrushBot/7~bl; +http://www.semrush.com/bot.html)"
85.208.96.204 - - [13/Dec/2025:06:06:39 +0000] "GET /?p=18347 HTTP/1.1" 200 42922 "-" "Mozilla/5.0 (compatible; SemrushBot/7~bl; +http://www.semrush.com/bot.html)"
85.208.96.206 - - [13/Dec/2025:06:06:44 +0000] "GET /?p=22353 HTTP/1.1" 200 41619 "-" "Mozilla/5.0 (compatible; SemrushBot/7~bl; +http://www.semrush.com/bot.html)"
85.208.96.201 - - [13/Dec/2025:06:06:47 +0000] "GET /?p=41361 HTTP/1.1" 200 42709 "-" "Mozilla/5.0 (compatible; SemrushBot/7~bl; +http://www.semrush.com/bot.html)"
66.135.21.75 - - [13/Dec/2025:06:06:51 +0000] "POST /wp-cron.php?doing_wp_cron=1765606011.1541941165924072265625 HTTP/1.1" 200 31 "-" "WordPress/6.3.1; https://datainsightnow.com"
85.208.96.202 - - [13/Dec/2025:06:06:51 +0000] "GET /?p=9953 HTTP/1.1" 200 42629 "-" "Mozilla/5.0 (compatible; SemrushBot/7~bl; +http://www.semrush.com/bot.html)"
57.141.0.30 - - [13/Dec/2025:06:06:52 +0000] "GET /karamba-spielsaal-erfahrungen-angeschlossen-testbericht-werfen-sie-einen-blick-auf-den-link-within-2025-pro-teutonia/?fileloc=//sys/class/pci_bus/0000:07/subsystem/0000:01/subsystem/0000:0f/subsystem/0000:0d/device/subsystem/devices/0000:00:00.0/resource&path=//sys/class/pci_bus/0000:07/subsystem/0000:01/subsystem/0000:0f/subsystem/0000:0d/device/subsystem/devices/0000:00:00.0 HTTP/1.1" 200 262264 "-" "meta-externalagent/1.1 (+https://developers.facebook.com/docs/sharing/webmasters/crawler)"
85.208.96.209 - - [13/Dec/2025:06:06:54 +0000] "GET /?p=15526 HTTP/1.1" 200 43720 "-" "Mozilla/5.0 (compatible; SemrushBot/7~bl; +http://www.semrush.com/bot.html)"
85.208.96.193 - - [13/Dec/2025:06:06:58 +0000] "GET /?p=46779 HTTP/1.1" 200 43295 "-" "Mozilla/5.0 (compatible; SemrushBot/7~bl; +http://www.semrush.com/bot.html)"
185.191.171.13 - - [13/Dec/2025:06:07:02 +0000] "GET /?p=31307 HTTP/1.1" 200 43738 "-" "Mozilla/5.0 (compatible; SemrushBot/7~bl; +http://www.semrush.com/bot.html)"
52.167.144.176 - - [13/Dec/2025:06:07:05 +0000] "GET /217220714?entity=0216382282 HTTP/1.1" 200 33152 "-" "Mozilla/5.0 AppleWebKit/537.36 (KHTML, like Gecko; compatible; bingbot/2.0; +http://www.bing.com/bingbot.htm) Chrome/116.0.1938.76 Safari/537.36"
85.208.96.207 - - [13/Dec/2025:06:07:05 +0000] "GET /?p=15618 HTTP/1.1" 200 41381 "-" "Mozilla/5.0 (compatible; SemrushBot/7~bl; +http://www.semrush.com/bot.html)"
85.208.96.200 - - [13/Dec/2025:06:07:09 +0000] "GET /?m=20250324&paged=29 HTTP/1.1" 200 37949 "-" "Mozilla/5.0 (compatible; SemrushBot/7~bl; +http://www.semrush.com/bot.html)"
185.191.171.2 - - [13/Dec/2025:06:07:12 +0000] "GET /?p=46817 HTTP/1.1" 200 46046 "-" "Mozilla/5.0 (compatible; SemrushBot/7~bl; +http://www.semrush.com/bot.html)"
66.249.77.98 - - [13/Dec/2025:06:07:15 +0000] "GET /robots.txt HTTP/1.1" 200 109 "-" "Mozilla/5.0 (compatible; Googlebot/2.1; +http://www.google.com/bot.html)"
85.208.96.201 - - [13/Dec/2025:06:07:16 +0000] "GET /?p=9847 HTTP/1.1" 200 43019 "-" "Mozilla/5.0 (compatible; SemrushBot/7~bl; +http://www.semrush.com/bot.html)"
85.208.96.196 - - [13/Dec/2025:06:07:19 +0000] "GET /?p=27859 HTTP/1.1" 200 41102 "-" "Mozilla/5.0 (compatible; SemrushBot/7~bl; +http://www.semrush.com/bot.html)"
185.191.171.13 - - [13/Dec/2025:06:07:23 +0000] "GET /?p=31817 HTTP/1.1" 200 41757 "-" "Mozilla/5.0 (compatible; SemrushBot/7~bl; +http://www.semrush.com/bot.html)"
85.208.96.212 - - [13/Dec/2025:06:07:27 +0000] "GET /?p=39613 HTTP/1.1" 200 42550 "-" "Mozilla/5.0 (compatible; SemrushBot/7~bl; +http://www.semrush.com/bot.html)"
185.191.171.2 - - [13/Dec/2025:06:07:30 +0000] "GET /?p=41145 HTTP/1.1" 200 43119 "-" "Mozilla/5.0 (compatible; SemrushBot/7~bl; +http://www.semrush.com/bot.html)"
85.208.96.206 - - [13/Dec/2025:06:07:34 +0000] "GET /?p=13007 HTTP/1.1" 200 41853 "-" "Mozilla/5.0 (compatible; SemrushBot/7~bl; +http://www.semrush.com/bot.html)"
40.77.167.51 - - [13/Dec/2025:06:07:36 +0000] "GET /468364987?entity=0466556886 HTTP/1.1" 200 30503 "-" "Mozilla/5.0 AppleWebKit/537.36 (KHTML, like Gecko; compatible; bingbot/2.0; +http://www.bing.com/bingbot.htm) Chrome/116.0.1938.76 Safari/537.36"
185.191.171.1 - - [13/Dec/2025:06:07:38 +0000] "GET /?p=19852 HTTP/1.1" 200 43641 "-" "Mozilla/5.0 (compatible; SemrushBot/7~bl; +http://www.semrush.com/bot.html)"
185.191.171.3 - - [13/Dec/2025:06:07:42 +0000] "GET /?p=22457 HTTP/1.1" 200 42631 "-" "Mozilla/5.0 (compatible; SemrushBot/7~bl; +http://www.semrush.com/bot.html)"
185.191.171.3 - - [13/Dec/2025:06:07:46 +0000] "GET /?p=22343 HTTP/1.1" 200 43149 "-" "Mozilla/5.0 (compatible; SemrushBot/7~bl; +http://www.semrush.com/bot.html)"
57.141.0.12 - - [13/Dec/2025:06:07:48 +0000] "GET /2025/03/07/page/6/?fileloc=//sys/class/pci_bus/0000:13/device/subsystem/devices/0000:01:00.0/firmware_node/physical_node/driver/0000:07:00.0/irq&path=//sys/class/pci_bus/0000:13/device/subsystem/devices/0000:01:00.0/firmware_node/physical_node/driver/0000:07:00.0 HTTP/1.1" 200 262255 "-" "meta-externalagent/1.1 (+https://developers.facebook.com/docs/sharing/webmasters/crawler)"
85.208.96.205 - - [13/Dec/2025:06:07:50 +0000] "GET /?p=23137 HTTP/1.1" 200 41831 "-" "Mozilla/5.0 (compatible; SemrushBot/7~bl; +http://www.semrush.com/bot.html)"
66.135.21.75 - - [13/Dec/2025:06:07:53 +0000] "POST /wp-cron.php?doing_wp_cron=1765606073.3454709053039550781250 HTTP/1.1" 200 31 "-" "WordPress/6.3.1; https://datainsightnow.com"
85.208.96.193 - - [13/Dec/2025:06:07:53 +0000] "GET /?p=42657 HTTP/1.1" 200 41607 "-" "Mozilla/5.0 (compatible; SemrushBot/7~bl; +http://www.semrush.com/bot.html)"
40.77.167.78 - - [13/Dec/2025:06:07:55 +0000] "GET /AmazonEmber/?path=/usr/lib/firmware/netronome HTTP/1.1" 200 31025 "-" "Mozilla/5.0 AppleWebKit/537.36 (KHTML, like Gecko; compatible; bingbot/2.0; +http://www.bing.com/bingbot.htm) Chrome/116.0.1938.76 Safari/537.36"
85.208.96.211 - - [13/Dec/2025:06:07:57 +0000] "GET /?p=17738 HTTP/1.1" 200 41731 "-" "Mozilla/5.0 (compatible; SemrushBot/7~bl; +http://www.semrush.com/bot.html)"
185.191.171.13 - - [13/Dec/2025:06:08:00 +0000] "GET /?p=42309 HTTP/1.1" 200 41755 "-" "Mozilla/5.0 (compatible; SemrushBot/7~bl; +http://www.semrush.com/bot.html)"
185.191.171.10 - - [13/Dec/2025:06:08:04 +0000] "GET /?p=17852 HTTP/1.1" 200 41000 "-" "Mozilla/5.0 (compatible; SemrushBot/7~bl; +http://www.semrush.com/bot.html)"
185.191.171.13 - - [13/Dec/2025:06:08:11 +0000] "GET /?p=29343 HTTP/1.1" 200 41672 "-" "Mozilla/5.0 (compatible; SemrushBot/7~bl; +http://www.semrush.com/bot.html)"
85.208.96.201 - - [13/Dec/2025:06:08:16 +0000] "GET /?p=29623 HTTP/1.1" 200 41747 "-" "Mozilla/5.0 (compatible; SemrushBot/7~bl; +http://www.semrush.com/bot.html)"
185.191.171.3 - - [13/Dec/2025:06:08:20 +0000] "GET /?p=13393 HTTP/1.1" 200 41297 "-" "Mozilla/5.0 (compatible; SemrushBot/7~bl; +http://www.semrush.com/bot.html)"
85.208.96.201 - - [13/Dec/2025:06:08:23 +0000] "GET /?p=33471 HTTP/1.1" 200 42420 "-" "Mozilla/5.0 (compatible; SemrushBot/7~bl; +http://www.semrush.com/bot.html)"
185.191.171.10 - - [13/Dec/2025:06:08:26 +0000] "GET /?p=14277 HTTP/1.1" 200 42155 "-" "Mozilla/5.0 (compatible; SemrushBot/7~bl; +http://www.semrush.com/bot.html)"
185.191.171.4 - - [13/Dec/2025:06:08:30 +0000] "GET /?p=12895 HTTP/1.1" 200 43985 "-" "Mozilla/5.0 (compatible; SemrushBot/7~bl; +http://www.semrush.com/bot.html)"
66.249.77.98 - - [13/Dec/2025:06:08:33 +0000] "GET /robots.txt HTTP/1.1" 200 109 "-" "Mozilla/5.0 (compatible; Googlebot/2.1; +http://www.google.com/bot.html)"
85.208.96.207 - - [13/Dec/2025:06:08:34 +0000] "GET /?p=21127 HTTP/1.1" 200 42213 "-" "Mozilla/5.0 (compatible; SemrushBot/7~bl; +http://www.semrush.com/bot.html)"
85.208.96.204 - - [13/Dec/2025:06:08:37 +0000] "GET /?p=10319 HTTP/1.1" 200 41839 "-" "Mozilla/5.0 (compatible; SemrushBot/7~bl; +http://www.semrush.com/bot.html)"
57.141.0.69 - - [13/Dec/2025:06:08:41 +0000] "GET /2025/03/13/?fileloc=//sys/class/pci_bus/0000:0b/subsystem/0000:02/device/driver/0000:00:02.2/driver/0000:00:04.0/resource0&path=//sys/class/pci_bus/0000:0b/subsystem/0000:02/device/driver/0000:00:02.2/driver/0000:00:04.0 HTTP/1.1" 200 262216 "-" "meta-externalagent/1.1 (+https://developers.facebook.com/docs/sharing/webmasters/crawler)"
85.208.96.205 - - [13/Dec/2025:06:08:41 +0000] "GET /?p=41009 HTTP/1.1" 200 42938 "-" "Mozilla/5.0 (compatible; SemrushBot/7~bl; +http://www.semrush.com/bot.html)"
185.191.171.4 - - [13/Dec/2025:06:08:44 +0000] "GET /?p=37775 HTTP/1.1" 200 42425 "-" "Mozilla/5.0 (compatible; SemrushBot/7~bl; +http://www.semrush.com/bot.html)"
40.77.167.51 - - [13/Dec/2025:06:08:47 +0000] "GET /745163718?entity=0742286898 HTTP/1.1" 200 30293 "-" "Mozilla/5.0 AppleWebKit/537.36 (KHTML, like Gecko; compatible; bingbot/2.0; +http://www.bing.com/bingbot.htm) Chrome/116.0.1938.76 Safari/537.36"
185.191.171.16 - - [13/Dec/2025:06:08:48 +0000] "GET /?p=13415 HTTP/1.1" 200 41242 "-" "Mozilla/5.0 (compatible; SemrushBot/7~bl; +http://www.semrush.com/bot.html)"
66.135.21.75 - - [13/Dec/2025:06:08:51 +0000] "POST /wp-cron.php?doing_wp_cron=1765606131.5680520534515380859375 HTTP/1.1" 200 31 "-" "WordPress/6.3.1; https://datainsightnow.com"
85.208.96.201 - - [13/Dec/2025:06:08:51 +0000] "GET /?p=19902 HTTP/1.1" 200 51010 "-" "Mozilla/5.0 (compatible; SemrushBot/7~bl; +http://www.semrush.com/bot.html)"
85.208.96.196 - - [13/Dec/2025:06:08:55 +0000] "GET /?p=28185 HTTP/1.1" 200 43167 "-" "Mozilla/5.0 (compatible; SemrushBot/7~bl; +http://www.semrush.com/bot.html)"
85.208.96.201 - - [13/Dec/2025:06:08:58 +0000] "GET /?p=17409 HTTP/1.1" 200 41601 "-" "Mozilla/5.0 (compatible; SemrushBot/7~bl; +http://www.semrush.com/bot.html)"
185.191.171.14 - - [13/Dec/2025:06:09:03 +0000] "GET /?p=15132 HTTP/1.1" 200 42748 "-" "Mozilla/5.0 (compatible; SemrushBot/7~bl; +http://www.semrush.com/bot.html)"
85.208.96.212 - - [13/Dec/2025:06:09:07 +0000] "GET /?p=48743 HTTP/1.1" 200 41523 "-" "Mozilla/5.0 (compatible; SemrushBot/7~bl; +http://www.semrush.com/bot.html)"
185.191.171.7 - - [13/Dec/2025:06:09:11 +0000] "GET /?p=47617 HTTP/1.1" 200 40630 "-" "Mozilla/5.0 (compatible; SemrushBot/7~bl; +http://www.semrush.com/bot.html)"
85.208.96.201 - - [13/Dec/2025:06:09:14 +0000] "GET /?p=8982 HTTP/1.1" 200 42513 "-" "Mozilla/5.0 (compatible; SemrushBot/7~bl; +http://www.semrush.com/bot.html)"
40.77.167.235 - - [13/Dec/2025:06:09:16 +0000] "GET /enc_avif/?fileloc=/lib/firmware/iwlwifi-cc-a0-66.ucode.zst&path=/lib/firmware HTTP/1.1" 200 45440 "-" "Mozilla/5.0 AppleWebKit/537.36 (KHTML, like Gecko; compatible; bingbot/2.0; +http://www.bing.com/bingbot.htm) Chrome/116.0.1938.76 Safari/537.36"
185.191.171.17 - - [13/Dec/2025:06:09:18 +0000] "GET /?p=27893 HTTP/1.1" 200 44235 "-" "Mozilla/5.0 (compatible; SemrushBot/7~bl; +http://www.semrush.com/bot.html)"
85.208.96.209 - - [13/Dec/2025:06:09:21 +0000] "GET /?p=8754 HTTP/1.1" 200 42898 "-" "Mozilla/5.0 (compatible; SemrushBot/7~bl; +http://www.semrush.com/bot.html)"
85.208.96.206 - - [13/Dec/2025:06:09:26 +0000] "GET /?p=40095 HTTP/1.1" 200 43016 "-" "Mozilla/5.0 (compatible; SemrushBot/7~bl; +http://www.semrush.com/bot.html)"
85.208.96.210 - - [13/Dec/2025:06:09:29 +0000] "GET /robots.txt HTTP/1.1" 200 109 "-" "Mozilla/5.0 (compatible; SemrushBot/7~bl; +http://www.semrush.com/bot.html)"
57.141.0.15 - - [13/Dec/2025:06:09:30 +0000] "GET /2025/03/07/page/6/?fileloc=//sys/class/pci_bus/0000:03/subsystem/0000:01/subsystem/0000:06/device/driver/0000:00:03.2/aer_dev_nonfatal&path=//sys/class/pci_bus/0000:03/subsystem/0000:01/subsystem/0000:06/device/driver/0000:00:03.2 HTTP/1.1" 200 262248 "-" "meta-externalagent/1.1 (+https://developers.facebook.com/docs/sharing/webmasters/crawler)"
185.191.171.7 - - [13/Dec/2025:06:09:31 +0000] "GET /?p=41055 HTTP/1.1" 200 42126 "-" "Mozilla/5.0 (compatible; SemrushBot/7~bl; +http://www.semrush.com/bot.html)"
85.208.96.211 - - [13/Dec/2025:06:09:35 +0000] "GET /?p=39347 HTTP/1.1" 200 42066 "-" "Mozilla/5.0 (compatible; SemrushBot/7~bl; +http://www.semrush.com/bot.html)"
85.208.96.201 - - [13/Dec/2025:06:09:38 +0000] "GET /?p=44941 HTTP/1.1" 200 42571 "-" "Mozilla/5.0 (compatible; SemrushBot/7~bl; +http://www.semrush.com/bot.html)"
85.208.96.198 - - [13/Dec/2025:06:09:42 +0000] "GET /?p=46565 HTTP/1.1" 200 43299 "-" "Mozilla/5.0 (compatible; SemrushBot/7~bl; +http://www.semrush.com/bot.html)"
43.173.182.108 - - [13/Dec/2025:06:09:43 +0000] "GET /members/?path=//sys/dev/block/7:2/subsystem/loop4 HTTP/1.1" 200 45440 "-" "Mozilla/5.0 (Windows NT 6.1; Win64; x64) AppleWebKit/537.36 (KHTML, like Gecko) Chrome/126.0.6478.114 Safari/537.36"
66.249.77.98 - - [13/Dec/2025:06:09:44 +0000] "GET /robots.txt HTTP/1.1" 200 109 "-" "Mozilla/5.0 (compatible; Googlebot/2.1; +http://www.google.com/bot.html)"
185.191.171.10 - - [13/Dec/2025:06:09:45 +0000] "GET /?p=44789 HTTP/1.1" 200 41983 "-" "Mozilla/5.0 (compatible; SemrushBot/7~bl; +http://www.semrush.com/bot.html)"
85.208.96.210 - - [13/Dec/2025:06:09:49 +0000] "GET /?p=37095 HTTP/1.1" 200 43654 "-" "Mozilla/5.0 (compatible; SemrushBot/7~bl; +http://www.semrush.com/bot.html)"
66.135.21.75 - - [13/Dec/2025:06:09:52 +0000] "POST /wp-cron.php?doing_wp_cron=1765606192.7511119842529296875000 HTTP/1.1" 200 31 "-" "WordPress/6.3.1; https://datainsightnow.com"
85.208.96.193 - - [13/Dec/2025:06:09:53 +0000] "GET /?p=42699 HTTP/1.1" 200 47752 "-" "Mozilla/5.0 (compatible; SemrushBot/7~bl; +http://www.semrush.com/bot.html)"
85.208.96.210 - - [13/Dec/2025:06:09:56 +0000] "GET /?p=27643 HTTP/1.1" 200 43500 "-" "Mozilla/5.0 (compatible; SemrushBot/7~bl; +http://www.semrush.com/bot.html)"
185.191.171.13 - - [13/Dec/2025:06:10:00 +0000] "GET /?p=45451 HTTP/1.1" 200 41809 "-" "Mozilla/5.0 (compatible; SemrushBot/7~bl; +http://www.semrush.com/bot.html)"
85.208.96.194 - - [13/Dec/2025:06:10:03 +0000] "GET /?p=38254 HTTP/1.1" 200 42024 "-" "Mozilla/5.0 (compatible; SemrushBot/7~bl; +http://www.semrush.com/bot.html)"
85.208.96.206 - - [13/Dec/2025:06:10:08 +0000] "GET /?p=23871 HTTP/1.1" 200 41007 "-" "Mozilla/5.0 (compatible; SemrushBot/7~bl; +http://www.semrush.com/bot.html)"
185.191.171.18 - - [13/Dec/2025:06:10:12 +0000] "GET /?p=21955 HTTP/1.1" 200 43504 "-" "Mozilla/5.0 (compatible; SemrushBot/7~bl; +http://www.semrush.com/bot.html)"
85.208.96.211 - - [13/Dec/2025:06:10:15 +0000] "GET /?p=40761 HTTP/1.1" 200 42617 "-" "Mozilla/5.0 (compatible; SemrushBot/7~bl; +http://www.semrush.com/bot.html)"
57.141.0.14 - - [13/Dec/2025:06:10:18 +0000] "GET /2025/03/07/page/6/?fileloc=//sys/class/pci_bus/0000:0b/subsystem/0000:02/subsystem/0000:11/subsystem/0000:0a/power/runtime_enabled&path=//sys/class/pci_bus/0000:0b/subsystem/0000:02/subsystem/0000:11/subsystem/0000:0a/power HTTP/1.1" 200 262264 "-" "meta-externalagent/1.1 (+https://developers.facebook.com/docs/sharing/webmasters/crawler)"
185.191.171.7 - - [13/Dec/2025:06:10:19 +0000] "GET /?p=29625 HTTP/1.1" 200 43624 "-" "Mozilla/5.0 (compatible; SemrushBot/7~bl; +http://www.semrush.com/bot.html)"
185.191.171.12 - - [13/Dec/2025:06:10:24 +0000] "GET /?p=45493 HTTP/1.1" 200 41578 "-" "Mozilla/5.0 (compatible; SemrushBot/7~bl; +http://www.semrush.com/bot.html)"
185.191.171.4 - - [13/Dec/2025:06:10:28 +0000] "GET /?p=45495 HTTP/1.1" 200 41880 "-" "Mozilla/5.0 (compatible; SemrushBot/7~bl; +http://www.semrush.com/bot.html)"
185.191.171.18 - - [13/Dec/2025:06:10:31 +0000] "GET /?p=29473 HTTP/1.1" 200 42304 "-" "Mozilla/5.0 (compatible; SemrushBot/7~bl; +http://www.semrush.com/bot.html)"
66.135.21.75 - - [13/Dec/2025:06:10:35 +0000] "POST /wp-cron.php?doing_wp_cron=1765606235.3852949142456054687500 HTTP/1.1" 200 31 "-" "WordPress/6.3.1; https://datainsightnow.com"
185.191.171.6 - - [13/Dec/2025:06:10:35 +0000] "GET /?p=13845 HTTP/1.1" 200 43794 "-" "Mozilla/5.0 (compatible; SemrushBot/7~bl; +http://www.semrush.com/bot.html)"
185.191.171.4 - - [13/Dec/2025:06:10:39 +0000] "GET /?m=20250318&paged=9 HTTP/1.1" 200 37482 "-" "Mozilla/5.0 (compatible; SemrushBot/7~bl; +http://www.semrush.com/bot.html)"
185.191.171.5 - - [13/Dec/2025:06:10:42 +0000] "GET /?p=30149 HTTP/1.1" 200 43657 "-" "Mozilla/5.0 (compatible; SemrushBot/7~bl; +http://www.semrush.com/bot.html)"
40.77.167.235 - - [13/Dec/2025:06:10:45 +0000] "GET /146027569?entity=0145464014 HTTP/1.1" 200 33548 "-" "Mozilla/5.0 AppleWebKit/537.36 (KHTML, like Gecko; compatible; bingbot/2.0; +http://www.bing.com/bingbot.htm) Chrome/116.0.1938.76 Safari/537.36"
40.77.167.235 - - [13/Dec/2025:06:10:46 +0000] "GET /product/edit/D2785108985 HTTP/1.1" 200 30640 "-" "Mozilla/5.0 AppleWebKit/537.36 (KHTML, like Gecko; compatible; bingbot/2.0; +http://www.bing.com/bingbot.htm) Chrome/116.0.1938.76 Safari/537.36"
185.191.171.16 - - [13/Dec/2025:06:10:46 +0000] "GET /?p=42887 HTTP/1.1" 200 42876 "-" "Mozilla/5.0 (compatible; SemrushBot/7~bl; +http://www.semrush.com/bot.html)"
66.135.21.75 - - [13/Dec/2025:06:10:50 +0000] "POST /wp-cron.php?doing_wp_cron=1765606250.9877929687500000000000 HTTP/1.1" 200 31 "-" "WordPress/6.3.1; https://datainsightnow.com"
185.191.171.3 - - [13/Dec/2025:06:10:51 +0000] "GET /?p=13907 HTTP/1.1" 200 43925 "-" "Mozilla/5.0 (compatible; SemrushBot/7~bl; +http://www.semrush.com/bot.html)"
185.191.171.3 - - [13/Dec/2025:06:10:54 +0000] "GET /?p=17323 HTTP/1.1" 200 41682 "-" "Mozilla/5.0 (compatible; SemrushBot/7~bl; +http://www.semrush.com/bot.html)"
185.191.171.18 - - [13/Dec/2025:06:10:58 +0000] "GET /?p=35861 HTTP/1.1" 200 41471 "-" "Mozilla/5.0 (compatible; SemrushBot/7~bl; +http://www.semrush.com/bot.html)"
85.208.96.206 - - [13/Dec/2025:06:11:02 +0000] "GET /?p=28745 HTTP/1.1" 200 42426 "-" "Mozilla/5.0 (compatible; SemrushBot/7~bl; +http://www.semrush.com/bot.html)"
57.141.0.48 - - [13/Dec/2025:06:11:04 +0000] "GET /2025/03/07/page/6/?fileloc=//sys/class/pci_bus/0000:04/device/pci_bus/0000:04/subsystem/0000:08/subsystem/0000:0d/subsystem/0000:11/device/reset_subordinate&path=//sys/class/pci_bus/0000:04/device/pci_bus/0000:04/subsystem/0000:08/subsystem/0000:0d/subsystem/0000:11/device HTTP/1.1" 200 262264 "-" "meta-externalagent/1.1 (+https://developers.facebook.com/docs/sharing/webmasters/crawler)"
85.208.96.210 - - [13/Dec/2025:06:11:06 +0000] "GET /?p=12535 HTTP/1.1" 200 43084 "-" "Mozilla/5.0 (compatible; SemrushBot/7~bl; +http://www.semrush.com/bot.html)"
185.191.171.2 - - [13/Dec/2025:06:11:10 +0000] "GET /?p=37439 HTTP/1.1" 200 41355 "-" "Mozilla/5.0 (compatible; SemrushBot/7~bl; +http://www.semrush.com/bot.html)"
185.191.171.7 - - [13/Dec/2025:06:11:13 +0000] "GET /?p=46831 HTTP/1.1" 200 43343 "-" "Mozilla/5.0 (compatible; SemrushBot/7~bl; +http://www.semrush.com/bot.html)"
66.249.77.98 - - [13/Dec/2025:06:11:15 +0000] "GET /robots.txt HTTP/1.1" 200 109 "-" "Mozilla/5.0 (compatible; Googlebot/2.1; +http://www.google.com/bot.html)"
85.208.96.210 - - [13/Dec/2025:06:11:17 +0000] "GET /?p=21507 HTTP/1.1" 200 42673 "-" "Mozilla/5.0 (compatible; SemrushBot/7~bl; +http://www.semrush.com/bot.html)"
185.191.171.7 - - [13/Dec/2025:06:11:22 +0000] "GET /?p=18710 HTTP/1.1" 200 42165 "-" "Mozilla/5.0 (compatible; SemrushBot/7~bl; +http://www.semrush.com/bot.html)"
85.208.96.205 - - [13/Dec/2025:06:11:26 +0000] "GET /?p=41633 HTTP/1.1" 200 44096 "-" "Mozilla/5.0 (compatible; SemrushBot/7~bl; +http://www.semrush.com/bot.html)"
85.208.96.208 - - [13/Dec/2025:06:11:29 +0000] "GET /?p=49377 HTTP/1.1" 200 43111 "-" "Mozilla/5.0 (compatible; SemrushBot/7~bl; +http://www.semrush.com/bot.html)"
85.208.96.206 - - [13/Dec/2025:06:11:33 +0000] "GET /?p=25504 HTTP/1.1" 200 42553 "-" "Mozilla/5.0 (compatible; SemrushBot/7~bl; +http://www.semrush.com/bot.html)"
85.208.96.200 - - [13/Dec/2025:06:11:36 +0000] "GET /?p=30619 HTTP/1.1" 200 42365 "-" "Mozilla/5.0 (compatible; SemrushBot/7~bl; +http://www.semrush.com/bot.html)"
185.191.171.12 - - [13/Dec/2025:06:11:40 +0000] "GET /?p=38792 HTTP/1.1" 200 43443 "-" "Mozilla/5.0 (compatible; SemrushBot/7~bl; +http://www.semrush.com/bot.html)"
185.191.171.6 - - [13/Dec/2025:06:11:44 +0000] "GET /?p=43657 HTTP/1.1" 200 42474 "-" "Mozilla/5.0 (compatible; SemrushBot/7~bl; +http://www.semrush.com/bot.html)"
57.141.0.12 - - [13/Dec/2025:06:11:47 +0000] "GET /karamba-spielsaal-erfahrungen-angeschlossen-testbericht-werfen-sie-einen-blick-auf-den-link-within-2025-pro-teutonia/?fileloc=//sys/class/pci_bus/0000:13/subsystem/0000:13/subsystem/0000:11/subsystem/0000:0d/subsystem/0000:04/device/config&path=//sys/class/pci_bus/0000:13/subsystem/0000:13/subsystem/0000:11/subsystem/0000:0d/subsystem/0000:04/device HTTP/1.1" 200 262264 "-" "meta-externalagent/1.1 (+https://developers.facebook.com/docs/sharing/webmasters/crawler)"
185.191.171.2 - - [13/Dec/2025:06:11:48 +0000] "GET /?p=27681 HTTP/1.1" 200 43906 "-" "Mozilla/5.0 (compatible; SemrushBot/7~bl; +http://www.semrush.com/bot.html)"
66.135.21.75 - - [13/Dec/2025:06:11:52 +0000] "POST /wp-cron.php?doing_wp_cron=1765606312.2769510746002197265625 HTTP/1.1" 200 31 "-" "WordPress/6.3.1; https://datainsightnow.com"
85.208.96.210 - - [13/Dec/2025:06:11:52 +0000] "GET /?p=45908 HTTP/1.1" 200 43557 "-" "Mozilla/5.0 (compatible; SemrushBot/7~bl; +http://www.semrush.com/bot.html)"
185.191.171.6 - - [13/Dec/2025:06:11:56 +0000] "GET /?p=15900 HTTP/1.1" 200 43094 "-" "Mozilla/5.0 (compatible; SemrushBot/7~bl; +http://www.semrush.com/bot.html)"
185.191.171.9 - - [13/Dec/2025:06:12:01 +0000] "GET /?p=21715 HTTP/1.1" 200 41115 "-" "Mozilla/5.0 (compatible; SemrushBot/7~bl; +http://www.semrush.com/bot.html)"
185.191.171.1 - - [13/Dec/2025:06:12:05 +0000] "GET /?cat=1&paged=1362 HTTP/1.1" 200 37545 "-" "Mozilla/5.0 (compatible; SemrushBot/7~bl; +http://www.semrush.com/bot.html)"
40.77.167.235 - - [13/Dec/2025:06:12:05 +0000] "GET /?201125932?entity=0200349642 HTTP/1.1" 200 44810 "-" "Mozilla/5.0 AppleWebKit/537.36 (KHTML, like Gecko; compatible; bingbot/2.0; +http://www.bing.com/bingbot.htm) Chrome/116.0.1938.76 Safari/537.36"
85.208.96.206 - - [13/Dec/2025:06:12:10 +0000] "GET /?p=31923 HTTP/1.1" 200 43691 "-" "Mozilla/5.0 (compatible; SemrushBot/7~bl; +http://www.semrush.com/bot.html)"
185.191.171.15 - - [13/Dec/2025:06:12:15 +0000] "GET /?p=29699 HTTP/1.1" 200 42110 "-" "Mozilla/5.0 (compatible; SemrushBot/7~bl; +http://www.semrush.com/bot.html)"
40.77.167.235 - - [13/Dec/2025:06:12:16 +0000] "GET /enc_avif/?path=/proc/self/root/etc/dpkg HTTP/1.1" 200 30319 "-" "Mozilla/5.0 AppleWebKit/537.36 (KHTML, like Gecko; compatible; bingbot/2.0; +http://www.bing.com/bingbot.htm) Chrome/116.0.1938.76 Safari/537.36"
85.208.96.206 - - [13/Dec/2025:06:12:19 +0000] "GET /?p=21657 HTTP/1.1" 200 41586 "-" "Mozilla/5.0 (compatible; SemrushBot/7~bl; +http://www.semrush.com/bot.html)"
85.208.96.202 - - [13/Dec/2025:06:12:23 +0000] "GET /?p=14946 HTTP/1.1" 200 41988 "-" "Mozilla/5.0 (compatible; SemrushBot/7~bl; +http://www.semrush.com/bot.html)"
185.191.171.16 - - [13/Dec/2025:06:12:27 +0000] "GET /?p=17583 HTTP/1.1" 200 43754 "-" "Mozilla/5.0 (compatible; SemrushBot/7~bl; +http://www.semrush.com/bot.html)"
57.141.0.69 - - [13/Dec/2025:06:12:29 +0000] "GET /karamba-spielsaal-erfahrungen-angeschlossen-testbericht-werfen-sie-einen-blick-auf-den-link-within-2025-pro-teutonia/?path=//sys/class/pci_bus/0000:06/subsystem/0000:04/device/driver/0000:00:03.0/driver/0000:00:04.0/subsystem/slots/28 HTTP/1.1" 200 262264 "-" "meta-externalagent/1.1 (+https://developers.facebook.com/docs/sharing/webmasters/crawler)"
66.249.77.98 - - [13/Dec/2025:06:12:31 +0000] "GET /?fileloc=//sys/class/sound/card0/device/subsystem/devices/0000:00:02.2/driver/0000:00:03.4/driver/0000:00:02.6/driver/0000:00:03.0/driver/0000:00:02.0/driver/0000:00:03.3/driver/0000:00:03.3/driver/0000:00:02.2/driver/0000:00:03.7/driver/0000:00:04.0/dma_mask_bits&path=//sys/class/sound/card0/device/subsystem/devices/0000:00:02.2/driver/0000:00:03.4/driver/0000:00:02.6/driver/0000:00:03.0/driver/0000:00:02.0/driver/0000:00:03.3/driver/0000:00:03.3/driver/0000:00:02.2/driver/0000:00:03.7/driver/0000:00:04.0 HTTP/1.1" 200 45442 "-" "Mozilla/5.0 (Linux; Android 6.0.1; Nexus 5X Build/MMB29P) AppleWebKit/537.36 (KHTML, like Gecko) Chrome/141.0.7390.122 Mobile Safari/537.36 (compatible; Googlebot/2.1; +http://www.google.com/bot.html)"
185.191.171.8 - - [13/Dec/2025:06:12:31 +0000] "GET /?p=38550 HTTP/1.1" 200 41518 "-" "Mozilla/5.0 (compatible; SemrushBot/7~bl; +http://www.semrush.com/bot.html)"
85.208.96.211 - - [13/Dec/2025:06:12:35 +0000] "GET /?p=16579 HTTP/1.1" 200 41517 "-" "Mozilla/5.0 (compatible; SemrushBot/7~bl; +http://www.semrush.com/bot.html)"
185.191.171.12 - - [13/Dec/2025:06:12:40 +0000] "GET /?p=11844 HTTP/1.1" 200 42668 "-" "Mozilla/5.0 (compatible; SemrushBot/7~bl; +http://www.semrush.com/bot.html)"
66.249.77.98 - - [13/Dec/2025:06:12:43 +0000] "GET /?path=//sys/class/sound/card0/device/subsystem/devices/0000:00:02.2/subsystem/devices/0000:00:03.4/driver/0000:00:02.1/driver/0000:00:02.2/0000:00:02.2:pcie010/subsystem/devices/0000:00:02.7:pcie001/subsystem/devices/0000:00:02.3:pcie002/subsystem/devices/0000:00:03.3:pcie001 HTTP/1.1" 200 45442 "-" "Mozilla/5.0 (Linux; Android 6.0.1; Nexus 5X Build/MMB29P) AppleWebKit/537.36 (KHTML, like Gecko) Chrome/141.0.7390.122 Mobile Safari/537.36 (compatible; Googlebot/2.1; +http://www.google.com/bot.html)"
185.191.171.5 - - [13/Dec/2025:06:12:44 +0000] "GET /?p=15966 HTTP/1.1" 200 43486 "-" "Mozilla/5.0 (compatible; SemrushBot/7~bl; +http://www.semrush.com/bot.html)"
185.191.171.5 - - [13/Dec/2025:06:12:48 +0000] "GET /?p=22427 HTTP/1.1" 200 42946 "-" "Mozilla/5.0 (compatible; SemrushBot/7~bl; +http://www.semrush.com/bot.html)"
52.167.144.176 - - [13/Dec/2025:06:12:53 +0000] "GET /safe_search/config?return_url=%2Fproduct%2Fdetail%2FD3441509920 HTTP/1.1" 200 29873 "-" "Mozilla/5.0 AppleWebKit/537.36 (KHTML, like Gecko; compatible; bingbot/2.0; +http://www.bing.com/bingbot.htm) Chrome/116.0.1938.76 Safari/537.36"
