85.208.96.196 - - [14/Dec/2025:00:33:57 +0000] "GET /?p=16123 HTTP/1.1" 200 41806 "-" "Mozilla/5.0 (compatible; SemrushBot/7~bl; +http://www.semrush.com/bot.html)"
74.7.227.179 - - [14/Dec/2025:00:33:58 +0000] "GET /?p=47601 HTTP/1.1" 200 42819 "-" "Mozilla/5.0 AppleWebKit/537.36 (KHTML, like Gecko; compatible; GPTBot/1.3; +https://openai.com/gptbot)"
57.141.0.23 - - [14/Dec/2025:00:33:59 +0000] "GET /2025/03/07/page/6/?fileloc=//sys/class/pci_bus/0000:05/subsystem/0000:10/device/subsystem/devices/0000:00:04.0/driver/0000:00:02.2/driver/0000:00:03.2/current_link_width&path=//sys/class/pci_bus/0000:05/subsystem/0000:10/device/subsystem/devices/0000:00:04.0/driver/0000:00:02.2/driver/0000:00:03.2 HTTP/1.1" 200 262209 "-" "meta-externalagent/1.1 (+https://developers.facebook.com/docs/sharing/webmasters/crawler)"
57.141.0.69 - - [14/Dec/2025:00:34:00 +0000] "GET /2025/03/13/?fileloc=//sys/class/pci_bus/0000:06/device/driver/0000:00:02.4/driver/0000:00:02.4/aer_rootport_total_err_cor&path=//sys/class/pci_bus/0000:06/device/driver/0000:00:02.4/driver/0000:00:02.4 HTTP/1.1" 200 262264 "-" "meta-externalagent/1.1 (+https://developers.facebook.com/docs/sharing/webmasters/crawler)"
74.7.227.179 - - [14/Dec/2025:00:34:01 +0000] "GET /index.php?rest_route=/wp/v2/posts/47601 HTTP/1.1" 200 5213 "-" "Mozilla/5.0 AppleWebKit/537.36 (KHTML, like Gecko; compatible; GPTBot/1.3; +https://openai.com/gptbot)"
57.141.0.4 - - [14/Dec/2025:00:34:02 +0000] "GET /2025/03/06/page/39/?path=//sys/class/pci_bus/0000:01/subsystem/0000:01/subsystem/0000:10/subsystem/0000:10/device HTTP/1.1" 200 262264 "-" "meta-externalagent/1.1 (+https://developers.facebook.com/docs/sharing/webmasters/crawler)"
57.141.0.2 - - [14/Dec/2025:00:34:03 +0000] "GET /2025/03/07/page/6/?fileloc=//sys/class/pci_bus/0000:0f/subsystem/0000:02/device/subsystem/devices/0000:00:02.1/0000:02:00.0/subsystem_device&path=//sys/class/pci_bus/0000:0f/subsystem/0000:02/device/subsystem/devices/0000:00:02.1/0000:02:00.0 HTTP/1.1" 200 262264 "-" "meta-externalagent/1.1 (+https://developers.facebook.com/docs/sharing/webmasters/crawler)"
74.7.227.179 - - [14/Dec/2025:00:34:04 +0000] "GET /index.php?rest_route=%2Foembed%2F1.0%2Fembed&url=https%3A%2F%2Fdatainsightnow.com%2F%3Fp%3D47601 HTTP/1.1" 200 1255 "-" "Mozilla/5.0 AppleWebKit/537.36 (KHTML, like Gecko; compatible; GPTBot/1.3; +https://openai.com/gptbot)"
47.128.38.236 - - [14/Dec/2025:00:34:05 +0000] "GET /?fileloc=%2F%2Fproc%2F26%2Fnet%2Fraw&path=%2F%2Fproc%2F26%2Fnet HTTP/1.1" 200 45439 "-" "Mozilla/5.0 (Linux; Android 5.0) AppleWebKit/537.36 (KHTML, like Gecko) Mobile Safari/537.36 (compatible; Bytespider; spider-feedback@bytedance.com)"
47.128.56.64 - - [14/Dec/2025:00:34:05 +0000] "GET /?fileloc=%2F%2Fusr%2Flib%2Flinux-tools%2F6.8.0-85-generic%2Fusbipd&path=%2F%2Fusr%2Flib%2Flinux-tools%2F6.8.0-85-generic HTTP/1.1" 200 45439 "-" "Mozilla/5.0 (Linux; Android 5.0) AppleWebKit/537.36 (KHTML, like Gecko) Mobile Safari/537.36 (compatible; Bytespider; spider-feedback@bytedance.com)"
74.7.227.179 - - [14/Dec/2025:00:34:08 +0000] "GET /index.php?format=xml&rest_route=%2Foembed%2F1.0%2Fembed&url=https%3A%2F%2Fdatainsightnow.com%2F%3Fp%3D47601 HTTP/1.1" 200 1278 "-" "Mozilla/5.0 AppleWebKit/537.36 (KHTML, like Gecko; compatible; GPTBot/1.3; +https://openai.com/gptbot)"
57.141.0.24 - - [14/Dec/2025:00:34:10 +0000] "GET /karamba-spielsaal-erfahrungen-angeschlossen-testbericht-werfen-sie-einen-blick-auf-den-link-within-2025-pro-teutonia/?fileloc=//sys/class/pci_bus/0000:06/subsystem/0000:0c/device/driver/0000:00:02.4/driver/0000:00:02.4/driver/0000:00:03.4/driver/0000:00:04.0/secondary_bus_number&path=//sys/class/pci_bus/0000:06/subsystem/0000:0c/device/driver/0000:00:02.4/driver/0000:00:02.4/driver/0000:00:03.4/driver/0000:00:04.0 HTTP/1.1" 200 262248 "-" "meta-externalagent/1.1 (+https://developers.facebook.com/docs/sharing/webmasters/crawler)"
66.249.77.98 - - [14/Dec/2025:00:34:10 +0000] "GET /entity/337342832.htm HTTP/1.1" 200 32416 "-" "Mozilla/5.0 (Linux; Android 6.0.1; Nexus 5X Build/MMB29P) AppleWebKit/537.36 (KHTML, like Gecko) Chrome/141.0.7390.122 Mobile Safari/537.36 (compatible; Googlebot/2.1; +http://www.google.com/bot.html)"
74.7.227.179 - - [14/Dec/2025:00:34:11 +0000] "GET /?p=29747 HTTP/1.1" 200 42582 "-" "Mozilla/5.0 AppleWebKit/537.36 (KHTML, like Gecko; compatible; GPTBot/1.3; +https://openai.com/gptbot)"
57.141.0.60 - - [14/Dec/2025:00:34:13 +0000] "GET /2025/03/07/page/6/?fileloc=//sys/class/pci_bus/0000:05/subsystem/0000:00/subsystem/0000:06/subsystem/0000:06/device/driver/0000:00:02.0/current_link_speed&path=//sys/class/pci_bus/0000:05/subsystem/0000:00/subsystem/0000:06/subsystem/0000:06/device/driver/0000:00:02.0 HTTP/1.1" 200 262264 "-" "meta-externalagent/1.1 (+https://developers.facebook.com/docs/sharing/webmasters/crawler)"
74.7.227.179 - - [14/Dec/2025:00:34:14 +0000] "GET /index.php?rest_route=%2Foembed%2F1.0%2Fembed&url=https%3A%2F%2Fdatainsightnow.com%2F%3Fp%3D29747 HTTP/1.1" 200 1282 "-" "Mozilla/5.0 AppleWebKit/537.36 (KHTML, like Gecko; compatible; GPTBot/1.3; +https://openai.com/gptbot)"
66.249.77.99 - - [14/Dec/2025:00:34:15 +0000] "GET /entity/668901949.htm HTTP/1.1" 200 29894 "-" "Mozilla/5.0 (Linux; Android 6.0.1; Nexus 5X Build/MMB29P) AppleWebKit/537.36 (KHTML, like Gecko) Chrome/141.0.7390.122 Mobile Safari/537.36 (compatible; Googlebot/2.1; +http://www.google.com/bot.html)"
57.141.0.4 - - [14/Dec/2025:00:34:16 +0000] "GET /karamba-spielsaal-erfahrungen-angeschlossen-testbericht-werfen-sie-einen-blick-auf-den-link-within-2025-pro-teutonia/?fileloc=//sys/class/pci_bus/0000:06/subsystem/0000:13/subsystem/0000:05/subsystem/0000:04/subsystem/0000:09/device/driver/0000:00:04.0/secondary_bus_number&path=//sys/class/pci_bus/0000:06/subsystem/0000:13/subsystem/0000:05/subsystem/0000:04/subsystem/0000:09/device/driver/0000:00:04.0 HTTP/1.1" 200 262264 "-" "meta-externalagent/1.1 (+https://developers.facebook.com/docs/sharing/webmasters/crawler)"
74.7.227.179 - - [14/Dec/2025:00:34:17 +0000] "GET /index.php?rest_route=/wp/v2/posts/29747 HTTP/1.1" 200 5185 "-" "Mozilla/5.0 AppleWebKit/537.36 (KHTML, like Gecko; compatible; GPTBot/1.3; +https://openai.com/gptbot)"
57.141.0.16 - - [14/Dec/2025:00:34:17 +0000] "GET /2025/03/07/page/6/?fileloc=//sys/class/pci_bus/0000:0a/subsystem/0000:0b/subsystem/0000:0c/subsystem/0000:00/device/0000:00:00.0/revision&path=//sys/class/pci_bus/0000:0a/subsystem/0000:0b/subsystem/0000:0c/subsystem/0000:00/device/0000:00:00.0 HTTP/1.1" 200 262209 "-" "meta-externalagent/1.1 (+https://developers.facebook.com/docs/sharing/webmasters/crawler)"
74.7.227.179 - - [14/Dec/2025:00:34:20 +0000] "GET /index.php?format=xml&rest_route=%2Foembed%2F1.0%2Fembed&url=https%3A%2F%2Fdatainsightnow.com%2F%3Fp%3D29747 HTTP/1.1" 200 1310 "-" "Mozilla/5.0 AppleWebKit/537.36 (KHTML, like Gecko; compatible; GPTBot/1.3; +https://openai.com/gptbot)"
57.141.0.7 - - [14/Dec/2025:00:34:22 +0000] "GET /moneysense-self-help-guide-to-the-ideal-profile/?path=//sys/class/pci_bus/0000:13/device/driver/0000:00:03.5/driver/0000:00:03.5/subsystem/devices/0000:00:02.3 HTTP/1.1" 200 262248 "-" "meta-externalagent/1.1 (+https://developers.facebook.com/docs/sharing/webmasters/crawler)"
57.141.0.23 - - [14/Dec/2025:00:34:23 +0000] "GET /2025/03/07/page/6/?path=//sys/class/pci_bus/0000:0d/subsystem/0000:0d/subsystem/0000:11/subsystem/0000:06/device/driver/0000:00:02.5/0000:07:00.0 HTTP/1.1" 200 262264 "-" "meta-externalagent/1.1 (+https://developers.facebook.com/docs/sharing/webmasters/crawler)"
74.7.227.179 - - [14/Dec/2025:00:34:24 +0000] "GET /?p=9913 HTTP/1.1" 200 43294 "-" "Mozilla/5.0 AppleWebKit/537.36 (KHTML, like Gecko; compatible; GPTBot/1.3; +https://openai.com/gptbot)"
66.249.77.98 - - [14/Dec/2025:00:34:24 +0000] "GET /?fileloc=//sys/class/sound/card0/device/subsystem/devices/0000:00:02.2/driver/0000:00:04.0/driver/0000:00:02.0/driver/0000:00:03.1/driver/0000:00:02.4/driver/0000:00:03.7/subsystem/devices/0000:00:03.6/dma_mask_bits&path=//sys/class/sound/card0/device/subsystem/devices/0000:00:02.2/driver/0000:00:04.0/driver/0000:00:02.0/driver/0000:00:03.1/driver/0000:00:02.4/driver/0000:00:03.7/subsystem/devices/0000:00:03.6 HTTP/1.1" 200 45439 "-" "Mozilla/5.0 (Linux; Android 6.0.1; Nexus 5X Build/MMB29P) AppleWebKit/537.36 (KHTML, like Gecko) Chrome/141.0.7390.122 Mobile Safari/537.36 (compatible; Googlebot/2.1; +http://www.google.com/bot.html)"
57.141.0.34 - - [14/Dec/2025:00:34:25 +0000] "GET /2025/03/06/page/39/?path=//sys/class/pci_bus/0000:02/device/driver/0000:00:03.6/driver/0000:00:03.0/driver/0000:00:02.1/driver/0000:00:02.5/driver HTTP/1.1" 200 262248 "-" "meta-externalagent/1.1 (+https://developers.facebook.com/docs/sharing/webmasters/crawler)"
74.7.227.179 - - [14/Dec/2025:00:34:27 +0000] "GET /index.php?rest_route=/wp/v2/posts/9913 HTTP/1.1" 200 5929 "-" "Mozilla/5.0 AppleWebKit/537.36 (KHTML, like Gecko; compatible; GPTBot/1.3; +https://openai.com/gptbot)"
185.113.8.55 - - [14/Dec/2025:00:34:29 +0000] "POST /wp-login.php HTTP/1.1" 200 2619 "-" "Mozilla/5.0 (Windows NT 10.0; Win64; x64) AppleWebKit/537.36 (KHTML, like Gecko) Chrome/124.0.6666.101 Safari/537.36"
185.113.8.55 - - [14/Dec/2025:00:34:30 +0000] "POST /wp-login.php HTTP/1.1" 200 2619 "-" "Mozilla/5.0 (Windows NT 11.0; Win64; x64) AppleWebKit/537.36 (KHTML, like Gecko) Chrome/129.0.5541.791 Safari/537.36"
74.7.227.179 - - [14/Dec/2025:00:34:30 +0000] "GET /index.php?rest_route=%2Foembed%2F1.0%2Fembed&url=https%3A%2F%2Fdatainsightnow.com%2F%3Fp%3D9913 HTTP/1.1" 200 1269 "-" "Mozilla/5.0 AppleWebKit/537.36 (KHTML, like Gecko; compatible; GPTBot/1.3; +https://openai.com/gptbot)"
57.141.0.39 - - [14/Dec/2025:00:34:30 +0000] "GET /karamba-spielsaal-erfahrungen-angeschlossen-testbericht-werfen-sie-einen-blick-auf-den-link-within-2025-pro-teutonia/?fileloc=//sys/class/pci_bus/0000:0b/subsystem/0000:01/subsystem/0000:07/subsystem/0000:0b/device/aer_rootport_total_err_fatal&path=//sys/class/pci_bus/0000:0b/subsystem/0000:01/subsystem/0000:07/subsystem/0000:0b/device HTTP/1.1" 200 262248 "-" "meta-externalagent/1.1 (+https://developers.facebook.com/docs/sharing/webmasters/crawler)"
74.7.227.179 - - [14/Dec/2025:00:34:33 +0000] "GET /index.php?format=xml&rest_route=%2Foembed%2F1.0%2Fembed&url=https%3A%2F%2Fdatainsightnow.com%2F%3Fp%3D9913 HTTP/1.1" 200 1295 "-" "Mozilla/5.0 AppleWebKit/537.36 (KHTML, like Gecko; compatible; GPTBot/1.3; +https://openai.com/gptbot)"
57.141.0.3 - - [14/Dec/2025:00:34:36 +0000] "GET /2025/03/06/page/39/?fileloc=//sys/class/pci_bus/0000:05/subsystem/0000:04/subsystem/0000:0b/device/driver/0000:00:04.0/secondary_bus_number&path=//sys/class/pci_bus/0000:05/subsystem/0000:04/subsystem/0000:0b/device/driver/0000:00:04.0 HTTP/1.1" 200 262209 "-" "meta-externalagent/1.1 (+https://developers.facebook.com/docs/sharing/webmasters/crawler)"
74.7.227.179 - - [14/Dec/2025:00:34:37 +0000] "GET /?p=24009 HTTP/1.1" 200 41733 "-" "Mozilla/5.0 AppleWebKit/537.36 (KHTML, like Gecko; compatible; GPTBot/1.3; +https://openai.com/gptbot)"
57.141.0.68 - - [14/Dec/2025:00:34:37 +0000] "GET /2025/03/13/?fileloc=//sys/class/pci_bus/0000:09/subsystem/0000:04/device/driver/0000:00:03.0/driver/0000:00:02.6/class&path=//sys/class/pci_bus/0000:09/subsystem/0000:04/device/driver/0000:00:03.0/driver/0000:00:02.6 HTTP/1.1" 200 262264 "-" "meta-externalagent/1.1 (+https://developers.facebook.com/docs/sharing/webmasters/crawler)"
57.141.0.33 - - [14/Dec/2025:00:34:37 +0000] "GET /2025/03/07/page/6/?path=//sys/class/pci_bus/0000:05/device/0000:00:02.3:pcie001/subsystem/devices/0000:00:02.4:pcie002/driver/0000:00:02.3:pcie002/subsystem/devices/0000:00:04.0:pcie010 HTTP/1.1" 200 262264 "-" "meta-externalagent/1.1 (+https://developers.facebook.com/docs/sharing/webmasters/crawler)"
74.7.227.179 - - [14/Dec/2025:00:34:39 +0000] "GET /index.php?rest_route=/wp/v2/posts/24009 HTTP/1.1" 200 4520 "-" "Mozilla/5.0 AppleWebKit/537.36 (KHTML, like Gecko; compatible; GPTBot/1.3; +https://openai.com/gptbot)"
57.141.0.33 - - [14/Dec/2025:00:34:42 +0000] "GET /2025/03/07/page/6/?path=//sys/class/pci_bus/0000:05/subsystem/0000:0c/subsystem/0000:0e/subsystem/0000:12/subsystem/0000:12/device/pci_bus HTTP/1.1" 200 262209 "-" "meta-externalagent/1.1 (+https://developers.facebook.com/docs/sharing/webmasters/crawler)"
74.7.227.179 - - [14/Dec/2025:00:34:42 +0000] "GET /index.php?format=xml&rest_route=%2Foembed%2F1.0%2Fembed&url=https%3A%2F%2Fdatainsightnow.com%2F%3Fp%3D24009 HTTP/1.1" 200 1308 "-" "Mozilla/5.0 AppleWebKit/537.36 (KHTML, like Gecko; compatible; GPTBot/1.3; +https://openai.com/gptbot)"
185.113.8.55 - - [14/Dec/2025:00:34:44 +0000] "POST /wp-login.php HTTP/1.1" 200 2679 "-" "Mozilla/5.0 (Windows NT 10.0; Win64; x64) AppleWebKit/537.36 (KHTML, like Gecko) Chrome/133.0.5563.560 Safari/537.36"
74.7.227.179 - - [14/Dec/2025:00:34:46 +0000] "GET /index.php?rest_route=%2Foembed%2F1.0%2Fembed&url=https%3A%2F%2Fdatainsightnow.com%2F%3Fp%3D24009 HTTP/1.1" 200 1283 "-" "Mozilla/5.0 AppleWebKit/537.36 (KHTML, like Gecko; compatible; GPTBot/1.3; +https://openai.com/gptbot)"
66.249.77.98 - - [14/Dec/2025:00:34:49 +0000] "GET /?path=//sys/class/sound/card0/device/subsystem/devices/0000:00:02.2/driver/0000:00:02.2/driver/0000:00:03.1/0000:00:03.1:pcie010/subsystem/devices/0000:00:02.0:pcie001/driver/0000:00:03.5:pcie001/subsystem/devices/0000:00:04.0:pcie010/subsystem/devices/0000:00:03.7:pcie002/driver/0000:00:02.2:pcie002/driver/0000:00:03.6:pcie002/subsystem/devices/0000:00:02.7:pcie002/subsystem/devices/0000:00:03.3:pcie010/subsystem/drivers HTTP/1.1" 200 45439 "-" "Mozilla/5.0 (Linux; Android 6.0.1; Nexus 5X Build/MMB29P) AppleWebKit/537.36 (KHTML, like Gecko) Chrome/141.0.7390.122 Mobile Safari/537.36 (compatible; Googlebot/2.1; +http://www.google.com/bot.html)"
74.7.227.179 - - [14/Dec/2025:00:34:49 +0000] "GET /?p=11798 HTTP/1.1" 200 43889 "-" "Mozilla/5.0 AppleWebKit/537.36 (KHTML, like Gecko; compatible; GPTBot/1.3; +https://openai.com/gptbot)"
66.135.21.75 - - [14/Dec/2025:00:34:52 +0000] "POST /wp-cron.php?doing_wp_cron=1765672492.1975340843200683593750 HTTP/1.1" 200 31 "-" "WordPress/6.3.1; https://datainsightnow.com"
74.7.227.179 - - [14/Dec/2025:00:34:52 +0000] "GET /?p=16368 HTTP/1.1" 200 42689 "-" "Mozilla/5.0 AppleWebKit/537.36 (KHTML, like Gecko; compatible; GPTBot/1.3; +https://openai.com/gptbot)"
57.141.0.5 - - [14/Dec/2025:00:34:53 +0000] "GET /2025/03/07/page/6/?path=//sys/class/pci_bus/0000:05/subsystem/0000:08/subsystem/0000:11/subsystem/0000:11/device/driver/0000:00:02.0/0000:00:02.0:pcie002/driver/0000:00:03.4:pcie002 HTTP/1.1" 200 262264 "-" "meta-externalagent/1.1 (+https://developers.facebook.com/docs/sharing/webmasters/crawler)"
74.7.227.179 - - [14/Dec/2025:00:34:55 +0000] "GET /index.php?rest_route=/wp/v2/posts/16368 HTTP/1.1" 200 6835 "-" "Mozilla/5.0 AppleWebKit/537.36 (KHTML, like Gecko; compatible; GPTBot/1.3; +https://openai.com/gptbot)"
57.141.0.9 - - [14/Dec/2025:00:34:57 +0000] "GET /2025/03/06/page/39/?fileloc=//sys/class/pci_bus/0000:01/subsystem/0000:02/subsystem/0000:11/subsystem/0000:0c/rescan&path=//sys/class/pci_bus/0000:01/subsystem/0000:02/subsystem/0000:11/subsystem/0000:0c HTTP/1.1" 200 262215 "-" "meta-externalagent/1.1 (+https://developers.facebook.com/docs/sharing/webmasters/crawler)"
74.7.227.179 - - [14/Dec/2025:00:34:58 +0000] "GET /index.php?format=xml&rest_route=%2Foembed%2F1.0%2Fembed&url=https%3A%2F%2Fdatainsightnow.com%2F%3Fp%3D16368 HTTP/1.1" 200 1484 "-" "Mozilla/5.0 AppleWebKit/537.36 (KHTML, like Gecko; compatible; GPTBot/1.3; +https://openai.com/gptbot)"
74.7.227.179 - - [14/Dec/2025:00:35:01 +0000] "GET /index.php?rest_route=%2Foembed%2F1.0%2Fembed&url=https%3A%2F%2Fdatainsightnow.com%2F%3Fp%3D16368 HTTP/1.1" 200 1440 "-" "Mozilla/5.0 AppleWebKit/537.36 (KHTML, like Gecko; compatible; GPTBot/1.3; +https://openai.com/gptbot)"
57.141.0.26 - - [14/Dec/2025:00:35:01 +0000] "GET /karamba-spielsaal-erfahrungen-angeschlossen-testbericht-werfen-sie-einen-blick-auf-den-link-within-2025-pro-teutonia/?path=//sys/class/pci_bus/0000:0e/subsystem/0000:07/device/0000:00:02.5:pcie001/subsystem/devices/0000:00:02.5:pcie001/subsystem/devices/0000:00:03.6:pcie001 HTTP/1.1" 200 262264 "-" "meta-externalagent/1.1 (+https://developers.facebook.com/docs/sharing/webmasters/crawler)"
85.208.96.202 - - [14/Dec/2025:00:35:02 +0000] "GET /?p=32169 HTTP/1.1" 200 41386 "-" "Mozilla/5.0 (compatible; SemrushBot/7~bl; +http://www.semrush.com/bot.html)"
74.7.227.179 - - [14/Dec/2025:00:35:04 +0000] "GET /?p=20401 HTTP/1.1" 200 41592 "-" "Mozilla/5.0 AppleWebKit/537.36 (KHTML, like Gecko; compatible; GPTBot/1.3; +https://openai.com/gptbot)"
57.141.0.37 - - [14/Dec/2025:00:35:05 +0000] "GET /2025/03/07/page/6/?fileloc=//sys/class/pci_bus/0000:0d/subsystem/0000:0f/subsystem/0000:00/subsystem/0000:13/rescan&path=//sys/class/pci_bus/0000:0d/subsystem/0000:0f/subsystem/0000:00/subsystem/0000:13 HTTP/1.1" 200 262209 "-" "meta-externalagent/1.1 (+https://developers.facebook.com/docs/sharing/webmasters/crawler)"
57.141.0.49 - - [14/Dec/2025:00:35:06 +0000] "GET /moneysense-self-help-guide-to-the-ideal-profile/?path=//sys/class/pci_bus/0000:05/subsystem/0000:06/subsystem/0000:11/subsystem/0000:0a/subsystem/0000:04 HTTP/1.1" 200 262264 "-" "meta-externalagent/1.1 (+https://developers.facebook.com/docs/sharing/webmasters/crawler)"
57.141.0.56 - - [14/Dec/2025:00:35:07 +0000] "GET /2025/03/07/page/6/?fileloc=//sys/class/pci_bus/0000:0d/subsystem/0000:0c/device/driver/0000:00:02.3/driver/0000:00:02.5/0000:07:00.0/vendor&path=//sys/class/pci_bus/0000:0d/subsystem/0000:0c/device/driver/0000:00:02.3/driver/0000:00:02.5/0000:07:00.0 HTTP/1.1" 200 262264 "-" "meta-externalagent/1.1 (+https://developers.facebook.com/docs/sharing/webmasters/crawler)"
74.7.227.179 - - [14/Dec/2025:00:35:07 +0000] "GET /index.php?rest_route=/wp/v2/posts/20401 HTTP/1.1" 200 4428 "-" "Mozilla/5.0 AppleWebKit/537.36 (KHTML, like Gecko; compatible; GPTBot/1.3; +https://openai.com/gptbot)"
57.141.0.28 - - [14/Dec/2025:00:35:07 +0000] "GET /karamba-spielsaal-erfahrungen-angeschlossen-testbericht-werfen-sie-einen-blick-auf-den-link-within-2025-pro-teutonia/?fileloc=//sys/class/pci_bus/0000:0f/subsystem/0000:0c/device/driver/0000:00:03.2/0000:00:03.2:pcie002/driver/bind&path=//sys/class/pci_bus/0000:0f/subsystem/0000:0c/device/driver/0000:00:03.2/0000:00:03.2:pcie002/driver HTTP/1.1" 200 262216 "-" "meta-externalagent/1.1 (+https://developers.facebook.com/docs/sharing/webmasters/crawler)"
57.141.0.42 - - [14/Dec/2025:00:35:08 +0000] "GET /karamba-spielsaal-erfahrungen-angeschlossen-testbericht-werfen-sie-einen-blick-auf-den-link-within-2025-pro-teutonia/?path=//sys/class/pci_bus/0000:04/subsystem/0000:09/device/driver/0000:00:03.1/driver/0000:00:02.2/0000:00:02.2:pcie001 HTTP/1.1" 200 262209 "-" "meta-externalagent/1.1 (+https://developers.facebook.com/docs/sharing/webmasters/crawler)"
57.141.0.28 - - [14/Dec/2025:00:35:08 +0000] "GET /karamba-spielsaal-erfahrungen-angeschlossen-testbericht-werfen-sie-einen-blick-auf-den-link-within-2025-pro-teutonia/?path=//sys/class/pci_bus/0000:04/device/0000:00:02.2:pcie001/subsystem/devices/0000:00:03.2:pcie001/driver/0000:00:03.0:pcie001/subsystem/devices/0000:00:02.3:pcie002 HTTP/1.1" 200 262264 "-" "meta-externalagent/1.1 (+https://developers.facebook.com/docs/sharing/webmasters/crawler)"
185.113.8.55 - - [14/Dec/2025:00:35:09 +0000] "POST /wp-login.php HTTP/1.1" 200 2619 "-" "Mozilla/5.0 (Windows NT 11.0; Win64; x64) AppleWebKit/537.36 (KHTML, like Gecko) Chrome/126.0.7219.785 Safari/537.36"
66.249.77.100 - - [14/Dec/2025:00:35:10 +0000] "GET /entity/64623355.htm HTTP/1.1" 200 31071 "-" "Mozilla/5.0 (Linux; Android 6.0.1; Nexus 5X Build/MMB29P) AppleWebKit/537.36 (KHTML, like Gecko) Chrome/141.0.7390.122 Mobile Safari/537.36 (compatible; Googlebot/2.1; +http://www.google.com/bot.html)"
74.7.227.179 - - [14/Dec/2025:00:35:10 +0000] "GET /index.php?rest_route=%2Foembed%2F1.0%2Fembed&url=https%3A%2F%2Fdatainsightnow.com%2F%3Fp%3D20401 HTTP/1.1" 200 1269 "-" "Mozilla/5.0 AppleWebKit/537.36 (KHTML, like Gecko; compatible; GPTBot/1.3; +https://openai.com/gptbot)"
85.208.96.203 - - [14/Dec/2025:00:35:11 +0000] "GET /?p=36283 HTTP/1.1" 200 43797 "-" "Mozilla/5.0 (compatible; SemrushBot/7~bl; +http://www.semrush.com/bot.html)"
74.7.227.179 - - [14/Dec/2025:00:35:13 +0000] "GET /index.php?format=xml&rest_route=%2Foembed%2F1.0%2Fembed&url=https%3A%2F%2Fdatainsightnow.com%2F%3Fp%3D20401 HTTP/1.1" 200 1294 "-" "Mozilla/5.0 AppleWebKit/537.36 (KHTML, like Gecko; compatible; GPTBot/1.3; +https://openai.com/gptbot)"
57.141.0.72 - - [14/Dec/2025:00:35:14 +0000] "GET /karamba-spielsaal-erfahrungen-angeschlossen-testbericht-werfen-sie-einen-blick-auf-den-link-within-2025-pro-teutonia/?fileloc=//sys/class/pci_bus/0000:0a/subsystem/0000:0d/device/subsystem/devices/0000:00:02.7/local_cpulist&path=//sys/class/pci_bus/0000:0a/subsystem/0000:0d/device/subsystem/devices/0000:00:02.7 HTTP/1.1" 200 262264 "-" "meta-externalagent/1.1 (+https://developers.facebook.com/docs/sharing/webmasters/crawler)"
74.7.227.179 - - [14/Dec/2025:00:35:17 +0000] "GET /?p=11532 HTTP/1.1" 200 41206 "-" "Mozilla/5.0 AppleWebKit/537.36 (KHTML, like Gecko; compatible; GPTBot/1.3; +https://openai.com/gptbot)"
74.7.227.179 - - [14/Dec/2025:00:35:20 +0000] "GET /index.php?rest_route=/wp/v2/posts/11532 HTTP/1.1" 200 4104 "-" "Mozilla/5.0 AppleWebKit/537.36 (KHTML, like Gecko; compatible; GPTBot/1.3; +https://openai.com/gptbot)"
74.7.227.179 - - [14/Dec/2025:00:35:23 +0000] "GET /index.php?rest_route=%2Foembed%2F1.0%2Fembed&url=https%3A%2F%2Fdatainsightnow.com%2F%3Fp%3D11532 HTTP/1.1" 200 1273 "-" "Mozilla/5.0 AppleWebKit/537.36 (KHTML, like Gecko; compatible; GPTBot/1.3; +https://openai.com/gptbot)"
57.141.0.47 - - [14/Dec/2025:00:35:23 +0000] "GET /2025/03/07/page/6/?path=//sys/bus/acpi/devices/device:22/subsystem/devices/device:02/power HTTP/1.1" 200 262209 "-" "meta-externalagent/1.1 (+https://developers.facebook.com/docs/sharing/webmasters/crawler)"
57.141.0.52 - - [14/Dec/2025:00:35:23 +0000] "GET /karamba-spielsaal-erfahrungen-angeschlossen-testbericht-werfen-sie-einen-blick-auf-den-link-within-2025-pro-teutonia/?fileloc=//sys/class/pci_bus/0000:0d/subsystem/0000:11/subsystem/0000:09/device/subsystem/devices/0000:00:02.7/0000:09:00.0/subsystem_vendor&path=//sys/class/pci_bus/0000:0d/subsystem/0000:11/subsystem/0000:09/device/subsystem/devices/0000:00:02.7/0000:09:00.0 HTTP/1.1" 200 262264 "-" "meta-externalagent/1.1 (+https://developers.facebook.com/docs/sharing/webmasters/crawler)"
57.141.0.32 - - [14/Dec/2025:00:35:24 +0000] "GET /2025/03/07/page/6/?path=//sys/class/pci_bus/0000:05/subsystem/0000:00/device/0000:00:03.5/subsystem/devices/0000:00:00.0 HTTP/1.1" 200 262264 "-" "meta-externalagent/1.1 (+https://developers.facebook.com/docs/sharing/webmasters/crawler)"
74.7.227.179 - - [14/Dec/2025:00:35:26 +0000] "GET /index.php?format=xml&rest_route=%2Foembed%2F1.0%2Fembed&url=https%3A%2F%2Fdatainsightnow.com%2F%3Fp%3D11532 HTTP/1.1" 200 1302 "-" "Mozilla/5.0 AppleWebKit/537.36 (KHTML, like Gecko; compatible; GPTBot/1.3; +https://openai.com/gptbot)"
74.7.227.179 - - [14/Dec/2025:00:35:30 +0000] "GET /?p=42261 HTTP/1.1" 200 41897 "-" "Mozilla/5.0 AppleWebKit/537.36 (KHTML, like Gecko; compatible; GPTBot/1.3; +https://openai.com/gptbot)"
66.135.21.75 - - [14/Dec/2025:00:35:32 +0000] "POST /wp-cron.php?doing_wp_cron=1765672532.8755879402160644531250 HTTP/1.1" 200 31 "-" "WordPress/6.3.1; https://datainsightnow.com"
74.7.227.179 - - [14/Dec/2025:00:35:32 +0000] "GET /index.php?rest_route=/wp/v2/posts/42261 HTTP/1.1" 200 4526 "-" "Mozilla/5.0 AppleWebKit/537.36 (KHTML, like Gecko; compatible; GPTBot/1.3; +https://openai.com/gptbot)"
74.7.227.179 - - [14/Dec/2025:00:35:36 +0000] "GET /index.php?format=xml&rest_route=%2Foembed%2F1.0%2Fembed&url=https%3A%2F%2Fdatainsightnow.com%2F%3Fp%3D42261 HTTP/1.1" 200 1280 "-" "Mozilla/5.0 AppleWebKit/537.36 (KHTML, like Gecko; compatible; GPTBot/1.3; +https://openai.com/gptbot)"
74.7.227.179 - - [14/Dec/2025:00:35:39 +0000] "GET /index.php?rest_route=%2Foembed%2F1.0%2Fembed&url=https%3A%2F%2Fdatainsightnow.com%2F%3Fp%3D42261 HTTP/1.1" 200 1255 "-" "Mozilla/5.0 AppleWebKit/537.36 (KHTML, like Gecko; compatible; GPTBot/1.3; +https://openai.com/gptbot)"
66.249.77.98 - - [14/Dec/2025:00:35:40 +0000] "GET /?path=//sys/class/sound/card0/device/subsystem/devices/0000:00:02.2/driver/0000:00:02.2/driver/0000:00:03.1/driver/0000:00:03.2/firmware_node/subsystem/devices/PNP0C01:00/physical_node/firmware_node/subsystem/devices/PNP0C0F:0c/subsystem/devices/device:22/subsystem HTTP/1.1" 200 45439 "-" "Mozilla/5.0 (Linux; Android 6.0.1; Nexus 5X Build/MMB29P) AppleWebKit/537.36 (KHTML, like Gecko) Chrome/141.0.7390.122 Mobile Safari/537.36 (compatible; Googlebot/2.1; +http://www.google.com/bot.html)"
74.7.227.179 - - [14/Dec/2025:00:35:42 +0000] "GET /?p=47709 HTTP/1.1" 200 42836 "-" "Mozilla/5.0 AppleWebKit/537.36 (KHTML, like Gecko; compatible; GPTBot/1.3; +https://openai.com/gptbot)"
74.7.227.179 - - [14/Dec/2025:00:35:45 +0000] "GET /index.php?rest_route=/wp/v2/posts/47709 HTTP/1.1" 200 5353 "-" "Mozilla/5.0 AppleWebKit/537.36 (KHTML, like Gecko; compatible; GPTBot/1.3; +https://openai.com/gptbot)"
74.7.227.179 - - [14/Dec/2025:00:35:48 +0000] "GET /index.php?format=xml&rest_route=%2Foembed%2F1.0%2Fembed&url=https%3A%2F%2Fdatainsightnow.com%2F%3Fp%3D47709 HTTP/1.1" 200 1293 "-" "Mozilla/5.0 AppleWebKit/537.36 (KHTML, like Gecko; compatible; GPTBot/1.3; +https://openai.com/gptbot)"
66.135.21.75 - - [14/Dec/2025:00:35:50 +0000] "POST /wp-cron.php?doing_wp_cron=1765672550.8050119876861572265625 HTTP/1.1" 200 31 "-" "WordPress/6.3.1; https://datainsightnow.com"
185.113.8.55 - - [14/Dec/2025:00:35:50 +0000] "POST /wp-login.php HTTP/1.1" 200 2619 "-" "Mozilla/5.0 (Macintosh; Intel Mac OS X 14_6_1) AppleWebKit/537.36 (KHTML, like Gecko) Chrome/130.0.4759.973 Safari/537.36"
74.7.227.179 - - [14/Dec/2025:00:35:52 +0000] "GET /index.php?rest_route=%2Foembed%2F1.0%2Fembed&url=https%3A%2F%2Fdatainsightnow.com%2F%3Fp%3D47709 HTTP/1.1" 200 1266 "-" "Mozilla/5.0 AppleWebKit/537.36 (KHTML, like Gecko; compatible; GPTBot/1.3; +https://openai.com/gptbot)"
185.191.171.16 - - [14/Dec/2025:00:35:53 +0000] "GET /?p=21925 HTTP/1.1" 200 43978 "-" "Mozilla/5.0 (compatible; SemrushBot/7~bl; +http://www.semrush.com/bot.html)"
74.7.227.179 - - [14/Dec/2025:00:35:55 +0000] "GET /?p=40819 HTTP/1.1" 200 41638 "-" "Mozilla/5.0 AppleWebKit/537.36 (KHTML, like Gecko; compatible; GPTBot/1.3; +https://openai.com/gptbot)"
74.7.227.179 - - [14/Dec/2025:00:35:58 +0000] "GET /index.php?rest_route=/wp/v2/posts/40819 HTTP/1.1" 200 4563 "-" "Mozilla/5.0 AppleWebKit/537.36 (KHTML, like Gecko; compatible; GPTBot/1.3; +https://openai.com/gptbot)"
185.113.8.55 - - [14/Dec/2025:00:36:00 +0000] "POST /wp-login.php HTTP/1.1" 200 2619 "-" "Mozilla/5.0 (Windows NT 10.0; Win64; x64) AppleWebKit/537.36 (KHTML, like Gecko) Chrome/122.0.5479.455 Safari/537.36"
74.7.227.179 - - [14/Dec/2025:00:36:01 +0000] "GET /index.php?rest_route=%2Foembed%2F1.0%2Fembed&url=https%3A%2F%2Fdatainsightnow.com%2F%3Fp%3D40819 HTTP/1.1" 200 1267 "-" "Mozilla/5.0 AppleWebKit/537.36 (KHTML, like Gecko; compatible; GPTBot/1.3; +https://openai.com/gptbot)"
74.7.227.179 - - [14/Dec/2025:00:36:04 +0000] "GET /index.php?format=xml&rest_route=%2Foembed%2F1.0%2Fembed&url=https%3A%2F%2Fdatainsightnow.com%2F%3Fp%3D40819 HTTP/1.1" 200 1294 "-" "Mozilla/5.0 AppleWebKit/537.36 (KHTML, like Gecko; compatible; GPTBot/1.3; +https://openai.com/gptbot)"
74.7.227.179 - - [14/Dec/2025:00:36:08 +0000] "GET /?p=28005 HTTP/1.1" 200 42060 "-" "Mozilla/5.0 AppleWebKit/537.36 (KHTML, like Gecko; compatible; GPTBot/1.3; +https://openai.com/gptbot)"
74.7.227.179 - - [14/Dec/2025:00:36:10 +0000] "GET /index.php?format=xml&rest_route=%2Foembed%2F1.0%2Fembed&url=https%3A%2F%2Fdatainsightnow.com%2F%3Fp%3D28005 HTTP/1.1" 200 1264 "-" "Mozilla/5.0 AppleWebKit/537.36 (KHTML, like Gecko; compatible; GPTBot/1.3; +https://openai.com/gptbot)"
74.7.227.179 - - [14/Dec/2025:00:36:14 +0000] "GET /index.php?rest_route=/wp/v2/posts/28005 HTTP/1.1" 200 4815 "-" "Mozilla/5.0 AppleWebKit/537.36 (KHTML, like Gecko; compatible; GPTBot/1.3; +https://openai.com/gptbot)"
185.191.171.16 - - [14/Dec/2025:00:36:14 +0000] "GET /?p=11568 HTTP/1.1" 200 42894 "-" "Mozilla/5.0 (compatible; SemrushBot/7~bl; +http://www.semrush.com/bot.html)"
57.141.0.44 - - [14/Dec/2025:00:36:14 +0000] "GET /karamba-spielsaal-erfahrungen-angeschlossen-testbericht-werfen-sie-einen-blick-auf-den-link-within-2025-pro-teutonia/?fileloc=//sys/class/pci_bus/0000:01/subsystem/0000:06/device/subsystem/devices/0000:00:1f.0/modalias&path=//sys/class/pci_bus/0000:01/subsystem/0000:06/device/subsystem/devices/0000:00:1f.0 HTTP/1.1" 200 262264 "-" "meta-externalagent/1.1 (+https://developers.facebook.com/docs/sharing/webmasters/crawler)"
74.7.227.179 - - [14/Dec/2025:00:36:17 +0000] "GET /index.php?rest_route=%2Foembed%2F1.0%2Fembed&url=https%3A%2F%2Fdatainsightnow.com%2F%3Fp%3D28005 HTTP/1.1" 200 1237 "-" "Mozilla/5.0 AppleWebKit/537.36 (KHTML, like Gecko; compatible; GPTBot/1.3; +https://openai.com/gptbot)"
185.191.171.8 - - [14/Dec/2025:00:36:17 +0000] "GET /?m=20250330&paged=42 HTTP/1.1" 200 37466 "-" "Mozilla/5.0 (compatible; SemrushBot/7~bl; +http://www.semrush.com/bot.html)"
66.249.77.100 - - [14/Dec/2025:00:36:18 +0000] "GET /?path=//sys/class/sound/card0/device/subsystem/devices/0000:00:02.2/driver/0000:00:03.4/driver/0000:00:02.6/driver/0000:00:03.0/subsystem/devices/0000:00:02.5/driver/0000:00:03.2/driver/0000:00:03.4/driver/0000:00:03.6/driver/0000:00:02.6 HTTP/1.1" 200 45439 "-" "Mozilla/5.0 (Linux; Android 6.0.1; Nexus 5X Build/MMB29P) AppleWebKit/537.36 (KHTML, like Gecko) Chrome/141.0.7390.122 Mobile Safari/537.36 (compatible; Googlebot/2.1; +http://www.google.com/bot.html)"
74.7.227.179 - - [14/Dec/2025:00:36:20 +0000] "GET /?p=29749 HTTP/1.1" 200 43406 "-" "Mozilla/5.0 AppleWebKit/537.36 (KHTML, like Gecko; compatible; GPTBot/1.3; +https://openai.com/gptbot)"
66.249.77.98 - - [14/Dec/2025:00:36:22 +0000] "GET /entity/435883791.htm HTTP/1.1" 200 31996 "-" "Mozilla/5.0 (Linux; Android 6.0.1; Nexus 5X Build/MMB29P) AppleWebKit/537.36 (KHTML, like Gecko) Chrome/141.0.7390.122 Mobile Safari/537.36 (compatible; Googlebot/2.1; +http://www.google.com/bot.html)"
74.7.227.179 - - [14/Dec/2025:00:36:23 +0000] "GET /index.php?rest_route=%2Foembed%2F1.0%2Fembed&url=https%3A%2F%2Fdatainsightnow.com%2F%3Fp%3D29749 HTTP/1.1" 200 1293 "-" "Mozilla/5.0 AppleWebKit/537.36 (KHTML, like Gecko; compatible; GPTBot/1.3; +https://openai.com/gptbot)"
57.141.0.7 - - [14/Dec/2025:00:36:24 +0000] "GET /karamba-spielsaal-erfahrungen-angeschlossen-testbericht-werfen-sie-einen-blick-auf-den-link-within-2025-pro-teutonia/?fileloc=//sys/class/pci_bus/0000:06/subsystem/0000:00/subsystem/0000:11/subsystem/0000:11/device/power/runtime_active_kids&path=//sys/class/pci_bus/0000:06/subsystem/0000:00/subsystem/0000:11/subsystem/0000:11/device/power HTTP/1.1" 200 262255 "-" "meta-externalagent/1.1 (+https://developers.facebook.com/docs/sharing/webmasters/crawler)"
74.7.227.179 - - [14/Dec/2025:00:36:26 +0000] "GET /index.php?format=xml&rest_route=%2Foembed%2F1.0%2Fembed&url=https%3A%2F%2Fdatainsightnow.com%2F%3Fp%3D29749 HTTP/1.1" 200 1318 "-" "Mozilla/5.0 AppleWebKit/537.36 (KHTML, like Gecko; compatible; GPTBot/1.3; +https://openai.com/gptbot)"
57.141.0.36 - - [14/Dec/2025:00:36:27 +0000] "GET /2025/03/07/page/6/?fileloc=//sys/class/pci_bus/0000:05/subsystem/0000:04/subsystem/0000:12/device/subsystem/devices/0000:00:02.4/resource&path=//sys/class/pci_bus/0000:05/subsystem/0000:04/subsystem/0000:12/device/subsystem/devices/0000:00:02.4 HTTP/1.1" 200 262209 "-" "meta-externalagent/1.1 (+https://developers.facebook.com/docs/sharing/webmasters/crawler)"
74.7.227.179 - - [14/Dec/2025:00:36:29 +0000] "GET /index.php?rest_route=/wp/v2/posts/29749 HTTP/1.1" 200 5884 "-" "Mozilla/5.0 AppleWebKit/537.36 (KHTML, like Gecko; compatible; GPTBot/1.3; +https://openai.com/gptbot)"
57.141.0.49 - - [14/Dec/2025:00:36:32 +0000] "GET /2025/03/13/?path=//sys/class/pci_bus/0000:06/subsystem/0000:05/device/driver/0000:00:02.0/0000:00:02.0:pcie010 HTTP/1.1" 200 262209 "-" "meta-externalagent/1.1 (+https://developers.facebook.com/docs/sharing/webmasters/crawler)"
57.141.0.25 - - [14/Dec/2025:00:36:32 +0000] "GET /2025/03/07/page/6/?path=//sys/class/pci_bus/0000:02/subsystem/0000:06/subsystem/0000:0c/device/driver/0000:00:02.1/0000:02:00.0/0000:03:01.0 HTTP/1.1" 200 262217 "-" "meta-externalagent/1.1 (+https://developers.facebook.com/docs/sharing/webmasters/crawler)"
74.7.227.179 - - [14/Dec/2025:00:36:33 +0000] "GET /?p=19406 HTTP/1.1" 200 43176 "-" "Mozilla/5.0 AppleWebKit/537.36 (KHTML, like Gecko; compatible; GPTBot/1.3; +https://openai.com/gptbot)"
74.7.227.179 - - [14/Dec/2025:00:36:36 +0000] "GET /index.php?rest_route=/wp/v2/posts/19406 HTTP/1.1" 200 5854 "-" "Mozilla/5.0 AppleWebKit/537.36 (KHTML, like Gecko; compatible; GPTBot/1.3; +https://openai.com/gptbot)"
74.7.227.179 - - [14/Dec/2025:00:36:39 +0000] "GET /index.php?rest_route=%2Foembed%2F1.0%2Fembed&url=https%3A%2F%2Fdatainsightnow.com%2F%3Fp%3D19406 HTTP/1.1" 200 1242 "-" "Mozilla/5.0 AppleWebKit/537.36 (KHTML, like Gecko; compatible; GPTBot/1.3; +https://openai.com/gptbot)"
74.7.227.179 - - [14/Dec/2025:00:36:42 +0000] "GET /index.php?format=xml&rest_route=%2Foembed%2F1.0%2Fembed&url=https%3A%2F%2Fdatainsightnow.com%2F%3Fp%3D19406 HTTP/1.1" 200 1270 "-" "Mozilla/5.0 AppleWebKit/537.36 (KHTML, like Gecko; compatible; GPTBot/1.3; +https://openai.com/gptbot)"
57.141.0.38 - - [14/Dec/2025:00:36:43 +0000] "GET /2025/03/07/page/6/?fileloc=//sys/class/pci_bus/0000:0e/device/subsystem/devices/0000:00:02.3/driver/0000:00:02.3/aer_rootport_total_err_cor&path=//sys/class/pci_bus/0000:0e/device/subsystem/devices/0000:00:02.3/driver/0000:00:02.3 HTTP/1.1" 200 262209 "-" "meta-externalagent/1.1 (+https://developers.facebook.com/docs/sharing/webmasters/crawler)"
74.7.227.179 - - [14/Dec/2025:00:36:45 +0000] "GET /?p=24007 HTTP/1.1" 200 43034 "-" "Mozilla/5.0 AppleWebKit/537.36 (KHTML, like Gecko; compatible; GPTBot/1.3; +https://openai.com/gptbot)"
57.141.0.46 - - [14/Dec/2025:00:36:47 +0000] "GET /2025/03/07/page/6/?fileloc=//sys/class/pci_bus/0000:05/subsystem/0000:11/subsystem/0000:0d/subsystem/0000:0b/device/driver/0000:00:04.0/dma_mask_bits&path=//sys/class/pci_bus/0000:05/subsystem/0000:11/subsystem/0000:0d/subsystem/0000:0b/device/driver/0000:00:04.0 HTTP/1.1" 200 262248 "-" "meta-externalagent/1.1 (+https://developers.facebook.com/docs/sharing/webmasters/crawler)"
74.7.227.179 - - [14/Dec/2025:00:36:48 +0000] "GET /index.php?rest_route=%2Foembed%2F1.0%2Fembed&url=https%3A%2F%2Fdatainsightnow.com%2F%3Fp%3D24007 HTTP/1.1" 200 1295 "-" "Mozilla/5.0 AppleWebKit/537.36 (KHTML, like Gecko; compatible; GPTBot/1.3; +https://openai.com/gptbot)"
66.135.21.75 - - [14/Dec/2025:00:36:50 +0000] "POST /wp-cron.php?doing_wp_cron=1765672610.6887791156768798828125 HTTP/1.1" 200 31 "-" "WordPress/6.3.1; https://datainsightnow.com"
185.113.8.55 - - [14/Dec/2025:00:36:50 +0000] "POST /wp-login.php HTTP/1.1" 200 2681 "-" "Mozilla/5.0 (Macintosh; Intel Mac OS X 14_6_1) AppleWebKit/537.36 (KHTML, like Gecko) Chrome/122.0.4982.817 Safari/537.36"
74.7.227.179 - - [14/Dec/2025:00:36:51 +0000] "GET /index.php?format=xml&rest_route=%2Foembed%2F1.0%2Fembed&url=https%3A%2F%2Fdatainsightnow.com%2F%3Fp%3D24007 HTTP/1.1" 200 1320 "-" "Mozilla/5.0 AppleWebKit/537.36 (KHTML, like Gecko; compatible; GPTBot/1.3; +https://openai.com/gptbot)"
74.7.227.179 - - [14/Dec/2025:00:36:54 +0000] "GET /index.php?rest_route=/wp/v2/posts/24007 HTTP/1.1" 200 5512 "-" "Mozilla/5.0 AppleWebKit/537.36 (KHTML, like Gecko; compatible; GPTBot/1.3; +https://openai.com/gptbot)"
57.141.0.74 - - [14/Dec/2025:00:36:56 +0000] "GET /2025/03/07/page/6/?fileloc=//sys/class/pci_bus/0000:12/subsystem/0000:03/subsystem/0000:0c/subsystem/0000:13/device/revision&path=//sys/class/pci_bus/0000:12/subsystem/0000:03/subsystem/0000:0c/subsystem/0000:13/device HTTP/1.1" 200 262264 "-" "meta-externalagent/1.1 (+https://developers.facebook.com/docs/sharing/webmasters/crawler)"
74.7.227.179 - - [14/Dec/2025:00:36:58 +0000] "GET /?p=11800 HTTP/1.1" 200 41230 "-" "Mozilla/5.0 AppleWebKit/537.36 (KHTML, like Gecko; compatible; GPTBot/1.3; +https://openai.com/gptbot)"
57.141.0.69 - - [14/Dec/2025:00:36:58 +0000] "GET /karamba-spielsaal-erfahrungen-angeschlossen-testbericht-werfen-sie-einen-blick-auf-den-link-within-2025-pro-teutonia/?fileloc=//sys/class/pci_bus/0000:04/subsystem/0000:06/subsystem/0000:0b/subsystem/0000:00/device/0000:00:03.2/firmware_node/adr&path=//sys/class/pci_bus/0000:04/subsystem/0000:06/subsystem/0000:0b/subsystem/0000:00/device/0000:00:03.2/firmware_node HTTP/1.1" 200 262264 "-" "meta-externalagent/1.1 (+https://developers.facebook.com/docs/sharing/webmasters/crawler)"
57.141.0.40 - - [14/Dec/2025:00:37:00 +0000] "GET /2025/03/07/page/6/?path=//sys/class/pci_bus/0000:05/subsystem/0000:05/subsystem/0000:0c/subsystem/0000:10/subsystem/0000:0d/subsystem/0000:09/power HTTP/1.1" 200 262264 "-" "meta-externalagent/1.1 (+https://developers.facebook.com/docs/sharing/webmasters/crawler)"
74.7.227.179 - - [14/Dec/2025:00:37:01 +0000] "GET /index.php?rest_route=%2Foembed%2F1.0%2Fembed&url=https%3A%2F%2Fdatainsightnow.com%2F%3Fp%3D11800 HTTP/1.1" 200 1237 "-" "Mozilla/5.0 AppleWebKit/537.36 (KHTML, like Gecko; compatible; GPTBot/1.3; +https://openai.com/gptbot)"
74.7.227.179 - - [14/Dec/2025:00:37:04 +0000] "GET /index.php?rest_route=/wp/v2/posts/11800 HTTP/1.1" 200 4285 "-" "Mozilla/5.0 AppleWebKit/537.36 (KHTML, like Gecko; compatible; GPTBot/1.3; +https://openai.com/gptbot)"
57.141.0.58 - - [14/Dec/2025:00:37:07 +0000] "GET /2025/03/07/page/6/?fileloc=//sys/class/pci_bus/0000:0e/subsystem/0000:07/subsystem/0000:00/subsystem/0000:04/subsystem/0000:13/device/current_link_width&path=//sys/class/pci_bus/0000:0e/subsystem/0000:07/subsystem/0000:00/subsystem/0000:04/subsystem/0000:13/device HTTP/1.1" 200 262264 "-" "meta-externalagent/1.1 (+https://developers.facebook.com/docs/sharing/webmasters/crawler)"
74.7.227.179 - - [14/Dec/2025:00:37:07 +0000] "GET /index.php?format=xml&rest_route=%2Foembed%2F1.0%2Fembed&url=https%3A%2F%2Fdatainsightnow.com%2F%3Fp%3D11800 HTTP/1.1" 200 1265 "-" "Mozilla/5.0 AppleWebKit/537.36 (KHTML, like Gecko; compatible; GPTBot/1.3; +https://openai.com/gptbot)"
57.141.0.15 - - [14/Dec/2025:00:37:09 +0000] "GET /karamba-spielsaal-erfahrungen-angeschlossen-testbericht-werfen-sie-einen-blick-auf-den-link-within-2025-pro-teutonia/?path=//sys/class/pci_bus/0000:06/subsystem/0000:04/device/subsystem/devices/0000:00:02.1/pci_bus/0000:02 HTTP/1.1" 200 262209 "-" "meta-externalagent/1.1 (+https://developers.facebook.com/docs/sharing/webmasters/crawler)"
74.7.227.179 - - [14/Dec/2025:00:37:11 +0000] "GET /?p=17239 HTTP/1.1" 200 45719 "-" "Mozilla/5.0 AppleWebKit/537.36 (KHTML, like Gecko; compatible; GPTBot/1.3; +https://openai.com/gptbot)"
185.191.171.14 - - [14/Dec/2025:00:37:11 +0000] "GET /?p=18363 HTTP/1.1" 200 41947 "-" "Mozilla/5.0 (compatible; SemrushBot/7~bl; +http://www.semrush.com/bot.html)"
57.141.0.4 - - [14/Dec/2025:00:37:13 +0000] "GET /2025/03/07/page/6/?path=//sys/class/pci_bus/0000:04/subsystem/0000:05/subsystem/0000:0b/device/subsystem/devices/0000:09:00.0/firmware_node HTTP/1.1" 200 262209 "-" "meta-externalagent/1.1 (+https://developers.facebook.com/docs/sharing/webmasters/crawler)"
74.7.227.179 - - [14/Dec/2025:00:37:14 +0000] "GET /?p=20403 HTTP/1.1" 200 42956 "-" "Mozilla/5.0 AppleWebKit/537.36 (KHTML, like Gecko; compatible; GPTBot/1.3; +https://openai.com/gptbot)"
85.208.96.194 - - [14/Dec/2025:00:37:15 +0000] "GET /?p=20773 HTTP/1.1" 200 42341 "-" "Mozilla/5.0 (compatible; SemrushBot/7~bl; +http://www.semrush.com/bot.html)"
74.7.227.179 - - [14/Dec/2025:00:37:17 +0000] "GET /index.php?rest_route=/wp/v2/posts/20403 HTTP/1.1" 200 5512 "-" "Mozilla/5.0 AppleWebKit/537.36 (KHTML, like Gecko; compatible; GPTBot/1.3; +https://openai.com/gptbot)"
74.7.227.179 - - [14/Dec/2025:00:37:20 +0000] "GET /index.php?format=xml&rest_route=%2Foembed%2F1.0%2Fembed&url=https%3A%2F%2Fdatainsightnow.com%2F%3Fp%3D20403 HTTP/1.1" 200 1311 "-" "Mozilla/5.0 AppleWebKit/537.36 (KHTML, like Gecko; compatible; GPTBot/1.3; +https://openai.com/gptbot)"
74.7.227.179 - - [14/Dec/2025:00:37:23 +0000] "GET /index.php?rest_route=%2Foembed%2F1.0%2Fembed&url=https%3A%2F%2Fdatainsightnow.com%2F%3Fp%3D20403 HTTP/1.1" 200 1283 "-" "Mozilla/5.0 AppleWebKit/537.36 (KHTML, like Gecko; compatible; GPTBot/1.3; +https://openai.com/gptbot)"
74.7.227.179 - - [14/Dec/2025:00:37:26 +0000] "GET /?p=11530 HTTP/1.1" 200 42376 "-" "Mozilla/5.0 AppleWebKit/537.36 (KHTML, like Gecko; compatible; GPTBot/1.3; +https://openai.com/gptbot)"
57.141.0.20 - - [14/Dec/2025:00:37:29 +0000] "GET /2025/03/07/page/6/?fileloc=//sys/class/pci_bus/0000:12/subsystem/0000:00/device/0000:00:02.0/subsystem/devices/0000:00:03.1/max_link_width&path=//sys/class/pci_bus/0000:12/subsystem/0000:00/device/0000:00:02.0/subsystem/devices/0000:00:03.1 HTTP/1.1" 200 262215 "-" "meta-externalagent/1.1 (+https://developers.facebook.com/docs/sharing/webmasters/crawler)"
74.7.227.179 - - [14/Dec/2025:00:37:29 +0000] "GET /index.php?rest_route=%2Foembed%2F1.0%2Fembed&url=https%3A%2F%2Fdatainsightnow.com%2F%3Fp%3D11530 HTTP/1.1" 200 1264 "-" "Mozilla/5.0 AppleWebKit/537.36 (KHTML, like Gecko; compatible; GPTBot/1.3; +https://openai.com/gptbot)"
74.7.227.179 - - [14/Dec/2025:00:37:33 +0000] "GET /index.php?rest_route=/wp/v2/posts/11530 HTTP/1.1" 200 4906 "-" "Mozilla/5.0 AppleWebKit/537.36 (KHTML, like Gecko; compatible; GPTBot/1.3; +https://openai.com/gptbot)"
74.7.227.179 - - [14/Dec/2025:00:37:36 +0000] "GET /index.php?format=xml&rest_route=%2Foembed%2F1.0%2Fembed&url=https%3A%2F%2Fdatainsightnow.com%2F%3Fp%3D11530 HTTP/1.1" 200 1293 "-" "Mozilla/5.0 AppleWebKit/537.36 (KHTML, like Gecko; compatible; GPTBot/1.3; +https://openai.com/gptbot)"
74.7.227.179 - - [14/Dec/2025:00:37:39 +0000] "GET /?p=42265 HTTP/1.1" 200 43138 "-" "Mozilla/5.0 AppleWebKit/537.36 (KHTML, like Gecko; compatible; GPTBot/1.3; +https://openai.com/gptbot)"
57.141.0.59 - - [14/Dec/2025:00:37:41 +0000] "GET /2025/03/07/page/6/?fileloc=//sys/class/pci_bus/0000:05/subsystem/0000:0c/device/driver/0000:00:02.3/driver/0000:00:02.1/subsystem/slots/20/address&path=//sys/class/pci_bus/0000:05/subsystem/0000:0c/device/driver/0000:00:02.3/driver/0000:00:02.1/subsystem/slots/20 HTTP/1.1" 200 262248 "-" "meta-externalagent/1.1 (+https://developers.facebook.com/docs/sharing/webmasters/crawler)"
74.7.227.179 - - [14/Dec/2025:00:37:42 +0000] "GET /index.php?format=xml&rest_route=%2Foembed%2F1.0%2Fembed&url=https%3A%2F%2Fdatainsightnow.com%2F%3Fp%3D42265 HTTP/1.1" 200 1286 "-" "Mozilla/5.0 AppleWebKit/537.36 (KHTML, like Gecko; compatible; GPTBot/1.3; +https://openai.com/gptbot)"
74.7.227.179 - - [14/Dec/2025:00:37:45 +0000] "GET /index.php?rest_route=%2Foembed%2F1.0%2Fembed&url=https%3A%2F%2Fdatainsightnow.com%2F%3Fp%3D42265 HTTP/1.1" 200 1261 "-" "Mozilla/5.0 AppleWebKit/537.36 (KHTML, like Gecko; compatible; GPTBot/1.3; +https://openai.com/gptbot)"
185.113.8.55 - - [14/Dec/2025:00:37:47 +0000] "POST /wp-login.php HTTP/1.1" 200 2683 "-" "Mozilla/5.0 (X11; Linux x86_64) AppleWebKit/537.36 (KHTML, like Gecko) Chrome/129.0.7635.582 Safari/537.36"
85.208.96.200 - - [14/Dec/2025:00:37:48 +0000] "GET /?p=10373 HTTP/1.1" 200 42503 "-" "Mozilla/5.0 (compatible; SemrushBot/7~bl; +http://www.semrush.com/bot.html)"
74.7.227.179 - - [14/Dec/2025:00:37:48 +0000] "GET /index.php?rest_route=/wp/v2/posts/42265 HTTP/1.1" 200 5713 "-" "Mozilla/5.0 AppleWebKit/537.36 (KHTML, like Gecko; compatible; GPTBot/1.3; +https://openai.com/gptbot)"
66.135.21.75 - - [14/Dec/2025:00:37:51 +0000] "POST /wp-cron.php?doing_wp_cron=1765672671.7311129570007324218750 HTTP/1.1" 200 31 "-" "WordPress/6.3.1; https://datainsightnow.com"
74.7.227.179 - - [14/Dec/2025:00:37:51 +0000] "GET /?p=47705 HTTP/1.1" 200 42593 "-" "Mozilla/5.0 AppleWebKit/537.36 (KHTML, like Gecko; compatible; GPTBot/1.3; +https://openai.com/gptbot)"
74.7.227.179 - - [14/Dec/2025:00:37:54 +0000] "GET /index.php?rest_route=/wp/v2/posts/47705 HTTP/1.1" 200 5038 "-" "Mozilla/5.0 AppleWebKit/537.36 (KHTML, like Gecko; compatible; GPTBot/1.3; +https://openai.com/gptbot)"
57.141.0.38 - - [14/Dec/2025:00:37:57 +0000] "GET /karamba-spielsaal-erfahrungen-angeschlossen-testbericht-werfen-sie-einen-blick-auf-den-link-within-2025-pro-teutonia/?path=//sys/class/pci_bus/0000:05/subsystem/0000:13/subsystem/0000:07/subsystem/0000:11/device HTTP/1.1" 200 262264 "-" "meta-externalagent/1.1 (+https://developers.facebook.com/docs/sharing/webmasters/crawler)"
74.7.227.179 - - [14/Dec/2025:00:37:58 +0000] "GET /index.php?format=xml&rest_route=%2Foembed%2F1.0%2Fembed&url=https%3A%2F%2Fdatainsightnow.com%2F%3Fp%3D47705 HTTP/1.1" 200 1320 "-" "Mozilla/5.0 AppleWebKit/537.36 (KHTML, like Gecko; compatible; GPTBot/1.3; +https://openai.com/gptbot)"
74.7.227.179 - - [14/Dec/2025:00:38:01 +0000] "GET /index.php?rest_route=%2Foembed%2F1.0%2Fembed&url=https%3A%2F%2Fdatainsightnow.com%2F%3Fp%3D47705 HTTP/1.1" 200 1296 "-" "Mozilla/5.0 AppleWebKit/537.36 (KHTML, like Gecko; compatible; GPTBot/1.3; +https://openai.com/gptbot)"
74.7.227.179 - - [14/Dec/2025:00:38:04 +0000] "GET /?p=40815 HTTP/1.1" 200 42585 "-" "Mozilla/5.0 AppleWebKit/537.36 (KHTML, like Gecko; compatible; GPTBot/1.3; +https://openai.com/gptbot)"
74.7.227.179 - - [14/Dec/2025:00:38:07 +0000] "GET /index.php?rest_route=/wp/v2/posts/40815 HTTP/1.1" 200 5043 "-" "Mozilla/5.0 AppleWebKit/537.36 (KHTML, like Gecko; compatible; GPTBot/1.3; +https://openai.com/gptbot)"
74.7.227.179 - - [14/Dec/2025:00:38:10 +0000] "GET /index.php?format=xml&rest_route=%2Foembed%2F1.0%2Fembed&url=https%3A%2F%2Fdatainsightnow.com%2F%3Fp%3D40815 HTTP/1.1" 200 1312 "-" "Mozilla/5.0 AppleWebKit/537.36 (KHTML, like Gecko; compatible; GPTBot/1.3; +https://openai.com/gptbot)"
74.7.227.179 - - [14/Dec/2025:00:38:13 +0000] "GET /index.php?rest_route=%2Foembed%2F1.0%2Fembed&url=https%3A%2F%2Fdatainsightnow.com%2F%3Fp%3D40815 HTTP/1.1" 200 1287 "-" "Mozilla/5.0 AppleWebKit/537.36 (KHTML, like Gecko; compatible; GPTBot/1.3; +https://openai.com/gptbot)"
85.208.96.210 - - [14/Dec/2025:00:38:16 +0000] "GET /?m=20250416&paged=23 HTTP/1.1" 200 37956 "-" "Mozilla/5.0 (compatible; SemrushBot/7~bl; +http://www.semrush.com/bot.html)"
74.7.227.179 - - [14/Dec/2025:00:38:17 +0000] "GET /?p=47597 HTTP/1.1" 200 42492 "-" "Mozilla/5.0 AppleWebKit/537.36 (KHTML, like Gecko; compatible; GPTBot/1.3; +https://openai.com/gptbot)"
74.7.227.179 - - [14/Dec/2025:00:38:20 +0000] "GET /index.php?rest_route=%2Foembed%2F1.0%2Fembed&url=https%3A%2F%2Fdatainsightnow.com%2F%3Fp%3D47597 HTTP/1.1" 200 1273 "-" "Mozilla/5.0 AppleWebKit/537.36 (KHTML, like Gecko; compatible; GPTBot/1.3; +https://openai.com/gptbot)"
57.141.0.34 - - [14/Dec/2025:00:38:20 +0000] "GET /karamba-spielsaal-erfahrungen-angeschlossen-testbericht-werfen-sie-einen-blick-auf-den-link-within-2025-pro-teutonia/?path=//sys/class/pci_bus/0000:06/subsystem/0000:0b/subsystem/0000:0d/subsystem/0000:0a/subsystem/0000:03/subsystem/0000:06 HTTP/1.1" 200 262209 "-" "meta-externalagent/1.1 (+https://developers.facebook.com/docs/sharing/webmasters/crawler)"
74.7.227.179 - - [14/Dec/2025:00:38:23 +0000] "GET /index.php?rest_route=/wp/v2/posts/47597 HTTP/1.1" 200 4941 "-" "Mozilla/5.0 AppleWebKit/537.36 (KHTML, like Gecko; compatible; GPTBot/1.3; +https://openai.com/gptbot)"
57.141.0.42 - - [14/Dec/2025:00:38:25 +0000] "GET /2025/03/07/page/6/?fileloc=//sys/class/pci_bus/0000:05/subsystem/0000:10/subsystem/0000:12/device/driver/0000:00:02.4/driver/0000:00:02.3/power/runtime_status&path=//sys/class/pci_bus/0000:05/subsystem/0000:10/subsystem/0000:12/device/driver/0000:00:02.4/driver/0000:00:02.3/power HTTP/1.1" 200 262264 "-" "meta-externalagent/1.1 (+https://developers.facebook.com/docs/sharing/webmasters/crawler)"
185.113.8.55 - - [14/Dec/2025:00:38:26 +0000] "POST /wp-login.php HTTP/1.1" 200 2681 "-" "Mozilla/5.0 (Macintosh; Intel Mac OS X 14_6_1) AppleWebKit/537.36 (KHTML, like Gecko) Chrome/125.0.6150.823 Safari/537.36"
74.7.227.179 - - [14/Dec/2025:00:38:26 +0000] "GET /index.php?format=xml&rest_route=%2Foembed%2F1.0%2Fembed&url=https%3A%2F%2Fdatainsightnow.com%2F%3Fp%3D47597 HTTP/1.1" 200 1301 "-" "Mozilla/5.0 AppleWebKit/537.36 (KHTML, like Gecko; compatible; GPTBot/1.3; +https://openai.com/gptbot)"
57.141.0.60 - - [14/Dec/2025:00:38:28 +0000] "GET /karamba-spielsaal-erfahrungen-angeschlossen-testbericht-werfen-sie-einen-blick-auf-den-link-within-2025-pro-teutonia/?fileloc=//sys/class/pci_bus/0000:02/subsystem/0000:04/device/driver/0000:00:02.3/subsystem/devices/0000:00:02.7/current_link_width&path=//sys/class/pci_bus/0000:02/subsystem/0000:04/device/driver/0000:00:02.3/subsystem/devices/0000:00:02.7 HTTP/1.1" 200 262264 "-" "meta-externalagent/1.1 (+https://developers.facebook.com/docs/sharing/webmasters/crawler)"
74.7.227.179 - - [14/Dec/2025:00:38:29 +0000] "GET /?p=29751 HTTP/1.1" 200 42408 "-" "Mozilla/5.0 AppleWebKit/537.36 (KHTML, like Gecko; compatible; GPTBot/1.3; +https://openai.com/gptbot)"
85.208.96.199 - - [14/Dec/2025:00:38:31 +0000] "GET /?p=39281 HTTP/1.1" 200 45330 "-" "Mozilla/5.0 (compatible; SemrushBot/7~bl; +http://www.semrush.com/bot.html)"
57.141.0.53 - - [14/Dec/2025:00:38:31 +0000] "GET /2025/03/06/page/39/?fileloc=//sys/class/pci_bus/0000:0e/subsystem/0000:04/subsystem/0000:09/subsystem/0000:00/device/firmware_node/physical_node/0000:00:1f.3/revision&path=//sys/class/pci_bus/0000:0e/subsystem/0000:04/subsystem/0000:09/subsystem/0000:00/device/firmware_node/physical_node/0000:00:1f.3 HTTP/1.1" 200 262264 "-" "meta-externalagent/1.1 (+https://developers.facebook.com/docs/sharing/webmasters/crawler)"
