66.249.77.98 - - [14/Dec/2025:00:52:48 +0000] "GET /entity/126706691.htm HTTP/1.1" 200 30837 "-" "Mozilla/5.0 (Linux; Android 6.0.1; Nexus 5X Build/MMB29P) AppleWebKit/537.36 (KHTML, like Gecko) Chrome/141.0.7390.122 Mobile Safari/537.36 (compatible; Googlebot/2.1; +http://www.google.com/bot.html)"
74.7.227.179 - - [14/Dec/2025:00:52:49 +0000] "GET /index.php?rest_route=/wp/v2/posts/40797 HTTP/1.1" 200 3698 "-" "Mozilla/5.0 AppleWebKit/537.36 (KHTML, like Gecko; compatible; GPTBot/1.3; +https://openai.com/gptbot)"
194.247.173.99 - - [14/Dec/2025:00:52:49 +0000] "GET /9-masks-of-fire-hyperspins-slot-777-gems-respin-%E5%B0%8A%E7%88%B5/?fileloc=/opt/wpsites/datainsightnow.com/wp-includes/js/dist/style-engine.min.js&path=/opt/wpsites/datainsightnow.com/wp-includes/js/dist HTTP/1.1" 200 45438 "-" "Mozilla/5.0 (compatible; MJ12bot/v1.4.8; http://mj12bot.com/)"
66.135.21.75 - - [14/Dec/2025:00:52:52 +0000] "POST /wp-cron.php?doing_wp_cron=1765673572.8267590999603271484375 HTTP/1.1" 200 31 "-" "WordPress/6.3.1; https://datainsightnow.com"
74.7.227.179 - - [14/Dec/2025:00:52:52 +0000] "GET /index.php?format=xml&rest_route=%2Foembed%2F1.0%2Fembed&url=https%3A%2F%2Fdatainsightnow.com%2F%3Fp%3D40797 HTTP/1.1" 200 1293 "-" "Mozilla/5.0 AppleWebKit/537.36 (KHTML, like Gecko; compatible; GPTBot/1.3; +https://openai.com/gptbot)"
194.247.173.99 - - [14/Dec/2025:00:52:54 +0000] "GET /9-masks-of-fire-hyperspins-slot-777-gems-respin-%E5%B0%8A%E7%88%B5/?fileloc=/opt/wpsites/datainsightnow.com/wp-includes/js/jcrop/jquery.Jcrop.min.css&path=/opt/wpsites/datainsightnow.com/wp-includes/js/jcrop HTTP/1.1" 200 45438 "-" "Mozilla/5.0 (compatible; MJ12bot/v1.4.8; http://mj12bot.com/)"
57.141.0.6 - - [14/Dec/2025:00:52:54 +0000] "GET /2025/03/07/page/6/?fileloc=//sys/class/pci_bus/0000:09/subsystem/0000:0b/device/driver/0000:00:02.6/subsystem/devices/0000:00:04.0/current_link_width&path=//sys/class/pci_bus/0000:09/subsystem/0000:0b/device/driver/0000:00:02.6/subsystem/devices/0000:00:04.0 HTTP/1.1" 200 262209 "-" "meta-externalagent/1.1 (+https://developers.facebook.com/docs/sharing/webmasters/crawler)"
74.7.227.179 - - [14/Dec/2025:00:52:55 +0000] "GET /index.php?rest_route=%2Foembed%2F1.0%2Fembed&url=https%3A%2F%2Fdatainsightnow.com%2F%3Fp%3D40797 HTTP/1.1" 200 1271 "-" "Mozilla/5.0 AppleWebKit/537.36 (KHTML, like Gecko; compatible; GPTBot/1.3; +https://openai.com/gptbot)"
194.247.173.99 - - [14/Dec/2025:00:52:58 +0000] "GET /9-masks-of-fire-hyperspins-slot-777-gems-respin-%E5%B0%8A%E7%88%B5/?fileloc=/opt/wpsites/datainsightnow.com/wp-includes/js/jquery/jquery.js&path=/opt/wpsites/datainsightnow.com/wp-includes/js/jquery HTTP/1.1" 200 45438 "-" "Mozilla/5.0 (compatible; MJ12bot/v1.4.8; http://mj12bot.com/)"
57.141.0.4 - - [14/Dec/2025:00:52:58 +0000] "GET /karamba-spielsaal-erfahrungen-angeschlossen-testbericht-werfen-sie-einen-blick-auf-den-link-within-2025-pro-teutonia/?fileloc=//sys/class/pci_bus/0000:06/subsystem/0000:0f/subsystem/0000:0a/subsystem/0000:05/subsystem/0000:0b/subsystem/0000:0e/uevent&path=//sys/class/pci_bus/0000:06/subsystem/0000:0f/subsystem/0000:0a/subsystem/0000:05/subsystem/0000:0b/subsystem/0000:0e HTTP/1.1" 200 262264 "-" "meta-externalagent/1.1 (+https://developers.facebook.com/docs/sharing/webmasters/crawler)"
74.7.227.179 - - [14/Dec/2025:00:52:59 +0000] "GET /?p=27989 HTTP/1.1" 200 41252 "-" "Mozilla/5.0 AppleWebKit/537.36 (KHTML, like Gecko; compatible; GPTBot/1.3; +https://openai.com/gptbot)"
57.141.0.39 - - [14/Dec/2025:00:52:59 +0000] "GET /karamba-spielsaal-erfahrungen-angeschlossen-testbericht-werfen-sie-einen-blick-auf-den-link-within-2025-pro-teutonia/?fileloc=//sys/class/pci_bus/0000:06/subsystem/0000:0f/subsystem/0000:09/device/driver/0000:00:03.3/driver/0000:00:02.4/aer_dev_fatal&path=//sys/class/pci_bus/0000:06/subsystem/0000:0f/subsystem/0000:09/device/driver/0000:00:03.3/driver/0000:00:02.4 HTTP/1.1" 200 262264 "-" "meta-externalagent/1.1 (+https://developers.facebook.com/docs/sharing/webmasters/crawler)"
74.7.227.179 - - [14/Dec/2025:00:53:02 +0000] "GET /index.php?format=xml&rest_route=%2Foembed%2F1.0%2Fembed&url=https%3A%2F%2Fdatainsightnow.com%2F%3Fp%3D27989 HTTP/1.1" 200 1290 "-" "Mozilla/5.0 AppleWebKit/537.36 (KHTML, like Gecko; compatible; GPTBot/1.3; +https://openai.com/gptbot)"
194.247.173.99 - - [14/Dec/2025:00:53:02 +0000] "GET /9-masks-of-fire-hyperspins-slot-777-gems-respin-%E5%B0%8A%E7%88%B5/?fileloc=/opt/wpsites/datainsightnow.com/wp-includes/js/jquery/jquery.schedule.js&path=/opt/wpsites/datainsightnow.com/wp-includes/js/jquery HTTP/1.1" 200 45438 "-" "Mozilla/5.0 (compatible; MJ12bot/v1.4.8; http://mj12bot.com/)"
57.141.0.42 - - [14/Dec/2025:00:53:02 +0000] "GET /2025/03/07/page/6/?fileloc=//sys/class/pci_bus/0000:0d/subsystem/0000:07/subsystem/0000:0e/device/driver/0000:00:02.3/driver/0000:00:02.7/uevent&path=//sys/class/pci_bus/0000:0d/subsystem/0000:07/subsystem/0000:0e/device/driver/0000:00:02.3/driver/0000:00:02.7 HTTP/1.1" 200 262264 "-" "meta-externalagent/1.1 (+https://developers.facebook.com/docs/sharing/webmasters/crawler)"
74.7.227.179 - - [14/Dec/2025:00:53:05 +0000] "GET /index.php?rest_route=%2Foembed%2F1.0%2Fembed&url=https%3A%2F%2Fdatainsightnow.com%2F%3Fp%3D27989 HTTP/1.1" 200 1264 "-" "Mozilla/5.0 AppleWebKit/537.36 (KHTML, like Gecko; compatible; GPTBot/1.3; +https://openai.com/gptbot)"
194.247.173.99 - - [14/Dec/2025:00:53:06 +0000] "GET /9-masks-of-fire-hyperspins-slot-777-gems-respin-%E5%B0%8A%E7%88%B5/?fileloc=/opt/wpsites/datainsightnow.com/wp-includes/js/jquery/jquery.serialize-object.js&path=/opt/wpsites/datainsightnow.com/wp-includes/js/jquery HTTP/1.1" 200 45438 "-" "Mozilla/5.0 (compatible; MJ12bot/v1.4.8; http://mj12bot.com/)"
74.7.227.179 - - [14/Dec/2025:00:53:08 +0000] "GET /index.php?rest_route=/wp/v2/posts/27989 HTTP/1.1" 200 4152 "-" "Mozilla/5.0 AppleWebKit/537.36 (KHTML, like Gecko; compatible; GPTBot/1.3; +https://openai.com/gptbot)"
194.247.173.99 - - [14/Dec/2025:00:53:10 +0000] "GET /9-masks-of-fire-hyperspins-slot-777-gems-respin-%E5%B0%8A%E7%88%B5/?fileloc=/opt/wpsites/datainsightnow.com/wp-includes/js/jquery/jquery.table-hotkeys.js&path=/opt/wpsites/datainsightnow.com/wp-includes/js/jquery HTTP/1.1" 200 45438 "-" "Mozilla/5.0 (compatible; MJ12bot/v1.4.8; http://mj12bot.com/)"
74.7.227.179 - - [14/Dec/2025:00:53:11 +0000] "GET /?p=29767 HTTP/1.1" 200 42625 "-" "Mozilla/5.0 AppleWebKit/537.36 (KHTML, like Gecko; compatible; GPTBot/1.3; +https://openai.com/gptbot)"
57.141.0.5 - - [14/Dec/2025:00:53:13 +0000] "GET /2025/03/07/page/6/?fileloc=//sys/class/pci_bus/0000:0c/subsystem/0000:0b/subsystem/0000:0f/device/driver/0000:00:03.0/msi_bus&path=//sys/class/pci_bus/0000:0c/subsystem/0000:0b/subsystem/0000:0f/device/driver/0000:00:03.0 HTTP/1.1" 200 262264 "-" "meta-externalagent/1.1 (+https://developers.facebook.com/docs/sharing/webmasters/crawler)"
57.141.0.16 - - [14/Dec/2025:00:53:14 +0000] "GET /2025/03/07/page/6/?fileloc=//sys/class/pci_bus/0000:0b/subsystem/0000:10/device/driver/0000:00:03.2/driver/0000:00:02.1/resource&path=//sys/class/pci_bus/0000:0b/subsystem/0000:10/device/driver/0000:00:03.2/driver/0000:00:02.1 HTTP/1.1" 200 262209 "-" "meta-externalagent/1.1 (+https://developers.facebook.com/docs/sharing/webmasters/crawler)"
74.7.227.179 - - [14/Dec/2025:00:53:14 +0000] "GET /index.php?rest_route=/wp/v2/posts/29767 HTTP/1.1" 200 5121 "-" "Mozilla/5.0 AppleWebKit/537.36 (KHTML, like Gecko; compatible; GPTBot/1.3; +https://openai.com/gptbot)"
194.247.173.99 - - [14/Dec/2025:00:53:15 +0000] "GET /9-masks-of-fire-hyperspins-slot-777-gems-respin-%E5%B0%8A%E7%88%B5/?fileloc=/opt/wpsites/datainsightnow.com/wp-includes/js/jquery/suggest.js&path=/opt/wpsites/datainsightnow.com/wp-includes/js/jquery HTTP/1.1" 200 45438 "-" "Mozilla/5.0 (compatible; MJ12bot/v1.4.8; http://mj12bot.com/)"
57.141.0.5 - - [14/Dec/2025:00:53:16 +0000] "GET /2025/03/07/page/6/?path=//sys/class/pci_bus/0000:0b/subsystem/0000:11/subsystem/0000:05/subsystem/0000:0b/subsystem/0000:0a/subsystem/0000:0d/subsystem HTTP/1.1" 200 262215 "-" "meta-externalagent/1.1 (+https://developers.facebook.com/docs/sharing/webmasters/crawler)"
74.7.227.179 - - [14/Dec/2025:00:53:17 +0000] "GET /index.php?rest_route=%2Foembed%2F1.0%2Fembed&url=https%3A%2F%2Fdatainsightnow.com%2F%3Fp%3D29767 HTTP/1.1" 200 1300 "-" "Mozilla/5.0 AppleWebKit/537.36 (KHTML, like Gecko; compatible; GPTBot/1.3; +https://openai.com/gptbot)"
194.247.173.99 - - [14/Dec/2025:00:53:19 +0000] "GET /9-masks-of-fire-hyperspins-slot-777-gems-respin-%E5%B0%8A%E7%88%B5/?fileloc=/opt/wpsites/datainsightnow.com/wp-includes/js/wp-embed.min.js&path=/opt/wpsites/datainsightnow.com/wp-includes/js HTTP/1.1" 200 45438 "-" "Mozilla/5.0 (compatible; MJ12bot/v1.4.8; http://mj12bot.com/)"
57.141.0.27 - - [14/Dec/2025:00:53:20 +0000] "GET /karamba-spielsaal-erfahrungen-angeschlossen-testbericht-werfen-sie-einen-blick-auf-den-link-within-2025-pro-teutonia/?fileloc=//sys/class/pci_bus/0000:0b/subsystem/0000:01/subsystem/0000:01/device/driver/0000:00:03.2/driver/0000:00:02.1/driver/0000:00:02.3/max_link_width&path=//sys/class/pci_bus/0000:0b/subsystem/0000:01/subsystem/0000:01/device/driver/0000:00:03.2/driver/0000:00:02.1/driver/0000:00:02.3 HTTP/1.1" 200 262264 "-" "meta-externalagent/1.1 (+https://developers.facebook.com/docs/sharing/webmasters/crawler)"
74.7.227.179 - - [14/Dec/2025:00:53:21 +0000] "GET /index.php?format=xml&rest_route=%2Foembed%2F1.0%2Fembed&url=https%3A%2F%2Fdatainsightnow.com%2F%3Fp%3D29767 HTTP/1.1" 200 1327 "-" "Mozilla/5.0 AppleWebKit/537.36 (KHTML, like Gecko; compatible; GPTBot/1.3; +https://openai.com/gptbot)"
194.247.173.99 - - [14/Dec/2025:00:53:23 +0000] "GET /9-masks-of-fire-hyperspins-slot-777-gems-respin-%E5%B0%8A%E7%88%B5/?fileloc=/opt/wpsites/datainsightnow.com/wp-includes/js/wp-emoji-loader.js&path=/opt/wpsites/datainsightnow.com/wp-includes/js HTTP/1.1" 200 45438 "-" "Mozilla/5.0 (compatible; MJ12bot/v1.4.8; http://mj12bot.com/)"
74.7.227.179 - - [14/Dec/2025:00:53:24 +0000] "GET /?p=8895 HTTP/1.1" 200 41541 "-" "Mozilla/5.0 AppleWebKit/537.36 (KHTML, like Gecko; compatible; GPTBot/1.3; +https://openai.com/gptbot)"
57.141.0.42 - - [14/Dec/2025:00:53:25 +0000] "GET /2025/03/06/page/39/?fileloc=//sys/class/pci_bus/0000:13/subsystem/0000:0f/subsystem/0000:0d/subsystem/0000:03/device/reset&path=//sys/class/pci_bus/0000:13/subsystem/0000:0f/subsystem/0000:0d/subsystem/0000:03/device HTTP/1.1" 200 262209 "-" "meta-externalagent/1.1 (+https://developers.facebook.com/docs/sharing/webmasters/crawler)"
194.247.173.99 - - [14/Dec/2025:00:53:27 +0000] "GET /9-masks-of-fire-hyperspins-slot-777-gems-respin-%E5%B0%8A%E7%88%B5/?path=//boot/efi HTTP/1.1" 200 45438 "-" "Mozilla/5.0 (compatible; MJ12bot/v1.4.8; http://mj12bot.com/)"
74.7.227.179 - - [14/Dec/2025:00:53:27 +0000] "GET /index.php?rest_route=/wp/v2/posts/8895 HTTP/1.1" 200 4236 "-" "Mozilla/5.0 AppleWebKit/537.36 (KHTML, like Gecko; compatible; GPTBot/1.3; +https://openai.com/gptbot)"
85.208.96.211 - - [14/Dec/2025:00:53:28 +0000] "GET /?p=21947 HTTP/1.1" 200 43401 "-" "Mozilla/5.0 (compatible; SemrushBot/7~bl; +http://www.semrush.com/bot.html)"
57.141.0.66 - - [14/Dec/2025:00:53:28 +0000] "GET /2025/03/07/page/6/?path=//sys/class/pci_bus/0000:05/subsystem/0000:08/subsystem/0000:0a/device/driver/0000:00:04.0/driver/0000:00:02.0/msi_irqs HTTP/1.1" 200 262264 "-" "meta-externalagent/1.1 (+https://developers.facebook.com/docs/sharing/webmasters/crawler)"
74.7.227.179 - - [14/Dec/2025:00:53:30 +0000] "GET /index.php?rest_route=%2Foembed%2F1.0%2Fembed&url=https%3A%2F%2Fdatainsightnow.com%2F%3Fp%3D8895 HTTP/1.1" 200 1241 "-" "Mozilla/5.0 AppleWebKit/537.36 (KHTML, like Gecko; compatible; GPTBot/1.3; +https://openai.com/gptbot)"
57.141.0.12 - - [14/Dec/2025:00:53:31 +0000] "GET /2025/03/07/page/6/?fileloc=//sys/class/pci_bus/0000:07/device/driver/0000:00:02.2/driver/0000:00:02.7/driver/0000:00:02.2/enable&path=//sys/class/pci_bus/0000:07/device/driver/0000:00:02.2/driver/0000:00:02.7/driver/0000:00:02.2 HTTP/1.1" 200 262264 "-" "meta-externalagent/1.1 (+https://developers.facebook.com/docs/sharing/webmasters/crawler)"
66.249.77.98 - - [14/Dec/2025:00:53:31 +0000] "GET /?fileloc=//sys/class/sound/card0/device/subsystem/devices/0000:00:02.2/driver/0000:00:02.5/0000:07:00.0/subsystem/devices/0000:00:04.1/driver/0000:00:03.6/subsystem/devices/0000:00:03.4/firmware_node/wakeup/wakeup14/subsystem/wakeup18/subsystem/wakeup24/subsystem/wakeup11/subsystem/wakeup9/prevent_suspend_time_ms&path=//sys/class/sound/card0/device/subsystem/devices/0000:00:02.2/driver/0000:00:02.5/0000:07:00.0/subsystem/devices/0000:00:04.1/driver/0000:00:03.6/subsystem/devices/0000:00:03.4/firmware_node/wakeup/wakeup14/subsystem/wakeup18/subsystem/wakeup24/subsystem/wakeup11/subsystem/wakeup9 HTTP/1.1" 200 45439 "-" "Mozilla/5.0 (Linux; Android 6.0.1; Nexus 5X Build/MMB29P) AppleWebKit/537.36 (KHTML, like Gecko) Chrome/141.0.7390.122 Mobile Safari/537.36 (compatible; Googlebot/2.1; +http://www.google.com/bot.html)"
194.247.173.99 - - [14/Dec/2025:00:53:31 +0000] "GET /9-masks-of-fire-hyperspins-slot-777-gems-respin-%E5%B0%8A%E7%88%B5/?path=//boot/grub HTTP/1.1" 200 45438 "-" "Mozilla/5.0 (compatible; MJ12bot/v1.4.8; http://mj12bot.com/)"
57.141.0.3 - - [14/Dec/2025:00:53:32 +0000] "GET /2025/03/07/page/6/?path=//sys/class/pci_bus/0000:06/subsystem/0000:0f/subsystem/0000:0f/subsystem/0000:0a/subsystem/0000:00 HTTP/1.1" 200 262264 "-" "meta-externalagent/1.1 (+https://developers.facebook.com/docs/sharing/webmasters/crawler)"
74.7.227.179 - - [14/Dec/2025:00:53:33 +0000] "GET /index.php?format=xml&rest_route=%2Foembed%2F1.0%2Fembed&url=https%3A%2F%2Fdatainsightnow.com%2F%3Fp%3D8895 HTTP/1.1" 200 1268 "-" "Mozilla/5.0 AppleWebKit/537.36 (KHTML, like Gecko; compatible; GPTBot/1.3; +https://openai.com/gptbot)"
194.247.173.99 - - [14/Dec/2025:00:53:35 +0000] "GET /9-masks-of-fire-hyperspins-slot-777-gems-respin-%E5%B0%8A%E7%88%B5/?path=//dev/char HTTP/1.1" 200 45438 "-" "Mozilla/5.0 (compatible; MJ12bot/v1.4.8; http://mj12bot.com/)"
85.208.96.211 - - [14/Dec/2025:00:53:36 +0000] "GET /?p=29209 HTTP/1.1" 200 41825 "-" "Mozilla/5.0 (compatible; SemrushBot/7~bl; +http://www.semrush.com/bot.html)"
74.7.227.179 - - [14/Dec/2025:00:53:37 +0000] "GET /?p=23989 HTTP/1.1" 200 42197 "-" "Mozilla/5.0 AppleWebKit/537.36 (KHTML, like Gecko; compatible; GPTBot/1.3; +https://openai.com/gptbot)"
57.141.0.32 - - [14/Dec/2025:00:53:37 +0000] "GET /karamba-spielsaal-erfahrungen-angeschlossen-testbericht-werfen-sie-einen-blick-auf-den-link-within-2025-pro-teutonia/?fileloc=//sys/class/pci_bus/0000:13/subsystem/0000:0d/subsystem/0000:0d/subsystem/0000:0b/subsystem/0000:03/device/subsystem_device&path=//sys/class/pci_bus/0000:13/subsystem/0000:0d/subsystem/0000:0d/subsystem/0000:0b/subsystem/0000:03/device HTTP/1.1" 200 262264 "-" "meta-externalagent/1.1 (+https://developers.facebook.com/docs/sharing/webmasters/crawler)"
57.141.0.1 - - [14/Dec/2025:00:53:38 +0000] "GET /moneysense-self-help-guide-to-the-ideal-profile/?path=//sys/class/pci_bus/0000:0f/device/driver/0000:00:03.2/driver/0000:00:02.0/0000:00:02.0:pcie002 HTTP/1.1" 200 262209 "-" "meta-externalagent/1.1 (+https://developers.facebook.com/docs/sharing/webmasters/crawler)"
74.7.227.179 - - [14/Dec/2025:00:53:40 +0000] "GET /index.php?rest_route=%2Foembed%2F1.0%2Fembed&url=https%3A%2F%2Fdatainsightnow.com%2F%3Fp%3D23989 HTTP/1.1" 200 1289 "-" "Mozilla/5.0 AppleWebKit/537.36 (KHTML, like Gecko; compatible; GPTBot/1.3; +https://openai.com/gptbot)"
57.141.0.51 - - [14/Dec/2025:00:53:40 +0000] "GET /karamba-spielsaal-erfahrungen-angeschlossen-testbericht-werfen-sie-einen-blick-auf-den-link-within-2025-pro-teutonia/?path=//sys/class/pci_bus/0000:08/device/pci_bus/0000:08/subsystem/0000:0f/subsystem/0000:07/subsystem/0000:04 HTTP/1.1" 200 262264 "-" "meta-externalagent/1.1 (+https://developers.facebook.com/docs/sharing/webmasters/crawler)"
194.247.173.99 - - [14/Dec/2025:00:53:40 +0000] "GET /9-masks-of-fire-hyperspins-slot-777-gems-respin-%E5%B0%8A%E7%88%B5/?path=//dev/disk HTTP/1.1" 200 45438 "-" "Mozilla/5.0 (compatible; MJ12bot/v1.4.8; http://mj12bot.com/)"
74.7.227.179 - - [14/Dec/2025:00:53:43 +0000] "GET /index.php?format=xml&rest_route=%2Foembed%2F1.0%2Fembed&url=https%3A%2F%2Fdatainsightnow.com%2F%3Fp%3D23989 HTTP/1.1" 200 1314 "-" "Mozilla/5.0 AppleWebKit/537.36 (KHTML, like Gecko; compatible; GPTBot/1.3; +https://openai.com/gptbot)"
194.247.173.99 - - [14/Dec/2025:00:53:44 +0000] "GET /9-masks-of-fire-hyperspins-slot-777-gems-respin-%E5%B0%8A%E7%88%B5/?path=//dev/dma_heap HTTP/1.1" 200 45438 "-" "Mozilla/5.0 (compatible; MJ12bot/v1.4.8; http://mj12bot.com/)"
74.7.227.179 - - [14/Dec/2025:00:53:46 +0000] "GET /index.php?rest_route=/wp/v2/posts/23989 HTTP/1.1" 200 4742 "-" "Mozilla/5.0 AppleWebKit/537.36 (KHTML, like Gecko; compatible; GPTBot/1.3; +https://openai.com/gptbot)"
194.247.173.99 - - [14/Dec/2025:00:53:49 +0000] "GET /9-masks-of-fire-hyperspins-slot-777-gems-respin-%E5%B0%8A%E7%88%B5/?path=//dev/dri HTTP/1.1" 200 45438 "-" "Mozilla/5.0 (compatible; MJ12bot/v1.4.8; http://mj12bot.com/)"
74.7.227.179 - - [14/Dec/2025:00:53:49 +0000] "GET /?p=11816 HTTP/1.1" 200 43176 "-" "Mozilla/5.0 AppleWebKit/537.36 (KHTML, like Gecko; compatible; GPTBot/1.3; +https://openai.com/gptbot)"
66.135.21.75 - - [14/Dec/2025:00:53:52 +0000] "POST /wp-cron.php?doing_wp_cron=1765673632.4644479751586914062500 HTTP/1.1" 200 31 "-" "WordPress/6.3.1; https://datainsightnow.com"
74.7.227.179 - - [14/Dec/2025:00:53:52 +0000] "GET /index.php?format=xml&rest_route=%2Foembed%2F1.0%2Fembed&url=https%3A%2F%2Fdatainsightnow.com%2F%3Fp%3D11816 HTTP/1.1" 200 1312 "-" "Mozilla/5.0 AppleWebKit/537.36 (KHTML, like Gecko; compatible; GPTBot/1.3; +https://openai.com/gptbot)"
194.247.173.99 - - [14/Dec/2025:00:53:53 +0000] "GET /9-masks-of-fire-hyperspins-slot-777-gems-respin-%E5%B0%8A%E7%88%B5/?path=//dev/input/by-id HTTP/1.1" 200 45438 "-" "Mozilla/5.0 (compatible; MJ12bot/v1.4.8; http://mj12bot.com/)"
74.7.227.179 - - [14/Dec/2025:00:53:55 +0000] "GET /index.php?rest_route=%2Foembed%2F1.0%2Fembed&url=https%3A%2F%2Fdatainsightnow.com%2F%3Fp%3D11816 HTTP/1.1" 200 1285 "-" "Mozilla/5.0 AppleWebKit/537.36 (KHTML, like Gecko; compatible; GPTBot/1.3; +https://openai.com/gptbot)"
57.141.0.38 - - [14/Dec/2025:00:53:56 +0000] "GET /2025/03/07/page/6/?fileloc=//sys/class/pci_bus/0000:0b/subsystem/0000:05/device/driver/0000:00:02.0/subsystem/devices/0000:05:00.0/resource4&path=//sys/class/pci_bus/0000:0b/subsystem/0000:05/device/driver/0000:00:02.0/subsystem/devices/0000:05:00.0 HTTP/1.1" 200 262215 "-" "meta-externalagent/1.1 (+https://developers.facebook.com/docs/sharing/webmasters/crawler)"
57.141.0.58 - - [14/Dec/2025:00:53:57 +0000] "GET /2025/03/06/page/39/?fileloc=//sys/class/pci_bus/0000:0a/subsystem/0000:0e/subsystem/0000:0b/subsystem/0000:03/power/runtime_active_kids&path=//sys/class/pci_bus/0000:0a/subsystem/0000:0e/subsystem/0000:0b/subsystem/0000:03/power HTTP/1.1" 200 262215 "-" "meta-externalagent/1.1 (+https://developers.facebook.com/docs/sharing/webmasters/crawler)"
57.141.0.8 - - [14/Dec/2025:00:53:57 +0000] "GET /moneysense-self-help-guide-to-the-ideal-profile/?fileloc=//sys/class/pci_bus/0000:0c/subsystem/0000:00/device/0000:00:02.2/driver/0000:00:03.0/uevent&path=//sys/class/pci_bus/0000:0c/subsystem/0000:00/device/0000:00:02.2/driver/0000:00:03.0 HTTP/1.1" 200 262248 "-" "meta-externalagent/1.1 (+https://developers.facebook.com/docs/sharing/webmasters/crawler)"
194.247.173.99 - - [14/Dec/2025:00:53:58 +0000] "GET /9-masks-of-fire-hyperspins-slot-777-gems-respin-%E5%B0%8A%E7%88%B5/?path=//dev/input/by-path HTTP/1.1" 200 45438 "-" "Mozilla/5.0 (compatible; MJ12bot/v1.4.8; http://mj12bot.com/)"
57.141.0.60 - - [14/Dec/2025:00:53:58 +0000] "GET /2025/03/06/page/39/?fileloc=//sys/class/pci_bus/0000:01/subsystem/0000:06/subsystem/0000:04/subsystem/0000:05/subsystem/0000:06/power/async&path=//sys/class/pci_bus/0000:01/subsystem/0000:06/subsystem/0000:04/subsystem/0000:05/subsystem/0000:06/power HTTP/1.1" 200 262264 "-" "meta-externalagent/1.1 (+https://developers.facebook.com/docs/sharing/webmasters/crawler)"
74.7.227.179 - - [14/Dec/2025:00:53:58 +0000] "GET /index.php?rest_route=/wp/v2/posts/11816 HTTP/1.1" 200 5770 "-" "Mozilla/5.0 AppleWebKit/537.36 (KHTML, like Gecko; compatible; GPTBot/1.3; +https://openai.com/gptbot)"
66.135.21.75 - - [14/Dec/2025:00:54:02 +0000] "POST /wp-cron.php?doing_wp_cron=1765673642.0251669883728027343750 HTTP/1.1" 200 31 "-" "WordPress/6.3.1; https://datainsightnow.com"
74.7.227.179 - - [14/Dec/2025:00:54:02 +0000] "GET /?p=12199 HTTP/1.1" 200 43754 "-" "Mozilla/5.0 AppleWebKit/537.36 (KHTML, like Gecko; compatible; GPTBot/1.3; +https://openai.com/gptbot)"
194.247.173.99 - - [14/Dec/2025:00:54:02 +0000] "GET /9-masks-of-fire-hyperspins-slot-777-gems-respin-%E5%B0%8A%E7%88%B5/?path=//dev/mapper HTTP/1.1" 200 45438 "-" "Mozilla/5.0 (compatible; MJ12bot/v1.4.8; http://mj12bot.com/)"
57.141.0.48 - - [14/Dec/2025:00:54:04 +0000] "GET /nacin-kako-uporabljate-globe-wagering-najboljsa-knjiga/?fileloc=//sys/class/pci_bus/0000:0d/subsystem/0000:05/subsystem/0000:0c/subsystem/0000:04/device/0000:04:00.0/numa_node&path=//sys/class/pci_bus/0000:0d/subsystem/0000:05/subsystem/0000:0c/subsystem/0000:04/device/0000:04:00.0 HTTP/1.1" 200 262217 "-" "meta-externalagent/1.1 (+https://developers.facebook.com/docs/sharing/webmasters/crawler)"
74.7.227.179 - - [14/Dec/2025:00:54:05 +0000] "GET /?p=20427 HTTP/1.1" 200 43733 "-" "Mozilla/5.0 AppleWebKit/537.36 (KHTML, like Gecko; compatible; GPTBot/1.3; +https://openai.com/gptbot)"
194.247.173.99 - - [14/Dec/2025:00:54:07 +0000] "GET /9-masks-of-fire-hyperspins-slot-777-gems-respin-%E5%B0%8A%E7%88%B5/?path=//dev/mqueue HTTP/1.1" 200 45438 "-" "Mozilla/5.0 (compatible; MJ12bot/v1.4.8; http://mj12bot.com/)"
74.7.227.179 - - [14/Dec/2025:00:54:08 +0000] "GET /index.php?rest_route=/wp/v2/posts/20427 HTTP/1.1" 200 6160 "-" "Mozilla/5.0 AppleWebKit/537.36 (KHTML, like Gecko; compatible; GPTBot/1.3; +https://openai.com/gptbot)"
194.247.173.99 - - [14/Dec/2025:00:54:11 +0000] "GET /9-masks-of-fire-hyperspins-slot-777-gems-respin-%E5%B0%8A%E7%88%B5/?path=//dev/net HTTP/1.1" 200 45438 "-" "Mozilla/5.0 (compatible; MJ12bot/v1.4.8; http://mj12bot.com/)"
74.7.227.179 - - [14/Dec/2025:00:54:11 +0000] "GET /index.php?rest_route=%2Foembed%2F1.0%2Fembed&url=https%3A%2F%2Fdatainsightnow.com%2F%3Fp%3D20427 HTTP/1.1" 200 1284 "-" "Mozilla/5.0 AppleWebKit/537.36 (KHTML, like Gecko; compatible; GPTBot/1.3; +https://openai.com/gptbot)"
74.7.227.179 - - [14/Dec/2025:00:54:14 +0000] "GET /index.php?format=xml&rest_route=%2Foembed%2F1.0%2Fembed&url=https%3A%2F%2Fdatainsightnow.com%2F%3Fp%3D20427 HTTP/1.1" 200 1309 "-" "Mozilla/5.0 AppleWebKit/537.36 (KHTML, like Gecko; compatible; GPTBot/1.3; +https://openai.com/gptbot)"
194.247.173.99 - - [14/Dec/2025:00:54:15 +0000] "GET /9-masks-of-fire-hyperspins-slot-777-gems-respin-%E5%B0%8A%E7%88%B5/?path=//dev/pts HTTP/1.1" 200 45438 "-" "Mozilla/5.0 (compatible; MJ12bot/v1.4.8; http://mj12bot.com/)"
57.141.0.59 - - [14/Dec/2025:00:54:16 +0000] "GET /karamba-spielsaal-erfahrungen-angeschlossen-testbericht-werfen-sie-einen-blick-auf-den-link-within-2025-pro-teutonia/?fileloc=//sys/class/pci_bus/0000:04/subsystem/0000:0c/subsystem/0000:11/subsystem/0000:02/subsystem/0000:0d/device/aer_dev_correctable&path=//sys/class/pci_bus/0000:04/subsystem/0000:0c/subsystem/0000:11/subsystem/0000:02/subsystem/0000:0d/device HTTP/1.1" 200 262209 "-" "meta-externalagent/1.1 (+https://developers.facebook.com/docs/sharing/webmasters/crawler)"
74.7.227.179 - - [14/Dec/2025:00:54:18 +0000] "GET /?p=11512 HTTP/1.1" 200 41547 "-" "Mozilla/5.0 AppleWebKit/537.36 (KHTML, like Gecko; compatible; GPTBot/1.3; +https://openai.com/gptbot)"
57.141.0.2 - - [14/Dec/2025:00:54:18 +0000] "GET /best-no-deposit-bonuses-in-the-usa-to-own-2025/?fileloc=//lib/multipath/libpriodatacore.so&path=//lib/multipath HTTP/1.1" 200 262264 "-" "meta-externalagent/1.1 (+https://developers.facebook.com/docs/sharing/webmasters/crawler)"
194.247.173.99 - - [14/Dec/2025:00:54:20 +0000] "GET /9-masks-of-fire-hyperspins-slot-777-gems-respin-%E5%B0%8A%E7%88%B5/?path=//dev/shm HTTP/1.1" 200 45438 "-" "Mozilla/5.0 (compatible; MJ12bot/v1.4.8; http://mj12bot.com/)"
185.113.8.55 - - [14/Dec/2025:00:54:20 +0000] "POST /wp-login.php HTTP/1.1" 200 2685 "-" "Mozilla/5.0 (Windows NT 11.0; Win64; x64) AppleWebKit/537.36 (KHTML, like Gecko) Chrome/125.0.9941.701 Safari/537.36"
57.141.0.12 - - [14/Dec/2025:00:54:20 +0000] "GET /moneysense-self-help-guide-to-the-ideal-profile/?path=//sys/class/pci_bus/0000:04/subsystem/0000:07/device/firmware_node/physical_node/driver/0000:00:03.7/0000:00:03.7:pcie010/power HTTP/1.1" 200 262216 "-" "meta-externalagent/1.1 (+https://developers.facebook.com/docs/sharing/webmasters/crawler)"
74.7.227.179 - - [14/Dec/2025:00:54:21 +0000] "GET /index.php?rest_route=/wp/v2/posts/11512 HTTP/1.1" 200 4325 "-" "Mozilla/5.0 AppleWebKit/537.36 (KHTML, like Gecko; compatible; GPTBot/1.3; +https://openai.com/gptbot)"
85.208.96.210 - - [14/Dec/2025:00:54:21 +0000] "GET /?p=30483 HTTP/1.1" 200 44313 "-" "Mozilla/5.0 (compatible; SemrushBot/7~bl; +http://www.semrush.com/bot.html)"
74.7.227.179 - - [14/Dec/2025:00:54:24 +0000] "GET /index.php?format=xml&rest_route=%2Foembed%2F1.0%2Fembed&url=https%3A%2F%2Fdatainsightnow.com%2F%3Fp%3D11512 HTTP/1.1" 200 1306 "-" "Mozilla/5.0 AppleWebKit/537.36 (KHTML, like Gecko; compatible; GPTBot/1.3; +https://openai.com/gptbot)"
194.247.173.99 - - [14/Dec/2025:00:54:25 +0000] "GET /9-masks-of-fire-hyperspins-slot-777-gems-respin-%E5%B0%8A%E7%88%B5/?path=//dev/snd HTTP/1.1" 200 45438 "-" "Mozilla/5.0 (compatible; MJ12bot/v1.4.8; http://mj12bot.com/)"
57.141.0.2 - - [14/Dec/2025:00:54:25 +0000] "GET /karamba-spielsaal-erfahrungen-angeschlossen-testbericht-werfen-sie-einen-blick-auf-den-link-within-2025-pro-teutonia/?fileloc=//sys/class/pci_bus/0000:06/subsystem/0000:0d/device/driver/0000:00:02.2/driver/0000:00:02.3/subsystem/devices/0000:00:03.2/power/wakeup_count&path=//sys/class/pci_bus/0000:06/subsystem/0000:0d/device/driver/0000:00:02.2/driver/0000:00:02.3/subsystem/devices/0000:00:03.2/power HTTP/1.1" 200 262209 "-" "meta-externalagent/1.1 (+https://developers.facebook.com/docs/sharing/webmasters/crawler)"
74.7.227.179 - - [14/Dec/2025:00:54:27 +0000] "GET /index.php?rest_route=%2Foembed%2F1.0%2Fembed&url=https%3A%2F%2Fdatainsightnow.com%2F%3Fp%3D11512 HTTP/1.1" 200 1279 "-" "Mozilla/5.0 AppleWebKit/537.36 (KHTML, like Gecko; compatible; GPTBot/1.3; +https://openai.com/gptbot)"
66.249.77.100 - - [14/Dec/2025:00:54:28 +0000] "GET /?fileloc=//sys/class/wakeup/wakeup0/subsystem/wakeup26/subsystem/wakeup2/subsystem/wakeup20/subsystem/wakeup10/subsystem/wakeup34/subsystem/wakeup8/subsystem/wakeup16/subsystem/wakeup25/subsystem/wakeup20/subsystem/wakeup19/device/subsystem/devices/device:2e/physical_node/irq&path=//sys/class/wakeup/wakeup0/subsystem/wakeup26/subsystem/wakeup2/subsystem/wakeup20/subsystem/wakeup10/subsystem/wakeup34/subsystem/wakeup8/subsystem/wakeup16/subsystem/wakeup25/subsystem/wakeup20/subsystem/wakeup19/device/subsystem/devices/device:2e/physical_node HTTP/1.1" 200 45439 "-" "Mozilla/5.0 (Linux; Android 6.0.1; Nexus 5X Build/MMB29P) AppleWebKit/537.36 (KHTML, like Gecko) Chrome/141.0.7390.122 Mobile Safari/537.36 (compatible; Googlebot/2.1; +http://www.google.com/bot.html)"
194.247.173.99 - - [14/Dec/2025:00:54:29 +0000] "GET /9-masks-of-fire-hyperspins-slot-777-gems-respin-%E5%B0%8A%E7%88%B5/?path=//etc/cloud HTTP/1.1" 200 45438 "-" "Mozilla/5.0 (compatible; MJ12bot/v1.4.8; http://mj12bot.com/)"
74.7.227.179 - - [14/Dec/2025:00:54:30 +0000] "GET /?p=42285 HTTP/1.1" 200 41699 "-" "Mozilla/5.0 AppleWebKit/537.36 (KHTML, like Gecko; compatible; GPTBot/1.3; +https://openai.com/gptbot)"
57.141.0.13 - - [14/Dec/2025:00:54:31 +0000] "GET /2025/03/07/page/6/?fileloc=//sys/class/pci_bus/0000:05/subsystem/0000:02/subsystem/0000:0d/subsystem/0000:09/subsystem/0000:04/subsystem/0000:0d/device/subordinate_bus_number&path=//sys/class/pci_bus/0000:05/subsystem/0000:02/subsystem/0000:0d/subsystem/0000:09/subsystem/0000:04/subsystem/0000:0d/device HTTP/1.1" 200 262248 "-" "meta-externalagent/1.1 (+https://developers.facebook.com/docs/sharing/webmasters/crawler)"
185.113.8.55 - - [14/Dec/2025:00:54:32 +0000] "POST /wp-login.php HTTP/1.1" 200 2685 "-" "Mozilla/5.0 (X11; Linux x86_64) AppleWebKit/537.36 (KHTML, like Gecko) Chrome/132.0.7245.981 Safari/537.36"
74.7.227.179 - - [14/Dec/2025:00:54:33 +0000] "GET /index.php?rest_route=/wp/v2/posts/42285 HTTP/1.1" 200 4501 "-" "Mozilla/5.0 AppleWebKit/537.36 (KHTML, like Gecko; compatible; GPTBot/1.3; +https://openai.com/gptbot)"
194.247.173.99 - - [14/Dec/2025:00:54:33 +0000] "GET /9-masks-of-fire-hyperspins-slot-777-gems-respin-%E5%B0%8A%E7%88%B5/?path=//etc/cracklib HTTP/1.1" 200 45438 "-" "Mozilla/5.0 (compatible; MJ12bot/v1.4.8; http://mj12bot.com/)"
74.7.227.179 - - [14/Dec/2025:00:54:36 +0000] "GET /index.php?format=xml&rest_route=%2Foembed%2F1.0%2Fembed&url=https%3A%2F%2Fdatainsightnow.com%2F%3Fp%3D42285 HTTP/1.1" 200 1301 "-" "Mozilla/5.0 AppleWebKit/537.36 (KHTML, like Gecko; compatible; GPTBot/1.3; +https://openai.com/gptbot)"
194.247.173.99 - - [14/Dec/2025:00:54:38 +0000] "GET /9-masks-of-fire-hyperspins-slot-777-gems-respin-%E5%B0%8A%E7%88%B5/?path=//etc/credstore HTTP/1.1" 200 45438 "-" "Mozilla/5.0 (compatible; MJ12bot/v1.4.8; http://mj12bot.com/)"
167.71.175.236 - - [14/Dec/2025:00:54:38 +0000] "GET / HTTP/1.1" 200 212565 "-" "-"
167.71.175.236 - - [14/Dec/2025:00:54:39 +0000] "GET / HTTP/1.1" 200 262264 "-" "Mozilla/5.0 (l9scan/2.0.5373e21323e2533313e26363; +https://leakix.net)"
57.141.0.47 - - [14/Dec/2025:00:54:40 +0000] "GET /karamba-spielsaal-erfahrungen-angeschlossen-testbericht-werfen-sie-einen-blick-auf-den-link-within-2025-pro-teutonia/?path=//sys/class/pci_bus/0000:04/subsystem/0000:04/device/driver/0000:00:04.0/subsystem/devices/0000:00:02.3 HTTP/1.1" 200 262216 "-" "meta-externalagent/1.1 (+https://developers.facebook.com/docs/sharing/webmasters/crawler)"
74.7.227.179 - - [14/Dec/2025:00:54:40 +0000] "GET /index.php?rest_route=%2Foembed%2F1.0%2Fembed&url=https%3A%2F%2Fdatainsightnow.com%2F%3Fp%3D42285 HTTP/1.1" 200 1274 "-" "Mozilla/5.0 AppleWebKit/537.36 (KHTML, like Gecko; compatible; GPTBot/1.3; +https://openai.com/gptbot)"
57.141.0.14 - - [14/Dec/2025:00:54:40 +0000] "GET /2025/03/07/page/6/?fileloc=//sys/class/pci_bus/0000:13/subsystem/0000:0f/subsystem/0000:01/subsystem/0000:00/device/0000:00:1f.3/subsystem_device&path=//sys/class/pci_bus/0000:13/subsystem/0000:0f/subsystem/0000:01/subsystem/0000:00/device/0000:00:1f.3 HTTP/1.1" 200 262209 "-" "meta-externalagent/1.1 (+https://developers.facebook.com/docs/sharing/webmasters/crawler)"
167.71.175.236 - - [14/Dec/2025:00:54:40 +0000] "POST /graphql HTTP/1.1" 200 45438 "-" "Mozilla/5.0 (l9scan/2.0.5373e21323e2533313e26363; +https://leakix.net)"
167.71.175.236 - - [14/Dec/2025:00:54:41 +0000] "POST /api HTTP/1.1" 200 45438 "-" "Mozilla/5.0 (l9scan/2.0.5373e21323e2533313e26363; +https://leakix.net)"
57.141.0.6 - - [14/Dec/2025:00:54:41 +0000] "GET /2025/03/07/page/6/?fileloc=//sys/class/pci_bus/0000:07/subsystem/0000:06/device/driver/0000:00:03.7/driver/0000:00:02.4/driver/0000:00:03.7/consistent_dma_mask_bits&path=//sys/class/pci_bus/0000:07/subsystem/0000:06/device/driver/0000:00:03.7/driver/0000:00:02.4/driver/0000:00:03.7 HTTP/1.1" 200 262264 "-" "meta-externalagent/1.1 (+https://developers.facebook.com/docs/sharing/webmasters/crawler)"
167.71.175.236 - - [14/Dec/2025:00:54:42 +0000] "POST /api/graphql HTTP/1.1" 200 45438 "-" "Mozilla/5.0 (l9scan/2.0.5373e21323e2533313e26363; +https://leakix.net)"
194.247.173.99 - - [14/Dec/2025:00:54:43 +0000] "GET /9-masks-of-fire-hyperspins-slot-777-gems-respin-%E5%B0%8A%E7%88%B5/?path=//etc/credstore.encrypted HTTP/1.1" 200 45438 "-" "Mozilla/5.0 (compatible; MJ12bot/v1.4.8; http://mj12bot.com/)"
167.71.175.236 - - [14/Dec/2025:00:54:43 +0000] "POST /graphql/api HTTP/1.1" 200 45438 "-" "Mozilla/5.0 (l9scan/2.0.5373e21323e2533313e26363; +https://leakix.net)"
74.7.227.179 - - [14/Dec/2025:00:54:43 +0000] "GET /?p=47685 HTTP/1.1" 200 43140 "-" "Mozilla/5.0 AppleWebKit/537.36 (KHTML, like Gecko; compatible; GPTBot/1.3; +https://openai.com/gptbot)"
57.141.0.10 - - [14/Dec/2025:00:54:44 +0000] "GET /2025/03/07/page/6/?fileloc=//sys/class/pci_bus/0000:06/device/driver/0000:00:02.5/driver/0000:00:02.0/driver/0000:00:02.7/driver/0000:00:03.1/local_cpus&path=//sys/class/pci_bus/0000:06/device/driver/0000:00:02.5/driver/0000:00:02.0/driver/0000:00:02.7/driver/0000:00:03.1 HTTP/1.1" 200 262264 "-" "meta-externalagent/1.1 (+https://developers.facebook.com/docs/sharing/webmasters/crawler)"
167.71.175.236 - - [14/Dec/2025:00:54:44 +0000] "POST /api/gql HTTP/1.1" 200 45438 "-" "Mozilla/5.0 (l9scan/2.0.5373e21323e2533313e26363; +https://leakix.net)"
167.71.175.236 - - [14/Dec/2025:00:54:45 +0000] "GET /swagger-ui.html HTTP/1.1" 301 5 "-" "Mozilla/5.0 (l9scan/2.0.5373e21323e2533313e26363; +https://leakix.net)"
57.141.0.5 - - [14/Dec/2025:00:54:45 +0000] "GET /2025/03/07/page/6/?fileloc=//sys/class/pci_bus/0000:09/subsystem/0000:0b/subsystem/0000:0d/subsystem/0000:00/device/0000:00:03.7/resource0&path=//sys/class/pci_bus/0000:09/subsystem/0000:0b/subsystem/0000:0d/subsystem/0000:00/device/0000:00:03.7 HTTP/1.1" 200 262209 "-" "meta-externalagent/1.1 (+https://developers.facebook.com/docs/sharing/webmasters/crawler)"
57.141.0.6 - - [14/Dec/2025:00:54:46 +0000] "GET /karamba-spielsaal-erfahrungen-angeschlossen-testbericht-werfen-sie-einen-blick-auf-den-link-within-2025-pro-teutonia/?fileloc=//sys/class/pci_bus/0000:13/subsystem/0000:0d/subsystem/0000:0d/subsystem/0000:05/device/subsystem/drivers_probe&path=//sys/class/pci_bus/0000:13/subsystem/0000:0d/subsystem/0000:0d/subsystem/0000:05/device/subsystem HTTP/1.1" 200 262209 "-" "meta-externalagent/1.1 (+https://developers.facebook.com/docs/sharing/webmasters/crawler)"
185.191.171.7 - - [14/Dec/2025:00:54:46 +0000] "GET /?p=12431 HTTP/1.1" 200 44689 "-" "Mozilla/5.0 (compatible; SemrushBot/7~bl; +http://www.semrush.com/bot.html)"
74.7.227.179 - - [14/Dec/2025:00:54:46 +0000] "GET /index.php?rest_route=/wp/v2/posts/47685 HTTP/1.1" 200 5654 "-" "Mozilla/5.0 AppleWebKit/537.36 (KHTML, like Gecko; compatible; GPTBot/1.3; +https://openai.com/gptbot)"
167.71.175.236 - - [14/Dec/2025:00:54:46 +0000] "GET /swagger/index.html HTTP/1.1" 301 5 "-" "Mozilla/5.0 (l9scan/2.0.5373e21323e2533313e26363; +https://leakix.net)"
167.71.175.236 - - [14/Dec/2025:00:54:47 +0000] "GET /swagger/swagger-ui.html HTTP/1.1" 301 5 "-" "Mozilla/5.0 (l9scan/2.0.5373e21323e2533313e26363; +https://leakix.net)"
194.247.173.99 - - [14/Dec/2025:00:54:47 +0000] "GET /9-masks-of-fire-hyperspins-slot-777-gems-respin-%E5%B0%8A%E7%88%B5/?path=//etc/cron.d HTTP/1.1" 200 45438 "-" "Mozilla/5.0 (compatible; MJ12bot/v1.4.8; http://mj12bot.com/)"
167.71.175.236 - - [14/Dec/2025:00:54:48 +0000] "GET /webjars/swagger-ui/index.html HTTP/1.1" 301 5 "-" "Mozilla/5.0 (l9scan/2.0.5373e21323e2533313e26363; +https://leakix.net)"
57.141.0.11 - - [14/Dec/2025:00:54:48 +0000] "GET /2025/03/07/page/6/?path=//sys/class/pci_bus/0000:01/subsystem/0000:00/device/0000:00:02.1/driver/0000:00:03.4/driver/0000:00:02.2 HTTP/1.1" 200 262209 "-" "meta-externalagent/1.1 (+https://developers.facebook.com/docs/sharing/webmasters/crawler)"
167.71.175.236 - - [14/Dec/2025:00:54:49 +0000] "GET /swagger.json HTTP/1.1" 301 5 "-" "Mozilla/5.0 (l9scan/2.0.5373e21323e2533313e26363; +https://leakix.net)"
74.7.227.179 - - [14/Dec/2025:00:54:49 +0000] "GET /index.php?format=xml&rest_route=%2Foembed%2F1.0%2Fembed&url=https%3A%2F%2Fdatainsightnow.com%2F%3Fp%3D47685 HTTP/1.1" 200 1330 "-" "Mozilla/5.0 AppleWebKit/537.36 (KHTML, like Gecko; compatible; GPTBot/1.3; +https://openai.com/gptbot)"
57.141.0.53 - - [14/Dec/2025:00:54:49 +0000] "GET /2025/03/07/page/6/?path=//sys/class/pci_bus/0000:0e/subsystem/0000:05/subsystem/0000:13/subsystem/0000:0f/subsystem/0000:0f/subsystem/0000:05 HTTP/1.1" 200 262264 "-" "meta-externalagent/1.1 (+https://developers.facebook.com/docs/sharing/webmasters/crawler)"
66.135.21.75 - - [14/Dec/2025:00:54:50 +0000] "POST /wp-cron.php?doing_wp_cron=1765673690.4148819446563720703125 HTTP/1.1" 200 31 "-" "WordPress/6.3.1; https://datainsightnow.com"
167.71.175.236 - - [14/Dec/2025:00:54:50 +0000] "GET /swagger/v1/swagger.json HTTP/1.1" 301 5 "-" "Mozilla/5.0 (l9scan/2.0.5373e21323e2533313e26363; +https://leakix.net)"
57.141.0.18 - - [14/Dec/2025:00:54:51 +0000] "GET /2025/03/07/page/6/?path=//sys/class/pci_bus/0000:05/subsystem/0000:0c/subsystem/0000:06/subsystem/0000:06/device/subsystem/drivers/ehci-pci HTTP/1.1" 200 262209 "-" "meta-externalagent/1.1 (+https://developers.facebook.com/docs/sharing/webmasters/crawler)"
167.71.175.236 - - [14/Dec/2025:00:54:51 +0000] "GET /v2/api-docs HTTP/1.1" 301 5 "-" "Mozilla/5.0 (l9scan/2.0.5373e21323e2533313e26363; +https://leakix.net)"
57.141.0.38 - - [14/Dec/2025:00:54:52 +0000] "GET /2025/03/07/page/6/?fileloc=//sys/class/pci_bus/0000:05/subsystem/0000:08/device/driver/0000:00:02.1/driver/0000:00:02.3/subsystem/rescan&path=//sys/class/pci_bus/0000:05/subsystem/0000:08/device/driver/0000:00:02.1/driver/0000:00:02.3/subsystem HTTP/1.1" 200 262264 "-" "meta-externalagent/1.1 (+https://developers.facebook.com/docs/sharing/webmasters/crawler)"
194.247.173.99 - - [14/Dec/2025:00:54:52 +0000] "GET /9-masks-of-fire-hyperspins-slot-777-gems-respin-%E5%B0%8A%E7%88%B5/?path=//etc/cron.daily HTTP/1.1" 200 45438 "-" "Mozilla/5.0 (compatible; MJ12bot/v1.4.8; http://mj12bot.com/)"
167.71.175.236 - - [14/Dec/2025:00:54:52 +0000] "GET /v3/api-docs HTTP/1.1" 301 5 "-" "Mozilla/5.0 (l9scan/2.0.5373e21323e2533313e26363; +https://leakix.net)"
74.7.227.179 - - [14/Dec/2025:00:54:52 +0000] "GET /index.php?rest_route=%2Foembed%2F1.0%2Fembed&url=https%3A%2F%2Fdatainsightnow.com%2F%3Fp%3D47685 HTTP/1.1" 200 1305 "-" "Mozilla/5.0 AppleWebKit/537.36 (KHTML, like Gecko; compatible; GPTBot/1.3; +https://openai.com/gptbot)"
167.71.175.236 - - [14/Dec/2025:00:54:53 +0000] "GET /api-docs/swagger.json HTTP/1.1" 301 5 "-" "Mozilla/5.0 (l9scan/2.0.5373e21323e2533313e26363; +https://leakix.net)"
167.71.175.236 - - [14/Dec/2025:00:54:54 +0000] "GET /api/swagger.json HTTP/1.1" 301 5 "-" "Mozilla/5.0 (l9scan/2.0.5373e21323e2533313e26363; +https://leakix.net)"
167.71.175.236 - - [14/Dec/2025:00:54:55 +0000] "GET /@vite/env HTTP/1.1" 301 5 "-" "Mozilla/5.0 (l9scan/2.0.5373e21323e2533313e26363; +https://leakix.net)"
74.7.227.179 - - [14/Dec/2025:00:54:55 +0000] "GET /?p=40795 HTTP/1.1" 200 42913 "-" "Mozilla/5.0 AppleWebKit/537.36 (KHTML, like Gecko; compatible; GPTBot/1.3; +https://openai.com/gptbot)"
194.247.173.99 - - [14/Dec/2025:00:54:56 +0000] "GET /9-masks-of-fire-hyperspins-slot-777-gems-respin-%E5%B0%8A%E7%88%B5/?path=//etc/cron.weekly HTTP/1.1" 200 45438 "-" "Mozilla/5.0 (compatible; MJ12bot/v1.4.8; http://mj12bot.com/)"
167.71.175.236 - - [14/Dec/2025:00:54:56 +0000] "GET /actuator/env HTTP/1.1" 301 5 "-" "Mozilla/5.0 (l9scan/2.0.5373e21323e2533313e26363; +https://leakix.net)"
167.71.175.236 - - [14/Dec/2025:00:54:57 +0000] "GET /server HTTP/1.1" 301 5 "-" "Mozilla/5.0 (l9scan/2.0.5373e21323e2533313e26363; +https://leakix.net)"
167.71.175.236 - - [14/Dec/2025:00:54:58 +0000] "GET /.vscode/sftp.json HTTP/1.1" 301 5 "-" "Mozilla/5.0 (l9scan/2.0.5373e21323e2533313e26363; +https://leakix.net)"
74.7.227.179 - - [14/Dec/2025:00:54:58 +0000] "GET /index.php?rest_route=%2Foembed%2F1.0%2Fembed&url=https%3A%2F%2Fdatainsightnow.com%2F%3Fp%3D40795 HTTP/1.1" 200 1279 "-" "Mozilla/5.0 AppleWebKit/537.36 (KHTML, like Gecko; compatible; GPTBot/1.3; +https://openai.com/gptbot)"
167.71.175.236 - - [14/Dec/2025:00:55:00 +0000] "GET /about HTTP/1.1" 301 5 "-" "Mozilla/5.0 (l9scan/2.0.5373e21323e2533313e26363; +https://leakix.net)"
194.247.173.99 - - [14/Dec/2025:00:55:01 +0000] "GET /9-masks-of-fire-hyperspins-slot-777-gems-respin-%E5%B0%8A%E7%88%B5/?path=//etc/cron.yearly HTTP/1.1" 200 45438 "-" "Mozilla/5.0 (compatible; MJ12bot/v1.4.8; http://mj12bot.com/)"
167.71.175.236 - - [14/Dec/2025:00:55:01 +0000] "GET /debug/default/view?panel=config HTTP/1.1" 301 5 "-" "Mozilla/5.0 (l9scan/2.0.5373e21323e2533313e26363; +https://leakix.net)"
74.7.227.179 - - [14/Dec/2025:00:55:02 +0000] "GET /index.php?rest_route=/wp/v2/posts/40795 HTTP/1.1" 200 5403 "-" "Mozilla/5.0 AppleWebKit/537.36 (KHTML, like Gecko; compatible; GPTBot/1.3; +https://openai.com/gptbot)"
167.71.175.236 - - [14/Dec/2025:00:55:02 +0000] "GET /v2/_catalog HTTP/1.1" 301 5 "-" "Mozilla/5.0 (l9scan/2.0.5373e21323e2533313e26363; +https://leakix.net)"
167.71.175.236 - - [14/Dec/2025:00:55:03 +0000] "GET /ecp/Current/exporttool/microsoft.exchange.ediscovery.exporttool.application HTTP/1.1" 301 5 "-" "Mozilla/5.0 (l9scan/2.0.5373e21323e2533313e26363; +https://leakix.net)"
167.71.175.236 - - [14/Dec/2025:00:55:04 +0000] "GET /server-status HTTP/1.1" 301 5 "-" "Mozilla/5.0 (l9scan/2.0.5373e21323e2533313e26363; +https://leakix.net)"
74.7.227.179 - - [14/Dec/2025:00:55:05 +0000] "GET /index.php?format=xml&rest_route=%2Foembed%2F1.0%2Fembed&url=https%3A%2F%2Fdatainsightnow.com%2F%3Fp%3D40795 HTTP/1.1" 200 1305 "-" "Mozilla/5.0 AppleWebKit/537.36 (KHTML, like Gecko; compatible; GPTBot/1.3; +https://openai.com/gptbot)"
194.247.173.99 - - [14/Dec/2025:00:55:05 +0000] "GET /9-masks-of-fire-hyperspins-slot-777-gems-respin-%E5%B0%8A%E7%88%B5/?path=//etc/cryptsetup-initramfs HTTP/1.1" 200 45438 "-" "Mozilla/5.0 (compatible; MJ12bot/v1.4.8; http://mj12bot.com/)"
167.71.175.236 - - [14/Dec/2025:00:55:05 +0000] "GET /login.action HTTP/1.1" 301 5 "-" "Mozilla/5.0 (l9scan/2.0.5373e21323e2533313e26363; +https://leakix.net)"
167.71.175.236 - - [14/Dec/2025:00:55:06 +0000] "GET /_all_dbs HTTP/1.1" 301 5 "-" "Mozilla/5.0 (l9scan/2.0.5373e21323e2533313e26363; +https://leakix.net)"
57.141.0.23 - - [14/Dec/2025:00:55:06 +0000] "GET /2025/03/07/page/6/?path=//sys/class/pci_bus/0000:05/subsystem/0000:09/device/0000:09:00.0/driver/0000:05:00.0 HTTP/1.1" 200 262209 "-" "meta-externalagent/1.1 (+https://developers.facebook.com/docs/sharing/webmasters/crawler)"
167.71.175.236 - - [14/Dec/2025:00:55:07 +0000] "GET /.DS_Store HTTP/1.1" 301 5 "-" "Mozilla/5.0 (l9scan/2.0.5373e21323e2533313e26363; +https://leakix.net)"
85.208.96.196 - - [14/Dec/2025:00:55:07 +0000] "GET /?p=34997 HTTP/1.1" 200 43678 "-" "Mozilla/5.0 (compatible; SemrushBot/7~bl; +http://www.semrush.com/bot.html)"
167.71.175.236 - - [14/Dec/2025:00:55:08 +0000] "GET /.env HTTP/1.1" 403 162 "-" "Mozilla/5.0 (l9scan/2.0.5373e21323e2533313e26363; +https://leakix.net)"
52.167.144.23 - - [14/Dec/2025:00:55:08 +0000] "GET /?p=26561 HTTP/1.1" 200 29960 "-" "Mozilla/5.0 AppleWebKit/537.36 (KHTML, like Gecko; compatible; bingbot/2.0; +http://www.bing.com/bingbot.htm) Chrome/116.0.1938.76 Safari/537.36"
74.7.227.179 - - [14/Dec/2025:00:55:08 +0000] "GET /?p=27987 HTTP/1.1" 200 41527 "-" "Mozilla/5.0 AppleWebKit/537.36 (KHTML, like Gecko; compatible; GPTBot/1.3; +https://openai.com/gptbot)"
57.141.0.5 - - [14/Dec/2025:00:55:09 +0000] "GET /2025/03/07/page/6/?fileloc=//sys/class/pci_bus/0000:0b/subsystem/0000:0f/subsystem/0000:06/subsystem/0000:01/subsystem/0000:07/device/driver/0000:00:02.5/broken_parity_status&path=//sys/class/pci_bus/0000:0b/subsystem/0000:0f/subsystem/0000:06/subsystem/0000:01/subsystem/0000:07/device/driver/0000:00:02.5 HTTP/1.1" 200 262264 "-" "meta-externalagent/1.1 (+https://developers.facebook.com/docs/sharing/webmasters/crawler)"
57.141.0.27 - - [14/Dec/2025:00:55:09 +0000] "GET /karamba-spielsaal-erfahrungen-angeschlossen-testbericht-werfen-sie-einen-blick-auf-den-link-within-2025-pro-teutonia/?path=//sys/class/pci_bus/0000:03/subsystem/0000:02/subsystem/0000:06/device/driver/0000:00:03.2/0000:00:03.2:pcie002/subsystem/devices/0000:00:03.1:pcie010 HTTP/1.1" 200 262209 "-" "meta-externalagent/1.1 (+https://developers.facebook.com/docs/sharing/webmasters/crawler)"
194.247.173.99 - - [14/Dec/2025:00:55:10 +0000] "GET /9-masks-of-fire-hyperspins-slot-777-gems-respin-%E5%B0%8A%E7%88%B5/?path=//etc/dbus-1 HTTP/1.1" 200 45438 "-" "Mozilla/5.0 (compatible; MJ12bot/v1.4.8; http://mj12bot.com/)"
167.71.175.236 - - [14/Dec/2025:00:55:10 +0000] "GET /.git/config HTTP/1.1" 301 5 "-" "Mozilla/5.0 (l9scan/2.0.5373e21323e2533313e26363; +https://leakix.net)"
167.71.175.236 - - [14/Dec/2025:00:55:11 +0000] "GET /s/5373e21323e2533313e26363/_/;/META-INF/maven/com.atlassian.jira/jira-webapp-dist/pom.properties HTTP/1.1" 301 5 "-" "Mozilla/5.0 (l9scan/2.0.5373e21323e2533313e26363; +https://leakix.net)"
74.7.227.179 - - [14/Dec/2025:00:55:11 +0000] "GET /index.php?rest_route=%2Foembed%2F1.0%2Fembed&url=https%3A%2F%2Fdatainsightnow.com%2F%3Fp%3D27987 HTTP/1.1" 200 1255 "-" "Mozilla/5.0 AppleWebKit/537.36 (KHTML, like Gecko; compatible; GPTBot/1.3; +https://openai.com/gptbot)"
167.71.175.236 - - [14/Dec/2025:00:55:12 +0000] "GET /config.json HTTP/1.1" 301 5 "-" "Mozilla/5.0 (l9scan/2.0.5373e21323e2533313e26363; +https://leakix.net)"
185.113.8.55 - - [14/Dec/2025:00:55:12 +0000] "POST /wp-login.php HTTP/1.1" 200 2684 "-" "Mozilla/5.0 (Macintosh; Intel Mac OS X 14_6_1) AppleWebKit/537.36 (KHTML, like Gecko) Chrome/129.0.4345.671 Safari/537.36"
167.71.175.236 - - [14/Dec/2025:00:55:13 +0000] "GET /telescope/requests HTTP/1.1" 301 5 "-" "Mozilla/5.0 (l9scan/2.0.5373e21323e2533313e26363; +https://leakix.net)"
167.71.175.236 - - [14/Dec/2025:00:55:14 +0000] "GET /info.php HTTP/1.1" 404 162 "-" "Mozilla/5.0 (l9scan/2.0.5373e21323e2533313e26363; +https://leakix.net)"
194.247.173.99 - - [14/Dec/2025:00:55:14 +0000] "GET /9-masks-of-fire-hyperspins-slot-777-gems-respin-%E5%B0%8A%E7%88%B5/?path=//etc/default HTTP/1.1" 200 45438 "-" "Mozilla/5.0 (compatible; MJ12bot/v1.4.8; http://mj12bot.com/)"
74.7.227.179 - - [14/Dec/2025:00:55:14 +0000] "GET /index.php?format=xml&rest_route=%2Foembed%2F1.0%2Fembed&url=https%3A%2F%2Fdatainsightnow.com%2F%3Fp%3D27987 HTTP/1.1" 200 1281 "-" "Mozilla/5.0 AppleWebKit/537.36 (KHTML, like Gecko; compatible; GPTBot/1.3; +https://openai.com/gptbot)"
167.71.175.236 - - [14/Dec/2025:00:55:16 +0000] "GET /?rest_route=/wp/v2/users/ HTTP/1.1" 200 366 "-" "Mozilla/5.0 (l9scan/2.0.5373e21323e2533313e26363; +https://leakix.net)"
74.7.227.179 - - [14/Dec/2025:00:55:17 +0000] "GET /index.php?rest_route=/wp/v2/posts/27987 HTTP/1.1" 200 4437 "-" "Mozilla/5.0 AppleWebKit/537.36 (KHTML, like Gecko; compatible; GPTBot/1.3; +https://openai.com/gptbot)"
194.247.173.99 - - [14/Dec/2025:00:55:18 +0000] "GET /9-masks-of-fire-hyperspins-slot-777-gems-respin-%E5%B0%8A%E7%88%B5/?path=//etc/depmod.d HTTP/1.1" 200 45438 "-" "Mozilla/5.0 (compatible; MJ12bot/v1.4.8; http://mj12bot.com/)"
74.7.227.179 - - [14/Dec/2025:00:55:21 +0000] "GET /?p=29769 HTTP/1.1" 200 41590 "-" "Mozilla/5.0 AppleWebKit/537.36 (KHTML, like Gecko; compatible; GPTBot/1.3; +https://openai.com/gptbot)"
57.141.0.50 - - [14/Dec/2025:00:55:21 +0000] "GET /2025/03/07/page/6/?fileloc=//sys/class/pci_bus/0000:0a/subsystem/0000:10/subsystem/0000:07/device/numa_node&path=//sys/class/pci_bus/0000:0a/subsystem/0000:10/subsystem/0000:07/device HTTP/1.1" 200 262216 "-" "meta-externalagent/1.1 (+https://developers.facebook.com/docs/sharing/webmasters/crawler)"
194.247.173.99 - - [14/Dec/2025:00:55:22 +0000] "GET /9-masks-of-fire-hyperspins-slot-777-gems-respin-%E5%B0%8A%E7%88%B5/?path=//etc/mdadm HTTP/1.1" 200 45438 "-" "Mozilla/5.0 (compatible; MJ12bot/v1.4.8; http://mj12bot.com/)"
185.191.171.8 - - [14/Dec/2025:00:55:23 +0000] "GET /?p=31795 HTTP/1.1" 200 43963 "-" "Mozilla/5.0 (compatible; SemrushBot/7~bl; +http://www.semrush.com/bot.html)"
74.7.227.179 - - [14/Dec/2025:00:55:24 +0000] "GET /index.php?format=xml&rest_route=%2Foembed%2F1.0%2Fembed&url=https%3A%2F%2Fdatainsightnow.com%2F%3Fp%3D29769 HTTP/1.1" 200 1318 "-" "Mozilla/5.0 AppleWebKit/537.36 (KHTML, like Gecko; compatible; GPTBot/1.3; +https://openai.com/gptbot)"
57.141.0.40 - - [14/Dec/2025:00:55:24 +0000] "GET /2025/03/07/page/6/?fileloc=//sys/class/pci_bus/0000:00/subsystem/0000:04/device/subsystem/devices/0000:00:03.5/driver/0000:00:02.2/current_link_width&path=//sys/class/pci_bus/0000:00/subsystem/0000:04/device/subsystem/devices/0000:00:03.5/driver/0000:00:02.2 HTTP/1.1" 200 262209 "-" "meta-externalagent/1.1 (+https://developers.facebook.com/docs/sharing/webmasters/crawler)"
66.249.77.99 - - [14/Dec/2025:00:55:25 +0000] "GET /?fileloc=//sys/class/wakeup/wakeup0/subsystem/wakeup26/subsystem/wakeup2/subsystem/wakeup20/subsystem/wakeup31/subsystem/wakeup31/subsystem/wakeup30/subsystem/wakeup34/subsystem/wakeup34/subsystem/wakeup1/subsystem/wakeup17/wakeup_count&path=//sys/class/wakeup/wakeup0/subsystem/wakeup26/subsystem/wakeup2/subsystem/wakeup20/subsystem/wakeup31/subsystem/wakeup31/subsystem/wakeup30/subsystem/wakeup34/subsystem/wakeup34/subsystem/wakeup1/subsystem/wakeup17 HTTP/1.1" 200 45439 "-" "Mozilla/5.0 (Linux; Android 6.0.1; Nexus 5X Build/MMB29P) AppleWebKit/537.36 (KHTML, like Gecko) Chrome/141.0.7390.122 Mobile Safari/537.36 (compatible; Googlebot/2.1; +http://www.google.com/bot.html)"
74.7.227.179 - - [14/Dec/2025:00:55:27 +0000] "GET /index.php?rest_route=/wp/v2/posts/29769 HTTP/1.1" 200 4457 "-" "Mozilla/5.0 AppleWebKit/537.36 (KHTML, like Gecko; compatible; GPTBot/1.3; +https://openai.com/gptbot)"
194.247.173.99 - - [14/Dec/2025:00:55:27 +0000] "GET /9-masks-of-fire-hyperspins-slot-777-gems-respin-%E5%B0%8A%E7%88%B5/?path=//etc/modprobe.d HTTP/1.1" 200 45438 "-" "Mozilla/5.0 (compatible; MJ12bot/v1.4.8; http://mj12bot.com/)"
74.7.227.179 - - [14/Dec/2025:00:55:30 +0000] "GET /index.php?rest_route=%2Foembed%2F1.0%2Fembed&url=https%3A%2F%2Fdatainsightnow.com%2F%3Fp%3D29769 HTTP/1.1" 200 1291 "-" "Mozilla/5.0 AppleWebKit/537.36 (KHTML, like Gecko; compatible; GPTBot/1.3; +https://openai.com/gptbot)"
