124.248.184.195 - - [14/Dec/2025:01:36:42 +0000] "POST //xmlrpc.php HTTP/1.1" 200 413 "-" "Mozilla/5.0 (Windows NT 10.0; Win64; x64) AppleWebKit/537.36 (KHTML, like Gecko) Chrome/78.0.3904.108 Safari/537.36"
124.248.184.195 - - [14/Dec/2025:01:36:42 +0000] "POST //xmlrpc.php HTTP/1.1" 200 413 "-" "Mozilla/5.0 (Windows NT 10.0; Win64; x64) AppleWebKit/537.36 (KHTML, like Gecko) Chrome/78.0.3904.108 Safari/537.36"
124.248.184.195 - - [14/Dec/2025:01:36:43 +0000] "POST //xmlrpc.php HTTP/1.1" 200 413 "-" "Mozilla/5.0 (Windows NT 10.0; Win64; x64) AppleWebKit/537.36 (KHTML, like Gecko) Chrome/78.0.3904.108 Safari/537.36"
124.248.184.195 - - [14/Dec/2025:01:36:43 +0000] "POST //xmlrpc.php HTTP/1.1" 200 413 "-" "Mozilla/5.0 (Windows NT 10.0; Win64; x64) AppleWebKit/537.36 (KHTML, like Gecko) Chrome/78.0.3904.108 Safari/537.36"
124.248.184.195 - - [14/Dec/2025:01:36:43 +0000] "POST //xmlrpc.php HTTP/1.1" 200 413 "-" "Mozilla/5.0 (Windows NT 10.0; Win64; x64) AppleWebKit/537.36 (KHTML, like Gecko) Chrome/78.0.3904.108 Safari/537.36"
74.7.241.45 - - [14/Dec/2025:01:36:44 +0000] "GET /index.php?format=xml&rest_route=%2Foembed%2F1.0%2Fembed&url=https%3A%2F%2Fdatainsightnow.com%2F%3Fp%3D42309 HTTP/1.1" 200 1312 "-" "Mozilla/5.0 AppleWebKit/537.36 (KHTML, like Gecko; compatible; GPTBot/1.3; +https://openai.com/gptbot)"
124.248.184.195 - - [14/Dec/2025:01:36:44 +0000] "POST //xmlrpc.php HTTP/1.1" 200 413 "-" "Mozilla/5.0 (Windows NT 10.0; Win64; x64) AppleWebKit/537.36 (KHTML, like Gecko) Chrome/78.0.3904.108 Safari/537.36"
124.248.184.195 - - [14/Dec/2025:01:36:44 +0000] "POST //xmlrpc.php HTTP/1.1" 200 413 "-" "Mozilla/5.0 (Windows NT 10.0; Win64; x64) AppleWebKit/537.36 (KHTML, like Gecko) Chrome/78.0.3904.108 Safari/537.36"
124.248.184.195 - - [14/Dec/2025:01:36:44 +0000] "POST //xmlrpc.php HTTP/1.1" 200 413 "-" "Mozilla/5.0 (Windows NT 10.0; Win64; x64) AppleWebKit/537.36 (KHTML, like Gecko) Chrome/78.0.3904.108 Safari/537.36"
185.191.171.2 - - [14/Dec/2025:01:36:45 +0000] "GET /?p=30387 HTTP/1.1" 200 42080 "-" "Mozilla/5.0 (compatible; SemrushBot/7~bl; +http://www.semrush.com/bot.html)"
124.248.184.195 - - [14/Dec/2025:01:36:45 +0000] "POST //xmlrpc.php HTTP/1.1" 200 413 "-" "Mozilla/5.0 (Windows NT 10.0; Win64; x64) AppleWebKit/537.36 (KHTML, like Gecko) Chrome/78.0.3904.108 Safari/537.36"
124.248.184.195 - - [14/Dec/2025:01:36:45 +0000] "POST //xmlrpc.php HTTP/1.1" 200 413 "-" "Mozilla/5.0 (Windows NT 10.0; Win64; x64) AppleWebKit/537.36 (KHTML, like Gecko) Chrome/78.0.3904.108 Safari/537.36"
124.248.184.195 - - [14/Dec/2025:01:36:46 +0000] "POST //xmlrpc.php HTTP/1.1" 200 413 "-" "Mozilla/5.0 (Windows NT 10.0; Win64; x64) AppleWebKit/537.36 (KHTML, like Gecko) Chrome/78.0.3904.108 Safari/537.36"
57.141.0.20 - - [14/Dec/2025:01:36:46 +0000] "GET /2025/03/07/page/6/?fileloc=//sys/class/pci_bus/0000:0c/device/driver/0000:00:02.5/pci_bus/0000:07/subsystem/0000:01/device/config&path=//sys/class/pci_bus/0000:0c/device/driver/0000:00:02.5/pci_bus/0000:07/subsystem/0000:01/device HTTP/1.1" 200 262209 "-" "meta-externalagent/1.1 (+https://developers.facebook.com/docs/sharing/webmasters/crawler)"
124.248.184.195 - - [14/Dec/2025:01:36:46 +0000] "POST //xmlrpc.php HTTP/1.1" 200 413 "-" "Mozilla/5.0 (Windows NT 10.0; Win64; x64) AppleWebKit/537.36 (KHTML, like Gecko) Chrome/78.0.3904.108 Safari/537.36"
124.248.184.195 - - [14/Dec/2025:01:36:46 +0000] "POST //xmlrpc.php HTTP/1.1" 200 413 "-" "Mozilla/5.0 (Windows NT 10.0; Win64; x64) AppleWebKit/537.36 (KHTML, like Gecko) Chrome/78.0.3904.108 Safari/537.36"
124.248.184.195 - - [14/Dec/2025:01:36:47 +0000] "POST //xmlrpc.php HTTP/1.1" 200 413 "-" "Mozilla/5.0 (Windows NT 10.0; Win64; x64) AppleWebKit/537.36 (KHTML, like Gecko) Chrome/78.0.3904.108 Safari/537.36"
74.7.241.45 - - [14/Dec/2025:01:36:47 +0000] "GET /index.php?rest_route=%2Foembed%2F1.0%2Fembed&url=https%3A%2F%2Fdatainsightnow.com%2F%3Fp%3D42309 HTTP/1.1" 200 1285 "-" "Mozilla/5.0 AppleWebKit/537.36 (KHTML, like Gecko; compatible; GPTBot/1.3; +https://openai.com/gptbot)"
124.248.184.195 - - [14/Dec/2025:01:36:47 +0000] "POST //xmlrpc.php HTTP/1.1" 200 413 "-" "Mozilla/5.0 (Windows NT 10.0; Win64; x64) AppleWebKit/537.36 (KHTML, like Gecko) Chrome/78.0.3904.108 Safari/537.36"
124.248.184.195 - - [14/Dec/2025:01:36:48 +0000] "POST //xmlrpc.php HTTP/1.1" 200 413 "-" "Mozilla/5.0 (Windows NT 10.0; Win64; x64) AppleWebKit/537.36 (KHTML, like Gecko) Chrome/78.0.3904.108 Safari/537.36"
124.248.184.195 - - [14/Dec/2025:01:36:48 +0000] "POST //xmlrpc.php HTTP/1.1" 200 413 "-" "Mozilla/5.0 (Windows NT 10.0; Win64; x64) AppleWebKit/537.36 (KHTML, like Gecko) Chrome/78.0.3904.108 Safari/537.36"
124.248.184.195 - - [14/Dec/2025:01:36:48 +0000] "POST //xmlrpc.php HTTP/1.1" 200 413 "-" "Mozilla/5.0 (Windows NT 10.0; Win64; x64) AppleWebKit/537.36 (KHTML, like Gecko) Chrome/78.0.3904.108 Safari/537.36"
124.248.184.195 - - [14/Dec/2025:01:36:49 +0000] "POST //xmlrpc.php HTTP/1.1" 200 413 "-" "Mozilla/5.0 (Windows NT 10.0; Win64; x64) AppleWebKit/537.36 (KHTML, like Gecko) Chrome/78.0.3904.108 Safari/537.36"
124.248.184.195 - - [14/Dec/2025:01:36:49 +0000] "POST //xmlrpc.php HTTP/1.1" 200 413 "-" "Mozilla/5.0 (Windows NT 10.0; Win64; x64) AppleWebKit/537.36 (KHTML, like Gecko) Chrome/78.0.3904.108 Safari/537.36"
66.135.21.75 - - [14/Dec/2025:01:36:50 +0000] "POST /wp-cron.php?doing_wp_cron=1765676210.0500409603118896484375 HTTP/1.1" 200 31 "-" "WordPress/6.3.1; https://datainsightnow.com"
124.248.184.195 - - [14/Dec/2025:01:36:50 +0000] "POST //xmlrpc.php HTTP/1.1" 200 413 "-" "Mozilla/5.0 (Windows NT 10.0; Win64; x64) AppleWebKit/537.36 (KHTML, like Gecko) Chrome/78.0.3904.108 Safari/537.36"
124.248.184.195 - - [14/Dec/2025:01:36:50 +0000] "POST //xmlrpc.php HTTP/1.1" 200 413 "-" "Mozilla/5.0 (Windows NT 10.0; Win64; x64) AppleWebKit/537.36 (KHTML, like Gecko) Chrome/78.0.3904.108 Safari/537.36"
74.7.241.45 - - [14/Dec/2025:01:36:50 +0000] "GET /index.php?rest_route=/wp/v2/posts/42309 HTTP/1.1" 200 4581 "-" "Mozilla/5.0 AppleWebKit/537.36 (KHTML, like Gecko; compatible; GPTBot/1.3; +https://openai.com/gptbot)"
124.248.184.195 - - [14/Dec/2025:01:36:50 +0000] "POST //xmlrpc.php HTTP/1.1" 200 413 "-" "Mozilla/5.0 (Windows NT 10.0; Win64; x64) AppleWebKit/537.36 (KHTML, like Gecko) Chrome/78.0.3904.108 Safari/537.36"
124.248.184.195 - - [14/Dec/2025:01:36:51 +0000] "POST //xmlrpc.php HTTP/1.1" 200 413 "-" "Mozilla/5.0 (Windows NT 10.0; Win64; x64) AppleWebKit/537.36 (KHTML, like Gecko) Chrome/78.0.3904.108 Safari/537.36"
124.248.184.195 - - [14/Dec/2025:01:36:51 +0000] "POST //xmlrpc.php HTTP/1.1" 200 413 "-" "Mozilla/5.0 (Windows NT 10.0; Win64; x64) AppleWebKit/537.36 (KHTML, like Gecko) Chrome/78.0.3904.108 Safari/537.36"
124.248.184.195 - - [14/Dec/2025:01:36:52 +0000] "POST //xmlrpc.php HTTP/1.1" 200 413 "-" "Mozilla/5.0 (Windows NT 10.0; Win64; x64) AppleWebKit/537.36 (KHTML, like Gecko) Chrome/78.0.3904.108 Safari/537.36"
124.248.184.195 - - [14/Dec/2025:01:36:52 +0000] "POST //xmlrpc.php HTTP/1.1" 200 413 "-" "Mozilla/5.0 (Windows NT 10.0; Win64; x64) AppleWebKit/537.36 (KHTML, like Gecko) Chrome/78.0.3904.108 Safari/537.36"
124.248.184.195 - - [14/Dec/2025:01:36:52 +0000] "POST //xmlrpc.php HTTP/1.1" 200 413 "-" "Mozilla/5.0 (Windows NT 10.0; Win64; x64) AppleWebKit/537.36 (KHTML, like Gecko) Chrome/78.0.3904.108 Safari/537.36"
124.248.184.195 - - [14/Dec/2025:01:36:53 +0000] "POST //xmlrpc.php HTTP/1.1" 200 413 "-" "Mozilla/5.0 (Windows NT 10.0; Win64; x64) AppleWebKit/537.36 (KHTML, like Gecko) Chrome/78.0.3904.108 Safari/537.36"
124.248.184.195 - - [14/Dec/2025:01:36:53 +0000] "POST //xmlrpc.php HTTP/1.1" 200 413 "-" "Mozilla/5.0 (Windows NT 10.0; Win64; x64) AppleWebKit/537.36 (KHTML, like Gecko) Chrome/78.0.3904.108 Safari/537.36"
124.248.184.195 - - [14/Dec/2025:01:36:53 +0000] "POST //xmlrpc.php HTTP/1.1" 200 413 "-" "Mozilla/5.0 (Windows NT 10.0; Win64; x64) AppleWebKit/537.36 (KHTML, like Gecko) Chrome/78.0.3904.108 Safari/537.36"
74.7.241.45 - - [14/Dec/2025:01:36:53 +0000] "GET /?p=47661 HTTP/1.1" 200 43517 "-" "Mozilla/5.0 AppleWebKit/537.36 (KHTML, like Gecko; compatible; GPTBot/1.3; +https://openai.com/gptbot)"
124.248.184.195 - - [14/Dec/2025:01:36:54 +0000] "POST //xmlrpc.php HTTP/1.1" 200 413 "-" "Mozilla/5.0 (Windows NT 10.0; Win64; x64) AppleWebKit/537.36 (KHTML, like Gecko) Chrome/78.0.3904.108 Safari/537.36"
124.248.184.195 - - [14/Dec/2025:01:36:54 +0000] "POST //xmlrpc.php HTTP/1.1" 200 413 "-" "Mozilla/5.0 (Windows NT 10.0; Win64; x64) AppleWebKit/537.36 (KHTML, like Gecko) Chrome/78.0.3904.108 Safari/537.36"
124.248.184.195 - - [14/Dec/2025:01:36:55 +0000] "POST //xmlrpc.php HTTP/1.1" 200 413 "-" "Mozilla/5.0 (Windows NT 10.0; Win64; x64) AppleWebKit/537.36 (KHTML, like Gecko) Chrome/78.0.3904.108 Safari/537.36"
124.248.184.195 - - [14/Dec/2025:01:36:55 +0000] "POST //xmlrpc.php HTTP/1.1" 200 413 "-" "Mozilla/5.0 (Windows NT 10.0; Win64; x64) AppleWebKit/537.36 (KHTML, like Gecko) Chrome/78.0.3904.108 Safari/537.36"
124.248.184.195 - - [14/Dec/2025:01:36:55 +0000] "POST //wp-login.php HTTP/1.1" 200 7459 "https://datainsightnow.com//wp-login.php" "Mozilla/5.0 (Windows NT 10.0; Win64; x64) AppleWebKit/537.36 (KHTML, like Gecko) Chrome/78.0.3904.108 Safari/537.36"
124.248.184.195 - - [14/Dec/2025:01:36:56 +0000] "POST //wp-login.php HTTP/1.1" 200 7459 "https://datainsightnow.com//wp-login.php" "Mozilla/5.0 (Windows NT 10.0; Win64; x64) AppleWebKit/537.36 (KHTML, like Gecko) Chrome/78.0.3904.108 Safari/537.36"
124.248.184.195 - - [14/Dec/2025:01:36:56 +0000] "POST //wp-login.php HTTP/1.1" 200 7459 "https://datainsightnow.com//wp-login.php" "Mozilla/5.0 (Windows NT 10.0; Win64; x64) AppleWebKit/537.36 (KHTML, like Gecko) Chrome/78.0.3904.108 Safari/537.36"
74.7.241.45 - - [14/Dec/2025:01:36:56 +0000] "GET /index.php?rest_route=%2Foembed%2F1.0%2Fembed&url=https%3A%2F%2Fdatainsightnow.com%2F%3Fp%3D47661 HTTP/1.1" 200 1314 "-" "Mozilla/5.0 AppleWebKit/537.36 (KHTML, like Gecko; compatible; GPTBot/1.3; +https://openai.com/gptbot)"
124.248.184.195 - - [14/Dec/2025:01:36:57 +0000] "POST //wp-login.php HTTP/1.1" 200 7459 "https://datainsightnow.com//wp-login.php" "Mozilla/5.0 (Windows NT 10.0; Win64; x64) AppleWebKit/537.36 (KHTML, like Gecko) Chrome/78.0.3904.108 Safari/537.36"
124.248.184.195 - - [14/Dec/2025:01:36:57 +0000] "POST //wp-login.php HTTP/1.1" 200 7459 "https://datainsightnow.com//wp-login.php" "Mozilla/5.0 (Windows NT 10.0; Win64; x64) AppleWebKit/537.36 (KHTML, like Gecko) Chrome/78.0.3904.108 Safari/537.36"
124.248.184.195 - - [14/Dec/2025:01:36:57 +0000] "POST //wp-login.php HTTP/1.1" 200 7459 "https://datainsightnow.com//wp-login.php" "Mozilla/5.0 (Windows NT 10.0; Win64; x64) AppleWebKit/537.36 (KHTML, like Gecko) Chrome/78.0.3904.108 Safari/537.36"
124.248.184.195 - - [14/Dec/2025:01:36:58 +0000] "POST //wp-login.php HTTP/1.1" 200 7459 "https://datainsightnow.com//wp-login.php" "Mozilla/5.0 (Windows NT 10.0; Win64; x64) AppleWebKit/537.36 (KHTML, like Gecko) Chrome/78.0.3904.108 Safari/537.36"
124.248.184.195 - - [14/Dec/2025:01:36:58 +0000] "POST //wp-login.php HTTP/1.1" 200 7465 "https://datainsightnow.com//wp-login.php" "Mozilla/5.0 (Windows NT 10.0; Win64; x64) AppleWebKit/537.36 (KHTML, like Gecko) Chrome/78.0.3904.108 Safari/537.36"
124.248.184.195 - - [14/Dec/2025:01:36:59 +0000] "POST //wp-login.php HTTP/1.1" 200 7465 "https://datainsightnow.com//wp-login.php" "Mozilla/5.0 (Windows NT 10.0; Win64; x64) AppleWebKit/537.36 (KHTML, like Gecko) Chrome/78.0.3904.108 Safari/537.36"
124.248.184.195 - - [14/Dec/2025:01:36:59 +0000] "POST //wp-login.php HTTP/1.1" 200 7459 "https://datainsightnow.com//wp-login.php" "Mozilla/5.0 (Windows NT 10.0; Win64; x64) AppleWebKit/537.36 (KHTML, like Gecko) Chrome/78.0.3904.108 Safari/537.36"
124.248.184.195 - - [14/Dec/2025:01:36:59 +0000] "POST //wp-login.php HTTP/1.1" 200 7459 "https://datainsightnow.com//wp-login.php" "Mozilla/5.0 (Windows NT 10.0; Win64; x64) AppleWebKit/537.36 (KHTML, like Gecko) Chrome/78.0.3904.108 Safari/537.36"
74.7.241.45 - - [14/Dec/2025:01:37:00 +0000] "GET /index.php?rest_route=/wp/v2/posts/47661 HTTP/1.1" 200 5815 "-" "Mozilla/5.0 AppleWebKit/537.36 (KHTML, like Gecko; compatible; GPTBot/1.3; +https://openai.com/gptbot)"
124.248.184.195 - - [14/Dec/2025:01:37:00 +0000] "POST //wp-login.php HTTP/1.1" 200 7459 "https://datainsightnow.com//wp-login.php" "Mozilla/5.0 (Windows NT 10.0; Win64; x64) AppleWebKit/537.36 (KHTML, like Gecko) Chrome/78.0.3904.108 Safari/537.36"
124.248.184.195 - - [14/Dec/2025:01:37:00 +0000] "POST //wp-login.php HTTP/1.1" 200 7465 "https://datainsightnow.com//wp-login.php" "Mozilla/5.0 (Windows NT 10.0; Win64; x64) AppleWebKit/537.36 (KHTML, like Gecko) Chrome/78.0.3904.108 Safari/537.36"
124.248.184.195 - - [14/Dec/2025:01:37:00 +0000] "POST //wp-login.php HTTP/1.1" 200 7465 "https://datainsightnow.com//wp-login.php" "Mozilla/5.0 (Windows NT 10.0; Win64; x64) AppleWebKit/537.36 (KHTML, like Gecko) Chrome/78.0.3904.108 Safari/537.36"
124.248.184.195 - - [14/Dec/2025:01:37:01 +0000] "POST //wp-login.php HTTP/1.1" 200 7459 "https://datainsightnow.com//wp-login.php" "Mozilla/5.0 (Windows NT 10.0; Win64; x64) AppleWebKit/537.36 (KHTML, like Gecko) Chrome/78.0.3904.108 Safari/537.36"
185.191.171.16 - - [14/Dec/2025:01:37:01 +0000] "GET /?p=35235 HTTP/1.1" 200 41767 "-" "Mozilla/5.0 (compatible; SemrushBot/7~bl; +http://www.semrush.com/bot.html)"
124.248.184.195 - - [14/Dec/2025:01:37:01 +0000] "POST //wp-login.php HTTP/1.1" 200 7459 "https://datainsightnow.com//wp-login.php" "Mozilla/5.0 (Windows NT 10.0; Win64; x64) AppleWebKit/537.36 (KHTML, like Gecko) Chrome/78.0.3904.108 Safari/537.36"
124.248.184.195 - - [14/Dec/2025:01:37:02 +0000] "POST //wp-login.php HTTP/1.1" 200 7465 "https://datainsightnow.com//wp-login.php" "Mozilla/5.0 (Windows NT 10.0; Win64; x64) AppleWebKit/537.36 (KHTML, like Gecko) Chrome/78.0.3904.108 Safari/537.36"
124.248.184.195 - - [14/Dec/2025:01:37:02 +0000] "POST //wp-login.php HTTP/1.1" 200 7459 "https://datainsightnow.com//wp-login.php" "Mozilla/5.0 (Windows NT 10.0; Win64; x64) AppleWebKit/537.36 (KHTML, like Gecko) Chrome/78.0.3904.108 Safari/537.36"
124.248.184.195 - - [14/Dec/2025:01:37:02 +0000] "POST //wp-login.php HTTP/1.1" 200 7465 "https://datainsightnow.com//wp-login.php" "Mozilla/5.0 (Windows NT 10.0; Win64; x64) AppleWebKit/537.36 (KHTML, like Gecko) Chrome/78.0.3904.108 Safari/537.36"
74.7.241.45 - - [14/Dec/2025:01:37:03 +0000] "GET /index.php?format=xml&rest_route=%2Foembed%2F1.0%2Fembed&url=https%3A%2F%2Fdatainsightnow.com%2F%3Fp%3D47661 HTTP/1.1" 200 1340 "-" "Mozilla/5.0 AppleWebKit/537.36 (KHTML, like Gecko; compatible; GPTBot/1.3; +https://openai.com/gptbot)"
124.248.184.195 - - [14/Dec/2025:01:37:03 +0000] "POST //wp-login.php HTTP/1.1" 200 7459 "https://datainsightnow.com//wp-login.php" "Mozilla/5.0 (Windows NT 10.0; Win64; x64) AppleWebKit/537.36 (KHTML, like Gecko) Chrome/78.0.3904.108 Safari/537.36"
57.141.0.32 - - [14/Dec/2025:01:37:03 +0000] "GET /karamba-spielsaal-erfahrungen-angeschlossen-testbericht-werfen-sie-einen-blick-auf-den-link-within-2025-pro-teutonia/?fileloc=//sys/class/pci_bus/0000:06/subsystem/0000:06/subsystem/0000:01/device/driver/0000:00:04.1/driver/0000:00:03.0/class&path=//sys/class/pci_bus/0000:06/subsystem/0000:06/subsystem/0000:01/device/driver/0000:00:04.1/driver/0000:00:03.0 HTTP/1.1" 200 262215 "-" "meta-externalagent/1.1 (+https://developers.facebook.com/docs/sharing/webmasters/crawler)"
124.248.184.195 - - [14/Dec/2025:01:37:03 +0000] "POST //wp-login.php HTTP/1.1" 200 7465 "https://datainsightnow.com//wp-login.php" "Mozilla/5.0 (Windows NT 10.0; Win64; x64) AppleWebKit/537.36 (KHTML, like Gecko) Chrome/78.0.3904.108 Safari/537.36"
124.248.184.195 - - [14/Dec/2025:01:37:04 +0000] "POST //wp-login.php HTTP/1.1" 200 7459 "https://datainsightnow.com//wp-login.php" "Mozilla/5.0 (Windows NT 10.0; Win64; x64) AppleWebKit/537.36 (KHTML, like Gecko) Chrome/78.0.3904.108 Safari/537.36"
124.248.184.195 - - [14/Dec/2025:01:37:04 +0000] "POST //wp-login.php HTTP/1.1" 200 7459 "https://datainsightnow.com//wp-login.php" "Mozilla/5.0 (Windows NT 10.0; Win64; x64) AppleWebKit/537.36 (KHTML, like Gecko) Chrome/78.0.3904.108 Safari/537.36"
124.248.184.195 - - [14/Dec/2025:01:37:04 +0000] "POST //wp-login.php HTTP/1.1" 200 7459 "https://datainsightnow.com//wp-login.php" "Mozilla/5.0 (Windows NT 10.0; Win64; x64) AppleWebKit/537.36 (KHTML, like Gecko) Chrome/78.0.3904.108 Safari/537.36"
124.248.184.195 - - [14/Dec/2025:01:37:05 +0000] "POST //wp-login.php HTTP/1.1" 200 7465 "https://datainsightnow.com//wp-login.php" "Mozilla/5.0 (Windows NT 10.0; Win64; x64) AppleWebKit/537.36 (KHTML, like Gecko) Chrome/78.0.3904.108 Safari/537.36"
124.248.184.195 - - [14/Dec/2025:01:37:05 +0000] "POST //wp-login.php HTTP/1.1" 200 7465 "https://datainsightnow.com//wp-login.php" "Mozilla/5.0 (Windows NT 10.0; Win64; x64) AppleWebKit/537.36 (KHTML, like Gecko) Chrome/78.0.3904.108 Safari/537.36"
57.141.0.71 - - [14/Dec/2025:01:37:05 +0000] "GET /karamba-spielsaal-erfahrungen-angeschlossen-testbericht-werfen-sie-einen-blick-auf-den-link-within-2025-pro-teutonia/?path=//sys/class/pci_bus/0000:06/subsystem/0000:0b/subsystem/0000:08/device/driver/0000:00:03.2/0000:00:03.2:pcie002/driver/0000:00:03.5:pcie002 HTTP/1.1" 200 262248 "-" "meta-externalagent/1.1 (+https://developers.facebook.com/docs/sharing/webmasters/crawler)"
124.248.184.195 - - [14/Dec/2025:01:37:06 +0000] "POST //wp-login.php HTTP/1.1" 200 7465 "https://datainsightnow.com//wp-login.php" "Mozilla/5.0 (Windows NT 10.0; Win64; x64) AppleWebKit/537.36 (KHTML, like Gecko) Chrome/78.0.3904.108 Safari/537.36"
124.248.184.195 - - [14/Dec/2025:01:37:06 +0000] "POST //wp-login.php HTTP/1.1" 200 7459 "https://datainsightnow.com//wp-login.php" "Mozilla/5.0 (Windows NT 10.0; Win64; x64) AppleWebKit/537.36 (KHTML, like Gecko) Chrome/78.0.3904.108 Safari/537.36"
74.7.241.45 - - [14/Dec/2025:01:37:06 +0000] "GET /?p=29791 HTTP/1.1" 200 42420 "-" "Mozilla/5.0 AppleWebKit/537.36 (KHTML, like Gecko; compatible; GPTBot/1.3; +https://openai.com/gptbot)"
124.248.184.195 - - [14/Dec/2025:01:37:06 +0000] "POST //wp-login.php HTTP/1.1" 200 7465 "https://datainsightnow.com//wp-login.php" "Mozilla/5.0 (Windows NT 10.0; Win64; x64) AppleWebKit/537.36 (KHTML, like Gecko) Chrome/78.0.3904.108 Safari/537.36"
124.248.184.195 - - [14/Dec/2025:01:37:07 +0000] "POST //wp-login.php HTTP/1.1" 200 7459 "https://datainsightnow.com//wp-login.php" "Mozilla/5.0 (Windows NT 10.0; Win64; x64) AppleWebKit/537.36 (KHTML, like Gecko) Chrome/78.0.3904.108 Safari/537.36"
124.248.184.195 - - [14/Dec/2025:01:37:07 +0000] "POST //wp-login.php HTTP/1.1" 200 7459 "https://datainsightnow.com//wp-login.php" "Mozilla/5.0 (Windows NT 10.0; Win64; x64) AppleWebKit/537.36 (KHTML, like Gecko) Chrome/78.0.3904.108 Safari/537.36"
124.248.184.195 - - [14/Dec/2025:01:37:08 +0000] "POST //wp-login.php HTTP/1.1" 200 7465 "https://datainsightnow.com//wp-login.php" "Mozilla/5.0 (Windows NT 10.0; Win64; x64) AppleWebKit/537.36 (KHTML, like Gecko) Chrome/78.0.3904.108 Safari/537.36"
124.248.184.195 - - [14/Dec/2025:01:37:08 +0000] "POST //wp-login.php HTTP/1.1" 200 7459 "https://datainsightnow.com//wp-login.php" "Mozilla/5.0 (Windows NT 10.0; Win64; x64) AppleWebKit/537.36 (KHTML, like Gecko) Chrome/78.0.3904.108 Safari/537.36"
124.248.184.195 - - [14/Dec/2025:01:37:08 +0000] "POST //wp-login.php HTTP/1.1" 200 7459 "https://datainsightnow.com//wp-login.php" "Mozilla/5.0 (Windows NT 10.0; Win64; x64) AppleWebKit/537.36 (KHTML, like Gecko) Chrome/78.0.3904.108 Safari/537.36"
124.248.184.195 - - [14/Dec/2025:01:37:09 +0000] "POST //wp-login.php HTTP/1.1" 200 7459 "https://datainsightnow.com//wp-login.php" "Mozilla/5.0 (Windows NT 10.0; Win64; x64) AppleWebKit/537.36 (KHTML, like Gecko) Chrome/78.0.3904.108 Safari/537.36"
74.7.241.45 - - [14/Dec/2025:01:37:09 +0000] "GET /index.php?rest_route=%2Foembed%2F1.0%2Fembed&url=https%3A%2F%2Fdatainsightnow.com%2F%3Fp%3D29791 HTTP/1.1" 200 1287 "-" "Mozilla/5.0 AppleWebKit/537.36 (KHTML, like Gecko; compatible; GPTBot/1.3; +https://openai.com/gptbot)"
124.248.184.195 - - [14/Dec/2025:01:37:09 +0000] "POST //wp-login.php HTTP/1.1" 200 7465 "https://datainsightnow.com//wp-login.php" "Mozilla/5.0 (Windows NT 10.0; Win64; x64) AppleWebKit/537.36 (KHTML, like Gecko) Chrome/78.0.3904.108 Safari/537.36"
124.248.184.195 - - [14/Dec/2025:01:37:10 +0000] "POST //wp-login.php HTTP/1.1" 200 7465 "https://datainsightnow.com//wp-login.php" "Mozilla/5.0 (Windows NT 10.0; Win64; x64) AppleWebKit/537.36 (KHTML, like Gecko) Chrome/78.0.3904.108 Safari/537.36"
124.248.184.195 - - [14/Dec/2025:01:37:10 +0000] "POST //wp-login.php HTTP/1.1" 200 7459 "https://datainsightnow.com//wp-login.php" "Mozilla/5.0 (Windows NT 10.0; Win64; x64) AppleWebKit/537.36 (KHTML, like Gecko) Chrome/78.0.3904.108 Safari/537.36"
124.248.184.195 - - [14/Dec/2025:01:37:10 +0000] "POST //wp-login.php HTTP/1.1" 200 7465 "https://datainsightnow.com//wp-login.php" "Mozilla/5.0 (Windows NT 10.0; Win64; x64) AppleWebKit/537.36 (KHTML, like Gecko) Chrome/78.0.3904.108 Safari/537.36"
57.141.0.74 - - [14/Dec/2025:01:37:11 +0000] "GET /2025/03/07/page/6/?fileloc=//sys/class/pci_bus/0000:05/subsystem/0000:06/device/driver/0000:00:03.5/driver/0000:00:02.7/driver/0000:00:03.0/driver/0000:00:03.3/numa_node&path=//sys/class/pci_bus/0000:05/subsystem/0000:06/device/driver/0000:00:03.5/driver/0000:00:02.7/driver/0000:00:03.0/driver/0000:00:03.3 HTTP/1.1" 200 262209 "-" "meta-externalagent/1.1 (+https://developers.facebook.com/docs/sharing/webmasters/crawler)"
57.141.0.55 - - [14/Dec/2025:01:37:11 +0000] "GET /karamba-spielsaal-erfahrungen-angeschlossen-testbericht-werfen-sie-einen-blick-auf-den-link-within-2025-pro-teutonia/?fileloc=//sys/class/pci_bus/0000:03/subsystem/0000:09/subsystem/0000:01/subsystem/0000:12/device/driver/0000:00:02.7/modalias&path=//sys/class/pci_bus/0000:03/subsystem/0000:09/subsystem/0000:01/subsystem/0000:12/device/driver/0000:00:02.7 HTTP/1.1" 200 262264 "-" "meta-externalagent/1.1 (+https://developers.facebook.com/docs/sharing/webmasters/crawler)"
124.248.184.195 - - [14/Dec/2025:01:37:11 +0000] "POST //wp-login.php HTTP/1.1" 200 7459 "https://datainsightnow.com//wp-login.php" "Mozilla/5.0 (Windows NT 10.0; Win64; x64) AppleWebKit/537.36 (KHTML, like Gecko) Chrome/78.0.3904.108 Safari/537.36"
57.141.0.6 - - [14/Dec/2025:01:37:11 +0000] "GET /2025/03/07/page/6/?path=//sys/class/pci_bus/0000:05/subsystem/0000:0b/subsystem/0000:10/subsystem/0000:09/subsystem/0000:03/device/link HTTP/1.1" 200 262215 "-" "meta-externalagent/1.1 (+https://developers.facebook.com/docs/sharing/webmasters/crawler)"
124.248.184.195 - - [14/Dec/2025:01:37:11 +0000] "POST //wp-login.php HTTP/1.1" 200 7459 "https://datainsightnow.com//wp-login.php" "Mozilla/5.0 (Windows NT 10.0; Win64; x64) AppleWebKit/537.36 (KHTML, like Gecko) Chrome/78.0.3904.108 Safari/537.36"
185.113.8.55 - - [14/Dec/2025:01:37:12 +0000] "POST /wp-login.php HTTP/1.1" 200 2680 "-" "Mozilla/5.0 (Windows NT 10.0; Win64; x64) AppleWebKit/537.36 (KHTML, like Gecko) Chrome/126.0.4814.990 Safari/537.36"
124.248.184.195 - - [14/Dec/2025:01:37:12 +0000] "POST //wp-login.php HTTP/1.1" 200 7459 "https://datainsightnow.com//wp-login.php" "Mozilla/5.0 (Windows NT 10.0; Win64; x64) AppleWebKit/537.36 (KHTML, like Gecko) Chrome/78.0.3904.108 Safari/537.36"
124.248.184.195 - - [14/Dec/2025:01:37:12 +0000] "POST //wp-login.php HTTP/1.1" 200 7459 "https://datainsightnow.com//wp-login.php" "Mozilla/5.0 (Windows NT 10.0; Win64; x64) AppleWebKit/537.36 (KHTML, like Gecko) Chrome/78.0.3904.108 Safari/537.36"
185.113.8.55 - - [14/Dec/2025:01:37:12 +0000] "POST /wp-login.php HTTP/1.1" 200 2680 "-" "Mozilla/5.0 (X11; Linux x86_64) AppleWebKit/537.36 (KHTML, like Gecko) Chrome/131.0.9077.19 Safari/537.36"
74.7.241.45 - - [14/Dec/2025:01:37:12 +0000] "GET /index.php?format=xml&rest_route=%2Foembed%2F1.0%2Fembed&url=https%3A%2F%2Fdatainsightnow.com%2F%3Fp%3D29791 HTTP/1.1" 200 1313 "-" "Mozilla/5.0 AppleWebKit/537.36 (KHTML, like Gecko; compatible; GPTBot/1.3; +https://openai.com/gptbot)"
124.248.184.195 - - [14/Dec/2025:01:37:13 +0000] "POST //wp-login.php HTTP/1.1" 200 7465 "https://datainsightnow.com//wp-login.php" "Mozilla/5.0 (Windows NT 10.0; Win64; x64) AppleWebKit/537.36 (KHTML, like Gecko) Chrome/78.0.3904.108 Safari/537.36"
57.141.0.74 - - [14/Dec/2025:01:37:13 +0000] "GET /2025/03/07/page/6/?fileloc=//sys/class/pci_bus/0000:05/subsystem/0000:06/subsystem/0000:0c/device/driver/0000:00:02.7/0000:00:02.7:pcie002/driver/0000:00:04.1:pcie002/uevent&path=//sys/class/pci_bus/0000:05/subsystem/0000:06/subsystem/0000:0c/device/driver/0000:00:02.7/0000:00:02.7:pcie002/driver/0000:00:04.1:pcie002 HTTP/1.1" 200 262216 "-" "meta-externalagent/1.1 (+https://developers.facebook.com/docs/sharing/webmasters/crawler)"
124.248.184.195 - - [14/Dec/2025:01:37:13 +0000] "POST //wp-login.php HTTP/1.1" 200 7459 "https://datainsightnow.com//wp-login.php" "Mozilla/5.0 (Windows NT 10.0; Win64; x64) AppleWebKit/537.36 (KHTML, like Gecko) Chrome/78.0.3904.108 Safari/537.36"
124.248.184.195 - - [14/Dec/2025:01:37:13 +0000] "POST //wp-login.php HTTP/1.1" 200 7459 "https://datainsightnow.com//wp-login.php" "Mozilla/5.0 (Windows NT 10.0; Win64; x64) AppleWebKit/537.36 (KHTML, like Gecko) Chrome/78.0.3904.108 Safari/537.36"
124.248.184.195 - - [14/Dec/2025:01:37:14 +0000] "POST //wp-login.php HTTP/1.1" 200 7465 "https://datainsightnow.com//wp-login.php" "Mozilla/5.0 (Windows NT 10.0; Win64; x64) AppleWebKit/537.36 (KHTML, like Gecko) Chrome/78.0.3904.108 Safari/537.36"
124.248.184.195 - - [14/Dec/2025:01:37:14 +0000] "POST //wp-login.php HTTP/1.1" 200 7459 "https://datainsightnow.com//wp-login.php" "Mozilla/5.0 (Windows NT 10.0; Win64; x64) AppleWebKit/537.36 (KHTML, like Gecko) Chrome/78.0.3904.108 Safari/537.36"
124.248.184.195 - - [14/Dec/2025:01:37:15 +0000] "POST //wp-login.php HTTP/1.1" 200 7459 "https://datainsightnow.com//wp-login.php" "Mozilla/5.0 (Windows NT 10.0; Win64; x64) AppleWebKit/537.36 (KHTML, like Gecko) Chrome/78.0.3904.108 Safari/537.36"
124.248.184.195 - - [14/Dec/2025:01:37:15 +0000] "POST //wp-login.php HTTP/1.1" 200 7459 "https://datainsightnow.com//wp-login.php" "Mozilla/5.0 (Windows NT 10.0; Win64; x64) AppleWebKit/537.36 (KHTML, like Gecko) Chrome/78.0.3904.108 Safari/537.36"
124.248.184.195 - - [14/Dec/2025:01:37:15 +0000] "POST //wp-login.php HTTP/1.1" 200 7459 "https://datainsightnow.com//wp-login.php" "Mozilla/5.0 (Windows NT 10.0; Win64; x64) AppleWebKit/537.36 (KHTML, like Gecko) Chrome/78.0.3904.108 Safari/537.36"
74.7.241.45 - - [14/Dec/2025:01:37:15 +0000] "GET /index.php?rest_route=/wp/v2/posts/29791 HTTP/1.1" 200 4965 "-" "Mozilla/5.0 AppleWebKit/537.36 (KHTML, like Gecko; compatible; GPTBot/1.3; +https://openai.com/gptbot)"
124.248.184.195 - - [14/Dec/2025:01:37:16 +0000] "POST //wp-login.php HTTP/1.1" 200 7459 "https://datainsightnow.com//wp-login.php" "Mozilla/5.0 (Windows NT 10.0; Win64; x64) AppleWebKit/537.36 (KHTML, like Gecko) Chrome/78.0.3904.108 Safari/537.36"
124.248.184.195 - - [14/Dec/2025:01:37:16 +0000] "POST //wp-login.php HTTP/1.1" 200 7459 "https://datainsightnow.com//wp-login.php" "Mozilla/5.0 (Windows NT 10.0; Win64; x64) AppleWebKit/537.36 (KHTML, like Gecko) Chrome/78.0.3904.108 Safari/537.36"
124.248.184.195 - - [14/Dec/2025:01:37:17 +0000] "POST //wp-login.php HTTP/1.1" 200 7459 "https://datainsightnow.com//wp-login.php" "Mozilla/5.0 (Windows NT 10.0; Win64; x64) AppleWebKit/537.36 (KHTML, like Gecko) Chrome/78.0.3904.108 Safari/537.36"
124.248.184.195 - - [14/Dec/2025:01:37:17 +0000] "POST //wp-login.php HTTP/1.1" 200 7465 "https://datainsightnow.com//wp-login.php" "Mozilla/5.0 (Windows NT 10.0; Win64; x64) AppleWebKit/537.36 (KHTML, like Gecko) Chrome/78.0.3904.108 Safari/537.36"
124.248.184.195 - - [14/Dec/2025:01:37:17 +0000] "POST //wp-login.php HTTP/1.1" 200 7459 "https://datainsightnow.com//wp-login.php" "Mozilla/5.0 (Windows NT 10.0; Win64; x64) AppleWebKit/537.36 (KHTML, like Gecko) Chrome/78.0.3904.108 Safari/537.36"
124.248.184.195 - - [14/Dec/2025:01:37:18 +0000] "POST //wp-login.php HTTP/1.1" 200 7465 "https://datainsightnow.com//wp-login.php" "Mozilla/5.0 (Windows NT 10.0; Win64; x64) AppleWebKit/537.36 (KHTML, like Gecko) Chrome/78.0.3904.108 Safari/537.36"
124.248.184.195 - - [14/Dec/2025:01:37:18 +0000] "POST //wp-login.php HTTP/1.1" 200 7465 "https://datainsightnow.com//wp-login.php" "Mozilla/5.0 (Windows NT 10.0; Win64; x64) AppleWebKit/537.36 (KHTML, like Gecko) Chrome/78.0.3904.108 Safari/537.36"
57.141.0.34 - - [14/Dec/2025:01:37:18 +0000] "GET /moneysense-self-help-guide-to-the-ideal-profile/?fileloc=//sys/class/pci_bus/0000:08/subsystem/0000:0c/subsystem/0000:0d/subsystem/0000:06/cpuaffinity&path=//sys/class/pci_bus/0000:08/subsystem/0000:0c/subsystem/0000:0d/subsystem/0000:06 HTTP/1.1" 200 262209 "-" "meta-externalagent/1.1 (+https://developers.facebook.com/docs/sharing/webmasters/crawler)"
124.248.184.195 - - [14/Dec/2025:01:37:19 +0000] "POST //wp-login.php HTTP/1.1" 200 7465 "https://datainsightnow.com//wp-login.php" "Mozilla/5.0 (Windows NT 10.0; Win64; x64) AppleWebKit/537.36 (KHTML, like Gecko) Chrome/78.0.3904.108 Safari/537.36"
74.7.241.45 - - [14/Dec/2025:01:37:19 +0000] "GET /?p=17978 HTTP/1.1" 200 43590 "-" "Mozilla/5.0 AppleWebKit/537.36 (KHTML, like Gecko; compatible; GPTBot/1.3; +https://openai.com/gptbot)"
192.140.77.136 - - [14/Dec/2025:01:37:19 +0000] "GET /jmrs5/archive.php?tag=compost-business-for-sale HTTP/1.1" 404 564 "-" "Mozilla/5.0 (Windows NT 10.0; Win64; x64) AppleWebKit/537.36 (KHTML, like Gecko) Chrome/129.0.0.0 Safari/537.36"
124.248.184.195 - - [14/Dec/2025:01:37:19 +0000] "POST //wp-login.php HTTP/1.1" 200 7465 "https://datainsightnow.com//wp-login.php" "Mozilla/5.0 (Windows NT 10.0; Win64; x64) AppleWebKit/537.36 (KHTML, like Gecko) Chrome/78.0.3904.108 Safari/537.36"
124.248.184.195 - - [14/Dec/2025:01:37:19 +0000] "POST //wp-login.php HTTP/1.1" 200 7459 "https://datainsightnow.com//wp-login.php" "Mozilla/5.0 (Windows NT 10.0; Win64; x64) AppleWebKit/537.36 (KHTML, like Gecko) Chrome/78.0.3904.108 Safari/537.36"
124.248.184.195 - - [14/Dec/2025:01:37:20 +0000] "POST //wp-login.php HTTP/1.1" 200 7465 "https://datainsightnow.com//wp-login.php" "Mozilla/5.0 (Windows NT 10.0; Win64; x64) AppleWebKit/537.36 (KHTML, like Gecko) Chrome/78.0.3904.108 Safari/537.36"
124.248.184.195 - - [14/Dec/2025:01:37:20 +0000] "POST //wp-login.php HTTP/1.1" 200 7459 "https://datainsightnow.com//wp-login.php" "Mozilla/5.0 (Windows NT 10.0; Win64; x64) AppleWebKit/537.36 (KHTML, like Gecko) Chrome/78.0.3904.108 Safari/537.36"
124.248.184.195 - - [14/Dec/2025:01:37:21 +0000] "POST //wp-login.php HTTP/1.1" 200 7465 "https://datainsightnow.com//wp-login.php" "Mozilla/5.0 (Windows NT 10.0; Win64; x64) AppleWebKit/537.36 (KHTML, like Gecko) Chrome/78.0.3904.108 Safari/537.36"
57.141.0.20 - - [14/Dec/2025:01:37:21 +0000] "GET /2025/03/06/page/39/?fileloc=//sys/class/pci_bus/0000:12/subsystem/0000:0b/subsystem/0000:05/device/driver/0000:00:04.0/dma_mask_bits&path=//sys/class/pci_bus/0000:12/subsystem/0000:0b/subsystem/0000:05/device/driver/0000:00:04.0 HTTP/1.1" 200 262215 "-" "meta-externalagent/1.1 (+https://developers.facebook.com/docs/sharing/webmasters/crawler)"
124.248.184.195 - - [14/Dec/2025:01:37:21 +0000] "POST //wp-login.php HTTP/1.1" 200 7465 "https://datainsightnow.com//wp-login.php" "Mozilla/5.0 (Windows NT 10.0; Win64; x64) AppleWebKit/537.36 (KHTML, like Gecko) Chrome/78.0.3904.108 Safari/537.36"
124.248.184.195 - - [14/Dec/2025:01:37:21 +0000] "POST //wp-login.php HTTP/1.1" 200 7459 "https://datainsightnow.com//wp-login.php" "Mozilla/5.0 (Windows NT 10.0; Win64; x64) AppleWebKit/537.36 (KHTML, like Gecko) Chrome/78.0.3904.108 Safari/537.36"
74.7.241.45 - - [14/Dec/2025:01:37:22 +0000] "GET /?p=40771 HTTP/1.1" 200 42584 "-" "Mozilla/5.0 AppleWebKit/537.36 (KHTML, like Gecko; compatible; GPTBot/1.3; +https://openai.com/gptbot)"
124.248.184.195 - - [14/Dec/2025:01:37:22 +0000] "POST //wp-login.php HTTP/1.1" 200 7465 "https://datainsightnow.com//wp-login.php" "Mozilla/5.0 (Windows NT 10.0; Win64; x64) AppleWebKit/537.36 (KHTML, like Gecko) Chrome/78.0.3904.108 Safari/537.36"
124.248.184.195 - - [14/Dec/2025:01:37:22 +0000] "POST //wp-login.php HTTP/1.1" 200 7459 "https://datainsightnow.com//wp-login.php" "Mozilla/5.0 (Windows NT 10.0; Win64; x64) AppleWebKit/537.36 (KHTML, like Gecko) Chrome/78.0.3904.108 Safari/537.36"
124.248.184.195 - - [14/Dec/2025:01:37:23 +0000] "POST //wp-login.php HTTP/1.1" 200 7465 "https://datainsightnow.com//wp-login.php" "Mozilla/5.0 (Windows NT 10.0; Win64; x64) AppleWebKit/537.36 (KHTML, like Gecko) Chrome/78.0.3904.108 Safari/537.36"
124.248.184.195 - - [14/Dec/2025:01:37:23 +0000] "POST //wp-login.php HTTP/1.1" 200 7459 "https://datainsightnow.com//wp-login.php" "Mozilla/5.0 (Windows NT 10.0; Win64; x64) AppleWebKit/537.36 (KHTML, like Gecko) Chrome/78.0.3904.108 Safari/537.36"
124.248.184.195 - - [14/Dec/2025:01:37:23 +0000] "POST //wp-login.php HTTP/1.1" 200 7357 "https://datainsightnow.com//wp-login.php" "Mozilla/5.0 (Windows NT 10.0; Win64; x64) AppleWebKit/537.36 (KHTML, like Gecko) Chrome/78.0.3904.108 Safari/537.36"
124.248.184.195 - - [14/Dec/2025:01:37:24 +0000] "POST //wp-login.php HTTP/1.1" 200 7459 "https://datainsightnow.com//wp-login.php" "Mozilla/5.0 (Windows NT 10.0; Win64; x64) AppleWebKit/537.36 (KHTML, like Gecko) Chrome/78.0.3904.108 Safari/537.36"
124.248.184.195 - - [14/Dec/2025:01:37:24 +0000] "POST //wp-login.php HTTP/1.1" 200 7459 "https://datainsightnow.com//wp-login.php" "Mozilla/5.0 (Windows NT 10.0; Win64; x64) AppleWebKit/537.36 (KHTML, like Gecko) Chrome/78.0.3904.108 Safari/537.36"
124.248.184.195 - - [14/Dec/2025:01:37:24 +0000] "POST //wp-login.php HTTP/1.1" 200 7459 "https://datainsightnow.com//wp-login.php" "Mozilla/5.0 (Windows NT 10.0; Win64; x64) AppleWebKit/537.36 (KHTML, like Gecko) Chrome/78.0.3904.108 Safari/537.36"
74.7.241.45 - - [14/Dec/2025:01:37:25 +0000] "GET /index.php?format=xml&rest_route=%2Foembed%2F1.0%2Fembed&url=https%3A%2F%2Fdatainsightnow.com%2F%3Fp%3D40771 HTTP/1.1" 200 1265 "-" "Mozilla/5.0 AppleWebKit/537.36 (KHTML, like Gecko; compatible; GPTBot/1.3; +https://openai.com/gptbot)"
124.248.184.195 - - [14/Dec/2025:01:37:25 +0000] "POST //wp-login.php HTTP/1.1" 200 7465 "https://datainsightnow.com//wp-login.php" "Mozilla/5.0 (Windows NT 10.0; Win64; x64) AppleWebKit/537.36 (KHTML, like Gecko) Chrome/78.0.3904.108 Safari/537.36"
124.248.184.195 - - [14/Dec/2025:01:37:25 +0000] "POST //wp-login.php HTTP/1.1" 200 7465 "https://datainsightnow.com//wp-login.php" "Mozilla/5.0 (Windows NT 10.0; Win64; x64) AppleWebKit/537.36 (KHTML, like Gecko) Chrome/78.0.3904.108 Safari/537.36"
124.248.184.195 - - [14/Dec/2025:01:37:26 +0000] "POST //wp-login.php HTTP/1.1" 200 7459 "https://datainsightnow.com//wp-login.php" "Mozilla/5.0 (Windows NT 10.0; Win64; x64) AppleWebKit/537.36 (KHTML, like Gecko) Chrome/78.0.3904.108 Safari/537.36"
124.248.184.195 - - [14/Dec/2025:01:37:26 +0000] "POST //wp-login.php HTTP/1.1" 200 7459 "https://datainsightnow.com//wp-login.php" "Mozilla/5.0 (Windows NT 10.0; Win64; x64) AppleWebKit/537.36 (KHTML, like Gecko) Chrome/78.0.3904.108 Safari/537.36"
124.248.184.195 - - [14/Dec/2025:01:37:26 +0000] "POST //wp-login.php HTTP/1.1" 200 7459 "https://datainsightnow.com//wp-login.php" "Mozilla/5.0 (Windows NT 10.0; Win64; x64) AppleWebKit/537.36 (KHTML, like Gecko) Chrome/78.0.3904.108 Safari/537.36"
124.248.184.195 - - [14/Dec/2025:01:37:27 +0000] "POST //wp-login.php HTTP/1.1" 200 7459 "https://datainsightnow.com//wp-login.php" "Mozilla/5.0 (Windows NT 10.0; Win64; x64) AppleWebKit/537.36 (KHTML, like Gecko) Chrome/78.0.3904.108 Safari/537.36"
124.248.184.195 - - [14/Dec/2025:01:37:28 +0000] "POST //wp-login.php HTTP/1.1" 200 7459 "https://datainsightnow.com//wp-login.php" "Mozilla/5.0 (Windows NT 10.0; Win64; x64) AppleWebKit/537.36 (KHTML, like Gecko) Chrome/78.0.3904.108 Safari/537.36"
74.7.241.45 - - [14/Dec/2025:01:37:28 +0000] "GET /index.php?rest_route=/wp/v2/posts/40771 HTTP/1.1" 200 5091 "-" "Mozilla/5.0 AppleWebKit/537.36 (KHTML, like Gecko; compatible; GPTBot/1.3; +https://openai.com/gptbot)"
124.248.184.195 - - [14/Dec/2025:01:37:28 +0000] "POST //wp-login.php HTTP/1.1" 200 7465 "https://datainsightnow.com//wp-login.php" "Mozilla/5.0 (Windows NT 10.0; Win64; x64) AppleWebKit/537.36 (KHTML, like Gecko) Chrome/78.0.3904.108 Safari/537.36"
57.141.0.69 - - [14/Dec/2025:01:37:28 +0000] "GET /karamba-spielsaal-erfahrungen-angeschlossen-testbericht-werfen-sie-einen-blick-auf-den-link-within-2025-pro-teutonia/?fileloc=//sys/class/pci_bus/0000:04/device/driver/0000:00:02.1/subsystem/devices/0000:00:02.4/driver_override&path=//sys/class/pci_bus/0000:04/device/driver/0000:00:02.1/subsystem/devices/0000:00:02.4 HTTP/1.1" 200 262264 "-" "meta-externalagent/1.1 (+https://developers.facebook.com/docs/sharing/webmasters/crawler)"
124.248.184.195 - - [14/Dec/2025:01:37:29 +0000] "POST //wp-login.php HTTP/1.1" 200 7459 "https://datainsightnow.com//wp-login.php" "Mozilla/5.0 (Windows NT 10.0; Win64; x64) AppleWebKit/537.36 (KHTML, like Gecko) Chrome/78.0.3904.108 Safari/537.36"
124.248.184.195 - - [14/Dec/2025:01:37:29 +0000] "POST //wp-login.php HTTP/1.1" 200 7459 "https://datainsightnow.com//wp-login.php" "Mozilla/5.0 (Windows NT 10.0; Win64; x64) AppleWebKit/537.36 (KHTML, like Gecko) Chrome/78.0.3904.108 Safari/537.36"
124.248.184.195 - - [14/Dec/2025:01:37:30 +0000] "POST //wp-login.php HTTP/1.1" 200 7465 "https://datainsightnow.com//wp-login.php" "Mozilla/5.0 (Windows NT 10.0; Win64; x64) AppleWebKit/537.36 (KHTML, like Gecko) Chrome/78.0.3904.108 Safari/537.36"
124.248.184.195 - - [14/Dec/2025:01:37:30 +0000] "POST //wp-login.php HTTP/1.1" 200 7459 "https://datainsightnow.com//wp-login.php" "Mozilla/5.0 (Windows NT 10.0; Win64; x64) AppleWebKit/537.36 (KHTML, like Gecko) Chrome/78.0.3904.108 Safari/537.36"
124.248.184.195 - - [14/Dec/2025:01:37:31 +0000] "POST //wp-login.php HTTP/1.1" 200 7459 "https://datainsightnow.com//wp-login.php" "Mozilla/5.0 (Windows NT 10.0; Win64; x64) AppleWebKit/537.36 (KHTML, like Gecko) Chrome/78.0.3904.108 Safari/537.36"
74.7.241.45 - - [14/Dec/2025:01:37:31 +0000] "GET /index.php?rest_route=%2Foembed%2F1.0%2Fembed&url=https%3A%2F%2Fdatainsightnow.com%2F%3Fp%3D40771 HTTP/1.1" 200 1239 "-" "Mozilla/5.0 AppleWebKit/537.36 (KHTML, like Gecko; compatible; GPTBot/1.3; +https://openai.com/gptbot)"
124.248.184.195 - - [14/Dec/2025:01:37:32 +0000] "POST //wp-login.php HTTP/1.1" 200 7459 "https://datainsightnow.com//wp-login.php" "Mozilla/5.0 (Windows NT 10.0; Win64; x64) AppleWebKit/537.36 (KHTML, like Gecko) Chrome/78.0.3904.108 Safari/537.36"
124.248.184.195 - - [14/Dec/2025:01:37:32 +0000] "POST //wp-login.php HTTP/1.1" 200 7465 "https://datainsightnow.com//wp-login.php" "Mozilla/5.0 (Windows NT 10.0; Win64; x64) AppleWebKit/537.36 (KHTML, like Gecko) Chrome/78.0.3904.108 Safari/537.36"
57.141.0.58 - - [14/Dec/2025:01:37:33 +0000] "GET /2025/03/07/page/6/?fileloc=//sys/class/pci_bus/0000:09/subsystem/0000:03/subsystem/0000:06/device/subsystem/devices/0000:00:1f.3/msi_bus&path=//sys/class/pci_bus/0000:09/subsystem/0000:03/subsystem/0000:06/device/subsystem/devices/0000:00:1f.3 HTTP/1.1" 200 262209 "-" "meta-externalagent/1.1 (+https://developers.facebook.com/docs/sharing/webmasters/crawler)"
124.248.184.195 - - [14/Dec/2025:01:37:33 +0000] "POST //wp-login.php HTTP/1.1" 200 7465 "https://datainsightnow.com//wp-login.php" "Mozilla/5.0 (Windows NT 10.0; Win64; x64) AppleWebKit/537.36 (KHTML, like Gecko) Chrome/78.0.3904.108 Safari/537.36"
57.141.0.20 - - [14/Dec/2025:01:37:33 +0000] "GET /karamba-spielsaal-erfahrungen-angeschlossen-testbericht-werfen-sie-einen-blick-auf-den-link-within-2025-pro-teutonia/?path=//sys/class/pci_bus/0000:0b/subsystem/0000:07/device/driver/0000:00:03.0/driver/0000:00:02.7/driver/0000:00:03.4 HTTP/1.1" 200 262209 "-" "meta-externalagent/1.1 (+https://developers.facebook.com/docs/sharing/webmasters/crawler)"
124.248.184.195 - - [14/Dec/2025:01:37:33 +0000] "POST //wp-login.php HTTP/1.1" 200 7465 "https://datainsightnow.com//wp-login.php" "Mozilla/5.0 (Windows NT 10.0; Win64; x64) AppleWebKit/537.36 (KHTML, like Gecko) Chrome/78.0.3904.108 Safari/537.36"
57.141.0.58 - - [14/Dec/2025:01:37:33 +0000] "GET /karamba-spielsaal-erfahrungen-angeschlossen-testbericht-werfen-sie-einen-blick-auf-den-link-within-2025-pro-teutonia/?fileloc=//sys/class/pci_bus/0000:06/subsystem/0000:0f/subsystem/0000:08/subsystem/0000:0b/device/driver/0000:00:02.5/0000:07:00.0/reset&path=//sys/class/pci_bus/0000:06/subsystem/0000:0f/subsystem/0000:08/subsystem/0000:0b/device/driver/0000:00:02.5/0000:07:00.0 HTTP/1.1" 200 262209 "-" "meta-externalagent/1.1 (+https://developers.facebook.com/docs/sharing/webmasters/crawler)"
124.248.184.195 - - [14/Dec/2025:01:37:34 +0000] "POST //wp-login.php HTTP/1.1" 200 7465 "https://datainsightnow.com//wp-login.php" "Mozilla/5.0 (Windows NT 10.0; Win64; x64) AppleWebKit/537.36 (KHTML, like Gecko) Chrome/78.0.3904.108 Safari/537.36"
124.248.184.195 - - [14/Dec/2025:01:37:34 +0000] "POST //wp-login.php HTTP/1.1" 200 7459 "https://datainsightnow.com//wp-login.php" "Mozilla/5.0 (Windows NT 10.0; Win64; x64) AppleWebKit/537.36 (KHTML, like Gecko) Chrome/78.0.3904.108 Safari/537.36"
74.7.241.45 - - [14/Dec/2025:01:37:35 +0000] "GET /?p=11842 HTTP/1.1" 200 41620 "-" "Mozilla/5.0 AppleWebKit/537.36 (KHTML, like Gecko; compatible; GPTBot/1.3; +https://openai.com/gptbot)"
124.248.184.195 - - [14/Dec/2025:01:37:35 +0000] "POST //wp-login.php HTTP/1.1" 200 7459 "https://datainsightnow.com//wp-login.php" "Mozilla/5.0 (Windows NT 10.0; Win64; x64) AppleWebKit/537.36 (KHTML, like Gecko) Chrome/78.0.3904.108 Safari/537.36"
124.248.184.195 - - [14/Dec/2025:01:37:35 +0000] "POST //wp-login.php HTTP/1.1" 200 7459 "https://datainsightnow.com//wp-login.php" "Mozilla/5.0 (Windows NT 10.0; Win64; x64) AppleWebKit/537.36 (KHTML, like Gecko) Chrome/78.0.3904.108 Safari/537.36"
124.248.184.195 - - [14/Dec/2025:01:37:36 +0000] "POST //wp-login.php HTTP/1.1" 200 7465 "https://datainsightnow.com//wp-login.php" "Mozilla/5.0 (Windows NT 10.0; Win64; x64) AppleWebKit/537.36 (KHTML, like Gecko) Chrome/78.0.3904.108 Safari/537.36"
124.248.184.195 - - [14/Dec/2025:01:37:36 +0000] "POST //wp-login.php HTTP/1.1" 200 7459 "https://datainsightnow.com//wp-login.php" "Mozilla/5.0 (Windows NT 10.0; Win64; x64) AppleWebKit/537.36 (KHTML, like Gecko) Chrome/78.0.3904.108 Safari/537.36"
124.248.184.195 - - [14/Dec/2025:01:37:36 +0000] "POST //wp-login.php HTTP/1.1" 200 7459 "https://datainsightnow.com//wp-login.php" "Mozilla/5.0 (Windows NT 10.0; Win64; x64) AppleWebKit/537.36 (KHTML, like Gecko) Chrome/78.0.3904.108 Safari/537.36"
124.248.184.195 - - [14/Dec/2025:01:37:37 +0000] "POST //wp-login.php HTTP/1.1" 200 7465 "https://datainsightnow.com//wp-login.php" "Mozilla/5.0 (Windows NT 10.0; Win64; x64) AppleWebKit/537.36 (KHTML, like Gecko) Chrome/78.0.3904.108 Safari/537.36"
185.191.171.16 - - [14/Dec/2025:01:37:37 +0000] "GET /?p=32609 HTTP/1.1" 200 43319 "-" "Mozilla/5.0 (compatible; SemrushBot/7~bl; +http://www.semrush.com/bot.html)"
124.248.184.195 - - [14/Dec/2025:01:37:37 +0000] "POST //wp-login.php HTTP/1.1" 200 7459 "https://datainsightnow.com//wp-login.php" "Mozilla/5.0 (Windows NT 10.0; Win64; x64) AppleWebKit/537.36 (KHTML, like Gecko) Chrome/78.0.3904.108 Safari/537.36"
57.141.0.7 - - [14/Dec/2025:01:37:38 +0000] "GET /karamba-spielsaal-erfahrungen-angeschlossen-testbericht-werfen-sie-einen-blick-auf-den-link-within-2025-pro-teutonia/?fileloc=//sys/class/pci_bus/0000:0b/subsystem/0000:08/subsystem/0000:0c/device/driver/0000:00:03.5/driver/0000:00:03.4/numa_node&path=//sys/class/pci_bus/0000:0b/subsystem/0000:08/subsystem/0000:0c/device/driver/0000:00:03.5/driver/0000:00:03.4 HTTP/1.1" 200 262264 "-" "meta-externalagent/1.1 (+https://developers.facebook.com/docs/sharing/webmasters/crawler)"
124.248.184.195 - - [14/Dec/2025:01:37:38 +0000] "POST //wp-login.php HTTP/1.1" 200 7459 "https://datainsightnow.com//wp-login.php" "Mozilla/5.0 (Windows NT 10.0; Win64; x64) AppleWebKit/537.36 (KHTML, like Gecko) Chrome/78.0.3904.108 Safari/537.36"
74.7.241.45 - - [14/Dec/2025:01:37:38 +0000] "GET /index.php?rest_route=/wp/v2/posts/11842 HTTP/1.1" 200 4473 "-" "Mozilla/5.0 AppleWebKit/537.36 (KHTML, like Gecko; compatible; GPTBot/1.3; +https://openai.com/gptbot)"
124.248.184.195 - - [14/Dec/2025:01:37:38 +0000] "POST //wp-login.php HTTP/1.1" 200 7459 "https://datainsightnow.com//wp-login.php" "Mozilla/5.0 (Windows NT 10.0; Win64; x64) AppleWebKit/537.36 (KHTML, like Gecko) Chrome/78.0.3904.108 Safari/537.36"
124.248.184.195 - - [14/Dec/2025:01:37:39 +0000] "POST //wp-login.php HTTP/1.1" 200 7459 "https://datainsightnow.com//wp-login.php" "Mozilla/5.0 (Windows NT 10.0; Win64; x64) AppleWebKit/537.36 (KHTML, like Gecko) Chrome/78.0.3904.108 Safari/537.36"
124.248.184.195 - - [14/Dec/2025:01:37:39 +0000] "POST //wp-login.php HTTP/1.1" 200 7459 "https://datainsightnow.com//wp-login.php" "Mozilla/5.0 (Windows NT 10.0; Win64; x64) AppleWebKit/537.36 (KHTML, like Gecko) Chrome/78.0.3904.108 Safari/537.36"
124.248.184.195 - - [14/Dec/2025:01:37:39 +0000] "POST //wp-login.php HTTP/1.1" 200 7459 "https://datainsightnow.com//wp-login.php" "Mozilla/5.0 (Windows NT 10.0; Win64; x64) AppleWebKit/537.36 (KHTML, like Gecko) Chrome/78.0.3904.108 Safari/537.36"
124.248.184.195 - - [14/Dec/2025:01:37:40 +0000] "POST //wp-login.php HTTP/1.1" 200 7459 "https://datainsightnow.com//wp-login.php" "Mozilla/5.0 (Windows NT 10.0; Win64; x64) AppleWebKit/537.36 (KHTML, like Gecko) Chrome/78.0.3904.108 Safari/537.36"
124.248.184.195 - - [14/Dec/2025:01:37:40 +0000] "POST //wp-login.php HTTP/1.1" 200 7465 "https://datainsightnow.com//wp-login.php" "Mozilla/5.0 (Windows NT 10.0; Win64; x64) AppleWebKit/537.36 (KHTML, like Gecko) Chrome/78.0.3904.108 Safari/537.36"
124.248.184.195 - - [14/Dec/2025:01:37:41 +0000] "POST //wp-login.php HTTP/1.1" 200 7465 "https://datainsightnow.com//wp-login.php" "Mozilla/5.0 (Windows NT 10.0; Win64; x64) AppleWebKit/537.36 (KHTML, like Gecko) Chrome/78.0.3904.108 Safari/537.36"
74.7.241.45 - - [14/Dec/2025:01:37:41 +0000] "GET /index.php?rest_route=%2Foembed%2F1.0%2Fembed&url=https%3A%2F%2Fdatainsightnow.com%2F%3Fp%3D11842 HTTP/1.1" 200 1274 "-" "Mozilla/5.0 AppleWebKit/537.36 (KHTML, like Gecko; compatible; GPTBot/1.3; +https://openai.com/gptbot)"
57.141.0.70 - - [14/Dec/2025:01:37:41 +0000] "GET /2025/03/06/page/39/?fileloc=//sys/class/pci_bus/0000:0f/device/driver/0000:00:03.6/driver/0000:00:02.1/driver/0000:00:03.1/subsystem/drivers/megaraid_sas/release_date&path=//sys/class/pci_bus/0000:0f/device/driver/0000:00:03.6/driver/0000:00:02.1/driver/0000:00:03.1/subsystem/drivers/megaraid_sas HTTP/1.1" 200 262264 "-" "meta-externalagent/1.1 (+https://developers.facebook.com/docs/sharing/webmasters/crawler)"
124.248.184.195 - - [14/Dec/2025:01:37:41 +0000] "POST //wp-login.php HTTP/1.1" 200 7459 "https://datainsightnow.com//wp-login.php" "Mozilla/5.0 (Windows NT 10.0; Win64; x64) AppleWebKit/537.36 (KHTML, like Gecko) Chrome/78.0.3904.108 Safari/537.36"
124.248.184.195 - - [14/Dec/2025:01:37:42 +0000] "POST //wp-login.php HTTP/1.1" 200 7465 "https://datainsightnow.com//wp-login.php" "Mozilla/5.0 (Windows NT 10.0; Win64; x64) AppleWebKit/537.36 (KHTML, like Gecko) Chrome/78.0.3904.108 Safari/537.36"
124.248.184.195 - - [14/Dec/2025:01:37:42 +0000] "POST //wp-login.php HTTP/1.1" 200 7459 "https://datainsightnow.com//wp-login.php" "Mozilla/5.0 (Windows NT 10.0; Win64; x64) AppleWebKit/537.36 (KHTML, like Gecko) Chrome/78.0.3904.108 Safari/537.36"
124.248.184.195 - - [14/Dec/2025:01:37:42 +0000] "POST //wp-login.php HTTP/1.1" 200 7465 "https://datainsightnow.com//wp-login.php" "Mozilla/5.0 (Windows NT 10.0; Win64; x64) AppleWebKit/537.36 (KHTML, like Gecko) Chrome/78.0.3904.108 Safari/537.36"
124.248.184.195 - - [14/Dec/2025:01:37:43 +0000] "POST //wp-login.php HTTP/1.1" 200 7459 "https://datainsightnow.com//wp-login.php" "Mozilla/5.0 (Windows NT 10.0; Win64; x64) AppleWebKit/537.36 (KHTML, like Gecko) Chrome/78.0.3904.108 Safari/537.36"
124.248.184.195 - - [14/Dec/2025:01:37:43 +0000] "POST //wp-login.php HTTP/1.1" 200 7459 "https://datainsightnow.com//wp-login.php" "Mozilla/5.0 (Windows NT 10.0; Win64; x64) AppleWebKit/537.36 (KHTML, like Gecko) Chrome/78.0.3904.108 Safari/537.36"
124.248.184.195 - - [14/Dec/2025:01:37:44 +0000] "POST //wp-login.php HTTP/1.1" 200 7465 "https://datainsightnow.com//wp-login.php" "Mozilla/5.0 (Windows NT 10.0; Win64; x64) AppleWebKit/537.36 (KHTML, like Gecko) Chrome/78.0.3904.108 Safari/537.36"
74.7.241.45 - - [14/Dec/2025:01:37:44 +0000] "GET /index.php?format=xml&rest_route=%2Foembed%2F1.0%2Fembed&url=https%3A%2F%2Fdatainsightnow.com%2F%3Fp%3D11842 HTTP/1.1" 200 1299 "-" "Mozilla/5.0 AppleWebKit/537.36 (KHTML, like Gecko; compatible; GPTBot/1.3; +https://openai.com/gptbot)"
124.248.184.195 - - [14/Dec/2025:01:37:44 +0000] "POST //wp-login.php HTTP/1.1" 200 7459 "https://datainsightnow.com//wp-login.php" "Mozilla/5.0 (Windows NT 10.0; Win64; x64) AppleWebKit/537.36 (KHTML, like Gecko) Chrome/78.0.3904.108 Safari/537.36"
124.248.184.195 - - [14/Dec/2025:01:37:44 +0000] "POST //wp-login.php HTTP/1.1" 200 7465 "https://datainsightnow.com//wp-login.php" "Mozilla/5.0 (Windows NT 10.0; Win64; x64) AppleWebKit/537.36 (KHTML, like Gecko) Chrome/78.0.3904.108 Safari/537.36"
124.248.184.195 - - [14/Dec/2025:01:37:45 +0000] "POST //wp-login.php HTTP/1.1" 200 7459 "https://datainsightnow.com//wp-login.php" "Mozilla/5.0 (Windows NT 10.0; Win64; x64) AppleWebKit/537.36 (KHTML, like Gecko) Chrome/78.0.3904.108 Safari/537.36"
