124.248.184.195 - - [14/Dec/2025:01:40:51 +0000] "POST //wp-login.php HTTP/1.1" 200 7465 "https://datainsightnow.com//wp-login.php" "Mozilla/5.0 (Windows NT 10.0; Win64; x64) AppleWebKit/537.36 (KHTML, like Gecko) Chrome/78.0.3904.108 Safari/537.36"
216.73.216.115 - - [14/Dec/2025:01:40:51 +0000] "GET /entity/195871862.htm/ HTTP/1.1" 200 45438 "https://datainsightnow.com/entity/195871862.htm" "Mozilla/5.0 AppleWebKit/537.36 (KHTML, like Gecko; compatible; ClaudeBot/1.0; +claudebot@anthropic.com)"
124.248.184.195 - - [14/Dec/2025:01:40:51 +0000] "POST //wp-login.php HTTP/1.1" 200 7459 "https://datainsightnow.com//wp-login.php" "Mozilla/5.0 (Windows NT 10.0; Win64; x64) AppleWebKit/537.36 (KHTML, like Gecko) Chrome/78.0.3904.108 Safari/537.36"
74.7.241.45 - - [14/Dec/2025:01:40:51 +0000] "GET /index.php?format=xml&rest_route=%2Foembed%2F1.0%2Fembed&url=https%3A%2F%2Fdatainsightnow.com%2F%3Fp%3D11846 HTTP/1.1" 200 1311 "-" "Mozilla/5.0 AppleWebKit/537.36 (KHTML, like Gecko; compatible; GPTBot/1.3; +https://openai.com/gptbot)"
124.248.184.195 - - [14/Dec/2025:01:40:51 +0000] "POST //wp-login.php HTTP/1.1" 200 7459 "https://datainsightnow.com//wp-login.php" "Mozilla/5.0 (Windows NT 10.0; Win64; x64) AppleWebKit/537.36 (KHTML, like Gecko) Chrome/78.0.3904.108 Safari/537.36"
124.248.184.195 - - [14/Dec/2025:01:40:52 +0000] "POST //wp-login.php HTTP/1.1" 200 7465 "https://datainsightnow.com//wp-login.php" "Mozilla/5.0 (Windows NT 10.0; Win64; x64) AppleWebKit/537.36 (KHTML, like Gecko) Chrome/78.0.3904.108 Safari/537.36"
124.248.184.195 - - [14/Dec/2025:01:40:52 +0000] "POST //wp-login.php HTTP/1.1" 200 7459 "https://datainsightnow.com//wp-login.php" "Mozilla/5.0 (Windows NT 10.0; Win64; x64) AppleWebKit/537.36 (KHTML, like Gecko) Chrome/78.0.3904.108 Safari/537.36"
124.248.184.195 - - [14/Dec/2025:01:40:53 +0000] "POST //wp-login.php HTTP/1.1" 200 7459 "https://datainsightnow.com//wp-login.php" "Mozilla/5.0 (Windows NT 10.0; Win64; x64) AppleWebKit/537.36 (KHTML, like Gecko) Chrome/78.0.3904.108 Safari/537.36"
124.248.184.195 - - [14/Dec/2025:01:40:53 +0000] "POST //wp-login.php HTTP/1.1" 200 7459 "https://datainsightnow.com//wp-login.php" "Mozilla/5.0 (Windows NT 10.0; Win64; x64) AppleWebKit/537.36 (KHTML, like Gecko) Chrome/78.0.3904.108 Safari/537.36"
216.73.216.115 - - [14/Dec/2025:01:40:53 +0000] "GET /entity/195826015.htm HTTP/1.1" 301 5 "-" "Mozilla/5.0 AppleWebKit/537.36 (KHTML, like Gecko; compatible; ClaudeBot/1.0; +claudebot@anthropic.com)"
124.248.184.195 - - [14/Dec/2025:01:40:54 +0000] "POST //wp-login.php HTTP/1.1" 200 7465 "https://datainsightnow.com//wp-login.php" "Mozilla/5.0 (Windows NT 10.0; Win64; x64) AppleWebKit/537.36 (KHTML, like Gecko) Chrome/78.0.3904.108 Safari/537.36"
216.73.216.115 - - [14/Dec/2025:01:40:54 +0000] "GET /entity/195826015.htm/ HTTP/1.1" 200 45438 "https://datainsightnow.com/entity/195826015.htm" "Mozilla/5.0 AppleWebKit/537.36 (KHTML, like Gecko; compatible; ClaudeBot/1.0; +claudebot@anthropic.com)"
124.248.184.195 - - [14/Dec/2025:01:40:54 +0000] "POST //wp-login.php HTTP/1.1" 200 7459 "https://datainsightnow.com//wp-login.php" "Mozilla/5.0 (Windows NT 10.0; Win64; x64) AppleWebKit/537.36 (KHTML, like Gecko) Chrome/78.0.3904.108 Safari/537.36"
124.248.184.195 - - [14/Dec/2025:01:40:54 +0000] "POST //wp-login.php HTTP/1.1" 200 7465 "https://datainsightnow.com//wp-login.php" "Mozilla/5.0 (Windows NT 10.0; Win64; x64) AppleWebKit/537.36 (KHTML, like Gecko) Chrome/78.0.3904.108 Safari/537.36"
74.7.241.45 - - [14/Dec/2025:01:40:54 +0000] "GET /index.php?rest_route=%2Foembed%2F1.0%2Fembed&url=https%3A%2F%2Fdatainsightnow.com%2F%3Fp%3D11846 HTTP/1.1" 200 1285 "-" "Mozilla/5.0 AppleWebKit/537.36 (KHTML, like Gecko; compatible; GPTBot/1.3; +https://openai.com/gptbot)"
124.248.184.195 - - [14/Dec/2025:01:40:55 +0000] "POST //wp-login.php HTTP/1.1" 200 7459 "https://datainsightnow.com//wp-login.php" "Mozilla/5.0 (Windows NT 10.0; Win64; x64) AppleWebKit/537.36 (KHTML, like Gecko) Chrome/78.0.3904.108 Safari/537.36"
124.248.184.195 - - [14/Dec/2025:01:40:55 +0000] "POST //wp-login.php HTTP/1.1" 200 7459 "https://datainsightnow.com//wp-login.php" "Mozilla/5.0 (Windows NT 10.0; Win64; x64) AppleWebKit/537.36 (KHTML, like Gecko) Chrome/78.0.3904.108 Safari/537.36"
124.248.184.195 - - [14/Dec/2025:01:40:56 +0000] "POST //wp-login.php HTTP/1.1" 200 7465 "https://datainsightnow.com//wp-login.php" "Mozilla/5.0 (Windows NT 10.0; Win64; x64) AppleWebKit/537.36 (KHTML, like Gecko) Chrome/78.0.3904.108 Safari/537.36"
57.141.0.35 - - [14/Dec/2025:01:40:56 +0000] "GET /karamba-spielsaal-erfahrungen-angeschlossen-testbericht-werfen-sie-einen-blick-auf-den-link-within-2025-pro-teutonia/?fileloc=//sys/class/pci_bus/0000:0f/subsystem/0000:04/device/pci_bus/0000:04/subsystem/0000:09/uevent&path=//sys/class/pci_bus/0000:0f/subsystem/0000:04/device/pci_bus/0000:04/subsystem/0000:09 HTTP/1.1" 200 262209 "-" "meta-externalagent/1.1 (+https://developers.facebook.com/docs/sharing/webmasters/crawler)"
124.248.184.195 - - [14/Dec/2025:01:40:56 +0000] "POST //wp-login.php HTTP/1.1" 200 7459 "https://datainsightnow.com//wp-login.php" "Mozilla/5.0 (Windows NT 10.0; Win64; x64) AppleWebKit/537.36 (KHTML, like Gecko) Chrome/78.0.3904.108 Safari/537.36"
124.248.184.195 - - [14/Dec/2025:01:40:57 +0000] "POST //wp-login.php HTTP/1.1" 200 7465 "https://datainsightnow.com//wp-login.php" "Mozilla/5.0 (Windows NT 10.0; Win64; x64) AppleWebKit/537.36 (KHTML, like Gecko) Chrome/78.0.3904.108 Safari/537.36"
216.73.216.115 - - [14/Dec/2025:01:40:57 +0000] "GET /entity/195780694.htm HTTP/1.1" 301 5 "-" "Mozilla/5.0 AppleWebKit/537.36 (KHTML, like Gecko; compatible; ClaudeBot/1.0; +claudebot@anthropic.com)"
124.248.184.195 - - [14/Dec/2025:01:40:57 +0000] "POST //wp-login.php HTTP/1.1" 200 7465 "https://datainsightnow.com//wp-login.php" "Mozilla/5.0 (Windows NT 10.0; Win64; x64) AppleWebKit/537.36 (KHTML, like Gecko) Chrome/78.0.3904.108 Safari/537.36"
216.73.216.115 - - [14/Dec/2025:01:40:57 +0000] "GET /entity/195780694.htm/ HTTP/1.1" 200 45438 "https://datainsightnow.com/entity/195780694.htm" "Mozilla/5.0 AppleWebKit/537.36 (KHTML, like Gecko; compatible; ClaudeBot/1.0; +claudebot@anthropic.com)"
124.248.184.195 - - [14/Dec/2025:01:40:57 +0000] "POST //wp-login.php HTTP/1.1" 200 7465 "https://datainsightnow.com//wp-login.php" "Mozilla/5.0 (Windows NT 10.0; Win64; x64) AppleWebKit/537.36 (KHTML, like Gecko) Chrome/78.0.3904.108 Safari/537.36"
74.7.241.45 - - [14/Dec/2025:01:40:58 +0000] "GET /?p=11482 HTTP/1.1" 200 41401 "-" "Mozilla/5.0 AppleWebKit/537.36 (KHTML, like Gecko; compatible; GPTBot/1.3; +https://openai.com/gptbot)"
124.248.184.195 - - [14/Dec/2025:01:40:58 +0000] "POST //wp-login.php HTTP/1.1" 200 7465 "https://datainsightnow.com//wp-login.php" "Mozilla/5.0 (Windows NT 10.0; Win64; x64) AppleWebKit/537.36 (KHTML, like Gecko) Chrome/78.0.3904.108 Safari/537.36"
124.248.184.195 - - [14/Dec/2025:01:40:58 +0000] "POST //wp-login.php HTTP/1.1" 200 7459 "https://datainsightnow.com//wp-login.php" "Mozilla/5.0 (Windows NT 10.0; Win64; x64) AppleWebKit/537.36 (KHTML, like Gecko) Chrome/78.0.3904.108 Safari/537.36"
124.248.184.195 - - [14/Dec/2025:01:40:59 +0000] "POST //wp-login.php HTTP/1.1" 200 7465 "https://datainsightnow.com//wp-login.php" "Mozilla/5.0 (Windows NT 10.0; Win64; x64) AppleWebKit/537.36 (KHTML, like Gecko) Chrome/78.0.3904.108 Safari/537.36"
124.248.184.195 - - [14/Dec/2025:01:40:59 +0000] "POST //wp-login.php HTTP/1.1" 200 7465 "https://datainsightnow.com//wp-login.php" "Mozilla/5.0 (Windows NT 10.0; Win64; x64) AppleWebKit/537.36 (KHTML, like Gecko) Chrome/78.0.3904.108 Safari/537.36"
124.248.184.195 - - [14/Dec/2025:01:41:00 +0000] "POST //wp-login.php HTTP/1.1" 200 7459 "https://datainsightnow.com//wp-login.php" "Mozilla/5.0 (Windows NT 10.0; Win64; x64) AppleWebKit/537.36 (KHTML, like Gecko) Chrome/78.0.3904.108 Safari/537.36"
216.73.216.115 - - [14/Dec/2025:01:41:00 +0000] "GET /entity/195811513.htm HTTP/1.1" 301 5 "-" "Mozilla/5.0 AppleWebKit/537.36 (KHTML, like Gecko; compatible; ClaudeBot/1.0; +claudebot@anthropic.com)"
124.248.184.195 - - [14/Dec/2025:01:41:00 +0000] "POST //wp-login.php HTTP/1.1" 200 7465 "https://datainsightnow.com//wp-login.php" "Mozilla/5.0 (Windows NT 10.0; Win64; x64) AppleWebKit/537.36 (KHTML, like Gecko) Chrome/78.0.3904.108 Safari/537.36"
216.73.216.115 - - [14/Dec/2025:01:41:00 +0000] "GET /entity/195811513.htm/ HTTP/1.1" 200 45438 "https://datainsightnow.com/entity/195811513.htm" "Mozilla/5.0 AppleWebKit/537.36 (KHTML, like Gecko; compatible; ClaudeBot/1.0; +claudebot@anthropic.com)"
124.248.184.195 - - [14/Dec/2025:01:41:00 +0000] "POST //wp-login.php HTTP/1.1" 200 7459 "https://datainsightnow.com//wp-login.php" "Mozilla/5.0 (Windows NT 10.0; Win64; x64) AppleWebKit/537.36 (KHTML, like Gecko) Chrome/78.0.3904.108 Safari/537.36"
74.7.241.45 - - [14/Dec/2025:01:41:01 +0000] "GET /index.php?format=xml&rest_route=%2Foembed%2F1.0%2Fembed&url=https%3A%2F%2Fdatainsightnow.com%2F%3Fp%3D11482 HTTP/1.1" 200 1288 "-" "Mozilla/5.0 AppleWebKit/537.36 (KHTML, like Gecko; compatible; GPTBot/1.3; +https://openai.com/gptbot)"
124.248.184.195 - - [14/Dec/2025:01:41:01 +0000] "POST //wp-login.php HTTP/1.1" 200 7459 "https://datainsightnow.com//wp-login.php" "Mozilla/5.0 (Windows NT 10.0; Win64; x64) AppleWebKit/537.36 (KHTML, like Gecko) Chrome/78.0.3904.108 Safari/537.36"
124.248.184.195 - - [14/Dec/2025:01:41:01 +0000] "POST //wp-login.php HTTP/1.1" 200 7465 "https://datainsightnow.com//wp-login.php" "Mozilla/5.0 (Windows NT 10.0; Win64; x64) AppleWebKit/537.36 (KHTML, like Gecko) Chrome/78.0.3904.108 Safari/537.36"
124.248.184.195 - - [14/Dec/2025:01:41:02 +0000] "POST //wp-login.php HTTP/1.1" 200 7465 "https://datainsightnow.com//wp-login.php" "Mozilla/5.0 (Windows NT 10.0; Win64; x64) AppleWebKit/537.36 (KHTML, like Gecko) Chrome/78.0.3904.108 Safari/537.36"
124.248.184.195 - - [14/Dec/2025:01:41:02 +0000] "POST //wp-login.php HTTP/1.1" 200 7459 "https://datainsightnow.com//wp-login.php" "Mozilla/5.0 (Windows NT 10.0; Win64; x64) AppleWebKit/537.36 (KHTML, like Gecko) Chrome/78.0.3904.108 Safari/537.36"
216.73.216.115 - - [14/Dec/2025:01:41:03 +0000] "GET /entity/195894644.htm HTTP/1.1" 301 5 "-" "Mozilla/5.0 AppleWebKit/537.36 (KHTML, like Gecko; compatible; ClaudeBot/1.0; +claudebot@anthropic.com)"
124.248.184.195 - - [14/Dec/2025:01:41:03 +0000] "POST //wp-login.php HTTP/1.1" 200 7465 "https://datainsightnow.com//wp-login.php" "Mozilla/5.0 (Windows NT 10.0; Win64; x64) AppleWebKit/537.36 (KHTML, like Gecko) Chrome/78.0.3904.108 Safari/537.36"
124.248.184.195 - - [14/Dec/2025:01:41:03 +0000] "POST //wp-login.php HTTP/1.1" 200 7465 "https://datainsightnow.com//wp-login.php" "Mozilla/5.0 (Windows NT 10.0; Win64; x64) AppleWebKit/537.36 (KHTML, like Gecko) Chrome/78.0.3904.108 Safari/537.36"
216.73.216.115 - - [14/Dec/2025:01:41:03 +0000] "GET /entity/195894644.htm/ HTTP/1.1" 200 45438 "https://datainsightnow.com/entity/195894644.htm" "Mozilla/5.0 AppleWebKit/537.36 (KHTML, like Gecko; compatible; ClaudeBot/1.0; +claudebot@anthropic.com)"
124.248.184.195 - - [14/Dec/2025:01:41:03 +0000] "POST //wp-login.php HTTP/1.1" 200 7459 "https://datainsightnow.com//wp-login.php" "Mozilla/5.0 (Windows NT 10.0; Win64; x64) AppleWebKit/537.36 (KHTML, like Gecko) Chrome/78.0.3904.108 Safari/537.36"
124.248.184.195 - - [14/Dec/2025:01:41:04 +0000] "POST //wp-login.php HTTP/1.1" 200 7459 "https://datainsightnow.com//wp-login.php" "Mozilla/5.0 (Windows NT 10.0; Win64; x64) AppleWebKit/537.36 (KHTML, like Gecko) Chrome/78.0.3904.108 Safari/537.36"
74.7.241.45 - - [14/Dec/2025:01:41:04 +0000] "GET /index.php?rest_route=/wp/v2/posts/11482 HTTP/1.1" 200 4162 "-" "Mozilla/5.0 AppleWebKit/537.36 (KHTML, like Gecko; compatible; GPTBot/1.3; +https://openai.com/gptbot)"
124.248.184.195 - - [14/Dec/2025:01:41:04 +0000] "POST //wp-login.php HTTP/1.1" 200 7465 "https://datainsightnow.com//wp-login.php" "Mozilla/5.0 (Windows NT 10.0; Win64; x64) AppleWebKit/537.36 (KHTML, like Gecko) Chrome/78.0.3904.108 Safari/537.36"
57.141.0.45 - - [14/Dec/2025:01:41:05 +0000] "GET /2025/03/13/?fileloc=//sys/class/pci_bus/0000:00/device/firmware_node/device:00/subsystem/devices/device:04/physical_node/resource0&path=//sys/class/pci_bus/0000:00/device/firmware_node/device:00/subsystem/devices/device:04/physical_node HTTP/1.1" 200 262248 "-" "meta-externalagent/1.1 (+https://developers.facebook.com/docs/sharing/webmasters/crawler)"
124.248.184.195 - - [14/Dec/2025:01:41:05 +0000] "POST //wp-login.php HTTP/1.1" 200 7465 "https://datainsightnow.com//wp-login.php" "Mozilla/5.0 (Windows NT 10.0; Win64; x64) AppleWebKit/537.36 (KHTML, like Gecko) Chrome/78.0.3904.108 Safari/537.36"
124.248.184.195 - - [14/Dec/2025:01:41:05 +0000] "POST //wp-login.php HTTP/1.1" 200 7465 "https://datainsightnow.com//wp-login.php" "Mozilla/5.0 (Windows NT 10.0; Win64; x64) AppleWebKit/537.36 (KHTML, like Gecko) Chrome/78.0.3904.108 Safari/537.36"
216.73.216.115 - - [14/Dec/2025:01:41:06 +0000] "GET /entity/195841294.htm HTTP/1.1" 301 5 "-" "Mozilla/5.0 AppleWebKit/537.36 (KHTML, like Gecko; compatible; ClaudeBot/1.0; +claudebot@anthropic.com)"
124.248.184.195 - - [14/Dec/2025:01:41:06 +0000] "POST //wp-login.php HTTP/1.1" 200 7459 "https://datainsightnow.com//wp-login.php" "Mozilla/5.0 (Windows NT 10.0; Win64; x64) AppleWebKit/537.36 (KHTML, like Gecko) Chrome/78.0.3904.108 Safari/537.36"
216.73.216.115 - - [14/Dec/2025:01:41:06 +0000] "GET /entity/195841294.htm/ HTTP/1.1" 200 45438 "https://datainsightnow.com/entity/195841294.htm" "Mozilla/5.0 AppleWebKit/537.36 (KHTML, like Gecko; compatible; ClaudeBot/1.0; +claudebot@anthropic.com)"
124.248.184.195 - - [14/Dec/2025:01:41:06 +0000] "POST //wp-login.php HTTP/1.1" 200 7459 "https://datainsightnow.com//wp-login.php" "Mozilla/5.0 (Windows NT 10.0; Win64; x64) AppleWebKit/537.36 (KHTML, like Gecko) Chrome/78.0.3904.108 Safari/537.36"
124.248.184.195 - - [14/Dec/2025:01:41:07 +0000] "POST //wp-login.php HTTP/1.1" 200 7465 "https://datainsightnow.com//wp-login.php" "Mozilla/5.0 (Windows NT 10.0; Win64; x64) AppleWebKit/537.36 (KHTML, like Gecko) Chrome/78.0.3904.108 Safari/537.36"
74.7.241.45 - - [14/Dec/2025:01:41:07 +0000] "GET /index.php?rest_route=%2Foembed%2F1.0%2Fembed&url=https%3A%2F%2Fdatainsightnow.com%2F%3Fp%3D11482 HTTP/1.1" 200 1262 "-" "Mozilla/5.0 AppleWebKit/537.36 (KHTML, like Gecko; compatible; GPTBot/1.3; +https://openai.com/gptbot)"
124.248.184.195 - - [14/Dec/2025:01:41:07 +0000] "POST //wp-login.php HTTP/1.1" 200 7459 "https://datainsightnow.com//wp-login.php" "Mozilla/5.0 (Windows NT 10.0; Win64; x64) AppleWebKit/537.36 (KHTML, like Gecko) Chrome/78.0.3904.108 Safari/537.36"
124.248.184.195 - - [14/Dec/2025:01:41:07 +0000] "POST //wp-login.php HTTP/1.1" 200 7459 "https://datainsightnow.com//wp-login.php" "Mozilla/5.0 (Windows NT 10.0; Win64; x64) AppleWebKit/537.36 (KHTML, like Gecko) Chrome/78.0.3904.108 Safari/537.36"
124.248.184.195 - - [14/Dec/2025:01:41:08 +0000] "POST //wp-login.php HTTP/1.1" 200 7465 "https://datainsightnow.com//wp-login.php" "Mozilla/5.0 (Windows NT 10.0; Win64; x64) AppleWebKit/537.36 (KHTML, like Gecko) Chrome/78.0.3904.108 Safari/537.36"
124.248.184.195 - - [14/Dec/2025:01:41:08 +0000] "POST //wp-login.php HTTP/1.1" 200 7459 "https://datainsightnow.com//wp-login.php" "Mozilla/5.0 (Windows NT 10.0; Win64; x64) AppleWebKit/537.36 (KHTML, like Gecko) Chrome/78.0.3904.108 Safari/537.36"
216.73.216.115 - - [14/Dec/2025:01:41:09 +0000] "GET /entity/195884806.htm HTTP/1.1" 301 5 "-" "Mozilla/5.0 AppleWebKit/537.36 (KHTML, like Gecko; compatible; ClaudeBot/1.0; +claudebot@anthropic.com)"
124.248.184.195 - - [14/Dec/2025:01:41:09 +0000] "POST //wp-login.php HTTP/1.1" 200 7459 "https://datainsightnow.com//wp-login.php" "Mozilla/5.0 (Windows NT 10.0; Win64; x64) AppleWebKit/537.36 (KHTML, like Gecko) Chrome/78.0.3904.108 Safari/537.36"
216.73.216.115 - - [14/Dec/2025:01:41:09 +0000] "GET /entity/195884806.htm/ HTTP/1.1" 200 45438 "https://datainsightnow.com/entity/195884806.htm" "Mozilla/5.0 AppleWebKit/537.36 (KHTML, like Gecko; compatible; ClaudeBot/1.0; +claudebot@anthropic.com)"
124.248.184.195 - - [14/Dec/2025:01:41:09 +0000] "POST //wp-login.php HTTP/1.1" 200 7459 "https://datainsightnow.com//wp-login.php" "Mozilla/5.0 (Windows NT 10.0; Win64; x64) AppleWebKit/537.36 (KHTML, like Gecko) Chrome/78.0.3904.108 Safari/537.36"
85.208.96.198 - - [14/Dec/2025:01:41:09 +0000] "GET /?p=14053 HTTP/1.1" 200 43103 "-" "Mozilla/5.0 (compatible; SemrushBot/7~bl; +http://www.semrush.com/bot.html)"
124.248.184.195 - - [14/Dec/2025:01:41:10 +0000] "POST //wp-login.php HTTP/1.1" 200 7459 "https://datainsightnow.com//wp-login.php" "Mozilla/5.0 (Windows NT 10.0; Win64; x64) AppleWebKit/537.36 (KHTML, like Gecko) Chrome/78.0.3904.108 Safari/537.36"
124.248.184.195 - - [14/Dec/2025:01:41:10 +0000] "POST //wp-login.php HTTP/1.1" 200 7459 "https://datainsightnow.com//wp-login.php" "Mozilla/5.0 (Windows NT 10.0; Win64; x64) AppleWebKit/537.36 (KHTML, like Gecko) Chrome/78.0.3904.108 Safari/537.36"
74.7.241.45 - - [14/Dec/2025:01:41:10 +0000] "GET /?p=20459 HTTP/1.1" 200 41446 "-" "Mozilla/5.0 AppleWebKit/537.36 (KHTML, like Gecko; compatible; GPTBot/1.3; +https://openai.com/gptbot)"
124.248.184.195 - - [14/Dec/2025:01:41:11 +0000] "POST //wp-login.php HTTP/1.1" 200 7459 "https://datainsightnow.com//wp-login.php" "Mozilla/5.0 (Windows NT 10.0; Win64; x64) AppleWebKit/537.36 (KHTML, like Gecko) Chrome/78.0.3904.108 Safari/537.36"
124.248.184.195 - - [14/Dec/2025:01:41:11 +0000] "POST //wp-login.php HTTP/1.1" 200 7465 "https://datainsightnow.com//wp-login.php" "Mozilla/5.0 (Windows NT 10.0; Win64; x64) AppleWebKit/537.36 (KHTML, like Gecko) Chrome/78.0.3904.108 Safari/537.36"
124.248.184.195 - - [14/Dec/2025:01:41:11 +0000] "POST //wp-login.php HTTP/1.1" 200 7459 "https://datainsightnow.com//wp-login.php" "Mozilla/5.0 (Windows NT 10.0; Win64; x64) AppleWebKit/537.36 (KHTML, like Gecko) Chrome/78.0.3904.108 Safari/537.36"
216.73.216.115 - - [14/Dec/2025:01:41:12 +0000] "GET /entity/195843629.htm HTTP/1.1" 301 5 "-" "Mozilla/5.0 AppleWebKit/537.36 (KHTML, like Gecko; compatible; ClaudeBot/1.0; +claudebot@anthropic.com)"
124.248.184.195 - - [14/Dec/2025:01:41:12 +0000] "POST //wp-login.php HTTP/1.1" 200 7465 "https://datainsightnow.com//wp-login.php" "Mozilla/5.0 (Windows NT 10.0; Win64; x64) AppleWebKit/537.36 (KHTML, like Gecko) Chrome/78.0.3904.108 Safari/537.36"
216.73.216.115 - - [14/Dec/2025:01:41:12 +0000] "GET /entity/195843629.htm/ HTTP/1.1" 200 45438 "https://datainsightnow.com/entity/195843629.htm" "Mozilla/5.0 AppleWebKit/537.36 (KHTML, like Gecko; compatible; ClaudeBot/1.0; +claudebot@anthropic.com)"
124.248.184.195 - - [14/Dec/2025:01:41:12 +0000] "POST //wp-login.php HTTP/1.1" 200 7459 "https://datainsightnow.com//wp-login.php" "Mozilla/5.0 (Windows NT 10.0; Win64; x64) AppleWebKit/537.36 (KHTML, like Gecko) Chrome/78.0.3904.108 Safari/537.36"
124.248.184.195 - - [14/Dec/2025:01:41:13 +0000] "POST //wp-login.php HTTP/1.1" 200 7465 "https://datainsightnow.com//wp-login.php" "Mozilla/5.0 (Windows NT 10.0; Win64; x64) AppleWebKit/537.36 (KHTML, like Gecko) Chrome/78.0.3904.108 Safari/537.36"
124.248.184.195 - - [14/Dec/2025:01:41:13 +0000] "POST //wp-login.php HTTP/1.1" 200 7459 "https://datainsightnow.com//wp-login.php" "Mozilla/5.0 (Windows NT 10.0; Win64; x64) AppleWebKit/537.36 (KHTML, like Gecko) Chrome/78.0.3904.108 Safari/537.36"
74.7.241.45 - - [14/Dec/2025:01:41:13 +0000] "GET /index.php?rest_route=/wp/v2/posts/20459 HTTP/1.1" 200 4213 "-" "Mozilla/5.0 AppleWebKit/537.36 (KHTML, like Gecko; compatible; GPTBot/1.3; +https://openai.com/gptbot)"
124.248.184.195 - - [14/Dec/2025:01:41:14 +0000] "POST //wp-login.php HTTP/1.1" 200 7459 "https://datainsightnow.com//wp-login.php" "Mozilla/5.0 (Windows NT 10.0; Win64; x64) AppleWebKit/537.36 (KHTML, like Gecko) Chrome/78.0.3904.108 Safari/537.36"
124.248.184.195 - - [14/Dec/2025:01:41:14 +0000] "POST //wp-login.php HTTP/1.1" 200 7465 "https://datainsightnow.com//wp-login.php" "Mozilla/5.0 (Windows NT 10.0; Win64; x64) AppleWebKit/537.36 (KHTML, like Gecko) Chrome/78.0.3904.108 Safari/537.36"
124.248.184.195 - - [14/Dec/2025:01:41:14 +0000] "POST //wp-login.php HTTP/1.1" 200 7465 "https://datainsightnow.com//wp-login.php" "Mozilla/5.0 (Windows NT 10.0; Win64; x64) AppleWebKit/537.36 (KHTML, like Gecko) Chrome/78.0.3904.108 Safari/537.36"
216.73.216.115 - - [14/Dec/2025:01:41:15 +0000] "GET /entity/195854511.htm HTTP/1.1" 301 5 "-" "Mozilla/5.0 AppleWebKit/537.36 (KHTML, like Gecko; compatible; ClaudeBot/1.0; +claudebot@anthropic.com)"
124.248.184.195 - - [14/Dec/2025:01:41:15 +0000] "POST //wp-login.php HTTP/1.1" 200 7465 "https://datainsightnow.com//wp-login.php" "Mozilla/5.0 (Windows NT 10.0; Win64; x64) AppleWebKit/537.36 (KHTML, like Gecko) Chrome/78.0.3904.108 Safari/537.36"
124.248.184.195 - - [14/Dec/2025:01:41:16 +0000] "POST //wp-login.php HTTP/1.1" 200 7459 "https://datainsightnow.com//wp-login.php" "Mozilla/5.0 (Windows NT 10.0; Win64; x64) AppleWebKit/537.36 (KHTML, like Gecko) Chrome/78.0.3904.108 Safari/537.36"
216.73.216.115 - - [14/Dec/2025:01:41:16 +0000] "GET /entity/195854511.htm/ HTTP/1.1" 200 45438 "https://datainsightnow.com/entity/195854511.htm" "Mozilla/5.0 AppleWebKit/537.36 (KHTML, like Gecko; compatible; ClaudeBot/1.0; +claudebot@anthropic.com)"
57.141.0.26 - - [14/Dec/2025:01:41:16 +0000] "GET /karamba-spielsaal-erfahrungen-angeschlossen-testbericht-werfen-sie-einen-blick-auf-den-link-within-2025-pro-teutonia/?fileloc=//sys/class/pci_bus/0000:06/subsystem/0000:0e/subsystem/0000:11/device/driver/0000:00:02.6/driver/0000:00:02.5/driver/0000:00:02.5/d3cold_allowed&path=//sys/class/pci_bus/0000:06/subsystem/0000:0e/subsystem/0000:11/device/driver/0000:00:02.6/driver/0000:00:02.5/driver/0000:00:02.5 HTTP/1.1" 200 262215 "-" "meta-externalagent/1.1 (+https://developers.facebook.com/docs/sharing/webmasters/crawler)"
124.248.184.195 - - [14/Dec/2025:01:41:16 +0000] "POST //wp-login.php HTTP/1.1" 200 7459 "https://datainsightnow.com//wp-login.php" "Mozilla/5.0 (Windows NT 10.0; Win64; x64) AppleWebKit/537.36 (KHTML, like Gecko) Chrome/78.0.3904.108 Safari/537.36"
57.141.0.53 - - [14/Dec/2025:01:41:16 +0000] "GET /2025/03/06/page/39/?fileloc=//sys/class/pci_bus/0000:01/subsystem/0000:0d/subsystem/0000:06/subsystem/0000:07/subsystem/0000:11/device/resource&path=//sys/class/pci_bus/0000:01/subsystem/0000:0d/subsystem/0000:06/subsystem/0000:07/subsystem/0000:11/device HTTP/1.1" 200 262209 "-" "meta-externalagent/1.1 (+https://developers.facebook.com/docs/sharing/webmasters/crawler)"
74.7.241.45 - - [14/Dec/2025:01:41:16 +0000] "GET /index.php?format=xml&rest_route=%2Foembed%2F1.0%2Fembed&url=https%3A%2F%2Fdatainsightnow.com%2F%3Fp%3D20459 HTTP/1.1" 200 1303 "-" "Mozilla/5.0 AppleWebKit/537.36 (KHTML, like Gecko; compatible; GPTBot/1.3; +https://openai.com/gptbot)"
124.248.184.195 - - [14/Dec/2025:01:41:17 +0000] "POST //wp-login.php HTTP/1.1" 200 7459 "https://datainsightnow.com//wp-login.php" "Mozilla/5.0 (Windows NT 10.0; Win64; x64) AppleWebKit/537.36 (KHTML, like Gecko) Chrome/78.0.3904.108 Safari/537.36"
114.119.145.154 - - [14/Dec/2025:01:41:17 +0000] "GET /zwischenraumtaste-wars-pharaos-riches-bonus-ohne-einzahlung-online-slot-spielautomat-gebuhrenfrei-angeschlossen-vortragen/?path=//etc/smartmontools/smartd_warning.d HTTP/1.1" 200 45439 "https://datainsightnow.com/zwischenraumtaste-wars-pharaos-riches-bonus-ohne-einzahlung-online-slot-spielautomat-gebuhrenfrei-angeschlossen-vortragen/?path=//etc/smartmontools" "Mozilla/5.0 (Linux; Android 7.0;) AppleWebKit/537.36 (KHTML, like Gecko) Mobile Safari/537.36 (compatible; PetalBot;+https://webmaster.petalsearch.com/site/petalbot)"
124.248.184.195 - - [14/Dec/2025:01:41:17 +0000] "POST //wp-login.php HTTP/1.1" 200 7465 "https://datainsightnow.com//wp-login.php" "Mozilla/5.0 (Windows NT 10.0; Win64; x64) AppleWebKit/537.36 (KHTML, like Gecko) Chrome/78.0.3904.108 Safari/537.36"
124.248.184.195 - - [14/Dec/2025:01:41:17 +0000] "POST //wp-login.php HTTP/1.1" 200 7465 "https://datainsightnow.com//wp-login.php" "Mozilla/5.0 (Windows NT 10.0; Win64; x64) AppleWebKit/537.36 (KHTML, like Gecko) Chrome/78.0.3904.108 Safari/537.36"
216.73.216.115 - - [14/Dec/2025:01:41:18 +0000] "GET /entity/195886627.htm HTTP/1.1" 301 5 "-" "Mozilla/5.0 AppleWebKit/537.36 (KHTML, like Gecko; compatible; ClaudeBot/1.0; +claudebot@anthropic.com)"
124.248.184.195 - - [14/Dec/2025:01:41:18 +0000] "POST //wp-login.php HTTP/1.1" 200 7465 "https://datainsightnow.com//wp-login.php" "Mozilla/5.0 (Windows NT 10.0; Win64; x64) AppleWebKit/537.36 (KHTML, like Gecko) Chrome/78.0.3904.108 Safari/537.36"
216.73.216.115 - - [14/Dec/2025:01:41:18 +0000] "GET /entity/195886627.htm/ HTTP/1.1" 200 45438 "https://datainsightnow.com/entity/195886627.htm" "Mozilla/5.0 AppleWebKit/537.36 (KHTML, like Gecko; compatible; ClaudeBot/1.0; +claudebot@anthropic.com)"
124.248.184.195 - - [14/Dec/2025:01:41:18 +0000] "POST //wp-login.php HTTP/1.1" 200 7459 "https://datainsightnow.com//wp-login.php" "Mozilla/5.0 (Windows NT 10.0; Win64; x64) AppleWebKit/537.36 (KHTML, like Gecko) Chrome/78.0.3904.108 Safari/537.36"
124.248.184.195 - - [14/Dec/2025:01:41:19 +0000] "POST //wp-login.php HTTP/1.1" 200 7459 "https://datainsightnow.com//wp-login.php" "Mozilla/5.0 (Windows NT 10.0; Win64; x64) AppleWebKit/537.36 (KHTML, like Gecko) Chrome/78.0.3904.108 Safari/537.36"
124.248.184.195 - - [14/Dec/2025:01:41:19 +0000] "POST //wp-login.php HTTP/1.1" 200 7465 "https://datainsightnow.com//wp-login.php" "Mozilla/5.0 (Windows NT 10.0; Win64; x64) AppleWebKit/537.36 (KHTML, like Gecko) Chrome/78.0.3904.108 Safari/537.36"
74.7.241.45 - - [14/Dec/2025:01:41:19 +0000] "GET /index.php?rest_route=%2Foembed%2F1.0%2Fembed&url=https%3A%2F%2Fdatainsightnow.com%2F%3Fp%3D20459 HTTP/1.1" 200 1275 "-" "Mozilla/5.0 AppleWebKit/537.36 (KHTML, like Gecko; compatible; GPTBot/1.3; +https://openai.com/gptbot)"
124.248.184.195 - - [14/Dec/2025:01:41:20 +0000] "POST //wp-login.php HTTP/1.1" 200 7459 "https://datainsightnow.com//wp-login.php" "Mozilla/5.0 (Windows NT 10.0; Win64; x64) AppleWebKit/537.36 (KHTML, like Gecko) Chrome/78.0.3904.108 Safari/537.36"
85.208.96.194 - - [14/Dec/2025:01:41:20 +0000] "GET /?cat=1&paged=591 HTTP/1.1" 200 37760 "-" "Mozilla/5.0 (compatible; SemrushBot/7~bl; +http://www.semrush.com/bot.html)"
124.248.184.195 - - [14/Dec/2025:01:41:20 +0000] "POST //wp-login.php HTTP/1.1" 200 7459 "https://datainsightnow.com//wp-login.php" "Mozilla/5.0 (Windows NT 10.0; Win64; x64) AppleWebKit/537.36 (KHTML, like Gecko) Chrome/78.0.3904.108 Safari/537.36"
124.248.184.195 - - [14/Dec/2025:01:41:21 +0000] "POST //wp-login.php HTTP/1.1" 200 7465 "https://datainsightnow.com//wp-login.php" "Mozilla/5.0 (Windows NT 10.0; Win64; x64) AppleWebKit/537.36 (KHTML, like Gecko) Chrome/78.0.3904.108 Safari/537.36"
216.73.216.115 - - [14/Dec/2025:01:41:21 +0000] "GET /entity/195850881.htm HTTP/1.1" 301 5 "-" "Mozilla/5.0 AppleWebKit/537.36 (KHTML, like Gecko; compatible; ClaudeBot/1.0; +claudebot@anthropic.com)"
124.248.184.195 - - [14/Dec/2025:01:41:21 +0000] "POST //wp-login.php HTTP/1.1" 200 7465 "https://datainsightnow.com//wp-login.php" "Mozilla/5.0 (Windows NT 10.0; Win64; x64) AppleWebKit/537.36 (KHTML, like Gecko) Chrome/78.0.3904.108 Safari/537.36"
216.73.216.115 - - [14/Dec/2025:01:41:21 +0000] "GET /entity/195850881.htm/ HTTP/1.1" 200 45438 "https://datainsightnow.com/entity/195850881.htm" "Mozilla/5.0 AppleWebKit/537.36 (KHTML, like Gecko; compatible; ClaudeBot/1.0; +claudebot@anthropic.com)"
124.248.184.195 - - [14/Dec/2025:01:41:21 +0000] "POST //wp-login.php HTTP/1.1" 200 7465 "https://datainsightnow.com//wp-login.php" "Mozilla/5.0 (Windows NT 10.0; Win64; x64) AppleWebKit/537.36 (KHTML, like Gecko) Chrome/78.0.3904.108 Safari/537.36"
124.248.184.195 - - [14/Dec/2025:01:41:22 +0000] "POST //wp-login.php HTTP/1.1" 200 7459 "https://datainsightnow.com//wp-login.php" "Mozilla/5.0 (Windows NT 10.0; Win64; x64) AppleWebKit/537.36 (KHTML, like Gecko) Chrome/78.0.3904.108 Safari/537.36"
124.248.184.195 - - [14/Dec/2025:01:41:22 +0000] "POST //wp-login.php HTTP/1.1" 200 7465 "https://datainsightnow.com//wp-login.php" "Mozilla/5.0 (Windows NT 10.0; Win64; x64) AppleWebKit/537.36 (KHTML, like Gecko) Chrome/78.0.3904.108 Safari/537.36"
74.7.241.45 - - [14/Dec/2025:01:41:23 +0000] "GET /?p=8754 HTTP/1.1" 200 42897 "-" "Mozilla/5.0 AppleWebKit/537.36 (KHTML, like Gecko; compatible; GPTBot/1.3; +https://openai.com/gptbot)"
124.248.184.195 - - [14/Dec/2025:01:41:23 +0000] "POST //wp-login.php HTTP/1.1" 200 7459 "https://datainsightnow.com//wp-login.php" "Mozilla/5.0 (Windows NT 10.0; Win64; x64) AppleWebKit/537.36 (KHTML, like Gecko) Chrome/78.0.3904.108 Safari/537.36"
124.248.184.195 - - [14/Dec/2025:01:41:23 +0000] "POST //wp-login.php HTTP/1.1" 200 7459 "https://datainsightnow.com//wp-login.php" "Mozilla/5.0 (Windows NT 10.0; Win64; x64) AppleWebKit/537.36 (KHTML, like Gecko) Chrome/78.0.3904.108 Safari/537.36"
124.248.184.195 - - [14/Dec/2025:01:41:24 +0000] "POST //wp-login.php HTTP/1.1" 200 7459 "https://datainsightnow.com//wp-login.php" "Mozilla/5.0 (Windows NT 10.0; Win64; x64) AppleWebKit/537.36 (KHTML, like Gecko) Chrome/78.0.3904.108 Safari/537.36"
216.73.216.115 - - [14/Dec/2025:01:41:24 +0000] "GET /entity/195922363.htm HTTP/1.1" 301 5 "-" "Mozilla/5.0 AppleWebKit/537.36 (KHTML, like Gecko; compatible; ClaudeBot/1.0; +claudebot@anthropic.com)"
124.248.184.195 - - [14/Dec/2025:01:41:24 +0000] "POST //wp-login.php HTTP/1.1" 200 7465 "https://datainsightnow.com//wp-login.php" "Mozilla/5.0 (Windows NT 10.0; Win64; x64) AppleWebKit/537.36 (KHTML, like Gecko) Chrome/78.0.3904.108 Safari/537.36"
216.73.216.115 - - [14/Dec/2025:01:41:24 +0000] "GET /entity/195922363.htm/ HTTP/1.1" 200 45438 "https://datainsightnow.com/entity/195922363.htm" "Mozilla/5.0 AppleWebKit/537.36 (KHTML, like Gecko; compatible; ClaudeBot/1.0; +claudebot@anthropic.com)"
124.248.184.195 - - [14/Dec/2025:01:41:24 +0000] "POST //wp-login.php HTTP/1.1" 200 7465 "https://datainsightnow.com//wp-login.php" "Mozilla/5.0 (Windows NT 10.0; Win64; x64) AppleWebKit/537.36 (KHTML, like Gecko) Chrome/78.0.3904.108 Safari/537.36"
124.248.184.195 - - [14/Dec/2025:01:41:25 +0000] "POST //wp-login.php HTTP/1.1" 200 7459 "https://datainsightnow.com//wp-login.php" "Mozilla/5.0 (Windows NT 10.0; Win64; x64) AppleWebKit/537.36 (KHTML, like Gecko) Chrome/78.0.3904.108 Safari/537.36"
124.248.184.195 - - [14/Dec/2025:01:41:25 +0000] "POST //wp-login.php HTTP/1.1" 200 7459 "https://datainsightnow.com//wp-login.php" "Mozilla/5.0 (Windows NT 10.0; Win64; x64) AppleWebKit/537.36 (KHTML, like Gecko) Chrome/78.0.3904.108 Safari/537.36"
124.248.184.195 - - [14/Dec/2025:01:41:26 +0000] "POST //wp-login.php HTTP/1.1" 200 7465 "https://datainsightnow.com//wp-login.php" "Mozilla/5.0 (Windows NT 10.0; Win64; x64) AppleWebKit/537.36 (KHTML, like Gecko) Chrome/78.0.3904.108 Safari/537.36"
74.7.241.45 - - [14/Dec/2025:01:41:26 +0000] "GET /index.php?rest_route=/wp/v2/posts/8754 HTTP/1.1" 200 5458 "-" "Mozilla/5.0 AppleWebKit/537.36 (KHTML, like Gecko; compatible; GPTBot/1.3; +https://openai.com/gptbot)"
124.248.184.195 - - [14/Dec/2025:01:41:26 +0000] "POST //wp-login.php HTTP/1.1" 200 7465 "https://datainsightnow.com//wp-login.php" "Mozilla/5.0 (Windows NT 10.0; Win64; x64) AppleWebKit/537.36 (KHTML, like Gecko) Chrome/78.0.3904.108 Safari/537.36"
185.113.8.55 - - [14/Dec/2025:01:41:26 +0000] "POST /wp-login.php HTTP/1.1" 200 2681 "-" "Mozilla/5.0 (Windows NT 11.0; Win64; x64) AppleWebKit/537.36 (KHTML, like Gecko) Chrome/122.0.9563.423 Safari/537.36"
216.73.216.115 - - [14/Dec/2025:01:41:27 +0000] "GET /entity/195828087.htm HTTP/1.1" 301 5 "-" "Mozilla/5.0 AppleWebKit/537.36 (KHTML, like Gecko; compatible; ClaudeBot/1.0; +claudebot@anthropic.com)"
124.248.184.195 - - [14/Dec/2025:01:41:27 +0000] "POST //wp-login.php HTTP/1.1" 200 7459 "https://datainsightnow.com//wp-login.php" "Mozilla/5.0 (Windows NT 10.0; Win64; x64) AppleWebKit/537.36 (KHTML, like Gecko) Chrome/78.0.3904.108 Safari/537.36"
124.248.184.195 - - [14/Dec/2025:01:41:27 +0000] "POST //wp-login.php HTTP/1.1" 200 7465 "https://datainsightnow.com//wp-login.php" "Mozilla/5.0 (Windows NT 10.0; Win64; x64) AppleWebKit/537.36 (KHTML, like Gecko) Chrome/78.0.3904.108 Safari/537.36"
216.73.216.115 - - [14/Dec/2025:01:41:27 +0000] "GET /entity/195828087.htm/ HTTP/1.1" 200 45438 "https://datainsightnow.com/entity/195828087.htm" "Mozilla/5.0 AppleWebKit/537.36 (KHTML, like Gecko; compatible; ClaudeBot/1.0; +claudebot@anthropic.com)"
124.248.184.195 - - [14/Dec/2025:01:41:28 +0000] "POST //wp-login.php HTTP/1.1" 200 7459 "https://datainsightnow.com//wp-login.php" "Mozilla/5.0 (Windows NT 10.0; Win64; x64) AppleWebKit/537.36 (KHTML, like Gecko) Chrome/78.0.3904.108 Safari/537.36"
124.248.184.195 - - [14/Dec/2025:01:41:28 +0000] "POST //wp-login.php HTTP/1.1" 200 7465 "https://datainsightnow.com//wp-login.php" "Mozilla/5.0 (Windows NT 10.0; Win64; x64) AppleWebKit/537.36 (KHTML, like Gecko) Chrome/78.0.3904.108 Safari/537.36"
124.248.184.195 - - [14/Dec/2025:01:41:28 +0000] "POST //wp-login.php HTTP/1.1" 200 7459 "https://datainsightnow.com//wp-login.php" "Mozilla/5.0 (Windows NT 10.0; Win64; x64) AppleWebKit/537.36 (KHTML, like Gecko) Chrome/78.0.3904.108 Safari/537.36"
124.248.184.195 - - [14/Dec/2025:01:41:29 +0000] "POST //wp-login.php HTTP/1.1" 200 7465 "https://datainsightnow.com//wp-login.php" "Mozilla/5.0 (Windows NT 10.0; Win64; x64) AppleWebKit/537.36 (KHTML, like Gecko) Chrome/78.0.3904.108 Safari/537.36"
74.7.241.45 - - [14/Dec/2025:01:41:29 +0000] "GET /index.php?rest_route=%2Foembed%2F1.0%2Fembed&url=https%3A%2F%2Fdatainsightnow.com%2F%3Fp%3D8754 HTTP/1.1" 200 1304 "-" "Mozilla/5.0 AppleWebKit/537.36 (KHTML, like Gecko; compatible; GPTBot/1.3; +https://openai.com/gptbot)"
124.248.184.195 - - [14/Dec/2025:01:41:29 +0000] "POST //wp-login.php HTTP/1.1" 200 7459 "https://datainsightnow.com//wp-login.php" "Mozilla/5.0 (Windows NT 10.0; Win64; x64) AppleWebKit/537.36 (KHTML, like Gecko) Chrome/78.0.3904.108 Safari/537.36"
216.73.216.115 - - [14/Dec/2025:01:41:30 +0000] "GET /entity/195837925.htm HTTP/1.1" 301 5 "-" "Mozilla/5.0 AppleWebKit/537.36 (KHTML, like Gecko; compatible; ClaudeBot/1.0; +claudebot@anthropic.com)"
124.248.184.195 - - [14/Dec/2025:01:41:30 +0000] "POST //wp-login.php HTTP/1.1" 200 7465 "https://datainsightnow.com//wp-login.php" "Mozilla/5.0 (Windows NT 10.0; Win64; x64) AppleWebKit/537.36 (KHTML, like Gecko) Chrome/78.0.3904.108 Safari/537.36"
124.248.184.195 - - [14/Dec/2025:01:41:30 +0000] "POST //wp-login.php HTTP/1.1" 200 7465 "https://datainsightnow.com//wp-login.php" "Mozilla/5.0 (Windows NT 10.0; Win64; x64) AppleWebKit/537.36 (KHTML, like Gecko) Chrome/78.0.3904.108 Safari/537.36"
216.73.216.115 - - [14/Dec/2025:01:41:30 +0000] "GET /entity/195837925.htm/ HTTP/1.1" 200 45438 "https://datainsightnow.com/entity/195837925.htm" "Mozilla/5.0 AppleWebKit/537.36 (KHTML, like Gecko; compatible; ClaudeBot/1.0; +claudebot@anthropic.com)"
124.248.184.195 - - [14/Dec/2025:01:41:31 +0000] "POST //wp-login.php HTTP/1.1" 200 7465 "https://datainsightnow.com//wp-login.php" "Mozilla/5.0 (Windows NT 10.0; Win64; x64) AppleWebKit/537.36 (KHTML, like Gecko) Chrome/78.0.3904.108 Safari/537.36"
124.248.184.195 - - [14/Dec/2025:01:41:31 +0000] "POST //wp-login.php HTTP/1.1" 200 7459 "https://datainsightnow.com//wp-login.php" "Mozilla/5.0 (Windows NT 10.0; Win64; x64) AppleWebKit/537.36 (KHTML, like Gecko) Chrome/78.0.3904.108 Safari/537.36"
124.248.184.195 - - [14/Dec/2025:01:41:31 +0000] "POST //wp-login.php HTTP/1.1" 200 7459 "https://datainsightnow.com//wp-login.php" "Mozilla/5.0 (Windows NT 10.0; Win64; x64) AppleWebKit/537.36 (KHTML, like Gecko) Chrome/78.0.3904.108 Safari/537.36"
124.248.184.195 - - [14/Dec/2025:01:41:32 +0000] "POST //wp-login.php HTTP/1.1" 200 7459 "https://datainsightnow.com//wp-login.php" "Mozilla/5.0 (Windows NT 10.0; Win64; x64) AppleWebKit/537.36 (KHTML, like Gecko) Chrome/78.0.3904.108 Safari/537.36"
74.7.241.45 - - [14/Dec/2025:01:41:32 +0000] "GET /index.php?format=xml&rest_route=%2Foembed%2F1.0%2Fembed&url=https%3A%2F%2Fdatainsightnow.com%2F%3Fp%3D8754 HTTP/1.1" 200 1329 "-" "Mozilla/5.0 AppleWebKit/537.36 (KHTML, like Gecko; compatible; GPTBot/1.3; +https://openai.com/gptbot)"
124.248.184.195 - - [14/Dec/2025:01:41:32 +0000] "POST //wp-login.php HTTP/1.1" 200 7459 "https://datainsightnow.com//wp-login.php" "Mozilla/5.0 (Windows NT 10.0; Win64; x64) AppleWebKit/537.36 (KHTML, like Gecko) Chrome/78.0.3904.108 Safari/537.36"
216.73.216.115 - - [14/Dec/2025:01:41:33 +0000] "GET /entity/195887914.htm HTTP/1.1" 301 5 "-" "Mozilla/5.0 AppleWebKit/537.36 (KHTML, like Gecko; compatible; ClaudeBot/1.0; +claudebot@anthropic.com)"
124.248.184.195 - - [14/Dec/2025:01:41:33 +0000] "POST //wp-login.php HTTP/1.1" 200 7459 "https://datainsightnow.com//wp-login.php" "Mozilla/5.0 (Windows NT 10.0; Win64; x64) AppleWebKit/537.36 (KHTML, like Gecko) Chrome/78.0.3904.108 Safari/537.36"
124.248.184.195 - - [14/Dec/2025:01:41:33 +0000] "POST //wp-login.php HTTP/1.1" 200 7465 "https://datainsightnow.com//wp-login.php" "Mozilla/5.0 (Windows NT 10.0; Win64; x64) AppleWebKit/537.36 (KHTML, like Gecko) Chrome/78.0.3904.108 Safari/537.36"
216.73.216.115 - - [14/Dec/2025:01:41:33 +0000] "GET /entity/195887914.htm/ HTTP/1.1" 200 45438 "https://datainsightnow.com/entity/195887914.htm" "Mozilla/5.0 AppleWebKit/537.36 (KHTML, like Gecko; compatible; ClaudeBot/1.0; +claudebot@anthropic.com)"
124.248.184.195 - - [14/Dec/2025:01:41:34 +0000] "POST //wp-login.php HTTP/1.1" 200 7465 "https://datainsightnow.com//wp-login.php" "Mozilla/5.0 (Windows NT 10.0; Win64; x64) AppleWebKit/537.36 (KHTML, like Gecko) Chrome/78.0.3904.108 Safari/537.36"
124.248.184.195 - - [14/Dec/2025:01:41:34 +0000] "POST //wp-login.php HTTP/1.1" 200 7459 "https://datainsightnow.com//wp-login.php" "Mozilla/5.0 (Windows NT 10.0; Win64; x64) AppleWebKit/537.36 (KHTML, like Gecko) Chrome/78.0.3904.108 Safari/537.36"
124.248.184.195 - - [14/Dec/2025:01:41:34 +0000] "POST //wp-login.php HTTP/1.1" 200 7465 "https://datainsightnow.com//wp-login.php" "Mozilla/5.0 (Windows NT 10.0; Win64; x64) AppleWebKit/537.36 (KHTML, like Gecko) Chrome/78.0.3904.108 Safari/537.36"
124.248.184.195 - - [14/Dec/2025:01:41:35 +0000] "POST //wp-login.php HTTP/1.1" 200 7465 "https://datainsightnow.com//wp-login.php" "Mozilla/5.0 (Windows NT 10.0; Win64; x64) AppleWebKit/537.36 (KHTML, like Gecko) Chrome/78.0.3904.108 Safari/537.36"
124.248.184.195 - - [14/Dec/2025:01:41:35 +0000] "POST //wp-login.php HTTP/1.1" 200 7459 "https://datainsightnow.com//wp-login.php" "Mozilla/5.0 (Windows NT 10.0; Win64; x64) AppleWebKit/537.36 (KHTML, like Gecko) Chrome/78.0.3904.108 Safari/537.36"
74.7.241.45 - - [14/Dec/2025:01:41:35 +0000] "GET /?p=27955 HTTP/1.1" 200 42383 "-" "Mozilla/5.0 AppleWebKit/537.36 (KHTML, like Gecko; compatible; GPTBot/1.3; +https://openai.com/gptbot)"
216.73.216.115 - - [14/Dec/2025:01:41:36 +0000] "GET /entity/195862016.htm HTTP/1.1" 301 5 "-" "Mozilla/5.0 AppleWebKit/537.36 (KHTML, like Gecko; compatible; ClaudeBot/1.0; +claudebot@anthropic.com)"
124.248.184.195 - - [14/Dec/2025:01:41:36 +0000] "POST //wp-login.php HTTP/1.1" 200 7465 "https://datainsightnow.com//wp-login.php" "Mozilla/5.0 (Windows NT 10.0; Win64; x64) AppleWebKit/537.36 (KHTML, like Gecko) Chrome/78.0.3904.108 Safari/537.36"
216.73.216.115 - - [14/Dec/2025:01:41:36 +0000] "GET /entity/195862016.htm/ HTTP/1.1" 200 45438 "https://datainsightnow.com/entity/195862016.htm" "Mozilla/5.0 AppleWebKit/537.36 (KHTML, like Gecko; compatible; ClaudeBot/1.0; +claudebot@anthropic.com)"
124.248.184.195 - - [14/Dec/2025:01:41:36 +0000] "POST //wp-login.php HTTP/1.1" 200 7465 "https://datainsightnow.com//wp-login.php" "Mozilla/5.0 (Windows NT 10.0; Win64; x64) AppleWebKit/537.36 (KHTML, like Gecko) Chrome/78.0.3904.108 Safari/537.36"
124.248.184.195 - - [14/Dec/2025:01:41:37 +0000] "POST //wp-login.php HTTP/1.1" 200 7459 "https://datainsightnow.com//wp-login.php" "Mozilla/5.0 (Windows NT 10.0; Win64; x64) AppleWebKit/537.36 (KHTML, like Gecko) Chrome/78.0.3904.108 Safari/537.36"
124.248.184.195 - - [14/Dec/2025:01:41:37 +0000] "POST //wp-login.php HTTP/1.1" 200 7459 "https://datainsightnow.com//wp-login.php" "Mozilla/5.0 (Windows NT 10.0; Win64; x64) AppleWebKit/537.36 (KHTML, like Gecko) Chrome/78.0.3904.108 Safari/537.36"
124.248.184.195 - - [14/Dec/2025:01:41:38 +0000] "POST //wp-login.php HTTP/1.1" 200 7459 "https://datainsightnow.com//wp-login.php" "Mozilla/5.0 (Windows NT 10.0; Win64; x64) AppleWebKit/537.36 (KHTML, like Gecko) Chrome/78.0.3904.108 Safari/537.36"
85.208.96.195 - - [14/Dec/2025:01:41:38 +0000] "GET /?p=32097 HTTP/1.1" 200 41511 "-" "Mozilla/5.0 (compatible; SemrushBot/7~bl; +http://www.semrush.com/bot.html)"
124.248.184.195 - - [14/Dec/2025:01:41:38 +0000] "POST //wp-login.php HTTP/1.1" 200 7459 "https://datainsightnow.com//wp-login.php" "Mozilla/5.0 (Windows NT 10.0; Win64; x64) AppleWebKit/537.36 (KHTML, like Gecko) Chrome/78.0.3904.108 Safari/537.36"
124.248.184.195 - - [14/Dec/2025:01:41:38 +0000] "POST //wp-login.php HTTP/1.1" 200 7459 "https://datainsightnow.com//wp-login.php" "Mozilla/5.0 (Windows NT 10.0; Win64; x64) AppleWebKit/537.36 (KHTML, like Gecko) Chrome/78.0.3904.108 Safari/537.36"
74.7.241.45 - - [14/Dec/2025:01:41:38 +0000] "GET /index.php?format=xml&rest_route=%2Foembed%2F1.0%2Fembed&url=https%3A%2F%2Fdatainsightnow.com%2F%3Fp%3D27955 HTTP/1.1" 200 1306 "-" "Mozilla/5.0 AppleWebKit/537.36 (KHTML, like Gecko; compatible; GPTBot/1.3; +https://openai.com/gptbot)"
216.73.216.115 - - [14/Dec/2025:01:41:39 +0000] "GET /entity/195984525.htm HTTP/1.1" 301 5 "-" "Mozilla/5.0 AppleWebKit/537.36 (KHTML, like Gecko; compatible; ClaudeBot/1.0; +claudebot@anthropic.com)"
124.248.184.195 - - [14/Dec/2025:01:41:39 +0000] "POST //wp-login.php HTTP/1.1" 200 7465 "https://datainsightnow.com//wp-login.php" "Mozilla/5.0 (Windows NT 10.0; Win64; x64) AppleWebKit/537.36 (KHTML, like Gecko) Chrome/78.0.3904.108 Safari/537.36"
216.73.216.115 - - [14/Dec/2025:01:41:39 +0000] "GET /entity/195984525.htm/ HTTP/1.1" 200 45438 "https://datainsightnow.com/entity/195984525.htm" "Mozilla/5.0 AppleWebKit/537.36 (KHTML, like Gecko; compatible; ClaudeBot/1.0; +claudebot@anthropic.com)"
124.248.184.195 - - [14/Dec/2025:01:41:40 +0000] "POST //wp-login.php HTTP/1.1" 200 7465 "https://datainsightnow.com//wp-login.php" "Mozilla/5.0 (Windows NT 10.0; Win64; x64) AppleWebKit/537.36 (KHTML, like Gecko) Chrome/78.0.3904.108 Safari/537.36"
124.248.184.195 - - [14/Dec/2025:01:41:40 +0000] "POST //wp-login.php HTTP/1.1" 200 7459 "https://datainsightnow.com//wp-login.php" "Mozilla/5.0 (Windows NT 10.0; Win64; x64) AppleWebKit/537.36 (KHTML, like Gecko) Chrome/78.0.3904.108 Safari/537.36"
124.248.184.195 - - [14/Dec/2025:01:41:41 +0000] "POST //wp-login.php HTTP/1.1" 200 7465 "https://datainsightnow.com//wp-login.php" "Mozilla/5.0 (Windows NT 10.0; Win64; x64) AppleWebKit/537.36 (KHTML, like Gecko) Chrome/78.0.3904.108 Safari/537.36"
216.73.216.115 - - [14/Dec/2025:01:41:42 +0000] "GET /entity/195838710.htm HTTP/1.1" 301 5 "-" "Mozilla/5.0 AppleWebKit/537.36 (KHTML, like Gecko; compatible; ClaudeBot/1.0; +claudebot@anthropic.com)"
74.7.241.45 - - [14/Dec/2025:01:41:42 +0000] "GET /index.php?rest_route=/wp/v2/posts/27955 HTTP/1.1" 200 4992 "-" "Mozilla/5.0 AppleWebKit/537.36 (KHTML, like Gecko; compatible; GPTBot/1.3; +https://openai.com/gptbot)"
124.248.184.195 - - [14/Dec/2025:01:41:42 +0000] "POST //wp-login.php HTTP/1.1" 200 7459 "https://datainsightnow.com//wp-login.php" "Mozilla/5.0 (Windows NT 10.0; Win64; x64) AppleWebKit/537.36 (KHTML, like Gecko) Chrome/78.0.3904.108 Safari/537.36"
216.73.216.115 - - [14/Dec/2025:01:41:42 +0000] "GET /entity/195838710.htm/ HTTP/1.1" 200 45438 "https://datainsightnow.com/entity/195838710.htm" "Mozilla/5.0 AppleWebKit/537.36 (KHTML, like Gecko; compatible; ClaudeBot/1.0; +claudebot@anthropic.com)"
124.248.184.195 - - [14/Dec/2025:01:41:42 +0000] "POST //wp-login.php HTTP/1.1" 200 7459 "https://datainsightnow.com//wp-login.php" "Mozilla/5.0 (Windows NT 10.0; Win64; x64) AppleWebKit/537.36 (KHTML, like Gecko) Chrome/78.0.3904.108 Safari/537.36"
124.248.184.195 - - [14/Dec/2025:01:41:43 +0000] "POST //wp-login.php HTTP/1.1" 200 7459 "https://datainsightnow.com//wp-login.php" "Mozilla/5.0 (Windows NT 10.0; Win64; x64) AppleWebKit/537.36 (KHTML, like Gecko) Chrome/78.0.3904.108 Safari/537.36"
124.248.184.195 - - [14/Dec/2025:01:41:44 +0000] "POST //wp-login.php HTTP/1.1" 200 7465 "https://datainsightnow.com//wp-login.php" "Mozilla/5.0 (Windows NT 10.0; Win64; x64) AppleWebKit/537.36 (KHTML, like Gecko) Chrome/78.0.3904.108 Safari/537.36"
124.248.184.195 - - [14/Dec/2025:01:41:44 +0000] "POST //wp-login.php HTTP/1.1" 200 7465 "https://datainsightnow.com//wp-login.php" "Mozilla/5.0 (Windows NT 10.0; Win64; x64) AppleWebKit/537.36 (KHTML, like Gecko) Chrome/78.0.3904.108 Safari/537.36"
216.73.216.115 - - [14/Dec/2025:01:41:45 +0000] "GET /entity/195997469.htm HTTP/1.1" 301 5 "-" "Mozilla/5.0 AppleWebKit/537.36 (KHTML, like Gecko; compatible; ClaudeBot/1.0; +claudebot@anthropic.com)"
124.248.184.195 - - [14/Dec/2025:01:41:45 +0000] "POST //wp-login.php HTTP/1.1" 200 7459 "https://datainsightnow.com//wp-login.php" "Mozilla/5.0 (Windows NT 10.0; Win64; x64) AppleWebKit/537.36 (KHTML, like Gecko) Chrome/78.0.3904.108 Safari/537.36"
74.7.241.45 - - [14/Dec/2025:01:41:45 +0000] "GET /index.php?rest_route=%2Foembed%2F1.0%2Fembed&url=https%3A%2F%2Fdatainsightnow.com%2F%3Fp%3D27955 HTTP/1.1" 200 1275 "-" "Mozilla/5.0 AppleWebKit/537.36 (KHTML, like Gecko; compatible; GPTBot/1.3; +https://openai.com/gptbot)"
185.191.171.17 - - [14/Dec/2025:01:41:45 +0000] "GET /?p=29035 HTTP/1.1" 200 43478 "-" "Mozilla/5.0 (compatible; SemrushBot/7~bl; +http://www.semrush.com/bot.html)"
216.73.216.115 - - [14/Dec/2025:01:41:45 +0000] "GET /entity/195997469.htm/ HTTP/1.1" 200 45438 "https://datainsightnow.com/entity/195997469.htm" "Mozilla/5.0 AppleWebKit/537.36 (KHTML, like Gecko; compatible; ClaudeBot/1.0; +claudebot@anthropic.com)"
124.248.184.195 - - [14/Dec/2025:01:41:46 +0000] "POST //wp-login.php HTTP/1.1" 200 7459 "https://datainsightnow.com//wp-login.php" "Mozilla/5.0 (Windows NT 10.0; Win64; x64) AppleWebKit/537.36 (KHTML, like Gecko) Chrome/78.0.3904.108 Safari/537.36"
124.248.184.195 - - [14/Dec/2025:01:41:46 +0000] "POST //wp-login.php HTTP/1.1" 200 7459 "https://datainsightnow.com//wp-login.php" "Mozilla/5.0 (Windows NT 10.0; Win64; x64) AppleWebKit/537.36 (KHTML, like Gecko) Chrome/78.0.3904.108 Safari/537.36"
124.248.184.195 - - [14/Dec/2025:01:41:47 +0000] "POST //wp-login.php HTTP/1.1" 200 7465 "https://datainsightnow.com//wp-login.php" "Mozilla/5.0 (Windows NT 10.0; Win64; x64) AppleWebKit/537.36 (KHTML, like Gecko) Chrome/78.0.3904.108 Safari/537.36"
124.248.184.195 - - [14/Dec/2025:01:41:47 +0000] "POST //wp-login.php HTTP/1.1" 200 7465 "https://datainsightnow.com//wp-login.php" "Mozilla/5.0 (Windows NT 10.0; Win64; x64) AppleWebKit/537.36 (KHTML, like Gecko) Chrome/78.0.3904.108 Safari/537.36"
216.73.216.115 - - [14/Dec/2025:01:41:48 +0000] "GET /entity/195911230.htm HTTP/1.1" 301 5 "-" "Mozilla/5.0 AppleWebKit/537.36 (KHTML, like Gecko; compatible; ClaudeBot/1.0; +claudebot@anthropic.com)"
185.113.8.55 - - [14/Dec/2025:01:41:48 +0000] "POST /wp-login.php HTTP/1.1" 200 2679 "-" "Mozilla/5.0 (Windows NT 10.0; Win64; x64) AppleWebKit/537.36 (KHTML, like Gecko) Chrome/122.0.7870.606 Safari/537.36"
124.248.184.195 - - [14/Dec/2025:01:41:48 +0000] "POST //wp-login.php HTTP/1.1" 200 7465 "https://datainsightnow.com//wp-login.php" "Mozilla/5.0 (Windows NT 10.0; Win64; x64) AppleWebKit/537.36 (KHTML, like Gecko) Chrome/78.0.3904.108 Safari/537.36"
216.73.216.115 - - [14/Dec/2025:01:41:49 +0000] "GET /entity/195911230.htm/ HTTP/1.1" 200 45438 "https://datainsightnow.com/entity/195911230.htm" "Mozilla/5.0 AppleWebKit/537.36 (KHTML, like Gecko; compatible; ClaudeBot/1.0; +claudebot@anthropic.com)"
74.7.241.45 - - [14/Dec/2025:01:41:49 +0000] "GET /?p=23961 HTTP/1.1" 200 41695 "-" "Mozilla/5.0 AppleWebKit/537.36 (KHTML, like Gecko; compatible; GPTBot/1.3; +https://openai.com/gptbot)"
124.248.184.195 - - [14/Dec/2025:01:41:49 +0000] "POST //wp-login.php HTTP/1.1" 200 7465 "https://datainsightnow.com//wp-login.php" "Mozilla/5.0 (Windows NT 10.0; Win64; x64) AppleWebKit/537.36 (KHTML, like Gecko) Chrome/78.0.3904.108 Safari/537.36"
124.248.184.195 - - [14/Dec/2025:01:41:49 +0000] "POST //wp-login.php HTTP/1.1" 200 7465 "https://datainsightnow.com//wp-login.php" "Mozilla/5.0 (Windows NT 10.0; Win64; x64) AppleWebKit/537.36 (KHTML, like Gecko) Chrome/78.0.3904.108 Safari/537.36"
66.135.21.75 - - [14/Dec/2025:01:41:50 +0000] "POST /wp-cron.php?doing_wp_cron=1765676510.4536840915679931640625 HTTP/1.1" 200 31 "-" "WordPress/6.3.1; https://datainsightnow.com"
124.248.184.195 - - [14/Dec/2025:01:41:50 +0000] "POST //wp-login.php HTTP/1.1" 200 7465 "https://datainsightnow.com//wp-login.php" "Mozilla/5.0 (Windows NT 10.0; Win64; x64) AppleWebKit/537.36 (KHTML, like Gecko) Chrome/78.0.3904.108 Safari/537.36"
124.248.184.195 - - [14/Dec/2025:01:41:51 +0000] "POST //wp-login.php HTTP/1.1" 200 7459 "https://datainsightnow.com//wp-login.php" "Mozilla/5.0 (Windows NT 10.0; Win64; x64) AppleWebKit/537.36 (KHTML, like Gecko) Chrome/78.0.3904.108 Safari/537.36"
216.73.216.115 - - [14/Dec/2025:01:41:51 +0000] "GET /entity/195814872.htm HTTP/1.1" 301 5 "-" "Mozilla/5.0 AppleWebKit/537.36 (KHTML, like Gecko; compatible; ClaudeBot/1.0; +claudebot@anthropic.com)"
74.7.241.45 - - [14/Dec/2025:01:41:51 +0000] "GET /index.php?rest_route=%2Foembed%2F1.0%2Fembed&url=https%3A%2F%2Fdatainsightnow.com%2F%3Fp%3D23961 HTTP/1.1" 200 1286 "-" "Mozilla/5.0 AppleWebKit/537.36 (KHTML, like Gecko; compatible; GPTBot/1.3; +https://openai.com/gptbot)"
