124.248.184.195 - - [14/Dec/2025:01:44:43 +0000] "POST //wp-login.php HTTP/1.1" 200 7465 "https://datainsightnow.com//wp-login.php" "Mozilla/5.0 (Windows NT 10.0; Win64; x64) AppleWebKit/537.36 (KHTML, like Gecko) Chrome/78.0.3904.108 Safari/537.36"
216.73.216.115 - - [14/Dec/2025:01:44:43 +0000] "GET /entity/195802962.htm/ HTTP/1.1" 200 45438 "https://datainsightnow.com/entity/195802962.htm" "Mozilla/5.0 AppleWebKit/537.36 (KHTML, like Gecko; compatible; ClaudeBot/1.0; +claudebot@anthropic.com)"
74.7.241.45 - - [14/Dec/2025:01:44:44 +0000] "GET /index.php?rest_route=%2Foembed%2F1.0%2Fembed&url=https%3A%2F%2Fdatainsightnow.com%2F%3Fp%3D40763 HTTP/1.1" 200 1261 "-" "Mozilla/5.0 AppleWebKit/537.36 (KHTML, like Gecko; compatible; GPTBot/1.3; +https://openai.com/gptbot)"
124.248.184.195 - - [14/Dec/2025:01:44:44 +0000] "POST //wp-login.php HTTP/1.1" 200 7459 "https://datainsightnow.com//wp-login.php" "Mozilla/5.0 (Windows NT 10.0; Win64; x64) AppleWebKit/537.36 (KHTML, like Gecko) Chrome/78.0.3904.108 Safari/537.36"
124.248.184.195 - - [14/Dec/2025:01:44:45 +0000] "POST //wp-login.php HTTP/1.1" 200 7465 "https://datainsightnow.com//wp-login.php" "Mozilla/5.0 (Windows NT 10.0; Win64; x64) AppleWebKit/537.36 (KHTML, like Gecko) Chrome/78.0.3904.108 Safari/537.36"
124.248.184.195 - - [14/Dec/2025:01:44:46 +0000] "POST //wp-login.php HTTP/1.1" 200 7465 "https://datainsightnow.com//wp-login.php" "Mozilla/5.0 (Windows NT 10.0; Win64; x64) AppleWebKit/537.36 (KHTML, like Gecko) Chrome/78.0.3904.108 Safari/537.36"
216.73.216.115 - - [14/Dec/2025:01:44:46 +0000] "GET /entity/195922877.htm HTTP/1.1" 301 5 "-" "Mozilla/5.0 AppleWebKit/537.36 (KHTML, like Gecko; compatible; ClaudeBot/1.0; +claudebot@anthropic.com)"
57.141.0.39 - - [14/Dec/2025:01:44:46 +0000] "GET /karamba-spielsaal-erfahrungen-angeschlossen-testbericht-werfen-sie-einen-blick-auf-den-link-within-2025-pro-teutonia/?fileloc=//sys/class/pci_bus/0000:08/subsystem/0000:07/subsystem/0000:05/subsystem/0000:09/device/driver/0000:00:02.5/secondary_bus_number&path=//sys/class/pci_bus/0000:08/subsystem/0000:07/subsystem/0000:05/subsystem/0000:09/device/driver/0000:00:02.5 HTTP/1.1" 200 262209 "-" "meta-externalagent/1.1 (+https://developers.facebook.com/docs/sharing/webmasters/crawler)"
216.73.216.115 - - [14/Dec/2025:01:44:46 +0000] "GET /entity/195922877.htm/ HTTP/1.1" 200 45438 "https://datainsightnow.com/entity/195922877.htm" "Mozilla/5.0 AppleWebKit/537.36 (KHTML, like Gecko; compatible; ClaudeBot/1.0; +claudebot@anthropic.com)"
124.248.184.195 - - [14/Dec/2025:01:44:47 +0000] "POST //wp-login.php HTTP/1.1" 200 7465 "https://datainsightnow.com//wp-login.php" "Mozilla/5.0 (Windows NT 10.0; Win64; x64) AppleWebKit/537.36 (KHTML, like Gecko) Chrome/78.0.3904.108 Safari/537.36"
74.7.241.45 - - [14/Dec/2025:01:44:47 +0000] "GET /?p=11850 HTTP/1.1" 200 43568 "-" "Mozilla/5.0 AppleWebKit/537.36 (KHTML, like Gecko; compatible; GPTBot/1.3; +https://openai.com/gptbot)"
124.248.184.195 - - [14/Dec/2025:01:44:47 +0000] "POST //wp-login.php HTTP/1.1" 200 7465 "https://datainsightnow.com//wp-login.php" "Mozilla/5.0 (Windows NT 10.0; Win64; x64) AppleWebKit/537.36 (KHTML, like Gecko) Chrome/78.0.3904.108 Safari/537.36"
124.248.184.195 - - [14/Dec/2025:01:44:48 +0000] "POST //wp-login.php HTTP/1.1" 200 7459 "https://datainsightnow.com//wp-login.php" "Mozilla/5.0 (Windows NT 10.0; Win64; x64) AppleWebKit/537.36 (KHTML, like Gecko) Chrome/78.0.3904.108 Safari/537.36"
185.191.171.10 - - [14/Dec/2025:01:44:48 +0000] "GET /?m=20250325&paged=44 HTTP/1.1" 200 37130 "-" "Mozilla/5.0 (compatible; SemrushBot/7~bl; +http://www.semrush.com/bot.html)"
216.73.216.115 - - [14/Dec/2025:01:44:49 +0000] "GET /entity/195983740.htm HTTP/1.1" 301 5 "-" "Mozilla/5.0 AppleWebKit/537.36 (KHTML, like Gecko; compatible; ClaudeBot/1.0; +claudebot@anthropic.com)"
124.248.184.195 - - [14/Dec/2025:01:44:49 +0000] "POST //wp-login.php HTTP/1.1" 200 7465 "https://datainsightnow.com//wp-login.php" "Mozilla/5.0 (Windows NT 10.0; Win64; x64) AppleWebKit/537.36 (KHTML, like Gecko) Chrome/78.0.3904.108 Safari/537.36"
216.73.216.115 - - [14/Dec/2025:01:44:49 +0000] "GET /entity/195983740.htm/ HTTP/1.1" 200 45438 "https://datainsightnow.com/entity/195983740.htm" "Mozilla/5.0 AppleWebKit/537.36 (KHTML, like Gecko; compatible; ClaudeBot/1.0; +claudebot@anthropic.com)"
66.135.21.75 - - [14/Dec/2025:01:44:50 +0000] "POST /wp-cron.php?doing_wp_cron=1765676690.2696990966796875000000 HTTP/1.1" 200 31 "-" "WordPress/6.3.1; https://datainsightnow.com"
74.7.241.45 - - [14/Dec/2025:01:44:50 +0000] "GET /index.php?format=xml&rest_route=%2Foembed%2F1.0%2Fembed&url=https%3A%2F%2Fdatainsightnow.com%2F%3Fp%3D11850 HTTP/1.1" 200 1338 "-" "Mozilla/5.0 AppleWebKit/537.36 (KHTML, like Gecko; compatible; GPTBot/1.3; +https://openai.com/gptbot)"
124.248.184.195 - - [14/Dec/2025:01:44:50 +0000] "POST //wp-login.php HTTP/1.1" 200 7459 "https://datainsightnow.com//wp-login.php" "Mozilla/5.0 (Windows NT 10.0; Win64; x64) AppleWebKit/537.36 (KHTML, like Gecko) Chrome/78.0.3904.108 Safari/537.36"
124.248.184.195 - - [14/Dec/2025:01:44:51 +0000] "POST //wp-login.php HTTP/1.1" 200 7459 "https://datainsightnow.com//wp-login.php" "Mozilla/5.0 (Windows NT 10.0; Win64; x64) AppleWebKit/537.36 (KHTML, like Gecko) Chrome/78.0.3904.108 Safari/537.36"
124.248.184.195 - - [14/Dec/2025:01:44:52 +0000] "POST //wp-login.php HTTP/1.1" 200 7465 "https://datainsightnow.com//wp-login.php" "Mozilla/5.0 (Windows NT 10.0; Win64; x64) AppleWebKit/537.36 (KHTML, like Gecko) Chrome/78.0.3904.108 Safari/537.36"
52.167.144.142 - - [14/Dec/2025:01:44:52 +0000] "GET /usm_0.66_1.00_0.01/?fileloc=/lib/firmware/iwlwifi-QuZ-a0-hr-b0-73.ucode.zst&path=/lib/firmware HTTP/1.1" 200 45438 "-" "Mozilla/5.0 AppleWebKit/537.36 (KHTML, like Gecko; compatible; bingbot/2.0; +http://www.bing.com/bingbot.htm) Chrome/116.0.1938.76 Safari/537.36"
216.73.216.115 - - [14/Dec/2025:01:44:52 +0000] "GET /entity/195979345.htm HTTP/1.1" 301 5 "-" "Mozilla/5.0 AppleWebKit/537.36 (KHTML, like Gecko; compatible; ClaudeBot/1.0; +claudebot@anthropic.com)"
216.73.216.115 - - [14/Dec/2025:01:44:52 +0000] "GET /entity/195979345.htm/ HTTP/1.1" 200 45438 "https://datainsightnow.com/entity/195979345.htm" "Mozilla/5.0 AppleWebKit/537.36 (KHTML, like Gecko; compatible; ClaudeBot/1.0; +claudebot@anthropic.com)"
124.248.184.195 - - [14/Dec/2025:01:44:53 +0000] "POST //wp-login.php HTTP/1.1" 200 7465 "https://datainsightnow.com//wp-login.php" "Mozilla/5.0 (Windows NT 10.0; Win64; x64) AppleWebKit/537.36 (KHTML, like Gecko) Chrome/78.0.3904.108 Safari/537.36"
74.7.241.45 - - [14/Dec/2025:01:44:53 +0000] "GET /index.php?rest_route=/wp/v2/posts/11850 HTTP/1.1" 200 5931 "-" "Mozilla/5.0 AppleWebKit/537.36 (KHTML, like Gecko; compatible; GPTBot/1.3; +https://openai.com/gptbot)"
57.141.0.57 - - [14/Dec/2025:01:44:53 +0000] "GET /karamba-spielsaal-erfahrungen-angeschlossen-testbericht-werfen-sie-einen-blick-auf-den-link-within-2025-pro-teutonia/?fileloc=//sys/class/pci_bus/0000:0f/device/driver/0000:00:02.2/driver/0000:00:04.0/subsystem/devices/0000:05:00.0/local_cpulist&path=//sys/class/pci_bus/0000:0f/device/driver/0000:00:02.2/driver/0000:00:04.0/subsystem/devices/0000:05:00.0 HTTP/1.1" 200 262209 "-" "meta-externalagent/1.1 (+https://developers.facebook.com/docs/sharing/webmasters/crawler)"
124.248.184.195 - - [14/Dec/2025:01:44:53 +0000] "POST //wp-login.php HTTP/1.1" 200 7465 "https://datainsightnow.com//wp-login.php" "Mozilla/5.0 (Windows NT 10.0; Win64; x64) AppleWebKit/537.36 (KHTML, like Gecko) Chrome/78.0.3904.108 Safari/537.36"
124.248.184.195 - - [14/Dec/2025:01:44:54 +0000] "POST //wp-login.php HTTP/1.1" 200 7465 "https://datainsightnow.com//wp-login.php" "Mozilla/5.0 (Windows NT 10.0; Win64; x64) AppleWebKit/537.36 (KHTML, like Gecko) Chrome/78.0.3904.108 Safari/537.36"
216.73.216.115 - - [14/Dec/2025:01:44:55 +0000] "GET /entity/195870041.htm HTTP/1.1" 301 5 "-" "Mozilla/5.0 AppleWebKit/537.36 (KHTML, like Gecko; compatible; ClaudeBot/1.0; +claudebot@anthropic.com)"
124.248.184.195 - - [14/Dec/2025:01:44:55 +0000] "POST //wp-login.php HTTP/1.1" 200 7465 "https://datainsightnow.com//wp-login.php" "Mozilla/5.0 (Windows NT 10.0; Win64; x64) AppleWebKit/537.36 (KHTML, like Gecko) Chrome/78.0.3904.108 Safari/537.36"
216.73.216.115 - - [14/Dec/2025:01:44:55 +0000] "GET /entity/195870041.htm/ HTTP/1.1" 200 45438 "https://datainsightnow.com/entity/195870041.htm" "Mozilla/5.0 AppleWebKit/537.36 (KHTML, like Gecko; compatible; ClaudeBot/1.0; +claudebot@anthropic.com)"
124.248.184.195 - - [14/Dec/2025:01:44:56 +0000] "POST //wp-login.php HTTP/1.1" 200 7459 "https://datainsightnow.com//wp-login.php" "Mozilla/5.0 (Windows NT 10.0; Win64; x64) AppleWebKit/537.36 (KHTML, like Gecko) Chrome/78.0.3904.108 Safari/537.36"
74.7.241.45 - - [14/Dec/2025:01:44:56 +0000] "GET /index.php?rest_route=%2Foembed%2F1.0%2Fembed&url=https%3A%2F%2Fdatainsightnow.com%2F%3Fp%3D11850 HTTP/1.1" 200 1310 "-" "Mozilla/5.0 AppleWebKit/537.36 (KHTML, like Gecko; compatible; GPTBot/1.3; +https://openai.com/gptbot)"
124.248.184.195 - - [14/Dec/2025:01:44:57 +0000] "POST //wp-login.php HTTP/1.1" 200 7459 "https://datainsightnow.com//wp-login.php" "Mozilla/5.0 (Windows NT 10.0; Win64; x64) AppleWebKit/537.36 (KHTML, like Gecko) Chrome/78.0.3904.108 Safari/537.36"
124.248.184.195 - - [14/Dec/2025:01:44:57 +0000] "POST //wp-login.php HTTP/1.1" 200 7465 "https://datainsightnow.com//wp-login.php" "Mozilla/5.0 (Windows NT 10.0; Win64; x64) AppleWebKit/537.36 (KHTML, like Gecko) Chrome/78.0.3904.108 Safari/537.36"
216.73.216.115 - - [14/Dec/2025:01:44:58 +0000] "GET /entity/195819540.htm HTTP/1.1" 301 5 "-" "Mozilla/5.0 AppleWebKit/537.36 (KHTML, like Gecko; compatible; ClaudeBot/1.0; +claudebot@anthropic.com)"
124.248.184.195 - - [14/Dec/2025:01:44:58 +0000] "POST //wp-login.php HTTP/1.1" 200 7459 "https://datainsightnow.com//wp-login.php" "Mozilla/5.0 (Windows NT 10.0; Win64; x64) AppleWebKit/537.36 (KHTML, like Gecko) Chrome/78.0.3904.108 Safari/537.36"
216.73.216.115 - - [14/Dec/2025:01:44:58 +0000] "GET /entity/195819540.htm/ HTTP/1.1" 200 45438 "https://datainsightnow.com/entity/195819540.htm" "Mozilla/5.0 AppleWebKit/537.36 (KHTML, like Gecko; compatible; ClaudeBot/1.0; +claudebot@anthropic.com)"
124.248.184.195 - - [14/Dec/2025:01:44:59 +0000] "POST //wp-login.php HTTP/1.1" 200 7465 "https://datainsightnow.com//wp-login.php" "Mozilla/5.0 (Windows NT 10.0; Win64; x64) AppleWebKit/537.36 (KHTML, like Gecko) Chrome/78.0.3904.108 Safari/537.36"
66.249.77.98 - - [14/Dec/2025:01:44:59 +0000] "GET /?path=//sys/class/wakeup/wakeup0/subsystem/wakeup26/subsystem/wakeup2/subsystem/wakeup20/subsystem/wakeup10/subsystem/wakeup33/device/subsystem/devices/device:28 HTTP/1.1" 200 45439 "-" "Mozilla/5.0 (Linux; Android 6.0.1; Nexus 5X Build/MMB29P) AppleWebKit/537.36 (KHTML, like Gecko) Chrome/141.0.7390.122 Mobile Safari/537.36 (compatible; Googlebot/2.1; +http://www.google.com/bot.html)"
74.7.241.45 - - [14/Dec/2025:01:45:00 +0000] "GET /?p=11478 HTTP/1.1" 200 43982 "-" "Mozilla/5.0 AppleWebKit/537.36 (KHTML, like Gecko; compatible; GPTBot/1.3; +https://openai.com/gptbot)"
124.248.184.195 - - [14/Dec/2025:01:45:00 +0000] "POST //wp-login.php HTTP/1.1" 200 7459 "https://datainsightnow.com//wp-login.php" "Mozilla/5.0 (Windows NT 10.0; Win64; x64) AppleWebKit/537.36 (KHTML, like Gecko) Chrome/78.0.3904.108 Safari/537.36"
124.248.184.195 - - [14/Dec/2025:01:45:01 +0000] "POST //wp-login.php HTTP/1.1" 200 7459 "https://datainsightnow.com//wp-login.php" "Mozilla/5.0 (Windows NT 10.0; Win64; x64) AppleWebKit/537.36 (KHTML, like Gecko) Chrome/78.0.3904.108 Safari/537.36"
216.73.216.115 - - [14/Dec/2025:01:45:01 +0000] "GET /entity/195970282.htm HTTP/1.1" 301 5 "-" "Mozilla/5.0 AppleWebKit/537.36 (KHTML, like Gecko; compatible; ClaudeBot/1.0; +claudebot@anthropic.com)"
216.73.216.115 - - [14/Dec/2025:01:45:02 +0000] "GET /entity/195970282.htm/ HTTP/1.1" 200 45438 "https://datainsightnow.com/entity/195970282.htm" "Mozilla/5.0 AppleWebKit/537.36 (KHTML, like Gecko; compatible; ClaudeBot/1.0; +claudebot@anthropic.com)"
124.248.184.195 - - [14/Dec/2025:01:45:02 +0000] "POST //wp-login.php HTTP/1.1" 200 7465 "https://datainsightnow.com//wp-login.php" "Mozilla/5.0 (Windows NT 10.0; Win64; x64) AppleWebKit/537.36 (KHTML, like Gecko) Chrome/78.0.3904.108 Safari/537.36"
124.248.184.195 - - [14/Dec/2025:01:45:03 +0000] "POST //wp-login.php HTTP/1.1" 200 7459 "https://datainsightnow.com//wp-login.php" "Mozilla/5.0 (Windows NT 10.0; Win64; x64) AppleWebKit/537.36 (KHTML, like Gecko) Chrome/78.0.3904.108 Safari/537.36"
74.7.241.45 - - [14/Dec/2025:01:45:03 +0000] "GET /?p=20465 HTTP/1.1" 200 43255 "-" "Mozilla/5.0 AppleWebKit/537.36 (KHTML, like Gecko; compatible; GPTBot/1.3; +https://openai.com/gptbot)"
124.248.184.195 - - [14/Dec/2025:01:45:03 +0000] "POST //wp-login.php HTTP/1.1" 200 7465 "https://datainsightnow.com//wp-login.php" "Mozilla/5.0 (Windows NT 10.0; Win64; x64) AppleWebKit/537.36 (KHTML, like Gecko) Chrome/78.0.3904.108 Safari/537.36"
57.141.0.37 - - [14/Dec/2025:01:45:04 +0000] "GET /karamba-spielsaal-erfahrungen-angeschlossen-testbericht-werfen-sie-einen-blick-auf-den-link-within-2025-pro-teutonia/?fileloc=//sys/class/pci_bus/0000:04/subsystem/0000:04/device/driver/0000:00:02.4/driver/0000:00:03.0/local_cpus&path=//sys/class/pci_bus/0000:04/subsystem/0000:04/device/driver/0000:00:02.4/driver/0000:00:03.0 HTTP/1.1" 200 262209 "-" "meta-externalagent/1.1 (+https://developers.facebook.com/docs/sharing/webmasters/crawler)"
216.73.216.115 - - [14/Dec/2025:01:45:04 +0000] "GET /entity/195907086.htm HTTP/1.1" 301 5 "-" "Mozilla/5.0 AppleWebKit/537.36 (KHTML, like Gecko; compatible; ClaudeBot/1.0; +claudebot@anthropic.com)"
124.248.184.195 - - [14/Dec/2025:01:45:04 +0000] "POST //wp-login.php HTTP/1.1" 200 7459 "https://datainsightnow.com//wp-login.php" "Mozilla/5.0 (Windows NT 10.0; Win64; x64) AppleWebKit/537.36 (KHTML, like Gecko) Chrome/78.0.3904.108 Safari/537.36"
216.73.216.115 - - [14/Dec/2025:01:45:05 +0000] "GET /entity/195907086.htm/ HTTP/1.1" 200 45438 "https://datainsightnow.com/entity/195907086.htm" "Mozilla/5.0 AppleWebKit/537.36 (KHTML, like Gecko; compatible; ClaudeBot/1.0; +claudebot@anthropic.com)"
124.248.184.195 - - [14/Dec/2025:01:45:05 +0000] "POST //wp-login.php HTTP/1.1" 200 7459 "https://datainsightnow.com//wp-login.php" "Mozilla/5.0 (Windows NT 10.0; Win64; x64) AppleWebKit/537.36 (KHTML, like Gecko) Chrome/78.0.3904.108 Safari/537.36"
74.7.241.45 - - [14/Dec/2025:01:45:06 +0000] "GET /index.php?format=xml&rest_route=%2Foembed%2F1.0%2Fembed&url=https%3A%2F%2Fdatainsightnow.com%2F%3Fp%3D20465 HTTP/1.1" 200 1304 "-" "Mozilla/5.0 AppleWebKit/537.36 (KHTML, like Gecko; compatible; GPTBot/1.3; +https://openai.com/gptbot)"
124.248.184.195 - - [14/Dec/2025:01:45:06 +0000] "POST //wp-login.php HTTP/1.1" 200 7459 "https://datainsightnow.com//wp-login.php" "Mozilla/5.0 (Windows NT 10.0; Win64; x64) AppleWebKit/537.36 (KHTML, like Gecko) Chrome/78.0.3904.108 Safari/537.36"
124.248.184.195 - - [14/Dec/2025:01:45:07 +0000] "POST //wp-login.php HTTP/1.1" 200 7465 "https://datainsightnow.com//wp-login.php" "Mozilla/5.0 (Windows NT 10.0; Win64; x64) AppleWebKit/537.36 (KHTML, like Gecko) Chrome/78.0.3904.108 Safari/537.36"
216.73.216.115 - - [14/Dec/2025:01:45:07 +0000] "GET /entity/195962508.htm HTTP/1.1" 301 5 "-" "Mozilla/5.0 AppleWebKit/537.36 (KHTML, like Gecko; compatible; ClaudeBot/1.0; +claudebot@anthropic.com)"
124.248.184.195 - - [14/Dec/2025:01:45:08 +0000] "POST //wp-login.php HTTP/1.1" 200 7459 "https://datainsightnow.com//wp-login.php" "Mozilla/5.0 (Windows NT 10.0; Win64; x64) AppleWebKit/537.36 (KHTML, like Gecko) Chrome/78.0.3904.108 Safari/537.36"
57.141.0.3 - - [14/Dec/2025:01:45:08 +0000] "GET /2025/03/07/page/6/?fileloc=//sys/class/pci_bus/0000:0b/subsystem/0000:0e/subsystem/0000:07/subsystem/0000:0c/subsystem/0000:04/device/local_cpus&path=//sys/class/pci_bus/0000:0b/subsystem/0000:0e/subsystem/0000:07/subsystem/0000:0c/subsystem/0000:04/device HTTP/1.1" 200 262255 "-" "meta-externalagent/1.1 (+https://developers.facebook.com/docs/sharing/webmasters/crawler)"
216.73.216.115 - - [14/Dec/2025:01:45:08 +0000] "GET /entity/195962508.htm/ HTTP/1.1" 200 45438 "https://datainsightnow.com/entity/195962508.htm" "Mozilla/5.0 AppleWebKit/537.36 (KHTML, like Gecko; compatible; ClaudeBot/1.0; +claudebot@anthropic.com)"
124.248.184.195 - - [14/Dec/2025:01:45:09 +0000] "POST //wp-login.php HTTP/1.1" 200 7465 "https://datainsightnow.com//wp-login.php" "Mozilla/5.0 (Windows NT 10.0; Win64; x64) AppleWebKit/537.36 (KHTML, like Gecko) Chrome/78.0.3904.108 Safari/537.36"
74.7.241.45 - - [14/Dec/2025:01:45:09 +0000] "GET /index.php?rest_route=/wp/v2/posts/20465 HTTP/1.1" 200 5756 "-" "Mozilla/5.0 AppleWebKit/537.36 (KHTML, like Gecko; compatible; GPTBot/1.3; +https://openai.com/gptbot)"
57.141.0.33 - - [14/Dec/2025:01:45:09 +0000] "GET /2025/03/07/page/6/?path=//sys/class/pci_bus/0000:13/device/0000:00:04.1:pcie001/driver/0000:00:03.5:pcie001/subsystem/devices/0000:00:03.6:pcie001/subsystem/devices HTTP/1.1" 200 262264 "-" "meta-externalagent/1.1 (+https://developers.facebook.com/docs/sharing/webmasters/crawler)"
43.173.179.130 - - [14/Dec/2025:01:45:09 +0000] "GET /members/?path=/opt/wpsites/datainsightnow.com/wp-content/plugins/fluentform/app/Views/frameless HTTP/1.1" 200 45438 "-" "Mozilla/5.0 (Windows NT 6.1; Win64; x64) AppleWebKit/537.36 (KHTML, like Gecko) Chrome/126.0.6478.114 Safari/537.36"
124.248.184.195 - - [14/Dec/2025:01:45:09 +0000] "POST //wp-login.php HTTP/1.1" 200 7465 "https://datainsightnow.com//wp-login.php" "Mozilla/5.0 (Windows NT 10.0; Win64; x64) AppleWebKit/537.36 (KHTML, like Gecko) Chrome/78.0.3904.108 Safari/537.36"
216.73.216.115 - - [14/Dec/2025:01:45:10 +0000] "GET /entity/195982975.htm HTTP/1.1" 301 5 "-" "Mozilla/5.0 AppleWebKit/537.36 (KHTML, like Gecko; compatible; ClaudeBot/1.0; +claudebot@anthropic.com)"
124.248.184.195 - - [14/Dec/2025:01:45:10 +0000] "POST //wp-login.php HTTP/1.1" 200 7465 "https://datainsightnow.com//wp-login.php" "Mozilla/5.0 (Windows NT 10.0; Win64; x64) AppleWebKit/537.36 (KHTML, like Gecko) Chrome/78.0.3904.108 Safari/537.36"
216.73.216.115 - - [14/Dec/2025:01:45:11 +0000] "GET /entity/195982975.htm/ HTTP/1.1" 200 45438 "https://datainsightnow.com/entity/195982975.htm" "Mozilla/5.0 AppleWebKit/537.36 (KHTML, like Gecko; compatible; ClaudeBot/1.0; +claudebot@anthropic.com)"
124.248.184.195 - - [14/Dec/2025:01:45:11 +0000] "POST //wp-login.php HTTP/1.1" 200 7465 "https://datainsightnow.com//wp-login.php" "Mozilla/5.0 (Windows NT 10.0; Win64; x64) AppleWebKit/537.36 (KHTML, like Gecko) Chrome/78.0.3904.108 Safari/537.36"
124.248.184.195 - - [14/Dec/2025:01:45:12 +0000] "POST //wp-login.php HTTP/1.1" 200 7465 "https://datainsightnow.com//wp-login.php" "Mozilla/5.0 (Windows NT 10.0; Win64; x64) AppleWebKit/537.36 (KHTML, like Gecko) Chrome/78.0.3904.108 Safari/537.36"
74.7.241.45 - - [14/Dec/2025:01:45:12 +0000] "GET /index.php?rest_route=%2Foembed%2F1.0%2Fembed&url=https%3A%2F%2Fdatainsightnow.com%2F%3Fp%3D20465 HTTP/1.1" 200 1278 "-" "Mozilla/5.0 AppleWebKit/537.36 (KHTML, like Gecko; compatible; GPTBot/1.3; +https://openai.com/gptbot)"
216.73.216.115 - - [14/Dec/2025:01:45:13 +0000] "GET /entity/195857097.htm HTTP/1.1" 301 5 "-" "Mozilla/5.0 AppleWebKit/537.36 (KHTML, like Gecko; compatible; ClaudeBot/1.0; +claudebot@anthropic.com)"
216.73.216.115 - - [14/Dec/2025:01:45:14 +0000] "GET /entity/195857097.htm/ HTTP/1.1" 200 45438 "https://datainsightnow.com/entity/195857097.htm" "Mozilla/5.0 AppleWebKit/537.36 (KHTML, like Gecko; compatible; ClaudeBot/1.0; +claudebot@anthropic.com)"
74.7.241.45 - - [14/Dec/2025:01:45:16 +0000] "GET /?p=8758 HTTP/1.1" 200 40959 "-" "Mozilla/5.0 AppleWebKit/537.36 (KHTML, like Gecko; compatible; GPTBot/1.3; +https://openai.com/gptbot)"
216.73.216.115 - - [14/Dec/2025:01:45:16 +0000] "GET /entity/195943336.htm HTTP/1.1" 301 5 "-" "Mozilla/5.0 AppleWebKit/537.36 (KHTML, like Gecko; compatible; ClaudeBot/1.0; +claudebot@anthropic.com)"
216.73.216.115 - - [14/Dec/2025:01:45:17 +0000] "GET /entity/195943336.htm/ HTTP/1.1" 200 45438 "https://datainsightnow.com/entity/195943336.htm" "Mozilla/5.0 AppleWebKit/537.36 (KHTML, like Gecko; compatible; ClaudeBot/1.0; +claudebot@anthropic.com)"
74.7.241.45 - - [14/Dec/2025:01:45:18 +0000] "GET /index.php?rest_route=/wp/v2/posts/8758 HTTP/1.1" 200 3800 "-" "Mozilla/5.0 AppleWebKit/537.36 (KHTML, like Gecko; compatible; GPTBot/1.3; +https://openai.com/gptbot)"
216.73.216.115 - - [14/Dec/2025:01:45:19 +0000] "GET /entity/195932976.htm HTTP/1.1" 301 5 "-" "Mozilla/5.0 AppleWebKit/537.36 (KHTML, like Gecko; compatible; ClaudeBot/1.0; +claudebot@anthropic.com)"
216.73.216.115 - - [14/Dec/2025:01:45:20 +0000] "GET /entity/195932976.htm/ HTTP/1.1" 200 45438 "https://datainsightnow.com/entity/195932976.htm" "Mozilla/5.0 AppleWebKit/537.36 (KHTML, like Gecko; compatible; ClaudeBot/1.0; +claudebot@anthropic.com)"
74.7.241.45 - - [14/Dec/2025:01:45:21 +0000] "GET /index.php?rest_route=%2Foembed%2F1.0%2Fembed&url=https%3A%2F%2Fdatainsightnow.com%2F%3Fp%3D8758 HTTP/1.1" 200 1272 "-" "Mozilla/5.0 AppleWebKit/537.36 (KHTML, like Gecko; compatible; GPTBot/1.3; +https://openai.com/gptbot)"
216.73.216.115 - - [14/Dec/2025:01:45:22 +0000] "GET /entity/195902681.htm HTTP/1.1" 301 5 "-" "Mozilla/5.0 AppleWebKit/537.36 (KHTML, like Gecko; compatible; ClaudeBot/1.0; +claudebot@anthropic.com)"
216.73.216.115 - - [14/Dec/2025:01:45:23 +0000] "GET /entity/195902681.htm/ HTTP/1.1" 200 45438 "https://datainsightnow.com/entity/195902681.htm" "Mozilla/5.0 AppleWebKit/537.36 (KHTML, like Gecko; compatible; ClaudeBot/1.0; +claudebot@anthropic.com)"
185.191.171.16 - - [14/Dec/2025:01:45:23 +0000] "GET /robots.txt HTTP/1.1" 200 109 "-" "Mozilla/5.0 (compatible; SemrushBot/7~bl; +http://www.semrush.com/bot.html)"
57.141.0.53 - - [14/Dec/2025:01:45:24 +0000] "GET /2025/03/06/page/39/?fileloc=//sys/class/pci_bus/0000:0a/subsystem/0000:0c/device/driver/0000:00:02.2/driver/0000:00:03.4/aer_dev_nonfatal&path=//sys/class/pci_bus/0000:0a/subsystem/0000:0c/device/driver/0000:00:02.2/driver/0000:00:03.4 HTTP/1.1" 200 262209 "-" "meta-externalagent/1.1 (+https://developers.facebook.com/docs/sharing/webmasters/crawler)"
74.7.241.45 - - [14/Dec/2025:01:45:25 +0000] "GET /index.php?format=xml&rest_route=%2Foembed%2F1.0%2Fembed&url=https%3A%2F%2Fdatainsightnow.com%2F%3Fp%3D8758 HTTP/1.1" 200 1298 "-" "Mozilla/5.0 AppleWebKit/537.36 (KHTML, like Gecko; compatible; GPTBot/1.3; +https://openai.com/gptbot)"
216.73.216.115 - - [14/Dec/2025:01:45:25 +0000] "GET /entity/195906050.htm HTTP/1.1" 301 5 "-" "Mozilla/5.0 AppleWebKit/537.36 (KHTML, like Gecko; compatible; ClaudeBot/1.0; +claudebot@anthropic.com)"
216.73.216.115 - - [14/Dec/2025:01:45:26 +0000] "GET /entity/195906050.htm/ HTTP/1.1" 200 45438 "https://datainsightnow.com/entity/195906050.htm" "Mozilla/5.0 AppleWebKit/537.36 (KHTML, like Gecko; compatible; ClaudeBot/1.0; +claudebot@anthropic.com)"
57.141.0.3 - - [14/Dec/2025:01:45:26 +0000] "GET /2025/03/07/page/6/?path=//sys/class/pci_bus/0000:0f/subsystem/0000:0c/device/driver/0000:00:03.3/0000:00:03.3:pcie002/subsystem/drivers/pciehp HTTP/1.1" 200 262248 "-" "meta-externalagent/1.1 (+https://developers.facebook.com/docs/sharing/webmasters/crawler)"
85.208.96.211 - - [14/Dec/2025:01:45:27 +0000] "GET /?p=19936 HTTP/1.1" 200 43607 "-" "Mozilla/5.0 (compatible; SemrushBot/7~bl; +http://www.semrush.com/bot.html)"
74.7.241.45 - - [14/Dec/2025:01:45:28 +0000] "GET /?p=30395 HTTP/1.1" 200 41620 "-" "Mozilla/5.0 AppleWebKit/537.36 (KHTML, like Gecko; compatible; GPTBot/1.3; +https://openai.com/gptbot)"
216.73.216.115 - - [14/Dec/2025:01:45:28 +0000] "GET /entity/195964317.htm HTTP/1.1" 301 5 "-" "Mozilla/5.0 AppleWebKit/537.36 (KHTML, like Gecko; compatible; ClaudeBot/1.0; +claudebot@anthropic.com)"
216.73.216.115 - - [14/Dec/2025:01:45:29 +0000] "GET /entity/195964317.htm/ HTTP/1.1" 200 45438 "https://datainsightnow.com/entity/195964317.htm" "Mozilla/5.0 AppleWebKit/537.36 (KHTML, like Gecko; compatible; ClaudeBot/1.0; +claudebot@anthropic.com)"
74.7.241.45 - - [14/Dec/2025:01:45:31 +0000] "GET /index.php?rest_route=/wp/v2/posts/30395 HTTP/1.1" 200 4495 "-" "Mozilla/5.0 AppleWebKit/537.36 (KHTML, like Gecko; compatible; GPTBot/1.3; +https://openai.com/gptbot)"
216.73.216.115 - - [14/Dec/2025:01:45:31 +0000] "GET /entity/195931940.htm HTTP/1.1" 301 5 "-" "Mozilla/5.0 AppleWebKit/537.36 (KHTML, like Gecko; compatible; ClaudeBot/1.0; +claudebot@anthropic.com)"
216.73.216.115 - - [14/Dec/2025:01:45:32 +0000] "GET /entity/195931940.htm/ HTTP/1.1" 200 45438 "https://datainsightnow.com/entity/195931940.htm" "Mozilla/5.0 AppleWebKit/537.36 (KHTML, like Gecko; compatible; ClaudeBot/1.0; +claudebot@anthropic.com)"
66.135.21.75 - - [14/Dec/2025:01:45:32 +0000] "POST /wp-cron.php?doing_wp_cron=1765676732.6486721038818359375000 HTTP/1.1" 200 31 "-" "WordPress/6.3.1; https://datainsightnow.com"
57.141.0.72 - - [14/Dec/2025:01:45:33 +0000] "GET /2025/03/07/page/6/?fileloc=//sys/class/pci_bus/0000:05/subsystem/0000:06/subsystem/0000:0c/subsystem/0000:06/device/driver/0000:00:03.0/pci_bus/0000:0a/uevent&path=//sys/class/pci_bus/0000:05/subsystem/0000:06/subsystem/0000:0c/subsystem/0000:06/device/driver/0000:00:03.0/pci_bus/0000:0a HTTP/1.1" 200 262216 "-" "meta-externalagent/1.1 (+https://developers.facebook.com/docs/sharing/webmasters/crawler)"
74.7.241.45 - - [14/Dec/2025:01:45:34 +0000] "GET /index.php?format=xml&rest_route=%2Foembed%2F1.0%2Fembed&url=https%3A%2F%2Fdatainsightnow.com%2F%3Fp%3D30395 HTTP/1.1" 200 1294 "-" "Mozilla/5.0 AppleWebKit/537.36 (KHTML, like Gecko; compatible; GPTBot/1.3; +https://openai.com/gptbot)"
216.73.216.115 - - [14/Dec/2025:01:45:34 +0000] "GET /entity/195784316.htm HTTP/1.1" 301 5 "-" "Mozilla/5.0 AppleWebKit/537.36 (KHTML, like Gecko; compatible; ClaudeBot/1.0; +claudebot@anthropic.com)"
216.73.216.115 - - [14/Dec/2025:01:45:35 +0000] "GET /entity/195784316.htm/ HTTP/1.1" 200 45438 "https://datainsightnow.com/entity/195784316.htm" "Mozilla/5.0 AppleWebKit/537.36 (KHTML, like Gecko; compatible; ClaudeBot/1.0; +claudebot@anthropic.com)"
57.141.0.20 - - [14/Dec/2025:01:45:36 +0000] "GET /karamba-spielsaal-erfahrungen-angeschlossen-testbericht-werfen-sie-einen-blick-auf-den-link-within-2025-pro-teutonia/?fileloc=//sys/class/pci_bus/0000:06/subsystem/0000:13/subsystem/0000:06/subsystem/0000:05/device/driver/0000:00:02.0/current_link_width&path=//sys/class/pci_bus/0000:06/subsystem/0000:13/subsystem/0000:06/subsystem/0000:05/device/driver/0000:00:02.0 HTTP/1.1" 200 262264 "-" "meta-externalagent/1.1 (+https://developers.facebook.com/docs/sharing/webmasters/crawler)"
57.141.0.29 - - [14/Dec/2025:01:45:37 +0000] "GET /2025/03/07/page/6/?fileloc=//sys/class/pci_bus/0000:05/subsystem/0000:06/subsystem/0000:03/subsystem/0000:06/device/d3cold_allowed&path=//sys/class/pci_bus/0000:05/subsystem/0000:06/subsystem/0000:03/subsystem/0000:06/device HTTP/1.1" 200 262264 "-" "meta-externalagent/1.1 (+https://developers.facebook.com/docs/sharing/webmasters/crawler)"
216.73.216.115 - - [14/Dec/2025:01:45:37 +0000] "GET /entity/195792863.htm HTTP/1.1" 301 5 "-" "Mozilla/5.0 AppleWebKit/537.36 (KHTML, like Gecko; compatible; ClaudeBot/1.0; +claudebot@anthropic.com)"
74.7.241.45 - - [14/Dec/2025:01:45:37 +0000] "GET /index.php?rest_route=%2Foembed%2F1.0%2Fembed&url=https%3A%2F%2Fdatainsightnow.com%2F%3Fp%3D30395 HTTP/1.1" 200 1269 "-" "Mozilla/5.0 AppleWebKit/537.36 (KHTML, like Gecko; compatible; GPTBot/1.3; +https://openai.com/gptbot)"
216.73.216.115 - - [14/Dec/2025:01:45:38 +0000] "GET /entity/195792863.htm/ HTTP/1.1" 200 45438 "https://datainsightnow.com/entity/195792863.htm" "Mozilla/5.0 AppleWebKit/537.36 (KHTML, like Gecko; compatible; ClaudeBot/1.0; +claudebot@anthropic.com)"
216.73.216.115 - - [14/Dec/2025:01:45:40 +0000] "GET /entity/195943858.htm HTTP/1.1" 301 5 "-" "Mozilla/5.0 AppleWebKit/537.36 (KHTML, like Gecko; compatible; ClaudeBot/1.0; +claudebot@anthropic.com)"
74.7.241.45 - - [14/Dec/2025:01:45:41 +0000] "GET /?p=23957 HTTP/1.1" 200 45037 "-" "Mozilla/5.0 AppleWebKit/537.36 (KHTML, like Gecko; compatible; GPTBot/1.3; +https://openai.com/gptbot)"
216.73.216.115 - - [14/Dec/2025:01:45:41 +0000] "GET /entity/195943858.htm/ HTTP/1.1" 200 45438 "https://datainsightnow.com/entity/195943858.htm" "Mozilla/5.0 AppleWebKit/537.36 (KHTML, like Gecko; compatible; ClaudeBot/1.0; +claudebot@anthropic.com)"
57.141.0.62 - - [14/Dec/2025:01:45:41 +0000] "GET /karamba-spielsaal-erfahrungen-angeschlossen-testbericht-werfen-sie-einen-blick-auf-den-link-within-2025-pro-teutonia/?fileloc=//sys/class/pci_bus/0000:06/subsystem/0000:0f/subsystem/0000:00/device/0000:00:02.7/driver/0000:00:02.6/enable&path=//sys/class/pci_bus/0000:06/subsystem/0000:0f/subsystem/0000:00/device/0000:00:02.7/driver/0000:00:02.6 HTTP/1.1" 200 262264 "-" "meta-externalagent/1.1 (+https://developers.facebook.com/docs/sharing/webmasters/crawler)"
185.191.171.10 - - [14/Dec/2025:01:45:43 +0000] "GET /?p=48976 HTTP/1.1" 200 42425 "-" "Mozilla/5.0 (compatible; SemrushBot/7~bl; +http://www.semrush.com/bot.html)"
216.73.216.115 - - [14/Dec/2025:01:45:43 +0000] "GET /entity/195859942.htm HTTP/1.1" 301 5 "-" "Mozilla/5.0 AppleWebKit/537.36 (KHTML, like Gecko; compatible; ClaudeBot/1.0; +claudebot@anthropic.com)"
74.7.241.45 - - [14/Dec/2025:01:45:44 +0000] "GET /?p=42321 HTTP/1.1" 200 43351 "-" "Mozilla/5.0 AppleWebKit/537.36 (KHTML, like Gecko; compatible; GPTBot/1.3; +https://openai.com/gptbot)"
216.73.216.115 - - [14/Dec/2025:01:45:44 +0000] "GET /entity/195859942.htm/ HTTP/1.1" 200 45438 "https://datainsightnow.com/entity/195859942.htm" "Mozilla/5.0 AppleWebKit/537.36 (KHTML, like Gecko; compatible; ClaudeBot/1.0; +claudebot@anthropic.com)"
216.73.216.115 - - [14/Dec/2025:01:45:46 +0000] "GET /entity/195927806.htm HTTP/1.1" 301 5 "-" "Mozilla/5.0 AppleWebKit/537.36 (KHTML, like Gecko; compatible; ClaudeBot/1.0; +claudebot@anthropic.com)"
185.113.8.55 - - [14/Dec/2025:01:45:47 +0000] "POST /wp-login.php HTTP/1.1" 200 2680 "-" "Mozilla/5.0 (Windows NT 11.0; Win64; x64) AppleWebKit/537.36 (KHTML, like Gecko) Chrome/122.0.6883.151 Safari/537.36"
74.7.241.45 - - [14/Dec/2025:01:45:47 +0000] "GET /index.php?rest_route=/wp/v2/posts/42321 HTTP/1.1" 200 5830 "-" "Mozilla/5.0 AppleWebKit/537.36 (KHTML, like Gecko; compatible; GPTBot/1.3; +https://openai.com/gptbot)"
216.73.216.115 - - [14/Dec/2025:01:45:47 +0000] "GET /entity/195927806.htm/ HTTP/1.1" 200 45438 "https://datainsightnow.com/entity/195927806.htm" "Mozilla/5.0 AppleWebKit/537.36 (KHTML, like Gecko; compatible; ClaudeBot/1.0; +claudebot@anthropic.com)"
185.191.171.9 - - [14/Dec/2025:01:45:48 +0000] "GET /?p=28591 HTTP/1.1" 200 41282 "-" "Mozilla/5.0 (compatible; SemrushBot/7~bl; +http://www.semrush.com/bot.html)"
216.73.216.115 - - [14/Dec/2025:01:45:49 +0000] "GET /entity/195798045.htm HTTP/1.1" 301 5 "-" "Mozilla/5.0 AppleWebKit/537.36 (KHTML, like Gecko; compatible; ClaudeBot/1.0; +claudebot@anthropic.com)"
216.73.216.115 - - [14/Dec/2025:01:45:50 +0000] "GET /entity/195798045.htm/ HTTP/1.1" 200 45438 "https://datainsightnow.com/entity/195798045.htm" "Mozilla/5.0 AppleWebKit/537.36 (KHTML, like Gecko; compatible; ClaudeBot/1.0; +claudebot@anthropic.com)"
66.135.21.75 - - [14/Dec/2025:01:45:50 +0000] "POST /wp-cron.php?doing_wp_cron=1765676750.2190840244293212890625 HTTP/1.1" 200 31 "-" "WordPress/6.3.1; https://datainsightnow.com"
74.7.241.45 - - [14/Dec/2025:01:45:50 +0000] "GET /index.php?format=xml&rest_route=%2Foembed%2F1.0%2Fembed&url=https%3A%2F%2Fdatainsightnow.com%2F%3Fp%3D42321 HTTP/1.1" 200 1320 "-" "Mozilla/5.0 AppleWebKit/537.36 (KHTML, like Gecko; compatible; GPTBot/1.3; +https://openai.com/gptbot)"
216.73.216.115 - - [14/Dec/2025:01:45:52 +0000] "GET /entity/195987370.htm HTTP/1.1" 301 5 "-" "Mozilla/5.0 AppleWebKit/537.36 (KHTML, like Gecko; compatible; ClaudeBot/1.0; +claudebot@anthropic.com)"
185.191.171.13 - - [14/Dec/2025:01:45:53 +0000] "GET /?p=33503 HTTP/1.1" 200 42332 "-" "Mozilla/5.0 (compatible; SemrushBot/7~bl; +http://www.semrush.com/bot.html)"
216.73.216.115 - - [14/Dec/2025:01:45:53 +0000] "GET /entity/195987370.htm/ HTTP/1.1" 200 45438 "https://datainsightnow.com/entity/195987370.htm" "Mozilla/5.0 AppleWebKit/537.36 (KHTML, like Gecko; compatible; ClaudeBot/1.0; +claudebot@anthropic.com)"
74.7.241.45 - - [14/Dec/2025:01:45:53 +0000] "GET /index.php?rest_route=%2Foembed%2F1.0%2Fembed&url=https%3A%2F%2Fdatainsightnow.com%2F%3Fp%3D42321 HTTP/1.1" 200 1293 "-" "Mozilla/5.0 AppleWebKit/537.36 (KHTML, like Gecko; compatible; GPTBot/1.3; +https://openai.com/gptbot)"
216.73.216.115 - - [14/Dec/2025:01:45:55 +0000] "GET /entity/195891536.htm HTTP/1.1" 301 5 "-" "Mozilla/5.0 AppleWebKit/537.36 (KHTML, like Gecko; compatible; ClaudeBot/1.0; +claudebot@anthropic.com)"
216.73.216.115 - - [14/Dec/2025:01:45:56 +0000] "GET /entity/195891536.htm/ HTTP/1.1" 200 45438 "https://datainsightnow.com/entity/195891536.htm" "Mozilla/5.0 AppleWebKit/537.36 (KHTML, like Gecko; compatible; ClaudeBot/1.0; +claudebot@anthropic.com)"
74.7.241.45 - - [14/Dec/2025:01:45:56 +0000] "GET /?p=47649 HTTP/1.1" 200 42512 "-" "Mozilla/5.0 AppleWebKit/537.36 (KHTML, like Gecko; compatible; GPTBot/1.3; +https://openai.com/gptbot)"
85.208.96.193 - - [14/Dec/2025:01:45:57 +0000] "GET /?m=20250417&paged=16 HTTP/1.1" 200 37750 "-" "Mozilla/5.0 (compatible; SemrushBot/7~bl; +http://www.semrush.com/bot.html)"
57.141.0.41 - - [14/Dec/2025:01:45:57 +0000] "GET /2025/03/07/page/6/?path=//sys/class/pci_bus/0000:08/subsystem/0000:03/subsystem/0000:0b/subsystem/0000:03/device HTTP/1.1" 200 262255 "-" "meta-externalagent/1.1 (+https://developers.facebook.com/docs/sharing/webmasters/crawler)"
216.73.216.115 - - [14/Dec/2025:01:45:58 +0000] "GET /entity/195822648.htm HTTP/1.1" 301 5 "-" "Mozilla/5.0 AppleWebKit/537.36 (KHTML, like Gecko; compatible; ClaudeBot/1.0; +claudebot@anthropic.com)"
216.73.216.115 - - [14/Dec/2025:01:45:59 +0000] "GET /entity/195822648.htm/ HTTP/1.1" 200 45438 "https://datainsightnow.com/entity/195822648.htm" "Mozilla/5.0 AppleWebKit/537.36 (KHTML, like Gecko; compatible; ClaudeBot/1.0; +claudebot@anthropic.com)"
74.7.241.45 - - [14/Dec/2025:01:45:59 +0000] "GET /index.php?format=xml&rest_route=%2Foembed%2F1.0%2Fembed&url=https%3A%2F%2Fdatainsightnow.com%2F%3Fp%3D47649 HTTP/1.1" 200 1304 "-" "Mozilla/5.0 AppleWebKit/537.36 (KHTML, like Gecko; compatible; GPTBot/1.3; +https://openai.com/gptbot)"
185.113.8.55 - - [14/Dec/2025:01:45:59 +0000] "POST /wp-login.php HTTP/1.1" 200 2682 "-" "Mozilla/5.0 (Windows NT 11.0; Win64; x64) AppleWebKit/537.36 (KHTML, like Gecko) Chrome/125.0.8139.994 Safari/537.36"
57.141.0.72 - - [14/Dec/2025:01:46:01 +0000] "GET /2025/03/07/page/6/?fileloc=//sys/class/pci_bus/0000:05/subsystem/0000:09/device/driver/0000:00:03.2/driver/0000:00:02.7/driver/0000:00:02.7/dma_mask_bits&path=//sys/class/pci_bus/0000:05/subsystem/0000:09/device/driver/0000:00:03.2/driver/0000:00:02.7/driver/0000:00:02.7 HTTP/1.1" 200 262248 "-" "meta-externalagent/1.1 (+https://developers.facebook.com/docs/sharing/webmasters/crawler)"
216.73.216.115 - - [14/Dec/2025:01:46:01 +0000] "GET /entity/195935570.htm HTTP/1.1" 301 5 "-" "Mozilla/5.0 AppleWebKit/537.36 (KHTML, like Gecko; compatible; ClaudeBot/1.0; +claudebot@anthropic.com)"
85.208.96.208 - - [14/Dec/2025:01:46:02 +0000] "GET /?p=41379 HTTP/1.1" 200 43023 "-" "Mozilla/5.0 (compatible; SemrushBot/7~bl; +http://www.semrush.com/bot.html)"
216.73.216.115 - - [14/Dec/2025:01:46:02 +0000] "GET /entity/195935570.htm/ HTTP/1.1" 200 45438 "https://datainsightnow.com/entity/195935570.htm" "Mozilla/5.0 AppleWebKit/537.36 (KHTML, like Gecko; compatible; ClaudeBot/1.0; +claudebot@anthropic.com)"
74.7.241.45 - - [14/Dec/2025:01:46:02 +0000] "GET /index.php?rest_route=%2Foembed%2F1.0%2Fembed&url=https%3A%2F%2Fdatainsightnow.com%2F%3Fp%3D47649 HTTP/1.1" 200 1278 "-" "Mozilla/5.0 AppleWebKit/537.36 (KHTML, like Gecko; compatible; GPTBot/1.3; +https://openai.com/gptbot)"
216.73.216.115 - - [14/Dec/2025:01:46:04 +0000] "GET /entity/195892058.htm HTTP/1.1" 301 5 "-" "Mozilla/5.0 AppleWebKit/537.36 (KHTML, like Gecko; compatible; ClaudeBot/1.0; +claudebot@anthropic.com)"
216.73.216.115 - - [14/Dec/2025:01:46:05 +0000] "GET /entity/195892058.htm/ HTTP/1.1" 200 45438 "https://datainsightnow.com/entity/195892058.htm" "Mozilla/5.0 AppleWebKit/537.36 (KHTML, like Gecko; compatible; ClaudeBot/1.0; +claudebot@anthropic.com)"
74.7.241.45 - - [14/Dec/2025:01:46:05 +0000] "GET /index.php?rest_route=/wp/v2/posts/47649 HTTP/1.1" 200 5116 "-" "Mozilla/5.0 AppleWebKit/537.36 (KHTML, like Gecko; compatible; GPTBot/1.3; +https://openai.com/gptbot)"
216.73.216.115 - - [14/Dec/2025:01:46:07 +0000] "GET /entity/195975723.htm HTTP/1.1" 301 5 "-" "Mozilla/5.0 AppleWebKit/537.36 (KHTML, like Gecko; compatible; ClaudeBot/1.0; +claudebot@anthropic.com)"
57.141.0.27 - - [14/Dec/2025:01:46:08 +0000] "GET /karamba-spielsaal-erfahrungen-angeschlossen-testbericht-werfen-sie-einen-blick-auf-den-link-within-2025-pro-teutonia/?path=//sys/class/pci_bus/0000:06/subsystem/0000:0d/subsystem/0000:05/subsystem/0000:01/device/driver/0000:00:02.5/firmware_node/physical_node HTTP/1.1" 200 262248 "-" "meta-externalagent/1.1 (+https://developers.facebook.com/docs/sharing/webmasters/crawler)"
216.73.216.115 - - [14/Dec/2025:01:46:08 +0000] "GET /entity/195975723.htm/ HTTP/1.1" 200 45438 "https://datainsightnow.com/entity/195975723.htm" "Mozilla/5.0 AppleWebKit/537.36 (KHTML, like Gecko; compatible; ClaudeBot/1.0; +claudebot@anthropic.com)"
74.7.241.45 - - [14/Dec/2025:01:46:09 +0000] "GET /?p=29801 HTTP/1.1" 200 42285 "-" "Mozilla/5.0 AppleWebKit/537.36 (KHTML, like Gecko; compatible; GPTBot/1.3; +https://openai.com/gptbot)"
57.141.0.48 - - [14/Dec/2025:01:46:09 +0000] "GET /karamba-spielsaal-erfahrungen-angeschlossen-testbericht-werfen-sie-einen-blick-auf-den-link-within-2025-pro-teutonia/?path=//sys/class/pci_bus/0000:06/subsystem/0000:0b/subsystem/0000:05/device/firmware_node/physical_node/0000:05:00.0/subsystem/devices/0000:00:03.6/0000:00:03.6:pcie010 HTTP/1.1" 200 262264 "-" "meta-externalagent/1.1 (+https://developers.facebook.com/docs/sharing/webmasters/crawler)"
216.73.216.115 - - [14/Dec/2025:01:46:10 +0000] "GET /entity/195953184.htm HTTP/1.1" 301 5 "-" "Mozilla/5.0 AppleWebKit/537.36 (KHTML, like Gecko; compatible; ClaudeBot/1.0; +claudebot@anthropic.com)"
85.208.96.205 - - [14/Dec/2025:01:46:10 +0000] "GET /?p=24314 HTTP/1.1" 200 42537 "-" "Mozilla/5.0 (compatible; SemrushBot/7~bl; +http://www.semrush.com/bot.html)"
216.73.216.115 - - [14/Dec/2025:01:46:11 +0000] "GET /entity/195953184.htm/ HTTP/1.1" 200 45438 "https://datainsightnow.com/entity/195953184.htm" "Mozilla/5.0 AppleWebKit/537.36 (KHTML, like Gecko; compatible; ClaudeBot/1.0; +claudebot@anthropic.com)"
57.141.0.2 - - [14/Dec/2025:01:46:11 +0000] "GET /karamba-spielsaal-erfahrungen-angeschlossen-testbericht-werfen-sie-einen-blick-auf-den-link-within-2025-pro-teutonia/?path=//sys/class/pci_bus/0000:06/subsystem/0000:00/subsystem/0000:13/subsystem/0000:06/subsystem/0000:0f/subsystem/0000:01 HTTP/1.1" 200 262264 "-" "meta-externalagent/1.1 (+https://developers.facebook.com/docs/sharing/webmasters/crawler)"
74.7.241.45 - - [14/Dec/2025:01:46:12 +0000] "GET /index.php?rest_route=%2Foembed%2F1.0%2Fembed&url=https%3A%2F%2Fdatainsightnow.com%2F%3Fp%3D29801 HTTP/1.1" 200 1266 "-" "Mozilla/5.0 AppleWebKit/537.36 (KHTML, like Gecko; compatible; GPTBot/1.3; +https://openai.com/gptbot)"
57.141.0.72 - - [14/Dec/2025:01:46:12 +0000] "GET /karamba-spielsaal-erfahrungen-angeschlossen-testbericht-werfen-sie-einen-blick-auf-den-link-within-2025-pro-teutonia/?path=//sys/class/pci_bus/0000:04/subsystem/0000:0c/device/driver/0000:00:03.5/subsystem/slots/0-2 HTTP/1.1" 200 262248 "-" "meta-externalagent/1.1 (+https://developers.facebook.com/docs/sharing/webmasters/crawler)"
57.141.0.46 - - [14/Dec/2025:01:46:12 +0000] "GET /2025/03/07/page/6/?fileloc=//sys/class/pci_bus/0000:07/device/driver/0000:00:02.3/driver/0000:00:02.5/driver/0000:00:03.5/aer_dev_fatal&path=//sys/class/pci_bus/0000:07/device/driver/0000:00:02.3/driver/0000:00:02.5/driver/0000:00:03.5 HTTP/1.1" 200 262209 "-" "meta-externalagent/1.1 (+https://developers.facebook.com/docs/sharing/webmasters/crawler)"
216.73.216.115 - - [14/Dec/2025:01:46:13 +0000] "GET /entity/195836889.htm HTTP/1.1" 301 5 "-" "Mozilla/5.0 AppleWebKit/537.36 (KHTML, like Gecko; compatible; ClaudeBot/1.0; +claudebot@anthropic.com)"
57.141.0.73 - - [14/Dec/2025:01:46:14 +0000] "GET /karamba-spielsaal-erfahrungen-angeschlossen-testbericht-werfen-sie-einen-blick-auf-den-link-within-2025-pro-teutonia/?path=//sys/class/pci_bus/0000:06/subsystem/0000:01/subsystem/0000:0b/device/driver/0000:00:02.7/subsystem/devices/0000:04:00.0/msi_irqs HTTP/1.1" 200 262248 "-" "meta-externalagent/1.1 (+https://developers.facebook.com/docs/sharing/webmasters/crawler)"
216.73.216.115 - - [14/Dec/2025:01:46:14 +0000] "GET /entity/195836889.htm/ HTTP/1.1" 200 45438 "https://datainsightnow.com/entity/195836889.htm" "Mozilla/5.0 AppleWebKit/537.36 (KHTML, like Gecko; compatible; ClaudeBot/1.0; +claudebot@anthropic.com)"
74.7.241.45 - - [14/Dec/2025:01:46:15 +0000] "GET /index.php?format=xml&rest_route=%2Foembed%2F1.0%2Fembed&url=https%3A%2F%2Fdatainsightnow.com%2F%3Fp%3D29801 HTTP/1.1" 200 1295 "-" "Mozilla/5.0 AppleWebKit/537.36 (KHTML, like Gecko; compatible; GPTBot/1.3; +https://openai.com/gptbot)"
216.73.216.115 - - [14/Dec/2025:01:46:16 +0000] "GET /entity/195844665.htm HTTP/1.1" 301 5 "-" "Mozilla/5.0 AppleWebKit/537.36 (KHTML, like Gecko; compatible; ClaudeBot/1.0; +claudebot@anthropic.com)"
216.73.216.115 - - [14/Dec/2025:01:46:17 +0000] "GET /entity/195844665.htm/ HTTP/1.1" 200 45438 "https://datainsightnow.com/entity/195844665.htm" "Mozilla/5.0 AppleWebKit/537.36 (KHTML, like Gecko; compatible; ClaudeBot/1.0; +claudebot@anthropic.com)"
57.141.0.22 - - [14/Dec/2025:01:46:18 +0000] "GET /2025/03/07/page/6/?fileloc=//sys/class/pci_bus/0000:05/subsystem/0000:01/subsystem/0000:01/device/driver/0000:00:03.2/driver/0000:00:02.3/subsystem/drivers_probe&path=//sys/class/pci_bus/0000:05/subsystem/0000:01/subsystem/0000:01/device/driver/0000:00:03.2/driver/0000:00:02.3/subsystem HTTP/1.1" 200 262209 "-" "meta-externalagent/1.1 (+https://developers.facebook.com/docs/sharing/webmasters/crawler)"
74.7.241.45 - - [14/Dec/2025:01:46:18 +0000] "GET /index.php?rest_route=/wp/v2/posts/29801 HTTP/1.1" 200 5017 "-" "Mozilla/5.0 AppleWebKit/537.36 (KHTML, like Gecko; compatible; GPTBot/1.3; +https://openai.com/gptbot)"
216.73.216.115 - - [14/Dec/2025:01:46:19 +0000] "GET /entity/195992813.htm HTTP/1.1" 301 5 "-" "Mozilla/5.0 AppleWebKit/537.36 (KHTML, like Gecko; compatible; ClaudeBot/1.0; +claudebot@anthropic.com)"
216.73.216.115 - - [14/Dec/2025:01:46:20 +0000] "GET /entity/195992813.htm/ HTTP/1.1" 200 45438 "https://datainsightnow.com/entity/195992813.htm" "Mozilla/5.0 AppleWebKit/537.36 (KHTML, like Gecko; compatible; ClaudeBot/1.0; +claudebot@anthropic.com)"
74.7.241.45 - - [14/Dec/2025:01:46:21 +0000] "GET /?p=14369 HTTP/1.1" 200 42843 "-" "Mozilla/5.0 AppleWebKit/537.36 (KHTML, like Gecko; compatible; GPTBot/1.3; +https://openai.com/gptbot)"
216.73.216.115 - - [14/Dec/2025:01:46:22 +0000] "GET /entity/195888428.htm HTTP/1.1" 301 5 "-" "Mozilla/5.0 AppleWebKit/537.36 (KHTML, like Gecko; compatible; ClaudeBot/1.0; +claudebot@anthropic.com)"
216.73.216.115 - - [14/Dec/2025:01:46:23 +0000] "GET /entity/195888428.htm/ HTTP/1.1" 200 45438 "https://datainsightnow.com/entity/195888428.htm" "Mozilla/5.0 AppleWebKit/537.36 (KHTML, like Gecko; compatible; ClaudeBot/1.0; +claudebot@anthropic.com)"
74.7.241.45 - - [14/Dec/2025:01:46:24 +0000] "GET /index.php?rest_route=/wp/v2/posts/14369 HTTP/1.1" 200 5466 "-" "Mozilla/5.0 AppleWebKit/537.36 (KHTML, like Gecko; compatible; GPTBot/1.3; +https://openai.com/gptbot)"
85.208.96.211 - - [14/Dec/2025:01:46:25 +0000] "GET /?p=28647 HTTP/1.1" 200 41204 "-" "Mozilla/5.0 (compatible; SemrushBot/7~bl; +http://www.semrush.com/bot.html)"
216.73.216.115 - - [14/Dec/2025:01:46:25 +0000] "GET /entity/195848809.htm HTTP/1.1" 301 5 "-" "Mozilla/5.0 AppleWebKit/537.36 (KHTML, like Gecko; compatible; ClaudeBot/1.0; +claudebot@anthropic.com)"
57.141.0.1 - - [14/Dec/2025:01:46:26 +0000] "GET /karamba-spielsaal-erfahrungen-angeschlossen-testbericht-werfen-sie-einen-blick-auf-den-link-within-2025-pro-teutonia/?fileloc=//sys/class/pci_bus/0000:0e/subsystem/0000:01/subsystem/0000:11/subsystem/0000:12/device/driver/0000:00:03.2/broken_parity_status&path=//sys/class/pci_bus/0000:0e/subsystem/0000:01/subsystem/0000:11/subsystem/0000:12/device/driver/0000:00:03.2 HTTP/1.1" 200 262215 "-" "meta-externalagent/1.1 (+https://developers.facebook.com/docs/sharing/webmasters/crawler)"
216.73.216.115 - - [14/Dec/2025:01:46:26 +0000] "GET /entity/195848809.htm/ HTTP/1.1" 200 45438 "https://datainsightnow.com/entity/195848809.htm" "Mozilla/5.0 AppleWebKit/537.36 (KHTML, like Gecko; compatible; ClaudeBot/1.0; +claudebot@anthropic.com)"
74.7.241.45 - - [14/Dec/2025:01:46:27 +0000] "GET /index.php?rest_route=%2Foembed%2F1.0%2Fembed&url=https%3A%2F%2Fdatainsightnow.com%2F%3Fp%3D14369 HTTP/1.1" 200 1261 "-" "Mozilla/5.0 AppleWebKit/537.36 (KHTML, like Gecko; compatible; GPTBot/1.3; +https://openai.com/gptbot)"
216.73.216.115 - - [14/Dec/2025:01:46:28 +0000] "GET /entity/195863574.htm HTTP/1.1" 301 5 "-" "Mozilla/5.0 AppleWebKit/537.36 (KHTML, like Gecko; compatible; ClaudeBot/1.0; +claudebot@anthropic.com)"
216.73.216.115 - - [14/Dec/2025:01:46:29 +0000] "GET /entity/195863574.htm/ HTTP/1.1" 200 45438 "https://datainsightnow.com/entity/195863574.htm" "Mozilla/5.0 AppleWebKit/537.36 (KHTML, like Gecko; compatible; ClaudeBot/1.0; +claudebot@anthropic.com)"
57.141.0.34 - - [14/Dec/2025:01:46:29 +0000] "GET /2025/03/07/page/6/?path=//sys/class/pci_bus/0000:13/subsystem/0000:11/device/subsystem/devices/0000:02:00.0/0000:03:01.0 HTTP/1.1" 200 262248 "-" "meta-externalagent/1.1 (+https://developers.facebook.com/docs/sharing/webmasters/crawler)"
74.7.241.45 - - [14/Dec/2025:01:46:31 +0000] "GET /index.php?format=xml&rest_route=%2Foembed%2F1.0%2Fembed&url=https%3A%2F%2Fdatainsightnow.com%2F%3Fp%3D14369 HTTP/1.1" 200 1287 "-" "Mozilla/5.0 AppleWebKit/537.36 (KHTML, like Gecko; compatible; GPTBot/1.3; +https://openai.com/gptbot)"
216.73.216.115 - - [14/Dec/2025:01:46:31 +0000] "GET /entity/195928057.htm HTTP/1.1" 301 5 "-" "Mozilla/5.0 AppleWebKit/537.36 (KHTML, like Gecko; compatible; ClaudeBot/1.0; +claudebot@anthropic.com)"
216.73.216.115 - - [14/Dec/2025:01:46:32 +0000] "GET /entity/195928057.htm/ HTTP/1.1" 200 45438 "https://datainsightnow.com/entity/195928057.htm" "Mozilla/5.0 AppleWebKit/537.36 (KHTML, like Gecko; compatible; ClaudeBot/1.0; +claudebot@anthropic.com)"
57.141.0.17 - - [14/Dec/2025:01:46:33 +0000] "GET /2025/03/07/page/6/?fileloc=//sys/class/pci_bus/0000:00/device/0000:00:04.0/subsystem/devices/0000:00:02.7/driver/0000:00:02.7/driver_override&path=//sys/class/pci_bus/0000:00/device/0000:00:04.0/subsystem/devices/0000:00:02.7/driver/0000:00:02.7 HTTP/1.1" 200 262217 "-" "meta-externalagent/1.1 (+https://developers.facebook.com/docs/sharing/webmasters/crawler)"
74.7.241.45 - - [14/Dec/2025:01:46:34 +0000] "GET /?p=40761 HTTP/1.1" 200 42615 "-" "Mozilla/5.0 AppleWebKit/537.36 (KHTML, like Gecko; compatible; GPTBot/1.3; +https://openai.com/gptbot)"
216.73.216.115 - - [14/Dec/2025:01:46:34 +0000] "GET /entity/195992550.htm HTTP/1.1" 301 5 "-" "Mozilla/5.0 AppleWebKit/537.36 (KHTML, like Gecko; compatible; ClaudeBot/1.0; +claudebot@anthropic.com)"
216.73.216.115 - - [14/Dec/2025:01:46:35 +0000] "GET /entity/195992550.htm/ HTTP/1.1" 200 45438 "https://datainsightnow.com/entity/195992550.htm" "Mozilla/5.0 AppleWebKit/537.36 (KHTML, like Gecko; compatible; ClaudeBot/1.0; +claudebot@anthropic.com)"
185.113.8.55 - - [14/Dec/2025:01:46:35 +0000] "POST /wp-login.php HTTP/1.1" 200 2680 "-" "Mozilla/5.0 (Windows NT 11.0; Win64; x64) AppleWebKit/537.36 (KHTML, like Gecko) Chrome/123.0.9367.876 Safari/537.36"
185.191.171.12 - - [14/Dec/2025:01:46:36 +0000] "GET /?p=38728 HTTP/1.1" 200 43847 "-" "Mozilla/5.0 (compatible; SemrushBot/7~bl; +http://www.semrush.com/bot.html)"
74.7.241.45 - - [14/Dec/2025:01:46:37 +0000] "GET /index.php?rest_route=%2Foembed%2F1.0%2Fembed&url=https%3A%2F%2Fdatainsightnow.com%2F%3Fp%3D40761 HTTP/1.1" 200 1267 "-" "Mozilla/5.0 AppleWebKit/537.36 (KHTML, like Gecko; compatible; GPTBot/1.3; +https://openai.com/gptbot)"
216.73.216.115 - - [14/Dec/2025:01:46:37 +0000] "GET /entity/195963803.htm HTTP/1.1" 301 5 "-" "Mozilla/5.0 AppleWebKit/537.36 (KHTML, like Gecko; compatible; ClaudeBot/1.0; +claudebot@anthropic.com)"
216.73.216.115 - - [14/Dec/2025:01:46:38 +0000] "GET /entity/195963803.htm/ HTTP/1.1" 200 45438 "https://datainsightnow.com/entity/195963803.htm" "Mozilla/5.0 AppleWebKit/537.36 (KHTML, like Gecko; compatible; ClaudeBot/1.0; +claudebot@anthropic.com)"
57.141.0.25 - - [14/Dec/2025:01:46:38 +0000] "GET /karamba-spielsaal-erfahrungen-angeschlossen-testbericht-werfen-sie-einen-blick-auf-den-link-within-2025-pro-teutonia/?path=//sys/class/pci_bus/0000:05/device/0000:00:02.3:pcie001/subsystem/drivers/pcie_pme/0000:00:03.7:pcie001/subsystem/devices/0000:00:03.2:pcie002 HTTP/1.1" 200 262209 "-" "meta-externalagent/1.1 (+https://developers.facebook.com/docs/sharing/webmasters/crawler)"
74.7.241.45 - - [14/Dec/2025:01:46:40 +0000] "GET /index.php?rest_route=/wp/v2/posts/40761 HTTP/1.1" 200 4962 "-" "Mozilla/5.0 AppleWebKit/537.36 (KHTML, like Gecko; compatible; GPTBot/1.3; +https://openai.com/gptbot)"
216.73.216.115 - - [14/Dec/2025:01:46:40 +0000] "GET /entity/195804783.htm HTTP/1.1" 301 5 "-" "Mozilla/5.0 AppleWebKit/537.36 (KHTML, like Gecko; compatible; ClaudeBot/1.0; +claudebot@anthropic.com)"
