124.248.184.195 - - [14/Dec/2025:01:43:09 +0000] "POST //wp-login.php HTTP/1.1" 200 7465 "https://datainsightnow.com//wp-login.php" "Mozilla/5.0 (Windows NT 10.0; Win64; x64) AppleWebKit/537.36 (KHTML, like Gecko) Chrome/78.0.3904.108 Safari/537.36"
216.73.216.115 - - [14/Dec/2025:01:43:10 +0000] "GET /entity/195998505.htm HTTP/1.1" 301 5 "-" "Mozilla/5.0 AppleWebKit/537.36 (KHTML, like Gecko; compatible; ClaudeBot/1.0; +claudebot@anthropic.com)"
124.248.184.195 - - [14/Dec/2025:01:43:10 +0000] "POST //wp-login.php HTTP/1.1" 200 7465 "https://datainsightnow.com//wp-login.php" "Mozilla/5.0 (Windows NT 10.0; Win64; x64) AppleWebKit/537.36 (KHTML, like Gecko) Chrome/78.0.3904.108 Safari/537.36"
216.73.216.115 - - [14/Dec/2025:01:43:10 +0000] "GET /entity/195998505.htm/ HTTP/1.1" 200 45438 "https://datainsightnow.com/entity/195998505.htm" "Mozilla/5.0 AppleWebKit/537.36 (KHTML, like Gecko; compatible; ClaudeBot/1.0; +claudebot@anthropic.com)"
74.7.241.45 - - [14/Dec/2025:01:43:11 +0000] "GET /?p=20463 HTTP/1.1" 200 43522 "-" "Mozilla/5.0 AppleWebKit/537.36 (KHTML, like Gecko; compatible; GPTBot/1.3; +https://openai.com/gptbot)"
124.248.184.195 - - [14/Dec/2025:01:43:11 +0000] "POST //wp-login.php HTTP/1.1" 200 7459 "https://datainsightnow.com//wp-login.php" "Mozilla/5.0 (Windows NT 10.0; Win64; x64) AppleWebKit/537.36 (KHTML, like Gecko) Chrome/78.0.3904.108 Safari/537.36"
66.249.77.98 - - [14/Dec/2025:01:43:11 +0000] "GET /entity/401566544.htm HTTP/1.1" 200 31702 "-" "Mozilla/5.0 (Linux; Android 6.0.1; Nexus 5X Build/MMB29P) AppleWebKit/537.36 (KHTML, like Gecko) Chrome/141.0.7390.122 Mobile Safari/537.36 (compatible; Googlebot/2.1; +http://www.google.com/bot.html)"
52.167.144.176 - - [14/Dec/2025:01:43:12 +0000] "GET /?479371451?entity=0477520854 HTTP/1.1" 200 30316 "-" "Mozilla/5.0 AppleWebKit/537.36 (KHTML, like Gecko; compatible; bingbot/2.0; +http://www.bing.com/bingbot.htm) Chrome/116.0.1938.76 Safari/537.36"
124.248.184.195 - - [14/Dec/2025:01:43:12 +0000] "POST //wp-login.php HTTP/1.1" 200 7465 "https://datainsightnow.com//wp-login.php" "Mozilla/5.0 (Windows NT 10.0; Win64; x64) AppleWebKit/537.36 (KHTML, like Gecko) Chrome/78.0.3904.108 Safari/537.36"
124.248.184.195 - - [14/Dec/2025:01:43:13 +0000] "POST //wp-login.php HTTP/1.1" 200 7465 "https://datainsightnow.com//wp-login.php" "Mozilla/5.0 (Windows NT 10.0; Win64; x64) AppleWebKit/537.36 (KHTML, like Gecko) Chrome/78.0.3904.108 Safari/537.36"
216.73.216.115 - - [14/Dec/2025:01:43:13 +0000] "GET /entity/195894393.htm HTTP/1.1" 301 5 "-" "Mozilla/5.0 AppleWebKit/537.36 (KHTML, like Gecko; compatible; ClaudeBot/1.0; +claudebot@anthropic.com)"
74.7.241.45 - - [14/Dec/2025:01:43:13 +0000] "GET /index.php?rest_route=%2Foembed%2F1.0%2Fembed&url=https%3A%2F%2Fdatainsightnow.com%2F%3Fp%3D20463 HTTP/1.1" 200 1289 "-" "Mozilla/5.0 AppleWebKit/537.36 (KHTML, like Gecko; compatible; GPTBot/1.3; +https://openai.com/gptbot)"
216.73.216.115 - - [14/Dec/2025:01:43:13 +0000] "GET /entity/195894393.htm/ HTTP/1.1" 200 45438 "https://datainsightnow.com/entity/195894393.htm" "Mozilla/5.0 AppleWebKit/537.36 (KHTML, like Gecko; compatible; ClaudeBot/1.0; +claudebot@anthropic.com)"
124.248.184.195 - - [14/Dec/2025:01:43:14 +0000] "POST //wp-login.php HTTP/1.1" 200 7459 "https://datainsightnow.com//wp-login.php" "Mozilla/5.0 (Windows NT 10.0; Win64; x64) AppleWebKit/537.36 (KHTML, like Gecko) Chrome/78.0.3904.108 Safari/537.36"
124.248.184.195 - - [14/Dec/2025:01:43:14 +0000] "POST //wp-login.php HTTP/1.1" 200 7459 "https://datainsightnow.com//wp-login.php" "Mozilla/5.0 (Windows NT 10.0; Win64; x64) AppleWebKit/537.36 (KHTML, like Gecko) Chrome/78.0.3904.108 Safari/537.36"
124.248.184.195 - - [14/Dec/2025:01:43:15 +0000] "POST //wp-login.php HTTP/1.1" 200 7459 "https://datainsightnow.com//wp-login.php" "Mozilla/5.0 (Windows NT 10.0; Win64; x64) AppleWebKit/537.36 (KHTML, like Gecko) Chrome/78.0.3904.108 Safari/537.36"
216.73.216.115 - - [14/Dec/2025:01:43:16 +0000] "GET /entity/195872635.htm HTTP/1.1" 301 5 "-" "Mozilla/5.0 AppleWebKit/537.36 (KHTML, like Gecko; compatible; ClaudeBot/1.0; +claudebot@anthropic.com)"
124.248.184.195 - - [14/Dec/2025:01:43:16 +0000] "POST //wp-login.php HTTP/1.1" 200 7465 "https://datainsightnow.com//wp-login.php" "Mozilla/5.0 (Windows NT 10.0; Win64; x64) AppleWebKit/537.36 (KHTML, like Gecko) Chrome/78.0.3904.108 Safari/537.36"
216.73.216.115 - - [14/Dec/2025:01:43:16 +0000] "GET /entity/195872635.htm/ HTTP/1.1" 200 45438 "https://datainsightnow.com/entity/195872635.htm" "Mozilla/5.0 AppleWebKit/537.36 (KHTML, like Gecko; compatible; ClaudeBot/1.0; +claudebot@anthropic.com)"
74.7.241.45 - - [14/Dec/2025:01:43:17 +0000] "GET /index.php?rest_route=/wp/v2/posts/20463 HTTP/1.1" 200 5921 "-" "Mozilla/5.0 AppleWebKit/537.36 (KHTML, like Gecko; compatible; GPTBot/1.3; +https://openai.com/gptbot)"
124.248.184.195 - - [14/Dec/2025:01:43:17 +0000] "POST //wp-login.php HTTP/1.1" 200 7459 "https://datainsightnow.com//wp-login.php" "Mozilla/5.0 (Windows NT 10.0; Win64; x64) AppleWebKit/537.36 (KHTML, like Gecko) Chrome/78.0.3904.108 Safari/537.36"
124.248.184.195 - - [14/Dec/2025:01:43:18 +0000] "POST //wp-login.php HTTP/1.1" 200 7459 "https://datainsightnow.com//wp-login.php" "Mozilla/5.0 (Windows NT 10.0; Win64; x64) AppleWebKit/537.36 (KHTML, like Gecko) Chrome/78.0.3904.108 Safari/537.36"
124.248.184.195 - - [14/Dec/2025:01:43:19 +0000] "POST //wp-login.php HTTP/1.1" 200 7465 "https://datainsightnow.com//wp-login.php" "Mozilla/5.0 (Windows NT 10.0; Win64; x64) AppleWebKit/537.36 (KHTML, like Gecko) Chrome/78.0.3904.108 Safari/537.36"
216.73.216.115 - - [14/Dec/2025:01:43:19 +0000] "GET /entity/195839997.htm HTTP/1.1" 301 5 "-" "Mozilla/5.0 AppleWebKit/537.36 (KHTML, like Gecko; compatible; ClaudeBot/1.0; +claudebot@anthropic.com)"
216.73.216.115 - - [14/Dec/2025:01:43:19 +0000] "GET /entity/195839997.htm/ HTTP/1.1" 200 45438 "https://datainsightnow.com/entity/195839997.htm" "Mozilla/5.0 AppleWebKit/537.36 (KHTML, like Gecko; compatible; ClaudeBot/1.0; +claudebot@anthropic.com)"
124.248.184.195 - - [14/Dec/2025:01:43:20 +0000] "POST //wp-login.php HTTP/1.1" 200 7465 "https://datainsightnow.com//wp-login.php" "Mozilla/5.0 (Windows NT 10.0; Win64; x64) AppleWebKit/537.36 (KHTML, like Gecko) Chrome/78.0.3904.108 Safari/537.36"
74.7.241.45 - - [14/Dec/2025:01:43:20 +0000] "GET /index.php?format=xml&rest_route=%2Foembed%2F1.0%2Fembed&url=https%3A%2F%2Fdatainsightnow.com%2F%3Fp%3D20463 HTTP/1.1" 200 1314 "-" "Mozilla/5.0 AppleWebKit/537.36 (KHTML, like Gecko; compatible; GPTBot/1.3; +https://openai.com/gptbot)"
124.248.184.195 - - [14/Dec/2025:01:43:20 +0000] "POST //wp-login.php HTTP/1.1" 200 7459 "https://datainsightnow.com//wp-login.php" "Mozilla/5.0 (Windows NT 10.0; Win64; x64) AppleWebKit/537.36 (KHTML, like Gecko) Chrome/78.0.3904.108 Safari/537.36"
124.248.184.195 - - [14/Dec/2025:01:43:21 +0000] "POST //wp-login.php HTTP/1.1" 200 7459 "https://datainsightnow.com//wp-login.php" "Mozilla/5.0 (Windows NT 10.0; Win64; x64) AppleWebKit/537.36 (KHTML, like Gecko) Chrome/78.0.3904.108 Safari/537.36"
216.73.216.115 - - [14/Dec/2025:01:43:22 +0000] "GET /entity/195978309.htm HTTP/1.1" 301 5 "-" "Mozilla/5.0 AppleWebKit/537.36 (KHTML, like Gecko; compatible; ClaudeBot/1.0; +claudebot@anthropic.com)"
124.248.184.195 - - [14/Dec/2025:01:43:22 +0000] "POST //wp-login.php HTTP/1.1" 200 7459 "https://datainsightnow.com//wp-login.php" "Mozilla/5.0 (Windows NT 10.0; Win64; x64) AppleWebKit/537.36 (KHTML, like Gecko) Chrome/78.0.3904.108 Safari/537.36"
216.73.216.115 - - [14/Dec/2025:01:43:22 +0000] "GET /entity/195978309.htm/ HTTP/1.1" 200 45438 "https://datainsightnow.com/entity/195978309.htm" "Mozilla/5.0 AppleWebKit/537.36 (KHTML, like Gecko; compatible; ClaudeBot/1.0; +claudebot@anthropic.com)"
124.248.184.195 - - [14/Dec/2025:01:43:23 +0000] "POST //wp-login.php HTTP/1.1" 200 7459 "https://datainsightnow.com//wp-login.php" "Mozilla/5.0 (Windows NT 10.0; Win64; x64) AppleWebKit/537.36 (KHTML, like Gecko) Chrome/78.0.3904.108 Safari/537.36"
74.7.241.45 - - [14/Dec/2025:01:43:23 +0000] "GET /?p=8756 HTTP/1.1" 200 41584 "-" "Mozilla/5.0 AppleWebKit/537.36 (KHTML, like Gecko; compatible; GPTBot/1.3; +https://openai.com/gptbot)"
124.248.184.195 - - [14/Dec/2025:01:43:24 +0000] "POST //wp-login.php HTTP/1.1" 200 7465 "https://datainsightnow.com//wp-login.php" "Mozilla/5.0 (Windows NT 10.0; Win64; x64) AppleWebKit/537.36 (KHTML, like Gecko) Chrome/78.0.3904.108 Safari/537.36"
124.248.184.195 - - [14/Dec/2025:01:43:25 +0000] "POST //wp-login.php HTTP/1.1" 200 7465 "https://datainsightnow.com//wp-login.php" "Mozilla/5.0 (Windows NT 10.0; Win64; x64) AppleWebKit/537.36 (KHTML, like Gecko) Chrome/78.0.3904.108 Safari/537.36"
216.73.216.115 - - [14/Dec/2025:01:43:25 +0000] "GET /entity/195999541.htm HTTP/1.1" 301 5 "-" "Mozilla/5.0 AppleWebKit/537.36 (KHTML, like Gecko; compatible; ClaudeBot/1.0; +claudebot@anthropic.com)"
216.73.216.115 - - [14/Dec/2025:01:43:25 +0000] "GET /entity/195999541.htm/ HTTP/1.1" 200 45438 "https://datainsightnow.com/entity/195999541.htm" "Mozilla/5.0 AppleWebKit/537.36 (KHTML, like Gecko; compatible; ClaudeBot/1.0; +claudebot@anthropic.com)"
124.248.184.195 - - [14/Dec/2025:01:43:31 +0000] "POST //wp-login.php HTTP/1.1" 200 7459 "https://datainsightnow.com//wp-login.php" "Mozilla/5.0 (Windows NT 10.0; Win64; x64) AppleWebKit/537.36 (KHTML, like Gecko) Chrome/78.0.3904.108 Safari/537.36"
74.7.241.45 - - [14/Dec/2025:01:43:31 +0000] "GET /index.php?format=xml&rest_route=%2Foembed%2F1.0%2Fembed&url=https%3A%2F%2Fdatainsightnow.com%2F%3Fp%3D8756 HTTP/1.1" 200 1320 "-" "Mozilla/5.0 AppleWebKit/537.36 (KHTML, like Gecko; compatible; GPTBot/1.3; +https://openai.com/gptbot)"
216.73.216.115 - - [14/Dec/2025:01:43:31 +0000] "GET /entity/195852168.htm HTTP/1.1" 301 5 "-" "Mozilla/5.0 AppleWebKit/537.36 (KHTML, like Gecko; compatible; ClaudeBot/1.0; +claudebot@anthropic.com)"
74.7.241.45 - - [14/Dec/2025:01:43:31 +0000] "GET /?p=27953 HTTP/1.1" 200 43755 "-" "Mozilla/5.0 AppleWebKit/537.36 (KHTML, like Gecko; compatible; GPTBot/1.3; +https://openai.com/gptbot)"
216.73.216.115 - - [14/Dec/2025:01:43:31 +0000] "GET /entity/195852168.htm/ HTTP/1.1" 200 45438 "https://datainsightnow.com/entity/195852168.htm" "Mozilla/5.0 AppleWebKit/537.36 (KHTML, like Gecko; compatible; ClaudeBot/1.0; +claudebot@anthropic.com)"
124.248.184.195 - - [14/Dec/2025:01:43:31 +0000] "POST //wp-login.php HTTP/1.1" 200 7465 "https://datainsightnow.com//wp-login.php" "Mozilla/5.0 (Windows NT 10.0; Win64; x64) AppleWebKit/537.36 (KHTML, like Gecko) Chrome/78.0.3904.108 Safari/537.36"
124.248.184.195 - - [14/Dec/2025:01:43:32 +0000] "POST //wp-login.php HTTP/1.1" 200 7465 "https://datainsightnow.com//wp-login.php" "Mozilla/5.0 (Windows NT 10.0; Win64; x64) AppleWebKit/537.36 (KHTML, like Gecko) Chrome/78.0.3904.108 Safari/537.36"
124.248.184.195 - - [14/Dec/2025:01:43:33 +0000] "POST //wp-login.php HTTP/1.1" 200 7459 "https://datainsightnow.com//wp-login.php" "Mozilla/5.0 (Windows NT 10.0; Win64; x64) AppleWebKit/537.36 (KHTML, like Gecko) Chrome/78.0.3904.108 Safari/537.36"
216.73.216.115 - - [14/Dec/2025:01:43:34 +0000] "GET /entity/195957328.htm HTTP/1.1" 301 5 "-" "Mozilla/5.0 AppleWebKit/537.36 (KHTML, like Gecko; compatible; ClaudeBot/1.0; +claudebot@anthropic.com)"
124.248.184.195 - - [14/Dec/2025:01:43:34 +0000] "POST //wp-login.php HTTP/1.1" 200 7465 "https://datainsightnow.com//wp-login.php" "Mozilla/5.0 (Windows NT 10.0; Win64; x64) AppleWebKit/537.36 (KHTML, like Gecko) Chrome/78.0.3904.108 Safari/537.36"
74.7.241.45 - - [14/Dec/2025:01:43:34 +0000] "GET /index.php?rest_route=%2Foembed%2F1.0%2Fembed&url=https%3A%2F%2Fdatainsightnow.com%2F%3Fp%3D8756 HTTP/1.1" 200 1295 "-" "Mozilla/5.0 AppleWebKit/537.36 (KHTML, like Gecko; compatible; GPTBot/1.3; +https://openai.com/gptbot)"
216.73.216.115 - - [14/Dec/2025:01:43:34 +0000] "GET /entity/195957328.htm/ HTTP/1.1" 200 45438 "https://datainsightnow.com/entity/195957328.htm" "Mozilla/5.0 AppleWebKit/537.36 (KHTML, like Gecko; compatible; ClaudeBot/1.0; +claudebot@anthropic.com)"
124.248.184.195 - - [14/Dec/2025:01:43:35 +0000] "POST //wp-login.php HTTP/1.1" 200 7465 "https://datainsightnow.com//wp-login.php" "Mozilla/5.0 (Windows NT 10.0; Win64; x64) AppleWebKit/537.36 (KHTML, like Gecko) Chrome/78.0.3904.108 Safari/537.36"
124.248.184.195 - - [14/Dec/2025:01:43:36 +0000] "POST //wp-login.php HTTP/1.1" 200 7465 "https://datainsightnow.com//wp-login.php" "Mozilla/5.0 (Windows NT 10.0; Win64; x64) AppleWebKit/537.36 (KHTML, like Gecko) Chrome/78.0.3904.108 Safari/537.36"
124.248.184.195 - - [14/Dec/2025:01:43:36 +0000] "POST //wp-login.php HTTP/1.1" 200 7459 "https://datainsightnow.com//wp-login.php" "Mozilla/5.0 (Windows NT 10.0; Win64; x64) AppleWebKit/537.36 (KHTML, like Gecko) Chrome/78.0.3904.108 Safari/537.36"
216.73.216.115 - - [14/Dec/2025:01:43:37 +0000] "GET /entity/195850096.htm HTTP/1.1" 301 5 "-" "Mozilla/5.0 AppleWebKit/537.36 (KHTML, like Gecko; compatible; ClaudeBot/1.0; +claudebot@anthropic.com)"
124.248.184.195 - - [14/Dec/2025:01:43:37 +0000] "POST //wp-login.php HTTP/1.1" 200 7465 "https://datainsightnow.com//wp-login.php" "Mozilla/5.0 (Windows NT 10.0; Win64; x64) AppleWebKit/537.36 (KHTML, like Gecko) Chrome/78.0.3904.108 Safari/537.36"
74.7.241.45 - - [14/Dec/2025:01:43:37 +0000] "GET /index.php?rest_route=/wp/v2/posts/8756 HTTP/1.1" 200 4455 "-" "Mozilla/5.0 AppleWebKit/537.36 (KHTML, like Gecko; compatible; GPTBot/1.3; +https://openai.com/gptbot)"
216.73.216.115 - - [14/Dec/2025:01:43:37 +0000] "GET /entity/195850096.htm/ HTTP/1.1" 200 45438 "https://datainsightnow.com/entity/195850096.htm" "Mozilla/5.0 AppleWebKit/537.36 (KHTML, like Gecko; compatible; ClaudeBot/1.0; +claudebot@anthropic.com)"
124.248.184.195 - - [14/Dec/2025:01:43:38 +0000] "POST //wp-login.php HTTP/1.1" 200 7459 "https://datainsightnow.com//wp-login.php" "Mozilla/5.0 (Windows NT 10.0; Win64; x64) AppleWebKit/537.36 (KHTML, like Gecko) Chrome/78.0.3904.108 Safari/537.36"
85.208.96.197 - - [14/Dec/2025:01:43:39 +0000] "GET /?p=34895 HTTP/1.1" 200 44361 "-" "Mozilla/5.0 (compatible; SemrushBot/7~bl; +http://www.semrush.com/bot.html)"
124.248.184.195 - - [14/Dec/2025:01:43:39 +0000] "POST //wp-login.php HTTP/1.1" 200 7459 "https://datainsightnow.com//wp-login.php" "Mozilla/5.0 (Windows NT 10.0; Win64; x64) AppleWebKit/537.36 (KHTML, like Gecko) Chrome/78.0.3904.108 Safari/537.36"
124.248.184.195 - - [14/Dec/2025:01:43:40 +0000] "POST //wp-login.php HTTP/1.1" 200 7465 "https://datainsightnow.com//wp-login.php" "Mozilla/5.0 (Windows NT 10.0; Win64; x64) AppleWebKit/537.36 (KHTML, like Gecko) Chrome/78.0.3904.108 Safari/537.36"
216.73.216.115 - - [14/Dec/2025:01:43:40 +0000] "GET /entity/195981668.htm HTTP/1.1" 301 5 "-" "Mozilla/5.0 AppleWebKit/537.36 (KHTML, like Gecko; compatible; ClaudeBot/1.0; +claudebot@anthropic.com)"
74.7.241.45 - - [14/Dec/2025:01:43:40 +0000] "GET /index.php?format=xml&rest_route=%2Foembed%2F1.0%2Fembed&url=https%3A%2F%2Fdatainsightnow.com%2F%3Fp%3D27953 HTTP/1.1" 200 1299 "-" "Mozilla/5.0 AppleWebKit/537.36 (KHTML, like Gecko; compatible; GPTBot/1.3; +https://openai.com/gptbot)"
216.73.216.115 - - [14/Dec/2025:01:43:40 +0000] "GET /entity/195981668.htm/ HTTP/1.1" 200 45438 "https://datainsightnow.com/entity/195981668.htm" "Mozilla/5.0 AppleWebKit/537.36 (KHTML, like Gecko; compatible; ClaudeBot/1.0; +claudebot@anthropic.com)"
124.248.184.195 - - [14/Dec/2025:01:43:41 +0000] "POST //wp-login.php HTTP/1.1" 200 7459 "https://datainsightnow.com//wp-login.php" "Mozilla/5.0 (Windows NT 10.0; Win64; x64) AppleWebKit/537.36 (KHTML, like Gecko) Chrome/78.0.3904.108 Safari/537.36"
124.248.184.195 - - [14/Dec/2025:01:43:41 +0000] "POST //wp-login.php HTTP/1.1" 200 7465 "https://datainsightnow.com//wp-login.php" "Mozilla/5.0 (Windows NT 10.0; Win64; x64) AppleWebKit/537.36 (KHTML, like Gecko) Chrome/78.0.3904.108 Safari/537.36"
124.248.184.195 - - [14/Dec/2025:01:43:42 +0000] "POST //wp-login.php HTTP/1.1" 200 7459 "https://datainsightnow.com//wp-login.php" "Mozilla/5.0 (Windows NT 10.0; Win64; x64) AppleWebKit/537.36 (KHTML, like Gecko) Chrome/78.0.3904.108 Safari/537.36"
216.73.216.115 - - [14/Dec/2025:01:43:43 +0000] "GET /entity/195820062.htm HTTP/1.1" 301 5 "-" "Mozilla/5.0 AppleWebKit/537.36 (KHTML, like Gecko; compatible; ClaudeBot/1.0; +claudebot@anthropic.com)"
124.248.184.195 - - [14/Dec/2025:01:43:43 +0000] "POST //wp-login.php HTTP/1.1" 200 7459 "https://datainsightnow.com//wp-login.php" "Mozilla/5.0 (Windows NT 10.0; Win64; x64) AppleWebKit/537.36 (KHTML, like Gecko) Chrome/78.0.3904.108 Safari/537.36"
216.73.216.115 - - [14/Dec/2025:01:43:43 +0000] "GET /entity/195820062.htm/ HTTP/1.1" 200 45438 "https://datainsightnow.com/entity/195820062.htm" "Mozilla/5.0 AppleWebKit/537.36 (KHTML, like Gecko; compatible; ClaudeBot/1.0; +claudebot@anthropic.com)"
74.7.241.45 - - [14/Dec/2025:01:43:43 +0000] "GET /index.php?rest_route=/wp/v2/posts/27953 HTTP/1.1" 200 6298 "-" "Mozilla/5.0 AppleWebKit/537.36 (KHTML, like Gecko; compatible; GPTBot/1.3; +https://openai.com/gptbot)"
124.248.184.195 - - [14/Dec/2025:01:43:44 +0000] "POST //wp-login.php HTTP/1.1" 200 7459 "https://datainsightnow.com//wp-login.php" "Mozilla/5.0 (Windows NT 10.0; Win64; x64) AppleWebKit/537.36 (KHTML, like Gecko) Chrome/78.0.3904.108 Safari/537.36"
124.248.184.195 - - [14/Dec/2025:01:43:45 +0000] "POST //wp-login.php HTTP/1.1" 200 7459 "https://datainsightnow.com//wp-login.php" "Mozilla/5.0 (Windows NT 10.0; Win64; x64) AppleWebKit/537.36 (KHTML, like Gecko) Chrome/78.0.3904.108 Safari/537.36"
124.248.184.195 - - [14/Dec/2025:01:43:45 +0000] "POST //wp-login.php HTTP/1.1" 200 7465 "https://datainsightnow.com//wp-login.php" "Mozilla/5.0 (Windows NT 10.0; Win64; x64) AppleWebKit/537.36 (KHTML, like Gecko) Chrome/78.0.3904.108 Safari/537.36"
216.73.216.115 - - [14/Dec/2025:01:43:46 +0000] "GET /entity/195877556.htm HTTP/1.1" 301 5 "-" "Mozilla/5.0 AppleWebKit/537.36 (KHTML, like Gecko; compatible; ClaudeBot/1.0; +claudebot@anthropic.com)"
124.248.184.195 - - [14/Dec/2025:01:43:46 +0000] "POST //wp-login.php HTTP/1.1" 200 7465 "https://datainsightnow.com//wp-login.php" "Mozilla/5.0 (Windows NT 10.0; Win64; x64) AppleWebKit/537.36 (KHTML, like Gecko) Chrome/78.0.3904.108 Safari/537.36"
216.73.216.115 - - [14/Dec/2025:01:43:46 +0000] "GET /entity/195877556.htm/ HTTP/1.1" 200 45438 "https://datainsightnow.com/entity/195877556.htm" "Mozilla/5.0 AppleWebKit/537.36 (KHTML, like Gecko; compatible; ClaudeBot/1.0; +claudebot@anthropic.com)"
74.7.241.45 - - [14/Dec/2025:01:43:47 +0000] "GET /index.php?rest_route=%2Foembed%2F1.0%2Fembed&url=https%3A%2F%2Fdatainsightnow.com%2F%3Fp%3D27953 HTTP/1.1" 200 1273 "-" "Mozilla/5.0 AppleWebKit/537.36 (KHTML, like Gecko; compatible; GPTBot/1.3; +https://openai.com/gptbot)"
124.248.184.195 - - [14/Dec/2025:01:43:47 +0000] "POST //wp-login.php HTTP/1.1" 200 7465 "https://datainsightnow.com//wp-login.php" "Mozilla/5.0 (Windows NT 10.0; Win64; x64) AppleWebKit/537.36 (KHTML, like Gecko) Chrome/78.0.3904.108 Safari/537.36"
124.248.184.195 - - [14/Dec/2025:01:43:48 +0000] "POST //wp-login.php HTTP/1.1" 200 7465 "https://datainsightnow.com//wp-login.php" "Mozilla/5.0 (Windows NT 10.0; Win64; x64) AppleWebKit/537.36 (KHTML, like Gecko) Chrome/78.0.3904.108 Safari/537.36"
124.248.184.195 - - [14/Dec/2025:01:43:49 +0000] "POST //wp-login.php HTTP/1.1" 200 7459 "https://datainsightnow.com//wp-login.php" "Mozilla/5.0 (Windows NT 10.0; Win64; x64) AppleWebKit/537.36 (KHTML, like Gecko) Chrome/78.0.3904.108 Safari/537.36"
216.73.216.115 - - [14/Dec/2025:01:43:49 +0000] "GET /entity/195833267.htm HTTP/1.1" 301 5 "-" "Mozilla/5.0 AppleWebKit/537.36 (KHTML, like Gecko; compatible; ClaudeBot/1.0; +claudebot@anthropic.com)"
216.73.216.115 - - [14/Dec/2025:01:43:49 +0000] "GET /entity/195833267.htm/ HTTP/1.1" 200 45438 "https://datainsightnow.com/entity/195833267.htm" "Mozilla/5.0 AppleWebKit/537.36 (KHTML, like Gecko; compatible; ClaudeBot/1.0; +claudebot@anthropic.com)"
66.135.21.75 - - [14/Dec/2025:01:43:50 +0000] "POST /wp-cron.php?doing_wp_cron=1765676630.1463410854339599609375 HTTP/1.1" 200 31 "-" "WordPress/6.3.1; https://datainsightnow.com"
124.248.184.195 - - [14/Dec/2025:01:43:50 +0000] "POST //wp-login.php HTTP/1.1" 200 7465 "https://datainsightnow.com//wp-login.php" "Mozilla/5.0 (Windows NT 10.0; Win64; x64) AppleWebKit/537.36 (KHTML, like Gecko) Chrome/78.0.3904.108 Safari/537.36"
74.7.241.45 - - [14/Dec/2025:01:43:50 +0000] "GET /?p=23959 HTTP/1.1" 200 44296 "-" "Mozilla/5.0 AppleWebKit/537.36 (KHTML, like Gecko; compatible; GPTBot/1.3; +https://openai.com/gptbot)"
124.248.184.195 - - [14/Dec/2025:01:43:50 +0000] "POST //wp-login.php HTTP/1.1" 200 7465 "https://datainsightnow.com//wp-login.php" "Mozilla/5.0 (Windows NT 10.0; Win64; x64) AppleWebKit/537.36 (KHTML, like Gecko) Chrome/78.0.3904.108 Safari/537.36"
124.248.184.195 - - [14/Dec/2025:01:43:51 +0000] "POST //wp-login.php HTTP/1.1" 200 7465 "https://datainsightnow.com//wp-login.php" "Mozilla/5.0 (Windows NT 10.0; Win64; x64) AppleWebKit/537.36 (KHTML, like Gecko) Chrome/78.0.3904.108 Safari/537.36"
216.73.216.115 - - [14/Dec/2025:01:43:52 +0000] "GET /entity/195804261.htm HTTP/1.1" 301 5 "-" "Mozilla/5.0 AppleWebKit/537.36 (KHTML, like Gecko; compatible; ClaudeBot/1.0; +claudebot@anthropic.com)"
124.248.184.195 - - [14/Dec/2025:01:43:52 +0000] "POST //wp-login.php HTTP/1.1" 200 7465 "https://datainsightnow.com//wp-login.php" "Mozilla/5.0 (Windows NT 10.0; Win64; x64) AppleWebKit/537.36 (KHTML, like Gecko) Chrome/78.0.3904.108 Safari/537.36"
216.73.216.115 - - [14/Dec/2025:01:43:52 +0000] "GET /entity/195804261.htm/ HTTP/1.1" 200 45438 "https://datainsightnow.com/entity/195804261.htm" "Mozilla/5.0 AppleWebKit/537.36 (KHTML, like Gecko; compatible; ClaudeBot/1.0; +claudebot@anthropic.com)"
74.7.241.45 - - [14/Dec/2025:01:43:53 +0000] "GET /?p=42319 HTTP/1.1" 200 43550 "-" "Mozilla/5.0 AppleWebKit/537.36 (KHTML, like Gecko; compatible; GPTBot/1.3; +https://openai.com/gptbot)"
124.248.184.195 - - [14/Dec/2025:01:43:53 +0000] "POST //wp-login.php HTTP/1.1" 200 7459 "https://datainsightnow.com//wp-login.php" "Mozilla/5.0 (Windows NT 10.0; Win64; x64) AppleWebKit/537.36 (KHTML, like Gecko) Chrome/78.0.3904.108 Safari/537.36"
124.248.184.195 - - [14/Dec/2025:01:43:54 +0000] "POST //wp-login.php HTTP/1.1" 200 7465 "https://datainsightnow.com//wp-login.php" "Mozilla/5.0 (Windows NT 10.0; Win64; x64) AppleWebKit/537.36 (KHTML, like Gecko) Chrome/78.0.3904.108 Safari/537.36"
124.248.184.195 - - [14/Dec/2025:01:43:55 +0000] "POST //wp-login.php HTTP/1.1" 200 7459 "https://datainsightnow.com//wp-login.php" "Mozilla/5.0 (Windows NT 10.0; Win64; x64) AppleWebKit/537.36 (KHTML, like Gecko) Chrome/78.0.3904.108 Safari/537.36"
216.73.216.115 - - [14/Dec/2025:01:43:55 +0000] "GET /entity/195881700.htm HTTP/1.1" 301 5 "-" "Mozilla/5.0 AppleWebKit/537.36 (KHTML, like Gecko; compatible; ClaudeBot/1.0; +claudebot@anthropic.com)"
216.73.216.115 - - [14/Dec/2025:01:43:55 +0000] "GET /entity/195881700.htm/ HTTP/1.1" 200 45438 "https://datainsightnow.com/entity/195881700.htm" "Mozilla/5.0 AppleWebKit/537.36 (KHTML, like Gecko; compatible; ClaudeBot/1.0; +claudebot@anthropic.com)"
124.248.184.195 - - [14/Dec/2025:01:43:56 +0000] "POST //wp-login.php HTTP/1.1" 200 7459 "https://datainsightnow.com//wp-login.php" "Mozilla/5.0 (Windows NT 10.0; Win64; x64) AppleWebKit/537.36 (KHTML, like Gecko) Chrome/78.0.3904.108 Safari/537.36"
74.7.241.45 - - [14/Dec/2025:01:43:56 +0000] "GET /index.php?rest_route=/wp/v2/posts/42319 HTTP/1.1" 200 6061 "-" "Mozilla/5.0 AppleWebKit/537.36 (KHTML, like Gecko; compatible; GPTBot/1.3; +https://openai.com/gptbot)"
124.248.184.195 - - [14/Dec/2025:01:43:57 +0000] "POST //wp-login.php HTTP/1.1" 200 7459 "https://datainsightnow.com//wp-login.php" "Mozilla/5.0 (Windows NT 10.0; Win64; x64) AppleWebKit/537.36 (KHTML, like Gecko) Chrome/78.0.3904.108 Safari/537.36"
124.248.184.195 - - [14/Dec/2025:01:43:57 +0000] "POST //wp-login.php HTTP/1.1" 200 7465 "https://datainsightnow.com//wp-login.php" "Mozilla/5.0 (Windows NT 10.0; Win64; x64) AppleWebKit/537.36 (KHTML, like Gecko) Chrome/78.0.3904.108 Safari/537.36"
216.73.216.115 - - [14/Dec/2025:01:43:58 +0000] "GET /entity/195810214.htm HTTP/1.1" 301 5 "-" "Mozilla/5.0 AppleWebKit/537.36 (KHTML, like Gecko; compatible; ClaudeBot/1.0; +claudebot@anthropic.com)"
124.248.184.195 - - [14/Dec/2025:01:43:58 +0000] "POST //wp-login.php HTTP/1.1" 200 7459 "https://datainsightnow.com//wp-login.php" "Mozilla/5.0 (Windows NT 10.0; Win64; x64) AppleWebKit/537.36 (KHTML, like Gecko) Chrome/78.0.3904.108 Safari/537.36"
216.73.216.115 - - [14/Dec/2025:01:43:58 +0000] "GET /entity/195810214.htm/ HTTP/1.1" 200 45438 "https://datainsightnow.com/entity/195810214.htm" "Mozilla/5.0 AppleWebKit/537.36 (KHTML, like Gecko; compatible; ClaudeBot/1.0; +claudebot@anthropic.com)"
124.248.184.195 - - [14/Dec/2025:01:43:59 +0000] "POST //wp-login.php HTTP/1.1" 200 7459 "https://datainsightnow.com//wp-login.php" "Mozilla/5.0 (Windows NT 10.0; Win64; x64) AppleWebKit/537.36 (KHTML, like Gecko) Chrome/78.0.3904.108 Safari/537.36"
74.7.241.45 - - [14/Dec/2025:01:43:59 +0000] "GET /index.php?rest_route=%2Foembed%2F1.0%2Fembed&url=https%3A%2F%2Fdatainsightnow.com%2F%3Fp%3D42319 HTTP/1.1" 200 1271 "-" "Mozilla/5.0 AppleWebKit/537.36 (KHTML, like Gecko; compatible; GPTBot/1.3; +https://openai.com/gptbot)"
124.248.184.195 - - [14/Dec/2025:01:44:00 +0000] "POST //wp-login.php HTTP/1.1" 200 7465 "https://datainsightnow.com//wp-login.php" "Mozilla/5.0 (Windows NT 10.0; Win64; x64) AppleWebKit/537.36 (KHTML, like Gecko) Chrome/78.0.3904.108 Safari/537.36"
124.248.184.195 - - [14/Dec/2025:01:44:01 +0000] "POST //wp-login.php HTTP/1.1" 200 7459 "https://datainsightnow.com//wp-login.php" "Mozilla/5.0 (Windows NT 10.0; Win64; x64) AppleWebKit/537.36 (KHTML, like Gecko) Chrome/78.0.3904.108 Safari/537.36"
216.73.216.115 - - [14/Dec/2025:01:44:01 +0000] "GET /entity/195901896.htm HTTP/1.1" 301 5 "-" "Mozilla/5.0 AppleWebKit/537.36 (KHTML, like Gecko; compatible; ClaudeBot/1.0; +claudebot@anthropic.com)"
216.73.216.115 - - [14/Dec/2025:01:44:02 +0000] "GET /entity/195901896.htm/ HTTP/1.1" 200 45438 "https://datainsightnow.com/entity/195901896.htm" "Mozilla/5.0 AppleWebKit/537.36 (KHTML, like Gecko; compatible; ClaudeBot/1.0; +claudebot@anthropic.com)"
124.248.184.195 - - [14/Dec/2025:01:44:02 +0000] "POST //wp-login.php HTTP/1.1" 200 7465 "https://datainsightnow.com//wp-login.php" "Mozilla/5.0 (Windows NT 10.0; Win64; x64) AppleWebKit/537.36 (KHTML, like Gecko) Chrome/78.0.3904.108 Safari/537.36"
52.167.144.176 - - [14/Dec/2025:01:44:02 +0000] "GET /?741536160?entity=0738673346 HTTP/1.1" 200 29920 "-" "Mozilla/5.0 AppleWebKit/537.36 (KHTML, like Gecko; compatible; bingbot/2.0; +http://www.bing.com/bingbot.htm) Chrome/116.0.1938.76 Safari/537.36"
74.7.241.45 - - [14/Dec/2025:01:44:02 +0000] "GET /index.php?format=xml&rest_route=%2Foembed%2F1.0%2Fembed&url=https%3A%2F%2Fdatainsightnow.com%2F%3Fp%3D42319 HTTP/1.1" 200 1297 "-" "Mozilla/5.0 AppleWebKit/537.36 (KHTML, like Gecko; compatible; GPTBot/1.3; +https://openai.com/gptbot)"
124.248.184.195 - - [14/Dec/2025:01:44:02 +0000] "POST //wp-login.php HTTP/1.1" 200 7465 "https://datainsightnow.com//wp-login.php" "Mozilla/5.0 (Windows NT 10.0; Win64; x64) AppleWebKit/537.36 (KHTML, like Gecko) Chrome/78.0.3904.108 Safari/537.36"
124.248.184.195 - - [14/Dec/2025:01:44:03 +0000] "POST //wp-login.php HTTP/1.1" 200 7459 "https://datainsightnow.com//wp-login.php" "Mozilla/5.0 (Windows NT 10.0; Win64; x64) AppleWebKit/537.36 (KHTML, like Gecko) Chrome/78.0.3904.108 Safari/537.36"
216.73.216.115 - - [14/Dec/2025:01:44:04 +0000] "GET /entity/195932211.htm HTTP/1.1" 301 5 "-" "Mozilla/5.0 AppleWebKit/537.36 (KHTML, like Gecko; compatible; ClaudeBot/1.0; +claudebot@anthropic.com)"
124.248.184.195 - - [14/Dec/2025:01:44:04 +0000] "POST //wp-login.php HTTP/1.1" 200 7465 "https://datainsightnow.com//wp-login.php" "Mozilla/5.0 (Windows NT 10.0; Win64; x64) AppleWebKit/537.36 (KHTML, like Gecko) Chrome/78.0.3904.108 Safari/537.36"
216.73.216.115 - - [14/Dec/2025:01:44:04 +0000] "GET /entity/195932211.htm/ HTTP/1.1" 200 45438 "https://datainsightnow.com/entity/195932211.htm" "Mozilla/5.0 AppleWebKit/537.36 (KHTML, like Gecko; compatible; ClaudeBot/1.0; +claudebot@anthropic.com)"
185.113.8.55 - - [14/Dec/2025:01:44:05 +0000] "POST /wp-login.php HTTP/1.1" 200 2677 "-" "Mozilla/5.0 (X11; Linux x86_64) AppleWebKit/537.36 (KHTML, like Gecko) Chrome/128.0.6885.886 Safari/537.36"
124.248.184.195 - - [14/Dec/2025:01:44:05 +0000] "POST //wp-login.php HTTP/1.1" 200 7459 "https://datainsightnow.com//wp-login.php" "Mozilla/5.0 (Windows NT 10.0; Win64; x64) AppleWebKit/537.36 (KHTML, like Gecko) Chrome/78.0.3904.108 Safari/537.36"
74.7.241.45 - - [14/Dec/2025:01:44:06 +0000] "GET /?p=47651 HTTP/1.1" 200 43103 "-" "Mozilla/5.0 AppleWebKit/537.36 (KHTML, like Gecko; compatible; GPTBot/1.3; +https://openai.com/gptbot)"
124.248.184.195 - - [14/Dec/2025:01:44:06 +0000] "POST //wp-login.php HTTP/1.1" 200 7459 "https://datainsightnow.com//wp-login.php" "Mozilla/5.0 (Windows NT 10.0; Win64; x64) AppleWebKit/537.36 (KHTML, like Gecko) Chrome/78.0.3904.108 Safari/537.36"
124.248.184.195 - - [14/Dec/2025:01:44:07 +0000] "POST //wp-login.php HTTP/1.1" 200 7465 "https://datainsightnow.com//wp-login.php" "Mozilla/5.0 (Windows NT 10.0; Win64; x64) AppleWebKit/537.36 (KHTML, like Gecko) Chrome/78.0.3904.108 Safari/537.36"
216.73.216.115 - - [14/Dec/2025:01:44:07 +0000] "GET /entity/195956029.htm HTTP/1.1" 301 5 "-" "Mozilla/5.0 AppleWebKit/537.36 (KHTML, like Gecko; compatible; ClaudeBot/1.0; +claudebot@anthropic.com)"
185.113.8.55 - - [14/Dec/2025:01:44:07 +0000] "POST /wp-login.php HTTP/1.1" 200 2680 "-" "Mozilla/5.0 (Macintosh; Intel Mac OS X 14_6_1) AppleWebKit/537.36 (KHTML, like Gecko) Chrome/124.0.4622.858 Safari/537.36"
124.248.184.195 - - [14/Dec/2025:01:44:07 +0000] "POST //wp-login.php HTTP/1.1" 200 7459 "https://datainsightnow.com//wp-login.php" "Mozilla/5.0 (Windows NT 10.0; Win64; x64) AppleWebKit/537.36 (KHTML, like Gecko) Chrome/78.0.3904.108 Safari/537.36"
216.73.216.115 - - [14/Dec/2025:01:44:08 +0000] "GET /entity/195956029.htm/ HTTP/1.1" 200 45438 "https://datainsightnow.com/entity/195956029.htm" "Mozilla/5.0 AppleWebKit/537.36 (KHTML, like Gecko; compatible; ClaudeBot/1.0; +claudebot@anthropic.com)"
124.248.184.195 - - [14/Dec/2025:01:44:08 +0000] "POST //wp-login.php HTTP/1.1" 200 7465 "https://datainsightnow.com//wp-login.php" "Mozilla/5.0 (Windows NT 10.0; Win64; x64) AppleWebKit/537.36 (KHTML, like Gecko) Chrome/78.0.3904.108 Safari/537.36"
74.7.241.45 - - [14/Dec/2025:01:44:08 +0000] "GET /index.php?format=xml&rest_route=%2Foembed%2F1.0%2Fembed&url=https%3A%2F%2Fdatainsightnow.com%2F%3Fp%3D47651 HTTP/1.1" 200 1309 "-" "Mozilla/5.0 AppleWebKit/537.36 (KHTML, like Gecko; compatible; GPTBot/1.3; +https://openai.com/gptbot)"
124.248.184.195 - - [14/Dec/2025:01:44:09 +0000] "POST //wp-login.php HTTP/1.1" 200 7459 "https://datainsightnow.com//wp-login.php" "Mozilla/5.0 (Windows NT 10.0; Win64; x64) AppleWebKit/537.36 (KHTML, like Gecko) Chrome/78.0.3904.108 Safari/537.36"
216.73.216.115 - - [14/Dec/2025:01:44:10 +0000] "GET /entity/195842593.htm HTTP/1.1" 301 5 "-" "Mozilla/5.0 AppleWebKit/537.36 (KHTML, like Gecko; compatible; ClaudeBot/1.0; +claudebot@anthropic.com)"
124.248.184.195 - - [14/Dec/2025:01:44:10 +0000] "POST //wp-login.php HTTP/1.1" 200 7459 "https://datainsightnow.com//wp-login.php" "Mozilla/5.0 (Windows NT 10.0; Win64; x64) AppleWebKit/537.36 (KHTML, like Gecko) Chrome/78.0.3904.108 Safari/537.36"
216.73.216.115 - - [14/Dec/2025:01:44:10 +0000] "GET /entity/195842593.htm/ HTTP/1.1" 200 45438 "https://datainsightnow.com/entity/195842593.htm" "Mozilla/5.0 AppleWebKit/537.36 (KHTML, like Gecko; compatible; ClaudeBot/1.0; +claudebot@anthropic.com)"
124.248.184.195 - - [14/Dec/2025:01:44:11 +0000] "POST //wp-login.php HTTP/1.1" 200 7465 "https://datainsightnow.com//wp-login.php" "Mozilla/5.0 (Windows NT 10.0; Win64; x64) AppleWebKit/537.36 (KHTML, like Gecko) Chrome/78.0.3904.108 Safari/537.36"
74.7.241.45 - - [14/Dec/2025:01:44:12 +0000] "GET /index.php?rest_route=/wp/v2/posts/47651 HTTP/1.1" 200 5643 "-" "Mozilla/5.0 AppleWebKit/537.36 (KHTML, like Gecko; compatible; GPTBot/1.3; +https://openai.com/gptbot)"
124.248.184.195 - - [14/Dec/2025:01:44:12 +0000] "POST //wp-login.php HTTP/1.1" 200 7459 "https://datainsightnow.com//wp-login.php" "Mozilla/5.0 (Windows NT 10.0; Win64; x64) AppleWebKit/537.36 (KHTML, like Gecko) Chrome/78.0.3904.108 Safari/537.36"
124.248.184.195 - - [14/Dec/2025:01:44:12 +0000] "POST //wp-login.php HTTP/1.1" 200 7465 "https://datainsightnow.com//wp-login.php" "Mozilla/5.0 (Windows NT 10.0; Win64; x64) AppleWebKit/537.36 (KHTML, like Gecko) Chrome/78.0.3904.108 Safari/537.36"
216.73.216.115 - - [14/Dec/2025:01:44:13 +0000] "GET /entity/195952921.htm HTTP/1.1" 301 5 "-" "Mozilla/5.0 AppleWebKit/537.36 (KHTML, like Gecko; compatible; ClaudeBot/1.0; +claudebot@anthropic.com)"
124.248.184.195 - - [14/Dec/2025:01:44:13 +0000] "POST //wp-login.php HTTP/1.1" 200 7465 "https://datainsightnow.com//wp-login.php" "Mozilla/5.0 (Windows NT 10.0; Win64; x64) AppleWebKit/537.36 (KHTML, like Gecko) Chrome/78.0.3904.108 Safari/537.36"
216.73.216.115 - - [14/Dec/2025:01:44:13 +0000] "GET /entity/195952921.htm/ HTTP/1.1" 200 45438 "https://datainsightnow.com/entity/195952921.htm" "Mozilla/5.0 AppleWebKit/537.36 (KHTML, like Gecko; compatible; ClaudeBot/1.0; +claudebot@anthropic.com)"
124.248.184.195 - - [14/Dec/2025:01:44:14 +0000] "POST //wp-login.php HTTP/1.1" 200 7465 "https://datainsightnow.com//wp-login.php" "Mozilla/5.0 (Windows NT 10.0; Win64; x64) AppleWebKit/537.36 (KHTML, like Gecko) Chrome/78.0.3904.108 Safari/537.36"
74.7.241.45 - - [14/Dec/2025:01:44:15 +0000] "GET /index.php?rest_route=%2Foembed%2F1.0%2Fembed&url=https%3A%2F%2Fdatainsightnow.com%2F%3Fp%3D47651 HTTP/1.1" 200 1281 "-" "Mozilla/5.0 AppleWebKit/537.36 (KHTML, like Gecko; compatible; GPTBot/1.3; +https://openai.com/gptbot)"
124.248.184.195 - - [14/Dec/2025:01:44:15 +0000] "POST //wp-login.php HTTP/1.1" 200 7465 "https://datainsightnow.com//wp-login.php" "Mozilla/5.0 (Windows NT 10.0; Win64; x64) AppleWebKit/537.36 (KHTML, like Gecko) Chrome/78.0.3904.108 Safari/537.36"
124.248.184.195 - - [14/Dec/2025:01:44:16 +0000] "POST //wp-login.php HTTP/1.1" 200 7459 "https://datainsightnow.com//wp-login.php" "Mozilla/5.0 (Windows NT 10.0; Win64; x64) AppleWebKit/537.36 (KHTML, like Gecko) Chrome/78.0.3904.108 Safari/537.36"
216.73.216.115 - - [14/Dec/2025:01:44:16 +0000] "GET /entity/195952670.htm HTTP/1.1" 301 5 "-" "Mozilla/5.0 AppleWebKit/537.36 (KHTML, like Gecko; compatible; ClaudeBot/1.0; +claudebot@anthropic.com)"
216.73.216.115 - - [14/Dec/2025:01:44:16 +0000] "GET /entity/195952670.htm/ HTTP/1.1" 200 45438 "https://datainsightnow.com/entity/195952670.htm" "Mozilla/5.0 AppleWebKit/537.36 (KHTML, like Gecko; compatible; ClaudeBot/1.0; +claudebot@anthropic.com)"
124.248.184.195 - - [14/Dec/2025:01:44:17 +0000] "POST //wp-login.php HTTP/1.1" 200 7459 "https://datainsightnow.com//wp-login.php" "Mozilla/5.0 (Windows NT 10.0; Win64; x64) AppleWebKit/537.36 (KHTML, like Gecko) Chrome/78.0.3904.108 Safari/537.36"
124.248.184.195 - - [14/Dec/2025:01:44:17 +0000] "POST //wp-login.php HTTP/1.1" 200 7459 "https://datainsightnow.com//wp-login.php" "Mozilla/5.0 (Windows NT 10.0; Win64; x64) AppleWebKit/537.36 (KHTML, like Gecko) Chrome/78.0.3904.108 Safari/537.36"
74.7.241.45 - - [14/Dec/2025:01:44:18 +0000] "GET /?p=29799 HTTP/1.1" 200 43809 "-" "Mozilla/5.0 AppleWebKit/537.36 (KHTML, like Gecko; compatible; GPTBot/1.3; +https://openai.com/gptbot)"
124.248.184.195 - - [14/Dec/2025:01:44:18 +0000] "POST //wp-login.php HTTP/1.1" 200 7459 "https://datainsightnow.com//wp-login.php" "Mozilla/5.0 (Windows NT 10.0; Win64; x64) AppleWebKit/537.36 (KHTML, like Gecko) Chrome/78.0.3904.108 Safari/537.36"
216.73.216.115 - - [14/Dec/2025:01:44:19 +0000] "GET /entity/195826792.htm HTTP/1.1" 301 5 "-" "Mozilla/5.0 AppleWebKit/537.36 (KHTML, like Gecko; compatible; ClaudeBot/1.0; +claudebot@anthropic.com)"
124.248.184.195 - - [14/Dec/2025:01:44:19 +0000] "POST //wp-login.php HTTP/1.1" 200 7465 "https://datainsightnow.com//wp-login.php" "Mozilla/5.0 (Windows NT 10.0; Win64; x64) AppleWebKit/537.36 (KHTML, like Gecko) Chrome/78.0.3904.108 Safari/537.36"
216.73.216.115 - - [14/Dec/2025:01:44:19 +0000] "GET /entity/195826792.htm/ HTTP/1.1" 200 45438 "https://datainsightnow.com/entity/195826792.htm" "Mozilla/5.0 AppleWebKit/537.36 (KHTML, like Gecko; compatible; ClaudeBot/1.0; +claudebot@anthropic.com)"
124.248.184.195 - - [14/Dec/2025:01:44:20 +0000] "POST //wp-login.php HTTP/1.1" 200 7459 "https://datainsightnow.com//wp-login.php" "Mozilla/5.0 (Windows NT 10.0; Win64; x64) AppleWebKit/537.36 (KHTML, like Gecko) Chrome/78.0.3904.108 Safari/537.36"
124.248.184.195 - - [14/Dec/2025:01:44:21 +0000] "POST //wp-login.php HTTP/1.1" 200 7465 "https://datainsightnow.com//wp-login.php" "Mozilla/5.0 (Windows NT 10.0; Win64; x64) AppleWebKit/537.36 (KHTML, like Gecko) Chrome/78.0.3904.108 Safari/537.36"
74.7.241.45 - - [14/Dec/2025:01:44:21 +0000] "GET /?p=10689 HTTP/1.1" 200 42285 "-" "Mozilla/5.0 AppleWebKit/537.36 (KHTML, like Gecko; compatible; GPTBot/1.3; +https://openai.com/gptbot)"
124.248.184.195 - - [14/Dec/2025:01:44:22 +0000] "POST //wp-login.php HTTP/1.1" 200 7459 "https://datainsightnow.com//wp-login.php" "Mozilla/5.0 (Windows NT 10.0; Win64; x64) AppleWebKit/537.36 (KHTML, like Gecko) Chrome/78.0.3904.108 Safari/537.36"
216.73.216.115 - - [14/Dec/2025:01:44:22 +0000] "GET /entity/195842079.htm HTTP/1.1" 301 5 "-" "Mozilla/5.0 AppleWebKit/537.36 (KHTML, like Gecko; compatible; ClaudeBot/1.0; +claudebot@anthropic.com)"
216.73.216.115 - - [14/Dec/2025:01:44:22 +0000] "GET /entity/195842079.htm/ HTTP/1.1" 200 45438 "https://datainsightnow.com/entity/195842079.htm" "Mozilla/5.0 AppleWebKit/537.36 (KHTML, like Gecko; compatible; ClaudeBot/1.0; +claudebot@anthropic.com)"
124.248.184.195 - - [14/Dec/2025:01:44:22 +0000] "POST //wp-login.php HTTP/1.1" 200 7465 "https://datainsightnow.com//wp-login.php" "Mozilla/5.0 (Windows NT 10.0; Win64; x64) AppleWebKit/537.36 (KHTML, like Gecko) Chrome/78.0.3904.108 Safari/537.36"
124.248.184.195 - - [14/Dec/2025:01:44:23 +0000] "POST //wp-login.php HTTP/1.1" 200 7465 "https://datainsightnow.com//wp-login.php" "Mozilla/5.0 (Windows NT 10.0; Win64; x64) AppleWebKit/537.36 (KHTML, like Gecko) Chrome/78.0.3904.108 Safari/537.36"
74.7.241.45 - - [14/Dec/2025:01:44:24 +0000] "GET /index.php?format=xml&rest_route=%2Foembed%2F1.0%2Fembed&url=https%3A%2F%2Fdatainsightnow.com%2F%3Fp%3D10689 HTTP/1.1" 200 1286 "-" "Mozilla/5.0 AppleWebKit/537.36 (KHTML, like Gecko; compatible; GPTBot/1.3; +https://openai.com/gptbot)"
124.248.184.195 - - [14/Dec/2025:01:44:24 +0000] "POST //wp-login.php HTTP/1.1" 200 7459 "https://datainsightnow.com//wp-login.php" "Mozilla/5.0 (Windows NT 10.0; Win64; x64) AppleWebKit/537.36 (KHTML, like Gecko) Chrome/78.0.3904.108 Safari/537.36"
216.73.216.115 - - [14/Dec/2025:01:44:25 +0000] "GET /entity/195982453.htm HTTP/1.1" 301 5 "-" "Mozilla/5.0 AppleWebKit/537.36 (KHTML, like Gecko; compatible; ClaudeBot/1.0; +claudebot@anthropic.com)"
124.248.184.195 - - [14/Dec/2025:01:44:25 +0000] "POST //wp-login.php HTTP/1.1" 200 7465 "https://datainsightnow.com//wp-login.php" "Mozilla/5.0 (Windows NT 10.0; Win64; x64) AppleWebKit/537.36 (KHTML, like Gecko) Chrome/78.0.3904.108 Safari/537.36"
216.73.216.115 - - [14/Dec/2025:01:44:25 +0000] "GET /entity/195982453.htm/ HTTP/1.1" 200 45438 "https://datainsightnow.com/entity/195982453.htm" "Mozilla/5.0 AppleWebKit/537.36 (KHTML, like Gecko; compatible; ClaudeBot/1.0; +claudebot@anthropic.com)"
124.248.184.195 - - [14/Dec/2025:01:44:26 +0000] "POST //wp-login.php HTTP/1.1" 200 7465 "https://datainsightnow.com//wp-login.php" "Mozilla/5.0 (Windows NT 10.0; Win64; x64) AppleWebKit/537.36 (KHTML, like Gecko) Chrome/78.0.3904.108 Safari/537.36"
124.248.184.195 - - [14/Dec/2025:01:44:27 +0000] "POST //wp-login.php HTTP/1.1" 200 7459 "https://datainsightnow.com//wp-login.php" "Mozilla/5.0 (Windows NT 10.0; Win64; x64) AppleWebKit/537.36 (KHTML, like Gecko) Chrome/78.0.3904.108 Safari/537.36"
74.7.241.45 - - [14/Dec/2025:01:44:27 +0000] "GET /index.php?rest_route=%2Foembed%2F1.0%2Fembed&url=https%3A%2F%2Fdatainsightnow.com%2F%3Fp%3D10689 HTTP/1.1" 200 1261 "-" "Mozilla/5.0 AppleWebKit/537.36 (KHTML, like Gecko; compatible; GPTBot/1.3; +https://openai.com/gptbot)"
124.248.184.195 - - [14/Dec/2025:01:44:27 +0000] "POST //wp-login.php HTTP/1.1" 200 7459 "https://datainsightnow.com//wp-login.php" "Mozilla/5.0 (Windows NT 10.0; Win64; x64) AppleWebKit/537.36 (KHTML, like Gecko) Chrome/78.0.3904.108 Safari/537.36"
216.73.216.115 - - [14/Dec/2025:01:44:28 +0000] "GET /entity/196003434.htm HTTP/1.1" 301 5 "-" "Mozilla/5.0 AppleWebKit/537.36 (KHTML, like Gecko; compatible; ClaudeBot/1.0; +claudebot@anthropic.com)"
124.248.184.195 - - [14/Dec/2025:01:44:28 +0000] "POST //wp-login.php HTTP/1.1" 200 7465 "https://datainsightnow.com//wp-login.php" "Mozilla/5.0 (Windows NT 10.0; Win64; x64) AppleWebKit/537.36 (KHTML, like Gecko) Chrome/78.0.3904.108 Safari/537.36"
216.73.216.115 - - [14/Dec/2025:01:44:28 +0000] "GET /entity/196003434.htm/ HTTP/1.1" 200 45438 "https://datainsightnow.com/entity/196003434.htm" "Mozilla/5.0 AppleWebKit/537.36 (KHTML, like Gecko; compatible; ClaudeBot/1.0; +claudebot@anthropic.com)"
124.248.184.195 - - [14/Dec/2025:01:44:29 +0000] "POST //wp-login.php HTTP/1.1" 200 7459 "https://datainsightnow.com//wp-login.php" "Mozilla/5.0 (Windows NT 10.0; Win64; x64) AppleWebKit/537.36 (KHTML, like Gecko) Chrome/78.0.3904.108 Safari/537.36"
124.248.184.195 - - [14/Dec/2025:01:44:30 +0000] "POST //wp-login.php HTTP/1.1" 200 7459 "https://datainsightnow.com//wp-login.php" "Mozilla/5.0 (Windows NT 10.0; Win64; x64) AppleWebKit/537.36 (KHTML, like Gecko) Chrome/78.0.3904.108 Safari/537.36"
74.7.241.45 - - [14/Dec/2025:01:44:31 +0000] "GET /index.php?rest_route=/wp/v2/posts/10689 HTTP/1.1" 200 4901 "-" "Mozilla/5.0 AppleWebKit/537.36 (KHTML, like Gecko; compatible; GPTBot/1.3; +https://openai.com/gptbot)"
124.248.184.195 - - [14/Dec/2025:01:44:31 +0000] "POST //wp-login.php HTTP/1.1" 200 7459 "https://datainsightnow.com//wp-login.php" "Mozilla/5.0 (Windows NT 10.0; Win64; x64) AppleWebKit/537.36 (KHTML, like Gecko) Chrome/78.0.3904.108 Safari/537.36"
216.73.216.115 - - [14/Dec/2025:01:44:31 +0000] "GET /entity/195933247.htm HTTP/1.1" 301 5 "-" "Mozilla/5.0 AppleWebKit/537.36 (KHTML, like Gecko; compatible; ClaudeBot/1.0; +claudebot@anthropic.com)"
216.73.216.115 - - [14/Dec/2025:01:44:31 +0000] "GET /entity/195933247.htm/ HTTP/1.1" 200 45438 "https://datainsightnow.com/entity/195933247.htm" "Mozilla/5.0 AppleWebKit/537.36 (KHTML, like Gecko; compatible; ClaudeBot/1.0; +claudebot@anthropic.com)"
124.248.184.195 - - [14/Dec/2025:01:44:32 +0000] "POST //wp-login.php HTTP/1.1" 200 7459 "https://datainsightnow.com//wp-login.php" "Mozilla/5.0 (Windows NT 10.0; Win64; x64) AppleWebKit/537.36 (KHTML, like Gecko) Chrome/78.0.3904.108 Safari/537.36"
124.248.184.195 - - [14/Dec/2025:01:44:32 +0000] "POST //wp-login.php HTTP/1.1" 200 7459 "https://datainsightnow.com//wp-login.php" "Mozilla/5.0 (Windows NT 10.0; Win64; x64) AppleWebKit/537.36 (KHTML, like Gecko) Chrome/78.0.3904.108 Safari/537.36"
124.248.184.195 - - [14/Dec/2025:01:44:33 +0000] "POST //wp-login.php HTTP/1.1" 200 7459 "https://datainsightnow.com//wp-login.php" "Mozilla/5.0 (Windows NT 10.0; Win64; x64) AppleWebKit/537.36 (KHTML, like Gecko) Chrome/78.0.3904.108 Safari/537.36"
216.73.216.115 - - [14/Dec/2025:01:44:34 +0000] "GET /entity/195965102.htm HTTP/1.1" 301 5 "-" "Mozilla/5.0 AppleWebKit/537.36 (KHTML, like Gecko; compatible; ClaudeBot/1.0; +claudebot@anthropic.com)"
74.7.241.45 - - [14/Dec/2025:01:44:34 +0000] "GET /?p=40763 HTTP/1.1" 200 41436 "-" "Mozilla/5.0 AppleWebKit/537.36 (KHTML, like Gecko; compatible; GPTBot/1.3; +https://openai.com/gptbot)"
124.248.184.195 - - [14/Dec/2025:01:44:34 +0000] "POST //wp-login.php HTTP/1.1" 200 7465 "https://datainsightnow.com//wp-login.php" "Mozilla/5.0 (Windows NT 10.0; Win64; x64) AppleWebKit/537.36 (KHTML, like Gecko) Chrome/78.0.3904.108 Safari/537.36"
216.73.216.115 - - [14/Dec/2025:01:44:34 +0000] "GET /entity/195965102.htm/ HTTP/1.1" 200 45438 "https://datainsightnow.com/entity/195965102.htm" "Mozilla/5.0 AppleWebKit/537.36 (KHTML, like Gecko; compatible; ClaudeBot/1.0; +claudebot@anthropic.com)"
124.248.184.195 - - [14/Dec/2025:01:44:35 +0000] "POST //wp-login.php HTTP/1.1" 200 7459 "https://datainsightnow.com//wp-login.php" "Mozilla/5.0 (Windows NT 10.0; Win64; x64) AppleWebKit/537.36 (KHTML, like Gecko) Chrome/78.0.3904.108 Safari/537.36"
124.248.184.195 - - [14/Dec/2025:01:44:36 +0000] "POST //wp-login.php HTTP/1.1" 200 7459 "https://datainsightnow.com//wp-login.php" "Mozilla/5.0 (Windows NT 10.0; Win64; x64) AppleWebKit/537.36 (KHTML, like Gecko) Chrome/78.0.3904.108 Safari/537.36"
124.248.184.195 - - [14/Dec/2025:01:44:37 +0000] "POST //wp-login.php HTTP/1.1" 200 7459 "https://datainsightnow.com//wp-login.php" "Mozilla/5.0 (Windows NT 10.0; Win64; x64) AppleWebKit/537.36 (KHTML, like Gecko) Chrome/78.0.3904.108 Safari/537.36"
216.73.216.115 - - [14/Dec/2025:01:44:37 +0000] "GET /entity/195806070.htm HTTP/1.1" 301 5 "-" "Mozilla/5.0 AppleWebKit/537.36 (KHTML, like Gecko; compatible; ClaudeBot/1.0; +claudebot@anthropic.com)"
57.141.0.53 - - [14/Dec/2025:01:44:37 +0000] "GET /karamba-spielsaal-erfahrungen-angeschlossen-testbericht-werfen-sie-einen-blick-auf-den-link-within-2025-pro-teutonia/?path=//sys/class/pci_bus/0000:0b/subsystem/0000:02/subsystem/0000:0d/device/driver/0000:00:03.0/driver/0000:00:02.2 HTTP/1.1" 200 262209 "-" "meta-externalagent/1.1 (+https://developers.facebook.com/docs/sharing/webmasters/crawler)"
74.7.241.45 - - [14/Dec/2025:01:44:37 +0000] "GET /index.php?rest_route=/wp/v2/posts/40763 HTTP/1.1" 200 4334 "-" "Mozilla/5.0 AppleWebKit/537.36 (KHTML, like Gecko; compatible; GPTBot/1.3; +https://openai.com/gptbot)"
124.248.184.195 - - [14/Dec/2025:01:44:37 +0000] "POST //wp-login.php HTTP/1.1" 200 7465 "https://datainsightnow.com//wp-login.php" "Mozilla/5.0 (Windows NT 10.0; Win64; x64) AppleWebKit/537.36 (KHTML, like Gecko) Chrome/78.0.3904.108 Safari/537.36"
216.73.216.115 - - [14/Dec/2025:01:44:38 +0000] "GET /entity/195806070.htm/ HTTP/1.1" 200 45438 "https://datainsightnow.com/entity/195806070.htm" "Mozilla/5.0 AppleWebKit/537.36 (KHTML, like Gecko; compatible; ClaudeBot/1.0; +claudebot@anthropic.com)"
124.248.184.195 - - [14/Dec/2025:01:44:38 +0000] "POST //wp-login.php HTTP/1.1" 200 7465 "https://datainsightnow.com//wp-login.php" "Mozilla/5.0 (Windows NT 10.0; Win64; x64) AppleWebKit/537.36 (KHTML, like Gecko) Chrome/78.0.3904.108 Safari/537.36"
57.141.0.23 - - [14/Dec/2025:01:44:39 +0000] "GET /karamba-spielsaal-erfahrungen-angeschlossen-testbericht-werfen-sie-einen-blick-auf-den-link-within-2025-pro-teutonia/?path=//sys/class/pci_bus/0000:06/subsystem/0000:07/subsystem/0000:0f/device/driver/0000:00:02.7/subsystem/devices/0000:00:02.2 HTTP/1.1" 200 262216 "-" "meta-externalagent/1.1 (+https://developers.facebook.com/docs/sharing/webmasters/crawler)"
124.248.184.195 - - [14/Dec/2025:01:44:39 +0000] "POST //wp-login.php HTTP/1.1" 200 7459 "https://datainsightnow.com//wp-login.php" "Mozilla/5.0 (Windows NT 10.0; Win64; x64) AppleWebKit/537.36 (KHTML, like Gecko) Chrome/78.0.3904.108 Safari/537.36"
57.141.0.49 - - [14/Dec/2025:01:44:39 +0000] "GET /2025/03/07/page/6/?path=//sys/class/pci_bus/0000:0e/subsystem/0000:05/device/driver/0000:00:04.1/0000:00:04.1:pcie002/subsystem/drivers/dpc HTTP/1.1" 200 262264 "-" "meta-externalagent/1.1 (+https://developers.facebook.com/docs/sharing/webmasters/crawler)"
216.73.216.115 - - [14/Dec/2025:01:44:40 +0000] "GET /entity/195867969.htm HTTP/1.1" 301 5 "-" "Mozilla/5.0 AppleWebKit/537.36 (KHTML, like Gecko; compatible; ClaudeBot/1.0; +claudebot@anthropic.com)"
124.248.184.195 - - [14/Dec/2025:01:44:40 +0000] "POST //wp-login.php HTTP/1.1" 200 7465 "https://datainsightnow.com//wp-login.php" "Mozilla/5.0 (Windows NT 10.0; Win64; x64) AppleWebKit/537.36 (KHTML, like Gecko) Chrome/78.0.3904.108 Safari/537.36"
74.7.241.45 - - [14/Dec/2025:01:44:40 +0000] "GET /index.php?format=xml&rest_route=%2Foembed%2F1.0%2Fembed&url=https%3A%2F%2Fdatainsightnow.com%2F%3Fp%3D40763 HTTP/1.1" 200 1286 "-" "Mozilla/5.0 AppleWebKit/537.36 (KHTML, like Gecko; compatible; GPTBot/1.3; +https://openai.com/gptbot)"
216.73.216.115 - - [14/Dec/2025:01:44:40 +0000] "GET /entity/195867969.htm/ HTTP/1.1" 200 45438 "https://datainsightnow.com/entity/195867969.htm" "Mozilla/5.0 AppleWebKit/537.36 (KHTML, like Gecko; compatible; ClaudeBot/1.0; +claudebot@anthropic.com)"
124.248.184.195 - - [14/Dec/2025:01:44:41 +0000] "POST //wp-login.php HTTP/1.1" 200 7465 "https://datainsightnow.com//wp-login.php" "Mozilla/5.0 (Windows NT 10.0; Win64; x64) AppleWebKit/537.36 (KHTML, like Gecko) Chrome/78.0.3904.108 Safari/537.36"
124.248.184.195 - - [14/Dec/2025:01:44:42 +0000] "POST //wp-login.php HTTP/1.1" 200 7459 "https://datainsightnow.com//wp-login.php" "Mozilla/5.0 (Windows NT 10.0; Win64; x64) AppleWebKit/537.36 (KHTML, like Gecko) Chrome/78.0.3904.108 Safari/537.36"
124.248.184.195 - - [14/Dec/2025:01:44:42 +0000] "POST //wp-login.php HTTP/1.1" 200 7465 "https://datainsightnow.com//wp-login.php" "Mozilla/5.0 (Windows NT 10.0; Win64; x64) AppleWebKit/537.36 (KHTML, like Gecko) Chrome/78.0.3904.108 Safari/537.36"
216.73.216.115 - - [14/Dec/2025:01:44:43 +0000] "GET /entity/195802962.htm HTTP/1.1" 301 5 "-" "Mozilla/5.0 AppleWebKit/537.36 (KHTML, like Gecko; compatible; ClaudeBot/1.0; +claudebot@anthropic.com)"
