194.247.173.99 - - [14/Dec/2025:00:49:53 +0000] "GET /9-masks-of-fire-hyperspins-slot-777-gems-respin-%E5%B0%8A%E7%88%B5/?fileloc=//etc/alternatives/which&path=//etc/alternatives HTTP/1.1" 200 45438 "-" "Mozilla/5.0 (compatible; MJ12bot/v1.4.8; http://mj12bot.com/)"
57.141.0.27 - - [14/Dec/2025:00:49:53 +0000] "GET /karamba-spielsaal-erfahrungen-angeschlossen-testbericht-werfen-sie-einen-blick-auf-den-link-within-2025-pro-teutonia/?fileloc=//sys/class/pci_bus/0000:02/subsystem/0000:0d/device/driver/0000:00:04.1/ari_enabled&path=//sys/class/pci_bus/0000:02/subsystem/0000:0d/device/driver/0000:00:04.1 HTTP/1.1" 200 262264 "-" "meta-externalagent/1.1 (+https://developers.facebook.com/docs/sharing/webmasters/crawler)"
74.7.227.179 - - [14/Dec/2025:00:49:54 +0000] "GET /index.php?rest_route=%2Foembed%2F1.0%2Fembed&url=https%3A%2F%2Fdatainsightnow.com%2F%3Fp%3D23993 HTTP/1.1" 200 1288 "-" "Mozilla/5.0 AppleWebKit/537.36 (KHTML, like Gecko; compatible; GPTBot/1.3; +https://openai.com/gptbot)"
57.141.0.51 - - [14/Dec/2025:00:49:54 +0000] "GET /karamba-spielsaal-erfahrungen-angeschlossen-testbericht-werfen-sie-einen-blick-auf-den-link-within-2025-pro-teutonia/?path=//sys/class/pci_bus/0000:06/subsystem/0000:0b/subsystem/0000:00/device/0000:00:04.1/driver/0000:00:02.1/subsystem/devices/0000:00:02.1 HTTP/1.1" 200 262248 "-" "meta-externalagent/1.1 (+https://developers.facebook.com/docs/sharing/webmasters/crawler)"
185.191.171.4 - - [14/Dec/2025:00:49:55 +0000] "GET /?p=24547 HTTP/1.1" 200 42221 "-" "Mozilla/5.0 (compatible; SemrushBot/7~bl; +http://www.semrush.com/bot.html)"
74.7.227.179 - - [14/Dec/2025:00:49:57 +0000] "GET /index.php?format=xml&rest_route=%2Foembed%2F1.0%2Fembed&url=https%3A%2F%2Fdatainsightnow.com%2F%3Fp%3D23993 HTTP/1.1" 200 1313 "-" "Mozilla/5.0 AppleWebKit/537.36 (KHTML, like Gecko; compatible; GPTBot/1.3; +https://openai.com/gptbot)"
194.247.173.99 - - [14/Dec/2025:00:49:57 +0000] "GET /9-masks-of-fire-hyperspins-slot-777-gems-respin-%E5%B0%8A%E7%88%B5/?fileloc=//etc/alternatives/which.1.gz&path=//etc/alternatives HTTP/1.1" 200 45438 "-" "Mozilla/5.0 (compatible; MJ12bot/v1.4.8; http://mj12bot.com/)"
43.173.178.117 - - [14/Dec/2025:00:49:59 +0000] "GET /login/?path=//sys/block/loop4/queue HTTP/1.1" 200 45438 "-" "Mozilla/5.0 (Windows NT 6.1; Win64; x64) AppleWebKit/537.36 (KHTML, like Gecko) Chrome/126.0.6478.114 Safari/537.36"
74.7.227.179 - - [14/Dec/2025:00:50:00 +0000] "GET /?p=17990 HTTP/1.1" 200 45640 "-" "Mozilla/5.0 AppleWebKit/537.36 (KHTML, like Gecko; compatible; GPTBot/1.3; +https://openai.com/gptbot)"
194.247.173.99 - - [14/Dec/2025:00:50:02 +0000] "GET /9-masks-of-fire-hyperspins-slot-777-gems-respin-%E5%B0%8A%E7%88%B5/?fileloc=//etc/alternatives/which.de1.gz&path=//etc/alternatives HTTP/1.1" 200 45438 "-" "Mozilla/5.0 (compatible; MJ12bot/v1.4.8; http://mj12bot.com/)"
74.7.227.179 - - [14/Dec/2025:00:50:03 +0000] "GET /?p=10113 HTTP/1.1" 200 41444 "-" "Mozilla/5.0 AppleWebKit/537.36 (KHTML, like Gecko; compatible; GPTBot/1.3; +https://openai.com/gptbot)"
57.141.0.57 - - [14/Dec/2025:00:50:04 +0000] "GET /2025/03/07/page/6/?path=//sys/class/pci_bus/0000:07/subsystem/0000:06/subsystem/0000:13/subsystem/0000:06/device/0000:06:00.0/subsystem/slots HTTP/1.1" 200 262264 "-" "meta-externalagent/1.1 (+https://developers.facebook.com/docs/sharing/webmasters/crawler)"
57.141.0.54 - - [14/Dec/2025:00:50:04 +0000] "GET /2025/03/07/page/6/?path=//sys/class/pci_bus/0000:06/subsystem/0000:04/device/driver/0000:00:02.4/subsystem/slots/0-16 HTTP/1.1" 200 262264 "-" "meta-externalagent/1.1 (+https://developers.facebook.com/docs/sharing/webmasters/crawler)"
47.128.117.96 - - [14/Dec/2025:00:50:05 +0000] "GET /?fileloc=%2F%2Fproc%2F22%2Fpagemap&path=%2F%2Fproc%2F22 HTTP/1.1" 200 45439 "-" "Mozilla/5.0 (Linux; Android 5.0) AppleWebKit/537.36 (KHTML, like Gecko) Mobile Safari/537.36 (compatible; Bytespider; spider-feedback@bytedance.com)"
47.128.127.248 - - [14/Dec/2025:00:50:05 +0000] "GET /?fileloc=%2F%2Fproc%2F21%2Fmountstats&path=%2F%2Fproc%2F21 HTTP/1.1" 200 45439 "-" "Mozilla/5.0 (Linux; Android 5.0) AppleWebKit/537.36 (KHTML, like Gecko) Mobile Safari/537.36 (compatible; Bytespider; spider-feedback@bytedance.com)"
57.141.0.34 - - [14/Dec/2025:00:50:06 +0000] "GET /moneysense-self-help-guide-to-the-ideal-profile/?path=//sys/class/pci_bus/0000:00/device/0000:00:02.7/driver/0000:00:03.2/driver/0000:00:02.4 HTTP/1.1" 200 262209 "-" "meta-externalagent/1.1 (+https://developers.facebook.com/docs/sharing/webmasters/crawler)"
74.7.227.179 - - [14/Dec/2025:00:50:06 +0000] "GET /index.php?format=xml&rest_route=%2Foembed%2F1.0%2Fembed&url=https%3A%2F%2Fdatainsightnow.com%2F%3Fp%3D10113 HTTP/1.1" 200 1295 "-" "Mozilla/5.0 AppleWebKit/537.36 (KHTML, like Gecko; compatible; GPTBot/1.3; +https://openai.com/gptbot)"
194.247.173.99 - - [14/Dec/2025:00:50:06 +0000] "GET /9-masks-of-fire-hyperspins-slot-777-gems-respin-%E5%B0%8A%E7%88%B5/?fileloc=//etc/alternatives/which.es1.gz&path=//etc/alternatives HTTP/1.1" 200 45438 "-" "Mozilla/5.0 (compatible; MJ12bot/v1.4.8; http://mj12bot.com/)"
74.7.227.179 - - [14/Dec/2025:00:50:09 +0000] "GET /index.php?rest_route=/wp/v2/posts/10113 HTTP/1.1" 200 4202 "-" "Mozilla/5.0 AppleWebKit/537.36 (KHTML, like Gecko; compatible; GPTBot/1.3; +https://openai.com/gptbot)"
194.247.173.99 - - [14/Dec/2025:00:50:10 +0000] "GET /9-masks-of-fire-hyperspins-slot-777-gems-respin-%E5%B0%8A%E7%88%B5/?fileloc=//etc/alternatives/which.fr1.gz&path=//etc/alternatives HTTP/1.1" 200 45438 "-" "Mozilla/5.0 (compatible; MJ12bot/v1.4.8; http://mj12bot.com/)"
57.141.0.68 - - [14/Dec/2025:00:50:11 +0000] "GET /2025/03/07/page/6/?path=//sys/class/pci_bus/0000:05/subsystem/0000:06/subsystem/0000:02/device/firmware_node/subsystem/devices/device:41/subsystem HTTP/1.1" 200 262264 "-" "meta-externalagent/1.1 (+https://developers.facebook.com/docs/sharing/webmasters/crawler)"
74.7.227.179 - - [14/Dec/2025:00:50:12 +0000] "GET /index.php?rest_route=%2Foembed%2F1.0%2Fembed&url=https%3A%2F%2Fdatainsightnow.com%2F%3Fp%3D10113 HTTP/1.1" 200 1271 "-" "Mozilla/5.0 AppleWebKit/537.36 (KHTML, like Gecko; compatible; GPTBot/1.3; +https://openai.com/gptbot)"
40.77.167.77 - - [14/Dec/2025:00:50:13 +0000] "GET /6132082?entity=0006108666 HTTP/1.1" 200 29729 "-" "Mozilla/5.0 AppleWebKit/537.36 (KHTML, like Gecko; compatible; bingbot/2.0; +http://www.bing.com/bingbot.htm) Chrome/116.0.1938.76 Safari/537.36"
194.247.173.99 - - [14/Dec/2025:00:50:15 +0000] "GET /9-masks-of-fire-hyperspins-slot-777-gems-respin-%E5%B0%8A%E7%88%B5/?fileloc=//etc/apparmor.d/busybox&path=//etc/apparmor.d HTTP/1.1" 200 45438 "-" "Mozilla/5.0 (compatible; MJ12bot/v1.4.8; http://mj12bot.com/)"
74.7.227.179 - - [14/Dec/2025:00:50:16 +0000] "GET /?p=20423 HTTP/1.1" 200 43931 "-" "Mozilla/5.0 AppleWebKit/537.36 (KHTML, like Gecko; compatible; GPTBot/1.3; +https://openai.com/gptbot)"
74.7.227.179 - - [14/Dec/2025:00:50:19 +0000] "GET /index.php?format=xml&rest_route=%2Foembed%2F1.0%2Fembed&url=https%3A%2F%2Fdatainsightnow.com%2F%3Fp%3D20423 HTTP/1.1" 200 1341 "-" "Mozilla/5.0 AppleWebKit/537.36 (KHTML, like Gecko; compatible; GPTBot/1.3; +https://openai.com/gptbot)"
194.247.173.99 - - [14/Dec/2025:00:50:19 +0000] "GET /9-masks-of-fire-hyperspins-slot-777-gems-respin-%E5%B0%8A%E7%88%B5/?fileloc=//etc/apparmor.d/lxc-stop&path=//etc/apparmor.d HTTP/1.1" 200 45438 "-" "Mozilla/5.0 (compatible; MJ12bot/v1.4.8; http://mj12bot.com/)"
57.141.0.32 - - [14/Dec/2025:00:50:19 +0000] "GET /2025/03/07/page/6/?fileloc=//sys/class/pci_bus/0000:05/subsystem/0000:11/subsystem/0000:09/subsystem/0000:0e/subsystem/0000:13/device/reset_subordinate&path=//sys/class/pci_bus/0000:05/subsystem/0000:11/subsystem/0000:09/subsystem/0000:0e/subsystem/0000:13/device HTTP/1.1" 200 262264 "-" "meta-externalagent/1.1 (+https://developers.facebook.com/docs/sharing/webmasters/crawler)"
74.7.227.179 - - [14/Dec/2025:00:50:22 +0000] "GET /index.php?rest_route=/wp/v2/posts/20423 HTTP/1.1" 200 6229 "-" "Mozilla/5.0 AppleWebKit/537.36 (KHTML, like Gecko; compatible; GPTBot/1.3; +https://openai.com/gptbot)"
194.247.173.99 - - [14/Dec/2025:00:50:23 +0000] "GET /9-masks-of-fire-hyperspins-slot-777-gems-respin-%E5%B0%8A%E7%88%B5/?fileloc=//etc/apparmor.d/lxc-unshare&path=//etc/apparmor.d HTTP/1.1" 200 45438 "-" "Mozilla/5.0 (compatible; MJ12bot/v1.4.8; http://mj12bot.com/)"
74.7.227.179 - - [14/Dec/2025:00:50:25 +0000] "GET /index.php?rest_route=%2Foembed%2F1.0%2Fembed&url=https%3A%2F%2Fdatainsightnow.com%2F%3Fp%3D20423 HTTP/1.1" 200 1315 "-" "Mozilla/5.0 AppleWebKit/537.36 (KHTML, like Gecko; compatible; GPTBot/1.3; +https://openai.com/gptbot)"
194.247.173.99 - - [14/Dec/2025:00:50:27 +0000] "GET /9-masks-of-fire-hyperspins-slot-777-gems-respin-%E5%B0%8A%E7%88%B5/?fileloc=//etc/apparmor.d/lxc-usernsexec&path=//etc/apparmor.d HTTP/1.1" 200 45438 "-" "Mozilla/5.0 (compatible; MJ12bot/v1.4.8; http://mj12bot.com/)"
74.7.227.179 - - [14/Dec/2025:00:50:28 +0000] "GET /?p=11516 HTTP/1.1" 200 42279 "-" "Mozilla/5.0 AppleWebKit/537.36 (KHTML, like Gecko; compatible; GPTBot/1.3; +https://openai.com/gptbot)"
74.7.227.179 - - [14/Dec/2025:00:50:31 +0000] "GET /index.php?rest_route=/wp/v2/posts/11516 HTTP/1.1" 200 4823 "-" "Mozilla/5.0 AppleWebKit/537.36 (KHTML, like Gecko; compatible; GPTBot/1.3; +https://openai.com/gptbot)"
66.135.21.75 - - [14/Dec/2025:00:50:32 +0000] "POST /wp-cron.php?doing_wp_cron=1765673432.0737318992614746093750 HTTP/1.1" 200 31 "-" "WordPress/6.3.1; https://datainsightnow.com"
194.247.173.99 - - [14/Dec/2025:00:50:32 +0000] "GET /9-masks-of-fire-hyperspins-slot-777-gems-respin-%E5%B0%8A%E7%88%B5/?fileloc=//etc/apparmor.d/mmdebstrap&path=//etc/apparmor.d HTTP/1.1" 200 45438 "-" "Mozilla/5.0 (compatible; MJ12bot/v1.4.8; http://mj12bot.com/)"
74.7.227.179 - - [14/Dec/2025:00:50:34 +0000] "GET /index.php?format=xml&rest_route=%2Foembed%2F1.0%2Fembed&url=https%3A%2F%2Fdatainsightnow.com%2F%3Fp%3D11516 HTTP/1.1" 200 1309 "-" "Mozilla/5.0 AppleWebKit/537.36 (KHTML, like Gecko; compatible; GPTBot/1.3; +https://openai.com/gptbot)"
57.141.0.49 - - [14/Dec/2025:00:50:35 +0000] "GET /karamba-spielsaal-erfahrungen-angeschlossen-testbericht-werfen-sie-einen-blick-auf-den-link-within-2025-pro-teutonia/?path=//sys/class/pci_bus/0000:06/subsystem/0000:04/subsystem/0000:05/subsystem/0000:02/device/subsystem/devices/0000:02:00.0 HTTP/1.1" 200 262264 "-" "meta-externalagent/1.1 (+https://developers.facebook.com/docs/sharing/webmasters/crawler)"
194.247.173.99 - - [14/Dec/2025:00:50:36 +0000] "GET /9-masks-of-fire-hyperspins-slot-777-gems-respin-%E5%B0%8A%E7%88%B5/?fileloc=//etc/apparmor.d/msedge&path=//etc/apparmor.d HTTP/1.1" 200 45438 "-" "Mozilla/5.0 (compatible; MJ12bot/v1.4.8; http://mj12bot.com/)"
74.7.227.179 - - [14/Dec/2025:00:50:37 +0000] "GET /index.php?rest_route=%2Foembed%2F1.0%2Fembed&url=https%3A%2F%2Fdatainsightnow.com%2F%3Fp%3D11516 HTTP/1.1" 200 1283 "-" "Mozilla/5.0 AppleWebKit/537.36 (KHTML, like Gecko; compatible; GPTBot/1.3; +https://openai.com/gptbot)"
66.249.77.98 - - [14/Dec/2025:00:50:38 +0000] "GET /?fileloc=//sys/class/sound/card0/device/subsystem/devices/0000:00:02.2/driver/0000:00:02.2/driver/0000:00:02.2/driver/0000:00:03.1/driver/0000:00:04.0/driver/0000:00:02.5/driver/0000:00:03.2/subsystem/devices/0000:00:1f.0/firmware_node/PNP0F13:00/power/runtime_active_kids&path=//sys/class/sound/card0/device/subsystem/devices/0000:00:02.2/driver/0000:00:02.2/driver/0000:00:02.2/driver/0000:00:03.1/driver/0000:00:04.0/driver/0000:00:02.5/driver/0000:00:03.2/subsystem/devices/0000:00:1f.0/firmware_node/PNP0F13:00/power HTTP/1.1" 200 45439 "-" "Mozilla/5.0 (Linux; Android 6.0.1; Nexus 5X Build/MMB29P) AppleWebKit/537.36 (KHTML, like Gecko) Chrome/141.0.7390.122 Mobile Safari/537.36 (compatible; Googlebot/2.1; +http://www.google.com/bot.html)"
57.141.0.7 - - [14/Dec/2025:00:50:39 +0000] "GET /2025/03/13/?path=//sys/class/pci_bus/0000:07/subsystem/0000:02/subsystem/0000:0e/subsystem/0000:00/subsystem/0000:04 HTTP/1.1" 200 262215 "-" "meta-externalagent/1.1 (+https://developers.facebook.com/docs/sharing/webmasters/crawler)"
194.247.173.99 - - [14/Dec/2025:00:50:40 +0000] "GET /9-masks-of-fire-hyperspins-slot-777-gems-respin-%E5%B0%8A%E7%88%B5/?fileloc=//etc/apparmor.d/notepadqq&path=//etc/apparmor.d HTTP/1.1" 200 45438 "-" "Mozilla/5.0 (compatible; MJ12bot/v1.4.8; http://mj12bot.com/)"
74.7.227.179 - - [14/Dec/2025:00:50:41 +0000] "GET /?p=42281 HTTP/1.1" 200 42653 "-" "Mozilla/5.0 AppleWebKit/537.36 (KHTML, like Gecko; compatible; GPTBot/1.3; +https://openai.com/gptbot)"
185.113.8.55 - - [14/Dec/2025:00:50:42 +0000] "POST /wp-login.php HTTP/1.1" 200 2681 "-" "Mozilla/5.0 (Macintosh; Intel Mac OS X 14_6_1) AppleWebKit/537.36 (KHTML, like Gecko) Chrome/127.0.8297.479 Safari/537.36"
74.7.227.179 - - [14/Dec/2025:00:50:44 +0000] "GET /index.php?rest_route=/wp/v2/posts/42281 HTTP/1.1" 200 5326 "-" "Mozilla/5.0 AppleWebKit/537.36 (KHTML, like Gecko; compatible; GPTBot/1.3; +https://openai.com/gptbot)"
194.247.173.99 - - [14/Dec/2025:00:50:44 +0000] "GET /9-masks-of-fire-hyperspins-slot-777-gems-respin-%E5%B0%8A%E7%88%B5/?fileloc=//etc/apparmor.d/nvidia_modprobe&path=//etc/apparmor.d HTTP/1.1" 200 45438 "-" "Mozilla/5.0 (compatible; MJ12bot/v1.4.8; http://mj12bot.com/)"
74.7.227.179 - - [14/Dec/2025:00:50:47 +0000] "GET /index.php?format=xml&rest_route=%2Foembed%2F1.0%2Fembed&url=https%3A%2F%2Fdatainsightnow.com%2F%3Fp%3D42281 HTTP/1.1" 200 1274 "-" "Mozilla/5.0 AppleWebKit/537.36 (KHTML, like Gecko; compatible; GPTBot/1.3; +https://openai.com/gptbot)"
194.247.173.99 - - [14/Dec/2025:00:50:49 +0000] "GET /9-masks-of-fire-hyperspins-slot-777-gems-respin-%E5%B0%8A%E7%88%B5/?fileloc=//etc/apparmor.d/obsidian&path=//etc/apparmor.d HTTP/1.1" 200 45438 "-" "Mozilla/5.0 (compatible; MJ12bot/v1.4.8; http://mj12bot.com/)"
66.135.21.75 - - [14/Dec/2025:00:50:50 +0000] "POST /wp-cron.php?doing_wp_cron=1765673450.4443809986114501953125 HTTP/1.1" 200 31 "-" "WordPress/6.3.1; https://datainsightnow.com"
74.7.227.179 - - [14/Dec/2025:00:50:50 +0000] "GET /index.php?rest_route=%2Foembed%2F1.0%2Fembed&url=https%3A%2F%2Fdatainsightnow.com%2F%3Fp%3D42281 HTTP/1.1" 200 1249 "-" "Mozilla/5.0 AppleWebKit/537.36 (KHTML, like Gecko; compatible; GPTBot/1.3; +https://openai.com/gptbot)"
57.141.0.5 - - [14/Dec/2025:00:50:52 +0000] "GET /karamba-spielsaal-erfahrungen-angeschlossen-testbericht-werfen-sie-einen-blick-auf-den-link-within-2025-pro-teutonia/?fileloc=//sys/class/pci_bus/0000:06/subsystem/0000:12/subsystem/0000:08/subsystem/0000:0d/device/current_link_speed&path=//sys/class/pci_bus/0000:06/subsystem/0000:12/subsystem/0000:08/subsystem/0000:0d/device HTTP/1.1" 200 262209 "-" "meta-externalagent/1.1 (+https://developers.facebook.com/docs/sharing/webmasters/crawler)"
194.247.173.99 - - [14/Dec/2025:00:50:53 +0000] "GET /9-masks-of-fire-hyperspins-slot-777-gems-respin-%E5%B0%8A%E7%88%B5/?fileloc=//etc/apparmor.d/opam&path=//etc/apparmor.d HTTP/1.1" 200 45438 "-" "Mozilla/5.0 (compatible; MJ12bot/v1.4.8; http://mj12bot.com/)"
74.7.227.179 - - [14/Dec/2025:00:50:53 +0000] "GET /?p=47691 HTTP/1.1" 200 42393 "-" "Mozilla/5.0 AppleWebKit/537.36 (KHTML, like Gecko; compatible; GPTBot/1.3; +https://openai.com/gptbot)"
57.141.0.7 - - [14/Dec/2025:00:50:54 +0000] "GET /2025/03/06/page/39/?fileloc=//sys/class/pci_bus/0000:05/device/driver/0000:00:03.6/driver/0000:00:02.1/driver/0000:00:03.6/current_link_speed&path=//sys/class/pci_bus/0000:05/device/driver/0000:00:03.6/driver/0000:00:02.1/driver/0000:00:03.6 HTTP/1.1" 200 262264 "-" "meta-externalagent/1.1 (+https://developers.facebook.com/docs/sharing/webmasters/crawler)"
85.208.96.195 - - [14/Dec/2025:00:50:55 +0000] "GET /?p=24733 HTTP/1.1" 200 43159 "-" "Mozilla/5.0 (compatible; SemrushBot/7~bl; +http://www.semrush.com/bot.html)"
74.7.227.179 - - [14/Dec/2025:00:50:56 +0000] "GET /index.php?format=xml&rest_route=%2Foembed%2F1.0%2Fembed&url=https%3A%2F%2Fdatainsightnow.com%2F%3Fp%3D47691 HTTP/1.1" 200 1331 "-" "Mozilla/5.0 AppleWebKit/537.36 (KHTML, like Gecko; compatible; GPTBot/1.3; +https://openai.com/gptbot)"
194.247.173.99 - - [14/Dec/2025:00:50:57 +0000] "GET /9-masks-of-fire-hyperspins-slot-777-gems-respin-%E5%B0%8A%E7%88%B5/?fileloc=//etc/apparmor.d/plasmashell&path=//etc/apparmor.d HTTP/1.1" 200 45438 "-" "Mozilla/5.0 (compatible; MJ12bot/v1.4.8; http://mj12bot.com/)"
57.141.0.39 - - [14/Dec/2025:00:50:58 +0000] "GET /karamba-spielsaal-erfahrungen-angeschlossen-testbericht-werfen-sie-einen-blick-auf-den-link-within-2025-pro-teutonia/?fileloc=//sys/class/pci_bus/0000:04/subsystem/0000:05/subsystem/0000:01/subsystem/0000:09/device/driver/0000:00:02.1/aer_dev_nonfatal&path=//sys/class/pci_bus/0000:04/subsystem/0000:05/subsystem/0000:01/subsystem/0000:09/device/driver/0000:00:02.1 HTTP/1.1" 200 262209 "-" "meta-externalagent/1.1 (+https://developers.facebook.com/docs/sharing/webmasters/crawler)"
185.191.171.12 - - [14/Dec/2025:00:50:59 +0000] "GET /?cat=1&paged=476 HTTP/1.1" 200 37413 "-" "Mozilla/5.0 (compatible; SemrushBot/7~bl; +http://www.semrush.com/bot.html)"
74.7.227.179 - - [14/Dec/2025:00:50:59 +0000] "GET /index.php?rest_route=%2Foembed%2F1.0%2Fembed&url=https%3A%2F%2Fdatainsightnow.com%2F%3Fp%3D47691 HTTP/1.1" 200 1304 "-" "Mozilla/5.0 AppleWebKit/537.36 (KHTML, like Gecko; compatible; GPTBot/1.3; +https://openai.com/gptbot)"
194.247.173.99 - - [14/Dec/2025:00:51:01 +0000] "GET /9-masks-of-fire-hyperspins-slot-777-gems-respin-%E5%B0%8A%E7%88%B5/?fileloc=//etc/apparmor.d/sbuild-apt&path=//etc/apparmor.d HTTP/1.1" 200 45438 "-" "Mozilla/5.0 (compatible; MJ12bot/v1.4.8; http://mj12bot.com/)"
74.7.227.179 - - [14/Dec/2025:00:51:02 +0000] "GET /index.php?rest_route=/wp/v2/posts/47691 HTTP/1.1" 200 4819 "-" "Mozilla/5.0 AppleWebKit/537.36 (KHTML, like Gecko; compatible; GPTBot/1.3; +https://openai.com/gptbot)"
57.141.0.12 - - [14/Dec/2025:00:51:03 +0000] "GET /karamba-spielsaal-erfahrungen-angeschlossen-testbericht-werfen-sie-einen-blick-auf-den-link-within-2025-pro-teutonia/?fileloc=//sys/class/pci_bus/0000:06/subsystem/0000:0d/subsystem/0000:05/device/subsystem/devices/0000:00:02.1/subsystem/devices/0000:02:00.0/vendor&path=//sys/class/pci_bus/0000:06/subsystem/0000:0d/subsystem/0000:05/device/subsystem/devices/0000:00:02.1/subsystem/devices/0000:02:00.0 HTTP/1.1" 200 262215 "-" "meta-externalagent/1.1 (+https://developers.facebook.com/docs/sharing/webmasters/crawler)"
85.208.96.198 - - [14/Dec/2025:00:51:03 +0000] "GET /?p=24127 HTTP/1.1" 200 44012 "-" "Mozilla/5.0 (compatible; SemrushBot/7~bl; +http://www.semrush.com/bot.html)"
57.141.0.40 - - [14/Dec/2025:00:51:06 +0000] "GET /2025/03/06/page/39/?path=//sys/class/pci_bus/0000:10/subsystem/0000:05/subsystem/0000:10/subsystem/0000:11/subsystem/0000:0c HTTP/1.1" 200 262209 "-" "meta-externalagent/1.1 (+https://developers.facebook.com/docs/sharing/webmasters/crawler)"
74.7.227.179 - - [14/Dec/2025:00:51:06 +0000] "GET /?p=40799 HTTP/1.1" 200 43969 "-" "Mozilla/5.0 AppleWebKit/537.36 (KHTML, like Gecko; compatible; GPTBot/1.3; +https://openai.com/gptbot)"
194.247.173.99 - - [14/Dec/2025:00:51:06 +0000] "GET /9-masks-of-fire-hyperspins-slot-777-gems-respin-%E5%B0%8A%E7%88%B5/?fileloc=//etc/apparmor.d/sbuild-checkpackages&path=//etc/apparmor.d HTTP/1.1" 200 45438 "-" "Mozilla/5.0 (compatible; MJ12bot/v1.4.8; http://mj12bot.com/)"
74.7.227.179 - - [14/Dec/2025:00:51:09 +0000] "GET /?p=27991 HTTP/1.1" 200 40389 "-" "Mozilla/5.0 AppleWebKit/537.36 (KHTML, like Gecko; compatible; GPTBot/1.3; +https://openai.com/gptbot)"
66.249.77.99 - - [14/Dec/2025:00:51:10 +0000] "GET /entity/472730942.htm HTTP/1.1" 200 30064 "-" "Mozilla/5.0 (Linux; Android 6.0.1; Nexus 5X Build/MMB29P) AppleWebKit/537.36 (KHTML, like Gecko) Chrome/141.0.7390.122 Mobile Safari/537.36 (compatible; Googlebot/2.1; +http://www.google.com/bot.html)"
57.141.0.42 - - [14/Dec/2025:00:51:10 +0000] "GET /2025/03/07/page/6/?fileloc=//sys/class/pci_bus/0000:05/subsystem/0000:09/device/0000:00:02.7:pcie001/driver/0000:00:04.0:pcie001/subsystem/devices/0000:00:03.6:pcie010/uevent&path=//sys/class/pci_bus/0000:05/subsystem/0000:09/device/0000:00:02.7:pcie001/driver/0000:00:04.0:pcie001/subsystem/devices/0000:00:03.6:pcie010 HTTP/1.1" 200 262248 "-" "meta-externalagent/1.1 (+https://developers.facebook.com/docs/sharing/webmasters/crawler)"
194.247.173.99 - - [14/Dec/2025:00:51:10 +0000] "GET /9-masks-of-fire-hyperspins-slot-777-gems-respin-%E5%B0%8A%E7%88%B5/?fileloc=//etc/apparmor.d/sbuild-clean&path=//etc/apparmor.d HTTP/1.1" 200 45438 "-" "Mozilla/5.0 (compatible; MJ12bot/v1.4.8; http://mj12bot.com/)"
74.7.227.179 - - [14/Dec/2025:00:51:12 +0000] "GET /index.php?rest_route=/wp/v2/posts/27991 HTTP/1.1" 200 3249 "-" "Mozilla/5.0 AppleWebKit/537.36 (KHTML, like Gecko; compatible; GPTBot/1.3; +https://openai.com/gptbot)"
57.141.0.62 - - [14/Dec/2025:00:51:13 +0000] "GET /karamba-spielsaal-erfahrungen-angeschlossen-testbericht-werfen-sie-einen-blick-auf-den-link-within-2025-pro-teutonia/?fileloc=//sys/class/pci_bus/0000:06/subsystem/0000:0f/subsystem/0000:05/subsystem/0000:0c/subsystem/0000:03/device/driver_override&path=//sys/class/pci_bus/0000:06/subsystem/0000:0f/subsystem/0000:05/subsystem/0000:0c/subsystem/0000:03/device HTTP/1.1" 200 262264 "-" "meta-externalagent/1.1 (+https://developers.facebook.com/docs/sharing/webmasters/crawler)"
194.247.173.99 - - [14/Dec/2025:00:51:15 +0000] "GET /9-masks-of-fire-hyperspins-slot-777-gems-respin-%E5%B0%8A%E7%88%B5/?fileloc=//etc/apparmor.d/sbuild-hold&path=//etc/apparmor.d HTTP/1.1" 200 45438 "-" "Mozilla/5.0 (compatible; MJ12bot/v1.4.8; http://mj12bot.com/)"
74.7.227.179 - - [14/Dec/2025:00:51:15 +0000] "GET /index.php?format=xml&rest_route=%2Foembed%2F1.0%2Fembed&url=https%3A%2F%2Fdatainsightnow.com%2F%3Fp%3D27991 HTTP/1.1" 200 1332 "-" "Mozilla/5.0 AppleWebKit/537.36 (KHTML, like Gecko; compatible; GPTBot/1.3; +https://openai.com/gptbot)"
85.208.96.208 - - [14/Dec/2025:00:51:16 +0000] "GET /?p=45555 HTTP/1.1" 200 41208 "-" "Mozilla/5.0 (compatible; SemrushBot/7~bl; +http://www.semrush.com/bot.html)"
57.141.0.72 - - [14/Dec/2025:00:51:18 +0000] "GET /karamba-spielsaal-erfahrungen-angeschlossen-testbericht-werfen-sie-einen-blick-auf-den-link-within-2025-pro-teutonia/?fileloc=//sys/class/pci_bus/0000:06/subsystem/0000:01/subsystem/0000:0b/device/driver/0000:00:02.5/driver/0000:00:03.4/device&path=//sys/class/pci_bus/0000:06/subsystem/0000:01/subsystem/0000:0b/device/driver/0000:00:02.5/driver/0000:00:03.4 HTTP/1.1" 200 262216 "-" "meta-externalagent/1.1 (+https://developers.facebook.com/docs/sharing/webmasters/crawler)"
74.7.227.179 - - [14/Dec/2025:00:51:18 +0000] "GET /index.php?rest_route=%2Foembed%2F1.0%2Fembed&url=https%3A%2F%2Fdatainsightnow.com%2F%3Fp%3D27991 HTTP/1.1" 200 1305 "-" "Mozilla/5.0 AppleWebKit/537.36 (KHTML, like Gecko; compatible; GPTBot/1.3; +https://openai.com/gptbot)"
194.247.173.99 - - [14/Dec/2025:00:51:19 +0000] "GET /9-masks-of-fire-hyperspins-slot-777-gems-respin-%E5%B0%8A%E7%88%B5/?fileloc=//etc/apparmor.d/sbuild-shell&path=//etc/apparmor.d HTTP/1.1" 200 45438 "-" "Mozilla/5.0 (compatible; MJ12bot/v1.4.8; http://mj12bot.com/)"
66.249.77.99 - - [14/Dec/2025:00:51:19 +0000] "GET /entity/64861888.htm HTTP/1.1" 200 29514 "-" "Mozilla/5.0 (Linux; Android 6.0.1; Nexus 5X Build/MMB29P) AppleWebKit/537.36 (KHTML, like Gecko) Chrome/141.0.7390.122 Mobile Safari/537.36 (compatible; Googlebot/2.1; +http://www.google.com/bot.html)"
74.7.227.179 - - [14/Dec/2025:00:51:22 +0000] "GET /?p=29765 HTTP/1.1" 200 42173 "-" "Mozilla/5.0 AppleWebKit/537.36 (KHTML, like Gecko; compatible; GPTBot/1.3; +https://openai.com/gptbot)"
194.247.173.99 - - [14/Dec/2025:00:51:23 +0000] "GET /9-masks-of-fire-hyperspins-slot-777-gems-respin-%E5%B0%8A%E7%88%B5/?fileloc=/opt/wpsites/datainsightnow.com/wp-includes/blocks/paragraph/editor-rtl.min.css&path=/opt/wpsites/datainsightnow.com/wp-includes/blocks/paragraph HTTP/1.1" 200 45438 "-" "Mozilla/5.0 (compatible; MJ12bot/v1.4.8; http://mj12bot.com/)"
57.141.0.26 - - [14/Dec/2025:00:51:23 +0000] "GET /karamba-spielsaal-erfahrungen-angeschlossen-testbericht-werfen-sie-einen-blick-auf-den-link-within-2025-pro-teutonia/?fileloc=//sys/class/pci_bus/0000:0b/subsystem/0000:11/subsystem/0000:0f/subsystem/0000:12/device/subsystem/devices/0000:00:02.7/0000:09:00.0/current_link_speed&path=//sys/class/pci_bus/0000:0b/subsystem/0000:11/subsystem/0000:0f/subsystem/0000:12/device/subsystem/devices/0000:00:02.7/0000:09:00.0 HTTP/1.1" 200 262215 "-" "meta-externalagent/1.1 (+https://developers.facebook.com/docs/sharing/webmasters/crawler)"
74.7.227.179 - - [14/Dec/2025:00:51:25 +0000] "GET /index.php?rest_route=/wp/v2/posts/29765 HTTP/1.1" 200 4771 "-" "Mozilla/5.0 AppleWebKit/537.36 (KHTML, like Gecko; compatible; GPTBot/1.3; +https://openai.com/gptbot)"
194.247.173.99 - - [14/Dec/2025:00:51:28 +0000] "GET /9-masks-of-fire-hyperspins-slot-777-gems-respin-%E5%B0%8A%E7%88%B5/?fileloc=/opt/wpsites/datainsightnow.com/wp-includes/blocks/paragraph/style-rtl.css&path=/opt/wpsites/datainsightnow.com/wp-includes/blocks/paragraph HTTP/1.1" 200 45438 "-" "Mozilla/5.0 (compatible; MJ12bot/v1.4.8; http://mj12bot.com/)"
74.7.227.179 - - [14/Dec/2025:00:51:28 +0000] "GET /index.php?format=xml&rest_route=%2Foembed%2F1.0%2Fembed&url=https%3A%2F%2Fdatainsightnow.com%2F%3Fp%3D29765 HTTP/1.1" 200 1313 "-" "Mozilla/5.0 AppleWebKit/537.36 (KHTML, like Gecko; compatible; GPTBot/1.3; +https://openai.com/gptbot)"
85.208.96.203 - - [14/Dec/2025:00:51:29 +0000] "GET /?p=46723 HTTP/1.1" 200 43487 "-" "Mozilla/5.0 (compatible; SemrushBot/7~bl; +http://www.semrush.com/bot.html)"
57.141.0.23 - - [14/Dec/2025:00:51:30 +0000] "GET /karamba-spielsaal-erfahrungen-angeschlossen-testbericht-werfen-sie-einen-blick-auf-den-link-within-2025-pro-teutonia/?fileloc=//sys/class/pci_bus/0000:0f/device/driver/0000:00:04.0/driver/0000:00:02.1/driver/0000:00:02.6/config&path=//sys/class/pci_bus/0000:0f/device/driver/0000:00:04.0/driver/0000:00:02.1/driver/0000:00:02.6 HTTP/1.1" 200 262248 "-" "meta-externalagent/1.1 (+https://developers.facebook.com/docs/sharing/webmasters/crawler)"
74.7.227.179 - - [14/Dec/2025:00:51:31 +0000] "GET /index.php?rest_route=%2Foembed%2F1.0%2Fembed&url=https%3A%2F%2Fdatainsightnow.com%2F%3Fp%3D29765 HTTP/1.1" 200 1290 "-" "Mozilla/5.0 AppleWebKit/537.36 (KHTML, like Gecko; compatible; GPTBot/1.3; +https://openai.com/gptbot)"
57.141.0.38 - - [14/Dec/2025:00:51:32 +0000] "GET /karamba-spielsaal-erfahrungen-angeschlossen-testbericht-werfen-sie-einen-blick-auf-den-link-within-2025-pro-teutonia/?path=//sys/class/pci_bus/0000:08/subsystem/0000:05/subsystem/0000:0c/device/subsystem/devices/0000:00:03.3/power HTTP/1.1" 200 262264 "-" "meta-externalagent/1.1 (+https://developers.facebook.com/docs/sharing/webmasters/crawler)"
57.141.0.16 - - [14/Dec/2025:00:51:33 +0000] "GET /2025/03/07/page/6/?path=//sys/class/pci_bus/0000:05/subsystem/0000:12/device/driver/0000:00:03.3/driver/0000:00:02.0/subsystem/drivers/bochs-drm HTTP/1.1" 200 262264 "-" "meta-externalagent/1.1 (+https://developers.facebook.com/docs/sharing/webmasters/crawler)"
194.247.173.99 - - [14/Dec/2025:00:51:33 +0000] "GET /9-masks-of-fire-hyperspins-slot-777-gems-respin-%E5%B0%8A%E7%88%B5/?fileloc=/opt/wpsites/datainsightnow.com/wp-includes/blocks/paragraph/style-rtl.min.css&path=/opt/wpsites/datainsightnow.com/wp-includes/blocks/paragraph HTTP/1.1" 200 45438 "-" "Mozilla/5.0 (compatible; MJ12bot/v1.4.8; http://mj12bot.com/)"
57.141.0.47 - - [14/Dec/2025:00:51:34 +0000] "GET /2025/03/07/page/6/?fileloc=//sys/class/pci_bus/0000:05/subsystem/0000:06/device/driver/0000:00:04.1/pci_bus/0000:13/subsystem/0000:0e/device/current_link_width&path=//sys/class/pci_bus/0000:05/subsystem/0000:06/device/driver/0000:00:04.1/pci_bus/0000:13/subsystem/0000:0e/device HTTP/1.1" 200 262217 "-" "meta-externalagent/1.1 (+https://developers.facebook.com/docs/sharing/webmasters/crawler)"
74.7.227.179 - - [14/Dec/2025:00:51:34 +0000] "GET /?p=8899 HTTP/1.1" 200 44243 "-" "Mozilla/5.0 AppleWebKit/537.36 (KHTML, like Gecko; compatible; GPTBot/1.3; +https://openai.com/gptbot)"
66.249.77.98 - - [14/Dec/2025:00:51:36 +0000] "GET /?fileloc=//sys/class/sound/card0/device/subsystem/devices/0000:00:02.2/subsystem/devices/0000:00:03.4/driver/0000:00:02.1/driver/0000:00:02.2/0000:00:02.2:pcie010/subsystem/devices/0000:00:03.2:pcie001/driver/bind&path=//sys/class/sound/card0/device/subsystem/devices/0000:00:02.2/subsystem/devices/0000:00:03.4/driver/0000:00:02.1/driver/0000:00:02.2/0000:00:02.2:pcie010/subsystem/devices/0000:00:03.2:pcie001/driver HTTP/1.1" 200 45439 "-" "Mozilla/5.0 (Linux; Android 6.0.1; Nexus 5X Build/MMB29P) AppleWebKit/537.36 (KHTML, like Gecko) Chrome/141.0.7390.122 Mobile Safari/537.36 (compatible; Googlebot/2.1; +http://www.google.com/bot.html)"
74.7.227.179 - - [14/Dec/2025:00:51:37 +0000] "GET /?p=23991 HTTP/1.1" 200 41560 "-" "Mozilla/5.0 AppleWebKit/537.36 (KHTML, like Gecko; compatible; GPTBot/1.3; +https://openai.com/gptbot)"
194.247.173.99 - - [14/Dec/2025:00:51:37 +0000] "GET /9-masks-of-fire-hyperspins-slot-777-gems-respin-%E5%B0%8A%E7%88%B5/?fileloc=/opt/wpsites/datainsightnow.com/wp-includes/blocks/paragraph/style.css&path=/opt/wpsites/datainsightnow.com/wp-includes/blocks/paragraph HTTP/1.1" 200 45438 "-" "Mozilla/5.0 (compatible; MJ12bot/v1.4.8; http://mj12bot.com/)"
74.7.227.179 - - [14/Dec/2025:00:51:40 +0000] "GET /index.php?rest_route=%2Foembed%2F1.0%2Fembed&url=https%3A%2F%2Fdatainsightnow.com%2F%3Fp%3D23991 HTTP/1.1" 200 1268 "-" "Mozilla/5.0 AppleWebKit/537.36 (KHTML, like Gecko; compatible; GPTBot/1.3; +https://openai.com/gptbot)"
85.208.96.207 - - [14/Dec/2025:00:51:40 +0000] "GET /?p=12843 HTTP/1.1" 200 44328 "-" "Mozilla/5.0 (compatible; SemrushBot/7~bl; +http://www.semrush.com/bot.html)"
194.247.173.99 - - [14/Dec/2025:00:51:42 +0000] "GET /9-masks-of-fire-hyperspins-slot-777-gems-respin-%E5%B0%8A%E7%88%B5/?fileloc=/opt/wpsites/datainsightnow.com/wp-includes/blocks/pattern/block.json&path=/opt/wpsites/datainsightnow.com/wp-includes/blocks/pattern HTTP/1.1" 200 45438 "-" "Mozilla/5.0 (compatible; MJ12bot/v1.4.8; http://mj12bot.com/)"
74.7.227.179 - - [14/Dec/2025:00:51:43 +0000] "GET /index.php?format=xml&rest_route=%2Foembed%2F1.0%2Fembed&url=https%3A%2F%2Fdatainsightnow.com%2F%3Fp%3D23991 HTTP/1.1" 200 1297 "-" "Mozilla/5.0 AppleWebKit/537.36 (KHTML, like Gecko; compatible; GPTBot/1.3; +https://openai.com/gptbot)"
57.141.0.53 - - [14/Dec/2025:00:51:44 +0000] "GET /karamba-spielsaal-erfahrungen-angeschlossen-testbericht-werfen-sie-einen-blick-auf-den-link-within-2025-pro-teutonia/?fileloc=//sys/class/pci_bus/0000:04/subsystem/0000:11/subsystem/0000:07/device/driver/0000:00:03.4/irq&path=//sys/class/pci_bus/0000:04/subsystem/0000:11/subsystem/0000:07/device/driver/0000:00:03.4 HTTP/1.1" 200 262215 "-" "meta-externalagent/1.1 (+https://developers.facebook.com/docs/sharing/webmasters/crawler)"
57.141.0.45 - - [14/Dec/2025:00:51:45 +0000] "GET /karamba-spielsaal-erfahrungen-angeschlossen-testbericht-werfen-sie-einen-blick-auf-den-link-within-2025-pro-teutonia/?fileloc=//sys/class/pci_bus/0000:0b/subsystem/0000:0f/device/subsystem/devices/0000:00:04.0/driver/0000:00:02.0/current_link_speed&path=//sys/class/pci_bus/0000:0b/subsystem/0000:0f/device/subsystem/devices/0000:00:04.0/driver/0000:00:02.0 HTTP/1.1" 200 262264 "-" "meta-externalagent/1.1 (+https://developers.facebook.com/docs/sharing/webmasters/crawler)"
194.247.173.99 - - [14/Dec/2025:00:51:46 +0000] "GET /9-masks-of-fire-hyperspins-slot-777-gems-respin-%E5%B0%8A%E7%88%B5/?fileloc=/opt/wpsites/datainsightnow.com/wp-includes/images/media/default.png&path=/opt/wpsites/datainsightnow.com/wp-includes/images/media HTTP/1.1" 200 45438 "-" "Mozilla/5.0 (compatible; MJ12bot/v1.4.8; http://mj12bot.com/)"
57.141.0.52 - - [14/Dec/2025:00:51:46 +0000] "GET /karamba-spielsaal-erfahrungen-angeschlossen-testbericht-werfen-sie-einen-blick-auf-den-link-within-2025-pro-teutonia/?fileloc=//sys/class/pci_bus/0000:06/subsystem/0000:11/device/driver/0000:00:03.1/driver/0000:00:04.1/driver/0000:00:02.5/rescan&path=//sys/class/pci_bus/0000:06/subsystem/0000:11/device/driver/0000:00:03.1/driver/0000:00:04.1/driver/0000:00:02.5 HTTP/1.1" 200 262248 "-" "meta-externalagent/1.1 (+https://developers.facebook.com/docs/sharing/webmasters/crawler)"
74.7.227.179 - - [14/Dec/2025:00:51:46 +0000] "GET /index.php?rest_route=/wp/v2/posts/23991 HTTP/1.1" 200 4419 "-" "Mozilla/5.0 AppleWebKit/537.36 (KHTML, like Gecko; compatible; GPTBot/1.3; +https://openai.com/gptbot)"
66.135.21.75 - - [14/Dec/2025:00:51:50 +0000] "POST /wp-cron.php?doing_wp_cron=1765673510.0065650939941406250000 HTTP/1.1" 200 31 "-" "WordPress/6.3.1; https://datainsightnow.com"
74.7.227.179 - - [14/Dec/2025:00:51:50 +0000] "GET /?p=11814 HTTP/1.1" 200 44448 "-" "Mozilla/5.0 AppleWebKit/537.36 (KHTML, like Gecko; compatible; GPTBot/1.3; +https://openai.com/gptbot)"
194.247.173.99 - - [14/Dec/2025:00:51:50 +0000] "GET /9-masks-of-fire-hyperspins-slot-777-gems-respin-%E5%B0%8A%E7%88%B5/?fileloc=/opt/wpsites/datainsightnow.com/wp-includes/images/media/text.png&path=/opt/wpsites/datainsightnow.com/wp-includes/images/media HTTP/1.1" 200 45438 "-" "Mozilla/5.0 (compatible; MJ12bot/v1.4.8; http://mj12bot.com/)"
57.141.0.30 - - [14/Dec/2025:00:51:51 +0000] "GET /2025/03/07/page/6/?fileloc=//sys/class/pci_bus/0000:05/subsystem/0000:06/device/driver/0000:00:02.3/driver/0000:00:04.1/current_link_width&path=//sys/class/pci_bus/0000:05/subsystem/0000:06/device/driver/0000:00:02.3/driver/0000:00:04.1 HTTP/1.1" 200 262264 "-" "meta-externalagent/1.1 (+https://developers.facebook.com/docs/sharing/webmasters/crawler)"
57.141.0.57 - - [14/Dec/2025:00:51:52 +0000] "GET /karamba-spielsaal-erfahrungen-angeschlossen-testbericht-werfen-sie-einen-blick-auf-den-link-within-2025-pro-teutonia/?fileloc=//sys/class/pci_bus/0000:0b/subsystem/0000:01/subsystem/0000:13/subsystem/0000:0f/subsystem/0000:03/device/driver_override&path=//sys/class/pci_bus/0000:0b/subsystem/0000:01/subsystem/0000:13/subsystem/0000:0f/subsystem/0000:03/device HTTP/1.1" 200 262264 "-" "meta-externalagent/1.1 (+https://developers.facebook.com/docs/sharing/webmasters/crawler)"
74.7.227.179 - - [14/Dec/2025:00:51:53 +0000] "GET /?p=14375 HTTP/1.1" 200 42370 "-" "Mozilla/5.0 AppleWebKit/537.36 (KHTML, like Gecko; compatible; GPTBot/1.3; +https://openai.com/gptbot)"
194.247.173.99 - - [14/Dec/2025:00:51:54 +0000] "GET /9-masks-of-fire-hyperspins-slot-777-gems-respin-%E5%B0%8A%E7%88%B5/?fileloc=/opt/wpsites/datainsightnow.com/wp-includes/js/dist/format-library.js&path=/opt/wpsites/datainsightnow.com/wp-includes/js/dist HTTP/1.1" 200 45438 "-" "Mozilla/5.0 (compatible; MJ12bot/v1.4.8; http://mj12bot.com/)"
74.7.227.179 - - [14/Dec/2025:00:51:56 +0000] "GET /index.php?rest_route=%2Foembed%2F1.0%2Fembed&url=https%3A%2F%2Fdatainsightnow.com%2F%3Fp%3D14375 HTTP/1.1" 200 1275 "-" "Mozilla/5.0 AppleWebKit/537.36 (KHTML, like Gecko; compatible; GPTBot/1.3; +https://openai.com/gptbot)"
57.141.0.13 - - [14/Dec/2025:00:51:56 +0000] "GET /2025/03/06/page/39/?fileloc=//sys/class/pci_bus/0000:03/subsystem/0000:0b/device/driver/0000:00:02.2/driver/0000:00:02.3/0000:00:02.3:pcie010/subsystem/uevent&path=//sys/class/pci_bus/0000:03/subsystem/0000:0b/device/driver/0000:00:02.2/driver/0000:00:02.3/0000:00:02.3:pcie010/subsystem HTTP/1.1" 200 262248 "-" "meta-externalagent/1.1 (+https://developers.facebook.com/docs/sharing/webmasters/crawler)"
66.249.77.98 - - [14/Dec/2025:00:51:57 +0000] "GET /entity/103361206.htm HTTP/1.1" 200 30871 "-" "Mozilla/5.0 (Linux; Android 6.0.1; Nexus 5X Build/MMB29P) AppleWebKit/537.36 (KHTML, like Gecko) Chrome/141.0.7390.122 Mobile Safari/537.36 (compatible; Googlebot/2.1; +http://www.google.com/bot.html)"
40.77.167.77 - - [14/Dec/2025:00:51:57 +0000] "GET /?p=32371 HTTP/1.1" 200 29556 "-" "Mozilla/5.0 AppleWebKit/537.36 (KHTML, like Gecko; compatible; bingbot/2.0; +http://www.bing.com/bingbot.htm) Chrome/116.0.1938.76 Safari/537.36"
194.247.173.99 - - [14/Dec/2025:00:51:59 +0000] "GET /9-masks-of-fire-hyperspins-slot-777-gems-respin-%E5%B0%8A%E7%88%B5/?fileloc=/opt/wpsites/datainsightnow.com/wp-includes/js/dist/hooks.js&path=/opt/wpsites/datainsightnow.com/wp-includes/js/dist HTTP/1.1" 200 45438 "-" "Mozilla/5.0 (compatible; MJ12bot/v1.4.8; http://mj12bot.com/)"
74.7.227.179 - - [14/Dec/2025:00:51:59 +0000] "GET /index.php?rest_route=/wp/v2/posts/14375 HTTP/1.1" 200 4969 "-" "Mozilla/5.0 AppleWebKit/537.36 (KHTML, like Gecko; compatible; GPTBot/1.3; +https://openai.com/gptbot)"
40.77.167.77 - - [14/Dec/2025:00:52:01 +0000] "GET /224342429?entity=0223476502 HTTP/1.1" 200 32503 "-" "Mozilla/5.0 AppleWebKit/537.36 (KHTML, like Gecko; compatible; bingbot/2.0; +http://www.bing.com/bingbot.htm) Chrome/116.0.1938.76 Safari/537.36"
74.7.227.179 - - [14/Dec/2025:00:52:02 +0000] "GET /index.php?format=xml&rest_route=%2Foembed%2F1.0%2Fembed&url=https%3A%2F%2Fdatainsightnow.com%2F%3Fp%3D14375 HTTP/1.1" 200 1302 "-" "Mozilla/5.0 AppleWebKit/537.36 (KHTML, like Gecko; compatible; GPTBot/1.3; +https://openai.com/gptbot)"
194.247.173.99 - - [14/Dec/2025:00:52:03 +0000] "GET /9-masks-of-fire-hyperspins-slot-777-gems-respin-%E5%B0%8A%E7%88%B5/?fileloc=/opt/wpsites/datainsightnow.com/wp-includes/js/dist/hooks.min.js&path=/opt/wpsites/datainsightnow.com/wp-includes/js/dist HTTP/1.1" 200 45438 "-" "Mozilla/5.0 (compatible; MJ12bot/v1.4.8; http://mj12bot.com/)"
74.7.227.179 - - [14/Dec/2025:00:52:06 +0000] "GET /?p=20425 HTTP/1.1" 200 43836 "-" "Mozilla/5.0 AppleWebKit/537.36 (KHTML, like Gecko; compatible; GPTBot/1.3; +https://openai.com/gptbot)"
185.191.171.17 - - [14/Dec/2025:00:52:06 +0000] "GET /?p=39448 HTTP/1.1" 200 44099 "-" "Mozilla/5.0 (compatible; SemrushBot/7~bl; +http://www.semrush.com/bot.html)"
194.247.173.99 - - [14/Dec/2025:00:52:07 +0000] "GET /9-masks-of-fire-hyperspins-slot-777-gems-respin-%E5%B0%8A%E7%88%B5/?fileloc=/opt/wpsites/datainsightnow.com/wp-includes/js/dist/html-entities.js&path=/opt/wpsites/datainsightnow.com/wp-includes/js/dist HTTP/1.1" 200 45438 "-" "Mozilla/5.0 (compatible; MJ12bot/v1.4.8; http://mj12bot.com/)"
74.7.227.179 - - [14/Dec/2025:00:52:09 +0000] "GET /?p=11514 HTTP/1.1" 200 42002 "-" "Mozilla/5.0 AppleWebKit/537.36 (KHTML, like Gecko; compatible; GPTBot/1.3; +https://openai.com/gptbot)"
194.247.173.99 - - [14/Dec/2025:00:52:11 +0000] "GET /9-masks-of-fire-hyperspins-slot-777-gems-respin-%E5%B0%8A%E7%88%B5/?fileloc=/opt/wpsites/datainsightnow.com/wp-includes/js/dist/html-entities.min.js&path=/opt/wpsites/datainsightnow.com/wp-includes/js/dist HTTP/1.1" 200 45438 "-" "Mozilla/5.0 (compatible; MJ12bot/v1.4.8; http://mj12bot.com/)"
57.141.0.2 - - [14/Dec/2025:00:52:11 +0000] "GET /2025/03/07/page/6/?fileloc=//sys/class/pci_bus/0000:05/subsystem/0000:0b/subsystem/0000:0d/subsystem/0000:00/device/0000:00:02.3/driver/0000:00:02.2/config&path=//sys/class/pci_bus/0000:05/subsystem/0000:0b/subsystem/0000:0d/subsystem/0000:00/device/0000:00:02.3/driver/0000:00:02.2 HTTP/1.1" 200 262264 "-" "meta-externalagent/1.1 (+https://developers.facebook.com/docs/sharing/webmasters/crawler)"
74.7.227.179 - - [14/Dec/2025:00:52:12 +0000] "GET /index.php?format=xml&rest_route=%2Foembed%2F1.0%2Fembed&url=https%3A%2F%2Fdatainsightnow.com%2F%3Fp%3D11514 HTTP/1.1" 200 1311 "-" "Mozilla/5.0 AppleWebKit/537.36 (KHTML, like Gecko; compatible; GPTBot/1.3; +https://openai.com/gptbot)"
57.141.0.59 - - [14/Dec/2025:00:52:12 +0000] "GET /karamba-spielsaal-erfahrungen-angeschlossen-testbericht-werfen-sie-einen-blick-auf-den-link-within-2025-pro-teutonia/?fileloc=//sys/class/pci_bus/0000:06/subsystem/0000:05/subsystem/0000:04/subsystem/0000:09/subsystem/0000:05/cpuaffinity&path=//sys/class/pci_bus/0000:06/subsystem/0000:05/subsystem/0000:04/subsystem/0000:09/subsystem/0000:05 HTTP/1.1" 200 262248 "-" "meta-externalagent/1.1 (+https://developers.facebook.com/docs/sharing/webmasters/crawler)"
57.141.0.53 - - [14/Dec/2025:00:52:14 +0000] "GET /karamba-spielsaal-erfahrungen-angeschlossen-testbericht-werfen-sie-einen-blick-auf-den-link-within-2025-pro-teutonia/?path=//sys/class/pci_bus/0000:02/subsystem/0000:12/device/driver/0000:00:02.0/driver/0000:00:02.4/driver/0000:00:03.1 HTTP/1.1" 200 262216 "-" "meta-externalagent/1.1 (+https://developers.facebook.com/docs/sharing/webmasters/crawler)"
74.7.227.179 - - [14/Dec/2025:00:52:15 +0000] "GET /index.php?rest_route=/wp/v2/posts/11514 HTTP/1.1" 200 4611 "-" "Mozilla/5.0 AppleWebKit/537.36 (KHTML, like Gecko; compatible; GPTBot/1.3; +https://openai.com/gptbot)"
57.141.0.43 - - [14/Dec/2025:00:52:16 +0000] "GET /2025/03/06/page/39/?path=//sys/class/pci_bus/0000:09/subsystem/0000:05/subsystem/0000:0e/subsystem/0000:12/subsystem/0000:13/power HTTP/1.1" 200 262209 "-" "meta-externalagent/1.1 (+https://developers.facebook.com/docs/sharing/webmasters/crawler)"
194.247.173.99 - - [14/Dec/2025:00:52:16 +0000] "GET /9-masks-of-fire-hyperspins-slot-777-gems-respin-%E5%B0%8A%E7%88%B5/?fileloc=/opt/wpsites/datainsightnow.com/wp-includes/js/dist/i18n.js&path=/opt/wpsites/datainsightnow.com/wp-includes/js/dist HTTP/1.1" 200 45438 "-" "Mozilla/5.0 (compatible; MJ12bot/v1.4.8; http://mj12bot.com/)"
74.7.227.179 - - [14/Dec/2025:00:52:18 +0000] "GET /index.php?rest_route=%2Foembed%2F1.0%2Fembed&url=https%3A%2F%2Fdatainsightnow.com%2F%3Fp%3D11514 HTTP/1.1" 200 1284 "-" "Mozilla/5.0 AppleWebKit/537.36 (KHTML, like Gecko; compatible; GPTBot/1.3; +https://openai.com/gptbot)"
18.181.88.206 - - [14/Dec/2025:00:52:19 +0000] "GET / HTTP/1.1" 200 45438 "-" "Mozilla/5.0 (Windows NT 10.0; Win64; x64) AppleWebKit/537.36 (KHTML, like Gecko) Chrome/60.0.3112.113 Safari/537.36 Assetnote/1.0.0"
18.181.88.206 - - [14/Dec/2025:00:52:19 +0000] "GET / HTTP/1.1" 200 45438 "-" "Mozilla/5.0 (Windows NT 10.0; Win64; x64) AppleWebKit/537.36 (KHTML, like Gecko) Chrome/60.0.3112.113 Safari/537.36 Assetnote/1.0.0"
18.181.88.206 - - [14/Dec/2025:00:52:20 +0000] "HEAD /apps HTTP/1.1" 301 0 "-" "Mozilla/5.0 (Windows NT 10.0; Win64; x64) AppleWebKit/537.36 (KHTML, like Gecko) Chrome/60.0.3112.113 Safari/537.36 Assetnote/1.0.0"
18.181.88.206 - - [14/Dec/2025:00:52:20 +0000] "HEAD /apps HTTP/1.1" 301 0 "-" "Mozilla/5.0 (Windows NT 10.0; Win64; x64) AppleWebKit/537.36 (KHTML, like Gecko) Chrome/60.0.3112.113 Safari/537.36 Assetnote/1.0.0"
194.247.173.99 - - [14/Dec/2025:00:52:20 +0000] "GET /9-masks-of-fire-hyperspins-slot-777-gems-respin-%E5%B0%8A%E7%88%B5/?fileloc=/opt/wpsites/datainsightnow.com/wp-includes/js/dist/is-shallow-equal.min.js&path=/opt/wpsites/datainsightnow.com/wp-includes/js/dist HTTP/1.1" 200 45438 "-" "Mozilla/5.0 (compatible; MJ12bot/v1.4.8; http://mj12bot.com/)"
18.181.88.206 - - [14/Dec/2025:00:52:21 +0000] "POST /apps HTTP/1.1" 200 45438 "-" "Mozilla/5.0 (Windows NT 10.0; Win64; x64) AppleWebKit/537.36 (KHTML, like Gecko) Chrome/60.0.3112.113 Safari/537.36 Assetnote/1.0.0"
18.181.88.206 - - [14/Dec/2025:00:52:21 +0000] "POST /apps HTTP/1.1" 200 45438 "-" "Mozilla/5.0 (Windows NT 10.0; Win64; x64) AppleWebKit/537.36 (KHTML, like Gecko) Chrome/60.0.3112.113 Safari/537.36 Assetnote/1.0.0"
74.7.227.179 - - [14/Dec/2025:00:52:21 +0000] "GET /?p=42283 HTTP/1.1" 200 41038 "-" "Mozilla/5.0 AppleWebKit/537.36 (KHTML, like Gecko; compatible; GPTBot/1.3; +https://openai.com/gptbot)"
74.7.227.179 - - [14/Dec/2025:00:52:24 +0000] "GET /index.php?rest_route=%2Foembed%2F1.0%2Fembed&url=https%3A%2F%2Fdatainsightnow.com%2F%3Fp%3D42283 HTTP/1.1" 200 1250 "-" "Mozilla/5.0 AppleWebKit/537.36 (KHTML, like Gecko; compatible; GPTBot/1.3; +https://openai.com/gptbot)"
194.247.173.99 - - [14/Dec/2025:00:52:24 +0000] "GET /9-masks-of-fire-hyperspins-slot-777-gems-respin-%E5%B0%8A%E7%88%B5/?fileloc=/opt/wpsites/datainsightnow.com/wp-includes/js/dist/keyboard-shortcuts.js&path=/opt/wpsites/datainsightnow.com/wp-includes/js/dist HTTP/1.1" 200 45438 "-" "Mozilla/5.0 (compatible; MJ12bot/v1.4.8; http://mj12bot.com/)"
66.249.77.98 - - [14/Dec/2025:00:52:25 +0000] "GET /entity/5829833.htm HTTP/1.1" 200 29194 "-" "Mozilla/5.0 (Linux; Android 6.0.1; Nexus 5X Build/MMB29P) AppleWebKit/537.36 (KHTML, like Gecko) Chrome/141.0.7390.122 Mobile Safari/537.36 (compatible; Googlebot/2.1; +http://www.google.com/bot.html)"
57.141.0.17 - - [14/Dec/2025:00:52:27 +0000] "GET /karamba-spielsaal-erfahrungen-angeschlossen-testbericht-werfen-sie-einen-blick-auf-den-link-within-2025-pro-teutonia/?fileloc=//sys/class/pci_bus/0000:0b/subsystem/0000:01/device/driver/0000:00:02.5/subsystem/devices/0000:03:01.0/uevent&path=//sys/class/pci_bus/0000:0b/subsystem/0000:01/device/driver/0000:00:02.5/subsystem/devices/0000:03:01.0 HTTP/1.1" 200 262216 "-" "meta-externalagent/1.1 (+https://developers.facebook.com/docs/sharing/webmasters/crawler)"
74.7.227.179 - - [14/Dec/2025:00:52:27 +0000] "GET /index.php?rest_route=/wp/v2/posts/42283 HTTP/1.1" 200 4024 "-" "Mozilla/5.0 AppleWebKit/537.36 (KHTML, like Gecko; compatible; GPTBot/1.3; +https://openai.com/gptbot)"
194.247.173.99 - - [14/Dec/2025:00:52:29 +0000] "GET /9-masks-of-fire-hyperspins-slot-777-gems-respin-%E5%B0%8A%E7%88%B5/?fileloc=/opt/wpsites/datainsightnow.com/wp-includes/js/dist/keyboard-shortcuts.min.js&path=/opt/wpsites/datainsightnow.com/wp-includes/js/dist HTTP/1.1" 200 45438 "-" "Mozilla/5.0 (compatible; MJ12bot/v1.4.8; http://mj12bot.com/)"
66.249.77.99 - - [14/Dec/2025:00:52:29 +0000] "GET /entity/34195250.htm HTTP/1.1" 200 31315 "-" "Mozilla/5.0 (Linux; Android 6.0.1; Nexus 5X Build/MMB29P) AppleWebKit/537.36 (KHTML, like Gecko) Chrome/141.0.7390.122 Mobile Safari/537.36 (compatible; Googlebot/2.1; +http://www.google.com/bot.html)"
74.7.227.179 - - [14/Dec/2025:00:52:31 +0000] "GET /index.php?format=xml&rest_route=%2Foembed%2F1.0%2Fembed&url=https%3A%2F%2Fdatainsightnow.com%2F%3Fp%3D42283 HTTP/1.1" 200 1277 "-" "Mozilla/5.0 AppleWebKit/537.36 (KHTML, like Gecko; compatible; GPTBot/1.3; +https://openai.com/gptbot)"
194.247.173.99 - - [14/Dec/2025:00:52:33 +0000] "GET /9-masks-of-fire-hyperspins-slot-777-gems-respin-%E5%B0%8A%E7%88%B5/?fileloc=/opt/wpsites/datainsightnow.com/wp-includes/js/dist/keycodes.js&path=/opt/wpsites/datainsightnow.com/wp-includes/js/dist HTTP/1.1" 200 45438 "-" "Mozilla/5.0 (compatible; MJ12bot/v1.4.8; http://mj12bot.com/)"
66.249.77.99 - - [14/Dec/2025:00:52:33 +0000] "GET /?fileloc=//sys/class/sound/card0/device/subsystem/devices/0000:00:02.2/driver/0000:00:02.2/driver/0000:00:03.2/subsystem/devices/0000:00:02.6/driver/0000:00:03.7/driver/0000:00:02.0/firmware_node/physical_node/driver/0000:00:02.2/driver/0000:00:03.4/subsystem/devices/0000:04:00.0/pools&path=//sys/class/sound/card0/device/subsystem/devices/0000:00:02.2/driver/0000:00:02.2/driver/0000:00:03.2/subsystem/devices/0000:00:02.6/driver/0000:00:03.7/driver/0000:00:02.0/firmware_node/physical_node/driver/0000:00:02.2/driver/0000:00:03.4/subsystem/devices/0000:04:00.0 HTTP/1.1" 200 45439 "-" "Mozilla/5.0 (Linux; Android 6.0.1; Nexus 5X Build/MMB29P) AppleWebKit/537.36 (KHTML, like Gecko) Chrome/141.0.7390.122 Mobile Safari/537.36 (compatible; Googlebot/2.1; +http://www.google.com/bot.html)"
74.7.227.179 - - [14/Dec/2025:00:52:34 +0000] "GET /?p=47687 HTTP/1.1" 200 42193 "-" "Mozilla/5.0 AppleWebKit/537.36 (KHTML, like Gecko; compatible; GPTBot/1.3; +https://openai.com/gptbot)"
74.7.227.179 - - [14/Dec/2025:00:52:37 +0000] "GET /index.php?rest_route=/wp/v2/posts/47687 HTTP/1.1" 200 4692 "-" "Mozilla/5.0 AppleWebKit/537.36 (KHTML, like Gecko; compatible; GPTBot/1.3; +https://openai.com/gptbot)"
194.247.173.99 - - [14/Dec/2025:00:52:37 +0000] "GET /9-masks-of-fire-hyperspins-slot-777-gems-respin-%E5%B0%8A%E7%88%B5/?fileloc=/opt/wpsites/datainsightnow.com/wp-includes/js/dist/keycodes.min.js&path=/opt/wpsites/datainsightnow.com/wp-includes/js/dist HTTP/1.1" 200 45438 "-" "Mozilla/5.0 (compatible; MJ12bot/v1.4.8; http://mj12bot.com/)"
52.167.144.173 - - [14/Dec/2025:00:52:38 +0000] "GET /usm_0.66_1.00_0.01/?path=/proc/irq/55 HTTP/1.1" 200 45438 "-" "Mozilla/5.0 AppleWebKit/537.36 (KHTML, like Gecko; compatible; bingbot/2.0; +http://www.bing.com/bingbot.htm) Chrome/116.0.1938.76 Safari/537.36"
74.7.227.179 - - [14/Dec/2025:00:52:40 +0000] "GET /index.php?rest_route=%2Foembed%2F1.0%2Fembed&url=https%3A%2F%2Fdatainsightnow.com%2F%3Fp%3D47687 HTTP/1.1" 200 1304 "-" "Mozilla/5.0 AppleWebKit/537.36 (KHTML, like Gecko; compatible; GPTBot/1.3; +https://openai.com/gptbot)"
194.247.173.99 - - [14/Dec/2025:00:52:41 +0000] "GET /9-masks-of-fire-hyperspins-slot-777-gems-respin-%E5%B0%8A%E7%88%B5/?fileloc=/opt/wpsites/datainsightnow.com/wp-includes/js/dist/list-reusable-blocks.js&path=/opt/wpsites/datainsightnow.com/wp-includes/js/dist HTTP/1.1" 200 45438 "-" "Mozilla/5.0 (compatible; MJ12bot/v1.4.8; http://mj12bot.com/)"
57.141.0.9 - - [14/Dec/2025:00:52:42 +0000] "GET /2025/03/07/page/6/?fileloc=//sys/class/pci_bus/0000:05/subsystem/0000:08/subsystem/0000:0a/subsystem/0000:07/subsystem/0000:03/subsystem/0000:07/cpuaffinity&path=//sys/class/pci_bus/0000:05/subsystem/0000:08/subsystem/0000:0a/subsystem/0000:07/subsystem/0000:03/subsystem/0000:07 HTTP/1.1" 200 262248 "-" "meta-externalagent/1.1 (+https://developers.facebook.com/docs/sharing/webmasters/crawler)"
74.7.227.179 - - [14/Dec/2025:00:52:43 +0000] "GET /index.php?format=xml&rest_route=%2Foembed%2F1.0%2Fembed&url=https%3A%2F%2Fdatainsightnow.com%2F%3Fp%3D47687 HTTP/1.1" 200 1332 "-" "Mozilla/5.0 AppleWebKit/537.36 (KHTML, like Gecko; compatible; GPTBot/1.3; +https://openai.com/gptbot)"
194.247.173.99 - - [14/Dec/2025:00:52:45 +0000] "GET /9-masks-of-fire-hyperspins-slot-777-gems-respin-%E5%B0%8A%E7%88%B5/?fileloc=/opt/wpsites/datainsightnow.com/wp-includes/js/dist/notices.min.js&path=/opt/wpsites/datainsightnow.com/wp-includes/js/dist HTTP/1.1" 200 45438 "-" "Mozilla/5.0 (compatible; MJ12bot/v1.4.8; http://mj12bot.com/)"
74.7.227.179 - - [14/Dec/2025:00:52:46 +0000] "GET /?p=40797 HTTP/1.1" 200 40713 "-" "Mozilla/5.0 AppleWebKit/537.36 (KHTML, like Gecko; compatible; GPTBot/1.3; +https://openai.com/gptbot)"
