194.247.173.99 - - [14/Dec/2025:00:55:31 +0000] "GET /9-masks-of-fire-hyperspins-slot-777-gems-respin-%E5%B0%8A%E7%88%B5/?path=//etc/modules-load.d HTTP/1.1" 200 45438 "-" "Mozilla/5.0 (compatible; MJ12bot/v1.4.8; http://mj12bot.com/)"
66.135.21.75 - - [14/Dec/2025:00:55:32 +0000] "POST /wp-cron.php?doing_wp_cron=1765673732.4025430679321289062500 HTTP/1.1" 200 31 "-" "WordPress/6.3.1; https://datainsightnow.com"
185.191.171.8 - - [14/Dec/2025:00:55:32 +0000] "GET /?p=17642 HTTP/1.1" 200 43018 "-" "Mozilla/5.0 (compatible; SemrushBot/7~bl; +http://www.semrush.com/bot.html)"
74.7.227.179 - - [14/Dec/2025:00:55:33 +0000] "GET /?p=10757 HTTP/1.1" 200 44976 "-" "Mozilla/5.0 AppleWebKit/537.36 (KHTML, like Gecko; compatible; GPTBot/1.3; +https://openai.com/gptbot)"
194.247.173.99 - - [14/Dec/2025:00:55:35 +0000] "GET /9-masks-of-fire-hyperspins-slot-777-gems-respin-%E5%B0%8A%E7%88%B5/?path=//etc/multipath HTTP/1.1" 200 45438 "-" "Mozilla/5.0 (compatible; MJ12bot/v1.4.8; http://mj12bot.com/)"
74.7.227.179 - - [14/Dec/2025:00:55:36 +0000] "GET /?p=23987 HTTP/1.1" 200 42663 "-" "Mozilla/5.0 AppleWebKit/537.36 (KHTML, like Gecko; compatible; GPTBot/1.3; +https://openai.com/gptbot)"
74.7.227.179 - - [14/Dec/2025:00:55:39 +0000] "GET /index.php?rest_route=/wp/v2/posts/23987 HTTP/1.1" 200 5265 "-" "Mozilla/5.0 AppleWebKit/537.36 (KHTML, like Gecko; compatible; GPTBot/1.3; +https://openai.com/gptbot)"
194.247.173.99 - - [14/Dec/2025:00:55:39 +0000] "GET /9-masks-of-fire-hyperspins-slot-777-gems-respin-%E5%B0%8A%E7%88%B5/?path=//etc/mysql HTTP/1.1" 200 45438 "-" "Mozilla/5.0 (compatible; MJ12bot/v1.4.8; http://mj12bot.com/)"
57.141.0.49 - - [14/Dec/2025:00:55:42 +0000] "GET /karamba-spielsaal-erfahrungen-angeschlossen-testbericht-werfen-sie-einen-blick-auf-den-link-within-2025-pro-teutonia/?path=//sys/class/pci_bus/0000:06/subsystem/0000:13/subsystem/0000:0c/subsystem/0000:05/subsystem/0000:0a/subsystem/0000:0a/device/power HTTP/1.1" 200 262264 "-" "meta-externalagent/1.1 (+https://developers.facebook.com/docs/sharing/webmasters/crawler)"
74.7.227.179 - - [14/Dec/2025:00:55:42 +0000] "GET /index.php?rest_route=%2Foembed%2F1.0%2Fembed&url=https%3A%2F%2Fdatainsightnow.com%2F%3Fp%3D23987 HTTP/1.1" 200 1285 "-" "Mozilla/5.0 AppleWebKit/537.36 (KHTML, like Gecko; compatible; GPTBot/1.3; +https://openai.com/gptbot)"
194.247.173.99 - - [14/Dec/2025:00:55:43 +0000] "GET /9-masks-of-fire-hyperspins-slot-777-gems-respin-%E5%B0%8A%E7%88%B5/?path=//etc/rcS.d HTTP/1.1" 200 45438 "-" "Mozilla/5.0 (compatible; MJ12bot/v1.4.8; http://mj12bot.com/)"
85.208.96.193 - - [14/Dec/2025:00:55:45 +0000] "GET /?p=40815 HTTP/1.1" 200 42585 "-" "Mozilla/5.0 (compatible; SemrushBot/7~bl; +http://www.semrush.com/bot.html)"
74.7.227.179 - - [14/Dec/2025:00:55:46 +0000] "GET /index.php?format=xml&rest_route=%2Foembed%2F1.0%2Fembed&url=https%3A%2F%2Fdatainsightnow.com%2F%3Fp%3D23987 HTTP/1.1" 200 1313 "-" "Mozilla/5.0 AppleWebKit/537.36 (KHTML, like Gecko; compatible; GPTBot/1.3; +https://openai.com/gptbot)"
57.141.0.18 - - [14/Dec/2025:00:55:47 +0000] "GET /karamba-spielsaal-erfahrungen-angeschlossen-testbericht-werfen-sie-einen-blick-auf-den-link-within-2025-pro-teutonia/?path=//sys/class/pci_bus/0000:02/subsystem/0000:11/subsystem/0000:01/device/subsystem/slots/4 HTTP/1.1" 200 262264 "-" "meta-externalagent/1.1 (+https://developers.facebook.com/docs/sharing/webmasters/crawler)"
194.247.173.99 - - [14/Dec/2025:00:55:48 +0000] "GET /9-masks-of-fire-hyperspins-slot-777-gems-respin-%E5%B0%8A%E7%88%B5/?path=//etc/rsyslog.d HTTP/1.1" 200 45438 "-" "Mozilla/5.0 (compatible; MJ12bot/v1.4.8; http://mj12bot.com/)"
57.141.0.21 - - [14/Dec/2025:00:55:48 +0000] "GET /2025/03/07/page/6/?fileloc=//sys/class/pci_bus/0000:0f/subsystem/0000:05/subsystem/0000:05/device/driver/0000:00:03.2/driver/0000:00:02.0/driver/0000:00:02.2/aer_rootport_total_err_nonfatal&path=//sys/class/pci_bus/0000:0f/subsystem/0000:05/subsystem/0000:05/device/driver/0000:00:03.2/driver/0000:00:02.0/driver/0000:00:02.2 HTTP/1.1" 200 262216 "-" "meta-externalagent/1.1 (+https://developers.facebook.com/docs/sharing/webmasters/crawler)"
74.7.227.179 - - [14/Dec/2025:00:55:49 +0000] "GET /?p=11818 HTTP/1.1" 200 41533 "-" "Mozilla/5.0 AppleWebKit/537.36 (KHTML, like Gecko; compatible; GPTBot/1.3; +https://openai.com/gptbot)"
57.141.0.17 - - [14/Dec/2025:00:55:50 +0000] "GET /karamba-spielsaal-erfahrungen-angeschlossen-testbericht-werfen-sie-einen-blick-auf-den-link-within-2025-pro-teutonia/?fileloc=//sys/class/pci_bus/0000:05/subsystem/0000:09/subsystem/0000:0b/subsystem/0000:13/subsystem/0000:0e/device/secondary_bus_number&path=//sys/class/pci_bus/0000:05/subsystem/0000:09/subsystem/0000:0b/subsystem/0000:13/subsystem/0000:0e/device HTTP/1.1" 200 262264 "-" "meta-externalagent/1.1 (+https://developers.facebook.com/docs/sharing/webmasters/crawler)"
66.135.21.75 - - [14/Dec/2025:00:55:51 +0000] "POST /wp-cron.php?doing_wp_cron=1765673751.7958369255065917968750 HTTP/1.1" 200 31 "-" "WordPress/6.3.1; https://datainsightnow.com"
74.7.227.179 - - [14/Dec/2025:00:55:52 +0000] "GET /index.php?rest_route=/wp/v2/posts/11818 HTTP/1.1" 200 4388 "-" "Mozilla/5.0 AppleWebKit/537.36 (KHTML, like Gecko; compatible; GPTBot/1.3; +https://openai.com/gptbot)"
194.247.173.99 - - [14/Dec/2025:00:55:52 +0000] "GET /9-masks-of-fire-hyperspins-slot-777-gems-respin-%E5%B0%8A%E7%88%B5/?path=//etc/security HTTP/1.1" 200 45438 "-" "Mozilla/5.0 (compatible; MJ12bot/v1.4.8; http://mj12bot.com/)"
57.141.0.57 - - [14/Dec/2025:00:55:53 +0000] "GET /2025/03/07/page/6/?fileloc=//sys/class/pci_bus/0000:0b/subsystem/0000:01/subsystem/0000:0b/subsystem/0000:11/subsystem/0000:00/cpulistaffinity&path=//sys/class/pci_bus/0000:0b/subsystem/0000:01/subsystem/0000:0b/subsystem/0000:11/subsystem/0000:00 HTTP/1.1" 200 262248 "-" "meta-externalagent/1.1 (+https://developers.facebook.com/docs/sharing/webmasters/crawler)"
57.141.0.70 - - [14/Dec/2025:00:55:54 +0000] "GET /karamba-spielsaal-erfahrungen-angeschlossen-testbericht-werfen-sie-einen-blick-auf-den-link-within-2025-pro-teutonia/?fileloc=//sys/class/pci_bus/0000:0d/subsystem/0000:07/subsystem/0000:05/subsystem/0000:0a/uevent&path=//sys/class/pci_bus/0000:0d/subsystem/0000:07/subsystem/0000:05/subsystem/0000:0a HTTP/1.1" 200 262264 "-" "meta-externalagent/1.1 (+https://developers.facebook.com/docs/sharing/webmasters/crawler)"
74.7.227.179 - - [14/Dec/2025:00:55:55 +0000] "GET /index.php?format=xml&rest_route=%2Foembed%2F1.0%2Fembed&url=https%3A%2F%2Fdatainsightnow.com%2F%3Fp%3D11818 HTTP/1.1" 200 1305 "-" "Mozilla/5.0 AppleWebKit/537.36 (KHTML, like Gecko; compatible; GPTBot/1.3; +https://openai.com/gptbot)"
57.141.0.38 - - [14/Dec/2025:00:55:55 +0000] "GET /2025/03/07/page/6/?fileloc=//sys/class/pci_bus/0000:05/subsystem/0000:0b/device/driver/0000:00:04.1/firmware_node/physical_node/driver/0000:00:03.2/msi_bus&path=//sys/class/pci_bus/0000:05/subsystem/0000:0b/device/driver/0000:00:04.1/firmware_node/physical_node/driver/0000:00:03.2 HTTP/1.1" 200 262264 "-" "meta-externalagent/1.1 (+https://developers.facebook.com/docs/sharing/webmasters/crawler)"
194.247.173.99 - - [14/Dec/2025:00:55:56 +0000] "GET /9-masks-of-fire-hyperspins-slot-777-gems-respin-%E5%B0%8A%E7%88%B5/?path=//etc/selinux HTTP/1.1" 200 45438 "-" "Mozilla/5.0 (compatible; MJ12bot/v1.4.8; http://mj12bot.com/)"
57.141.0.31 - - [14/Dec/2025:00:55:57 +0000] "GET /2025/03/07/page/6/?fileloc=//sys/class/pci_bus/0000:0e/subsystem/0000:0b/device/subsystem/drivers/lpc_ich/0000:00:1f.0/driver/uevent&path=//sys/class/pci_bus/0000:0e/subsystem/0000:0b/device/subsystem/drivers/lpc_ich/0000:00:1f.0/driver HTTP/1.1" 200 262264 "-" "meta-externalagent/1.1 (+https://developers.facebook.com/docs/sharing/webmasters/crawler)"
74.7.227.179 - - [14/Dec/2025:00:55:58 +0000] "GET /index.php?rest_route=%2Foembed%2F1.0%2Fembed&url=https%3A%2F%2Fdatainsightnow.com%2F%3Fp%3D11818 HTTP/1.1" 200 1277 "-" "Mozilla/5.0 AppleWebKit/537.36 (KHTML, like Gecko; compatible; GPTBot/1.3; +https://openai.com/gptbot)"
194.247.173.99 - - [14/Dec/2025:00:56:00 +0000] "GET /9-masks-of-fire-hyperspins-slot-777-gems-respin-%E5%B0%8A%E7%88%B5/?path=//etc/sensors.d HTTP/1.1" 200 45438 "-" "Mozilla/5.0 (compatible; MJ12bot/v1.4.8; http://mj12bot.com/)"
57.141.0.20 - - [14/Dec/2025:00:56:01 +0000] "GET /moneysense-self-help-guide-to-the-ideal-profile/?path=//sys/class/pci_bus/0000:08/subsystem/0000:0e/subsystem/0000:0b/device/0000:00:03.1:pcie002/driver/0000:00:02.7:pcie002 HTTP/1.1" 200 262209 "-" "meta-externalagent/1.1 (+https://developers.facebook.com/docs/sharing/webmasters/crawler)"
74.7.227.179 - - [14/Dec/2025:00:56:02 +0000] "GET /?p=12207 HTTP/1.1" 200 44891 "-" "Mozilla/5.0 AppleWebKit/537.36 (KHTML, like Gecko; compatible; GPTBot/1.3; +https://openai.com/gptbot)"
185.191.171.15 - - [14/Dec/2025:00:56:02 +0000] "GET /?p=49413 HTTP/1.1" 200 43117 "-" "Mozilla/5.0 (compatible; SemrushBot/7~bl; +http://www.semrush.com/bot.html)"
185.113.8.55 - - [14/Dec/2025:00:56:04 +0000] "POST /wp-login.php HTTP/1.1" 200 2680 "-" "Mozilla/5.0 (Windows NT 11.0; Win64; x64) AppleWebKit/537.36 (KHTML, like Gecko) Chrome/128.0.8586.75 Safari/537.36"
194.247.173.99 - - [14/Dec/2025:00:56:04 +0000] "GET /9-masks-of-fire-hyperspins-slot-777-gems-respin-%E5%B0%8A%E7%88%B5/?path=//etc/sgml HTTP/1.1" 200 45438 "-" "Mozilla/5.0 (compatible; MJ12bot/v1.4.8; http://mj12bot.com/)"
74.7.227.179 - - [14/Dec/2025:00:56:05 +0000] "GET /?p=20429 HTTP/1.1" 200 42555 "-" "Mozilla/5.0 AppleWebKit/537.36 (KHTML, like Gecko; compatible; GPTBot/1.3; +https://openai.com/gptbot)"
74.7.227.179 - - [14/Dec/2025:00:56:08 +0000] "GET /index.php?format=xml&rest_route=%2Foembed%2F1.0%2Fembed&url=https%3A%2F%2Fdatainsightnow.com%2F%3Fp%3D20429 HTTP/1.1" 200 1315 "-" "Mozilla/5.0 AppleWebKit/537.36 (KHTML, like Gecko; compatible; GPTBot/1.3; +https://openai.com/gptbot)"
194.247.173.99 - - [14/Dec/2025:00:56:09 +0000] "GET /9-masks-of-fire-hyperspins-slot-777-gems-respin-%E5%B0%8A%E7%88%B5/?path=//etc/skel HTTP/1.1" 200 45438 "-" "Mozilla/5.0 (compatible; MJ12bot/v1.4.8; http://mj12bot.com/)"
74.7.227.179 - - [14/Dec/2025:00:56:11 +0000] "GET /index.php?rest_route=%2Foembed%2F1.0%2Fembed&url=https%3A%2F%2Fdatainsightnow.com%2F%3Fp%3D20429 HTTP/1.1" 200 1290 "-" "Mozilla/5.0 AppleWebKit/537.36 (KHTML, like Gecko; compatible; GPTBot/1.3; +https://openai.com/gptbot)"
194.247.173.99 - - [14/Dec/2025:00:56:13 +0000] "GET /?p=25454 HTTP/1.1" 200 42392 "-" "Mozilla/5.0 (compatible; MJ12bot/v1.4.8; http://mj12bot.com/)"
74.7.227.179 - - [14/Dec/2025:00:56:14 +0000] "GET /index.php?rest_route=/wp/v2/posts/20429 HTTP/1.1" 200 5073 "-" "Mozilla/5.0 AppleWebKit/537.36 (KHTML, like Gecko; compatible; GPTBot/1.3; +https://openai.com/gptbot)"
185.113.8.55 - - [14/Dec/2025:00:56:16 +0000] "POST /wp-login.php HTTP/1.1" 200 2681 "-" "Mozilla/5.0 (Macintosh; Intel Mac OS X 10_15_7) AppleWebKit/537.36 (KHTML, like Gecko) Chrome/128.0.7056.191 Safari/537.36"
194.247.173.99 - - [14/Dec/2025:00:56:17 +0000] "GET /?p=25456 HTTP/1.1" 200 42889 "-" "Mozilla/5.0 (compatible; MJ12bot/v1.4.8; http://mj12bot.com/)"
74.7.227.179 - - [14/Dec/2025:00:56:17 +0000] "GET /?p=11508 HTTP/1.1" 200 43108 "-" "Mozilla/5.0 AppleWebKit/537.36 (KHTML, like Gecko; compatible; GPTBot/1.3; +https://openai.com/gptbot)"
40.77.167.77 - - [14/Dec/2025:00:56:17 +0000] "GET /48866560?entity=0048678146 HTTP/1.1" 200 29946 "-" "Mozilla/5.0 AppleWebKit/537.36 (KHTML, like Gecko; compatible; bingbot/2.0; +http://www.bing.com/bingbot.htm) Chrome/116.0.1938.76 Safari/537.36"
74.7.227.179 - - [14/Dec/2025:00:56:20 +0000] "GET /index.php?format=xml&rest_route=%2Foembed%2F1.0%2Fembed&url=https%3A%2F%2Fdatainsightnow.com%2F%3Fp%3D11508 HTTP/1.1" 200 1333 "-" "Mozilla/5.0 AppleWebKit/537.36 (KHTML, like Gecko; compatible; GPTBot/1.3; +https://openai.com/gptbot)"
194.247.173.99 - - [14/Dec/2025:00:56:21 +0000] "GET /?p=25458 HTTP/1.1" 200 47369 "-" "Mozilla/5.0 (compatible; MJ12bot/v1.4.8; http://mj12bot.com/)"
185.113.8.55 - - [14/Dec/2025:00:56:21 +0000] "POST /wp-login.php HTTP/1.1" 200 2681 "-" "Mozilla/5.0 (Windows NT 10.0; Win64; x64) AppleWebKit/537.36 (KHTML, like Gecko) Chrome/125.0.6437.180 Safari/537.36"
185.113.8.55 - - [14/Dec/2025:00:56:21 +0000] "POST /wp-login.php HTTP/1.1" 200 2680 "-" "Mozilla/5.0 (Windows NT 10.0; Win64; x64) AppleWebKit/537.36 (KHTML, like Gecko) Chrome/123.0.4260.402 Safari/537.36"
185.113.8.55 - - [14/Dec/2025:00:56:22 +0000] "POST /wp-login.php HTTP/1.1" 200 2679 "-" "Mozilla/5.0 (Macintosh; Intel Mac OS X 14_6_1) AppleWebKit/537.36 (KHTML, like Gecko) Chrome/128.0.6082.580 Safari/537.36"
66.249.77.99 - - [14/Dec/2025:00:56:22 +0000] "GET /?fileloc=//sys/class/sound/card0/device/subsystem/devices/0000:00:02.2/driver/0000:00:02.5/0000:07:00.0/subsystem/devices/0000:00:04.1/driver/0000:00:03.6/subsystem/devices/0000:00:03.4/firmware_node/wakeup/wakeup14/subsystem/wakeup18/subsystem/wakeup24/subsystem/wakeup11/subsystem/wakeup6/prevent_suspend_time_ms&path=//sys/class/sound/card0/device/subsystem/devices/0000:00:02.2/driver/0000:00:02.5/0000:07:00.0/subsystem/devices/0000:00:04.1/driver/0000:00:03.6/subsystem/devices/0000:00:03.4/firmware_node/wakeup/wakeup14/subsystem/wakeup18/subsystem/wakeup24/subsystem/wakeup11/subsystem/wakeup6 HTTP/1.1" 200 45439 "-" "Mozilla/5.0 (Linux; Android 6.0.1; Nexus 5X Build/MMB29P) AppleWebKit/537.36 (KHTML, like Gecko) Chrome/141.0.7390.122 Mobile Safari/537.36 (compatible; Googlebot/2.1; +http://www.google.com/bot.html)"
74.7.227.179 - - [14/Dec/2025:00:56:23 +0000] "GET /index.php?rest_route=%2Foembed%2F1.0%2Fembed&url=https%3A%2F%2Fdatainsightnow.com%2F%3Fp%3D11508 HTTP/1.1" 200 1309 "-" "Mozilla/5.0 AppleWebKit/537.36 (KHTML, like Gecko; compatible; GPTBot/1.3; +https://openai.com/gptbot)"
194.247.173.99 - - [14/Dec/2025:00:56:25 +0000] "GET /?p=25460 HTTP/1.1" 200 42703 "-" "Mozilla/5.0 (compatible; MJ12bot/v1.4.8; http://mj12bot.com/)"
74.7.227.179 - - [14/Dec/2025:00:56:27 +0000] "GET /index.php?rest_route=/wp/v2/posts/11508 HTTP/1.1" 200 5528 "-" "Mozilla/5.0 AppleWebKit/537.36 (KHTML, like Gecko; compatible; GPTBot/1.3; +https://openai.com/gptbot)"
194.247.173.99 - - [14/Dec/2025:00:56:30 +0000] "GET /?p=25744 HTTP/1.1" 200 44869 "-" "Mozilla/5.0 (compatible; MJ12bot/v1.4.8; http://mj12bot.com/)"
57.141.0.21 - - [14/Dec/2025:00:56:30 +0000] "GET /2025/03/03/page/6/?fileloc=/opt/wpsites/datainsightnow.com/wp-includes/css/jquery-ui-dialog-rtl.min.css&path=/opt/wpsites/datainsightnow.com/wp-includes/css HTTP/1.1" 200 262264 "-" "meta-externalagent/1.1 (+https://developers.facebook.com/docs/sharing/webmasters/crawler)"
74.7.227.179 - - [14/Dec/2025:00:56:30 +0000] "GET /?p=42289 HTTP/1.1" 200 42519 "-" "Mozilla/5.0 AppleWebKit/537.36 (KHTML, like Gecko; compatible; GPTBot/1.3; +https://openai.com/gptbot)"
57.141.0.72 - - [14/Dec/2025:00:56:31 +0000] "GET /2025/03/07/page/6/?fileloc=//sys/class/pci_bus/0000:04/subsystem/0000:01/device/driver/0000:00:03.3/driver/0000:00:02.5/firmware_node/path&path=//sys/class/pci_bus/0000:04/subsystem/0000:01/device/driver/0000:00:03.3/driver/0000:00:02.5/firmware_node HTTP/1.1" 200 262264 "-" "meta-externalagent/1.1 (+https://developers.facebook.com/docs/sharing/webmasters/crawler)"
57.141.0.47 - - [14/Dec/2025:00:56:32 +0000] "GET /karamba-spielsaal-erfahrungen-angeschlossen-testbericht-werfen-sie-einen-blick-auf-den-link-within-2025-pro-teutonia/?path=//sys/class/pci_bus/0000:06/subsystem/0000:0f/subsystem/0000:07/subsystem/0000:05/device/firmware_node/subsystem/devices/PNP0C0F:00 HTTP/1.1" 200 262264 "-" "meta-externalagent/1.1 (+https://developers.facebook.com/docs/sharing/webmasters/crawler)"
74.7.227.179 - - [14/Dec/2025:00:56:33 +0000] "GET /index.php?rest_route=/wp/v2/posts/42289 HTTP/1.1" 200 5234 "-" "Mozilla/5.0 AppleWebKit/537.36 (KHTML, like Gecko; compatible; GPTBot/1.3; +https://openai.com/gptbot)"
194.247.173.99 - - [14/Dec/2025:00:56:34 +0000] "GET /?p=25746 HTTP/1.1" 200 43170 "-" "Mozilla/5.0 (compatible; MJ12bot/v1.4.8; http://mj12bot.com/)"
57.141.0.19 - - [14/Dec/2025:00:56:36 +0000] "GET /2025/03/07/page/6/?path=//sys/class/pci_bus/0000:0b/subsystem/0000:0d/subsystem/0000:01/subsystem/0000:01/device/driver/0000:00:03.5/0000:00:03.5:pcie010/subsystem HTTP/1.1" 200 262264 "-" "meta-externalagent/1.1 (+https://developers.facebook.com/docs/sharing/webmasters/crawler)"
74.7.227.179 - - [14/Dec/2025:00:56:36 +0000] "GET /index.php?rest_route=%2Foembed%2F1.0%2Fembed&url=https%3A%2F%2Fdatainsightnow.com%2F%3Fp%3D42289 HTTP/1.1" 200 1278 "-" "Mozilla/5.0 AppleWebKit/537.36 (KHTML, like Gecko; compatible; GPTBot/1.3; +https://openai.com/gptbot)"
52.167.144.173 - - [14/Dec/2025:00:56:37 +0000] "GET /?AmazonEmber?fileloc=/var/backups/dpkg.arch.3.gz&path=/var/backups HTTP/1.1" 200 29879 "-" "Mozilla/5.0 AppleWebKit/537.36 (KHTML, like Gecko; compatible; bingbot/2.0; +http://www.bing.com/bingbot.htm) Chrome/116.0.1938.76 Safari/537.36"
194.247.173.99 - - [14/Dec/2025:00:56:38 +0000] "GET /?p=25750 HTTP/1.1" 200 43349 "-" "Mozilla/5.0 (compatible; MJ12bot/v1.4.8; http://mj12bot.com/)"
74.7.227.179 - - [14/Dec/2025:00:56:39 +0000] "GET /index.php?format=xml&rest_route=%2Foembed%2F1.0%2Fembed&url=https%3A%2F%2Fdatainsightnow.com%2F%3Fp%3D42289 HTTP/1.1" 200 1307 "-" "Mozilla/5.0 AppleWebKit/537.36 (KHTML, like Gecko; compatible; GPTBot/1.3; +https://openai.com/gptbot)"
66.249.77.98 - - [14/Dec/2025:00:56:40 +0000] "GET /?path=//sys/class/sound/card0/device/subsystem/devices/0000:00:02.2/driver/0000:00:03.1/subsystem/devices/0000:00:03.5/driver/0000:00:03.5/firmware_node/subsystem/devices/device:17/subsystem/devices/LNXSYBUS:00/PNP0C0F:03/subsystem/devices/LNXSYBUS:00/PNP0A08:00/device:2a/physical_node HTTP/1.1" 200 45439 "-" "Mozilla/5.0 (Linux; Android 6.0.1; Nexus 5X Build/MMB29P) AppleWebKit/537.36 (KHTML, like Gecko) Chrome/141.0.7390.122 Mobile Safari/537.36 (compatible; Googlebot/2.1; +http://www.google.com/bot.html)"
85.208.96.194 - - [14/Dec/2025:00:56:42 +0000] "GET /?p=25918 HTTP/1.1" 200 44215 "-" "Mozilla/5.0 (compatible; SemrushBot/7~bl; +http://www.semrush.com/bot.html)"
194.247.173.99 - - [14/Dec/2025:00:56:42 +0000] "GET /?p=25752 HTTP/1.1" 200 43678 "-" "Mozilla/5.0 (compatible; MJ12bot/v1.4.8; http://mj12bot.com/)"
74.7.227.179 - - [14/Dec/2025:00:56:42 +0000] "GET /?p=47683 HTTP/1.1" 200 42130 "-" "Mozilla/5.0 AppleWebKit/537.36 (KHTML, like Gecko; compatible; GPTBot/1.3; +https://openai.com/gptbot)"
185.113.8.55 - - [14/Dec/2025:00:56:44 +0000] "POST /wp-login.php HTTP/1.1" 200 2682 "-" "Mozilla/5.0 (Windows NT 10.0; Win64; x64) AppleWebKit/537.36 (KHTML, like Gecko) Chrome/131.0.5505.842 Safari/537.36"
74.7.227.179 - - [14/Dec/2025:00:56:45 +0000] "GET /index.php?format=xml&rest_route=%2Foembed%2F1.0%2Fembed&url=https%3A%2F%2Fdatainsightnow.com%2F%3Fp%3D47683 HTTP/1.1" 200 1311 "-" "Mozilla/5.0 AppleWebKit/537.36 (KHTML, like Gecko; compatible; GPTBot/1.3; +https://openai.com/gptbot)"
194.247.173.99 - - [14/Dec/2025:00:56:46 +0000] "GET /?p=25754 HTTP/1.1" 200 43960 "-" "Mozilla/5.0 (compatible; MJ12bot/v1.4.8; http://mj12bot.com/)"
74.7.227.179 - - [14/Dec/2025:00:56:49 +0000] "GET /index.php?rest_route=%2Foembed%2F1.0%2Fembed&url=https%3A%2F%2Fdatainsightnow.com%2F%3Fp%3D47683 HTTP/1.1" 200 1283 "-" "Mozilla/5.0 AppleWebKit/537.36 (KHTML, like Gecko; compatible; GPTBot/1.3; +https://openai.com/gptbot)"
85.208.96.207 - - [14/Dec/2025:00:56:49 +0000] "GET /?m=20250419&paged=11 HTTP/1.1" 200 37413 "-" "Mozilla/5.0 (compatible; SemrushBot/7~bl; +http://www.semrush.com/bot.html)"
57.141.0.39 - - [14/Dec/2025:00:56:50 +0000] "GET /2025/03/07/page/6/?fileloc=//sys/class/pci_bus/0000:0b/subsystem/0000:10/subsystem/0000:03/device/power/runtime_enabled&path=//sys/class/pci_bus/0000:0b/subsystem/0000:10/subsystem/0000:03/device/power HTTP/1.1" 200 262209 "-" "meta-externalagent/1.1 (+https://developers.facebook.com/docs/sharing/webmasters/crawler)"
66.135.21.75 - - [14/Dec/2025:00:56:50 +0000] "POST /wp-cron.php?doing_wp_cron=1765673810.4216179847717285156250 HTTP/1.1" 200 31 "-" "WordPress/6.3.1; https://datainsightnow.com"
194.247.173.99 - - [14/Dec/2025:00:56:50 +0000] "GET /?p=25756 HTTP/1.1" 200 43020 "-" "Mozilla/5.0 (compatible; MJ12bot/v1.4.8; http://mj12bot.com/)"
74.7.227.179 - - [14/Dec/2025:00:56:52 +0000] "GET /index.php?rest_route=/wp/v2/posts/47683 HTTP/1.1" 200 4694 "-" "Mozilla/5.0 AppleWebKit/537.36 (KHTML, like Gecko; compatible; GPTBot/1.3; +https://openai.com/gptbot)"
57.141.0.33 - - [14/Dec/2025:00:56:54 +0000] "GET /2025/03/07/page/6/?fileloc=//sys/class/pci_bus/0000:01/subsystem/0000:0d/device/driver/0000:00:02.7/power/wakeup_expire_count&path=//sys/class/pci_bus/0000:01/subsystem/0000:0d/device/driver/0000:00:02.7/power HTTP/1.1" 200 262209 "-" "meta-externalagent/1.1 (+https://developers.facebook.com/docs/sharing/webmasters/crawler)"
194.247.173.99 - - [14/Dec/2025:00:56:54 +0000] "GET /?p=25758 HTTP/1.1" 200 44879 "-" "Mozilla/5.0 (compatible; MJ12bot/v1.4.8; http://mj12bot.com/)"
74.7.227.179 - - [14/Dec/2025:00:56:55 +0000] "GET /?p=40791 HTTP/1.1" 200 41671 "-" "Mozilla/5.0 AppleWebKit/537.36 (KHTML, like Gecko; compatible; GPTBot/1.3; +https://openai.com/gptbot)"
74.7.227.179 - - [14/Dec/2025:00:56:58 +0000] "GET /index.php?format=xml&rest_route=%2Foembed%2F1.0%2Fembed&url=https%3A%2F%2Fdatainsightnow.com%2F%3Fp%3D40791 HTTP/1.1" 200 1310 "-" "Mozilla/5.0 AppleWebKit/537.36 (KHTML, like Gecko; compatible; GPTBot/1.3; +https://openai.com/gptbot)"
194.247.173.99 - - [14/Dec/2025:00:56:58 +0000] "GET /?p=25762 HTTP/1.1" 200 42415 "-" "Mozilla/5.0 (compatible; MJ12bot/v1.4.8; http://mj12bot.com/)"
57.141.0.9 - - [14/Dec/2025:00:56:59 +0000] "GET /karamba-spielsaal-erfahrungen-angeschlossen-testbericht-werfen-sie-einen-blick-auf-den-link-within-2025-pro-teutonia/?path=//sys/class/pci_bus/0000:04/subsystem/0000:06/device/driver/0000:00:02.7/firmware_node/subsystem/drivers/button/LNXPWRBN:00 HTTP/1.1" 200 262215 "-" "meta-externalagent/1.1 (+https://developers.facebook.com/docs/sharing/webmasters/crawler)"
216.244.66.243 - - [14/Dec/2025:00:57:00 +0000] "GET /robots.txt HTTP/1.1" 200 94 "-" "Mozilla/5.0 (compatible; DotBot/1.2; +https://opensiteexplorer.org/dotbot; help@moz.com)"
74.7.227.179 - - [14/Dec/2025:00:57:01 +0000] "GET /index.php?rest_route=/wp/v2/posts/40791 HTTP/1.1" 200 4502 "-" "Mozilla/5.0 AppleWebKit/537.36 (KHTML, like Gecko; compatible; GPTBot/1.3; +https://openai.com/gptbot)"
194.247.173.99 - - [14/Dec/2025:00:57:02 +0000] "GET /?p=26026 HTTP/1.1" 200 41686 "-" "Mozilla/5.0 (compatible; MJ12bot/v1.4.8; http://mj12bot.com/)"
74.7.227.179 - - [14/Dec/2025:00:57:04 +0000] "GET /index.php?rest_route=%2Foembed%2F1.0%2Fembed&url=https%3A%2F%2Fdatainsightnow.com%2F%3Fp%3D40791 HTTP/1.1" 200 1282 "-" "Mozilla/5.0 AppleWebKit/537.36 (KHTML, like Gecko; compatible; GPTBot/1.3; +https://openai.com/gptbot)"
57.141.0.5 - - [14/Dec/2025:00:57:04 +0000] "GET /karamba-spielsaal-erfahrungen-angeschlossen-testbericht-werfen-sie-einen-blick-auf-den-link-within-2025-pro-teutonia/?path=//sys/class/pci_bus/0000:12/subsystem/0000:03/subsystem/0000:06/subsystem/0000:02/subsystem HTTP/1.1" 200 262264 "-" "meta-externalagent/1.1 (+https://developers.facebook.com/docs/sharing/webmasters/crawler)"
66.249.77.100 - - [14/Dec/2025:00:57:06 +0000] "GET /entity/594888549.htm HTTP/1.1" 200 31084 "-" "Mozilla/5.0 (Linux; Android 6.0.1; Nexus 5X Build/MMB29P) AppleWebKit/537.36 (KHTML, like Gecko) Chrome/141.0.7390.122 Mobile Safari/537.36 (compatible; Googlebot/2.1; +http://www.google.com/bot.html)"
194.247.173.99 - - [14/Dec/2025:00:57:06 +0000] "GET /?p=26028 HTTP/1.1" 200 43226 "-" "Mozilla/5.0 (compatible; MJ12bot/v1.4.8; http://mj12bot.com/)"
74.7.227.179 - - [14/Dec/2025:00:57:07 +0000] "GET /?p=27985 HTTP/1.1" 200 42311 "-" "Mozilla/5.0 AppleWebKit/537.36 (KHTML, like Gecko; compatible; GPTBot/1.3; +https://openai.com/gptbot)"
57.141.0.2 - - [14/Dec/2025:00:57:08 +0000] "GET /karamba-spielsaal-erfahrungen-angeschlossen-testbericht-werfen-sie-einen-blick-auf-den-link-within-2025-pro-teutonia/?fileloc=//sys/class/pci_bus/0000:0b/subsystem/0000:02/device/driver/0000:00:03.6/driver/0000:00:03.0/power/runtime_active_kids&path=//sys/class/pci_bus/0000:0b/subsystem/0000:02/device/driver/0000:00:03.6/driver/0000:00:03.0/power HTTP/1.1" 200 262209 "-" "meta-externalagent/1.1 (+https://developers.facebook.com/docs/sharing/webmasters/crawler)"
194.247.173.99 - - [14/Dec/2025:00:57:10 +0000] "GET /?p=26030 HTTP/1.1" 200 41703 "-" "Mozilla/5.0 (compatible; MJ12bot/v1.4.8; http://mj12bot.com/)"
74.7.227.179 - - [14/Dec/2025:00:57:10 +0000] "GET /index.php?format=xml&rest_route=%2Foembed%2F1.0%2Fembed&url=https%3A%2F%2Fdatainsightnow.com%2F%3Fp%3D27985 HTTP/1.1" 200 1313 "-" "Mozilla/5.0 AppleWebKit/537.36 (KHTML, like Gecko; compatible; GPTBot/1.3; +https://openai.com/gptbot)"
85.208.96.210 - - [14/Dec/2025:00:57:11 +0000] "GET /?p=40177 HTTP/1.1" 200 42666 "-" "Mozilla/5.0 (compatible; SemrushBot/7~bl; +http://www.semrush.com/bot.html)"
74.7.227.179 - - [14/Dec/2025:00:57:14 +0000] "GET /index.php?rest_route=/wp/v2/posts/27985 HTTP/1.1" 200 4921 "-" "Mozilla/5.0 AppleWebKit/537.36 (KHTML, like Gecko; compatible; GPTBot/1.3; +https://openai.com/gptbot)"
194.247.173.99 - - [14/Dec/2025:00:57:14 +0000] "GET /?p=26034 HTTP/1.1" 200 40849 "-" "Mozilla/5.0 (compatible; MJ12bot/v1.4.8; http://mj12bot.com/)"
57.141.0.72 - - [14/Dec/2025:00:57:16 +0000] "GET /2025/03/07/page/6/?fileloc=//sys/class/pci_bus/0000:0e/subsystem/0000:07/subsystem/0000:03/subsystem/0000:01/device/driver/0000:00:03.0/pci_bus/0000:0a/power/runtime_status&path=//sys/class/pci_bus/0000:0e/subsystem/0000:07/subsystem/0000:03/subsystem/0000:01/device/driver/0000:00:03.0/pci_bus/0000:0a/power HTTP/1.1" 200 262209 "-" "meta-externalagent/1.1 (+https://developers.facebook.com/docs/sharing/webmasters/crawler)"
74.7.227.179 - - [14/Dec/2025:00:57:16 +0000] "GET /index.php?rest_route=%2Foembed%2F1.0%2Fembed&url=https%3A%2F%2Fdatainsightnow.com%2F%3Fp%3D27985 HTTP/1.1" 200 1286 "-" "Mozilla/5.0 AppleWebKit/537.36 (KHTML, like Gecko; compatible; GPTBot/1.3; +https://openai.com/gptbot)"
188.164.198.78 - - [14/Dec/2025:00:57:17 +0000] "POST /xmlrpc.php HTTP/1.1" 200 247 "-" "Mozilla/5.0 (Windows NT 6.1; WOW64; Trident/7.0; NISSC; rv:11.0) like Gecko"
57.141.0.11 - - [14/Dec/2025:00:57:17 +0000] "GET /2025/03/13/?fileloc=//sys/class/pci_bus/0000:05/device/driver/0000:00:03.2/driver/0000:00:02.4/driver/0000:00:03.5/subsystem_device&path=//sys/class/pci_bus/0000:05/device/driver/0000:00:03.2/driver/0000:00:02.4/driver/0000:00:03.5 HTTP/1.1" 200 262264 "-" "meta-externalagent/1.1 (+https://developers.facebook.com/docs/sharing/webmasters/crawler)"
194.247.173.99 - - [14/Dec/2025:00:57:18 +0000] "GET /?p=26036 HTTP/1.1" 200 42955 "-" "Mozilla/5.0 (compatible; MJ12bot/v1.4.8; http://mj12bot.com/)"
66.249.77.99 - - [14/Dec/2025:00:57:20 +0000] "GET /?path=//sys/class/sound/card0/device/subsystem/devices/0000:00:02.2/driver/0000:00:02.2/driver/0000:00:02.2/driver/0000:00:03.1/driver/0000:00:02.4/driver/0000:00:03.1/driver/0000:00:02.7/driver/0000:00:03.1/driver/0000:00:02.5/0000:00:02.5:pcie001/driver/0000:00:03.2:pcie001 HTTP/1.1" 200 45439 "-" "Mozilla/5.0 (Linux; Android 6.0.1; Nexus 5X Build/MMB29P) AppleWebKit/537.36 (KHTML, like Gecko) Chrome/141.0.7390.122 Mobile Safari/537.36 (compatible; Googlebot/2.1; +http://www.google.com/bot.html)"
74.7.227.179 - - [14/Dec/2025:00:57:20 +0000] "GET /?p=29771 HTTP/1.1" 200 43258 "-" "Mozilla/5.0 AppleWebKit/537.36 (KHTML, like Gecko; compatible; GPTBot/1.3; +https://openai.com/gptbot)"
57.141.0.34 - - [14/Dec/2025:00:57:22 +0000] "GET /2025/03/07/page/6/?fileloc=//sys/class/pci_bus/0000:09/device/driver/0000:00:02.7/driver/0000:00:02.4/driver/0000:00:02.7/power/wakeup_max_time_ms&path=//sys/class/pci_bus/0000:09/device/driver/0000:00:02.7/driver/0000:00:02.4/driver/0000:00:02.7/power HTTP/1.1" 200 262264 "-" "meta-externalagent/1.1 (+https://developers.facebook.com/docs/sharing/webmasters/crawler)"
194.247.173.99 - - [14/Dec/2025:00:57:23 +0000] "GET /?p=26038 HTTP/1.1" 200 43175 "-" "Mozilla/5.0 (compatible; MJ12bot/v1.4.8; http://mj12bot.com/)"
74.7.227.179 - - [14/Dec/2025:00:57:23 +0000] "GET /index.php?rest_route=/wp/v2/posts/29771 HTTP/1.1" 200 5865 "-" "Mozilla/5.0 AppleWebKit/537.36 (KHTML, like Gecko; compatible; GPTBot/1.3; +https://openai.com/gptbot)"
74.7.227.179 - - [14/Dec/2025:00:57:26 +0000] "GET /index.php?format=xml&rest_route=%2Foembed%2F1.0%2Fembed&url=https%3A%2F%2Fdatainsightnow.com%2F%3Fp%3D29771 HTTP/1.1" 200 1299 "-" "Mozilla/5.0 AppleWebKit/537.36 (KHTML, like Gecko; compatible; GPTBot/1.3; +https://openai.com/gptbot)"
194.247.173.99 - - [14/Dec/2025:00:57:27 +0000] "GET /?p=26040 HTTP/1.1" 200 43930 "-" "Mozilla/5.0 (compatible; MJ12bot/v1.4.8; http://mj12bot.com/)"
74.7.227.179 - - [14/Dec/2025:00:57:29 +0000] "GET /index.php?rest_route=%2Foembed%2F1.0%2Fembed&url=https%3A%2F%2Fdatainsightnow.com%2F%3Fp%3D29771 HTTP/1.1" 200 1271 "-" "Mozilla/5.0 AppleWebKit/537.36 (KHTML, like Gecko; compatible; GPTBot/1.3; +https://openai.com/gptbot)"
57.141.0.35 - - [14/Dec/2025:00:57:30 +0000] "GET /karamba-spielsaal-erfahrungen-angeschlossen-testbericht-werfen-sie-einen-blick-auf-den-link-within-2025-pro-teutonia/?fileloc=//sys/class/pci_bus/0000:06/subsystem/0000:0b/subsystem/0000:10/device/subsystem/drivers/pcieport/0000:00:04.0/ari_enabled&path=//sys/class/pci_bus/0000:06/subsystem/0000:0b/subsystem/0000:10/device/subsystem/drivers/pcieport/0000:00:04.0 HTTP/1.1" 200 262209 "-" "meta-externalagent/1.1 (+https://developers.facebook.com/docs/sharing/webmasters/crawler)"
194.247.173.99 - - [14/Dec/2025:00:57:31 +0000] "GET /?p=26042 HTTP/1.1" 200 42740 "-" "Mozilla/5.0 (compatible; MJ12bot/v1.4.8; http://mj12bot.com/)"
74.7.227.179 - - [14/Dec/2025:00:57:32 +0000] "GET /?p=38043 HTTP/1.1" 200 49251 "-" "Mozilla/5.0 AppleWebKit/537.36 (KHTML, like Gecko; compatible; GPTBot/1.3; +https://openai.com/gptbot)"
194.247.173.99 - - [14/Dec/2025:00:57:35 +0000] "GET /?p=26044 HTTP/1.1" 200 41477 "-" "Mozilla/5.0 (compatible; MJ12bot/v1.4.8; http://mj12bot.com/)"
74.7.227.179 - - [14/Dec/2025:00:57:35 +0000] "GET /?p=23985 HTTP/1.1" 200 44896 "-" "Mozilla/5.0 AppleWebKit/537.36 (KHTML, like Gecko; compatible; GPTBot/1.3; +https://openai.com/gptbot)"
74.7.227.179 - - [14/Dec/2025:00:57:38 +0000] "GET /?p=11820 HTTP/1.1" 200 41736 "-" "Mozilla/5.0 AppleWebKit/537.36 (KHTML, like Gecko; compatible; GPTBot/1.3; +https://openai.com/gptbot)"
194.247.173.99 - - [14/Dec/2025:00:57:39 +0000] "GET /?p=26046 HTTP/1.1" 200 42006 "-" "Mozilla/5.0 (compatible; MJ12bot/v1.4.8; http://mj12bot.com/)"
74.7.227.179 - - [14/Dec/2025:00:57:41 +0000] "GET /index.php?rest_route=/wp/v2/posts/11820 HTTP/1.1" 200 4790 "-" "Mozilla/5.0 AppleWebKit/537.36 (KHTML, like Gecko; compatible; GPTBot/1.3; +https://openai.com/gptbot)"
194.247.173.99 - - [14/Dec/2025:00:57:43 +0000] "GET /?p=26048 HTTP/1.1" 200 42964 "-" "Mozilla/5.0 (compatible; MJ12bot/v1.4.8; http://mj12bot.com/)"
74.7.227.179 - - [14/Dec/2025:00:57:44 +0000] "GET /index.php?rest_route=%2Foembed%2F1.0%2Fembed&url=https%3A%2F%2Fdatainsightnow.com%2F%3Fp%3D11820 HTTP/1.1" 200 1262 "-" "Mozilla/5.0 AppleWebKit/537.36 (KHTML, like Gecko; compatible; GPTBot/1.3; +https://openai.com/gptbot)"
194.247.173.99 - - [14/Dec/2025:00:57:47 +0000] "GET /?p=26056 HTTP/1.1" 200 41185 "-" "Mozilla/5.0 (compatible; MJ12bot/v1.4.8; http://mj12bot.com/)"
74.7.227.179 - - [14/Dec/2025:00:57:48 +0000] "GET /index.php?format=xml&rest_route=%2Foembed%2F1.0%2Fembed&url=https%3A%2F%2Fdatainsightnow.com%2F%3Fp%3D11820 HTTP/1.1" 200 1292 "-" "Mozilla/5.0 AppleWebKit/537.36 (KHTML, like Gecko; compatible; GPTBot/1.3; +https://openai.com/gptbot)"
57.141.0.20 - - [14/Dec/2025:00:57:50 +0000] "GET /karamba-spielsaal-erfahrungen-angeschlossen-testbericht-werfen-sie-einen-blick-auf-den-link-within-2025-pro-teutonia/?path=//sys/class/pci_bus/0000:00/subsystem/0000:00/subsystem/0000:11/subsystem/0000:11/subsystem/0000:0f/subsystem/0000:0a HTTP/1.1" 200 262264 "-" "meta-externalagent/1.1 (+https://developers.facebook.com/docs/sharing/webmasters/crawler)"
66.135.21.75 - - [14/Dec/2025:00:57:50 +0000] "POST /wp-cron.php?doing_wp_cron=1765673870.9193549156188964843750 HTTP/1.1" 200 31 "-" "WordPress/6.3.1; https://datainsightnow.com"
194.247.173.99 - - [14/Dec/2025:00:57:51 +0000] "GET /?p=26058 HTTP/1.1" 200 42000 "-" "Mozilla/5.0 (compatible; MJ12bot/v1.4.8; http://mj12bot.com/)"
74.7.227.179 - - [14/Dec/2025:00:57:51 +0000] "GET /?p=12219 HTTP/1.1" 200 43191 "-" "Mozilla/5.0 AppleWebKit/537.36 (KHTML, like Gecko; compatible; GPTBot/1.3; +https://openai.com/gptbot)"
57.141.0.71 - - [14/Dec/2025:00:57:52 +0000] "GET /2025/03/07/page/6/?fileloc=//sys/class/pci_bus/0000:0f/device/driver/0000:00:02.4/driver/0000:00:03.6/driver_override&path=//sys/class/pci_bus/0000:0f/device/driver/0000:00:02.4/driver/0000:00:03.6 HTTP/1.1" 200 262248 "-" "meta-externalagent/1.1 (+https://developers.facebook.com/docs/sharing/webmasters/crawler)"
74.7.227.179 - - [14/Dec/2025:00:57:54 +0000] "GET /index.php?rest_route=%2Foembed%2F1.0%2Fembed&url=https%3A%2F%2Fdatainsightnow.com%2F%3Fp%3D12219 HTTP/1.1" 200 1352 "-" "Mozilla/5.0 AppleWebKit/537.36 (KHTML, like Gecko; compatible; GPTBot/1.3; +https://openai.com/gptbot)"
85.208.96.196 - - [14/Dec/2025:00:57:54 +0000] "GET /?p=47909 HTTP/1.1" 200 41738 "-" "Mozilla/5.0 (compatible; SemrushBot/7~bl; +http://www.semrush.com/bot.html)"
57.141.0.4 - - [14/Dec/2025:00:57:54 +0000] "GET /karamba-spielsaal-erfahrungen-angeschlossen-testbericht-werfen-sie-einen-blick-auf-den-link-within-2025-pro-teutonia/?path=//sys/class/pci_bus/0000:06/subsystem/0000:0c/device/firmware_node/subsystem/devices/device:28/subsystem/devices/device:09/subsystem HTTP/1.1" 200 262264 "-" "meta-externalagent/1.1 (+https://developers.facebook.com/docs/sharing/webmasters/crawler)"
57.141.0.20 - - [14/Dec/2025:00:57:55 +0000] "GET /2025/03/07/page/6/?fileloc=//sys/class/pci_bus/0000:0a/device/driver/0000:00:02.7/driver/0000:00:04.1/subsystem/devices/0000:00:02.1/enable&path=//sys/class/pci_bus/0000:0a/device/driver/0000:00:02.7/driver/0000:00:04.1/subsystem/devices/0000:00:02.1 HTTP/1.1" 200 262209 "-" "meta-externalagent/1.1 (+https://developers.facebook.com/docs/sharing/webmasters/crawler)"
194.247.173.99 - - [14/Dec/2025:00:57:55 +0000] "GET /?p=26060 HTTP/1.1" 200 41459 "-" "Mozilla/5.0 (compatible; MJ12bot/v1.4.8; http://mj12bot.com/)"
185.113.8.55 - - [14/Dec/2025:00:57:55 +0000] "POST /wp-login.php HTTP/1.1" 200 2684 "-" "Mozilla/5.0 (Macintosh; Intel Mac OS X 14_6_1) AppleWebKit/537.36 (KHTML, like Gecko) Chrome/123.0.4648.396 Safari/537.36"
74.7.227.179 - - [14/Dec/2025:00:57:57 +0000] "GET /index.php?rest_route=/wp/v2/posts/12219 HTTP/1.1" 200 7613 "-" "Mozilla/5.0 AppleWebKit/537.36 (KHTML, like Gecko; compatible; GPTBot/1.3; +https://openai.com/gptbot)"
194.247.173.99 - - [14/Dec/2025:00:57:59 +0000] "GET /?p=26062 HTTP/1.1" 200 42609 "-" "Mozilla/5.0 (compatible; MJ12bot/v1.4.8; http://mj12bot.com/)"
74.7.227.179 - - [14/Dec/2025:00:58:00 +0000] "GET /index.php?format=xml&rest_route=%2Foembed%2F1.0%2Fembed&url=https%3A%2F%2Fdatainsightnow.com%2F%3Fp%3D12219 HTTP/1.1" 200 1387 "-" "Mozilla/5.0 AppleWebKit/537.36 (KHTML, like Gecko; compatible; GPTBot/1.3; +https://openai.com/gptbot)"
194.247.173.99 - - [14/Dec/2025:00:58:03 +0000] "GET /?p=26064 HTTP/1.1" 200 41301 "-" "Mozilla/5.0 (compatible; MJ12bot/v1.4.8; http://mj12bot.com/)"
74.7.227.179 - - [14/Dec/2025:00:58:04 +0000] "GET /?p=20431 HTTP/1.1" 200 42973 "-" "Mozilla/5.0 AppleWebKit/537.36 (KHTML, like Gecko; compatible; GPTBot/1.3; +https://openai.com/gptbot)"
57.141.0.3 - - [14/Dec/2025:00:58:04 +0000] "GET /karamba-spielsaal-erfahrungen-angeschlossen-testbericht-werfen-sie-einen-blick-auf-den-link-within-2025-pro-teutonia/?fileloc=//sys/class/pci_bus/0000:06/subsystem/0000:0b/device/driver/0000:00:03.0/driver/0000:00:03.3/driver/0000:00:02.4/rescan&path=//sys/class/pci_bus/0000:06/subsystem/0000:0b/device/driver/0000:00:03.0/driver/0000:00:03.3/driver/0000:00:02.4 HTTP/1.1" 200 262264 "-" "meta-externalagent/1.1 (+https://developers.facebook.com/docs/sharing/webmasters/crawler)"
85.208.96.210 - - [14/Dec/2025:00:58:04 +0000] "GET /?p=26446 HTTP/1.1" 200 42504 "-" "Mozilla/5.0 (compatible; SemrushBot/7~bl; +http://www.semrush.com/bot.html)"
47.128.45.3 - - [14/Dec/2025:00:58:05 +0000] "GET /?fileloc=%2F%2Fproc%2F152%2Fmem&path=%2F%2Fproc%2F152 HTTP/1.1" 200 45439 "-" "Mozilla/5.0 (Linux; Android 5.0) AppleWebKit/537.36 (KHTML, like Gecko) Mobile Safari/537.36 (compatible; Bytespider; spider-feedback@bytedance.com)"
47.128.61.28 - - [14/Dec/2025:00:58:05 +0000] "GET /?fileloc=%2F%2Fproc%2F907%2Fmounts&path=%2F%2Fproc%2F907 HTTP/1.1" 200 45439 "-" "Mozilla/5.0 (Linux; Android 5.0) AppleWebKit/537.36 (KHTML, like Gecko) Mobile Safari/537.36 (compatible; Bytespider; spider-feedback@bytedance.com)"
57.141.0.56 - - [14/Dec/2025:00:58:06 +0000] "GET /2025/03/13/?fileloc=//sys/class/pci_bus/0000:08/device/driver/0000:00:02.1/driver/0000:00:03.0/driver/0000:00:03.0/driver/0000:00:03.7/secondary_bus_number&path=//sys/class/pci_bus/0000:08/device/driver/0000:00:02.1/driver/0000:00:03.0/driver/0000:00:03.0/driver/0000:00:03.7 HTTP/1.1" 200 262248 "-" "meta-externalagent/1.1 (+https://developers.facebook.com/docs/sharing/webmasters/crawler)"
74.7.227.179 - - [14/Dec/2025:00:58:06 +0000] "GET /index.php?format=xml&rest_route=%2Foembed%2F1.0%2Fembed&url=https%3A%2F%2Fdatainsightnow.com%2F%3Fp%3D20431 HTTP/1.1" 200 1329 "-" "Mozilla/5.0 AppleWebKit/537.36 (KHTML, like Gecko; compatible; GPTBot/1.3; +https://openai.com/gptbot)"
194.247.173.99 - - [14/Dec/2025:00:58:07 +0000] "GET /?p=26066 HTTP/1.1" 200 41947 "-" "Mozilla/5.0 (compatible; MJ12bot/v1.4.8; http://mj12bot.com/)"
57.141.0.46 - - [14/Dec/2025:00:58:07 +0000] "GET /karamba-spielsaal-erfahrungen-angeschlossen-testbericht-werfen-sie-einen-blick-auf-den-link-within-2025-pro-teutonia/?path=//sys/class/pci_bus/0000:06/subsystem/0000:11/subsystem/0000:11/subsystem/0000:00/subsystem/0000:01 HTTP/1.1" 200 262264 "-" "meta-externalagent/1.1 (+https://developers.facebook.com/docs/sharing/webmasters/crawler)"
66.249.77.100 - - [14/Dec/2025:00:58:09 +0000] "GET /entity/332986199.htm HTTP/1.1" 200 30773 "-" "Mozilla/5.0 (Linux; Android 6.0.1; Nexus 5X Build/MMB29P) AppleWebKit/537.36 (KHTML, like Gecko) Chrome/141.0.7390.122 Mobile Safari/537.36 (compatible; Googlebot/2.1; +http://www.google.com/bot.html)"
74.7.227.179 - - [14/Dec/2025:00:58:10 +0000] "GET /index.php?rest_route=%2Foembed%2F1.0%2Fembed&url=https%3A%2F%2Fdatainsightnow.com%2F%3Fp%3D20431 HTTP/1.1" 200 1306 "-" "Mozilla/5.0 AppleWebKit/537.36 (KHTML, like Gecko; compatible; GPTBot/1.3; +https://openai.com/gptbot)"
194.247.173.99 - - [14/Dec/2025:00:58:11 +0000] "GET /?p=26070 HTTP/1.1" 200 42461 "-" "Mozilla/5.0 (compatible; MJ12bot/v1.4.8; http://mj12bot.com/)"
57.141.0.12 - - [14/Dec/2025:00:58:13 +0000] "GET /karamba-spielsaal-erfahrungen-angeschlossen-testbericht-werfen-sie-einen-blick-auf-den-link-within-2025-pro-teutonia/?fileloc=//sys/class/pci_bus/0000:0f/subsystem/0000:0f/subsystem/0000:06/subsystem/0000:04/device/driver/0000:00:02.2/current_link_width&path=//sys/class/pci_bus/0000:0f/subsystem/0000:0f/subsystem/0000:06/subsystem/0000:04/device/driver/0000:00:02.2 HTTP/1.1" 200 262264 "-" "meta-externalagent/1.1 (+https://developers.facebook.com/docs/sharing/webmasters/crawler)"
74.7.227.179 - - [14/Dec/2025:00:58:13 +0000] "GET /index.php?rest_route=/wp/v2/posts/20431 HTTP/1.1" 200 5408 "-" "Mozilla/5.0 AppleWebKit/537.36 (KHTML, like Gecko; compatible; GPTBot/1.3; +https://openai.com/gptbot)"
194.247.173.99 - - [14/Dec/2025:00:58:15 +0000] "GET /?p=26072 HTTP/1.1" 200 43007 "-" "Mozilla/5.0 (compatible; MJ12bot/v1.4.8; http://mj12bot.com/)"
74.7.227.179 - - [14/Dec/2025:00:58:16 +0000] "GET /?p=11506 HTTP/1.1" 200 44302 "-" "Mozilla/5.0 AppleWebKit/537.36 (KHTML, like Gecko; compatible; GPTBot/1.3; +https://openai.com/gptbot)"
66.249.77.99 - - [14/Dec/2025:00:58:17 +0000] "GET /?fileloc=//sys/class/sound/card0/device/subsystem/devices/0000:00:02.2/subsystem/devices/0000:00:03.4/driver/0000:00:02.7/firmware_node/physical_node/firmware_node/physical_node/subsystem/drivers/pcieport/0000:00:03.2/driver/0000:00:02.3/driver/0000:00:03.7/driver/0000:00:04.0/driver/0000:00:02.7/broken_parity_status&path=//sys/class/sound/card0/device/subsystem/devices/0000:00:02.2/subsystem/devices/0000:00:03.4/driver/0000:00:02.7/firmware_node/physical_node/firmware_node/physical_node/subsystem/drivers/pcieport/0000:00:03.2/driver/0000:00:02.3/driver/0000:00:03.7/driver/0000:00:04.0/driver/0000:00:02.7 HTTP/1.1" 200 45439 "-" "Mozilla/5.0 (Linux; Android 6.0.1; Nexus 5X Build/MMB29P) AppleWebKit/537.36 (KHTML, like Gecko) Chrome/141.0.7390.122 Mobile Safari/537.36 (compatible; Googlebot/2.1; +http://www.google.com/bot.html)"
194.247.173.99 - - [14/Dec/2025:00:58:19 +0000] "GET /?p=26074 HTTP/1.1" 200 42821 "-" "Mozilla/5.0 (compatible; MJ12bot/v1.4.8; http://mj12bot.com/)"
74.7.227.179 - - [14/Dec/2025:00:58:19 +0000] "GET /?p=42291 HTTP/1.1" 200 41445 "-" "Mozilla/5.0 AppleWebKit/537.36 (KHTML, like Gecko; compatible; GPTBot/1.3; +https://openai.com/gptbot)"
57.141.0.54 - - [14/Dec/2025:00:58:21 +0000] "GET /2025/03/07/page/6/?fileloc=//sys/class/pci_bus/0000:05/subsystem/0000:0c/subsystem/0000:0e/subsystem/0000:10/subsystem/0000:13/rescan&path=//sys/class/pci_bus/0000:05/subsystem/0000:0c/subsystem/0000:0e/subsystem/0000:10/subsystem/0000:13 HTTP/1.1" 200 262264 "-" "meta-externalagent/1.1 (+https://developers.facebook.com/docs/sharing/webmasters/crawler)"
47.128.122.120 - - [14/Dec/2025:00:58:22 +0000] "GET /?p=49367 HTTP/1.1" 200 44825 "-" "Mozilla/5.0 (Linux; Android 5.0) AppleWebKit/537.36 (KHTML, like Gecko) Mobile Safari/537.36 (compatible; TikTokSpider; ttspider-feedback@tiktok.com)"
74.7.227.179 - - [14/Dec/2025:00:58:22 +0000] "GET /index.php?format=xml&rest_route=%2Foembed%2F1.0%2Fembed&url=https%3A%2F%2Fdatainsightnow.com%2F%3Fp%3D42291 HTTP/1.1" 200 1287 "-" "Mozilla/5.0 AppleWebKit/537.36 (KHTML, like Gecko; compatible; GPTBot/1.3; +https://openai.com/gptbot)"
194.247.173.99 - - [14/Dec/2025:00:58:23 +0000] "GET /?p=26076 HTTP/1.1" 200 43070 "-" "Mozilla/5.0 (compatible; MJ12bot/v1.4.8; http://mj12bot.com/)"
74.7.227.179 - - [14/Dec/2025:00:58:26 +0000] "GET /index.php?rest_route=/wp/v2/posts/42291 HTTP/1.1" 200 4369 "-" "Mozilla/5.0 AppleWebKit/537.36 (KHTML, like Gecko; compatible; GPTBot/1.3; +https://openai.com/gptbot)"
194.247.173.99 - - [14/Dec/2025:00:58:27 +0000] "GET /?p=26078 HTTP/1.1" 200 42957 "-" "Mozilla/5.0 (compatible; MJ12bot/v1.4.8; http://mj12bot.com/)"
74.7.227.179 - - [14/Dec/2025:00:58:29 +0000] "GET /index.php?rest_route=%2Foembed%2F1.0%2Fembed&url=https%3A%2F%2Fdatainsightnow.com%2F%3Fp%3D42291 HTTP/1.1" 200 1260 "-" "Mozilla/5.0 AppleWebKit/537.36 (KHTML, like Gecko; compatible; GPTBot/1.3; +https://openai.com/gptbot)"
194.247.173.99 - - [14/Dec/2025:00:58:31 +0000] "GET /?p=26084 HTTP/1.1" 200 43321 "-" "Mozilla/5.0 (compatible; MJ12bot/v1.4.8; http://mj12bot.com/)"
85.208.96.212 - - [14/Dec/2025:00:58:31 +0000] "GET /?p=28621 HTTP/1.1" 200 44257 "-" "Mozilla/5.0 (compatible; SemrushBot/7~bl; +http://www.semrush.com/bot.html)"
74.7.227.179 - - [14/Dec/2025:00:58:32 +0000] "GET /?p=47681 HTTP/1.1" 200 44396 "-" "Mozilla/5.0 AppleWebKit/537.36 (KHTML, like Gecko; compatible; GPTBot/1.3; +https://openai.com/gptbot)"
194.247.173.99 - - [14/Dec/2025:00:58:35 +0000] "GET /?p=26100 HTTP/1.1" 200 43234 "-" "Mozilla/5.0 (compatible; MJ12bot/v1.4.8; http://mj12bot.com/)"
74.7.227.179 - - [14/Dec/2025:00:58:35 +0000] "GET /?p=40789 HTTP/1.1" 200 42275 "-" "Mozilla/5.0 AppleWebKit/537.36 (KHTML, like Gecko; compatible; GPTBot/1.3; +https://openai.com/gptbot)"
57.141.0.58 - - [14/Dec/2025:00:58:37 +0000] "GET /2025/03/07/page/6/?fileloc=//sys/class/pci_bus/0000:05/subsystem/0000:00/device/0000:00:04.0/driver/0000:00:02.0/subsystem/drivers/ohci-pci/uevent&path=//sys/class/pci_bus/0000:05/subsystem/0000:00/device/0000:00:04.0/driver/0000:00:02.0/subsystem/drivers/ohci-pci HTTP/1.1" 200 262215 "-" "meta-externalagent/1.1 (+https://developers.facebook.com/docs/sharing/webmasters/crawler)"
57.141.0.31 - - [14/Dec/2025:00:58:38 +0000] "GET /karamba-spielsaal-erfahrungen-angeschlossen-testbericht-werfen-sie-einen-blick-auf-den-link-within-2025-pro-teutonia/?fileloc=//sys/class/pci_bus/0000:02/subsystem/0000:0a/device/driver/0000:00:02.0/subsystem/devices/0000:00:01.0/dma_mask_bits&path=//sys/class/pci_bus/0000:02/subsystem/0000:0a/device/driver/0000:00:02.0/subsystem/devices/0000:00:01.0 HTTP/1.1" 200 262209 "-" "meta-externalagent/1.1 (+https://developers.facebook.com/docs/sharing/webmasters/crawler)"
74.7.227.179 - - [14/Dec/2025:00:58:38 +0000] "GET /index.php?rest_route=/wp/v2/posts/40789 HTTP/1.1" 200 4895 "-" "Mozilla/5.0 AppleWebKit/537.36 (KHTML, like Gecko; compatible; GPTBot/1.3; +https://openai.com/gptbot)"
57.141.0.33 - - [14/Dec/2025:00:58:39 +0000] "GET /karamba-spielsaal-erfahrungen-angeschlossen-testbericht-werfen-sie-einen-blick-auf-den-link-within-2025-pro-teutonia/?fileloc=//sys/class/pci_bus/0000:0f/subsystem/0000:0b/subsystem/0000:02/device/driver/0000:00:03.5/subsystem/uevent&path=//sys/class/pci_bus/0000:0f/subsystem/0000:0b/subsystem/0000:02/device/driver/0000:00:03.5/subsystem HTTP/1.1" 200 262215 "-" "meta-externalagent/1.1 (+https://developers.facebook.com/docs/sharing/webmasters/crawler)"
194.247.173.99 - - [14/Dec/2025:00:58:39 +0000] "GET /?p=26194 HTTP/1.1" 200 41067 "-" "Mozilla/5.0 (compatible; MJ12bot/v1.4.8; http://mj12bot.com/)"
74.7.227.179 - - [14/Dec/2025:00:58:41 +0000] "GET /index.php?format=xml&rest_route=%2Foembed%2F1.0%2Fembed&url=https%3A%2F%2Fdatainsightnow.com%2F%3Fp%3D40789 HTTP/1.1" 200 1287 "-" "Mozilla/5.0 AppleWebKit/537.36 (KHTML, like Gecko; compatible; GPTBot/1.3; +https://openai.com/gptbot)"
57.141.0.59 - - [14/Dec/2025:00:58:41 +0000] "GET /moneysense-self-help-guide-to-the-ideal-profile/?fileloc=//sys/class/pci_bus/0000:02/subsystem/0000:0d/subsystem/0000:01/device/power/control&path=//sys/class/pci_bus/0000:02/subsystem/0000:0d/subsystem/0000:01/device/power HTTP/1.1" 200 262264 "-" "meta-externalagent/1.1 (+https://developers.facebook.com/docs/sharing/webmasters/crawler)"
194.247.173.99 - - [14/Dec/2025:00:58:43 +0000] "GET /?p=26196 HTTP/1.1" 200 43266 "-" "Mozilla/5.0 (compatible; MJ12bot/v1.4.8; http://mj12bot.com/)"
185.113.8.55 - - [14/Dec/2025:00:58:43 +0000] "POST /wp-login.php HTTP/1.1" 200 2682 "-" "Mozilla/5.0 (Windows NT 11.0; Win64; x64) AppleWebKit/537.36 (KHTML, like Gecko) Chrome/125.0.5376.301 Safari/537.36"
74.7.227.179 - - [14/Dec/2025:00:58:44 +0000] "GET /index.php?rest_route=%2Foembed%2F1.0%2Fembed&url=https%3A%2F%2Fdatainsightnow.com%2F%3Fp%3D40789 HTTP/1.1" 200 1264 "-" "Mozilla/5.0 AppleWebKit/537.36 (KHTML, like Gecko; compatible; GPTBot/1.3; +https://openai.com/gptbot)"
85.208.96.195 - - [14/Dec/2025:00:58:46 +0000] "GET /?cat=81 HTTP/1.1" 200 34399 "-" "Mozilla/5.0 (compatible; SemrushBot/7~bl; +http://www.semrush.com/bot.html)"
57.141.0.26 - - [14/Dec/2025:00:58:46 +0000] "GET /karamba-spielsaal-erfahrungen-angeschlossen-testbericht-werfen-sie-einen-blick-auf-den-link-within-2025-pro-teutonia/?fileloc=//sys/class/pci_bus/0000:06/subsystem/0000:00/subsystem/0000:0c/subsystem/0000:04/subsystem/0000:05/device/subsystem_vendor&path=//sys/class/pci_bus/0000:06/subsystem/0000:00/subsystem/0000:0c/subsystem/0000:04/subsystem/0000:05/device HTTP/1.1" 200 262264 "-" "meta-externalagent/1.1 (+https://developers.facebook.com/docs/sharing/webmasters/crawler)"
66.249.77.98 - - [14/Dec/2025:00:58:47 +0000] "GET /?fileloc=//sys/class/sound/card0/device/subsystem/devices/0000:00:02.2/0000:04:00.0/subsystem/devices/0000:00:02.5/driver/0000:00:02.3/driver/0000:00:02.2/driver/0000:00:02.5/driver/0000:00:02.4/driver/0000:00:04.1/driver_override&path=//sys/class/sound/card0/device/subsystem/devices/0000:00:02.2/0000:04:00.0/subsystem/devices/0000:00:02.5/driver/0000:00:02.3/driver/0000:00:02.2/driver/0000:00:02.5/driver/0000:00:02.4/driver/0000:00:04.1 HTTP/1.1" 200 45439 "-" "Mozilla/5.0 (Linux; Android 6.0.1; Nexus 5X Build/MMB29P) AppleWebKit/537.36 (KHTML, like Gecko) Chrome/141.0.7390.122 Mobile Safari/537.36 (compatible; Googlebot/2.1; +http://www.google.com/bot.html)"
194.247.173.99 - - [14/Dec/2025:00:58:47 +0000] "GET /?p=26238 HTTP/1.1" 200 44170 "-" "Mozilla/5.0 (compatible; MJ12bot/v1.4.8; http://mj12bot.com/)"
74.7.227.179 - - [14/Dec/2025:00:58:48 +0000] "GET /?p=27983 HTTP/1.1" 200 41239 "-" "Mozilla/5.0 AppleWebKit/537.36 (KHTML, like Gecko; compatible; GPTBot/1.3; +https://openai.com/gptbot)"
57.141.0.28 - - [14/Dec/2025:00:58:50 +0000] "GET /2025/03/07/page/6/?path=//sys/class/pci_bus/0000:0e/subsystem/0000:0f/subsystem/0000:11/subsystem/0000:08/subsystem/0000:09/device/driver HTTP/1.1" 200 262209 "-" "meta-externalagent/1.1 (+https://developers.facebook.com/docs/sharing/webmasters/crawler)"
66.135.21.75 - - [14/Dec/2025:00:58:50 +0000] "POST /wp-cron.php?doing_wp_cron=1765673930.0593619346618652343750 HTTP/1.1" 200 31 "-" "WordPress/6.3.1; https://datainsightnow.com"
57.141.0.34 - - [14/Dec/2025:00:58:50 +0000] "GET /2025/03/07/page/6/?fileloc=//sys/class/pci_bus/0000:0d/subsystem/0000:0b/device/driver/0000:00:03.0/subsystem/devices/0000:00:02.5/modalias&path=//sys/class/pci_bus/0000:0d/subsystem/0000:0b/device/driver/0000:00:03.0/subsystem/devices/0000:00:02.5 HTTP/1.1" 200 262216 "-" "meta-externalagent/1.1 (+https://developers.facebook.com/docs/sharing/webmasters/crawler)"
85.208.96.198 - - [14/Dec/2025:00:58:50 +0000] "GET /?p=38620 HTTP/1.1" 200 44051 "-" "Mozilla/5.0 (compatible; SemrushBot/7~bl; +http://www.semrush.com/bot.html)"
