57.141.0.26 - - [14/Dec/2025:00:03:59 +0000] "GET /karamba-spielsaal-erfahrungen-angeschlossen-testbericht-werfen-sie-einen-blick-auf-den-link-within-2025-pro-teutonia/?fileloc=//sys/class/pci_bus/0000:04/subsystem/0000:0f/subsystem/0000:0c/device/driver/0000:00:02.2/dma_mask_bits&path=//sys/class/pci_bus/0000:04/subsystem/0000:0f/subsystem/0000:0c/device/driver/0000:00:02.2 HTTP/1.1" 200 262264 "-" "meta-externalagent/1.1 (+https://developers.facebook.com/docs/sharing/webmasters/crawler)"
217.216.34.194 - - [14/Dec/2025:00:03:59 +0000] "GET /wp-login.php HTTP/1.1" 200 2512 "-" "Mozila/5.0"
217.216.34.194 - - [14/Dec/2025:00:04:00 +0000] "POST /wp-login.php HTTP/1.1" 200 2661 "-" "Mozila/5.0"
217.216.34.194 - - [14/Dec/2025:00:04:00 +0000] "GET /wp-admin/ HTTP/1.1" 302 5 "-" "Mozila/5.0"
217.216.34.194 - - [14/Dec/2025:00:04:01 +0000] "GET /wp-login.php?redirect_to=https%3A%2F%2Fdatainsightnow.com%2Fwp-admin%2F&reauth=1 HTTP/1.1" 200 2512 "-" "Mozila/5.0"
185.191.171.12 - - [14/Dec/2025:00:04:01 +0000] "GET /?p=41169 HTTP/1.1" 200 43156 "-" "Mozilla/5.0 (compatible; SemrushBot/7~bl; +http://www.semrush.com/bot.html)"
74.7.227.179 - - [14/Dec/2025:00:04:01 +0000] "GET /index.php?rest_route=/wp/v2/posts/47743 HTTP/1.1" 200 5903 "-" "Mozilla/5.0 AppleWebKit/537.36 (KHTML, like Gecko; compatible; GPTBot/1.3; +https://openai.com/gptbot)"
57.141.0.22 - - [14/Dec/2025:00:04:04 +0000] "GET /karamba-spielsaal-erfahrungen-angeschlossen-testbericht-werfen-sie-einen-blick-auf-den-link-within-2025-pro-teutonia/?fileloc=//sys/class/pci_bus/0000:06/subsystem/0000:04/device/driver/0000:00:03.7/driver/0000:00:02.4/driver/0000:00:04.1/uevent&path=//sys/class/pci_bus/0000:06/subsystem/0000:04/device/driver/0000:00:03.7/driver/0000:00:02.4/driver/0000:00:04.1 HTTP/1.1" 200 262248 "-" "meta-externalagent/1.1 (+https://developers.facebook.com/docs/sharing/webmasters/crawler)"
74.7.227.179 - - [14/Dec/2025:00:04:05 +0000] "GET /?p=24043 HTTP/1.1" 200 43198 "-" "Mozilla/5.0 AppleWebKit/537.36 (KHTML, like Gecko; compatible; GPTBot/1.3; +https://openai.com/gptbot)"
74.7.227.179 - - [14/Dec/2025:00:04:08 +0000] "GET /index.php?rest_route=%2Foembed%2F1.0%2Fembed&url=https%3A%2F%2Fdatainsightnow.com%2F%3Fp%3D24043 HTTP/1.1" 200 1270 "-" "Mozilla/5.0 AppleWebKit/537.36 (KHTML, like Gecko; compatible; GPTBot/1.3; +https://openai.com/gptbot)"
85.208.96.198 - - [14/Dec/2025:00:04:10 +0000] "GET /?p=21509 HTTP/1.1" 200 41916 "-" "Mozilla/5.0 (compatible; SemrushBot/7~bl; +http://www.semrush.com/bot.html)"
74.7.227.179 - - [14/Dec/2025:00:04:11 +0000] "GET /index.php?rest_route=/wp/v2/posts/24043 HTTP/1.1" 200 5670 "-" "Mozilla/5.0 AppleWebKit/537.36 (KHTML, like Gecko; compatible; GPTBot/1.3; +https://openai.com/gptbot)"
74.7.227.179 - - [14/Dec/2025:00:04:14 +0000] "GET /index.php?format=xml&rest_route=%2Foembed%2F1.0%2Fembed&url=https%3A%2F%2Fdatainsightnow.com%2F%3Fp%3D24043 HTTP/1.1" 200 1297 "-" "Mozilla/5.0 AppleWebKit/537.36 (KHTML, like Gecko; compatible; GPTBot/1.3; +https://openai.com/gptbot)"
74.7.227.179 - - [14/Dec/2025:00:04:17 +0000] "GET /?p=11768 HTTP/1.1" 200 41943 "-" "Mozilla/5.0 AppleWebKit/537.36 (KHTML, like Gecko; compatible; GPTBot/1.3; +https://openai.com/gptbot)"
74.7.227.179 - - [14/Dec/2025:00:04:20 +0000] "GET /index.php?rest_route=/wp/v2/posts/11768 HTTP/1.1" 200 4929 "-" "Mozilla/5.0 AppleWebKit/537.36 (KHTML, like Gecko; compatible; GPTBot/1.3; +https://openai.com/gptbot)"
57.141.0.12 - - [14/Dec/2025:00:04:21 +0000] "GET /2025/03/07/page/6/?fileloc=//sys/class/pci_bus/0000:0e/subsystem/0000:12/subsystem/0000:05/device/driver/0000:00:04.0/subsystem/resource_alignment&path=//sys/class/pci_bus/0000:0e/subsystem/0000:12/subsystem/0000:05/device/driver/0000:00:04.0/subsystem HTTP/1.1" 200 262248 "-" "meta-externalagent/1.1 (+https://developers.facebook.com/docs/sharing/webmasters/crawler)"
57.141.0.30 - - [14/Dec/2025:00:04:21 +0000] "GET /karamba-spielsaal-erfahrungen-angeschlossen-testbericht-werfen-sie-einen-blick-auf-den-link-within-2025-pro-teutonia/?fileloc=//sys/class/pci_bus/0000:06/subsystem/0000:04/subsystem/0000:05/device/driver/0000:00:02.0/driver/0000:00:02.3/msi_bus&path=//sys/class/pci_bus/0000:06/subsystem/0000:04/subsystem/0000:05/device/driver/0000:00:02.0/driver/0000:00:02.3 HTTP/1.1" 200 262264 "-" "meta-externalagent/1.1 (+https://developers.facebook.com/docs/sharing/webmasters/crawler)"
74.7.227.179 - - [14/Dec/2025:00:04:23 +0000] "GET /index.php?rest_route=%2Foembed%2F1.0%2Fembed&url=https%3A%2F%2Fdatainsightnow.com%2F%3Fp%3D11768 HTTP/1.1" 200 1276 "-" "Mozilla/5.0 AppleWebKit/537.36 (KHTML, like Gecko; compatible; GPTBot/1.3; +https://openai.com/gptbot)"
74.7.227.179 - - [14/Dec/2025:00:04:26 +0000] "GET /index.php?format=xml&rest_route=%2Foembed%2F1.0%2Fembed&url=https%3A%2F%2Fdatainsightnow.com%2F%3Fp%3D11768 HTTP/1.1" 200 1301 "-" "Mozilla/5.0 AppleWebKit/537.36 (KHTML, like Gecko; compatible; GPTBot/1.3; +https://openai.com/gptbot)"
57.141.0.21 - - [14/Dec/2025:00:04:29 +0000] "GET /2025/03/07/page/6/?fileloc=//sys/class/pci_bus/0000:0a/device/driver/0000:00:04.0/subsystem/drivers/pcieport/0000:00:02.0/driver/0000:00:04.0/uevent&path=//sys/class/pci_bus/0000:0a/device/driver/0000:00:04.0/subsystem/drivers/pcieport/0000:00:02.0/driver/0000:00:04.0 HTTP/1.1" 200 262209 "-" "meta-externalagent/1.1 (+https://developers.facebook.com/docs/sharing/webmasters/crawler)"
74.7.227.179 - - [14/Dec/2025:00:04:30 +0000] "GET /?p=12389 HTTP/1.1" 200 43772 "-" "Mozilla/5.0 AppleWebKit/537.36 (KHTML, like Gecko; compatible; GPTBot/1.3; +https://openai.com/gptbot)"
66.249.77.100 - - [14/Dec/2025:00:04:32 +0000] "GET /?fileloc=//sys/class/sound/card0/device/subsystem/devices/0000:00:02.2/subsystem/devices/0000:00:1f.0/subsystem/drivers/pcieport/0000:00:03.5/subsystem/devices/0000:00:03.6/driver/0000:00:03.2/driver/0000:00:02.4/power/runtime_active_time&path=//sys/class/sound/card0/device/subsystem/devices/0000:00:02.2/subsystem/devices/0000:00:1f.0/subsystem/drivers/pcieport/0000:00:03.5/subsystem/devices/0000:00:03.6/driver/0000:00:03.2/driver/0000:00:02.4/power HTTP/1.1" 200 45439 "-" "Mozilla/5.0 (Linux; Android 6.0.1; Nexus 5X Build/MMB29P) AppleWebKit/537.36 (KHTML, like Gecko) Chrome/141.0.7390.122 Mobile Safari/537.36 (compatible; Googlebot/2.1; +http://www.google.com/bot.html)"
74.7.227.179 - - [14/Dec/2025:00:04:33 +0000] "GET /?p=29713 HTTP/1.1" 200 42620 "-" "Mozilla/5.0 AppleWebKit/537.36 (KHTML, like Gecko; compatible; GPTBot/1.3; +https://openai.com/gptbot)"
57.141.0.31 - - [14/Dec/2025:00:04:34 +0000] "GET /2025/03/07/page/6/?path=//sys/class/pci_bus/0000:0a/subsystem/0000:03/subsystem/0000:00/subsystem/0000:0c/device/firmware_node/device:37 HTTP/1.1" 200 262264 "-" "meta-externalagent/1.1 (+https://developers.facebook.com/docs/sharing/webmasters/crawler)"
74.7.227.179 - - [14/Dec/2025:00:04:36 +0000] "GET /index.php?rest_route=/wp/v2/posts/29713 HTTP/1.1" 200 5255 "-" "Mozilla/5.0 AppleWebKit/537.36 (KHTML, like Gecko; compatible; GPTBot/1.3; +https://openai.com/gptbot)"
57.141.0.4 - - [14/Dec/2025:00:04:37 +0000] "GET /2025/03/06/page/39/?path=//sys/class/pci_bus/0000:0c/subsystem/0000:0f/subsystem/0000:07/device/driver/0000:00:03.3/0000:00:03.3:pcie002 HTTP/1.1" 200 262215 "-" "meta-externalagent/1.1 (+https://developers.facebook.com/docs/sharing/webmasters/crawler)"
57.141.0.4 - - [14/Dec/2025:00:04:38 +0000] "GET /2025/03/07/page/6/?fileloc=//sys/class/pci_bus/0000:08/device/driver/0000:00:02.3/0000:05:00.0/subsystem/devices/0000:00:1b.0/driver/0000:00:1b.0/subsystem_vendor&path=//sys/class/pci_bus/0000:08/device/driver/0000:00:02.3/0000:05:00.0/subsystem/devices/0000:00:1b.0/driver/0000:00:1b.0 HTTP/1.1" 200 262209 "-" "meta-externalagent/1.1 (+https://developers.facebook.com/docs/sharing/webmasters/crawler)"
74.7.227.179 - - [14/Dec/2025:00:04:39 +0000] "GET /index.php?rest_route=%2Foembed%2F1.0%2Fembed&url=https%3A%2F%2Fdatainsightnow.com%2F%3Fp%3D29713 HTTP/1.1" 200 1275 "-" "Mozilla/5.0 AppleWebKit/537.36 (KHTML, like Gecko; compatible; GPTBot/1.3; +https://openai.com/gptbot)"
57.141.0.48 - - [14/Dec/2025:00:04:40 +0000] "GET /2025/03/07/page/6/?fileloc=//sys/class/pci_bus/0000:06/device/driver/0000:00:03.6/driver/0000:00:02.3/driver/0000:00:02.0/max_link_speed&path=//sys/class/pci_bus/0000:06/device/driver/0000:00:03.6/driver/0000:00:02.3/driver/0000:00:02.0 HTTP/1.1" 200 262264 "-" "meta-externalagent/1.1 (+https://developers.facebook.com/docs/sharing/webmasters/crawler)"
74.7.227.179 - - [14/Dec/2025:00:04:42 +0000] "GET /index.php?format=xml&rest_route=%2Foembed%2F1.0%2Fembed&url=https%3A%2F%2Fdatainsightnow.com%2F%3Fp%3D29713 HTTP/1.1" 200 1299 "-" "Mozilla/5.0 AppleWebKit/537.36 (KHTML, like Gecko; compatible; GPTBot/1.3; +https://openai.com/gptbot)"
57.141.0.34 - - [14/Dec/2025:00:04:43 +0000] "GET /karamba-spielsaal-erfahrungen-angeschlossen-testbericht-werfen-sie-einen-blick-auf-den-link-within-2025-pro-teutonia/?path=//sys/class/pci_bus/0000:01/subsystem/0000:0b/device/driver/0000:00:02.5/driver/0000:00:02.3 HTTP/1.1" 200 262264 "-" "meta-externalagent/1.1 (+https://developers.facebook.com/docs/sharing/webmasters/crawler)"
74.7.227.179 - - [14/Dec/2025:00:04:45 +0000] "GET /?p=20365 HTTP/1.1" 200 42227 "-" "Mozilla/5.0 AppleWebKit/537.36 (KHTML, like Gecko; compatible; GPTBot/1.3; +https://openai.com/gptbot)"
74.7.227.179 - - [14/Dec/2025:00:04:49 +0000] "GET /?p=11564 HTTP/1.1" 200 42526 "-" "Mozilla/5.0 AppleWebKit/537.36 (KHTML, like Gecko; compatible; GPTBot/1.3; +https://openai.com/gptbot)"
85.208.96.194 - - [14/Dec/2025:00:04:49 +0000] "GET /?p=13353 HTTP/1.1" 200 44456 "-" "Mozilla/5.0 (compatible; SemrushBot/7~bl; +http://www.semrush.com/bot.html)"
66.135.21.75 - - [14/Dec/2025:00:04:50 +0000] "POST /wp-cron.php?doing_wp_cron=1765670690.6415469646453857421875 HTTP/1.1" 200 31 "-" "WordPress/6.3.1; https://datainsightnow.com"
194.163.190.70 - - [14/Dec/2025:00:04:50 +0000] "POST /xmlrpc.php HTTP/1.1" 200 247 "-" "Mozilla/4.0 (compatible; MSIE 7.0; Windows NT 10.0; WOW64; Trident/7.0; .NET4.0C; .NET4.0E; .NET CLR 2.0.50727; .NET CLR 3.0.30729; .NET CLR 3.5.30729; Tablet PC 2.0)"
74.7.227.179 - - [14/Dec/2025:00:04:52 +0000] "GET /index.php?format=xml&rest_route=%2Foembed%2F1.0%2Fembed&url=https%3A%2F%2Fdatainsightnow.com%2F%3Fp%3D20365 HTTP/1.1" 200 1296 "-" "Mozilla/5.0 AppleWebKit/537.36 (KHTML, like Gecko; compatible; GPTBot/1.3; +https://openai.com/gptbot)"
74.7.227.179 - - [14/Dec/2025:00:04:55 +0000] "GET /index.php?rest_route=%2Foembed%2F1.0%2Fembed&url=https%3A%2F%2Fdatainsightnow.com%2F%3Fp%3D11564 HTTP/1.1" 200 1281 "-" "Mozilla/5.0 AppleWebKit/537.36 (KHTML, like Gecko; compatible; GPTBot/1.3; +https://openai.com/gptbot)"
57.141.0.12 - - [14/Dec/2025:00:04:56 +0000] "GET /karamba-spielsaal-erfahrungen-angeschlossen-testbericht-werfen-sie-einen-blick-auf-den-link-within-2025-pro-teutonia/?path=//sys/class/pci_bus/0000:03/subsystem/0000:01/subsystem/0000:0c/subsystem/0000:12/device/0000:00:04.0:pcie010 HTTP/1.1" 200 262248 "-" "meta-externalagent/1.1 (+https://developers.facebook.com/docs/sharing/webmasters/crawler)"
74.7.227.179 - - [14/Dec/2025:00:04:58 +0000] "GET /index.php?rest_route=/wp/v2/posts/20365 HTTP/1.1" 200 4777 "-" "Mozilla/5.0 AppleWebKit/537.36 (KHTML, like Gecko; compatible; GPTBot/1.3; +https://openai.com/gptbot)"
185.191.171.11 - - [14/Dec/2025:00:04:59 +0000] "GET /?p=41535 HTTP/1.1" 200 40835 "-" "Mozilla/5.0 (compatible; SemrushBot/7~bl; +http://www.semrush.com/bot.html)"
74.7.227.179 - - [14/Dec/2025:00:05:02 +0000] "GET /index.php?rest_route=%2Foembed%2F1.0%2Fembed&url=https%3A%2F%2Fdatainsightnow.com%2F%3Fp%3D20365 HTTP/1.1" 200 1270 "-" "Mozilla/5.0 AppleWebKit/537.36 (KHTML, like Gecko; compatible; GPTBot/1.3; +https://openai.com/gptbot)"
74.7.227.179 - - [14/Dec/2025:00:05:05 +0000] "GET /index.php?rest_route=/wp/v2/posts/11564 HTTP/1.1" 200 4936 "-" "Mozilla/5.0 AppleWebKit/537.36 (KHTML, like Gecko; compatible; GPTBot/1.3; +https://openai.com/gptbot)"
74.7.227.179 - - [14/Dec/2025:00:05:08 +0000] "GET /index.php?format=xml&rest_route=%2Foembed%2F1.0%2Fembed&url=https%3A%2F%2Fdatainsightnow.com%2F%3Fp%3D11564 HTTP/1.1" 200 1306 "-" "Mozilla/5.0 AppleWebKit/537.36 (KHTML, like Gecko; compatible; GPTBot/1.3; +https://openai.com/gptbot)"
66.135.21.75 - - [14/Dec/2025:00:05:11 +0000] "POST /wp-cron.php?doing_wp_cron=1765670711.5560019016265869140625 HTTP/1.1" 200 31 "-" "WordPress/6.3.1; https://datainsightnow.com"
74.7.227.179 - - [14/Dec/2025:00:05:11 +0000] "GET /?p=42229 HTTP/1.1" 200 41177 "-" "Mozilla/5.0 AppleWebKit/537.36 (KHTML, like Gecko; compatible; GPTBot/1.3; +https://openai.com/gptbot)"
74.7.227.179 - - [14/Dec/2025:00:05:14 +0000] "GET /index.php?format=xml&rest_route=%2Foembed%2F1.0%2Fembed&url=https%3A%2F%2Fdatainsightnow.com%2F%3Fp%3D42229 HTTP/1.1" 200 1291 "-" "Mozilla/5.0 AppleWebKit/537.36 (KHTML, like Gecko; compatible; GPTBot/1.3; +https://openai.com/gptbot)"
74.7.227.179 - - [14/Dec/2025:00:05:17 +0000] "GET /index.php?rest_route=%2Foembed%2F1.0%2Fembed&url=https%3A%2F%2Fdatainsightnow.com%2F%3Fp%3D42229 HTTP/1.1" 200 1266 "-" "Mozilla/5.0 AppleWebKit/537.36 (KHTML, like Gecko; compatible; GPTBot/1.3; +https://openai.com/gptbot)"
74.7.227.179 - - [14/Dec/2025:00:05:20 +0000] "GET /index.php?rest_route=/wp/v2/posts/42229 HTTP/1.1" 200 4112 "-" "Mozilla/5.0 AppleWebKit/537.36 (KHTML, like Gecko; compatible; GPTBot/1.3; +https://openai.com/gptbot)"
66.249.77.100 - - [14/Dec/2025:00:05:24 +0000] "GET /?fileloc=//sys/class/sound/card0/device/subsystem/devices/0000:00:02.2/driver/0000:00:02.2/driver/0000:00:03.1/driver/0000:00:03.2/firmware_node/subsystem/devices/device:3e/physical_node/subsystem/devices/0000:09:00.0/subsystem/devices/0000:01:00.0/driver/0000:07:00.0/power/wakeup_count&path=//sys/class/sound/card0/device/subsystem/devices/0000:00:02.2/driver/0000:00:02.2/driver/0000:00:03.1/driver/0000:00:03.2/firmware_node/subsystem/devices/device:3e/physical_node/subsystem/devices/0000:09:00.0/subsystem/devices/0000:01:00.0/driver/0000:07:00.0/power HTTP/1.1" 200 45439 "-" "Mozilla/5.0 (Linux; Android 6.0.1; Nexus 5X Build/MMB29P) AppleWebKit/537.36 (KHTML, like Gecko) Chrome/141.0.7390.122 Mobile Safari/537.36 (compatible; Googlebot/2.1; +http://www.google.com/bot.html)"
74.7.227.179 - - [14/Dec/2025:00:05:24 +0000] "GET /?p=12363 HTTP/1.1" 200 41465 "-" "Mozilla/5.0 AppleWebKit/537.36 (KHTML, like Gecko; compatible; GPTBot/1.3; +https://openai.com/gptbot)"
66.249.77.100 - - [14/Dec/2025:00:05:25 +0000] "GET /entity/84154027.htm HTTP/1.1" 200 30652 "-" "Mozilla/5.0 (Linux; Android 6.0.1; Nexus 5X Build/MMB29P) AppleWebKit/537.36 (KHTML, like Gecko) Chrome/141.0.7390.122 Mobile Safari/537.36 (compatible; Googlebot/2.1; +http://www.google.com/bot.html)"
66.249.77.100 - - [14/Dec/2025:00:05:25 +0000] "GET /entity/780559172.htm HTTP/1.1" 200 30017 "-" "Mozilla/5.0 (Linux; Android 6.0.1; Nexus 5X Build/MMB29P) AppleWebKit/537.36 (KHTML, like Gecko) Chrome/141.0.7390.122 Mobile Safari/537.36 (compatible; Googlebot/2.1; +http://www.google.com/bot.html)"
74.7.227.179 - - [14/Dec/2025:00:05:27 +0000] "GET /index.php?format=xml&rest_route=%2Foembed%2F1.0%2Fembed&url=https%3A%2F%2Fdatainsightnow.com%2F%3Fp%3D12363 HTTP/1.1" 200 1318 "-" "Mozilla/5.0 AppleWebKit/537.36 (KHTML, like Gecko; compatible; GPTBot/1.3; +https://openai.com/gptbot)"
74.7.227.179 - - [14/Dec/2025:00:05:30 +0000] "GET /index.php?rest_route=/wp/v2/posts/12363 HTTP/1.1" 200 4210 "-" "Mozilla/5.0 AppleWebKit/537.36 (KHTML, like Gecko; compatible; GPTBot/1.3; +https://openai.com/gptbot)"
66.135.21.75 - - [14/Dec/2025:00:05:33 +0000] "POST /wp-cron.php?doing_wp_cron=1765670733.6126980781555175781250 HTTP/1.1" 200 31 "-" "WordPress/6.3.1; https://datainsightnow.com"
74.7.227.179 - - [14/Dec/2025:00:05:33 +0000] "GET /index.php?rest_route=%2Foembed%2F1.0%2Fembed&url=https%3A%2F%2Fdatainsightnow.com%2F%3Fp%3D12363 HTTP/1.1" 200 1292 "-" "Mozilla/5.0 AppleWebKit/537.36 (KHTML, like Gecko; compatible; GPTBot/1.3; +https://openai.com/gptbot)"
66.249.77.99 - - [14/Dec/2025:00:05:33 +0000] "GET /entity/286533258.htm HTTP/1.1" 200 32912 "-" "Mozilla/5.0 (Linux; Android 6.0.1; Nexus 5X Build/MMB29P) AppleWebKit/537.36 (KHTML, like Gecko) Chrome/141.0.7390.122 Mobile Safari/537.36 (compatible; Googlebot/2.1; +http://www.google.com/bot.html)"
74.7.227.179 - - [14/Dec/2025:00:05:36 +0000] "GET /?p=40863 HTTP/1.1" 200 43180 "-" "Mozilla/5.0 AppleWebKit/537.36 (KHTML, like Gecko; compatible; GPTBot/1.3; +https://openai.com/gptbot)"
74.7.227.179 - - [14/Dec/2025:00:05:40 +0000] "GET /index.php?rest_route=/wp/v2/posts/40863 HTTP/1.1" 200 5592 "-" "Mozilla/5.0 AppleWebKit/537.36 (KHTML, like Gecko; compatible; GPTBot/1.3; +https://openai.com/gptbot)"
74.7.227.179 - - [14/Dec/2025:00:05:43 +0000] "GET /index.php?rest_route=%2Foembed%2F1.0%2Fembed&url=https%3A%2F%2Fdatainsightnow.com%2F%3Fp%3D40863 HTTP/1.1" 200 1270 "-" "Mozilla/5.0 AppleWebKit/537.36 (KHTML, like Gecko; compatible; GPTBot/1.3; +https://openai.com/gptbot)"
74.7.227.179 - - [14/Dec/2025:00:05:46 +0000] "GET /index.php?format=xml&rest_route=%2Foembed%2F1.0%2Fembed&url=https%3A%2F%2Fdatainsightnow.com%2F%3Fp%3D40863 HTTP/1.1" 200 1298 "-" "Mozilla/5.0 AppleWebKit/537.36 (KHTML, like Gecko; compatible; GPTBot/1.3; +https://openai.com/gptbot)"
66.249.77.98 - - [14/Dec/2025:00:05:48 +0000] "GET /entity/447860475.htm HTTP/1.1" 200 32021 "-" "Mozilla/5.0 (Linux; Android 6.0.1; Nexus 5X Build/MMB29P) AppleWebKit/537.36 (KHTML, like Gecko) Chrome/141.0.7390.122 Mobile Safari/537.36 (compatible; Googlebot/2.1; +http://www.google.com/bot.html)"
66.249.77.98 - - [14/Dec/2025:00:05:48 +0000] "GET /entity/91119045.htm HTTP/1.1" 200 29659 "-" "Mozilla/5.0 (Linux; Android 6.0.1; Nexus 5X Build/MMB29P) AppleWebKit/537.36 (KHTML, like Gecko) Chrome/141.0.7390.122 Mobile Safari/537.36 (compatible; Googlebot/2.1; +http://www.google.com/bot.html)"
74.7.227.179 - - [14/Dec/2025:00:05:49 +0000] "GET /?p=28041 HTTP/1.1" 200 43194 "-" "Mozilla/5.0 AppleWebKit/537.36 (KHTML, like Gecko; compatible; GPTBot/1.3; +https://openai.com/gptbot)"
66.135.21.75 - - [14/Dec/2025:00:05:52 +0000] "POST /wp-cron.php?doing_wp_cron=1765670752.5204501152038574218750 HTTP/1.1" 200 31 "-" "WordPress/6.3.1; https://datainsightnow.com"
74.7.227.179 - - [14/Dec/2025:00:05:52 +0000] "GET /index.php?rest_route=/wp/v2/posts/28041 HTTP/1.1" 200 5769 "-" "Mozilla/5.0 AppleWebKit/537.36 (KHTML, like Gecko; compatible; GPTBot/1.3; +https://openai.com/gptbot)"
74.7.227.179 - - [14/Dec/2025:00:05:55 +0000] "GET /index.php?format=xml&rest_route=%2Foembed%2F1.0%2Fembed&url=https%3A%2F%2Fdatainsightnow.com%2F%3Fp%3D28041 HTTP/1.1" 200 1299 "-" "Mozilla/5.0 AppleWebKit/537.36 (KHTML, like Gecko; compatible; GPTBot/1.3; +https://openai.com/gptbot)"
74.7.227.179 - - [14/Dec/2025:00:05:58 +0000] "GET /index.php?rest_route=%2Foembed%2F1.0%2Fembed&url=https%3A%2F%2Fdatainsightnow.com%2F%3Fp%3D28041 HTTP/1.1" 200 1270 "-" "Mozilla/5.0 AppleWebKit/537.36 (KHTML, like Gecko; compatible; GPTBot/1.3; +https://openai.com/gptbot)"
74.7.227.179 - - [14/Dec/2025:00:06:02 +0000] "GET /?p=47739 HTTP/1.1" 200 41851 "-" "Mozilla/5.0 AppleWebKit/537.36 (KHTML, like Gecko; compatible; GPTBot/1.3; +https://openai.com/gptbot)"
66.249.77.98 - - [14/Dec/2025:00:06:03 +0000] "GET /?fileloc=//sys/class/sound/card0/device/subsystem/devices/0000:00:02.2/driver/0000:00:03.4/driver/0000:00:03.3/driver/0000:00:02.2/0000:00:02.2:pcie002/driver/0000:00:02.2:pcie002/subsystem/devices/0000:00:02.2:pcie002/driver/0000:00:02.6:pcie002/subsystem/drivers_probe&path=//sys/class/sound/card0/device/subsystem/devices/0000:00:02.2/driver/0000:00:03.4/driver/0000:00:03.3/driver/0000:00:02.2/0000:00:02.2:pcie002/driver/0000:00:02.2:pcie002/subsystem/devices/0000:00:02.2:pcie002/driver/0000:00:02.6:pcie002/subsystem HTTP/1.1" 200 45439 "-" "Mozilla/5.0 (Linux; Android 6.0.1; Nexus 5X Build/MMB29P) AppleWebKit/537.36 (KHTML, like Gecko) Chrome/141.0.7390.122 Mobile Safari/537.36 (compatible; Googlebot/2.1; +http://www.google.com/bot.html)"
74.7.227.179 - - [14/Dec/2025:00:06:05 +0000] "GET /index.php?rest_route=/wp/v2/posts/47739 HTTP/1.1" 200 4629 "-" "Mozilla/5.0 AppleWebKit/537.36 (KHTML, like Gecko; compatible; GPTBot/1.3; +https://openai.com/gptbot)"
74.7.227.179 - - [14/Dec/2025:00:06:08 +0000] "GET /index.php?format=xml&rest_route=%2Foembed%2F1.0%2Fembed&url=https%3A%2F%2Fdatainsightnow.com%2F%3Fp%3D47739 HTTP/1.1" 200 1320 "-" "Mozilla/5.0 AppleWebKit/537.36 (KHTML, like Gecko; compatible; GPTBot/1.3; +https://openai.com/gptbot)"
57.141.0.48 - - [14/Dec/2025:00:06:10 +0000] "GET /karamba-spielsaal-erfahrungen-angeschlossen-testbericht-werfen-sie-einen-blick-auf-den-link-within-2025-pro-teutonia/?fileloc=//sys/class/pci_bus/0000:02/subsystem/0000:04/subsystem/0000:0e/device/driver/0000:00:02.3/d3cold_allowed&path=//sys/class/pci_bus/0000:02/subsystem/0000:04/subsystem/0000:0e/device/driver/0000:00:02.3 HTTP/1.1" 200 262264 "-" "meta-externalagent/1.1 (+https://developers.facebook.com/docs/sharing/webmasters/crawler)"
74.7.227.179 - - [14/Dec/2025:00:06:11 +0000] "GET /index.php?rest_route=%2Foembed%2F1.0%2Fembed&url=https%3A%2F%2Fdatainsightnow.com%2F%3Fp%3D47739 HTTP/1.1" 200 1295 "-" "Mozilla/5.0 AppleWebKit/537.36 (KHTML, like Gecko; compatible; GPTBot/1.3; +https://openai.com/gptbot)"
74.7.227.179 - - [14/Dec/2025:00:06:14 +0000] "GET /?p=24041 HTTP/1.1" 200 41428 "-" "Mozilla/5.0 AppleWebKit/537.36 (KHTML, like Gecko; compatible; GPTBot/1.3; +https://openai.com/gptbot)"
74.7.227.179 - - [14/Dec/2025:00:06:17 +0000] "GET /index.php?rest_route=/wp/v2/posts/24041 HTTP/1.1" 200 4159 "-" "Mozilla/5.0 AppleWebKit/537.36 (KHTML, like Gecko; compatible; GPTBot/1.3; +https://openai.com/gptbot)"
74.7.227.179 - - [14/Dec/2025:00:06:20 +0000] "GET /index.php?format=xml&rest_route=%2Foembed%2F1.0%2Fembed&url=https%3A%2F%2Fdatainsightnow.com%2F%3Fp%3D24041 HTTP/1.1" 200 1273 "-" "Mozilla/5.0 AppleWebKit/537.36 (KHTML, like Gecko; compatible; GPTBot/1.3; +https://openai.com/gptbot)"
85.208.96.202 - - [14/Dec/2025:00:06:23 +0000] "GET /?p=14475 HTTP/1.1" 200 42634 "-" "Mozilla/5.0 (compatible; SemrushBot/7~bl; +http://www.semrush.com/bot.html)"
74.7.227.179 - - [14/Dec/2025:00:06:24 +0000] "GET /index.php?rest_route=%2Foembed%2F1.0%2Fembed&url=https%3A%2F%2Fdatainsightnow.com%2F%3Fp%3D24041 HTTP/1.1" 200 1245 "-" "Mozilla/5.0 AppleWebKit/537.36 (KHTML, like Gecko; compatible; GPTBot/1.3; +https://openai.com/gptbot)"
74.7.227.179 - - [14/Dec/2025:00:06:27 +0000] "GET /?p=17968 HTTP/1.1" 200 41696 "-" "Mozilla/5.0 AppleWebKit/537.36 (KHTML, like Gecko; compatible; GPTBot/1.3; +https://openai.com/gptbot)"
74.7.227.179 - - [14/Dec/2025:00:06:30 +0000] "GET /index.php?rest_route=/wp/v2/posts/17968 HTTP/1.1" 200 4546 "-" "Mozilla/5.0 AppleWebKit/537.36 (KHTML, like Gecko; compatible; GPTBot/1.3; +https://openai.com/gptbot)"
74.7.227.179 - - [14/Dec/2025:00:06:33 +0000] "GET /index.php?rest_route=%2Foembed%2F1.0%2Fembed&url=https%3A%2F%2Fdatainsightnow.com%2F%3Fp%3D17968 HTTP/1.1" 200 1251 "-" "Mozilla/5.0 AppleWebKit/537.36 (KHTML, like Gecko; compatible; GPTBot/1.3; +https://openai.com/gptbot)"
74.7.227.179 - - [14/Dec/2025:00:06:36 +0000] "GET /index.php?format=xml&rest_route=%2Foembed%2F1.0%2Fembed&url=https%3A%2F%2Fdatainsightnow.com%2F%3Fp%3D17968 HTTP/1.1" 200 1277 "-" "Mozilla/5.0 AppleWebKit/537.36 (KHTML, like Gecko; compatible; GPTBot/1.3; +https://openai.com/gptbot)"
85.208.96.196 - - [14/Dec/2025:00:06:39 +0000] "GET /?p=19866 HTTP/1.1" 200 42745 "-" "Mozilla/5.0 (compatible; SemrushBot/7~bl; +http://www.semrush.com/bot.html)"
74.7.227.179 - - [14/Dec/2025:00:06:39 +0000] "GET /?p=12391 HTTP/1.1" 200 43710 "-" "Mozilla/5.0 AppleWebKit/537.36 (KHTML, like Gecko; compatible; GPTBot/1.3; +https://openai.com/gptbot)"
74.7.227.179 - - [14/Dec/2025:00:06:42 +0000] "GET /?p=29715 HTTP/1.1" 200 43478 "-" "Mozilla/5.0 AppleWebKit/537.36 (KHTML, like Gecko; compatible; GPTBot/1.3; +https://openai.com/gptbot)"
74.7.227.179 - - [14/Dec/2025:00:06:45 +0000] "GET /index.php?rest_route=%2Foembed%2F1.0%2Fembed&url=https%3A%2F%2Fdatainsightnow.com%2F%3Fp%3D29715 HTTP/1.1" 200 1261 "-" "Mozilla/5.0 AppleWebKit/537.36 (KHTML, like Gecko; compatible; GPTBot/1.3; +https://openai.com/gptbot)"
74.7.227.179 - - [14/Dec/2025:00:06:48 +0000] "GET /index.php?rest_route=/wp/v2/posts/29715 HTTP/1.1" 200 6184 "-" "Mozilla/5.0 AppleWebKit/537.36 (KHTML, like Gecko; compatible; GPTBot/1.3; +https://openai.com/gptbot)"
66.135.21.75 - - [14/Dec/2025:00:06:51 +0000] "POST /wp-cron.php?doing_wp_cron=1765670811.6998829841613769531250 HTTP/1.1" 200 31 "-" "WordPress/6.3.1; https://datainsightnow.com"
74.7.227.179 - - [14/Dec/2025:00:06:51 +0000] "GET /index.php?format=xml&rest_route=%2Foembed%2F1.0%2Fembed&url=https%3A%2F%2Fdatainsightnow.com%2F%3Fp%3D29715 HTTP/1.1" 200 1285 "-" "Mozilla/5.0 AppleWebKit/537.36 (KHTML, like Gecko; compatible; GPTBot/1.3; +https://openai.com/gptbot)"
74.7.227.179 - - [14/Dec/2025:00:06:55 +0000] "GET /?p=20367 HTTP/1.1" 200 42949 "-" "Mozilla/5.0 AppleWebKit/537.36 (KHTML, like Gecko; compatible; GPTBot/1.3; +https://openai.com/gptbot)"
74.7.227.179 - - [14/Dec/2025:00:06:57 +0000] "GET /index.php?rest_route=/wp/v2/posts/20367 HTTP/1.1" 200 5476 "-" "Mozilla/5.0 AppleWebKit/537.36 (KHTML, like Gecko; compatible; GPTBot/1.3; +https://openai.com/gptbot)"
85.208.96.201 - - [14/Dec/2025:00:06:59 +0000] "GET /?p=18656 HTTP/1.1" 200 43636 "-" "Mozilla/5.0 (compatible; SemrushBot/7~bl; +http://www.semrush.com/bot.html)"
74.7.227.179 - - [14/Dec/2025:00:07:01 +0000] "GET /index.php?rest_route=%2Foembed%2F1.0%2Fembed&url=https%3A%2F%2Fdatainsightnow.com%2F%3Fp%3D20367 HTTP/1.1" 200 1303 "-" "Mozilla/5.0 AppleWebKit/537.36 (KHTML, like Gecko; compatible; GPTBot/1.3; +https://openai.com/gptbot)"
74.7.227.179 - - [14/Dec/2025:00:07:04 +0000] "GET /index.php?format=xml&rest_route=%2Foembed%2F1.0%2Fembed&url=https%3A%2F%2Fdatainsightnow.com%2F%3Fp%3D20367 HTTP/1.1" 200 1330 "-" "Mozilla/5.0 AppleWebKit/537.36 (KHTML, like Gecko; compatible; GPTBot/1.3; +https://openai.com/gptbot)"
74.7.227.179 - - [14/Dec/2025:00:07:07 +0000] "GET /?p=11562 HTTP/1.1" 200 44600 "-" "Mozilla/5.0 AppleWebKit/537.36 (KHTML, like Gecko; compatible; GPTBot/1.3; +https://openai.com/gptbot)"
74.7.227.179 - - [14/Dec/2025:00:07:10 +0000] "GET /?p=42231 HTTP/1.1" 200 40977 "-" "Mozilla/5.0 AppleWebKit/537.36 (KHTML, like Gecko; compatible; GPTBot/1.3; +https://openai.com/gptbot)"
66.249.77.100 - - [14/Dec/2025:00:07:12 +0000] "GET /?fileloc=//sys/class/sound/card0/device/subsystem/devices/0000:00:02.2/driver/0000:00:02.2/driver/0000:00:03.1/driver/0000:00:03.2/firmware_node/subsystem/devices/device:28/physical_node/driver/uevent&path=//sys/class/sound/card0/device/subsystem/devices/0000:00:02.2/driver/0000:00:02.2/driver/0000:00:03.1/driver/0000:00:03.2/firmware_node/subsystem/devices/device:28/physical_node/driver HTTP/1.1" 200 45439 "-" "Mozilla/5.0 (Linux; Android 6.0.1; Nexus 5X Build/MMB29P) AppleWebKit/537.36 (KHTML, like Gecko) Chrome/141.0.7390.122 Mobile Safari/537.36 (compatible; Googlebot/2.1; +http://www.google.com/bot.html)"
185.191.171.13 - - [14/Dec/2025:00:07:13 +0000] "GET /?p=32785 HTTP/1.1" 200 42033 "-" "Mozilla/5.0 (compatible; SemrushBot/7~bl; +http://www.semrush.com/bot.html)"
74.7.227.179 - - [14/Dec/2025:00:07:13 +0000] "GET /index.php?rest_route=%2Foembed%2F1.0%2Fembed&url=https%3A%2F%2Fdatainsightnow.com%2F%3Fp%3D42231 HTTP/1.1" 200 1240 "-" "Mozilla/5.0 AppleWebKit/537.36 (KHTML, like Gecko; compatible; GPTBot/1.3; +https://openai.com/gptbot)"
66.249.77.98 - - [14/Dec/2025:00:07:16 +0000] "GET /17322703?entity=0017256078 HTTP/1.1" 200 30520 "-" "Mozilla/5.0 (Linux; Android 6.0.1; Nexus 5X Build/MMB29P) AppleWebKit/537.36 (KHTML, like Gecko) Chrome/141.0.7390.122 Mobile Safari/537.36 (compatible; Googlebot/2.1; +http://www.google.com/bot.html)"
74.7.227.179 - - [14/Dec/2025:00:07:16 +0000] "GET /index.php?format=xml&rest_route=%2Foembed%2F1.0%2Fembed&url=https%3A%2F%2Fdatainsightnow.com%2F%3Fp%3D42231 HTTP/1.1" 200 1267 "-" "Mozilla/5.0 AppleWebKit/537.36 (KHTML, like Gecko; compatible; GPTBot/1.3; +https://openai.com/gptbot)"
85.208.96.198 - - [14/Dec/2025:00:07:16 +0000] "GET /?m=20250319&paged=10 HTTP/1.1" 200 38066 "-" "Mozilla/5.0 (compatible; SemrushBot/7~bl; +http://www.semrush.com/bot.html)"
74.7.227.179 - - [14/Dec/2025:00:07:19 +0000] "GET /index.php?rest_route=/wp/v2/posts/42231 HTTP/1.1" 200 3991 "-" "Mozilla/5.0 AppleWebKit/537.36 (KHTML, like Gecko; compatible; GPTBot/1.3; +https://openai.com/gptbot)"
74.7.227.179 - - [14/Dec/2025:00:07:22 +0000] "GET /?p=12355 HTTP/1.1" 200 40352 "-" "Mozilla/5.0 AppleWebKit/537.36 (KHTML, like Gecko; compatible; GPTBot/1.3; +https://openai.com/gptbot)"
74.7.227.179 - - [14/Dec/2025:00:07:25 +0000] "GET /index.php?format=xml&rest_route=%2Foembed%2F1.0%2Fembed&url=https%3A%2F%2Fdatainsightnow.com%2F%3Fp%3D12355 HTTP/1.1" 200 1298 "-" "Mozilla/5.0 AppleWebKit/537.36 (KHTML, like Gecko; compatible; GPTBot/1.3; +https://openai.com/gptbot)"
74.7.227.179 - - [14/Dec/2025:00:07:29 +0000] "GET /index.php?rest_route=%2Foembed%2F1.0%2Fembed&url=https%3A%2F%2Fdatainsightnow.com%2F%3Fp%3D12355 HTTP/1.1" 200 1272 "-" "Mozilla/5.0 AppleWebKit/537.36 (KHTML, like Gecko; compatible; GPTBot/1.3; +https://openai.com/gptbot)"
74.7.227.179 - - [14/Dec/2025:00:07:32 +0000] "GET /index.php?rest_route=/wp/v2/posts/12355 HTTP/1.1" 200 3092 "-" "Mozilla/5.0 AppleWebKit/537.36 (KHTML, like Gecko; compatible; GPTBot/1.3; +https://openai.com/gptbot)"
74.7.227.179 - - [14/Dec/2025:00:07:35 +0000] "GET /?p=40859 HTTP/1.1" 200 44091 "-" "Mozilla/5.0 AppleWebKit/537.36 (KHTML, like Gecko; compatible; GPTBot/1.3; +https://openai.com/gptbot)"
74.7.227.179 - - [14/Dec/2025:00:07:38 +0000] "GET /index.php?rest_route=/wp/v2/posts/40859 HTTP/1.1" 200 6522 "-" "Mozilla/5.0 AppleWebKit/537.36 (KHTML, like Gecko; compatible; GPTBot/1.3; +https://openai.com/gptbot)"
85.208.96.201 - - [14/Dec/2025:00:07:40 +0000] "GET /?p=43105 HTTP/1.1" 200 42789 "-" "Mozilla/5.0 (compatible; SemrushBot/7~bl; +http://www.semrush.com/bot.html)"
74.7.227.179 - - [14/Dec/2025:00:07:41 +0000] "GET /index.php?rest_route=%2Foembed%2F1.0%2Fembed&url=https%3A%2F%2Fdatainsightnow.com%2F%3Fp%3D40859 HTTP/1.1" 200 1321 "-" "Mozilla/5.0 AppleWebKit/537.36 (KHTML, like Gecko; compatible; GPTBot/1.3; +https://openai.com/gptbot)"
74.7.227.179 - - [14/Dec/2025:00:07:44 +0000] "GET /index.php?format=xml&rest_route=%2Foembed%2F1.0%2Fembed&url=https%3A%2F%2Fdatainsightnow.com%2F%3Fp%3D40859 HTTP/1.1" 200 1346 "-" "Mozilla/5.0 AppleWebKit/537.36 (KHTML, like Gecko; compatible; GPTBot/1.3; +https://openai.com/gptbot)"
74.7.227.179 - - [14/Dec/2025:00:07:48 +0000] "GET /?p=28039 HTTP/1.1" 200 42387 "-" "Mozilla/5.0 AppleWebKit/537.36 (KHTML, like Gecko; compatible; GPTBot/1.3; +https://openai.com/gptbot)"
66.135.21.75 - - [14/Dec/2025:00:07:51 +0000] "POST /wp-cron.php?doing_wp_cron=1765670871.3604290485382080078125 HTTP/1.1" 200 31 "-" "WordPress/6.3.1; https://datainsightnow.com"
74.7.227.179 - - [14/Dec/2025:00:07:51 +0000] "GET /index.php?format=xml&rest_route=%2Foembed%2F1.0%2Fembed&url=https%3A%2F%2Fdatainsightnow.com%2F%3Fp%3D28039 HTTP/1.1" 200 1296 "-" "Mozilla/5.0 AppleWebKit/537.36 (KHTML, like Gecko; compatible; GPTBot/1.3; +https://openai.com/gptbot)"
52.167.144.142 - - [14/Dec/2025:00:07:53 +0000] "GET /?enc_avif?path=/etc/letsencrypt HTTP/1.1" 200 29412 "-" "Mozilla/5.0 AppleWebKit/537.36 (KHTML, like Gecko; compatible; bingbot/2.0; +http://www.bing.com/bingbot.htm) Chrome/116.0.1938.76 Safari/537.36"
57.141.0.15 - - [14/Dec/2025:00:07:53 +0000] "GET /karamba-spielsaal-erfahrungen-angeschlossen-testbericht-werfen-sie-einen-blick-auf-den-link-within-2025-pro-teutonia/?path=//sys/class/pci_bus/0000:05/device/0000:00:02.3:pcie002/subsystem/devices/0000:00:02.6:pcie002/subsystem/devices/0000:00:02.6:pcie001/driver/0000:00:04.1:pcie001 HTTP/1.1" 200 262264 "-" "meta-externalagent/1.1 (+https://developers.facebook.com/docs/sharing/webmasters/crawler)"
57.141.0.52 - - [14/Dec/2025:00:07:53 +0000] "GET /2025/03/07/page/6/?fileloc=//sys/class/pci_bus/0000:02/device/driver/0000:00:02.3/driver/0000:00:02.1/subsystem/devices/0000:02:00.0/irq&path=//sys/class/pci_bus/0000:02/device/driver/0000:00:02.3/driver/0000:00:02.1/subsystem/devices/0000:02:00.0 HTTP/1.1" 200 262264 "-" "meta-externalagent/1.1 (+https://developers.facebook.com/docs/sharing/webmasters/crawler)"
57.141.0.28 - - [14/Dec/2025:00:07:54 +0000] "GET /2025/03/07/page/6/?fileloc=//sys/class/pci_bus/0000:11/subsystem/0000:0c/subsystem/0000:09/subsystem/0000:05/subsystem/0000:09/cpulistaffinity&path=//sys/class/pci_bus/0000:11/subsystem/0000:0c/subsystem/0000:09/subsystem/0000:05/subsystem/0000:09 HTTP/1.1" 200 262209 "-" "meta-externalagent/1.1 (+https://developers.facebook.com/docs/sharing/webmasters/crawler)"
74.7.227.179 - - [14/Dec/2025:00:07:54 +0000] "GET /index.php?rest_route=%2Foembed%2F1.0%2Fembed&url=https%3A%2F%2Fdatainsightnow.com%2F%3Fp%3D28039 HTTP/1.1" 200 1267 "-" "Mozilla/5.0 AppleWebKit/537.36 (KHTML, like Gecko; compatible; GPTBot/1.3; +https://openai.com/gptbot)"
57.141.0.42 - - [14/Dec/2025:00:07:55 +0000] "GET /karamba-spielsaal-erfahrungen-angeschlossen-testbericht-werfen-sie-einen-blick-auf-den-link-within-2025-pro-teutonia/?fileloc=//sys/class/pci_bus/0000:0e/subsystem/0000:03/subsystem/0000:0c/subsystem/0000:04/power/runtime_suspended_time&path=//sys/class/pci_bus/0000:0e/subsystem/0000:03/subsystem/0000:0c/subsystem/0000:04/power HTTP/1.1" 200 262264 "-" "meta-externalagent/1.1 (+https://developers.facebook.com/docs/sharing/webmasters/crawler)"
47.128.16.111 - - [14/Dec/2025:00:07:57 +0000] "GET /?p=38830 HTTP/1.1" 200 40750 "-" "Mozilla/5.0 (Linux; Android 5.0) AppleWebKit/537.36 (KHTML, like Gecko) Mobile Safari/537.36 (compatible; TikTokSpider; ttspider-feedback@tiktok.com)"
74.7.227.179 - - [14/Dec/2025:00:07:57 +0000] "GET /index.php?rest_route=/wp/v2/posts/28039 HTTP/1.1" 200 4894 "-" "Mozilla/5.0 AppleWebKit/537.36 (KHTML, like Gecko; compatible; GPTBot/1.3; +https://openai.com/gptbot)"
57.141.0.65 - - [14/Dec/2025:00:07:57 +0000] "GET /2025/03/07/page/6/?path=//sys/class/pci_bus/0000:05/subsystem/0000:0f/subsystem/0000:13/subsystem/0000:0d/subsystem/0000:05/subsystem/0000:03 HTTP/1.1" 200 262209 "-" "meta-externalagent/1.1 (+https://developers.facebook.com/docs/sharing/webmasters/crawler)"
185.191.171.8 - - [14/Dec/2025:00:07:59 +0000] "GET /?p=26272 HTTP/1.1" 200 41605 "-" "Mozilla/5.0 (compatible; SemrushBot/7~bl; +http://www.semrush.com/bot.html)"
74.7.227.179 - - [14/Dec/2025:00:08:00 +0000] "GET /?p=47741 HTTP/1.1" 200 43929 "-" "Mozilla/5.0 AppleWebKit/537.36 (KHTML, like Gecko; compatible; GPTBot/1.3; +https://openai.com/gptbot)"
57.141.0.55 - - [14/Dec/2025:00:08:03 +0000] "GET /2025/03/07/page/6/?fileloc=//sys/class/pci_bus/0000:11/subsystem/0000:02/subsystem/0000:0f/subsystem/0000:11/device/subsystem/uevent&path=//sys/class/pci_bus/0000:11/subsystem/0000:02/subsystem/0000:0f/subsystem/0000:11/device/subsystem HTTP/1.1" 200 262264 "-" "meta-externalagent/1.1 (+https://developers.facebook.com/docs/sharing/webmasters/crawler)"
74.7.227.179 - - [14/Dec/2025:00:08:04 +0000] "GET /?p=24039 HTTP/1.1" 200 42483 "-" "Mozilla/5.0 AppleWebKit/537.36 (KHTML, like Gecko; compatible; GPTBot/1.3; +https://openai.com/gptbot)"
57.141.0.16 - - [14/Dec/2025:00:08:06 +0000] "GET /karamba-spielsaal-erfahrungen-angeschlossen-testbericht-werfen-sie-einen-blick-auf-den-link-within-2025-pro-teutonia/?path=//sys/class/pci_bus/0000:07/device/pci_bus/0000:07/subsystem/0000:11/subsystem/0000:04/subsystem/0000:02/subsystem/0000:08 HTTP/1.1" 200 262264 "-" "meta-externalagent/1.1 (+https://developers.facebook.com/docs/sharing/webmasters/crawler)"
74.7.227.179 - - [14/Dec/2025:00:08:07 +0000] "GET /index.php?format=xml&rest_route=%2Foembed%2F1.0%2Fembed&url=https%3A%2F%2Fdatainsightnow.com%2F%3Fp%3D24039 HTTP/1.1" 200 1318 "-" "Mozilla/5.0 AppleWebKit/537.36 (KHTML, like Gecko; compatible; GPTBot/1.3; +https://openai.com/gptbot)"
185.191.171.2 - - [14/Dec/2025:00:08:08 +0000] "GET /?p=43487 HTTP/1.1" 200 42505 "-" "Mozilla/5.0 (compatible; SemrushBot/7~bl; +http://www.semrush.com/bot.html)"
57.141.0.39 - - [14/Dec/2025:00:08:09 +0000] "GET /entity/220294265.htm HTTP/1.1" 301 5 "-" "meta-externalagent/1.1 (+https://developers.facebook.com/docs/sharing/webmasters/crawler)"
74.7.227.179 - - [14/Dec/2025:00:08:10 +0000] "GET /index.php?rest_route=/wp/v2/posts/24039 HTTP/1.1" 200 5012 "-" "Mozilla/5.0 AppleWebKit/537.36 (KHTML, like Gecko; compatible; GPTBot/1.3; +https://openai.com/gptbot)"
74.7.227.179 - - [14/Dec/2025:00:08:13 +0000] "GET /index.php?rest_route=%2Foembed%2F1.0%2Fembed&url=https%3A%2F%2Fdatainsightnow.com%2F%3Fp%3D24039 HTTP/1.1" 200 1294 "-" "Mozilla/5.0 AppleWebKit/537.36 (KHTML, like Gecko; compatible; GPTBot/1.3; +https://openai.com/gptbot)"
57.141.0.50 - - [14/Dec/2025:00:08:16 +0000] "GET /entity/220294265.htm/ HTTP/1.1" 200 262215 "-" "meta-externalagent/1.1 (+https://developers.facebook.com/docs/sharing/webmasters/crawler)"
74.7.227.179 - - [14/Dec/2025:00:08:17 +0000] "GET /?p=11770 HTTP/1.1" 200 42021 "-" "Mozilla/5.0 AppleWebKit/537.36 (KHTML, like Gecko; compatible; GPTBot/1.3; +https://openai.com/gptbot)"
66.249.77.100 - - [14/Dec/2025:00:08:17 +0000] "GET /?fileloc=//sys/class/wakeup/wakeup0/subsystem/wakeup26/subsystem/wakeup2/subsystem/wakeup20/subsystem/wakeup35/subsystem/wakeup14/subsystem/wakeup14/subsystem/wakeup6/subsystem/wakeup28/subsystem/wakeup9/subsystem/wakeup24/subsystem/wakeup13/subsystem/wakeup13/expire_count&path=//sys/class/wakeup/wakeup0/subsystem/wakeup26/subsystem/wakeup2/subsystem/wakeup20/subsystem/wakeup35/subsystem/wakeup14/subsystem/wakeup14/subsystem/wakeup6/subsystem/wakeup28/subsystem/wakeup9/subsystem/wakeup24/subsystem/wakeup13/subsystem/wakeup13 HTTP/1.1" 200 45439 "-" "Mozilla/5.0 (Linux; Android 6.0.1; Nexus 5X Build/MMB29P) AppleWebKit/537.36 (KHTML, like Gecko) Chrome/141.0.7390.122 Mobile Safari/537.36 (compatible; Googlebot/2.1; +http://www.google.com/bot.html)"
57.141.0.57 - - [14/Dec/2025:00:08:17 +0000] "GET /2025/03/07/page/6/?path=//sys/class/pci_bus/0000:05/subsystem/0000:11/subsystem/0000:13/subsystem/0000:08/subsystem/0000:06/device/0000:00:02.4:pcie001/power HTTP/1.1" 200 262264 "-" "meta-externalagent/1.1 (+https://developers.facebook.com/docs/sharing/webmasters/crawler)"
57.141.0.56 - - [14/Dec/2025:00:08:18 +0000] "GET /2025/03/07/page/6/?path=//sys/class/pci_bus/0000:05/subsystem/0000:01/device/driver/0000:00:03.5/subsystem/devices/0000:09:00.0/firmware_node HTTP/1.1" 200 262209 "-" "meta-externalagent/1.1 (+https://developers.facebook.com/docs/sharing/webmasters/crawler)"
74.7.227.179 - - [14/Dec/2025:00:08:20 +0000] "GET /index.php?rest_route=/wp/v2/posts/11770 HTTP/1.1" 200 4704 "-" "Mozilla/5.0 AppleWebKit/537.36 (KHTML, like Gecko; compatible; GPTBot/1.3; +https://openai.com/gptbot)"
85.208.96.199 - - [14/Dec/2025:00:08:20 +0000] "GET /?p=18236 HTTP/1.1" 200 42427 "-" "Mozilla/5.0 (compatible; SemrushBot/7~bl; +http://www.semrush.com/bot.html)"
74.7.227.179 - - [14/Dec/2025:00:08:23 +0000] "GET /index.php?rest_route=%2Foembed%2F1.0%2Fembed&url=https%3A%2F%2Fdatainsightnow.com%2F%3Fp%3D11770 HTTP/1.1" 200 1278 "-" "Mozilla/5.0 AppleWebKit/537.36 (KHTML, like Gecko; compatible; GPTBot/1.3; +https://openai.com/gptbot)"
57.141.0.6 - - [14/Dec/2025:00:08:25 +0000] "GET /karamba-spielsaal-erfahrungen-angeschlossen-testbericht-werfen-sie-einen-blick-auf-den-link-within-2025-pro-teutonia/?path=//sys/class/pci_bus/0000:06/subsystem/0000:01/subsystem/0000:0f/subsystem/0000:0e/device/driver/0000:00:03.1/driver/0000:00:03.1/subsystem HTTP/1.1" 200 262209 "-" "meta-externalagent/1.1 (+https://developers.facebook.com/docs/sharing/webmasters/crawler)"
74.7.227.179 - - [14/Dec/2025:00:08:26 +0000] "GET /index.php?format=xml&rest_route=%2Foembed%2F1.0%2Fembed&url=https%3A%2F%2Fdatainsightnow.com%2F%3Fp%3D11770 HTTP/1.1" 200 1303 "-" "Mozilla/5.0 AppleWebKit/537.36 (KHTML, like Gecko; compatible; GPTBot/1.3; +https://openai.com/gptbot)"
74.7.227.179 - - [14/Dec/2025:00:08:29 +0000] "GET /?p=47737 HTTP/1.1" 200 41813 "-" "Mozilla/5.0 AppleWebKit/537.36 (KHTML, like Gecko; compatible; GPTBot/1.3; +https://openai.com/gptbot)"
57.141.0.5 - - [14/Dec/2025:00:08:30 +0000] "GET /2025/03/13/?fileloc=//sys/class/pci_bus/0000:0b/subsystem/0000:0a/subsystem/0000:05/subsystem/0000:00/device/0000:00:02.5/vendor&path=//sys/class/pci_bus/0000:0b/subsystem/0000:0a/subsystem/0000:05/subsystem/0000:00/device/0000:00:02.5 HTTP/1.1" 200 262248 "-" "meta-externalagent/1.1 (+https://developers.facebook.com/docs/sharing/webmasters/crawler)"
85.208.96.208 - - [14/Dec/2025:00:08:30 +0000] "GET /?p=11898 HTTP/1.1" 200 41710 "-" "Mozilla/5.0 (compatible; SemrushBot/7~bl; +http://www.semrush.com/bot.html)"
57.141.0.52 - - [14/Dec/2025:00:08:31 +0000] "GET /2025/03/06/page/39/?path=//sys/class/pci_bus/0000:03/subsystem/0000:09/subsystem/0000:0c/device/driver/0000:00:03.1/driver/0000:00:04.1/0000:00:04.1:pcie010 HTTP/1.1" 200 262264 "-" "meta-externalagent/1.1 (+https://developers.facebook.com/docs/sharing/webmasters/crawler)"
74.7.227.179 - - [14/Dec/2025:00:08:32 +0000] "GET /index.php?rest_route=/wp/v2/posts/47737 HTTP/1.1" 200 4585 "-" "Mozilla/5.0 AppleWebKit/537.36 (KHTML, like Gecko; compatible; GPTBot/1.3; +https://openai.com/gptbot)"
57.141.0.11 - - [14/Dec/2025:00:08:33 +0000] "GET /karamba-spielsaal-erfahrungen-angeschlossen-testbericht-werfen-sie-einen-blick-auf-den-link-within-2025-pro-teutonia/?fileloc=//sys/class/pci_bus/0000:0b/subsystem/0000:0b/subsystem/0000:08/subsystem/0000:07/device/0000:07:00.0/rescan&path=//sys/class/pci_bus/0000:0b/subsystem/0000:0b/subsystem/0000:08/subsystem/0000:07/device/0000:07:00.0 HTTP/1.1" 200 262264 "-" "meta-externalagent/1.1 (+https://developers.facebook.com/docs/sharing/webmasters/crawler)"
57.141.0.17 - - [14/Dec/2025:00:08:34 +0000] "GET /karamba-spielsaal-erfahrungen-angeschlossen-testbericht-werfen-sie-einen-blick-auf-den-link-within-2025-pro-teutonia/?path=//sys/class/pci_bus/0000:02/subsystem/0000:0c/subsystem/0000:0f/subsystem/0000:02/device/driver/0000:00:03.7 HTTP/1.1" 200 262209 "-" "meta-externalagent/1.1 (+https://developers.facebook.com/docs/sharing/webmasters/crawler)"
74.7.227.179 - - [14/Dec/2025:00:08:35 +0000] "GET /index.php?format=xml&rest_route=%2Foembed%2F1.0%2Fembed&url=https%3A%2F%2Fdatainsightnow.com%2F%3Fp%3D47737 HTTP/1.1" 200 1343 "-" "Mozilla/5.0 AppleWebKit/537.36 (KHTML, like Gecko; compatible; GPTBot/1.3; +https://openai.com/gptbot)"
57.141.0.74 - - [14/Dec/2025:00:08:37 +0000] "GET /karamba-spielsaal-erfahrungen-angeschlossen-testbericht-werfen-sie-einen-blick-auf-den-link-within-2025-pro-teutonia/?path=//sys/class/pci_bus/0000:10/subsystem/0000:04/subsystem/0000:0c/device/subsystem HTTP/1.1" 200 262248 "-" "meta-externalagent/1.1 (+https://developers.facebook.com/docs/sharing/webmasters/crawler)"
74.7.227.179 - - [14/Dec/2025:00:08:38 +0000] "GET /index.php?rest_route=%2Foembed%2F1.0%2Fembed&url=https%3A%2F%2Fdatainsightnow.com%2F%3Fp%3D47737 HTTP/1.1" 200 1314 "-" "Mozilla/5.0 AppleWebKit/537.36 (KHTML, like Gecko; compatible; GPTBot/1.3; +https://openai.com/gptbot)"
74.7.227.179 - - [14/Dec/2025:00:08:42 +0000] "GET /?p=10647 HTTP/1.1" 200 41697 "-" "Mozilla/5.0 AppleWebKit/537.36 (KHTML, like Gecko; compatible; GPTBot/1.3; +https://openai.com/gptbot)"
74.7.227.179 - - [14/Dec/2025:00:08:45 +0000] "GET /index.php?rest_route=/wp/v2/posts/10647 HTTP/1.1" 200 4518 "-" "Mozilla/5.0 AppleWebKit/537.36 (KHTML, like Gecko; compatible; GPTBot/1.3; +https://openai.com/gptbot)"
57.141.0.6 - - [14/Dec/2025:00:08:46 +0000] "GET /karamba-spielsaal-erfahrungen-angeschlossen-testbericht-werfen-sie-einen-blick-auf-den-link-within-2025-pro-teutonia/?fileloc=//sys/class/pci_bus/0000:06/subsystem/0000:0c/subsystem/0000:12/subsystem/0000:03/subsystem/0000:11/subsystem/0000:00/device/0000:00:04.1/current_link_width&path=//sys/class/pci_bus/0000:06/subsystem/0000:0c/subsystem/0000:12/subsystem/0000:03/subsystem/0000:11/subsystem/0000:00/device/0000:00:04.1 HTTP/1.1" 200 262264 "-" "meta-externalagent/1.1 (+https://developers.facebook.com/docs/sharing/webmasters/crawler)"
57.141.0.40 - - [14/Dec/2025:00:08:47 +0000] "GET /2025/03/06/page/39/?fileloc=//sys/class/pci_bus/0000:0b/device/driver/0000:00:02.7/driver/0000:00:03.7/driver/0000:00:02.7/driver/remove_id&path=//sys/class/pci_bus/0000:0b/device/driver/0000:00:02.7/driver/0000:00:03.7/driver/0000:00:02.7/driver HTTP/1.1" 200 262209 "-" "meta-externalagent/1.1 (+https://developers.facebook.com/docs/sharing/webmasters/crawler)"
74.7.227.179 - - [14/Dec/2025:00:08:48 +0000] "GET /index.php?format=xml&rest_route=%2Foembed%2F1.0%2Fembed&url=https%3A%2F%2Fdatainsightnow.com%2F%3Fp%3D10647 HTTP/1.1" 200 1290 "-" "Mozilla/5.0 AppleWebKit/537.36 (KHTML, like Gecko; compatible; GPTBot/1.3; +https://openai.com/gptbot)"
85.208.96.209 - - [14/Dec/2025:00:08:48 +0000] "GET /?p=33385 HTTP/1.1" 200 43212 "-" "Mozilla/5.0 (compatible; SemrushBot/7~bl; +http://www.semrush.com/bot.html)"
66.135.21.75 - - [14/Dec/2025:00:08:50 +0000] "POST /wp-cron.php?doing_wp_cron=1765670930.4194750785827636718750 HTTP/1.1" 200 31 "-" "WordPress/6.3.1; https://datainsightnow.com"
57.141.0.53 - - [14/Dec/2025:00:08:50 +0000] "GET /karamba-spielsaal-erfahrungen-angeschlossen-testbericht-werfen-sie-einen-blick-auf-den-link-within-2025-pro-teutonia/?path=//sys/class/pci_bus/0000:0b/subsystem/0000:05/subsystem/0000:10/subsystem/0000:0d/subsystem/0000:09/device/0000:00:02.7:pcie002/driver/0000:00:02.1:pcie002 HTTP/1.1" 200 262264 "-" "meta-externalagent/1.1 (+https://developers.facebook.com/docs/sharing/webmasters/crawler)"
74.7.227.179 - - [14/Dec/2025:00:08:51 +0000] "GET /index.php?rest_route=%2Foembed%2F1.0%2Fembed&url=https%3A%2F%2Fdatainsightnow.com%2F%3Fp%3D10647 HTTP/1.1" 200 1263 "-" "Mozilla/5.0 AppleWebKit/537.36 (KHTML, like Gecko; compatible; GPTBot/1.3; +https://openai.com/gptbot)"
57.141.0.50 - - [14/Dec/2025:00:08:52 +0000] "GET /2025/03/07/page/6/?fileloc=//sys/class/pci_bus/0000:06/subsystem/0000:0d/subsystem/0000:00/device/0000:00:04.0/driver/0000:00:03.7/irq&path=//sys/class/pci_bus/0000:06/subsystem/0000:0d/subsystem/0000:00/device/0000:00:04.0/driver/0000:00:03.7 HTTP/1.1" 200 262216 "-" "meta-externalagent/1.1 (+https://developers.facebook.com/docs/sharing/webmasters/crawler)"
57.141.0.21 - - [14/Dec/2025:00:08:52 +0000] "GET /karamba-spielsaal-erfahrungen-angeschlossen-testbericht-werfen-sie-einen-blick-auf-den-link-within-2025-pro-teutonia/?fileloc=//sys/class/pci_bus/0000:06/subsystem/0000:00/subsystem/0000:0b/device/driver/0000:00:02.0/driver/remove_id&path=//sys/class/pci_bus/0000:06/subsystem/0000:00/subsystem/0000:0b/device/driver/0000:00:02.0/driver HTTP/1.1" 200 262216 "-" "meta-externalagent/1.1 (+https://developers.facebook.com/docs/sharing/webmasters/crawler)"
57.141.0.22 - - [14/Dec/2025:00:08:53 +0000] "GET /karamba-spielsaal-erfahrungen-angeschlossen-testbericht-werfen-sie-einen-blick-auf-den-link-within-2025-pro-teutonia/?fileloc=//sys/class/pci_bus/0000:0e/subsystem/0000:0e/subsystem/0000:0b/device/driver/0000:00:02.4/0000:06:00.0/current_link_width&path=//sys/class/pci_bus/0000:0e/subsystem/0000:0e/subsystem/0000:0b/device/driver/0000:00:02.4/0000:06:00.0 HTTP/1.1" 200 262264 "-" "meta-externalagent/1.1 (+https://developers.facebook.com/docs/sharing/webmasters/crawler)"
74.7.227.179 - - [14/Dec/2025:00:08:54 +0000] "GET /?p=20369 HTTP/1.1" 200 43376 "-" "Mozilla/5.0 AppleWebKit/537.36 (KHTML, like Gecko; compatible; GPTBot/1.3; +https://openai.com/gptbot)"
57.141.0.73 - - [14/Dec/2025:00:08:55 +0000] "GET /karamba-spielsaal-erfahrungen-angeschlossen-testbericht-werfen-sie-einen-blick-auf-den-link-within-2025-pro-teutonia/?fileloc=//sys/class/pci_bus/0000:06/subsystem/0000:13/device/driver/0000:00:02.3/pci_bus/0000:05/device/aer_rootport_total_err_cor&path=//sys/class/pci_bus/0000:06/subsystem/0000:13/device/driver/0000:00:02.3/pci_bus/0000:05/device HTTP/1.1" 200 262264 "-" "meta-externalagent/1.1 (+https://developers.facebook.com/docs/sharing/webmasters/crawler)"
66.249.77.99 - - [14/Dec/2025:00:08:56 +0000] "GET /?fileloc=//sys/class/sound/card0/device/subsystem/devices/0000:00:02.2/driver/0000:00:03.4/driver/0000:00:02.6/driver/0000:00:03.0/subsystem/devices/0000:00:02.1/driver/0000:00:02.7/firmware_node/subsystem/devices/device:14/subsystem/devices/device:25/sun&path=//sys/class/sound/card0/device/subsystem/devices/0000:00:02.2/driver/0000:00:03.4/driver/0000:00:02.6/driver/0000:00:03.0/subsystem/devices/0000:00:02.1/driver/0000:00:02.7/firmware_node/subsystem/devices/device:14/subsystem/devices/device:25 HTTP/1.1" 200 45439 "-" "Mozilla/5.0 (Linux; Android 6.0.1; Nexus 5X Build/MMB29P) AppleWebKit/537.36 (KHTML, like Gecko) Chrome/141.0.7390.122 Mobile Safari/537.36 (compatible; Googlebot/2.1; +http://www.google.com/bot.html)"
66.249.77.99 - - [14/Dec/2025:00:08:56 +0000] "GET /?fileloc=//sys/class/sound/card0/device/subsystem/devices/0000:00:02.2/subsystem/devices/0000:00:03.4/driver/0000:00:04.0/driver/0000:00:02.0/driver/0000:00:03.0/subsystem/devices/0000:00:03.3/driver/0000:00:02.3/firmware_node/physical_node/driver/0000:00:03.4/subsystem/devices/0000:00:03.0/driver/0000:00:02.2/driver/0000:00:02.0/numa_node&path=//sys/class/sound/card0/device/subsystem/devices/0000:00:02.2/subsystem/devices/0000:00:03.4/driver/0000:00:04.0/driver/0000:00:02.0/driver/0000:00:03.0/subsystem/devices/0000:00:03.3/driver/0000:00:02.3/firmware_node/physical_node/driver/0000:00:03.4/subsystem/devices/0000:00:03.0/driver/0000:00:02.2/driver/0000:00:02.0 HTTP/1.1" 200 45439 "-" "Mozilla/5.0 (Linux; Android 6.0.1; Nexus 5X Build/MMB29P) AppleWebKit/537.36 (KHTML, like Gecko) Chrome/141.0.7390.122 Mobile Safari/537.36 (compatible; Googlebot/2.1; +http://www.google.com/bot.html)"
