216.73.216.115 - - [14/Dec/2025:02:01:53 +0000] "GET /entity/226800867.htm HTTP/1.1" 301 5 "-" "Mozilla/5.0 AppleWebKit/537.36 (KHTML, like Gecko; compatible; ClaudeBot/1.0; +claudebot@anthropic.com)"
74.7.241.45 - - [14/Dec/2025:02:01:54 +0000] "GET /index.php?format=xml&rest_route=%2Foembed%2F1.0%2Fembed&url=https%3A%2F%2Fdatainsightnow.com%2F%3Fp%3D40745 HTTP/1.1" 200 1347 "-" "Mozilla/5.0 AppleWebKit/537.36 (KHTML, like Gecko; compatible; GPTBot/1.3; +https://openai.com/gptbot)"
216.73.216.115 - - [14/Dec/2025:02:01:54 +0000] "GET /entity/226800867.htm/ HTTP/1.1" 200 45438 "https://datainsightnow.com/entity/226800867.htm" "Mozilla/5.0 AppleWebKit/537.36 (KHTML, like Gecko; compatible; ClaudeBot/1.0; +claudebot@anthropic.com)"
57.141.0.26 - - [14/Dec/2025:02:01:55 +0000] "GET /2025/03/07/page/6/?fileloc=//sys/class/pci_bus/0000:0b/subsystem/0000:0b/subsystem/0000:0b/subsystem/0000:0b/device/driver/0000:00:03.6/aer_rootport_total_err_fatal&path=//sys/class/pci_bus/0000:0b/subsystem/0000:0b/subsystem/0000:0b/subsystem/0000:0b/device/driver/0000:00:03.6 HTTP/1.1" 200 262209 "-" "meta-externalagent/1.1 (+https://developers.facebook.com/docs/sharing/webmasters/crawler)"
216.73.216.115 - - [14/Dec/2025:02:01:56 +0000] "GET /entity/226715130.htm HTTP/1.1" 301 5 "-" "Mozilla/5.0 AppleWebKit/537.36 (KHTML, like Gecko; compatible; ClaudeBot/1.0; +claudebot@anthropic.com)"
216.73.216.115 - - [14/Dec/2025:02:01:57 +0000] "GET /entity/226715130.htm/ HTTP/1.1" 200 45438 "https://datainsightnow.com/entity/226715130.htm" "Mozilla/5.0 AppleWebKit/537.36 (KHTML, like Gecko; compatible; ClaudeBot/1.0; +claudebot@anthropic.com)"
74.7.241.45 - - [14/Dec/2025:02:01:57 +0000] "GET /index.php?rest_route=%2Foembed%2F1.0%2Fembed&url=https%3A%2F%2Fdatainsightnow.com%2F%3Fp%3D40745 HTTP/1.1" 200 1322 "-" "Mozilla/5.0 AppleWebKit/537.36 (KHTML, like Gecko; compatible; GPTBot/1.3; +https://openai.com/gptbot)"
216.73.216.115 - - [14/Dec/2025:02:01:59 +0000] "GET /entity/226619818.htm HTTP/1.1" 301 5 "-" "Mozilla/5.0 AppleWebKit/537.36 (KHTML, like Gecko; compatible; ClaudeBot/1.0; +claudebot@anthropic.com)"
216.73.216.115 - - [14/Dec/2025:02:02:00 +0000] "GET /entity/226619818.htm/ HTTP/1.1" 200 45438 "https://datainsightnow.com/entity/226619818.htm" "Mozilla/5.0 AppleWebKit/537.36 (KHTML, like Gecko; compatible; ClaudeBot/1.0; +claudebot@anthropic.com)"
74.7.241.45 - - [14/Dec/2025:02:02:00 +0000] "GET /index.php?rest_route=/wp/v2/posts/40745 HTTP/1.1" 200 5437 "-" "Mozilla/5.0 AppleWebKit/537.36 (KHTML, like Gecko; compatible; GPTBot/1.3; +https://openai.com/gptbot)"
216.73.216.115 - - [14/Dec/2025:02:02:03 +0000] "GET /entity/226665402.htm HTTP/1.1" 301 5 "-" "Mozilla/5.0 AppleWebKit/537.36 (KHTML, like Gecko; compatible; ClaudeBot/1.0; +claudebot@anthropic.com)"
216.73.216.115 - - [14/Dec/2025:02:02:04 +0000] "GET /entity/226665402.htm/ HTTP/1.1" 200 45438 "https://datainsightnow.com/entity/226665402.htm" "Mozilla/5.0 AppleWebKit/537.36 (KHTML, like Gecko; compatible; ClaudeBot/1.0; +claudebot@anthropic.com)"
74.7.241.45 - - [14/Dec/2025:02:02:04 +0000] "GET /?p=18018 HTTP/1.1" 200 45814 "-" "Mozilla/5.0 AppleWebKit/537.36 (KHTML, like Gecko; compatible; GPTBot/1.3; +https://openai.com/gptbot)"
57.141.0.34 - - [14/Dec/2025:02:02:05 +0000] "GET /karamba-spielsaal-erfahrungen-angeschlossen-testbericht-werfen-sie-einen-blick-auf-den-link-within-2025-pro-teutonia/?fileloc=//sys/class/pci_bus/0000:0f/subsystem/0000:02/subsystem/0000:10/subsystem/0000:04/subsystem/0000:01/rescan&path=//sys/class/pci_bus/0000:0f/subsystem/0000:02/subsystem/0000:10/subsystem/0000:04/subsystem/0000:01 HTTP/1.1" 200 262264 "-" "meta-externalagent/1.1 (+https://developers.facebook.com/docs/sharing/webmasters/crawler)"
216.73.216.115 - - [14/Dec/2025:02:02:06 +0000] "GET /entity/226664629.htm HTTP/1.1" 301 5 "-" "Mozilla/5.0 AppleWebKit/537.36 (KHTML, like Gecko; compatible; ClaudeBot/1.0; +claudebot@anthropic.com)"
57.141.0.49 - - [14/Dec/2025:02:02:06 +0000] "GET /2025/03/06/page/39/?path=//sys/class/pci_bus/0000:09/subsystem/0000:0d/subsystem/0000:09/device/driver/0000:00:02.1/0000:00:02.1:pcie002 HTTP/1.1" 200 262264 "-" "meta-externalagent/1.1 (+https://developers.facebook.com/docs/sharing/webmasters/crawler)"
216.73.216.115 - - [14/Dec/2025:02:02:07 +0000] "GET /entity/226664629.htm/ HTTP/1.1" 200 45438 "https://datainsightnow.com/entity/226664629.htm" "Mozilla/5.0 AppleWebKit/537.36 (KHTML, like Gecko; compatible; ClaudeBot/1.0; +claudebot@anthropic.com)"
74.7.241.45 - - [14/Dec/2025:02:02:07 +0000] "GET /?p=18106 HTTP/1.1" 200 44342 "-" "Mozilla/5.0 AppleWebKit/537.36 (KHTML, like Gecko; compatible; GPTBot/1.3; +https://openai.com/gptbot)"
216.73.216.115 - - [14/Dec/2025:02:02:09 +0000] "GET /entity/226799831.htm HTTP/1.1" 301 5 "-" "Mozilla/5.0 AppleWebKit/537.36 (KHTML, like Gecko; compatible; ClaudeBot/1.0; +claudebot@anthropic.com)"
57.141.0.6 - - [14/Dec/2025:02:02:09 +0000] "GET /karamba-spielsaal-erfahrungen-angeschlossen-testbericht-werfen-sie-einen-blick-auf-den-link-within-2025-pro-teutonia/?fileloc=//sys/class/pci_bus/0000:06/subsystem/0000:0d/subsystem/0000:00/subsystem/0000:0e/subsystem/0000:05/device/aer_rootport_total_err_cor&path=//sys/class/pci_bus/0000:06/subsystem/0000:0d/subsystem/0000:00/subsystem/0000:0e/subsystem/0000:05/device HTTP/1.1" 200 262264 "-" "meta-externalagent/1.1 (+https://developers.facebook.com/docs/sharing/webmasters/crawler)"
216.73.216.115 - - [14/Dec/2025:02:02:09 +0000] "GET /entity/226799831.htm/ HTTP/1.1" 200 45438 "https://datainsightnow.com/entity/226799831.htm" "Mozilla/5.0 AppleWebKit/537.36 (KHTML, like Gecko; compatible; ClaudeBot/1.0; +claudebot@anthropic.com)"
74.7.241.45 - - [14/Dec/2025:02:02:10 +0000] "GET /?p=20485 HTTP/1.1" 200 42240 "-" "Mozilla/5.0 AppleWebKit/537.36 (KHTML, like Gecko; compatible; GPTBot/1.3; +https://openai.com/gptbot)"
66.249.77.98 - - [14/Dec/2025:02:02:12 +0000] "GET /entity/100764215.htm HTTP/1.1" 200 30086 "-" "Mozilla/5.0 (Linux; Android 6.0.1; Nexus 5X Build/MMB29P) AppleWebKit/537.36 (KHTML, like Gecko) Chrome/141.0.7390.122 Mobile Safari/537.36 (compatible; Googlebot/2.1; +http://www.google.com/bot.html)"
216.73.216.115 - - [14/Dec/2025:02:02:12 +0000] "GET /entity/226638468.htm HTTP/1.1" 301 5 "-" "Mozilla/5.0 AppleWebKit/537.36 (KHTML, like Gecko; compatible; ClaudeBot/1.0; +claudebot@anthropic.com)"
216.73.216.115 - - [14/Dec/2025:02:02:12 +0000] "GET /entity/226638468.htm/ HTTP/1.1" 200 45438 "https://datainsightnow.com/entity/226638468.htm" "Mozilla/5.0 AppleWebKit/537.36 (KHTML, like Gecko; compatible; ClaudeBot/1.0; +claudebot@anthropic.com)"
74.7.241.45 - - [14/Dec/2025:02:02:13 +0000] "GET /index.php?rest_route=%2Foembed%2F1.0%2Fembed&url=https%3A%2F%2Fdatainsightnow.com%2F%3Fp%3D20485 HTTP/1.1" 200 1256 "-" "Mozilla/5.0 AppleWebKit/537.36 (KHTML, like Gecko; compatible; GPTBot/1.3; +https://openai.com/gptbot)"
216.73.216.115 - - [14/Dec/2025:02:02:15 +0000] "GET /entity/226740508.htm HTTP/1.1" 301 5 "-" "Mozilla/5.0 AppleWebKit/537.36 (KHTML, like Gecko; compatible; ClaudeBot/1.0; +claudebot@anthropic.com)"
216.73.216.115 - - [14/Dec/2025:02:02:15 +0000] "GET /entity/226740508.htm/ HTTP/1.1" 200 45438 "https://datainsightnow.com/entity/226740508.htm" "Mozilla/5.0 AppleWebKit/537.36 (KHTML, like Gecko; compatible; ClaudeBot/1.0; +claudebot@anthropic.com)"
74.7.241.45 - - [14/Dec/2025:02:02:16 +0000] "GET /index.php?format=xml&rest_route=%2Foembed%2F1.0%2Fembed&url=https%3A%2F%2Fdatainsightnow.com%2F%3Fp%3D20485 HTTP/1.1" 200 1284 "-" "Mozilla/5.0 AppleWebKit/537.36 (KHTML, like Gecko; compatible; GPTBot/1.3; +https://openai.com/gptbot)"
57.141.0.38 - - [14/Dec/2025:02:02:17 +0000] "GET /karamba-spielsaal-erfahrungen-angeschlossen-testbericht-werfen-sie-einen-blick-auf-den-link-within-2025-pro-teutonia/?path=//sys/class/pci_bus/0000:08/device/pci_bus/0000:08/device/0000:00:02.6:pcie002/driver/0000:00:03.7:pcie002/subsystem/devices/0000:00:02.0:pcie002/subsystem/devices HTTP/1.1" 200 262248 "-" "meta-externalagent/1.1 (+https://developers.facebook.com/docs/sharing/webmasters/crawler)"
57.141.0.49 - - [14/Dec/2025:02:02:18 +0000] "GET /2025/03/06/page/39/?path=//sys/class/pci_bus/0000:0c/device/driver/0000:00:03.7/firmware_node/physical_node/subsystem/devices/0000:02:00.0 HTTP/1.1" 200 262215 "-" "meta-externalagent/1.1 (+https://developers.facebook.com/docs/sharing/webmasters/crawler)"
216.73.216.115 - - [14/Dec/2025:02:02:18 +0000] "GET /entity/226844108.htm HTTP/1.1" 301 5 "-" "Mozilla/5.0 AppleWebKit/537.36 (KHTML, like Gecko; compatible; ClaudeBot/1.0; +claudebot@anthropic.com)"
66.249.77.98 - - [14/Dec/2025:02:02:18 +0000] "GET /?fileloc=//sys/class/sound/card0/device/subsystem/devices/0000:00:02.2/driver/0000:00:03.4/driver/0000:00:03.3/driver/0000:00:02.5/firmware_node/physical_node/driver/0000:00:03.2/driver/0000:00:02.1/0000:02:00.0/firmware_node/physical_node/subsystem/devices/0000:00:02.3/driver/0000:00:02.5/power_state&path=//sys/class/sound/card0/device/subsystem/devices/0000:00:02.2/driver/0000:00:03.4/driver/0000:00:03.3/driver/0000:00:02.5/firmware_node/physical_node/driver/0000:00:03.2/driver/0000:00:02.1/0000:02:00.0/firmware_node/physical_node/subsystem/devices/0000:00:02.3/driver/0000:00:02.5 HTTP/1.1" 200 45439 "-" "Mozilla/5.0 (Linux; Android 6.0.1; Nexus 5X Build/MMB29P) AppleWebKit/537.36 (KHTML, like Gecko) Chrome/141.0.7390.122 Mobile Safari/537.36 (compatible; Googlebot/2.1; +http://www.google.com/bot.html)"
216.73.216.115 - - [14/Dec/2025:02:02:18 +0000] "GET /entity/226844108.htm/ HTTP/1.1" 200 45438 "https://datainsightnow.com/entity/226844108.htm" "Mozilla/5.0 AppleWebKit/537.36 (KHTML, like Gecko; compatible; ClaudeBot/1.0; +claudebot@anthropic.com)"
57.141.0.73 - - [14/Dec/2025:02:02:19 +0000] "GET /2025/03/07/page/6/?path=//sys/class/pci_bus/0000:0b/subsystem/0000:12/subsystem/0000:02/device/0000:00:02.1:pcie010/subsystem/drivers/aer/0000:00:03.0:pcie002 HTTP/1.1" 200 262264 "-" "meta-externalagent/1.1 (+https://developers.facebook.com/docs/sharing/webmasters/crawler)"
74.7.241.45 - - [14/Dec/2025:02:02:19 +0000] "GET /index.php?rest_route=/wp/v2/posts/20485 HTTP/1.1" 200 4837 "-" "Mozilla/5.0 AppleWebKit/537.36 (KHTML, like Gecko; compatible; GPTBot/1.3; +https://openai.com/gptbot)"
216.73.216.115 - - [14/Dec/2025:02:02:21 +0000] "GET /entity/226631216.htm HTTP/1.1" 301 5 "-" "Mozilla/5.0 AppleWebKit/537.36 (KHTML, like Gecko; compatible; ClaudeBot/1.0; +claudebot@anthropic.com)"
216.73.216.115 - - [14/Dec/2025:02:02:21 +0000] "GET /entity/226631216.htm/ HTTP/1.1" 200 45438 "https://datainsightnow.com/entity/226631216.htm" "Mozilla/5.0 AppleWebKit/537.36 (KHTML, like Gecko; compatible; ClaudeBot/1.0; +claudebot@anthropic.com)"
57.141.0.4 - - [14/Dec/2025:02:02:22 +0000] "GET /karamba-spielsaal-erfahrungen-angeschlossen-testbericht-werfen-sie-einen-blick-auf-den-link-within-2025-pro-teutonia/?fileloc=//sys/class/pci_bus/0000:06/subsystem/0000:0c/subsystem/0000:0e/subsystem/0000:0c/device/pci_bus/0000:0c/power/autosuspend_delay_ms&path=//sys/class/pci_bus/0000:06/subsystem/0000:0c/subsystem/0000:0e/subsystem/0000:0c/device/pci_bus/0000:0c/power HTTP/1.1" 200 262209 "-" "meta-externalagent/1.1 (+https://developers.facebook.com/docs/sharing/webmasters/crawler)"
57.141.0.54 - - [14/Dec/2025:02:02:22 +0000] "GET /2025/03/07/page/6/?path=//sys/class/pci_bus/0000:10/subsystem/0000:0f/subsystem/0000:06/subsystem/0000:04/subsystem/0000:06 HTTP/1.1" 200 262209 "-" "meta-externalagent/1.1 (+https://developers.facebook.com/docs/sharing/webmasters/crawler)"
74.7.241.45 - - [14/Dec/2025:02:02:23 +0000] "GET /?p=11460 HTTP/1.1" 200 43500 "-" "Mozilla/5.0 AppleWebKit/537.36 (KHTML, like Gecko; compatible; GPTBot/1.3; +https://openai.com/gptbot)"
57.141.0.56 - - [14/Dec/2025:02:02:23 +0000] "GET /karamba-spielsaal-erfahrungen-angeschlossen-testbericht-werfen-sie-einen-blick-auf-den-link-within-2025-pro-teutonia/?fileloc=//sys/class/pci_bus/0000:04/subsystem/0000:0d/subsystem/0000:0c/subsystem/0000:0a/power/runtime_suspended_time&path=//sys/class/pci_bus/0000:04/subsystem/0000:0d/subsystem/0000:0c/subsystem/0000:0a/power HTTP/1.1" 200 262209 "-" "meta-externalagent/1.1 (+https://developers.facebook.com/docs/sharing/webmasters/crawler)"
216.73.216.115 - - [14/Dec/2025:02:02:24 +0000] "GET /entity/226697518.htm HTTP/1.1" 301 5 "-" "Mozilla/5.0 AppleWebKit/537.36 (KHTML, like Gecko; compatible; ClaudeBot/1.0; +claudebot@anthropic.com)"
216.73.216.115 - - [14/Dec/2025:02:02:24 +0000] "GET /entity/226697518.htm/ HTTP/1.1" 200 45438 "https://datainsightnow.com/entity/226697518.htm" "Mozilla/5.0 AppleWebKit/537.36 (KHTML, like Gecko; compatible; ClaudeBot/1.0; +claudebot@anthropic.com)"
74.7.241.45 - - [14/Dec/2025:02:02:25 +0000] "GET /index.php?format=xml&rest_route=%2Foembed%2F1.0%2Fembed&url=https%3A%2F%2Fdatainsightnow.com%2F%3Fp%3D11460 HTTP/1.1" 200 1339 "-" "Mozilla/5.0 AppleWebKit/537.36 (KHTML, like Gecko; compatible; GPTBot/1.3; +https://openai.com/gptbot)"
216.73.216.115 - - [14/Dec/2025:02:02:27 +0000] "GET /entity/226660222.htm HTTP/1.1" 301 5 "-" "Mozilla/5.0 AppleWebKit/537.36 (KHTML, like Gecko; compatible; ClaudeBot/1.0; +claudebot@anthropic.com)"
216.73.216.115 - - [14/Dec/2025:02:02:27 +0000] "GET /entity/226660222.htm/ HTTP/1.1" 200 45438 "https://datainsightnow.com/entity/226660222.htm" "Mozilla/5.0 AppleWebKit/537.36 (KHTML, like Gecko; compatible; ClaudeBot/1.0; +claudebot@anthropic.com)"
74.7.241.45 - - [14/Dec/2025:02:02:29 +0000] "GET /index.php?rest_route=%2Foembed%2F1.0%2Fembed&url=https%3A%2F%2Fdatainsightnow.com%2F%3Fp%3D11460 HTTP/1.1" 200 1312 "-" "Mozilla/5.0 AppleWebKit/537.36 (KHTML, like Gecko; compatible; GPTBot/1.3; +https://openai.com/gptbot)"
57.141.0.55 - - [14/Dec/2025:02:02:29 +0000] "GET /nacin-kako-uporabljate-globe-wagering-najboljsa-knjiga/?fileloc=//sys/class/pci_bus/0000:01/subsystem/0000:05/subsystem/0000:04/subsystem/0000:01/device/0000:01:00.0/resource1&path=//sys/class/pci_bus/0000:01/subsystem/0000:05/subsystem/0000:04/subsystem/0000:01/device/0000:01:00.0 HTTP/1.1" 200 262248 "-" "meta-externalagent/1.1 (+https://developers.facebook.com/docs/sharing/webmasters/crawler)"
185.113.8.55 - - [14/Dec/2025:02:02:29 +0000] "POST /wp-login.php HTTP/1.1" 200 2681 "-" "Mozilla/5.0 (Windows NT 11.0; Win64; x64) AppleWebKit/537.36 (KHTML, like Gecko) Chrome/132.0.8753.13 Safari/537.36"
216.73.216.115 - - [14/Dec/2025:02:02:30 +0000] "GET /entity/226709950.htm HTTP/1.1" 301 5 "-" "Mozilla/5.0 AppleWebKit/537.36 (KHTML, like Gecko; compatible; ClaudeBot/1.0; +claudebot@anthropic.com)"
216.73.216.115 - - [14/Dec/2025:02:02:30 +0000] "GET /entity/226709950.htm/ HTTP/1.1" 200 45438 "https://datainsightnow.com/entity/226709950.htm" "Mozilla/5.0 AppleWebKit/537.36 (KHTML, like Gecko; compatible; ClaudeBot/1.0; +claudebot@anthropic.com)"
74.7.241.45 - - [14/Dec/2025:02:02:32 +0000] "GET /index.php?rest_route=/wp/v2/posts/11460 HTTP/1.1" 200 5782 "-" "Mozilla/5.0 AppleWebKit/537.36 (KHTML, like Gecko; compatible; GPTBot/1.3; +https://openai.com/gptbot)"
216.73.216.115 - - [14/Dec/2025:02:02:33 +0000] "GET /entity/226826245.htm HTTP/1.1" 301 5 "-" "Mozilla/5.0 AppleWebKit/537.36 (KHTML, like Gecko; compatible; ClaudeBot/1.0; +claudebot@anthropic.com)"
216.73.216.115 - - [14/Dec/2025:02:02:33 +0000] "GET /entity/226826245.htm/ HTTP/1.1" 200 45438 "https://datainsightnow.com/entity/226826245.htm" "Mozilla/5.0 AppleWebKit/537.36 (KHTML, like Gecko; compatible; ClaudeBot/1.0; +claudebot@anthropic.com)"
74.7.241.45 - - [14/Dec/2025:02:02:35 +0000] "GET /?p=27937 HTTP/1.1" 200 41631 "-" "Mozilla/5.0 AppleWebKit/537.36 (KHTML, like Gecko; compatible; GPTBot/1.3; +https://openai.com/gptbot)"
216.73.216.115 - - [14/Dec/2025:02:02:36 +0000] "GET /entity/226817433.htm HTTP/1.1" 301 5 "-" "Mozilla/5.0 AppleWebKit/537.36 (KHTML, like Gecko; compatible; ClaudeBot/1.0; +claudebot@anthropic.com)"
216.73.216.115 - - [14/Dec/2025:02:02:36 +0000] "GET /entity/226817433.htm/ HTTP/1.1" 200 45438 "https://datainsightnow.com/entity/226817433.htm" "Mozilla/5.0 AppleWebKit/537.36 (KHTML, like Gecko; compatible; ClaudeBot/1.0; +claudebot@anthropic.com)"
57.141.0.1 - - [14/Dec/2025:02:02:37 +0000] "GET /karamba-spielsaal-erfahrungen-angeschlossen-testbericht-werfen-sie-einen-blick-auf-den-link-within-2025-pro-teutonia/?path=//sys/class/pci_bus/0000:02/device/subsystem/drivers/pcieport/0000:00:03.1/0000:00:03.1:pcie010/subsystem/devices/0000:00:04.0:pcie001/subsystem HTTP/1.1" 200 262215 "-" "meta-externalagent/1.1 (+https://developers.facebook.com/docs/sharing/webmasters/crawler)"
57.141.0.24 - - [14/Dec/2025:02:02:38 +0000] "GET /moneysense-self-help-guide-to-the-ideal-profile/?fileloc=//sys/class/pci_bus/0000:0a/subsystem/0000:12/subsystem/0000:11/device/driver/0000:00:02.3/device&path=//sys/class/pci_bus/0000:0a/subsystem/0000:12/subsystem/0000:11/device/driver/0000:00:02.3 HTTP/1.1" 200 262264 "-" "meta-externalagent/1.1 (+https://developers.facebook.com/docs/sharing/webmasters/crawler)"
74.7.241.45 - - [14/Dec/2025:02:02:38 +0000] "GET /index.php?rest_route=/wp/v2/posts/27937 HTTP/1.1" 200 4378 "-" "Mozilla/5.0 AppleWebKit/537.36 (KHTML, like Gecko; compatible; GPTBot/1.3; +https://openai.com/gptbot)"
57.141.0.39 - - [14/Dec/2025:02:02:38 +0000] "GET /2025/03/06/page/39/?fileloc=//sys/class/pci_bus/0000:01/subsystem/0000:02/device/driver/0000:00:02.3/subsystem/devices/0000:07:00.0/local_cpus&path=//sys/class/pci_bus/0000:01/subsystem/0000:02/device/driver/0000:00:02.3/subsystem/devices/0000:07:00.0 HTTP/1.1" 200 262264 "-" "meta-externalagent/1.1 (+https://developers.facebook.com/docs/sharing/webmasters/crawler)"
216.73.216.115 - - [14/Dec/2025:02:02:39 +0000] "GET /entity/226702698.htm HTTP/1.1" 301 5 "-" "Mozilla/5.0 AppleWebKit/537.36 (KHTML, like Gecko; compatible; ClaudeBot/1.0; +claudebot@anthropic.com)"
216.73.216.115 - - [14/Dec/2025:02:02:39 +0000] "GET /entity/226702698.htm/ HTTP/1.1" 200 45438 "https://datainsightnow.com/entity/226702698.htm" "Mozilla/5.0 AppleWebKit/537.36 (KHTML, like Gecko; compatible; ClaudeBot/1.0; +claudebot@anthropic.com)"
57.141.0.19 - - [14/Dec/2025:02:02:41 +0000] "GET /2025/03/07/page/6/?path=//sys/class/pci_bus/0000:05/subsystem/0000:07/subsystem/0000:03/subsystem/0000:04/subsystem/0000:0f/subsystem HTTP/1.1" 200 262215 "-" "meta-externalagent/1.1 (+https://developers.facebook.com/docs/sharing/webmasters/crawler)"
74.7.241.45 - - [14/Dec/2025:02:02:41 +0000] "GET /index.php?rest_route=%2Foembed%2F1.0%2Fembed&url=https%3A%2F%2Fdatainsightnow.com%2F%3Fp%3D27937 HTTP/1.1" 200 1262 "-" "Mozilla/5.0 AppleWebKit/537.36 (KHTML, like Gecko; compatible; GPTBot/1.3; +https://openai.com/gptbot)"
57.141.0.31 - - [14/Dec/2025:02:02:42 +0000] "GET /2025/03/07/page/6/?path=//sys/class/pci_bus/0000:0d/subsystem/0000:08/device/firmware_node/physical_node/driver/0000:00:02.5/0000:00:02.5:pcie001 HTTP/1.1" 200 262209 "-" "meta-externalagent/1.1 (+https://developers.facebook.com/docs/sharing/webmasters/crawler)"
57.141.0.8 - - [14/Dec/2025:02:02:43 +0000] "GET /karamba-spielsaal-erfahrungen-angeschlossen-testbericht-werfen-sie-einen-blick-auf-den-link-within-2025-pro-teutonia/?path=//sys/class/pci_bus/0000:0b/subsystem/0000:13/subsystem/0000:04/device/subsystem/drivers/8250_mid HTTP/1.1" 200 262215 "-" "meta-externalagent/1.1 (+https://developers.facebook.com/docs/sharing/webmasters/crawler)"
216.73.216.115 - - [14/Dec/2025:02:02:44 +0000] "GET /entity/226623711.htm HTTP/1.1" 301 5 "-" "Mozilla/5.0 AppleWebKit/537.36 (KHTML, like Gecko; compatible; ClaudeBot/1.0; +claudebot@anthropic.com)"
74.7.241.45 - - [14/Dec/2025:02:02:45 +0000] "GET /index.php?format=xml&rest_route=%2Foembed%2F1.0%2Fembed&url=https%3A%2F%2Fdatainsightnow.com%2F%3Fp%3D27937 HTTP/1.1" 200 1288 "-" "Mozilla/5.0 AppleWebKit/537.36 (KHTML, like Gecko; compatible; GPTBot/1.3; +https://openai.com/gptbot)"
216.73.216.115 - - [14/Dec/2025:02:02:45 +0000] "GET /entity/226623711.htm/ HTTP/1.1" 200 45438 "https://datainsightnow.com/entity/226623711.htm" "Mozilla/5.0 AppleWebKit/537.36 (KHTML, like Gecko; compatible; ClaudeBot/1.0; +claudebot@anthropic.com)"
85.208.96.202 - - [14/Dec/2025:02:02:46 +0000] "GET /?p=49431 HTTP/1.1" 200 41579 "-" "Mozilla/5.0 (compatible; SemrushBot/7~bl; +http://www.semrush.com/bot.html)"
216.73.216.115 - - [14/Dec/2025:02:02:47 +0000] "GET /entity/226670845.htm HTTP/1.1" 301 5 "-" "Mozilla/5.0 AppleWebKit/537.36 (KHTML, like Gecko; compatible; ClaudeBot/1.0; +claudebot@anthropic.com)"
216.73.216.115 - - [14/Dec/2025:02:02:48 +0000] "GET /entity/226670845.htm/ HTTP/1.1" 200 45438 "https://datainsightnow.com/entity/226670845.htm" "Mozilla/5.0 AppleWebKit/537.36 (KHTML, like Gecko; compatible; ClaudeBot/1.0; +claudebot@anthropic.com)"
74.7.241.45 - - [14/Dec/2025:02:02:48 +0000] "GET /?p=23939 HTTP/1.1" 200 45021 "-" "Mozilla/5.0 AppleWebKit/537.36 (KHTML, like Gecko; compatible; GPTBot/1.3; +https://openai.com/gptbot)"
57.141.0.49 - - [14/Dec/2025:02:02:50 +0000] "GET /2025/03/07/page/6/?fileloc=//sys/class/pci_bus/0000:10/subsystem/0000:12/subsystem/0000:0b/subsystem/0000:07/device/driver/0000:00:03.3/subordinate_bus_number&path=//sys/class/pci_bus/0000:10/subsystem/0000:12/subsystem/0000:0b/subsystem/0000:07/device/driver/0000:00:03.3 HTTP/1.1" 200 262264 "-" "meta-externalagent/1.1 (+https://developers.facebook.com/docs/sharing/webmasters/crawler)"
66.135.21.75 - - [14/Dec/2025:02:02:50 +0000] "POST /wp-cron.php?doing_wp_cron=1765677770.4451010227203369140625 HTTP/1.1" 200 31 "-" "WordPress/6.3.1; https://datainsightnow.com"
216.73.216.115 - - [14/Dec/2025:02:02:50 +0000] "GET /entity/226821326.htm HTTP/1.1" 301 5 "-" "Mozilla/5.0 AppleWebKit/537.36 (KHTML, like Gecko; compatible; ClaudeBot/1.0; +claudebot@anthropic.com)"
57.141.0.24 - - [14/Dec/2025:02:02:51 +0000] "GET /2025/03/06/page/39/?fileloc=//sys/class/pci_bus/0000:10/subsystem/0000:0b/subsystem/0000:13/subsystem/0000:0f/device/current_link_speed&path=//sys/class/pci_bus/0000:10/subsystem/0000:0b/subsystem/0000:13/subsystem/0000:0f/device HTTP/1.1" 200 262216 "-" "meta-externalagent/1.1 (+https://developers.facebook.com/docs/sharing/webmasters/crawler)"
74.7.241.45 - - [14/Dec/2025:02:02:51 +0000] "GET /?p=42337 HTTP/1.1" 200 42988 "-" "Mozilla/5.0 AppleWebKit/537.36 (KHTML, like Gecko; compatible; GPTBot/1.3; +https://openai.com/gptbot)"
216.73.216.115 - - [14/Dec/2025:02:02:51 +0000] "GET /entity/226821326.htm/ HTTP/1.1" 200 45438 "https://datainsightnow.com/entity/226821326.htm" "Mozilla/5.0 AppleWebKit/537.36 (KHTML, like Gecko; compatible; ClaudeBot/1.0; +claudebot@anthropic.com)"
216.73.216.115 - - [14/Dec/2025:02:02:53 +0000] "GET /entity/226640540.htm HTTP/1.1" 301 5 "-" "Mozilla/5.0 AppleWebKit/537.36 (KHTML, like Gecko; compatible; ClaudeBot/1.0; +claudebot@anthropic.com)"
216.73.216.115 - - [14/Dec/2025:02:02:54 +0000] "GET /entity/226640540.htm/ HTTP/1.1" 200 45438 "https://datainsightnow.com/entity/226640540.htm" "Mozilla/5.0 AppleWebKit/537.36 (KHTML, like Gecko; compatible; ClaudeBot/1.0; +claudebot@anthropic.com)"
74.7.241.45 - - [14/Dec/2025:02:02:54 +0000] "GET /index.php?format=xml&rest_route=%2Foembed%2F1.0%2Fembed&url=https%3A%2F%2Fdatainsightnow.com%2F%3Fp%3D42337 HTTP/1.1" 200 1291 "-" "Mozilla/5.0 AppleWebKit/537.36 (KHTML, like Gecko; compatible; GPTBot/1.3; +https://openai.com/gptbot)"
57.141.0.10 - - [14/Dec/2025:02:02:56 +0000] "GET /2025/03/07/page/6/?path=//sys/class/pci_bus/0000:12/subsystem/0000:0d/subsystem/0000:00/device/pci_bus HTTP/1.1" 200 262216 "-" "meta-externalagent/1.1 (+https://developers.facebook.com/docs/sharing/webmasters/crawler)"
57.141.0.60 - - [14/Dec/2025:02:02:56 +0000] "GET /karamba-spielsaal-erfahrungen-angeschlossen-testbericht-werfen-sie-einen-blick-auf-den-link-within-2025-pro-teutonia/?fileloc=//sys/class/pci_bus/0000:06/subsystem/0000:09/subsystem/0000:08/subsystem/0000:01/subsystem/0000:09/device/d3cold_allowed&path=//sys/class/pci_bus/0000:06/subsystem/0000:09/subsystem/0000:08/subsystem/0000:01/subsystem/0000:09/device HTTP/1.1" 200 262248 "-" "meta-externalagent/1.1 (+https://developers.facebook.com/docs/sharing/webmasters/crawler)"
216.73.216.115 - - [14/Dec/2025:02:02:56 +0000] "GET /entity/226669295.htm HTTP/1.1" 301 5 "-" "Mozilla/5.0 AppleWebKit/537.36 (KHTML, like Gecko; compatible; ClaudeBot/1.0; +claudebot@anthropic.com)"
74.7.241.45 - - [14/Dec/2025:02:02:57 +0000] "GET /index.php?rest_route=/wp/v2/posts/42337 HTTP/1.1" 200 5508 "-" "Mozilla/5.0 AppleWebKit/537.36 (KHTML, like Gecko; compatible; GPTBot/1.3; +https://openai.com/gptbot)"
216.73.216.115 - - [14/Dec/2025:02:02:57 +0000] "GET /entity/226669295.htm/ HTTP/1.1" 200 45438 "https://datainsightnow.com/entity/226669295.htm" "Mozilla/5.0 AppleWebKit/537.36 (KHTML, like Gecko; compatible; ClaudeBot/1.0; +claudebot@anthropic.com)"
57.141.0.32 - - [14/Dec/2025:02:02:57 +0000] "GET /2025/03/07/page/6/?fileloc=//sys/class/pci_bus/0000:0d/subsystem/0000:0d/subsystem/0000:02/subsystem/0000:06/device/subsystem/devices/0000:00:03.7/irq&path=//sys/class/pci_bus/0000:0d/subsystem/0000:0d/subsystem/0000:02/subsystem/0000:06/device/subsystem/devices/0000:00:03.7 HTTP/1.1" 200 262264 "-" "meta-externalagent/1.1 (+https://developers.facebook.com/docs/sharing/webmasters/crawler)"
185.191.171.17 - - [14/Dec/2025:02:02:58 +0000] "GET /?p=9158 HTTP/1.1" 200 41532 "-" "Mozilla/5.0 (compatible; SemrushBot/7~bl; +http://www.semrush.com/bot.html)"
185.113.8.55 - - [14/Dec/2025:02:02:59 +0000] "POST /wp-login.php HTTP/1.1" 200 2675 "-" "Mozilla/5.0 (Macintosh; Intel Mac OS X 14_6_1) AppleWebKit/537.36 (KHTML, like Gecko) Chrome/130.0.4059.787 Safari/537.36"
216.73.216.115 - - [14/Dec/2025:02:02:59 +0000] "GET /entity/226800596.htm HTTP/1.1" 301 5 "-" "Mozilla/5.0 AppleWebKit/537.36 (KHTML, like Gecko; compatible; ClaudeBot/1.0; +claudebot@anthropic.com)"
216.73.216.115 - - [14/Dec/2025:02:03:00 +0000] "GET /entity/226800596.htm/ HTTP/1.1" 200 45438 "https://datainsightnow.com/entity/226800596.htm" "Mozilla/5.0 AppleWebKit/537.36 (KHTML, like Gecko; compatible; ClaudeBot/1.0; +claudebot@anthropic.com)"
74.7.241.45 - - [14/Dec/2025:02:03:00 +0000] "GET /index.php?rest_route=%2Foembed%2F1.0%2Fembed&url=https%3A%2F%2Fdatainsightnow.com%2F%3Fp%3D42337 HTTP/1.1" 200 1265 "-" "Mozilla/5.0 AppleWebKit/537.36 (KHTML, like Gecko; compatible; GPTBot/1.3; +https://openai.com/gptbot)"
216.73.216.115 - - [14/Dec/2025:02:03:02 +0000] "GET /entity/226782219.htm HTTP/1.1" 301 5 "-" "Mozilla/5.0 AppleWebKit/537.36 (KHTML, like Gecko; compatible; ClaudeBot/1.0; +claudebot@anthropic.com)"
216.73.216.115 - - [14/Dec/2025:02:03:03 +0000] "GET /entity/226782219.htm/ HTTP/1.1" 200 45438 "https://datainsightnow.com/entity/226782219.htm" "Mozilla/5.0 AppleWebKit/537.36 (KHTML, like Gecko; compatible; ClaudeBot/1.0; +claudebot@anthropic.com)"
74.7.241.45 - - [14/Dec/2025:02:03:03 +0000] "GET /?p=47625 HTTP/1.1" 200 41394 "-" "Mozilla/5.0 AppleWebKit/537.36 (KHTML, like Gecko; compatible; GPTBot/1.3; +https://openai.com/gptbot)"
57.141.0.73 - - [14/Dec/2025:02:03:04 +0000] "GET /2025/03/06/page/39/?path=//sys/class/pci_bus/0000:0c/subsystem/0000:12/subsystem/0000:12/subsystem/0000:10/device/driver HTTP/1.1" 200 262248 "-" "meta-externalagent/1.1 (+https://developers.facebook.com/docs/sharing/webmasters/crawler)"
57.141.0.31 - - [14/Dec/2025:02:03:04 +0000] "GET /2025/03/07/page/6/?fileloc=//sys/class/pci_bus/0000:08/subsystem/0000:06/subsystem/0000:00/device/0000:00:02.7/local_cpulist&path=//sys/class/pci_bus/0000:08/subsystem/0000:06/subsystem/0000:00/device/0000:00:02.7 HTTP/1.1" 200 262264 "-" "meta-externalagent/1.1 (+https://developers.facebook.com/docs/sharing/webmasters/crawler)"
216.73.216.115 - - [14/Dec/2025:02:03:05 +0000] "GET /entity/226831425.htm HTTP/1.1" 301 5 "-" "Mozilla/5.0 AppleWebKit/537.36 (KHTML, like Gecko; compatible; ClaudeBot/1.0; +claudebot@anthropic.com)"
216.73.216.115 - - [14/Dec/2025:02:03:06 +0000] "GET /entity/226831425.htm/ HTTP/1.1" 200 45438 "https://datainsightnow.com/entity/226831425.htm" "Mozilla/5.0 AppleWebKit/537.36 (KHTML, like Gecko; compatible; ClaudeBot/1.0; +claudebot@anthropic.com)"
57.141.0.11 - - [14/Dec/2025:02:03:06 +0000] "GET /karamba-spielsaal-erfahrungen-angeschlossen-testbericht-werfen-sie-einen-blick-auf-den-link-within-2025-pro-teutonia/?fileloc=//sys/class/pci_bus/0000:0b/subsystem/0000:02/device/driver/0000:00:03.4/driver/0000:00:02.0/d3cold_allowed&path=//sys/class/pci_bus/0000:0b/subsystem/0000:02/device/driver/0000:00:03.4/driver/0000:00:02.0 HTTP/1.1" 200 262264 "-" "meta-externalagent/1.1 (+https://developers.facebook.com/docs/sharing/webmasters/crawler)"
74.7.241.45 - - [14/Dec/2025:02:03:06 +0000] "GET /index.php?rest_route=/wp/v2/posts/47625 HTTP/1.1" 200 4213 "-" "Mozilla/5.0 AppleWebKit/537.36 (KHTML, like Gecko; compatible; GPTBot/1.3; +https://openai.com/gptbot)"
216.73.216.115 - - [14/Dec/2025:02:03:08 +0000] "GET /entity/226806037.htm HTTP/1.1" 301 5 "-" "Mozilla/5.0 AppleWebKit/537.36 (KHTML, like Gecko; compatible; ClaudeBot/1.0; +claudebot@anthropic.com)"
216.73.216.115 - - [14/Dec/2025:02:03:09 +0000] "GET /entity/226806037.htm/ HTTP/1.1" 200 45438 "https://datainsightnow.com/entity/226806037.htm" "Mozilla/5.0 AppleWebKit/537.36 (KHTML, like Gecko; compatible; ClaudeBot/1.0; +claudebot@anthropic.com)"
74.7.241.45 - - [14/Dec/2025:02:03:10 +0000] "GET /index.php?format=xml&rest_route=%2Foembed%2F1.0%2Fembed&url=https%3A%2F%2Fdatainsightnow.com%2F%3Fp%3D47625 HTTP/1.1" 200 1317 "-" "Mozilla/5.0 AppleWebKit/537.36 (KHTML, like Gecko; compatible; GPTBot/1.3; +https://openai.com/gptbot)"
57.141.0.27 - - [14/Dec/2025:02:03:10 +0000] "GET /2025/03/07/page/6/?path=//sys/class/pci_bus/0000:09/subsystem/0000:0a/device/driver/0000:00:02.0/driver/0000:00:03.7 HTTP/1.1" 200 262264 "-" "meta-externalagent/1.1 (+https://developers.facebook.com/docs/sharing/webmasters/crawler)"
216.73.216.115 - - [14/Dec/2025:02:03:11 +0000] "GET /entity/226636918.htm HTTP/1.1" 301 5 "-" "Mozilla/5.0 AppleWebKit/537.36 (KHTML, like Gecko; compatible; ClaudeBot/1.0; +claudebot@anthropic.com)"
57.141.0.58 - - [14/Dec/2025:02:03:12 +0000] "GET /2025/03/07/page/6/?path=//sys/class/pci_bus/0000:05/subsystem/0000:11/subsystem/0000:07/subsystem/0000:0c/subsystem/0000:04/device/0000:00:02.2:pcie002/power HTTP/1.1" 200 262264 "-" "meta-externalagent/1.1 (+https://developers.facebook.com/docs/sharing/webmasters/crawler)"
216.73.216.115 - - [14/Dec/2025:02:03:13 +0000] "GET /entity/226636918.htm/ HTTP/1.1" 200 45438 "https://datainsightnow.com/entity/226636918.htm" "Mozilla/5.0 AppleWebKit/537.36 (KHTML, like Gecko; compatible; ClaudeBot/1.0; +claudebot@anthropic.com)"
57.141.0.74 - - [14/Dec/2025:02:03:13 +0000] "GET /karamba-spielsaal-erfahrungen-angeschlossen-testbericht-werfen-sie-einen-blick-auf-den-link-within-2025-pro-teutonia/?path=//sys/class/pci_bus/0000:06/subsystem/0000:04/subsystem/0000:0e/subsystem/0000:12/device/driver/0000:00:03.2 HTTP/1.1" 200 262209 "-" "meta-externalagent/1.1 (+https://developers.facebook.com/docs/sharing/webmasters/crawler)"
74.7.241.45 - - [14/Dec/2025:02:03:13 +0000] "GET /index.php?rest_route=%2Foembed%2F1.0%2Fembed&url=https%3A%2F%2Fdatainsightnow.com%2F%3Fp%3D47625 HTTP/1.1" 200 1289 "-" "Mozilla/5.0 AppleWebKit/537.36 (KHTML, like Gecko; compatible; GPTBot/1.3; +https://openai.com/gptbot)"
57.141.0.46 - - [14/Dec/2025:02:03:13 +0000] "GET /karamba-spielsaal-erfahrungen-angeschlossen-testbericht-werfen-sie-einen-blick-auf-den-link-within-2025-pro-teutonia/?path=//sys/class/pci_bus/0000:0a/subsystem/0000:13/subsystem/0000:09/subsystem/0000:12 HTTP/1.1" 200 262209 "-" "meta-externalagent/1.1 (+https://developers.facebook.com/docs/sharing/webmasters/crawler)"
185.191.171.7 - - [14/Dec/2025:02:03:13 +0000] "GET /?p=38318 HTTP/1.1" 200 41396 "-" "Mozilla/5.0 (compatible; SemrushBot/7~bl; +http://www.semrush.com/bot.html)"
216.73.216.115 - - [14/Dec/2025:02:03:14 +0000] "GET /entity/226709699.htm HTTP/1.1" 301 5 "-" "Mozilla/5.0 AppleWebKit/537.36 (KHTML, like Gecko; compatible; ClaudeBot/1.0; +claudebot@anthropic.com)"
216.73.216.115 - - [14/Dec/2025:02:03:15 +0000] "GET /entity/226709699.htm/ HTTP/1.1" 200 45438 "https://datainsightnow.com/entity/226709699.htm" "Mozilla/5.0 AppleWebKit/537.36 (KHTML, like Gecko; compatible; ClaudeBot/1.0; +claudebot@anthropic.com)"
66.249.77.100 - - [14/Dec/2025:02:03:15 +0000] "GET /?fileloc=//sys/class/sound/card0/device/subsystem/devices/0000:00:02.2/driver/0000:00:03.4/driver/0000:00:03.3/driver/0000:00:02.5/firmware_node/physical_node/driver/0000:00:03.2/driver/0000:00:02.1/driver/0000:00:02.2/driver/0000:00:02.7/driver/0000:00:03.4/subsystem/devices/0000:00:02.0/subsystem/drivers/xen-platform-pci/remove_id&path=//sys/class/sound/card0/device/subsystem/devices/0000:00:02.2/driver/0000:00:03.4/driver/0000:00:03.3/driver/0000:00:02.5/firmware_node/physical_node/driver/0000:00:03.2/driver/0000:00:02.1/driver/0000:00:02.2/driver/0000:00:02.7/driver/0000:00:03.4/subsystem/devices/0000:00:02.0/subsystem/drivers/xen-platform-pci HTTP/1.1" 200 45439 "-" "Mozilla/5.0 (Linux; Android 6.0.1; Nexus 5X Build/MMB29P) AppleWebKit/537.36 (KHTML, like Gecko) Chrome/141.0.7390.122 Mobile Safari/537.36 (compatible; Googlebot/2.1; +http://www.google.com/bot.html)"
74.7.241.45 - - [14/Dec/2025:02:03:16 +0000] "GET /?p=29821 HTTP/1.1" 200 42478 "-" "Mozilla/5.0 AppleWebKit/537.36 (KHTML, like Gecko; compatible; GPTBot/1.3; +https://openai.com/gptbot)"
185.113.8.55 - - [14/Dec/2025:02:03:16 +0000] "POST /wp-login.php HTTP/1.1" 200 2679 "-" "Mozilla/5.0 (Windows NT 10.0; Win64; x64) AppleWebKit/537.36 (KHTML, like Gecko) Chrome/128.0.4908.304 Safari/537.36"
85.208.96.204 - - [14/Dec/2025:02:03:17 +0000] "GET /?p=29069 HTTP/1.1" 200 45141 "-" "Mozilla/5.0 (compatible; SemrushBot/7~bl; +http://www.semrush.com/bot.html)"
216.73.216.115 - - [14/Dec/2025:02:03:18 +0000] "GET /entity/226627070.htm HTTP/1.1" 301 5 "-" "Mozilla/5.0 AppleWebKit/537.36 (KHTML, like Gecko; compatible; ClaudeBot/1.0; +claudebot@anthropic.com)"
57.141.0.42 - - [14/Dec/2025:02:03:19 +0000] "GET /2025/03/07/page/6/?fileloc=//sys/class/pci_bus/0000:0f/device/driver/0000:00:02.0/subsystem/devices/0000:06:00.0/link/l0s_aspm&path=//sys/class/pci_bus/0000:0f/device/driver/0000:00:02.0/subsystem/devices/0000:06:00.0/link HTTP/1.1" 200 262248 "-" "meta-externalagent/1.1 (+https://developers.facebook.com/docs/sharing/webmasters/crawler)"
74.7.241.45 - - [14/Dec/2025:02:03:19 +0000] "GET /index.php?rest_route=%2Foembed%2F1.0%2Fembed&url=https%3A%2F%2Fdatainsightnow.com%2F%3Fp%3D29821 HTTP/1.1" 200 1283 "-" "Mozilla/5.0 AppleWebKit/537.36 (KHTML, like Gecko; compatible; GPTBot/1.3; +https://openai.com/gptbot)"
216.73.216.115 - - [14/Dec/2025:02:03:19 +0000] "GET /entity/226627070.htm/ HTTP/1.1" 200 45438 "https://datainsightnow.com/entity/226627070.htm" "Mozilla/5.0 AppleWebKit/537.36 (KHTML, like Gecko; compatible; ClaudeBot/1.0; +claudebot@anthropic.com)"
57.141.0.24 - - [14/Dec/2025:02:03:21 +0000] "GET /2025/03/07/page/6/?fileloc=//sys/class/pci_bus/0000:05/subsystem/0000:10/device/driver/0000:00:03.2/driver/0000:00:03.7/driver/0000:00:02.0/subordinate_bus_number&path=//sys/class/pci_bus/0000:05/subsystem/0000:10/device/driver/0000:00:03.2/driver/0000:00:03.7/driver/0000:00:02.0 HTTP/1.1" 200 262209 "-" "meta-externalagent/1.1 (+https://developers.facebook.com/docs/sharing/webmasters/crawler)"
57.141.0.31 - - [14/Dec/2025:02:03:21 +0000] "GET /2025/03/07/page/6/?fileloc=//sys/class/pci_bus/0000:05/subsystem/0000:09/device/driver/0000:00:02.1/firmware_node/physical_node/rescan&path=//sys/class/pci_bus/0000:05/subsystem/0000:09/device/driver/0000:00:02.1/firmware_node/physical_node HTTP/1.1" 200 262209 "-" "meta-externalagent/1.1 (+https://developers.facebook.com/docs/sharing/webmasters/crawler)"
216.73.216.115 - - [14/Dec/2025:02:03:21 +0000] "GET /entity/226627845.htm HTTP/1.1" 301 5 "-" "Mozilla/5.0 AppleWebKit/537.36 (KHTML, like Gecko; compatible; ClaudeBot/1.0; +claudebot@anthropic.com)"
216.73.216.115 - - [14/Dec/2025:02:03:22 +0000] "GET /entity/226627845.htm/ HTTP/1.1" 200 45438 "https://datainsightnow.com/entity/226627845.htm" "Mozilla/5.0 AppleWebKit/537.36 (KHTML, like Gecko; compatible; ClaudeBot/1.0; +claudebot@anthropic.com)"
57.141.0.13 - - [14/Dec/2025:02:03:22 +0000] "GET /2025/03/06/page/39/?fileloc=//sys/class/pci_bus/0000:10/subsystem/0000:05/subsystem/0000:12/device/subsystem/devices/0000:00:04.0/aer_dev_fatal&path=//sys/class/pci_bus/0000:10/subsystem/0000:05/subsystem/0000:12/device/subsystem/devices/0000:00:04.0 HTTP/1.1" 200 262264 "-" "meta-externalagent/1.1 (+https://developers.facebook.com/docs/sharing/webmasters/crawler)"
74.7.241.45 - - [14/Dec/2025:02:03:22 +0000] "GET /index.php?format=xml&rest_route=%2Foembed%2F1.0%2Fembed&url=https%3A%2F%2Fdatainsightnow.com%2F%3Fp%3D29821 HTTP/1.1" 200 1308 "-" "Mozilla/5.0 AppleWebKit/537.36 (KHTML, like Gecko; compatible; GPTBot/1.3; +https://openai.com/gptbot)"
57.141.0.73 - - [14/Dec/2025:02:03:23 +0000] "GET /2025/03/07/page/6/?fileloc=//sys/class/pci_bus/0000:0b/subsystem/0000:11/device/driver/0000:00:02.3/driver/0000:00:02.6/0000:00:02.6:pcie010/subsystem/drivers_probe&path=//sys/class/pci_bus/0000:0b/subsystem/0000:11/device/driver/0000:00:02.3/driver/0000:00:02.6/0000:00:02.6:pcie010/subsystem HTTP/1.1" 200 262215 "-" "meta-externalagent/1.1 (+https://developers.facebook.com/docs/sharing/webmasters/crawler)"
216.73.216.115 - - [14/Dec/2025:02:03:24 +0000] "GET /entity/226688969.htm HTTP/1.1" 301 5 "-" "Mozilla/5.0 AppleWebKit/537.36 (KHTML, like Gecko; compatible; ClaudeBot/1.0; +claudebot@anthropic.com)"
216.73.216.115 - - [14/Dec/2025:02:03:25 +0000] "GET /entity/226688969.htm/ HTTP/1.1" 200 45438 "https://datainsightnow.com/entity/226688969.htm" "Mozilla/5.0 AppleWebKit/537.36 (KHTML, like Gecko; compatible; ClaudeBot/1.0; +claudebot@anthropic.com)"
185.113.8.55 - - [14/Dec/2025:02:03:25 +0000] "POST /wp-login.php HTTP/1.1" 200 2679 "-" "Mozilla/5.0 (Windows NT 10.0; Win64; x64) AppleWebKit/537.36 (KHTML, like Gecko) Chrome/129.0.8072.377 Safari/537.36"
74.7.241.45 - - [14/Dec/2025:02:03:26 +0000] "GET /index.php?rest_route=/wp/v2/posts/29821 HTTP/1.1" 200 5114 "-" "Mozilla/5.0 AppleWebKit/537.36 (KHTML, like Gecko; compatible; GPTBot/1.3; +https://openai.com/gptbot)"
57.141.0.2 - - [14/Dec/2025:02:03:27 +0000] "GET /moneysense-self-help-guide-to-the-ideal-profile/?fileloc=//sys/class/pci_bus/0000:0f/subsystem/0000:00/subsystem/0000:13/subsystem/0000:13/power/runtime_enabled&path=//sys/class/pci_bus/0000:0f/subsystem/0000:00/subsystem/0000:13/subsystem/0000:13/power HTTP/1.1" 200 262215 "-" "meta-externalagent/1.1 (+https://developers.facebook.com/docs/sharing/webmasters/crawler)"
216.73.216.115 - - [14/Dec/2025:02:03:27 +0000] "GET /entity/226641062.htm HTTP/1.1" 301 5 "-" "Mozilla/5.0 AppleWebKit/537.36 (KHTML, like Gecko; compatible; ClaudeBot/1.0; +claudebot@anthropic.com)"
216.73.216.115 - - [14/Dec/2025:02:03:28 +0000] "GET /entity/226641062.htm/ HTTP/1.1" 200 45438 "https://datainsightnow.com/entity/226641062.htm" "Mozilla/5.0 AppleWebKit/537.36 (KHTML, like Gecko; compatible; ClaudeBot/1.0; +claudebot@anthropic.com)"
57.141.0.33 - - [14/Dec/2025:02:03:28 +0000] "GET /2025/03/07/page/6/?path=//sys/class/pci_bus/0000:0b/subsystem/0000:12/subsystem/0000:02/subsystem/0000:05/subsystem/0000:00/subsystem/0000:05 HTTP/1.1" 200 262264 "-" "meta-externalagent/1.1 (+https://developers.facebook.com/docs/sharing/webmasters/crawler)"
74.7.241.45 - - [14/Dec/2025:02:03:29 +0000] "GET /?p=8776 HTTP/1.1" 200 41790 "-" "Mozilla/5.0 AppleWebKit/537.36 (KHTML, like Gecko; compatible; GPTBot/1.3; +https://openai.com/gptbot)"
141.98.11.111 - - [14/Dec/2025:02:03:30 +0000] "GET /wp-login.php HTTP/1.1" 200 2512 "" "Mozilla/5.0 (X11; Linux x86_64) AppleWebKit/537.36 (KHTML, like Gecko) Chrome/120.0.0.0 Safari/537.36"
216.73.216.115 - - [14/Dec/2025:02:03:30 +0000] "GET /entity/226755283.htm HTTP/1.1" 301 5 "-" "Mozilla/5.0 AppleWebKit/537.36 (KHTML, like Gecko; compatible; ClaudeBot/1.0; +claudebot@anthropic.com)"
141.98.11.111 - - [14/Dec/2025:02:03:31 +0000] "GET /?author=1 HTTP/1.1" 404 33297 "https://www.facebook.com/" "Mozilla/5.0 (Macintosh; Intel Mac OS X 10_15_7) AppleWebKit/605.1.15 (KHTML, like Gecko) Version/16.6 Safari/605.1.15"
216.73.216.115 - - [14/Dec/2025:02:03:31 +0000] "GET /entity/226755283.htm/ HTTP/1.1" 200 45438 "https://datainsightnow.com/entity/226755283.htm" "Mozilla/5.0 AppleWebKit/537.36 (KHTML, like Gecko; compatible; ClaudeBot/1.0; +claudebot@anthropic.com)"
141.98.11.111 - - [14/Dec/2025:02:03:31 +0000] "GET /?author=2 HTTP/1.1" 302 11 "https://t.co/" "Mozilla/5.0 (Windows NT 11.0; Win64; x64; rv:121.0) Gecko/20100101 Firefox/121.0"
141.98.11.111 - - [14/Dec/2025:02:03:32 +0000] "GET /?page_id=2169&um_user=datainsightnow HTTP/1.1" 200 35891 "https://t.co/" "Mozilla/5.0 (Windows NT 11.0; Win64; x64; rv:121.0) Gecko/20100101 Firefox/121.0"
74.7.241.45 - - [14/Dec/2025:02:03:32 +0000] "GET /index.php?rest_route=%2Foembed%2F1.0%2Fembed&url=https%3A%2F%2Fdatainsightnow.com%2F%3Fp%3D8776 HTTP/1.1" 200 1291 "-" "Mozilla/5.0 AppleWebKit/537.36 (KHTML, like Gecko; compatible; GPTBot/1.3; +https://openai.com/gptbot)"
141.98.11.111 - - [14/Dec/2025:02:03:32 +0000] "GET /?author=3 HTTP/1.1" 404 33297 "-" "Mozilla/5.0 (Windows NT 11.0; Win64; x64) AppleWebKit/537.36 (KHTML, like Gecko) Chrome/120.0.0.0 Safari/537.36"
57.141.0.48 - - [14/Dec/2025:02:03:32 +0000] "GET /2025/03/06/page/39/?fileloc=//sys/class/pci_bus/0000:01/subsystem/0000:11/subsystem/0000:0a/subsystem/0000:0c/device/rescan&path=//sys/class/pci_bus/0000:01/subsystem/0000:11/subsystem/0000:0a/subsystem/0000:0c/device HTTP/1.1" 200 262264 "-" "meta-externalagent/1.1 (+https://developers.facebook.com/docs/sharing/webmasters/crawler)"
141.98.11.111 - - [14/Dec/2025:02:03:33 +0000] "GET /?author=4 HTTP/1.1" 404 33298 "" "Mozilla/5.0 (Macintosh; Intel Mac OS X 13_6_1) AppleWebKit/605.1.15 (KHTML, like Gecko) Version/17.0 Safari/605.1.15"
141.98.11.111 - - [14/Dec/2025:02:03:33 +0000] "GET /?author=5 HTTP/1.1" 404 33297 "-" "Mozilla/5.0 (Windows NT 10.0; Win64; x64) AppleWebKit/537.36 (KHTML, like Gecko) Chrome/118.0.0.0 Safari/537.36"
216.73.216.115 - - [14/Dec/2025:02:03:33 +0000] "GET /entity/226619045.htm HTTP/1.1" 301 5 "-" "Mozilla/5.0 AppleWebKit/537.36 (KHTML, like Gecko; compatible; ClaudeBot/1.0; +claudebot@anthropic.com)"
141.98.11.111 - - [14/Dec/2025:02:03:33 +0000] "GET /?author=6 HTTP/1.1" 404 33298 "https://www.google.com/search?q=wordpress" "Mozilla/5.0 (X11; Linux x86_64) AppleWebKit/537.36 (KHTML, like Gecko) Chrome/120.0.0.0 Safari/537.36"
141.98.11.111 - - [14/Dec/2025:02:03:34 +0000] "GET /?author=7 HTTP/1.1" 404 33298 "https://www.facebook.com/" "Mozilla/5.0 (Macintosh; Intel Mac OS X 10_15_7) AppleWebKit/605.1.15 (KHTML, like Gecko) Version/17.1 Safari/605.1.15"
216.73.216.115 - - [14/Dec/2025:02:03:34 +0000] "GET /entity/226619045.htm/ HTTP/1.1" 200 45438 "https://datainsightnow.com/entity/226619045.htm" "Mozilla/5.0 AppleWebKit/537.36 (KHTML, like Gecko; compatible; ClaudeBot/1.0; +claudebot@anthropic.com)"
141.98.11.111 - - [14/Dec/2025:02:03:34 +0000] "GET /?author=8 HTTP/1.1" 404 33298 "-" "Mozilla/5.0 (X11; Ubuntu; Linux x86_64) AppleWebKit/537.36 (KHTML, like Gecko) Chrome/120.0.0.0 Safari/537.36"
85.208.96.199 - - [14/Dec/2025:02:03:35 +0000] "GET /?p=16683 HTTP/1.1" 200 42806 "-" "Mozilla/5.0 (compatible; SemrushBot/7~bl; +http://www.semrush.com/bot.html)"
141.98.11.111 - - [14/Dec/2025:02:03:35 +0000] "GET /?author=9 HTTP/1.1" 404 33298 "-" "Mozilla/5.0 (Macintosh; Intel Mac OS X 13_6_1; rv:119.0) Gecko/20100101 Firefox/119.0"
74.7.241.45 - - [14/Dec/2025:02:03:35 +0000] "GET /index.php?format=xml&rest_route=%2Foembed%2F1.0%2Fembed&url=https%3A%2F%2Fdatainsightnow.com%2F%3Fp%3D8776 HTTP/1.1" 200 1318 "-" "Mozilla/5.0 AppleWebKit/537.36 (KHTML, like Gecko; compatible; GPTBot/1.3; +https://openai.com/gptbot)"
141.98.11.111 - - [14/Dec/2025:02:03:35 +0000] "GET /wp-json/wp/v2/users HTTP/1.1" 301 5 "https://www.facebook.com/" "Mozilla/5.0 (Windows NT 10.0; Win64; x64) AppleWebKit/537.36 (KHTML, like Gecko) Chrome/120.0.0.0 Safari/537.36"
141.98.11.111 - - [14/Dec/2025:02:03:36 +0000] "GET /wp-json/wp/v2/users/ HTTP/1.1" 200 36696 "https://www.facebook.com/" "Mozilla/5.0 (Windows NT 10.0; Win64; x64) AppleWebKit/537.36 (KHTML, like Gecko) Chrome/120.0.0.0 Safari/537.36"
216.73.216.115 - - [14/Dec/2025:02:03:36 +0000] "GET /entity/226620081.htm HTTP/1.1" 301 5 "-" "Mozilla/5.0 AppleWebKit/537.36 (KHTML, like Gecko; compatible; ClaudeBot/1.0; +claudebot@anthropic.com)"
57.141.0.9 - - [14/Dec/2025:02:03:37 +0000] "GET /2025/03/07/page/6/?path=//sys/class/pci_bus/0000:05/subsystem/0000:0c/subsystem/0000:04/subsystem/0000:06/device/firmware_node/device:2b HTTP/1.1" 200 262264 "-" "meta-externalagent/1.1 (+https://developers.facebook.com/docs/sharing/webmasters/crawler)"
141.98.11.111 - - [14/Dec/2025:02:03:37 +0000] "GET / HTTP/1.1" 200 45438 "-" "Mozilla/5.0 (Macintosh; Intel Mac OS X 10_15_7) AppleWebKit/537.36 (KHTML, like Gecko) Chrome/121.0.0.0 Safari/537.36"
216.73.216.115 - - [14/Dec/2025:02:03:37 +0000] "GET /entity/226620081.htm/ HTTP/1.1" 200 45438 "https://datainsightnow.com/entity/226620081.htm" "Mozilla/5.0 AppleWebKit/537.36 (KHTML, like Gecko; compatible; ClaudeBot/1.0; +claudebot@anthropic.com)"
141.98.11.111 - - [14/Dec/2025:02:03:37 +0000] "POST /wp-login.php HTTP/1.1" 200 2685 "https://datainsightnow.com/wp-login.php" "Mozilla/5.0 (X11; Linux x86_64) AppleWebKit/537.36 (KHTML, like Gecko) Chrome/120.0.0.0 Safari/537.36"
141.98.11.111 - - [14/Dec/2025:02:03:38 +0000] "GET /wp-admin/index.php HTTP/1.1" 302 5 "https://datainsightnow.com/wp-login.php" "Mozilla/5.0 (Macintosh; Intel Mac OS X 13_6_1; rv:120.0) Gecko/20100101 Firefox/120.0"
141.98.11.111 - - [14/Dec/2025:02:03:38 +0000] "GET /wp-login.php?redirect_to=https%3A%2F%2Fdatainsightnow.com%2Fwp-admin%2Findex.php&reauth=1 HTTP/1.1" 200 2519 "https://datainsightnow.com/wp-login.php" "Mozilla/5.0 (Macintosh; Intel Mac OS X 13_6_1; rv:120.0) Gecko/20100101 Firefox/120.0"
74.7.241.45 - - [14/Dec/2025:02:03:38 +0000] "GET /index.php?rest_route=/wp/v2/posts/8776 HTTP/1.1" 200 4675 "-" "Mozilla/5.0 AppleWebKit/537.36 (KHTML, like Gecko; compatible; GPTBot/1.3; +https://openai.com/gptbot)"
141.98.11.111 - - [14/Dec/2025:02:03:38 +0000] "POST /wp-login.php HTTP/1.1" 200 2619 "https://datainsightnow.com/wp-login.php" "Mozilla/5.0 (Macintosh; Intel Mac OS X 13_6_1; rv:119.0) Gecko/20100101 Firefox/119.0"
85.208.96.201 - - [14/Dec/2025:02:03:38 +0000] "GET /?p=21759 HTTP/1.1" 200 44658 "-" "Mozilla/5.0 (compatible; SemrushBot/7~bl; +http://www.semrush.com/bot.html)"
141.98.11.111 - - [14/Dec/2025:02:03:39 +0000] "GET /wp-admin/index.php HTTP/1.1" 302 5 "https://datainsightnow.com/wp-login.php" "Mozilla/5.0 (Macintosh; Intel Mac OS X 13_6_1; rv:118.0) Gecko/20100101 Firefox/118.0"
57.141.0.60 - - [14/Dec/2025:02:03:39 +0000] "GET /2025/03/07/page/6/?fileloc=//sys/class/pci_bus/0000:01/device/driver/0000:00:02.6/subsystem/devices/0000:02:00.0/0000:03:01.0/config&path=//sys/class/pci_bus/0000:01/device/driver/0000:00:02.6/subsystem/devices/0000:02:00.0/0000:03:01.0 HTTP/1.1" 200 262248 "-" "meta-externalagent/1.1 (+https://developers.facebook.com/docs/sharing/webmasters/crawler)"
141.98.11.111 - - [14/Dec/2025:02:03:39 +0000] "GET /wp-login.php?redirect_to=https%3A%2F%2Fdatainsightnow.com%2Fwp-admin%2Findex.php&reauth=1 HTTP/1.1" 200 2519 "https://datainsightnow.com/wp-login.php" "Mozilla/5.0 (Macintosh; Intel Mac OS X 13_6_1; rv:118.0) Gecko/20100101 Firefox/118.0"
216.73.216.115 - - [14/Dec/2025:02:03:39 +0000] "GET /entity/226759156.htm HTTP/1.1" 301 5 "-" "Mozilla/5.0 AppleWebKit/537.36 (KHTML, like Gecko; compatible; ClaudeBot/1.0; +claudebot@anthropic.com)"
141.98.11.111 - - [14/Dec/2025:02:03:39 +0000] "POST /wp-login.php HTTP/1.1" 200 2677 "https://datainsightnow.com/wp-login.php" "Mozilla/5.0 (Macintosh; Intel Mac OS X 10_15_7) AppleWebKit/605.1.15 (KHTML, like Gecko) Version/17.0 Safari/605.1.15"
141.98.11.111 - - [14/Dec/2025:02:03:40 +0000] "GET /wp-admin/index.php HTTP/1.1" 302 5 "https://datainsightnow.com/wp-login.php" "Mozilla/5.0 (Windows NT 10.0; Win64; x64) AppleWebKit/537.36 (KHTML, like Gecko) Chrome/118.0.0.0 Safari/537.36"
216.73.216.115 - - [14/Dec/2025:02:03:40 +0000] "GET /entity/226759156.htm/ HTTP/1.1" 200 45438 "https://datainsightnow.com/entity/226759156.htm" "Mozilla/5.0 AppleWebKit/537.36 (KHTML, like Gecko; compatible; ClaudeBot/1.0; +claudebot@anthropic.com)"
141.98.11.111 - - [14/Dec/2025:02:03:40 +0000] "GET /wp-login.php?redirect_to=https%3A%2F%2Fdatainsightnow.com%2Fwp-admin%2Findex.php&reauth=1 HTTP/1.1" 200 2519 "https://datainsightnow.com/wp-login.php" "Mozilla/5.0 (Windows NT 10.0; Win64; x64) AppleWebKit/537.36 (KHTML, like Gecko) Chrome/118.0.0.0 Safari/537.36"
141.98.11.111 - - [14/Dec/2025:02:03:40 +0000] "POST /wp-login.php HTTP/1.1" 200 2676 "https://datainsightnow.com/wp-login.php" "Mozilla/5.0 (Macintosh; Intel Mac OS X 10_15_7) AppleWebKit/605.1.15 (KHTML, like Gecko) Version/17.1 Safari/605.1.15"
141.98.11.111 - - [14/Dec/2025:02:03:40 +0000] "GET /wp-admin/index.php HTTP/1.1" 302 5 "https://datainsightnow.com/wp-login.php" "Mozilla/5.0 (Macintosh; Intel Mac OS X 13_6_1) AppleWebKit/537.36 (KHTML, like Gecko) Chrome/118.0.0.0 Safari/537.36"
141.98.11.111 - - [14/Dec/2025:02:03:41 +0000] "GET /wp-login.php?redirect_to=https%3A%2F%2Fdatainsightnow.com%2Fwp-admin%2Findex.php&reauth=1 HTTP/1.1" 200 2519 "https://datainsightnow.com/wp-login.php" "Mozilla/5.0 (Macintosh; Intel Mac OS X 13_6_1) AppleWebKit/537.36 (KHTML, like Gecko) Chrome/118.0.0.0 Safari/537.36"
141.98.11.111 - - [14/Dec/2025:02:03:41 +0000] "POST /wp-login.php HTTP/1.1" 200 2619 "https://datainsightnow.com/wp-login.php" "Mozilla/5.0 (Macintosh; Intel Mac OS X 13_6_1) AppleWebKit/605.1.15 (KHTML, like Gecko) Version/17.0 Safari/605.1.15"
