57.141.0.13 - - [14/Dec/2025:00:42:53 +0000] "GET /karamba-spielsaal-erfahrungen-angeschlossen-testbericht-werfen-sie-einen-blick-auf-den-link-within-2025-pro-teutonia/?fileloc=//sys/class/pci_bus/0000:06/subsystem/0000:07/device/driver/0000:00:03.1/driver/0000:00:02.2/driver/0000:00:03.3/current_link_width&path=//sys/class/pci_bus/0000:06/subsystem/0000:07/device/driver/0000:00:03.1/driver/0000:00:02.2/driver/0000:00:03.3 HTTP/1.1" 200 262264 "-" "meta-externalagent/1.1 (+https://developers.facebook.com/docs/sharing/webmasters/crawler)"
85.208.96.210 - - [14/Dec/2025:00:42:53 +0000] "GET /?p=31045 HTTP/1.1" 200 42589 "-" "Mozilla/5.0 (compatible; SemrushBot/7~bl; +http://www.semrush.com/bot.html)"
57.141.0.45 - - [14/Dec/2025:00:42:53 +0000] "GET /2025/03/06/page/39/?path=//sys/class/pci_bus/0000:05/device/0000:00:02.3:pcie010/subsystem/devices/0000:00:03.5:pcie001/subsystem/devices/0000:00:02.4:pcie002/driver/0000:00:03.7:pcie002 HTTP/1.1" 200 262264 "-" "meta-externalagent/1.1 (+https://developers.facebook.com/docs/sharing/webmasters/crawler)"
57.141.0.1 - - [14/Dec/2025:00:42:53 +0000] "GET /2025/03/07/page/6/?fileloc=//sys/class/pci_bus/0000:05/subsystem/0000:10/subsystem/0000:12/subsystem/0000:0d/subsystem/0000:0f/device/subsystem_device&path=//sys/class/pci_bus/0000:05/subsystem/0000:10/subsystem/0000:12/subsystem/0000:0d/subsystem/0000:0f/device HTTP/1.1" 200 262216 "-" "meta-externalagent/1.1 (+https://developers.facebook.com/docs/sharing/webmasters/crawler)"
74.7.227.179 - - [14/Dec/2025:00:42:55 +0000] "GET /index.php?rest_route=/wp/v2/posts/11806 HTTP/1.1" 200 4838 "-" "Mozilla/5.0 AppleWebKit/537.36 (KHTML, like Gecko; compatible; GPTBot/1.3; +https://openai.com/gptbot)"
57.141.0.17 - - [14/Dec/2025:00:42:55 +0000] "GET /2025/03/13/?fileloc=//sys/class/pci_bus/0000:08/device/driver/0000:00:02.1/driver/0000:00:02.2/driver/0000:00:02.4/subsystem/drivers_probe&path=//sys/class/pci_bus/0000:08/device/driver/0000:00:02.1/driver/0000:00:02.2/driver/0000:00:02.4/subsystem HTTP/1.1" 200 262264 "-" "meta-externalagent/1.1 (+https://developers.facebook.com/docs/sharing/webmasters/crawler)"
57.141.0.20 - - [14/Dec/2025:00:42:58 +0000] "GET /karamba-spielsaal-erfahrungen-angeschlossen-testbericht-werfen-sie-einen-blick-auf-den-link-within-2025-pro-teutonia/?fileloc=//sys/class/pci_bus/0000:06/subsystem/0000:12/subsystem/0000:00/subsystem/0000:02/device/firmware_node/subsystem/drivers_autoprobe&path=//sys/class/pci_bus/0000:06/subsystem/0000:12/subsystem/0000:00/subsystem/0000:02/device/firmware_node/subsystem HTTP/1.1" 200 262216 "-" "meta-externalagent/1.1 (+https://developers.facebook.com/docs/sharing/webmasters/crawler)"
74.7.227.179 - - [14/Dec/2025:00:42:58 +0000] "GET /index.php?format=xml&rest_route=%2Foembed%2F1.0%2Fembed&url=https%3A%2F%2Fdatainsightnow.com%2F%3Fp%3D11806 HTTP/1.1" 200 1295 "-" "Mozilla/5.0 AppleWebKit/537.36 (KHTML, like Gecko; compatible; GPTBot/1.3; +https://openai.com/gptbot)"
66.249.77.98 - - [14/Dec/2025:00:43:00 +0000] "GET /?fileloc=//sys/class/sound/card0/device/subsystem/devices/0000:00:02.2/driver/0000:00:03.4/driver/0000:00:02.6/driver/0000:00:03.0/driver/0000:00:02.0/driver/0000:00:02.2/firmware_node/wakeup/wakeup4/subsystem/wakeup13/subsystem/wakeup2/subsystem/wakeup5/subsystem/wakeup20/uevent&path=//sys/class/sound/card0/device/subsystem/devices/0000:00:02.2/driver/0000:00:03.4/driver/0000:00:02.6/driver/0000:00:03.0/driver/0000:00:02.0/driver/0000:00:02.2/firmware_node/wakeup/wakeup4/subsystem/wakeup13/subsystem/wakeup2/subsystem/wakeup5/subsystem/wakeup20 HTTP/1.1" 200 45439 "-" "Mozilla/5.0 (Linux; Android 6.0.1; Nexus 5X Build/MMB29P) AppleWebKit/537.36 (KHTML, like Gecko) Chrome/141.0.7390.122 Mobile Safari/537.36 (compatible; Googlebot/2.1; +http://www.google.com/bot.html)"
74.7.227.179 - - [14/Dec/2025:00:43:01 +0000] "GET /?p=16448 HTTP/1.1" 200 44526 "-" "Mozilla/5.0 AppleWebKit/537.36 (KHTML, like Gecko; compatible; GPTBot/1.3; +https://openai.com/gptbot)"
74.7.227.179 - - [14/Dec/2025:00:43:04 +0000] "GET /?p=20411 HTTP/1.1" 200 42347 "-" "Mozilla/5.0 AppleWebKit/537.36 (KHTML, like Gecko; compatible; GPTBot/1.3; +https://openai.com/gptbot)"
52.167.144.142 - - [14/Dec/2025:00:43:06 +0000] "GET /al_c?fileloc=//etc/ghostscript/cidfmap.d/90gs-cjk-resource-japan1.conf&path=//etc/ghostscript/cidfmap.d HTTP/1.1" 200 30393 "-" "Mozilla/5.0 AppleWebKit/537.36 (KHTML, like Gecko; compatible; bingbot/2.0; +http://www.bing.com/bingbot.htm) Chrome/116.0.1938.76 Safari/537.36"
74.7.227.179 - - [14/Dec/2025:00:43:07 +0000] "GET /index.php?rest_route=/wp/v2/posts/20411 HTTP/1.1" 200 4983 "-" "Mozilla/5.0 AppleWebKit/537.36 (KHTML, like Gecko; compatible; GPTBot/1.3; +https://openai.com/gptbot)"
74.7.227.179 - - [14/Dec/2025:00:43:10 +0000] "GET /index.php?format=xml&rest_route=%2Foembed%2F1.0%2Fembed&url=https%3A%2F%2Fdatainsightnow.com%2F%3Fp%3D20411 HTTP/1.1" 200 1318 "-" "Mozilla/5.0 AppleWebKit/537.36 (KHTML, like Gecko; compatible; GPTBot/1.3; +https://openai.com/gptbot)"
185.191.171.3 - - [14/Dec/2025:00:43:13 +0000] "GET /?m=20230511 HTTP/1.1" 200 34228 "-" "Mozilla/5.0 (compatible; SemrushBot/7~bl; +http://www.semrush.com/bot.html)"
74.7.227.179 - - [14/Dec/2025:00:43:13 +0000] "GET /index.php?rest_route=%2Foembed%2F1.0%2Fembed&url=https%3A%2F%2Fdatainsightnow.com%2F%3Fp%3D20411 HTTP/1.1" 200 1291 "-" "Mozilla/5.0 AppleWebKit/537.36 (KHTML, like Gecko; compatible; GPTBot/1.3; +https://openai.com/gptbot)"
74.7.227.179 - - [14/Dec/2025:00:43:17 +0000] "GET /?p=11524 HTTP/1.1" 200 43420 "-" "Mozilla/5.0 AppleWebKit/537.36 (KHTML, like Gecko; compatible; GPTBot/1.3; +https://openai.com/gptbot)"
57.141.0.48 - - [14/Dec/2025:00:43:18 +0000] "GET /baz-luhrmanns-elvis-movie-versus-the-true-facts-of-elvis-presley/ HTTP/1.1" 200 262255 "-" "meta-externalagent/1.1 (+https://developers.facebook.com/docs/sharing/webmasters/crawler)"
185.113.8.55 - - [14/Dec/2025:00:43:18 +0000] "POST /wp-login.php HTTP/1.1" 200 2676 "-" "Mozilla/5.0 (X11; Linux x86_64) AppleWebKit/537.36 (KHTML, like Gecko) Chrome/132.0.6416.242 Safari/537.36"
57.141.0.43 - - [14/Dec/2025:00:43:19 +0000] "GET /2025/03/07/page/6/?fileloc=//sys/class/pci_bus/0000:05/subsystem/0000:0e/subsystem/0000:11/subsystem/0000:00/subsystem/0000:0d/device/aer_dev_fatal&path=//sys/class/pci_bus/0000:05/subsystem/0000:0e/subsystem/0000:11/subsystem/0000:00/subsystem/0000:0d/device HTTP/1.1" 200 262264 "-" "meta-externalagent/1.1 (+https://developers.facebook.com/docs/sharing/webmasters/crawler)"
74.7.227.179 - - [14/Dec/2025:00:43:20 +0000] "GET /index.php?rest_route=/wp/v2/posts/11524 HTTP/1.1" 200 5966 "-" "Mozilla/5.0 AppleWebKit/537.36 (KHTML, like Gecko; compatible; GPTBot/1.3; +https://openai.com/gptbot)"
57.141.0.20 - - [14/Dec/2025:00:43:22 +0000] "GET /karamba-spielsaal-erfahrungen-angeschlossen-testbericht-werfen-sie-einen-blick-auf-den-link-within-2025-pro-teutonia/?fileloc=//sys/class/pci_bus/0000:06/subsystem/0000:0b/subsystem/0000:0e/subsystem/0000:0f/power/autosuspend_delay_ms&path=//sys/class/pci_bus/0000:06/subsystem/0000:0b/subsystem/0000:0e/subsystem/0000:0f/power HTTP/1.1" 200 262209 "-" "meta-externalagent/1.1 (+https://developers.facebook.com/docs/sharing/webmasters/crawler)"
74.7.227.179 - - [14/Dec/2025:00:43:23 +0000] "GET /index.php?rest_route=%2Foembed%2F1.0%2Fembed&url=https%3A%2F%2Fdatainsightnow.com%2F%3Fp%3D11524 HTTP/1.1" 200 1277 "-" "Mozilla/5.0 AppleWebKit/537.36 (KHTML, like Gecko; compatible; GPTBot/1.3; +https://openai.com/gptbot)"
57.141.0.52 - - [14/Dec/2025:00:43:26 +0000] "GET /karamba-spielsaal-erfahrungen-angeschlossen-testbericht-werfen-sie-einen-blick-auf-den-link-within-2025-pro-teutonia/?fileloc=//sys/class/pci_bus/0000:0d/subsystem/0000:11/subsystem/0000:05/subsystem/0000:01/device/aer_dev_correctable&path=//sys/class/pci_bus/0000:0d/subsystem/0000:11/subsystem/0000:05/subsystem/0000:01/device HTTP/1.1" 200 262216 "-" "meta-externalagent/1.1 (+https://developers.facebook.com/docs/sharing/webmasters/crawler)"
74.7.227.179 - - [14/Dec/2025:00:43:26 +0000] "GET /index.php?format=xml&rest_route=%2Foembed%2F1.0%2Fembed&url=https%3A%2F%2Fdatainsightnow.com%2F%3Fp%3D11524 HTTP/1.1" 200 1303 "-" "Mozilla/5.0 AppleWebKit/537.36 (KHTML, like Gecko; compatible; GPTBot/1.3; +https://openai.com/gptbot)"
74.7.227.179 - - [14/Dec/2025:00:43:30 +0000] "GET /?p=42271 HTTP/1.1" 200 42525 "-" "Mozilla/5.0 AppleWebKit/537.36 (KHTML, like Gecko; compatible; GPTBot/1.3; +https://openai.com/gptbot)"
57.141.0.42 - - [14/Dec/2025:00:43:31 +0000] "GET /2025/03/07/page/6/?fileloc=//sys/class/pci_bus/0000:0e/device/subsystem/drivers/virtio-pci/0000:05:00.0/msi_irqs/43&path=//sys/class/pci_bus/0000:0e/device/subsystem/drivers/virtio-pci/0000:05:00.0/msi_irqs HTTP/1.1" 200 262264 "-" "meta-externalagent/1.1 (+https://developers.facebook.com/docs/sharing/webmasters/crawler)"
74.7.227.179 - - [14/Dec/2025:00:43:33 +0000] "GET /index.php?rest_route=%2Foembed%2F1.0%2Fembed&url=https%3A%2F%2Fdatainsightnow.com%2F%3Fp%3D42271 HTTP/1.1" 200 1276 "-" "Mozilla/5.0 AppleWebKit/537.36 (KHTML, like Gecko; compatible; GPTBot/1.3; +https://openai.com/gptbot)"
57.141.0.26 - - [14/Dec/2025:00:43:33 +0000] "GET /karamba-spielsaal-erfahrungen-angeschlossen-testbericht-werfen-sie-einen-blick-auf-den-link-within-2025-pro-teutonia/?path=//sys/class/pci_bus/0000:06/subsystem/0000:13/subsystem/0000:0d/subsystem/0000:03/subsystem/0000:00/subsystem HTTP/1.1" 200 262264 "-" "meta-externalagent/1.1 (+https://developers.facebook.com/docs/sharing/webmasters/crawler)"
57.141.0.6 - - [14/Dec/2025:00:43:33 +0000] "GET /karamba-spielsaal-erfahrungen-angeschlossen-testbericht-werfen-sie-einen-blick-auf-den-link-within-2025-pro-teutonia/?fileloc=//sys/class/pci_bus/0000:0e/subsystem/0000:0e/device/driver/0000:00:03.1/subsystem/devices/0000:06:00.0/enable&path=//sys/class/pci_bus/0000:0e/subsystem/0000:0e/device/driver/0000:00:03.1/subsystem/devices/0000:06:00.0 HTTP/1.1" 200 262264 "-" "meta-externalagent/1.1 (+https://developers.facebook.com/docs/sharing/webmasters/crawler)"
57.141.0.40 - - [14/Dec/2025:00:43:35 +0000] "GET /2025/03/07/page/6/?fileloc=//sys/class/pci_bus/0000:06/subsystem/0000:0d/device/driver/0000:00:02.6/driver/0000:00:03.3/driver/0000:00:02.1/max_link_speed&path=//sys/class/pci_bus/0000:06/subsystem/0000:0d/device/driver/0000:00:02.6/driver/0000:00:03.3/driver/0000:00:02.1 HTTP/1.1" 200 262264 "-" "meta-externalagent/1.1 (+https://developers.facebook.com/docs/sharing/webmasters/crawler)"
74.7.227.179 - - [14/Dec/2025:00:43:36 +0000] "GET /index.php?rest_route=/wp/v2/posts/42271 HTTP/1.1" 200 5058 "-" "Mozilla/5.0 AppleWebKit/537.36 (KHTML, like Gecko; compatible; GPTBot/1.3; +https://openai.com/gptbot)"
74.7.227.179 - - [14/Dec/2025:00:43:39 +0000] "GET /index.php?format=xml&rest_route=%2Foembed%2F1.0%2Fembed&url=https%3A%2F%2Fdatainsightnow.com%2F%3Fp%3D42271 HTTP/1.1" 200 1300 "-" "Mozilla/5.0 AppleWebKit/537.36 (KHTML, like Gecko; compatible; GPTBot/1.3; +https://openai.com/gptbot)"
74.7.227.179 - - [14/Dec/2025:00:43:42 +0000] "GET /?p=47699 HTTP/1.1" 200 43952 "-" "Mozilla/5.0 AppleWebKit/537.36 (KHTML, like Gecko; compatible; GPTBot/1.3; +https://openai.com/gptbot)"
57.141.0.25 - - [14/Dec/2025:00:43:43 +0000] "GET /karamba-spielsaal-erfahrungen-angeschlossen-testbericht-werfen-sie-einen-blick-auf-den-link-within-2025-pro-teutonia/?fileloc=//sys/class/pci_bus/0000:0e/subsystem/0000:01/device/driver/0000:00:02.0/driver/0000:00:02.6/dma_mask_bits&path=//sys/class/pci_bus/0000:0e/subsystem/0000:01/device/driver/0000:00:02.0/driver/0000:00:02.6 HTTP/1.1" 200 262264 "-" "meta-externalagent/1.1 (+https://developers.facebook.com/docs/sharing/webmasters/crawler)"
57.141.0.35 - - [14/Dec/2025:00:43:44 +0000] "GET /karamba-spielsaal-erfahrungen-angeschlossen-testbericht-werfen-sie-einen-blick-auf-den-link-within-2025-pro-teutonia/?fileloc=//sys/class/pci_bus/0000:03/subsystem/0000:0d/subsystem/0000:0c/subsystem/0000:01/subsystem/0000:11/rescan&path=//sys/class/pci_bus/0000:03/subsystem/0000:0d/subsystem/0000:0c/subsystem/0000:01/subsystem/0000:11 HTTP/1.1" 200 262264 "-" "meta-externalagent/1.1 (+https://developers.facebook.com/docs/sharing/webmasters/crawler)"
74.7.227.179 - - [14/Dec/2025:00:43:45 +0000] "GET /index.php?rest_route=%2Foembed%2F1.0%2Fembed&url=https%3A%2F%2Fdatainsightnow.com%2F%3Fp%3D47699 HTTP/1.1" 200 1284 "-" "Mozilla/5.0 AppleWebKit/537.36 (KHTML, like Gecko; compatible; GPTBot/1.3; +https://openai.com/gptbot)"
85.208.96.210 - - [14/Dec/2025:00:43:47 +0000] "GET /?p=14373 HTTP/1.1" 200 42313 "-" "Mozilla/5.0 (compatible; SemrushBot/7~bl; +http://www.semrush.com/bot.html)"
57.141.0.17 - - [14/Dec/2025:00:43:47 +0000] "GET /karamba-spielsaal-erfahrungen-angeschlossen-testbericht-werfen-sie-einen-blick-auf-den-link-within-2025-pro-teutonia/?path=//sys/class/pci_bus/0000:11/subsystem/0000:01/subsystem/0000:08/device/driver/0000:00:03.0/subsystem/slots HTTP/1.1" 200 262264 "-" "meta-externalagent/1.1 (+https://developers.facebook.com/docs/sharing/webmasters/crawler)"
74.7.227.179 - - [14/Dec/2025:00:43:48 +0000] "GET /index.php?format=xml&rest_route=%2Foembed%2F1.0%2Fembed&url=https%3A%2F%2Fdatainsightnow.com%2F%3Fp%3D47699 HTTP/1.1" 200 1311 "-" "Mozilla/5.0 AppleWebKit/537.36 (KHTML, like Gecko; compatible; GPTBot/1.3; +https://openai.com/gptbot)"
66.135.21.75 - - [14/Dec/2025:00:43:51 +0000] "POST /wp-cron.php?doing_wp_cron=1765673031.3791389465332031250000 HTTP/1.1" 200 31 "-" "WordPress/6.3.1; https://datainsightnow.com"
74.7.227.179 - - [14/Dec/2025:00:43:51 +0000] "GET /index.php?rest_route=/wp/v2/posts/47699 HTTP/1.1" 200 6471 "-" "Mozilla/5.0 AppleWebKit/537.36 (KHTML, like Gecko; compatible; GPTBot/1.3; +https://openai.com/gptbot)"
66.249.77.98 - - [14/Dec/2025:00:43:51 +0000] "GET /?fileloc=//sys/class/sound/card0/device/subsystem/devices/0000:00:02.2/driver/0000:00:03.4/driver/0000:00:02.6/driver/0000:00:03.0/subsystem/devices/0000:00:03.4/driver/0000:00:02.4/subsystem/devices/0000:00:02.4/driver/0000:00:02.0/driver/0000:00:02.1/driver/0000:00:02.2/driver/0000:00:03.3/broken_parity_status&path=//sys/class/sound/card0/device/subsystem/devices/0000:00:02.2/driver/0000:00:03.4/driver/0000:00:02.6/driver/0000:00:03.0/subsystem/devices/0000:00:03.4/driver/0000:00:02.4/subsystem/devices/0000:00:02.4/driver/0000:00:02.0/driver/0000:00:02.1/driver/0000:00:02.2/driver/0000:00:03.3 HTTP/1.1" 200 45439 "-" "Mozilla/5.0 (Linux; Android 6.0.1; Nexus 5X Build/MMB29P) AppleWebKit/537.36 (KHTML, like Gecko) Chrome/141.0.7390.122 Mobile Safari/537.36 (compatible; Googlebot/2.1; +http://www.google.com/bot.html)"
57.141.0.52 - - [14/Dec/2025:00:43:54 +0000] "GET /2025/03/07/page/6/?fileloc=//sys/class/pci_bus/0000:01/subsystem/0000:0d/subsystem/0000:02/device/vendor&path=//sys/class/pci_bus/0000:01/subsystem/0000:0d/subsystem/0000:02/device HTTP/1.1" 200 262264 "-" "meta-externalagent/1.1 (+https://developers.facebook.com/docs/sharing/webmasters/crawler)"
74.7.227.179 - - [14/Dec/2025:00:43:54 +0000] "GET /?p=40807 HTTP/1.1" 200 41608 "-" "Mozilla/5.0 AppleWebKit/537.36 (KHTML, like Gecko; compatible; GPTBot/1.3; +https://openai.com/gptbot)"
52.167.144.142 - - [14/Dec/2025:00:43:56 +0000] "GET /722074386?entity=0719286714 HTTP/1.1" 200 29151 "-" "Mozilla/5.0 AppleWebKit/537.36 (KHTML, like Gecko; compatible; bingbot/2.0; +http://www.bing.com/bingbot.htm) Chrome/116.0.1938.76 Safari/537.36"
185.113.8.55 - - [14/Dec/2025:00:43:56 +0000] "POST /wp-login.php HTTP/1.1" 200 2677 "-" "Mozilla/5.0 (Macintosh; Intel Mac OS X 14_6_1) AppleWebKit/537.36 (KHTML, like Gecko) Chrome/122.0.9737.232 Safari/537.36"
66.249.77.98 - - [14/Dec/2025:00:43:57 +0000] "GET /?fileloc=//sys/class/sound/card0/device/subsystem/devices/0000:00:02.2/driver/0000:00:03.4/driver/0000:00:02.6/driver/0000:00:03.0/driver/0000:00:02.0/driver/0000:00:02.1/driver/0000:00:02.7/driver/0000:00:03.5/driver/0000:00:03.1/driver/0000:00:03.7/driver/0000:00:03.3/subsystem/drivers/pcieport/0000:00:03.3/subsystem_device&path=//sys/class/sound/card0/device/subsystem/devices/0000:00:02.2/driver/0000:00:03.4/driver/0000:00:02.6/driver/0000:00:03.0/driver/0000:00:02.0/driver/0000:00:02.1/driver/0000:00:02.7/driver/0000:00:03.5/driver/0000:00:03.1/driver/0000:00:03.7/driver/0000:00:03.3/subsystem/drivers/pcieport/0000:00:03.3 HTTP/1.1" 200 45439 "-" "Mozilla/5.0 (Linux; Android 6.0.1; Nexus 5X Build/MMB29P) AppleWebKit/537.36 (KHTML, like Gecko) Chrome/141.0.7390.122 Mobile Safari/537.36 (compatible; Googlebot/2.1; +http://www.google.com/bot.html)"
74.7.227.179 - - [14/Dec/2025:00:43:57 +0000] "GET /index.php?rest_route=/wp/v2/posts/40807 HTTP/1.1" 200 4519 "-" "Mozilla/5.0 AppleWebKit/537.36 (KHTML, like Gecko; compatible; GPTBot/1.3; +https://openai.com/gptbot)"
57.141.0.45 - - [14/Dec/2025:00:43:58 +0000] "GET /karamba-spielsaal-erfahrungen-angeschlossen-testbericht-werfen-sie-einen-blick-auf-den-link-within-2025-pro-teutonia/?path=//sys/class/pci_bus/0000:04/device/driver/0000:00:03.0/subsystem/devices/0000:03:01.0/link HTTP/1.1" 200 262264 "-" "meta-externalagent/1.1 (+https://developers.facebook.com/docs/sharing/webmasters/crawler)"
57.141.0.71 - - [14/Dec/2025:00:43:59 +0000] "GET /karamba-spielsaal-erfahrungen-angeschlossen-testbericht-werfen-sie-einen-blick-auf-den-link-within-2025-pro-teutonia/?path=//sys/class/pci_bus/0000:0f/subsystem/0000:0d/subsystem/0000:0e/subsystem/0000:04/subsystem/0000:05/subsystem HTTP/1.1" 200 262248 "-" "meta-externalagent/1.1 (+https://developers.facebook.com/docs/sharing/webmasters/crawler)"
57.141.0.6 - - [14/Dec/2025:00:44:00 +0000] "GET /moneysense-self-help-guide-to-the-ideal-profile/?path=//lib/python3/dist-packages/cloudinit/distros/parsers HTTP/1.1" 200 262264 "-" "meta-externalagent/1.1 (+https://developers.facebook.com/docs/sharing/webmasters/crawler)"
74.7.227.179 - - [14/Dec/2025:00:44:01 +0000] "GET /index.php?format=xml&rest_route=%2Foembed%2F1.0%2Fembed&url=https%3A%2F%2Fdatainsightnow.com%2F%3Fp%3D40807 HTTP/1.1" 200 1288 "-" "Mozilla/5.0 AppleWebKit/537.36 (KHTML, like Gecko; compatible; GPTBot/1.3; +https://openai.com/gptbot)"
74.7.227.179 - - [14/Dec/2025:00:44:04 +0000] "GET /index.php?rest_route=%2Foembed%2F1.0%2Fembed&url=https%3A%2F%2Fdatainsightnow.com%2F%3Fp%3D40807 HTTP/1.1" 200 1261 "-" "Mozilla/5.0 AppleWebKit/537.36 (KHTML, like Gecko; compatible; GPTBot/1.3; +https://openai.com/gptbot)"
185.113.8.55 - - [14/Dec/2025:00:44:05 +0000] "POST /wp-login.php HTTP/1.1" 200 2677 "-" "Mozilla/5.0 (Windows NT 11.0; Win64; x64) AppleWebKit/537.36 (KHTML, like Gecko) Chrome/128.0.4247.102 Safari/537.36"
74.7.227.179 - - [14/Dec/2025:00:44:07 +0000] "GET /?p=27999 HTTP/1.1" 200 41144 "-" "Mozilla/5.0 AppleWebKit/537.36 (KHTML, like Gecko; compatible; GPTBot/1.3; +https://openai.com/gptbot)"
185.113.8.55 - - [14/Dec/2025:00:44:10 +0000] "POST /wp-login.php HTTP/1.1" 200 2674 "-" "Mozilla/5.0 (Macintosh; Intel Mac OS X 10_15_7) AppleWebKit/537.36 (KHTML, like Gecko) Chrome/132.0.9275.410 Safari/537.36"
74.7.227.179 - - [14/Dec/2025:00:44:10 +0000] "GET /index.php?format=xml&rest_route=%2Foembed%2F1.0%2Fembed&url=https%3A%2F%2Fdatainsightnow.com%2F%3Fp%3D27999 HTTP/1.1" 200 1286 "-" "Mozilla/5.0 AppleWebKit/537.36 (KHTML, like Gecko; compatible; GPTBot/1.3; +https://openai.com/gptbot)"
57.141.0.24 - - [14/Dec/2025:00:44:12 +0000] "GET /2025/03/07/page/6/?path=//sys/class/pci_bus/0000:0b/subsystem/0000:0a/device/0000:00:03.0:pcie001/subsystem/devices/0000:00:03.5:pcie001/driver/0000:00:02.5:pcie001 HTTP/1.1" 200 262264 "-" "meta-externalagent/1.1 (+https://developers.facebook.com/docs/sharing/webmasters/crawler)"
74.7.227.179 - - [14/Dec/2025:00:44:13 +0000] "GET /index.php?rest_route=/wp/v2/posts/27999 HTTP/1.1" 200 4052 "-" "Mozilla/5.0 AppleWebKit/537.36 (KHTML, like Gecko; compatible; GPTBot/1.3; +https://openai.com/gptbot)"
85.208.96.206 - - [14/Dec/2025:00:44:15 +0000] "GET /?p=38887 HTTP/1.1" 200 42733 "-" "Mozilla/5.0 (compatible; SemrushBot/7~bl; +http://www.semrush.com/bot.html)"
57.141.0.52 - - [14/Dec/2025:00:44:16 +0000] "GET /2025/03/07/page/6/?path=//sys/class/pci_bus/0000:05/subsystem/0000:0b/subsystem/0000:09/device/driver/0000:00:03.5/driver/0000:00:03.7/driver/0000:00:02.2/driver HTTP/1.1" 200 262264 "-" "meta-externalagent/1.1 (+https://developers.facebook.com/docs/sharing/webmasters/crawler)"
74.7.227.179 - - [14/Dec/2025:00:44:16 +0000] "GET /index.php?rest_route=%2Foembed%2F1.0%2Fembed&url=https%3A%2F%2Fdatainsightnow.com%2F%3Fp%3D27999 HTTP/1.1" 200 1261 "-" "Mozilla/5.0 AppleWebKit/537.36 (KHTML, like Gecko; compatible; GPTBot/1.3; +https://openai.com/gptbot)"
57.141.0.50 - - [14/Dec/2025:00:44:18 +0000] "GET /moneysense-self-help-guide-to-the-ideal-profile/?fileloc=//sys/class/pci_bus/0000:08/subsystem/0000:09/device/subsystem/devices/0000:00:01.0/ari_enabled&path=//sys/class/pci_bus/0000:08/subsystem/0000:09/device/subsystem/devices/0000:00:01.0 HTTP/1.1" 200 262215 "-" "meta-externalagent/1.1 (+https://developers.facebook.com/docs/sharing/webmasters/crawler)"
52.167.144.142 - - [14/Dec/2025:00:44:19 +0000] "GET /?1692561?entity=0001686286 HTTP/1.1" 200 31148 "-" "Mozilla/5.0 AppleWebKit/537.36 (KHTML, like Gecko; compatible; bingbot/2.0; +http://www.bing.com/bingbot.htm) Chrome/116.0.1938.76 Safari/537.36"
74.7.227.179 - - [14/Dec/2025:00:44:20 +0000] "GET /?p=29757 HTTP/1.1" 200 43197 "-" "Mozilla/5.0 AppleWebKit/537.36 (KHTML, like Gecko; compatible; GPTBot/1.3; +https://openai.com/gptbot)"
74.7.227.179 - - [14/Dec/2025:00:44:22 +0000] "GET /index.php?rest_route=/wp/v2/posts/29757 HTTP/1.1" 200 5729 "-" "Mozilla/5.0 AppleWebKit/537.36 (KHTML, like Gecko; compatible; GPTBot/1.3; +https://openai.com/gptbot)"
74.7.227.179 - - [14/Dec/2025:00:44:26 +0000] "GET /index.php?format=xml&rest_route=%2Foembed%2F1.0%2Fembed&url=https%3A%2F%2Fdatainsightnow.com%2F%3Fp%3D29757 HTTP/1.1" 200 1307 "-" "Mozilla/5.0 AppleWebKit/537.36 (KHTML, like Gecko; compatible; GPTBot/1.3; +https://openai.com/gptbot)"
74.7.227.179 - - [14/Dec/2025:00:44:29 +0000] "GET /index.php?rest_route=%2Foembed%2F1.0%2Fembed&url=https%3A%2F%2Fdatainsightnow.com%2F%3Fp%3D29757 HTTP/1.1" 200 1283 "-" "Mozilla/5.0 AppleWebKit/537.36 (KHTML, like Gecko; compatible; GPTBot/1.3; +https://openai.com/gptbot)"
85.208.96.206 - - [14/Dec/2025:00:44:29 +0000] "GET /?p=37879 HTTP/1.1" 200 43818 "-" "Mozilla/5.0 (compatible; SemrushBot/7~bl; +http://www.semrush.com/bot.html)"
74.7.227.179 - - [14/Dec/2025:00:44:32 +0000] "GET /?p=12813 HTTP/1.1" 200 45328 "-" "Mozilla/5.0 AppleWebKit/537.36 (KHTML, like Gecko; compatible; GPTBot/1.3; +https://openai.com/gptbot)"
74.7.227.179 - - [14/Dec/2025:00:44:35 +0000] "GET /?p=23999 HTTP/1.1" 200 42231 "-" "Mozilla/5.0 AppleWebKit/537.36 (KHTML, like Gecko; compatible; GPTBot/1.3; +https://openai.com/gptbot)"
52.167.144.142 - - [14/Dec/2025:00:44:38 +0000] "GET /633150362?entity=0630706026 HTTP/1.1" 200 29543 "-" "Mozilla/5.0 AppleWebKit/537.36 (KHTML, like Gecko; compatible; bingbot/2.0; +http://www.bing.com/bingbot.htm) Chrome/116.0.1938.76 Safari/537.36"
74.7.227.179 - - [14/Dec/2025:00:44:43 +0000] "GET /index.php?rest_route=/wp/v2/posts/23999 HTTP/1.1" 200 4739 "-" "Mozilla/5.0 AppleWebKit/537.36 (KHTML, like Gecko; compatible; GPTBot/1.3; +https://openai.com/gptbot)"
85.208.96.210 - - [14/Dec/2025:00:44:43 +0000] "GET /?m=20250327&paged=33 HTTP/1.1" 200 37397 "-" "Mozilla/5.0 (compatible; SemrushBot/7~bl; +http://www.semrush.com/bot.html)"
74.7.227.179 - - [14/Dec/2025:00:44:44 +0000] "GET /?p=11808 HTTP/1.1" 200 41309 "-" "Mozilla/5.0 AppleWebKit/537.36 (KHTML, like Gecko; compatible; GPTBot/1.3; +https://openai.com/gptbot)"
57.141.0.58 - - [14/Dec/2025:00:44:44 +0000] "GET /2025/03/06/page/39/?fileloc=//sys/class/pci_bus/0000:0c/subsystem/0000:0b/device/driver/0000:00:03.0/driver/0000:00:03.2/device&path=//sys/class/pci_bus/0000:0c/subsystem/0000:0b/device/driver/0000:00:03.0/driver/0000:00:03.2 HTTP/1.1" 200 262264 "-" "meta-externalagent/1.1 (+https://developers.facebook.com/docs/sharing/webmasters/crawler)"
74.7.227.179 - - [14/Dec/2025:00:44:47 +0000] "GET /index.php?rest_route=%2Foembed%2F1.0%2Fembed&url=https%3A%2F%2Fdatainsightnow.com%2F%3Fp%3D23999 HTTP/1.1" 200 1275 "-" "Mozilla/5.0 AppleWebKit/537.36 (KHTML, like Gecko; compatible; GPTBot/1.3; +https://openai.com/gptbot)"
85.208.96.194 - - [14/Dec/2025:00:44:49 +0000] "GET /?p=31145 HTTP/1.1" 200 45038 "-" "Mozilla/5.0 (compatible; SemrushBot/7~bl; +http://www.semrush.com/bot.html)"
66.135.21.75 - - [14/Dec/2025:00:44:50 +0000] "POST /wp-cron.php?doing_wp_cron=1765673090.1420710086822509765625 HTTP/1.1" 200 31 "-" "WordPress/6.3.1; https://datainsightnow.com"
74.7.227.179 - - [14/Dec/2025:00:44:50 +0000] "GET /index.php?format=xml&rest_route=%2Foembed%2F1.0%2Fembed&url=https%3A%2F%2Fdatainsightnow.com%2F%3Fp%3D23999 HTTP/1.1" 200 1302 "-" "Mozilla/5.0 AppleWebKit/537.36 (KHTML, like Gecko; compatible; GPTBot/1.3; +https://openai.com/gptbot)"
74.7.227.179 - - [14/Dec/2025:00:44:53 +0000] "GET /index.php?rest_route=%2Foembed%2F1.0%2Fembed&url=https%3A%2F%2Fdatainsightnow.com%2F%3Fp%3D11808 HTTP/1.1" 200 1285 "-" "Mozilla/5.0 AppleWebKit/537.36 (KHTML, like Gecko; compatible; GPTBot/1.3; +https://openai.com/gptbot)"
85.208.96.208 - - [14/Dec/2025:00:44:53 +0000] "GET /?p=43623 HTTP/1.1" 200 46674 "-" "Mozilla/5.0 (compatible; SemrushBot/7~bl; +http://www.semrush.com/bot.html)"
66.249.77.99 - - [14/Dec/2025:00:44:54 +0000] "GET /?fileloc=//sys/class/sound/card0/device/subsystem/devices/0000:00:02.2/driver/0000:00:02.2/driver/0000:00:03.1/driver/0000:00:04.0/firmware_node/subsystem/devices/device:05/subsystem/devices/device:31/subsystem/devices/device:06/subsystem/devices/LNXSYBUS:00/PNP0C0F:01/power/runtime_enabled&path=//sys/class/sound/card0/device/subsystem/devices/0000:00:02.2/driver/0000:00:02.2/driver/0000:00:03.1/driver/0000:00:04.0/firmware_node/subsystem/devices/device:05/subsystem/devices/device:31/subsystem/devices/device:06/subsystem/devices/LNXSYBUS:00/PNP0C0F:01/power HTTP/1.1" 200 45439 "-" "Mozilla/5.0 (Linux; Android 6.0.1; Nexus 5X Build/MMB29P) AppleWebKit/537.36 (KHTML, like Gecko) Chrome/141.0.7390.122 Mobile Safari/537.36 (compatible; Googlebot/2.1; +http://www.google.com/bot.html)"
74.7.227.179 - - [14/Dec/2025:00:44:56 +0000] "GET /index.php?rest_route=/wp/v2/posts/11808 HTTP/1.1" 200 4179 "-" "Mozilla/5.0 AppleWebKit/537.36 (KHTML, like Gecko; compatible; GPTBot/1.3; +https://openai.com/gptbot)"
74.7.227.179 - - [14/Dec/2025:00:44:59 +0000] "GET /index.php?format=xml&rest_route=%2Foembed%2F1.0%2Fembed&url=https%3A%2F%2Fdatainsightnow.com%2F%3Fp%3D11808 HTTP/1.1" 200 1310 "-" "Mozilla/5.0 AppleWebKit/537.36 (KHTML, like Gecko; compatible; GPTBot/1.3; +https://openai.com/gptbot)"
66.249.77.99 - - [14/Dec/2025:00:44:59 +0000] "GET /?path=//sys/class/wakeup/wakeup0/subsystem/wakeup4/subsystem/wakeup18/subsystem/wakeup33/subsystem/wakeup7/subsystem/wakeup25/device/device:1c HTTP/1.1" 200 45439 "-" "Mozilla/5.0 (Linux; Android 6.0.1; Nexus 5X Build/MMB29P) AppleWebKit/537.36 (KHTML, like Gecko) Chrome/141.0.7390.122 Mobile Safari/537.36 (compatible; Googlebot/2.1; +http://www.google.com/bot.html)"
66.249.77.98 - - [14/Dec/2025:00:45:01 +0000] "GET /608433223?entity=0606084318 HTTP/1.1" 200 29825 "-" "Mozilla/5.0 (Linux; Android 6.0.1; Nexus 5X Build/MMB29P) AppleWebKit/537.36 (KHTML, like Gecko) Chrome/141.0.7390.122 Mobile Safari/537.36 (compatible; Googlebot/2.1; +http://www.google.com/bot.html)"
74.7.227.179 - - [14/Dec/2025:00:45:03 +0000] "GET /?p=17305 HTTP/1.1" 200 43178 "-" "Mozilla/5.0 AppleWebKit/537.36 (KHTML, like Gecko; compatible; GPTBot/1.3; +https://openai.com/gptbot)"
57.141.0.32 - - [14/Dec/2025:00:45:04 +0000] "GET /karamba-spielsaal-erfahrungen-angeschlossen-testbericht-werfen-sie-einen-blick-auf-den-link-within-2025-pro-teutonia/?path=//sys/class/pci_bus/0000:0e/subsystem/0000:13/subsystem/0000:00/device/0000:00:03.6/driver/0000:00:03.5 HTTP/1.1" 200 262248 "-" "meta-externalagent/1.1 (+https://developers.facebook.com/docs/sharing/webmasters/crawler)"
74.7.227.179 - - [14/Dec/2025:00:45:06 +0000] "GET /index.php?format=xml&rest_route=%2Foembed%2F1.0%2Fembed&url=https%3A%2F%2Fdatainsightnow.com%2F%3Fp%3D17305 HTTP/1.1" 200 1304 "-" "Mozilla/5.0 AppleWebKit/537.36 (KHTML, like Gecko; compatible; GPTBot/1.3; +https://openai.com/gptbot)"
74.7.227.179 - - [14/Dec/2025:00:45:09 +0000] "GET /index.php?rest_route=%2Foembed%2F1.0%2Fembed&url=https%3A%2F%2Fdatainsightnow.com%2F%3Fp%3D17305 HTTP/1.1" 200 1276 "-" "Mozilla/5.0 AppleWebKit/537.36 (KHTML, like Gecko; compatible; GPTBot/1.3; +https://openai.com/gptbot)"
57.141.0.18 - - [14/Dec/2025:00:45:09 +0000] "GET /2025/03/13/?fileloc=//sys/class/pci_bus/0000:0b/device/driver/0000:00:02.4/subsystem/devices/0000:03:01.0/subsystem/resource_alignment&path=//sys/class/pci_bus/0000:0b/device/driver/0000:00:02.4/subsystem/devices/0000:03:01.0/subsystem HTTP/1.1" 200 262209 "-" "meta-externalagent/1.1 (+https://developers.facebook.com/docs/sharing/webmasters/crawler)"
57.141.0.32 - - [14/Dec/2025:00:45:09 +0000] "GET /2025/03/07/page/6/?path=//sys/class/pci_bus/0000:05/subsystem/0000:05/subsystem/0000:12/subsystem/0000:0c/device/driver/0000:00:03.6/link HTTP/1.1" 200 262264 "-" "meta-externalagent/1.1 (+https://developers.facebook.com/docs/sharing/webmasters/crawler)"
57.141.0.16 - - [14/Dec/2025:00:45:10 +0000] "GET /karamba-spielsaal-erfahrungen-angeschlossen-testbericht-werfen-sie-einen-blick-auf-den-link-within-2025-pro-teutonia/?path=//sys/class/pci_bus/0000:06/subsystem/0000:0c/subsystem/0000:05/device/0000:00:02.3:pcie002/driver/0000:00:02.0:pcie002/subsystem/devices/0000:00:03.2:pcie001/power HTTP/1.1" 200 262248 "-" "meta-externalagent/1.1 (+https://developers.facebook.com/docs/sharing/webmasters/crawler)"
57.141.0.13 - - [14/Dec/2025:00:45:11 +0000] "GET /2025/03/07/page/6/?fileloc=//sys/class/pci_bus/0000:0f/subsystem/0000:0c/subsystem/0000:05/subsystem/0000:07/subsystem/0000:0f/device/driver/0000:00:03.3/vendor&path=//sys/class/pci_bus/0000:0f/subsystem/0000:0c/subsystem/0000:05/subsystem/0000:07/subsystem/0000:0f/device/driver/0000:00:03.3 HTTP/1.1" 200 262264 "-" "meta-externalagent/1.1 (+https://developers.facebook.com/docs/sharing/webmasters/crawler)"
74.7.227.179 - - [14/Dec/2025:00:45:12 +0000] "GET /index.php?rest_route=/wp/v2/posts/17305 HTTP/1.1" 200 5548 "-" "Mozilla/5.0 AppleWebKit/537.36 (KHTML, like Gecko; compatible; GPTBot/1.3; +https://openai.com/gptbot)"
85.208.96.209 - - [14/Dec/2025:00:45:12 +0000] "GET /?p=9945 HTTP/1.1" 200 44299 "-" "Mozilla/5.0 (compatible; SemrushBot/7~bl; +http://www.semrush.com/bot.html)"
74.7.227.179 - - [14/Dec/2025:00:45:15 +0000] "GET /?p=20415 HTTP/1.1" 200 41177 "-" "Mozilla/5.0 AppleWebKit/537.36 (KHTML, like Gecko; compatible; GPTBot/1.3; +https://openai.com/gptbot)"
74.7.227.179 - - [14/Dec/2025:00:45:18 +0000] "GET /index.php?rest_route=%2Foembed%2F1.0%2Fembed&url=https%3A%2F%2Fdatainsightnow.com%2F%3Fp%3D20415 HTTP/1.1" 200 1282 "-" "Mozilla/5.0 AppleWebKit/537.36 (KHTML, like Gecko; compatible; GPTBot/1.3; +https://openai.com/gptbot)"
57.141.0.13 - - [14/Dec/2025:00:45:18 +0000] "GET /karamba-spielsaal-erfahrungen-angeschlossen-testbericht-werfen-sie-einen-blick-auf-den-link-within-2025-pro-teutonia/?fileloc=//sys/class/pci_bus/0000:06/subsystem/0000:0f/device/driver/0000:00:02.7/driver/0000:00:02.2/driver/0000:00:03.4/power/wakeup_active_count&path=//sys/class/pci_bus/0000:06/subsystem/0000:0f/device/driver/0000:00:02.7/driver/0000:00:02.2/driver/0000:00:03.4/power HTTP/1.1" 200 262264 "-" "meta-externalagent/1.1 (+https://developers.facebook.com/docs/sharing/webmasters/crawler)"
74.7.227.179 - - [14/Dec/2025:00:45:21 +0000] "GET /index.php?format=xml&rest_route=%2Foembed%2F1.0%2Fembed&url=https%3A%2F%2Fdatainsightnow.com%2F%3Fp%3D20415 HTTP/1.1" 200 1310 "-" "Mozilla/5.0 AppleWebKit/537.36 (KHTML, like Gecko; compatible; GPTBot/1.3; +https://openai.com/gptbot)"
185.113.8.55 - - [14/Dec/2025:00:45:22 +0000] "POST /wp-login.php HTTP/1.1" 200 2685 "-" "Mozilla/5.0 (Macintosh; Intel Mac OS X 10_15_7) AppleWebKit/537.36 (KHTML, like Gecko) Chrome/130.0.6662.642 Safari/537.36"
74.7.227.179 - - [14/Dec/2025:00:45:24 +0000] "GET /index.php?rest_route=/wp/v2/posts/20415 HTTP/1.1" 200 4042 "-" "Mozilla/5.0 AppleWebKit/537.36 (KHTML, like Gecko; compatible; GPTBot/1.3; +https://openai.com/gptbot)"
57.141.0.70 - - [14/Dec/2025:00:45:25 +0000] "GET /2025/03/07/page/6/?path=//sys/class/pci_bus/0000:09/device/0000:00:02.7:pcie001/subsystem/devices/0000:00:02.5:pcie001/subsystem/devices/0000:00:02.0:pcie002/driver/0000:00:02.2:pcie002 HTTP/1.1" 200 262248 "-" "meta-externalagent/1.1 (+https://developers.facebook.com/docs/sharing/webmasters/crawler)"
74.7.227.179 - - [14/Dec/2025:00:45:28 +0000] "GET /?p=11522 HTTP/1.1" 200 44027 "-" "Mozilla/5.0 AppleWebKit/537.36 (KHTML, like Gecko; compatible; GPTBot/1.3; +https://openai.com/gptbot)"
57.141.0.11 - - [14/Dec/2025:00:45:30 +0000] "GET /karamba-spielsaal-erfahrungen-angeschlossen-testbericht-werfen-sie-einen-blick-auf-den-link-within-2025-pro-teutonia/?fileloc=//sys/class/pci_bus/0000:06/device/driver/0000:00:02.2/driver/0000:00:02.3/driver/0000:00:03.5/class&path=//sys/class/pci_bus/0000:06/device/driver/0000:00:02.2/driver/0000:00:02.3/driver/0000:00:03.5 HTTP/1.1" 200 262215 "-" "meta-externalagent/1.1 (+https://developers.facebook.com/docs/sharing/webmasters/crawler)"
74.7.227.179 - - [14/Dec/2025:00:45:31 +0000] "GET /?p=42273 HTTP/1.1" 200 43740 "-" "Mozilla/5.0 AppleWebKit/537.36 (KHTML, like Gecko; compatible; GPTBot/1.3; +https://openai.com/gptbot)"
66.135.21.75 - - [14/Dec/2025:00:45:34 +0000] "POST /wp-cron.php?doing_wp_cron=1765673134.3314869403839111328125 HTTP/1.1" 200 31 "-" "WordPress/6.3.1; https://datainsightnow.com"
74.7.227.179 - - [14/Dec/2025:00:45:34 +0000] "GET /?p=47697 HTTP/1.1" 200 40917 "-" "Mozilla/5.0 AppleWebKit/537.36 (KHTML, like Gecko; compatible; GPTBot/1.3; +https://openai.com/gptbot)"
74.7.227.179 - - [14/Dec/2025:00:45:37 +0000] "GET /index.php?rest_route=/wp/v2/posts/47697 HTTP/1.1" 200 3734 "-" "Mozilla/5.0 AppleWebKit/537.36 (KHTML, like Gecko; compatible; GPTBot/1.3; +https://openai.com/gptbot)"
57.141.0.1 - - [14/Dec/2025:00:45:39 +0000] "GET /best-gambling-games-to-gamble-the-real-deal-cash-in-2025/ HTTP/1.1" 200 262264 "-" "meta-externalagent/1.1 (+https://developers.facebook.com/docs/sharing/webmasters/crawler)"
74.7.227.179 - - [14/Dec/2025:00:45:40 +0000] "GET /index.php?rest_route=%2Foembed%2F1.0%2Fembed&url=https%3A%2F%2Fdatainsightnow.com%2F%3Fp%3D47697 HTTP/1.1" 200 1289 "-" "Mozilla/5.0 AppleWebKit/537.36 (KHTML, like Gecko; compatible; GPTBot/1.3; +https://openai.com/gptbot)"
74.7.227.179 - - [14/Dec/2025:00:45:43 +0000] "GET /index.php?format=xml&rest_route=%2Foembed%2F1.0%2Fembed&url=https%3A%2F%2Fdatainsightnow.com%2F%3Fp%3D47697 HTTP/1.1" 200 1315 "-" "Mozilla/5.0 AppleWebKit/537.36 (KHTML, like Gecko; compatible; GPTBot/1.3; +https://openai.com/gptbot)"
74.7.227.179 - - [14/Dec/2025:00:45:46 +0000] "GET /?p=40805 HTTP/1.1" 200 43297 "-" "Mozilla/5.0 AppleWebKit/537.36 (KHTML, like Gecko; compatible; GPTBot/1.3; +https://openai.com/gptbot)"
74.7.227.179 - - [14/Dec/2025:00:45:49 +0000] "GET /index.php?rest_route=/wp/v2/posts/40805 HTTP/1.1" 200 5859 "-" "Mozilla/5.0 AppleWebKit/537.36 (KHTML, like Gecko; compatible; GPTBot/1.3; +https://openai.com/gptbot)"
66.135.21.75 - - [14/Dec/2025:00:45:51 +0000] "POST /wp-cron.php?doing_wp_cron=1765673151.8868050575256347656250 HTTP/1.1" 200 31 "-" "WordPress/6.3.1; https://datainsightnow.com"
66.249.77.98 - - [14/Dec/2025:00:45:52 +0000] "GET /?fileloc=//sys/class/wakeup/wakeup0/subsystem/wakeup26/subsystem/wakeup2/subsystem/wakeup20/subsystem/wakeup35/subsystem/wakeup14/subsystem/wakeup14/subsystem/wakeup6/subsystem/wakeup28/subsystem/wakeup9/subsystem/wakeup24/subsystem/wakeup13/subsystem/wakeup17/active_count&path=//sys/class/wakeup/wakeup0/subsystem/wakeup26/subsystem/wakeup2/subsystem/wakeup20/subsystem/wakeup35/subsystem/wakeup14/subsystem/wakeup14/subsystem/wakeup6/subsystem/wakeup28/subsystem/wakeup9/subsystem/wakeup24/subsystem/wakeup13/subsystem/wakeup17 HTTP/1.1" 200 45439 "-" "Mozilla/5.0 (Linux; Android 6.0.1; Nexus 5X Build/MMB29P) AppleWebKit/537.36 (KHTML, like Gecko) Chrome/141.0.7390.122 Mobile Safari/537.36 (compatible; Googlebot/2.1; +http://www.google.com/bot.html)"
74.7.227.179 - - [14/Dec/2025:00:45:52 +0000] "GET /index.php?rest_route=%2Foembed%2F1.0%2Fembed&url=https%3A%2F%2Fdatainsightnow.com%2F%3Fp%3D40805 HTTP/1.1" 200 1286 "-" "Mozilla/5.0 AppleWebKit/537.36 (KHTML, like Gecko; compatible; GPTBot/1.3; +https://openai.com/gptbot)"
74.7.227.179 - - [14/Dec/2025:00:45:55 +0000] "GET /index.php?format=xml&rest_route=%2Foembed%2F1.0%2Fembed&url=https%3A%2F%2Fdatainsightnow.com%2F%3Fp%3D40805 HTTP/1.1" 200 1311 "-" "Mozilla/5.0 AppleWebKit/537.36 (KHTML, like Gecko; compatible; GPTBot/1.3; +https://openai.com/gptbot)"
66.249.77.98 - - [14/Dec/2025:00:45:56 +0000] "GET /?path=//sys/class/sound/card0/device/subsystem/devices/0000:00:02.2/driver/0000:00:03.4/driver/0000:00:03.3/driver/0000:00:02.5/firmware_node/physical_node/driver/0000:00:03.2/driver/0000:00:02.1/driver/0000:00:02.2/driver/0000:00:02.7/driver/0000:00:02.1/firmware_node/physical_node/subsystem/devices/0000:00:02.2 HTTP/1.1" 200 45439 "-" "Mozilla/5.0 (Linux; Android 6.0.1; Nexus 5X Build/MMB29P) AppleWebKit/537.36 (KHTML, like Gecko) Chrome/141.0.7390.122 Mobile Safari/537.36 (compatible; Googlebot/2.1; +http://www.google.com/bot.html)"
57.141.0.13 - - [14/Dec/2025:00:45:56 +0000] "GET /2025/03/07/page/6/?fileloc=//sys/class/pci_bus/0000:06/subsystem/0000:04/device/driver/0000:00:03.2/driver/0000:00:02.7/driver/0000:00:02.5/aer_rootport_total_err_nonfatal&path=//sys/class/pci_bus/0000:06/subsystem/0000:04/device/driver/0000:00:03.2/driver/0000:00:02.7/driver/0000:00:02.5 HTTP/1.1" 200 262209 "-" "meta-externalagent/1.1 (+https://developers.facebook.com/docs/sharing/webmasters/crawler)"
57.141.0.23 - - [14/Dec/2025:00:45:56 +0000] "GET /nacin-kako-uporabljate-globe-wagering-najboljsa-knjiga/?path=//sys/class/tty/tty20/subsystem/tty/subsystem/tty41 HTTP/1.1" 200 262264 "-" "meta-externalagent/1.1 (+https://developers.facebook.com/docs/sharing/webmasters/crawler)"
57.141.0.8 - - [14/Dec/2025:00:45:57 +0000] "GET /2025/03/07/page/6/?fileloc=//sys/class/pci_bus/0000:07/subsystem/0000:10/subsystem/0000:0f/device/driver/0000:00:02.4/driver_override&path=//sys/class/pci_bus/0000:07/subsystem/0000:10/subsystem/0000:0f/device/driver/0000:00:02.4 HTTP/1.1" 200 262255 "-" "meta-externalagent/1.1 (+https://developers.facebook.com/docs/sharing/webmasters/crawler)"
74.7.227.179 - - [14/Dec/2025:00:45:59 +0000] "GET /?p=27997 HTTP/1.1" 200 42329 "-" "Mozilla/5.0 AppleWebKit/537.36 (KHTML, like Gecko; compatible; GPTBot/1.3; +https://openai.com/gptbot)"
57.141.0.37 - - [14/Dec/2025:00:46:01 +0000] "GET /karamba-spielsaal-erfahrungen-angeschlossen-testbericht-werfen-sie-einen-blick-auf-den-link-within-2025-pro-teutonia/?path=//sys/class/pci_bus/0000:05/device/pci_bus/0000:05/subsystem/0000:11/subsystem/0000:11/subsystem/0000:13/device HTTP/1.1" 200 262264 "-" "meta-externalagent/1.1 (+https://developers.facebook.com/docs/sharing/webmasters/crawler)"
74.7.227.179 - - [14/Dec/2025:00:46:02 +0000] "GET /index.php?rest_route=/wp/v2/posts/27997 HTTP/1.1" 200 4800 "-" "Mozilla/5.0 AppleWebKit/537.36 (KHTML, like Gecko; compatible; GPTBot/1.3; +https://openai.com/gptbot)"
74.7.227.179 - - [14/Dec/2025:00:46:05 +0000] "GET /index.php?rest_route=%2Foembed%2F1.0%2Fembed&url=https%3A%2F%2Fdatainsightnow.com%2F%3Fp%3D27997 HTTP/1.1" 200 1301 "-" "Mozilla/5.0 AppleWebKit/537.36 (KHTML, like Gecko; compatible; GPTBot/1.3; +https://openai.com/gptbot)"
57.141.0.42 - - [14/Dec/2025:00:46:05 +0000] "GET /allez-sur-le-plaisir-lord-of-i24slot-france-bonus-la-perle-rare-ocean-gratuit-aux-yeux-de-votre-divertissement/?fileloc=/opt/wpsites/datacloudnow.com/wp-includes/ms-load.php&path=/opt/wpsites/datacloudnow.com/wp-includes HTTP/1.1" 200 262216 "-" "meta-externalagent/1.1 (+https://developers.facebook.com/docs/sharing/webmasters/crawler)"
74.7.227.179 - - [14/Dec/2025:00:46:08 +0000] "GET /index.php?format=xml&rest_route=%2Foembed%2F1.0%2Fembed&url=https%3A%2F%2Fdatainsightnow.com%2F%3Fp%3D27997 HTTP/1.1" 200 1328 "-" "Mozilla/5.0 AppleWebKit/537.36 (KHTML, like Gecko; compatible; GPTBot/1.3; +https://openai.com/gptbot)"
74.7.227.179 - - [14/Dec/2025:00:46:12 +0000] "GET /?p=29759 HTTP/1.1" 200 43785 "-" "Mozilla/5.0 AppleWebKit/537.36 (KHTML, like Gecko; compatible; GPTBot/1.3; +https://openai.com/gptbot)"
85.208.96.199 - - [14/Dec/2025:00:46:13 +0000] "GET /?p=30205 HTTP/1.1" 200 41838 "-" "Mozilla/5.0 (compatible; SemrushBot/7~bl; +http://www.semrush.com/bot.html)"
74.7.227.179 - - [14/Dec/2025:00:46:15 +0000] "GET /?p=18034 HTTP/1.1" 200 43241 "-" "Mozilla/5.0 AppleWebKit/537.36 (KHTML, like Gecko; compatible; GPTBot/1.3; +https://openai.com/gptbot)"
185.113.8.55 - - [14/Dec/2025:00:46:15 +0000] "POST /wp-login.php HTTP/1.1" 200 2684 "-" "Mozilla/5.0 (Windows NT 10.0; Win64; x64) AppleWebKit/537.36 (KHTML, like Gecko) Chrome/128.0.8935.560 Safari/537.36"
74.7.227.179 - - [14/Dec/2025:00:46:18 +0000] "GET /index.php?format=xml&rest_route=%2Foembed%2F1.0%2Fembed&url=https%3A%2F%2Fdatainsightnow.com%2F%3Fp%3D18034 HTTP/1.1" 200 1443 "-" "Mozilla/5.0 AppleWebKit/537.36 (KHTML, like Gecko; compatible; GPTBot/1.3; +https://openai.com/gptbot)"
52.167.144.211 - - [14/Dec/2025:00:46:19 +0000] "GET /enc_avif/?fileloc=/usr/bin/passwd&path=/usr/bin HTTP/1.1" 200 31058 "-" "Mozilla/5.0 AppleWebKit/537.36 (KHTML, like Gecko; compatible; bingbot/2.0; +http://www.bing.com/bingbot.htm) Chrome/116.0.1938.76 Safari/537.36"
74.7.227.179 - - [14/Dec/2025:00:46:21 +0000] "GET /index.php?rest_route=/wp/v2/posts/18034 HTTP/1.1" 200 7494 "-" "Mozilla/5.0 AppleWebKit/537.36 (KHTML, like Gecko; compatible; GPTBot/1.3; +https://openai.com/gptbot)"
74.7.227.179 - - [14/Dec/2025:00:46:24 +0000] "GET /index.php?rest_route=%2Foembed%2F1.0%2Fembed&url=https%3A%2F%2Fdatainsightnow.com%2F%3Fp%3D18034 HTTP/1.1" 200 1399 "-" "Mozilla/5.0 AppleWebKit/537.36 (KHTML, like Gecko; compatible; GPTBot/1.3; +https://openai.com/gptbot)"
85.208.96.198 - - [14/Dec/2025:00:46:27 +0000] "GET /?p=17267 HTTP/1.1" 200 40906 "-" "Mozilla/5.0 (compatible; SemrushBot/7~bl; +http://www.semrush.com/bot.html)"
74.7.227.179 - - [14/Dec/2025:00:46:27 +0000] "GET /?p=23997 HTTP/1.1" 200 44778 "-" "Mozilla/5.0 AppleWebKit/537.36 (KHTML, like Gecko; compatible; GPTBot/1.3; +https://openai.com/gptbot)"
57.141.0.8 - - [14/Dec/2025:00:46:29 +0000] "GET /2025/03/07/page/6/?path=//sys/class/pci_bus/0000:02/subsystem/0000:02/subsystem/0000:0d/subsystem/0000:09/subsystem/0000:07 HTTP/1.1" 200 262216 "-" "meta-externalagent/1.1 (+https://developers.facebook.com/docs/sharing/webmasters/crawler)"
74.7.227.179 - - [14/Dec/2025:00:46:31 +0000] "GET /?p=11810 HTTP/1.1" 200 42992 "-" "Mozilla/5.0 AppleWebKit/537.36 (KHTML, like Gecko; compatible; GPTBot/1.3; +https://openai.com/gptbot)"
57.141.0.36 - - [14/Dec/2025:00:46:32 +0000] "GET /2025/03/07/page/6/?path=//sys/class/pci_bus/0000:02/subsystem/0000:05/subsystem/0000:09/device/0000:00:02.7:pcie010/power HTTP/1.1" 200 262215 "-" "meta-externalagent/1.1 (+https://developers.facebook.com/docs/sharing/webmasters/crawler)"
85.208.96.201 - - [14/Dec/2025:00:46:33 +0000] "GET /?p=16653 HTTP/1.1" 200 41215 "-" "Mozilla/5.0 (compatible; SemrushBot/7~bl; +http://www.semrush.com/bot.html)"
74.7.227.179 - - [14/Dec/2025:00:46:34 +0000] "GET /index.php?format=xml&rest_route=%2Foembed%2F1.0%2Fembed&url=https%3A%2F%2Fdatainsightnow.com%2F%3Fp%3D11810 HTTP/1.1" 200 1287 "-" "Mozilla/5.0 AppleWebKit/537.36 (KHTML, like Gecko; compatible; GPTBot/1.3; +https://openai.com/gptbot)"
57.141.0.71 - - [14/Dec/2025:00:46:35 +0000] "GET /2025/03/07/page/6/?fileloc=//sys/class/pci_bus/0000:0f/subsystem/0000:10/subsystem/0000:13/device/driver/0000:00:04.0/aer_rootport_total_err_nonfatal&path=//sys/class/pci_bus/0000:0f/subsystem/0000:10/subsystem/0000:13/device/driver/0000:00:04.0 HTTP/1.1" 200 262264 "-" "meta-externalagent/1.1 (+https://developers.facebook.com/docs/sharing/webmasters/crawler)"
57.141.0.8 - - [14/Dec/2025:00:46:36 +0000] "GET /karamba-spielsaal-erfahrungen-angeschlossen-testbericht-werfen-sie-einen-blick-auf-den-link-within-2025-pro-teutonia/?path=//sys/class/pci_bus/0000:0b/subsystem/0000:0a/subsystem/0000:05/subsystem/0000:01/subsystem/0000:13 HTTP/1.1" 200 262248 "-" "meta-externalagent/1.1 (+https://developers.facebook.com/docs/sharing/webmasters/crawler)"
74.7.227.179 - - [14/Dec/2025:00:46:37 +0000] "GET /index.php?rest_route=%2Foembed%2F1.0%2Fembed&url=https%3A%2F%2Fdatainsightnow.com%2F%3Fp%3D11810 HTTP/1.1" 200 1262 "-" "Mozilla/5.0 AppleWebKit/537.36 (KHTML, like Gecko; compatible; GPTBot/1.3; +https://openai.com/gptbot)"
74.7.227.179 - - [14/Dec/2025:00:46:40 +0000] "GET /index.php?rest_route=/wp/v2/posts/11810 HTTP/1.1" 200 5518 "-" "Mozilla/5.0 AppleWebKit/537.36 (KHTML, like Gecko; compatible; GPTBot/1.3; +https://openai.com/gptbot)"
74.7.227.179 - - [14/Dec/2025:00:46:43 +0000] "GET /?p=17313 HTTP/1.1" 200 43262 "-" "Mozilla/5.0 AppleWebKit/537.36 (KHTML, like Gecko; compatible; GPTBot/1.3; +https://openai.com/gptbot)"
57.141.0.6 - - [14/Dec/2025:00:46:45 +0000] "GET /2025/03/07/page/6/?path=//sys/class/pci_bus/0000:0b/subsystem/0000:0b/subsystem/0000:03/subsystem/0000:00/device/0000:00:03.4/link HTTP/1.1" 200 262215 "-" "meta-externalagent/1.1 (+https://developers.facebook.com/docs/sharing/webmasters/crawler)"
74.7.227.179 - - [14/Dec/2025:00:46:46 +0000] "GET /index.php?rest_route=/wp/v2/posts/17313 HTTP/1.1" 200 5635 "-" "Mozilla/5.0 AppleWebKit/537.36 (KHTML, like Gecko; compatible; GPTBot/1.3; +https://openai.com/gptbot)"
185.113.8.55 - - [14/Dec/2025:00:46:48 +0000] "POST /wp-login.php HTTP/1.1" 200 2684 "-" "Mozilla/5.0 (Windows NT 11.0; Win64; x64) AppleWebKit/537.36 (KHTML, like Gecko) Chrome/122.0.6487.866 Safari/537.36"
66.249.77.98 - - [14/Dec/2025:00:46:49 +0000] "GET /?path=//sys/class/wakeup/wakeup0/subsystem/wakeup26/subsystem/wakeup2/subsystem/wakeup20/subsystem/wakeup31/subsystem/wakeup31/subsystem/wakeup26/subsystem/wakeup9/subsystem/wakeup3/device/device:05/physical_node/firmware_node/device:25 HTTP/1.1" 200 45439 "-" "Mozilla/5.0 (Linux; Android 6.0.1; Nexus 5X Build/MMB29P) AppleWebKit/537.36 (KHTML, like Gecko) Chrome/141.0.7390.122 Mobile Safari/537.36 (compatible; Googlebot/2.1; +http://www.google.com/bot.html)"
74.7.227.179 - - [14/Dec/2025:00:46:49 +0000] "GET /index.php?format=xml&rest_route=%2Foembed%2F1.0%2Fembed&url=https%3A%2F%2Fdatainsightnow.com%2F%3Fp%3D17313 HTTP/1.1" 200 1299 "-" "Mozilla/5.0 AppleWebKit/537.36 (KHTML, like Gecko; compatible; GPTBot/1.3; +https://openai.com/gptbot)"
66.135.21.75 - - [14/Dec/2025:00:46:52 +0000] "POST /wp-cron.php?doing_wp_cron=1765673212.6174740791320800781250 HTTP/1.1" 200 31 "-" "WordPress/6.3.1; https://datainsightnow.com"
74.7.227.179 - - [14/Dec/2025:00:46:52 +0000] "GET /index.php?rest_route=%2Foembed%2F1.0%2Fembed&url=https%3A%2F%2Fdatainsightnow.com%2F%3Fp%3D17313 HTTP/1.1" 200 1272 "-" "Mozilla/5.0 AppleWebKit/537.36 (KHTML, like Gecko; compatible; GPTBot/1.3; +https://openai.com/gptbot)"
185.113.8.55 - - [14/Dec/2025:00:46:55 +0000] "POST /wp-login.php HTTP/1.1" 200 2678 "-" "Mozilla/5.0 (X11; Linux x86_64) AppleWebKit/537.36 (KHTML, like Gecko) Chrome/126.0.5591.98 Safari/537.36"
74.7.227.179 - - [14/Dec/2025:00:46:56 +0000] "GET /?p=20417 HTTP/1.1" 200 47198 "-" "Mozilla/5.0 AppleWebKit/537.36 (KHTML, like Gecko; compatible; GPTBot/1.3; +https://openai.com/gptbot)"
57.141.0.51 - - [14/Dec/2025:00:46:58 +0000] "GET /2025/03/07/page/6/?path=//sys/class/pci_bus/0000:0f/subsystem/0000:05/subsystem/0000:11/device/driver/0000:00:02.5/0000:00:02.5:pcie002/driver HTTP/1.1" 200 262209 "-" "meta-externalagent/1.1 (+https://developers.facebook.com/docs/sharing/webmasters/crawler)"
185.191.171.16 - - [14/Dec/2025:00:46:58 +0000] "GET /?p=33957 HTTP/1.1" 200 42444 "-" "Mozilla/5.0 (compatible; SemrushBot/7~bl; +http://www.semrush.com/bot.html)"
74.7.227.179 - - [14/Dec/2025:00:46:59 +0000] "GET /?p=11520 HTTP/1.1" 200 42367 "-" "Mozilla/5.0 AppleWebKit/537.36 (KHTML, like Gecko; compatible; GPTBot/1.3; +https://openai.com/gptbot)"
57.141.0.16 - - [14/Dec/2025:00:47:00 +0000] "GET /karamba-spielsaal-erfahrungen-angeschlossen-testbericht-werfen-sie-einen-blick-auf-den-link-within-2025-pro-teutonia/?fileloc=//sys/class/pci_bus/0000:06/subsystem/0000:06/subsystem/0000:00/subsystem/0000:10/subsystem/0000:12/subsystem/0000:01/rescan&path=//sys/class/pci_bus/0000:06/subsystem/0000:06/subsystem/0000:00/subsystem/0000:10/subsystem/0000:12/subsystem/0000:01 HTTP/1.1" 200 262209 "-" "meta-externalagent/1.1 (+https://developers.facebook.com/docs/sharing/webmasters/crawler)"
74.7.227.179 - - [14/Dec/2025:00:47:02 +0000] "GET /index.php?rest_route=/wp/v2/posts/11520 HTTP/1.1" 200 5002 "-" "Mozilla/5.0 AppleWebKit/537.36 (KHTML, like Gecko; compatible; GPTBot/1.3; +https://openai.com/gptbot)"
74.7.227.179 - - [14/Dec/2025:00:47:05 +0000] "GET /index.php?format=xml&rest_route=%2Foembed%2F1.0%2Fembed&url=https%3A%2F%2Fdatainsightnow.com%2F%3Fp%3D11520 HTTP/1.1" 200 1297 "-" "Mozilla/5.0 AppleWebKit/537.36 (KHTML, like Gecko; compatible; GPTBot/1.3; +https://openai.com/gptbot)"
74.7.227.179 - - [14/Dec/2025:00:47:08 +0000] "GET /index.php?rest_route=%2Foembed%2F1.0%2Fembed&url=https%3A%2F%2Fdatainsightnow.com%2F%3Fp%3D11520 HTTP/1.1" 200 1272 "-" "Mozilla/5.0 AppleWebKit/537.36 (KHTML, like Gecko; compatible; GPTBot/1.3; +https://openai.com/gptbot)"
57.141.0.40 - - [14/Dec/2025:00:47:09 +0000] "GET /2025/03/07/page/6/?path=//sys/class/pci_bus/0000:09/subsystem/0000:02/device/driver/0000:00:03.1/0000:00:03.1:pcie010/subsystem/devices/0000:00:02.5:pcie002 HTTP/1.1" 200 262264 "-" "meta-externalagent/1.1 (+https://developers.facebook.com/docs/sharing/webmasters/crawler)"
