124.248.184.195 - - [14/Dec/2025:01:39:55 +0000] "POST //wp-login.php HTTP/1.1" 200 7465 "https://datainsightnow.com//wp-login.php" "Mozilla/5.0 (Windows NT 10.0; Win64; x64) AppleWebKit/537.36 (KHTML, like Gecko) Chrome/78.0.3904.108 Safari/537.36"
57.141.0.30 - - [14/Dec/2025:01:39:55 +0000] "GET /2025/03/07/page/6/?fileloc=//sys/class/pci_bus/0000:0d/subsystem/0000:0d/subsystem/0000:00/device/0000:00:02.0/driver/0000:00:02.2/ari_enabled&path=//sys/class/pci_bus/0000:0d/subsystem/0000:0d/subsystem/0000:00/device/0000:00:02.0/driver/0000:00:02.2 HTTP/1.1" 200 262264 "-" "meta-externalagent/1.1 (+https://developers.facebook.com/docs/sharing/webmasters/crawler)"
124.248.184.195 - - [14/Dec/2025:01:39:55 +0000] "POST //wp-login.php HTTP/1.1" 200 7459 "https://datainsightnow.com//wp-login.php" "Mozilla/5.0 (Windows NT 10.0; Win64; x64) AppleWebKit/537.36 (KHTML, like Gecko) Chrome/78.0.3904.108 Safari/537.36"
124.248.184.195 - - [14/Dec/2025:01:39:56 +0000] "POST //wp-login.php HTTP/1.1" 200 7465 "https://datainsightnow.com//wp-login.php" "Mozilla/5.0 (Windows NT 10.0; Win64; x64) AppleWebKit/537.36 (KHTML, like Gecko) Chrome/78.0.3904.108 Safari/537.36"
216.73.216.115 - - [14/Dec/2025:01:39:56 +0000] "GET /entity/196005506.htm HTTP/1.1" 301 5 "-" "Mozilla/5.0 AppleWebKit/537.36 (KHTML, like Gecko; compatible; ClaudeBot/1.0; +claudebot@anthropic.com)"
124.248.184.195 - - [14/Dec/2025:01:39:56 +0000] "POST //wp-login.php HTTP/1.1" 200 7459 "https://datainsightnow.com//wp-login.php" "Mozilla/5.0 (Windows NT 10.0; Win64; x64) AppleWebKit/537.36 (KHTML, like Gecko) Chrome/78.0.3904.108 Safari/537.36"
124.248.184.195 - - [14/Dec/2025:01:39:57 +0000] "POST //wp-login.php HTTP/1.1" 200 7459 "https://datainsightnow.com//wp-login.php" "Mozilla/5.0 (Windows NT 10.0; Win64; x64) AppleWebKit/537.36 (KHTML, like Gecko) Chrome/78.0.3904.108 Safari/537.36"
216.73.216.115 - - [14/Dec/2025:01:39:57 +0000] "GET /entity/196005506.htm/ HTTP/1.1" 200 45438 "https://datainsightnow.com/entity/196005506.htm" "Mozilla/5.0 AppleWebKit/537.36 (KHTML, like Gecko; compatible; ClaudeBot/1.0; +claudebot@anthropic.com)"
124.248.184.195 - - [14/Dec/2025:01:39:57 +0000] "POST //wp-login.php HTTP/1.1" 200 7465 "https://datainsightnow.com//wp-login.php" "Mozilla/5.0 (Windows NT 10.0; Win64; x64) AppleWebKit/537.36 (KHTML, like Gecko) Chrome/78.0.3904.108 Safari/537.36"
124.248.184.195 - - [14/Dec/2025:01:39:57 +0000] "POST //wp-login.php HTTP/1.1" 200 7459 "https://datainsightnow.com//wp-login.php" "Mozilla/5.0 (Windows NT 10.0; Win64; x64) AppleWebKit/537.36 (KHTML, like Gecko) Chrome/78.0.3904.108 Safari/537.36"
74.7.241.45 - - [14/Dec/2025:01:39:58 +0000] "GET /index.php?rest_route=/wp/v2/posts/42315 HTTP/1.1" 200 5436 "-" "Mozilla/5.0 AppleWebKit/537.36 (KHTML, like Gecko; compatible; GPTBot/1.3; +https://openai.com/gptbot)"
124.248.184.195 - - [14/Dec/2025:01:39:58 +0000] "POST //wp-login.php HTTP/1.1" 200 7459 "https://datainsightnow.com//wp-login.php" "Mozilla/5.0 (Windows NT 10.0; Win64; x64) AppleWebKit/537.36 (KHTML, like Gecko) Chrome/78.0.3904.108 Safari/537.36"
124.248.184.195 - - [14/Dec/2025:01:39:58 +0000] "POST //wp-login.php HTTP/1.1" 200 7459 "https://datainsightnow.com//wp-login.php" "Mozilla/5.0 (Windows NT 10.0; Win64; x64) AppleWebKit/537.36 (KHTML, like Gecko) Chrome/78.0.3904.108 Safari/537.36"
124.248.184.195 - - [14/Dec/2025:01:39:59 +0000] "POST //wp-login.php HTTP/1.1" 200 7465 "https://datainsightnow.com//wp-login.php" "Mozilla/5.0 (Windows NT 10.0; Win64; x64) AppleWebKit/537.36 (KHTML, like Gecko) Chrome/78.0.3904.108 Safari/537.36"
216.73.216.115 - - [14/Dec/2025:01:39:59 +0000] "GET /entity/195847510.htm HTTP/1.1" 301 5 "-" "Mozilla/5.0 AppleWebKit/537.36 (KHTML, like Gecko; compatible; ClaudeBot/1.0; +claudebot@anthropic.com)"
124.248.184.195 - - [14/Dec/2025:01:39:59 +0000] "POST //wp-login.php HTTP/1.1" 200 7465 "https://datainsightnow.com//wp-login.php" "Mozilla/5.0 (Windows NT 10.0; Win64; x64) AppleWebKit/537.36 (KHTML, like Gecko) Chrome/78.0.3904.108 Safari/537.36"
216.73.216.115 - - [14/Dec/2025:01:40:00 +0000] "GET /entity/195847510.htm/ HTTP/1.1" 200 45438 "https://datainsightnow.com/entity/195847510.htm" "Mozilla/5.0 AppleWebKit/537.36 (KHTML, like Gecko; compatible; ClaudeBot/1.0; +claudebot@anthropic.com)"
124.248.184.195 - - [14/Dec/2025:01:40:00 +0000] "POST //wp-login.php HTTP/1.1" 200 7459 "https://datainsightnow.com//wp-login.php" "Mozilla/5.0 (Windows NT 10.0; Win64; x64) AppleWebKit/537.36 (KHTML, like Gecko) Chrome/78.0.3904.108 Safari/537.36"
124.248.184.195 - - [14/Dec/2025:01:40:00 +0000] "POST //wp-login.php HTTP/1.1" 200 7465 "https://datainsightnow.com//wp-login.php" "Mozilla/5.0 (Windows NT 10.0; Win64; x64) AppleWebKit/537.36 (KHTML, like Gecko) Chrome/78.0.3904.108 Safari/537.36"
124.248.184.195 - - [14/Dec/2025:01:40:00 +0000] "POST //wp-login.php HTTP/1.1" 200 7459 "https://datainsightnow.com//wp-login.php" "Mozilla/5.0 (Windows NT 10.0; Win64; x64) AppleWebKit/537.36 (KHTML, like Gecko) Chrome/78.0.3904.108 Safari/537.36"
74.7.241.45 - - [14/Dec/2025:01:40:01 +0000] "GET /index.php?format=xml&rest_route=%2Foembed%2F1.0%2Fembed&url=https%3A%2F%2Fdatainsightnow.com%2F%3Fp%3D42315 HTTP/1.1" 200 1287 "-" "Mozilla/5.0 AppleWebKit/537.36 (KHTML, like Gecko; compatible; GPTBot/1.3; +https://openai.com/gptbot)"
124.248.184.195 - - [14/Dec/2025:01:40:01 +0000] "POST //wp-login.php HTTP/1.1" 200 7465 "https://datainsightnow.com//wp-login.php" "Mozilla/5.0 (Windows NT 10.0; Win64; x64) AppleWebKit/537.36 (KHTML, like Gecko) Chrome/78.0.3904.108 Safari/537.36"
124.248.184.195 - - [14/Dec/2025:01:40:01 +0000] "POST //wp-login.php HTTP/1.1" 200 7465 "https://datainsightnow.com//wp-login.php" "Mozilla/5.0 (Windows NT 10.0; Win64; x64) AppleWebKit/537.36 (KHTML, like Gecko) Chrome/78.0.3904.108 Safari/537.36"
124.248.184.195 - - [14/Dec/2025:01:40:02 +0000] "POST //wp-login.php HTTP/1.1" 200 7465 "https://datainsightnow.com//wp-login.php" "Mozilla/5.0 (Windows NT 10.0; Win64; x64) AppleWebKit/537.36 (KHTML, like Gecko) Chrome/78.0.3904.108 Safari/537.36"
216.73.216.115 - - [14/Dec/2025:01:40:02 +0000] "GET /entity/195995919.htm HTTP/1.1" 301 5 "-" "Mozilla/5.0 AppleWebKit/537.36 (KHTML, like Gecko; compatible; ClaudeBot/1.0; +claudebot@anthropic.com)"
124.248.184.195 - - [14/Dec/2025:01:40:02 +0000] "POST //wp-login.php HTTP/1.1" 200 7465 "https://datainsightnow.com//wp-login.php" "Mozilla/5.0 (Windows NT 10.0; Win64; x64) AppleWebKit/537.36 (KHTML, like Gecko) Chrome/78.0.3904.108 Safari/537.36"
216.73.216.115 - - [14/Dec/2025:01:40:03 +0000] "GET /entity/195995919.htm/ HTTP/1.1" 200 45438 "https://datainsightnow.com/entity/195995919.htm" "Mozilla/5.0 AppleWebKit/537.36 (KHTML, like Gecko; compatible; ClaudeBot/1.0; +claudebot@anthropic.com)"
124.248.184.195 - - [14/Dec/2025:01:40:03 +0000] "POST //wp-login.php HTTP/1.1" 200 7459 "https://datainsightnow.com//wp-login.php" "Mozilla/5.0 (Windows NT 10.0; Win64; x64) AppleWebKit/537.36 (KHTML, like Gecko) Chrome/78.0.3904.108 Safari/537.36"
124.248.184.195 - - [14/Dec/2025:01:40:03 +0000] "POST //wp-login.php HTTP/1.1" 200 7465 "https://datainsightnow.com//wp-login.php" "Mozilla/5.0 (Windows NT 10.0; Win64; x64) AppleWebKit/537.36 (KHTML, like Gecko) Chrome/78.0.3904.108 Safari/537.36"
124.248.184.195 - - [14/Dec/2025:01:40:04 +0000] "POST //wp-login.php HTTP/1.1" 200 7363 "https://datainsightnow.com//wp-login.php" "Mozilla/5.0 (Windows NT 10.0; Win64; x64) AppleWebKit/537.36 (KHTML, like Gecko) Chrome/78.0.3904.108 Safari/537.36"
124.248.184.195 - - [14/Dec/2025:01:40:04 +0000] "POST //wp-login.php HTTP/1.1" 200 7465 "https://datainsightnow.com//wp-login.php" "Mozilla/5.0 (Windows NT 10.0; Win64; x64) AppleWebKit/537.36 (KHTML, like Gecko) Chrome/78.0.3904.108 Safari/537.36"
74.7.241.45 - - [14/Dec/2025:01:40:04 +0000] "GET /?p=47655 HTTP/1.1" 200 43250 "-" "Mozilla/5.0 AppleWebKit/537.36 (KHTML, like Gecko; compatible; GPTBot/1.3; +https://openai.com/gptbot)"
124.248.184.195 - - [14/Dec/2025:01:40:04 +0000] "POST //wp-login.php HTTP/1.1" 200 7459 "https://datainsightnow.com//wp-login.php" "Mozilla/5.0 (Windows NT 10.0; Win64; x64) AppleWebKit/537.36 (KHTML, like Gecko) Chrome/78.0.3904.108 Safari/537.36"
124.248.184.195 - - [14/Dec/2025:01:40:05 +0000] "POST //wp-login.php HTTP/1.1" 200 7465 "https://datainsightnow.com//wp-login.php" "Mozilla/5.0 (Windows NT 10.0; Win64; x64) AppleWebKit/537.36 (KHTML, like Gecko) Chrome/78.0.3904.108 Safari/537.36"
216.73.216.115 - - [14/Dec/2025:01:40:05 +0000] "GET /entity/195786647.htm HTTP/1.1" 301 5 "-" "Mozilla/5.0 AppleWebKit/537.36 (KHTML, like Gecko; compatible; ClaudeBot/1.0; +claudebot@anthropic.com)"
124.248.184.195 - - [14/Dec/2025:01:40:05 +0000] "POST //wp-login.php HTTP/1.1" 200 7465 "https://datainsightnow.com//wp-login.php" "Mozilla/5.0 (Windows NT 10.0; Win64; x64) AppleWebKit/537.36 (KHTML, like Gecko) Chrome/78.0.3904.108 Safari/537.36"
124.248.184.195 - - [14/Dec/2025:01:40:06 +0000] "POST //wp-login.php HTTP/1.1" 200 7465 "https://datainsightnow.com//wp-login.php" "Mozilla/5.0 (Windows NT 10.0; Win64; x64) AppleWebKit/537.36 (KHTML, like Gecko) Chrome/78.0.3904.108 Safari/537.36"
216.73.216.115 - - [14/Dec/2025:01:40:06 +0000] "GET /entity/195786647.htm/ HTTP/1.1" 200 45438 "https://datainsightnow.com/entity/195786647.htm" "Mozilla/5.0 AppleWebKit/537.36 (KHTML, like Gecko; compatible; ClaudeBot/1.0; +claudebot@anthropic.com)"
57.141.0.12 - - [14/Dec/2025:01:40:06 +0000] "GET /2025/03/07/page/6/?fileloc=//sys/class/pci_bus/0000:10/subsystem/0000:11/device/driver/0000:00:02.1/0000:02:00.0/ari_enabled&path=//sys/class/pci_bus/0000:10/subsystem/0000:11/device/driver/0000:00:02.1/0000:02:00.0 HTTP/1.1" 200 262264 "-" "meta-externalagent/1.1 (+https://developers.facebook.com/docs/sharing/webmasters/crawler)"
124.248.184.195 - - [14/Dec/2025:01:40:06 +0000] "POST //wp-login.php HTTP/1.1" 200 7459 "https://datainsightnow.com//wp-login.php" "Mozilla/5.0 (Windows NT 10.0; Win64; x64) AppleWebKit/537.36 (KHTML, like Gecko) Chrome/78.0.3904.108 Safari/537.36"
124.248.184.195 - - [14/Dec/2025:01:40:07 +0000] "POST //wp-login.php HTTP/1.1" 200 7459 "https://datainsightnow.com//wp-login.php" "Mozilla/5.0 (Windows NT 10.0; Win64; x64) AppleWebKit/537.36 (KHTML, like Gecko) Chrome/78.0.3904.108 Safari/537.36"
74.7.241.45 - - [14/Dec/2025:01:40:07 +0000] "GET /index.php?format=xml&rest_route=%2Foembed%2F1.0%2Fembed&url=https%3A%2F%2Fdatainsightnow.com%2F%3Fp%3D47655 HTTP/1.1" 200 1311 "-" "Mozilla/5.0 AppleWebKit/537.36 (KHTML, like Gecko; compatible; GPTBot/1.3; +https://openai.com/gptbot)"
124.248.184.195 - - [14/Dec/2025:01:40:07 +0000] "POST //wp-login.php HTTP/1.1" 200 7465 "https://datainsightnow.com//wp-login.php" "Mozilla/5.0 (Windows NT 10.0; Win64; x64) AppleWebKit/537.36 (KHTML, like Gecko) Chrome/78.0.3904.108 Safari/537.36"
57.141.0.16 - - [14/Dec/2025:01:40:08 +0000] "GET /moneysense-self-help-guide-to-the-ideal-profile/?fileloc=//sys/class/pci_bus/0000:0f/subsystem/0000:08/subsystem/0000:00/device/0000:00:03.7/remove&path=//sys/class/pci_bus/0000:0f/subsystem/0000:08/subsystem/0000:00/device/0000:00:03.7 HTTP/1.1" 200 262209 "-" "meta-externalagent/1.1 (+https://developers.facebook.com/docs/sharing/webmasters/crawler)"
124.248.184.195 - - [14/Dec/2025:01:40:08 +0000] "POST //wp-login.php HTTP/1.1" 200 7465 "https://datainsightnow.com//wp-login.php" "Mozilla/5.0 (Windows NT 10.0; Win64; x64) AppleWebKit/537.36 (KHTML, like Gecko) Chrome/78.0.3904.108 Safari/537.36"
57.141.0.17 - - [14/Dec/2025:01:40:08 +0000] "GET /2025/03/07/page/6/?fileloc=//sys/class/pci_bus/0000:06/subsystem/0000:0d/subsystem/0000:13/subsystem/0000:11/subsystem/0000:04/rescan&path=//sys/class/pci_bus/0000:06/subsystem/0000:0d/subsystem/0000:13/subsystem/0000:11/subsystem/0000:04 HTTP/1.1" 200 262264 "-" "meta-externalagent/1.1 (+https://developers.facebook.com/docs/sharing/webmasters/crawler)"
216.73.216.115 - - [14/Dec/2025:01:40:08 +0000] "GET /entity/195907600.htm HTTP/1.1" 301 5 "-" "Mozilla/5.0 AppleWebKit/537.36 (KHTML, like Gecko; compatible; ClaudeBot/1.0; +claudebot@anthropic.com)"
124.248.184.195 - - [14/Dec/2025:01:40:08 +0000] "POST //wp-login.php HTTP/1.1" 200 7459 "https://datainsightnow.com//wp-login.php" "Mozilla/5.0 (Windows NT 10.0; Win64; x64) AppleWebKit/537.36 (KHTML, like Gecko) Chrome/78.0.3904.108 Safari/537.36"
216.73.216.115 - - [14/Dec/2025:01:40:09 +0000] "GET /entity/195907600.htm/ HTTP/1.1" 200 45438 "https://datainsightnow.com/entity/195907600.htm" "Mozilla/5.0 AppleWebKit/537.36 (KHTML, like Gecko; compatible; ClaudeBot/1.0; +claudebot@anthropic.com)"
124.248.184.195 - - [14/Dec/2025:01:40:09 +0000] "POST //wp-login.php HTTP/1.1" 200 7465 "https://datainsightnow.com//wp-login.php" "Mozilla/5.0 (Windows NT 10.0; Win64; x64) AppleWebKit/537.36 (KHTML, like Gecko) Chrome/78.0.3904.108 Safari/537.36"
124.248.184.195 - - [14/Dec/2025:01:40:09 +0000] "POST //wp-login.php HTTP/1.1" 200 7459 "https://datainsightnow.com//wp-login.php" "Mozilla/5.0 (Windows NT 10.0; Win64; x64) AppleWebKit/537.36 (KHTML, like Gecko) Chrome/78.0.3904.108 Safari/537.36"
124.248.184.195 - - [14/Dec/2025:01:40:10 +0000] "POST //wp-login.php HTTP/1.1" 200 7459 "https://datainsightnow.com//wp-login.php" "Mozilla/5.0 (Windows NT 10.0; Win64; x64) AppleWebKit/537.36 (KHTML, like Gecko) Chrome/78.0.3904.108 Safari/537.36"
124.248.184.195 - - [14/Dec/2025:01:40:10 +0000] "POST //wp-login.php HTTP/1.1" 200 7459 "https://datainsightnow.com//wp-login.php" "Mozilla/5.0 (Windows NT 10.0; Win64; x64) AppleWebKit/537.36 (KHTML, like Gecko) Chrome/78.0.3904.108 Safari/537.36"
74.7.241.45 - - [14/Dec/2025:01:40:10 +0000] "GET /index.php?rest_route=%2Foembed%2F1.0%2Fembed&url=https%3A%2F%2Fdatainsightnow.com%2F%3Fp%3D47655 HTTP/1.1" 200 1287 "-" "Mozilla/5.0 AppleWebKit/537.36 (KHTML, like Gecko; compatible; GPTBot/1.3; +https://openai.com/gptbot)"
124.248.184.195 - - [14/Dec/2025:01:40:10 +0000] "POST //wp-login.php HTTP/1.1" 200 7459 "https://datainsightnow.com//wp-login.php" "Mozilla/5.0 (Windows NT 10.0; Win64; x64) AppleWebKit/537.36 (KHTML, like Gecko) Chrome/78.0.3904.108 Safari/537.36"
124.248.184.195 - - [14/Dec/2025:01:40:11 +0000] "POST //wp-login.php HTTP/1.1" 200 7465 "https://datainsightnow.com//wp-login.php" "Mozilla/5.0 (Windows NT 10.0; Win64; x64) AppleWebKit/537.36 (KHTML, like Gecko) Chrome/78.0.3904.108 Safari/537.36"
216.73.216.115 - - [14/Dec/2025:01:40:11 +0000] "GET /entity/195828864.htm HTTP/1.1" 301 5 "-" "Mozilla/5.0 AppleWebKit/537.36 (KHTML, like Gecko; compatible; ClaudeBot/1.0; +claudebot@anthropic.com)"
124.248.184.195 - - [14/Dec/2025:01:40:11 +0000] "POST //wp-login.php HTTP/1.1" 200 7465 "https://datainsightnow.com//wp-login.php" "Mozilla/5.0 (Windows NT 10.0; Win64; x64) AppleWebKit/537.36 (KHTML, like Gecko) Chrome/78.0.3904.108 Safari/537.36"
216.73.216.115 - - [14/Dec/2025:01:40:12 +0000] "GET /entity/195828864.htm/ HTTP/1.1" 200 45438 "https://datainsightnow.com/entity/195828864.htm" "Mozilla/5.0 AppleWebKit/537.36 (KHTML, like Gecko; compatible; ClaudeBot/1.0; +claudebot@anthropic.com)"
124.248.184.195 - - [14/Dec/2025:01:40:12 +0000] "POST //wp-login.php HTTP/1.1" 200 7465 "https://datainsightnow.com//wp-login.php" "Mozilla/5.0 (Windows NT 10.0; Win64; x64) AppleWebKit/537.36 (KHTML, like Gecko) Chrome/78.0.3904.108 Safari/537.36"
124.248.184.195 - - [14/Dec/2025:01:40:12 +0000] "POST //wp-login.php HTTP/1.1" 200 7459 "https://datainsightnow.com//wp-login.php" "Mozilla/5.0 (Windows NT 10.0; Win64; x64) AppleWebKit/537.36 (KHTML, like Gecko) Chrome/78.0.3904.108 Safari/537.36"
124.248.184.195 - - [14/Dec/2025:01:40:13 +0000] "POST //wp-login.php HTTP/1.1" 200 7459 "https://datainsightnow.com//wp-login.php" "Mozilla/5.0 (Windows NT 10.0; Win64; x64) AppleWebKit/537.36 (KHTML, like Gecko) Chrome/78.0.3904.108 Safari/537.36"
124.248.184.195 - - [14/Dec/2025:01:40:13 +0000] "POST //wp-login.php HTTP/1.1" 200 7465 "https://datainsightnow.com//wp-login.php" "Mozilla/5.0 (Windows NT 10.0; Win64; x64) AppleWebKit/537.36 (KHTML, like Gecko) Chrome/78.0.3904.108 Safari/537.36"
124.248.184.195 - - [14/Dec/2025:01:40:13 +0000] "POST //wp-login.php HTTP/1.1" 200 7459 "https://datainsightnow.com//wp-login.php" "Mozilla/5.0 (Windows NT 10.0; Win64; x64) AppleWebKit/537.36 (KHTML, like Gecko) Chrome/78.0.3904.108 Safari/537.36"
74.7.241.45 - - [14/Dec/2025:01:40:14 +0000] "GET /index.php?rest_route=/wp/v2/posts/47655 HTTP/1.1" 200 5730 "-" "Mozilla/5.0 AppleWebKit/537.36 (KHTML, like Gecko; compatible; GPTBot/1.3; +https://openai.com/gptbot)"
124.248.184.195 - - [14/Dec/2025:01:40:14 +0000] "POST //wp-login.php HTTP/1.1" 200 7459 "https://datainsightnow.com//wp-login.php" "Mozilla/5.0 (Windows NT 10.0; Win64; x64) AppleWebKit/537.36 (KHTML, like Gecko) Chrome/78.0.3904.108 Safari/537.36"
185.113.8.55 - - [14/Dec/2025:01:40:14 +0000] "POST /wp-login.php HTTP/1.1" 200 2680 "-" "Mozilla/5.0 (Macintosh; Intel Mac OS X 14_6_1) AppleWebKit/537.36 (KHTML, like Gecko) Chrome/132.0.8292.387 Safari/537.36"
216.73.216.115 - - [14/Dec/2025:01:40:14 +0000] "GET /entity/195779658.htm HTTP/1.1" 301 5 "-" "Mozilla/5.0 AppleWebKit/537.36 (KHTML, like Gecko; compatible; ClaudeBot/1.0; +claudebot@anthropic.com)"
124.248.184.195 - - [14/Dec/2025:01:40:14 +0000] "POST //wp-login.php HTTP/1.1" 200 7465 "https://datainsightnow.com//wp-login.php" "Mozilla/5.0 (Windows NT 10.0; Win64; x64) AppleWebKit/537.36 (KHTML, like Gecko) Chrome/78.0.3904.108 Safari/537.36"
216.73.216.115 - - [14/Dec/2025:01:40:15 +0000] "GET /entity/195779658.htm/ HTTP/1.1" 200 45438 "https://datainsightnow.com/entity/195779658.htm" "Mozilla/5.0 AppleWebKit/537.36 (KHTML, like Gecko; compatible; ClaudeBot/1.0; +claudebot@anthropic.com)"
124.248.184.195 - - [14/Dec/2025:01:40:15 +0000] "POST //wp-login.php HTTP/1.1" 200 7465 "https://datainsightnow.com//wp-login.php" "Mozilla/5.0 (Windows NT 10.0; Win64; x64) AppleWebKit/537.36 (KHTML, like Gecko) Chrome/78.0.3904.108 Safari/537.36"
124.248.184.195 - - [14/Dec/2025:01:40:15 +0000] "POST //wp-login.php HTTP/1.1" 200 7465 "https://datainsightnow.com//wp-login.php" "Mozilla/5.0 (Windows NT 10.0; Win64; x64) AppleWebKit/537.36 (KHTML, like Gecko) Chrome/78.0.3904.108 Safari/537.36"
124.248.184.195 - - [14/Dec/2025:01:40:16 +0000] "POST //wp-login.php HTTP/1.1" 200 7465 "https://datainsightnow.com//wp-login.php" "Mozilla/5.0 (Windows NT 10.0; Win64; x64) AppleWebKit/537.36 (KHTML, like Gecko) Chrome/78.0.3904.108 Safari/537.36"
124.248.184.195 - - [14/Dec/2025:01:40:16 +0000] "POST //wp-login.php HTTP/1.1" 200 7459 "https://datainsightnow.com//wp-login.php" "Mozilla/5.0 (Windows NT 10.0; Win64; x64) AppleWebKit/537.36 (KHTML, like Gecko) Chrome/78.0.3904.108 Safari/537.36"
124.248.184.195 - - [14/Dec/2025:01:40:16 +0000] "POST //wp-login.php HTTP/1.1" 200 7465 "https://datainsightnow.com//wp-login.php" "Mozilla/5.0 (Windows NT 10.0; Win64; x64) AppleWebKit/537.36 (KHTML, like Gecko) Chrome/78.0.3904.108 Safari/537.36"
124.248.184.195 - - [14/Dec/2025:01:40:17 +0000] "POST //wp-login.php HTTP/1.1" 200 7465 "https://datainsightnow.com//wp-login.php" "Mozilla/5.0 (Windows NT 10.0; Win64; x64) AppleWebKit/537.36 (KHTML, like Gecko) Chrome/78.0.3904.108 Safari/537.36"
216.73.216.115 - - [14/Dec/2025:01:40:17 +0000] "GET /entity/195912266.htm HTTP/1.1" 301 5 "-" "Mozilla/5.0 AppleWebKit/537.36 (KHTML, like Gecko; compatible; ClaudeBot/1.0; +claudebot@anthropic.com)"
74.7.241.45 - - [14/Dec/2025:01:40:17 +0000] "GET /?p=29795 HTTP/1.1" 200 42850 "-" "Mozilla/5.0 AppleWebKit/537.36 (KHTML, like Gecko; compatible; GPTBot/1.3; +https://openai.com/gptbot)"
57.141.0.70 - - [14/Dec/2025:01:40:17 +0000] "GET /2025/03/07/page/6/?fileloc=//sys/class/pci_bus/0000:01/subsystem/0000:00/device/0000:00:03.1/driver/0000:00:02.0/0000:01:00.0/numa_node&path=//sys/class/pci_bus/0000:01/subsystem/0000:00/device/0000:00:03.1/driver/0000:00:02.0/0000:01:00.0 HTTP/1.1" 200 262264 "-" "meta-externalagent/1.1 (+https://developers.facebook.com/docs/sharing/webmasters/crawler)"
124.248.184.195 - - [14/Dec/2025:01:40:17 +0000] "POST //wp-login.php HTTP/1.1" 200 7459 "https://datainsightnow.com//wp-login.php" "Mozilla/5.0 (Windows NT 10.0; Win64; x64) AppleWebKit/537.36 (KHTML, like Gecko) Chrome/78.0.3904.108 Safari/537.36"
216.73.216.115 - - [14/Dec/2025:01:40:18 +0000] "GET /entity/195912266.htm/ HTTP/1.1" 200 45438 "https://datainsightnow.com/entity/195912266.htm" "Mozilla/5.0 AppleWebKit/537.36 (KHTML, like Gecko; compatible; ClaudeBot/1.0; +claudebot@anthropic.com)"
124.248.184.195 - - [14/Dec/2025:01:40:18 +0000] "POST //wp-login.php HTTP/1.1" 200 7459 "https://datainsightnow.com//wp-login.php" "Mozilla/5.0 (Windows NT 10.0; Win64; x64) AppleWebKit/537.36 (KHTML, like Gecko) Chrome/78.0.3904.108 Safari/537.36"
124.248.184.195 - - [14/Dec/2025:01:40:18 +0000] "POST //wp-login.php HTTP/1.1" 200 7465 "https://datainsightnow.com//wp-login.php" "Mozilla/5.0 (Windows NT 10.0; Win64; x64) AppleWebKit/537.36 (KHTML, like Gecko) Chrome/78.0.3904.108 Safari/537.36"
124.248.184.195 - - [14/Dec/2025:01:40:19 +0000] "POST //wp-login.php HTTP/1.1" 200 7465 "https://datainsightnow.com//wp-login.php" "Mozilla/5.0 (Windows NT 10.0; Win64; x64) AppleWebKit/537.36 (KHTML, like Gecko) Chrome/78.0.3904.108 Safari/537.36"
57.141.0.58 - - [14/Dec/2025:01:40:19 +0000] "GET /karamba-spielsaal-erfahrungen-angeschlossen-testbericht-werfen-sie-einen-blick-auf-den-link-within-2025-pro-teutonia/?fileloc=//sys/class/pci_bus/0000:04/device/driver/0000:00:02.1/driver/0000:00:02.6/driver/0000:00:02.7/resource&path=//sys/class/pci_bus/0000:04/device/driver/0000:00:02.1/driver/0000:00:02.6/driver/0000:00:02.7 HTTP/1.1" 200 262248 "-" "meta-externalagent/1.1 (+https://developers.facebook.com/docs/sharing/webmasters/crawler)"
124.248.184.195 - - [14/Dec/2025:01:40:19 +0000] "POST //wp-login.php HTTP/1.1" 200 7459 "https://datainsightnow.com//wp-login.php" "Mozilla/5.0 (Windows NT 10.0; Win64; x64) AppleWebKit/537.36 (KHTML, like Gecko) Chrome/78.0.3904.108 Safari/537.36"
124.248.184.195 - - [14/Dec/2025:01:40:20 +0000] "POST //wp-login.php HTTP/1.1" 200 7459 "https://datainsightnow.com//wp-login.php" "Mozilla/5.0 (Windows NT 10.0; Win64; x64) AppleWebKit/537.36 (KHTML, like Gecko) Chrome/78.0.3904.108 Safari/537.36"
74.7.241.45 - - [14/Dec/2025:01:40:20 +0000] "GET /index.php?rest_route=/wp/v2/posts/29795 HTTP/1.1" 200 5384 "-" "Mozilla/5.0 AppleWebKit/537.36 (KHTML, like Gecko; compatible; GPTBot/1.3; +https://openai.com/gptbot)"
124.248.184.195 - - [14/Dec/2025:01:40:20 +0000] "POST //wp-login.php HTTP/1.1" 200 7459 "https://datainsightnow.com//wp-login.php" "Mozilla/5.0 (Windows NT 10.0; Win64; x64) AppleWebKit/537.36 (KHTML, like Gecko) Chrome/78.0.3904.108 Safari/537.36"
216.73.216.115 - - [14/Dec/2025:01:40:20 +0000] "GET /entity/195856061.htm HTTP/1.1" 301 5 "-" "Mozilla/5.0 AppleWebKit/537.36 (KHTML, like Gecko; compatible; ClaudeBot/1.0; +claudebot@anthropic.com)"
124.248.184.195 - - [14/Dec/2025:01:40:21 +0000] "POST //wp-login.php HTTP/1.1" 200 7465 "https://datainsightnow.com//wp-login.php" "Mozilla/5.0 (Windows NT 10.0; Win64; x64) AppleWebKit/537.36 (KHTML, like Gecko) Chrome/78.0.3904.108 Safari/537.36"
216.73.216.115 - - [14/Dec/2025:01:40:21 +0000] "GET /entity/195856061.htm/ HTTP/1.1" 200 45438 "https://datainsightnow.com/entity/195856061.htm" "Mozilla/5.0 AppleWebKit/537.36 (KHTML, like Gecko; compatible; ClaudeBot/1.0; +claudebot@anthropic.com)"
124.248.184.195 - - [14/Dec/2025:01:40:21 +0000] "POST //wp-login.php HTTP/1.1" 200 7459 "https://datainsightnow.com//wp-login.php" "Mozilla/5.0 (Windows NT 10.0; Win64; x64) AppleWebKit/537.36 (KHTML, like Gecko) Chrome/78.0.3904.108 Safari/537.36"
57.141.0.55 - - [14/Dec/2025:01:40:21 +0000] "GET /2025/03/06/page/39/?fileloc=//sys/class/pci_bus/0000:0e/subsystem/0000:00/device/0000:00:03.7/driver/0000:00:04.0/msi_bus&path=//sys/class/pci_bus/0000:0e/subsystem/0000:00/device/0000:00:03.7/driver/0000:00:04.0 HTTP/1.1" 200 262248 "-" "meta-externalagent/1.1 (+https://developers.facebook.com/docs/sharing/webmasters/crawler)"
124.248.184.195 - - [14/Dec/2025:01:40:21 +0000] "POST //wp-login.php HTTP/1.1" 200 7459 "https://datainsightnow.com//wp-login.php" "Mozilla/5.0 (Windows NT 10.0; Win64; x64) AppleWebKit/537.36 (KHTML, like Gecko) Chrome/78.0.3904.108 Safari/537.36"
124.248.184.195 - - [14/Dec/2025:01:40:22 +0000] "POST //wp-login.php HTTP/1.1" 200 7459 "https://datainsightnow.com//wp-login.php" "Mozilla/5.0 (Windows NT 10.0; Win64; x64) AppleWebKit/537.36 (KHTML, like Gecko) Chrome/78.0.3904.108 Safari/537.36"
124.248.184.195 - - [14/Dec/2025:01:40:22 +0000] "POST //wp-login.php HTTP/1.1" 200 7459 "https://datainsightnow.com//wp-login.php" "Mozilla/5.0 (Windows NT 10.0; Win64; x64) AppleWebKit/537.36 (KHTML, like Gecko) Chrome/78.0.3904.108 Safari/537.36"
124.248.184.195 - - [14/Dec/2025:01:40:23 +0000] "POST //wp-login.php HTTP/1.1" 200 7465 "https://datainsightnow.com//wp-login.php" "Mozilla/5.0 (Windows NT 10.0; Win64; x64) AppleWebKit/537.36 (KHTML, like Gecko) Chrome/78.0.3904.108 Safari/537.36"
74.7.241.45 - - [14/Dec/2025:01:40:23 +0000] "GET /index.php?format=xml&rest_route=%2Foembed%2F1.0%2Fembed&url=https%3A%2F%2Fdatainsightnow.com%2F%3Fp%3D29795 HTTP/1.1" 200 1347 "-" "Mozilla/5.0 AppleWebKit/537.36 (KHTML, like Gecko; compatible; GPTBot/1.3; +https://openai.com/gptbot)"
216.73.216.115 - - [14/Dec/2025:01:40:23 +0000] "GET /entity/195945930.htm HTTP/1.1" 301 5 "-" "Mozilla/5.0 AppleWebKit/537.36 (KHTML, like Gecko; compatible; ClaudeBot/1.0; +claudebot@anthropic.com)"
124.248.184.195 - - [14/Dec/2025:01:40:23 +0000] "POST //wp-login.php HTTP/1.1" 200 7465 "https://datainsightnow.com//wp-login.php" "Mozilla/5.0 (Windows NT 10.0; Win64; x64) AppleWebKit/537.36 (KHTML, like Gecko) Chrome/78.0.3904.108 Safari/537.36"
124.248.184.195 - - [14/Dec/2025:01:40:24 +0000] "POST //wp-login.php HTTP/1.1" 200 7465 "https://datainsightnow.com//wp-login.php" "Mozilla/5.0 (Windows NT 10.0; Win64; x64) AppleWebKit/537.36 (KHTML, like Gecko) Chrome/78.0.3904.108 Safari/537.36"
216.73.216.115 - - [14/Dec/2025:01:40:24 +0000] "GET /entity/195945930.htm/ HTTP/1.1" 200 45438 "https://datainsightnow.com/entity/195945930.htm" "Mozilla/5.0 AppleWebKit/537.36 (KHTML, like Gecko; compatible; ClaudeBot/1.0; +claudebot@anthropic.com)"
124.248.184.195 - - [14/Dec/2025:01:40:24 +0000] "POST //wp-login.php HTTP/1.1" 200 7465 "https://datainsightnow.com//wp-login.php" "Mozilla/5.0 (Windows NT 10.0; Win64; x64) AppleWebKit/537.36 (KHTML, like Gecko) Chrome/78.0.3904.108 Safari/537.36"
124.248.184.195 - - [14/Dec/2025:01:40:24 +0000] "POST //wp-login.php HTTP/1.1" 200 7459 "https://datainsightnow.com//wp-login.php" "Mozilla/5.0 (Windows NT 10.0; Win64; x64) AppleWebKit/537.36 (KHTML, like Gecko) Chrome/78.0.3904.108 Safari/537.36"
124.248.184.195 - - [14/Dec/2025:01:40:25 +0000] "POST //wp-login.php HTTP/1.1" 200 7465 "https://datainsightnow.com//wp-login.php" "Mozilla/5.0 (Windows NT 10.0; Win64; x64) AppleWebKit/537.36 (KHTML, like Gecko) Chrome/78.0.3904.108 Safari/537.36"
124.248.184.195 - - [14/Dec/2025:01:40:25 +0000] "POST //wp-login.php HTTP/1.1" 200 7465 "https://datainsightnow.com//wp-login.php" "Mozilla/5.0 (Windows NT 10.0; Win64; x64) AppleWebKit/537.36 (KHTML, like Gecko) Chrome/78.0.3904.108 Safari/537.36"
124.248.184.195 - - [14/Dec/2025:01:40:26 +0000] "POST //wp-login.php HTTP/1.1" 200 7465 "https://datainsightnow.com//wp-login.php" "Mozilla/5.0 (Windows NT 10.0; Win64; x64) AppleWebKit/537.36 (KHTML, like Gecko) Chrome/78.0.3904.108 Safari/537.36"
74.7.241.45 - - [14/Dec/2025:01:40:26 +0000] "GET /index.php?rest_route=%2Foembed%2F1.0%2Fembed&url=https%3A%2F%2Fdatainsightnow.com%2F%3Fp%3D29795 HTTP/1.1" 200 1318 "-" "Mozilla/5.0 AppleWebKit/537.36 (KHTML, like Gecko; compatible; GPTBot/1.3; +https://openai.com/gptbot)"
216.73.216.115 - - [14/Dec/2025:01:40:26 +0000] "GET /entity/195906564.htm HTTP/1.1" 301 5 "-" "Mozilla/5.0 AppleWebKit/537.36 (KHTML, like Gecko; compatible; ClaudeBot/1.0; +claudebot@anthropic.com)"
124.248.184.195 - - [14/Dec/2025:01:40:26 +0000] "POST //wp-login.php HTTP/1.1" 200 7459 "https://datainsightnow.com//wp-login.php" "Mozilla/5.0 (Windows NT 10.0; Win64; x64) AppleWebKit/537.36 (KHTML, like Gecko) Chrome/78.0.3904.108 Safari/537.36"
216.73.216.115 - - [14/Dec/2025:01:40:27 +0000] "GET /entity/195906564.htm/ HTTP/1.1" 200 45438 "https://datainsightnow.com/entity/195906564.htm" "Mozilla/5.0 AppleWebKit/537.36 (KHTML, like Gecko; compatible; ClaudeBot/1.0; +claudebot@anthropic.com)"
124.248.184.195 - - [14/Dec/2025:01:40:27 +0000] "POST //wp-login.php HTTP/1.1" 200 7459 "https://datainsightnow.com//wp-login.php" "Mozilla/5.0 (Windows NT 10.0; Win64; x64) AppleWebKit/537.36 (KHTML, like Gecko) Chrome/78.0.3904.108 Safari/537.36"
124.248.184.195 - - [14/Dec/2025:01:40:27 +0000] "POST //wp-login.php HTTP/1.1" 200 7465 "https://datainsightnow.com//wp-login.php" "Mozilla/5.0 (Windows NT 10.0; Win64; x64) AppleWebKit/537.36 (KHTML, like Gecko) Chrome/78.0.3904.108 Safari/537.36"
124.248.184.195 - - [14/Dec/2025:01:40:27 +0000] "POST //wp-login.php HTTP/1.1" 200 7459 "https://datainsightnow.com//wp-login.php" "Mozilla/5.0 (Windows NT 10.0; Win64; x64) AppleWebKit/537.36 (KHTML, like Gecko) Chrome/78.0.3904.108 Safari/537.36"
124.248.184.195 - - [14/Dec/2025:01:40:28 +0000] "POST //wp-login.php HTTP/1.1" 200 7459 "https://datainsightnow.com//wp-login.php" "Mozilla/5.0 (Windows NT 10.0; Win64; x64) AppleWebKit/537.36 (KHTML, like Gecko) Chrome/78.0.3904.108 Safari/537.36"
124.248.184.195 - - [14/Dec/2025:01:40:28 +0000] "POST //wp-login.php HTTP/1.1" 200 7459 "https://datainsightnow.com//wp-login.php" "Mozilla/5.0 (Windows NT 10.0; Win64; x64) AppleWebKit/537.36 (KHTML, like Gecko) Chrome/78.0.3904.108 Safari/537.36"
66.249.77.99 - - [14/Dec/2025:01:40:29 +0000] "GET /entity/34219853.htm HTTP/1.1" 200 30398 "-" "Mozilla/5.0 (Linux; Android 6.0.1; Nexus 5X Build/MMB29P) AppleWebKit/537.36 (KHTML, like Gecko) Chrome/141.0.7390.122 Mobile Safari/537.36 (compatible; Googlebot/2.1; +http://www.google.com/bot.html)"
124.248.184.195 - - [14/Dec/2025:01:40:29 +0000] "POST //wp-login.php HTTP/1.1" 200 7465 "https://datainsightnow.com//wp-login.php" "Mozilla/5.0 (Windows NT 10.0; Win64; x64) AppleWebKit/537.36 (KHTML, like Gecko) Chrome/78.0.3904.108 Safari/537.36"
216.73.216.115 - - [14/Dec/2025:01:40:29 +0000] "GET /entity/195993849.htm HTTP/1.1" 301 5 "-" "Mozilla/5.0 AppleWebKit/537.36 (KHTML, like Gecko; compatible; ClaudeBot/1.0; +claudebot@anthropic.com)"
124.248.184.195 - - [14/Dec/2025:01:40:29 +0000] "POST //wp-login.php HTTP/1.1" 200 7459 "https://datainsightnow.com//wp-login.php" "Mozilla/5.0 (Windows NT 10.0; Win64; x64) AppleWebKit/537.36 (KHTML, like Gecko) Chrome/78.0.3904.108 Safari/537.36"
74.7.241.45 - - [14/Dec/2025:01:40:30 +0000] "GET /?p=10717 HTTP/1.1" 200 44252 "-" "Mozilla/5.0 AppleWebKit/537.36 (KHTML, like Gecko; compatible; GPTBot/1.3; +https://openai.com/gptbot)"
124.248.184.195 - - [14/Dec/2025:01:40:30 +0000] "POST //wp-login.php HTTP/1.1" 200 7465 "https://datainsightnow.com//wp-login.php" "Mozilla/5.0 (Windows NT 10.0; Win64; x64) AppleWebKit/537.36 (KHTML, like Gecko) Chrome/78.0.3904.108 Safari/537.36"
216.73.216.115 - - [14/Dec/2025:01:40:30 +0000] "GET /entity/195993849.htm/ HTTP/1.1" 200 45438 "https://datainsightnow.com/entity/195993849.htm" "Mozilla/5.0 AppleWebKit/537.36 (KHTML, like Gecko; compatible; ClaudeBot/1.0; +claudebot@anthropic.com)"
124.248.184.195 - - [14/Dec/2025:01:40:30 +0000] "POST //wp-login.php HTTP/1.1" 200 7465 "https://datainsightnow.com//wp-login.php" "Mozilla/5.0 (Windows NT 10.0; Win64; x64) AppleWebKit/537.36 (KHTML, like Gecko) Chrome/78.0.3904.108 Safari/537.36"
124.248.184.195 - - [14/Dec/2025:01:40:31 +0000] "POST //wp-login.php HTTP/1.1" 200 7459 "https://datainsightnow.com//wp-login.php" "Mozilla/5.0 (Windows NT 10.0; Win64; x64) AppleWebKit/537.36 (KHTML, like Gecko) Chrome/78.0.3904.108 Safari/537.36"
124.248.184.195 - - [14/Dec/2025:01:40:31 +0000] "POST //wp-login.php HTTP/1.1" 200 7459 "https://datainsightnow.com//wp-login.php" "Mozilla/5.0 (Windows NT 10.0; Win64; x64) AppleWebKit/537.36 (KHTML, like Gecko) Chrome/78.0.3904.108 Safari/537.36"
124.248.184.195 - - [14/Dec/2025:01:40:31 +0000] "POST //wp-login.php HTTP/1.1" 200 7465 "https://datainsightnow.com//wp-login.php" "Mozilla/5.0 (Windows NT 10.0; Win64; x64) AppleWebKit/537.36 (KHTML, like Gecko) Chrome/78.0.3904.108 Safari/537.36"
66.135.21.75 - - [14/Dec/2025:01:40:32 +0000] "POST /wp-cron.php?doing_wp_cron=1765676432.0999009609222412109375 HTTP/1.1" 200 31 "-" "WordPress/6.3.1; https://datainsightnow.com"
124.248.184.195 - - [14/Dec/2025:01:40:32 +0000] "POST //wp-login.php HTTP/1.1" 200 7465 "https://datainsightnow.com//wp-login.php" "Mozilla/5.0 (Windows NT 10.0; Win64; x64) AppleWebKit/537.36 (KHTML, like Gecko) Chrome/78.0.3904.108 Safari/537.36"
57.141.0.34 - - [14/Dec/2025:01:40:32 +0000] "GET /karamba-spielsaal-erfahrungen-angeschlossen-testbericht-werfen-sie-einen-blick-auf-den-link-within-2025-pro-teutonia/?path=//sys/class/pci_bus/0000:00/subsystem/0000:03/subsystem/0000:0b/subsystem/0000:05 HTTP/1.1" 200 262209 "-" "meta-externalagent/1.1 (+https://developers.facebook.com/docs/sharing/webmasters/crawler)"
216.73.216.115 - - [14/Dec/2025:01:40:32 +0000] "GET /entity/195864861.htm HTTP/1.1" 301 5 "-" "Mozilla/5.0 AppleWebKit/537.36 (KHTML, like Gecko; compatible; ClaudeBot/1.0; +claudebot@anthropic.com)"
57.141.0.22 - - [14/Dec/2025:01:40:32 +0000] "GET /2025/03/06/page/39/?fileloc=//sys/class/pci_bus/0000:07/subsystem/0000:00/device/0000:00:03.4/subsystem/drivers/iosf_mbi_pci/uevent&path=//sys/class/pci_bus/0000:07/subsystem/0000:00/device/0000:00:03.4/subsystem/drivers/iosf_mbi_pci HTTP/1.1" 200 262248 "-" "meta-externalagent/1.1 (+https://developers.facebook.com/docs/sharing/webmasters/crawler)"
124.248.184.195 - - [14/Dec/2025:01:40:32 +0000] "POST //wp-login.php HTTP/1.1" 200 7465 "https://datainsightnow.com//wp-login.php" "Mozilla/5.0 (Windows NT 10.0; Win64; x64) AppleWebKit/537.36 (KHTML, like Gecko) Chrome/78.0.3904.108 Safari/537.36"
124.248.184.195 - - [14/Dec/2025:01:40:33 +0000] "POST //wp-login.php HTTP/1.1" 200 7465 "https://datainsightnow.com//wp-login.php" "Mozilla/5.0 (Windows NT 10.0; Win64; x64) AppleWebKit/537.36 (KHTML, like Gecko) Chrome/78.0.3904.108 Safari/537.36"
74.7.241.45 - - [14/Dec/2025:01:40:33 +0000] "GET /?p=40767 HTTP/1.1" 200 43813 "-" "Mozilla/5.0 AppleWebKit/537.36 (KHTML, like Gecko; compatible; GPTBot/1.3; +https://openai.com/gptbot)"
216.73.216.115 - - [14/Dec/2025:01:40:33 +0000] "GET /entity/195864861.htm/ HTTP/1.1" 200 45438 "https://datainsightnow.com/entity/195864861.htm" "Mozilla/5.0 AppleWebKit/537.36 (KHTML, like Gecko; compatible; ClaudeBot/1.0; +claudebot@anthropic.com)"
124.248.184.195 - - [14/Dec/2025:01:40:33 +0000] "POST //wp-login.php HTTP/1.1" 200 7465 "https://datainsightnow.com//wp-login.php" "Mozilla/5.0 (Windows NT 10.0; Win64; x64) AppleWebKit/537.36 (KHTML, like Gecko) Chrome/78.0.3904.108 Safari/537.36"
124.248.184.195 - - [14/Dec/2025:01:40:34 +0000] "POST //wp-login.php HTTP/1.1" 200 7459 "https://datainsightnow.com//wp-login.php" "Mozilla/5.0 (Windows NT 10.0; Win64; x64) AppleWebKit/537.36 (KHTML, like Gecko) Chrome/78.0.3904.108 Safari/537.36"
124.248.184.195 - - [14/Dec/2025:01:40:34 +0000] "POST //wp-login.php HTTP/1.1" 200 7459 "https://datainsightnow.com//wp-login.php" "Mozilla/5.0 (Windows NT 10.0; Win64; x64) AppleWebKit/537.36 (KHTML, like Gecko) Chrome/78.0.3904.108 Safari/537.36"
124.248.184.195 - - [14/Dec/2025:01:40:35 +0000] "POST //wp-login.php HTTP/1.1" 200 7465 "https://datainsightnow.com//wp-login.php" "Mozilla/5.0 (Windows NT 10.0; Win64; x64) AppleWebKit/537.36 (KHTML, like Gecko) Chrome/78.0.3904.108 Safari/537.36"
57.141.0.38 - - [14/Dec/2025:01:40:35 +0000] "GET /2025/03/06/page/39/?fileloc=//sys/class/pci_bus/0000:0c/subsystem/0000:0a/device/driver/0000:00:04.0/driver/0000:00:02.2/resource&path=//sys/class/pci_bus/0000:0c/subsystem/0000:0a/device/driver/0000:00:04.0/driver/0000:00:02.2 HTTP/1.1" 200 262264 "-" "meta-externalagent/1.1 (+https://developers.facebook.com/docs/sharing/webmasters/crawler)"
216.73.216.115 - - [14/Dec/2025:01:40:35 +0000] "GET /entity/195891022.htm HTTP/1.1" 301 5 "-" "Mozilla/5.0 AppleWebKit/537.36 (KHTML, like Gecko; compatible; ClaudeBot/1.0; +claudebot@anthropic.com)"
124.248.184.195 - - [14/Dec/2025:01:40:35 +0000] "POST //wp-login.php HTTP/1.1" 200 7465 "https://datainsightnow.com//wp-login.php" "Mozilla/5.0 (Windows NT 10.0; Win64; x64) AppleWebKit/537.36 (KHTML, like Gecko) Chrome/78.0.3904.108 Safari/537.36"
74.7.241.45 - - [14/Dec/2025:01:40:36 +0000] "GET /index.php?rest_route=/wp/v2/posts/40767 HTTP/1.1" 200 6159 "-" "Mozilla/5.0 AppleWebKit/537.36 (KHTML, like Gecko; compatible; GPTBot/1.3; +https://openai.com/gptbot)"
216.73.216.115 - - [14/Dec/2025:01:40:36 +0000] "GET /entity/195891022.htm/ HTTP/1.1" 200 45438 "https://datainsightnow.com/entity/195891022.htm" "Mozilla/5.0 AppleWebKit/537.36 (KHTML, like Gecko; compatible; ClaudeBot/1.0; +claudebot@anthropic.com)"
124.248.184.195 - - [14/Dec/2025:01:40:36 +0000] "POST //wp-login.php HTTP/1.1" 200 7459 "https://datainsightnow.com//wp-login.php" "Mozilla/5.0 (Windows NT 10.0; Win64; x64) AppleWebKit/537.36 (KHTML, like Gecko) Chrome/78.0.3904.108 Safari/537.36"
124.248.184.195 - - [14/Dec/2025:01:40:36 +0000] "POST //wp-login.php HTTP/1.1" 200 7465 "https://datainsightnow.com//wp-login.php" "Mozilla/5.0 (Windows NT 10.0; Win64; x64) AppleWebKit/537.36 (KHTML, like Gecko) Chrome/78.0.3904.108 Safari/537.36"
124.248.184.195 - - [14/Dec/2025:01:40:37 +0000] "POST //wp-login.php HTTP/1.1" 200 7459 "https://datainsightnow.com//wp-login.php" "Mozilla/5.0 (Windows NT 10.0; Win64; x64) AppleWebKit/537.36 (KHTML, like Gecko) Chrome/78.0.3904.108 Safari/537.36"
124.248.184.195 - - [14/Dec/2025:01:40:37 +0000] "POST //wp-login.php HTTP/1.1" 200 7459 "https://datainsightnow.com//wp-login.php" "Mozilla/5.0 (Windows NT 10.0; Win64; x64) AppleWebKit/537.36 (KHTML, like Gecko) Chrome/78.0.3904.108 Safari/537.36"
124.248.184.195 - - [14/Dec/2025:01:40:37 +0000] "POST //wp-login.php HTTP/1.1" 200 7465 "https://datainsightnow.com//wp-login.php" "Mozilla/5.0 (Windows NT 10.0; Win64; x64) AppleWebKit/537.36 (KHTML, like Gecko) Chrome/78.0.3904.108 Safari/537.36"
124.248.184.195 - - [14/Dec/2025:01:40:38 +0000] "POST //wp-login.php HTTP/1.1" 200 7459 "https://datainsightnow.com//wp-login.php" "Mozilla/5.0 (Windows NT 10.0; Win64; x64) AppleWebKit/537.36 (KHTML, like Gecko) Chrome/78.0.3904.108 Safari/537.36"
216.73.216.115 - - [14/Dec/2025:01:40:38 +0000] "GET /entity/195786125.htm HTTP/1.1" 301 5 "-" "Mozilla/5.0 AppleWebKit/537.36 (KHTML, like Gecko; compatible; ClaudeBot/1.0; +claudebot@anthropic.com)"
124.248.184.195 - - [14/Dec/2025:01:40:38 +0000] "POST //wp-login.php HTTP/1.1" 200 7459 "https://datainsightnow.com//wp-login.php" "Mozilla/5.0 (Windows NT 10.0; Win64; x64) AppleWebKit/537.36 (KHTML, like Gecko) Chrome/78.0.3904.108 Safari/537.36"
216.73.216.115 - - [14/Dec/2025:01:40:39 +0000] "GET /entity/195786125.htm/ HTTP/1.1" 200 45438 "https://datainsightnow.com/entity/195786125.htm" "Mozilla/5.0 AppleWebKit/537.36 (KHTML, like Gecko; compatible; ClaudeBot/1.0; +claudebot@anthropic.com)"
74.7.241.45 - - [14/Dec/2025:01:40:39 +0000] "GET /index.php?rest_route=%2Foembed%2F1.0%2Fembed&url=https%3A%2F%2Fdatainsightnow.com%2F%3Fp%3D40767 HTTP/1.1" 200 1294 "-" "Mozilla/5.0 AppleWebKit/537.36 (KHTML, like Gecko; compatible; GPTBot/1.3; +https://openai.com/gptbot)"
124.248.184.195 - - [14/Dec/2025:01:40:39 +0000] "POST //wp-login.php HTTP/1.1" 200 7459 "https://datainsightnow.com//wp-login.php" "Mozilla/5.0 (Windows NT 10.0; Win64; x64) AppleWebKit/537.36 (KHTML, like Gecko) Chrome/78.0.3904.108 Safari/537.36"
124.248.184.195 - - [14/Dec/2025:01:40:39 +0000] "POST //wp-login.php HTTP/1.1" 200 7465 "https://datainsightnow.com//wp-login.php" "Mozilla/5.0 (Windows NT 10.0; Win64; x64) AppleWebKit/537.36 (KHTML, like Gecko) Chrome/78.0.3904.108 Safari/537.36"
124.248.184.195 - - [14/Dec/2025:01:40:40 +0000] "POST //wp-login.php HTTP/1.1" 200 7459 "https://datainsightnow.com//wp-login.php" "Mozilla/5.0 (Windows NT 10.0; Win64; x64) AppleWebKit/537.36 (KHTML, like Gecko) Chrome/78.0.3904.108 Safari/537.36"
124.248.184.195 - - [14/Dec/2025:01:40:40 +0000] "POST //wp-login.php HTTP/1.1" 200 7459 "https://datainsightnow.com//wp-login.php" "Mozilla/5.0 (Windows NT 10.0; Win64; x64) AppleWebKit/537.36 (KHTML, like Gecko) Chrome/78.0.3904.108 Safari/537.36"
57.141.0.50 - - [14/Dec/2025:01:40:40 +0000] "GET /karamba-spielsaal-erfahrungen-angeschlossen-testbericht-werfen-sie-einen-blick-auf-den-link-within-2025-pro-teutonia/?fileloc=//sys/class/pci_bus/0000:04/device/driver/0000:00:02.3/subsystem/devices/0000:00:02.1/driver/0000:00:04.0/driver/0000:00:02.7/subsystem_vendor&path=//sys/class/pci_bus/0000:04/device/driver/0000:00:02.3/subsystem/devices/0000:00:02.1/driver/0000:00:04.0/driver/0000:00:02.7 HTTP/1.1" 200 262209 "-" "meta-externalagent/1.1 (+https://developers.facebook.com/docs/sharing/webmasters/crawler)"
124.248.184.195 - - [14/Dec/2025:01:40:40 +0000] "POST //wp-login.php HTTP/1.1" 200 7459 "https://datainsightnow.com//wp-login.php" "Mozilla/5.0 (Windows NT 10.0; Win64; x64) AppleWebKit/537.36 (KHTML, like Gecko) Chrome/78.0.3904.108 Safari/537.36"
124.248.184.195 - - [14/Dec/2025:01:40:41 +0000] "POST //wp-login.php HTTP/1.1" 200 7459 "https://datainsightnow.com//wp-login.php" "Mozilla/5.0 (Windows NT 10.0; Win64; x64) AppleWebKit/537.36 (KHTML, like Gecko) Chrome/78.0.3904.108 Safari/537.36"
216.73.216.115 - - [14/Dec/2025:01:40:41 +0000] "GET /entity/195793899.htm HTTP/1.1" 301 5 "-" "Mozilla/5.0 AppleWebKit/537.36 (KHTML, like Gecko; compatible; ClaudeBot/1.0; +claudebot@anthropic.com)"
124.248.184.195 - - [14/Dec/2025:01:40:41 +0000] "POST //wp-login.php HTTP/1.1" 200 7465 "https://datainsightnow.com//wp-login.php" "Mozilla/5.0 (Windows NT 10.0; Win64; x64) AppleWebKit/537.36 (KHTML, like Gecko) Chrome/78.0.3904.108 Safari/537.36"
216.73.216.115 - - [14/Dec/2025:01:40:42 +0000] "GET /entity/195793899.htm/ HTTP/1.1" 200 45438 "https://datainsightnow.com/entity/195793899.htm" "Mozilla/5.0 AppleWebKit/537.36 (KHTML, like Gecko; compatible; ClaudeBot/1.0; +claudebot@anthropic.com)"
124.248.184.195 - - [14/Dec/2025:01:40:42 +0000] "POST //wp-login.php HTTP/1.1" 200 7459 "https://datainsightnow.com//wp-login.php" "Mozilla/5.0 (Windows NT 10.0; Win64; x64) AppleWebKit/537.36 (KHTML, like Gecko) Chrome/78.0.3904.108 Safari/537.36"
74.7.241.45 - - [14/Dec/2025:01:40:42 +0000] "GET /index.php?format=xml&rest_route=%2Foembed%2F1.0%2Fembed&url=https%3A%2F%2Fdatainsightnow.com%2F%3Fp%3D40767 HTTP/1.1" 200 1322 "-" "Mozilla/5.0 AppleWebKit/537.36 (KHTML, like Gecko; compatible; GPTBot/1.3; +https://openai.com/gptbot)"
124.248.184.195 - - [14/Dec/2025:01:40:42 +0000] "POST //wp-login.php HTTP/1.1" 200 7465 "https://datainsightnow.com//wp-login.php" "Mozilla/5.0 (Windows NT 10.0; Win64; x64) AppleWebKit/537.36 (KHTML, like Gecko) Chrome/78.0.3904.108 Safari/537.36"
124.248.184.195 - - [14/Dec/2025:01:40:43 +0000] "POST //wp-login.php HTTP/1.1" 200 7459 "https://datainsightnow.com//wp-login.php" "Mozilla/5.0 (Windows NT 10.0; Win64; x64) AppleWebKit/537.36 (KHTML, like Gecko) Chrome/78.0.3904.108 Safari/537.36"
124.248.184.195 - - [14/Dec/2025:01:40:43 +0000] "POST //wp-login.php HTTP/1.1" 200 7465 "https://datainsightnow.com//wp-login.php" "Mozilla/5.0 (Windows NT 10.0; Win64; x64) AppleWebKit/537.36 (KHTML, like Gecko) Chrome/78.0.3904.108 Safari/537.36"
124.248.184.195 - - [14/Dec/2025:01:40:44 +0000] "POST //wp-login.php HTTP/1.1" 200 7465 "https://datainsightnow.com//wp-login.php" "Mozilla/5.0 (Windows NT 10.0; Win64; x64) AppleWebKit/537.36 (KHTML, like Gecko) Chrome/78.0.3904.108 Safari/537.36"
124.248.184.195 - - [14/Dec/2025:01:40:44 +0000] "POST //wp-login.php HTTP/1.1" 200 7465 "https://datainsightnow.com//wp-login.php" "Mozilla/5.0 (Windows NT 10.0; Win64; x64) AppleWebKit/537.36 (KHTML, like Gecko) Chrome/78.0.3904.108 Safari/537.36"
216.73.216.115 - - [14/Dec/2025:01:40:44 +0000] "GET /entity/195873412.htm HTTP/1.1" 301 5 "-" "Mozilla/5.0 AppleWebKit/537.36 (KHTML, like Gecko; compatible; ClaudeBot/1.0; +claudebot@anthropic.com)"
124.248.184.195 - - [14/Dec/2025:01:40:44 +0000] "POST //wp-login.php HTTP/1.1" 200 7465 "https://datainsightnow.com//wp-login.php" "Mozilla/5.0 (Windows NT 10.0; Win64; x64) AppleWebKit/537.36 (KHTML, like Gecko) Chrome/78.0.3904.108 Safari/537.36"
216.73.216.115 - - [14/Dec/2025:01:40:45 +0000] "GET /entity/195873412.htm/ HTTP/1.1" 200 45438 "https://datainsightnow.com/entity/195873412.htm" "Mozilla/5.0 AppleWebKit/537.36 (KHTML, like Gecko; compatible; ClaudeBot/1.0; +claudebot@anthropic.com)"
124.248.184.195 - - [14/Dec/2025:01:40:45 +0000] "POST //wp-login.php HTTP/1.1" 200 7459 "https://datainsightnow.com//wp-login.php" "Mozilla/5.0 (Windows NT 10.0; Win64; x64) AppleWebKit/537.36 (KHTML, like Gecko) Chrome/78.0.3904.108 Safari/537.36"
74.7.241.45 - - [14/Dec/2025:01:40:45 +0000] "GET /?p=11846 HTTP/1.1" 200 43135 "-" "Mozilla/5.0 AppleWebKit/537.36 (KHTML, like Gecko; compatible; GPTBot/1.3; +https://openai.com/gptbot)"
124.248.184.195 - - [14/Dec/2025:01:40:45 +0000] "POST //wp-login.php HTTP/1.1" 200 7459 "https://datainsightnow.com//wp-login.php" "Mozilla/5.0 (Windows NT 10.0; Win64; x64) AppleWebKit/537.36 (KHTML, like Gecko) Chrome/78.0.3904.108 Safari/537.36"
124.248.184.195 - - [14/Dec/2025:01:40:46 +0000] "POST //wp-login.php HTTP/1.1" 200 7465 "https://datainsightnow.com//wp-login.php" "Mozilla/5.0 (Windows NT 10.0; Win64; x64) AppleWebKit/537.36 (KHTML, like Gecko) Chrome/78.0.3904.108 Safari/537.36"
124.248.184.195 - - [14/Dec/2025:01:40:46 +0000] "POST //wp-login.php HTTP/1.1" 200 7465 "https://datainsightnow.com//wp-login.php" "Mozilla/5.0 (Windows NT 10.0; Win64; x64) AppleWebKit/537.36 (KHTML, like Gecko) Chrome/78.0.3904.108 Safari/537.36"
124.248.184.195 - - [14/Dec/2025:01:40:47 +0000] "POST //wp-login.php HTTP/1.1" 200 7465 "https://datainsightnow.com//wp-login.php" "Mozilla/5.0 (Windows NT 10.0; Win64; x64) AppleWebKit/537.36 (KHTML, like Gecko) Chrome/78.0.3904.108 Safari/537.36"
124.248.184.195 - - [14/Dec/2025:01:40:47 +0000] "POST //wp-login.php HTTP/1.1" 200 7459 "https://datainsightnow.com//wp-login.php" "Mozilla/5.0 (Windows NT 10.0; Win64; x64) AppleWebKit/537.36 (KHTML, like Gecko) Chrome/78.0.3904.108 Safari/537.36"
216.73.216.115 - - [14/Dec/2025:01:40:47 +0000] "GET /entity/195887392.htm HTTP/1.1" 301 5 "-" "Mozilla/5.0 AppleWebKit/537.36 (KHTML, like Gecko; compatible; ClaudeBot/1.0; +claudebot@anthropic.com)"
124.248.184.195 - - [14/Dec/2025:01:40:47 +0000] "POST //wp-login.php HTTP/1.1" 200 7465 "https://datainsightnow.com//wp-login.php" "Mozilla/5.0 (Windows NT 10.0; Win64; x64) AppleWebKit/537.36 (KHTML, like Gecko) Chrome/78.0.3904.108 Safari/537.36"
216.73.216.115 - - [14/Dec/2025:01:40:48 +0000] "GET /entity/195887392.htm/ HTTP/1.1" 200 45438 "https://datainsightnow.com/entity/195887392.htm" "Mozilla/5.0 AppleWebKit/537.36 (KHTML, like Gecko; compatible; ClaudeBot/1.0; +claudebot@anthropic.com)"
124.248.184.195 - - [14/Dec/2025:01:40:48 +0000] "POST //wp-login.php HTTP/1.1" 200 7459 "https://datainsightnow.com//wp-login.php" "Mozilla/5.0 (Windows NT 10.0; Win64; x64) AppleWebKit/537.36 (KHTML, like Gecko) Chrome/78.0.3904.108 Safari/537.36"
74.7.241.45 - - [14/Dec/2025:01:40:48 +0000] "GET /index.php?rest_route=/wp/v2/posts/11846 HTTP/1.1" 200 5653 "-" "Mozilla/5.0 AppleWebKit/537.36 (KHTML, like Gecko; compatible; GPTBot/1.3; +https://openai.com/gptbot)"
124.248.184.195 - - [14/Dec/2025:01:40:48 +0000] "POST //wp-login.php HTTP/1.1" 200 7459 "https://datainsightnow.com//wp-login.php" "Mozilla/5.0 (Windows NT 10.0; Win64; x64) AppleWebKit/537.36 (KHTML, like Gecko) Chrome/78.0.3904.108 Safari/537.36"
124.248.184.195 - - [14/Dec/2025:01:40:49 +0000] "POST //wp-login.php HTTP/1.1" 200 7459 "https://datainsightnow.com//wp-login.php" "Mozilla/5.0 (Windows NT 10.0; Win64; x64) AppleWebKit/537.36 (KHTML, like Gecko) Chrome/78.0.3904.108 Safari/537.36"
124.248.184.195 - - [14/Dec/2025:01:40:49 +0000] "POST //wp-login.php HTTP/1.1" 200 7465 "https://datainsightnow.com//wp-login.php" "Mozilla/5.0 (Windows NT 10.0; Win64; x64) AppleWebKit/537.36 (KHTML, like Gecko) Chrome/78.0.3904.108 Safari/537.36"
43.173.177.235 - - [14/Dec/2025:01:40:49 +0000] "GET /password-reset/?path=//usr/src/linux-headers-6.8.0-83-generic/include/keys HTTP/1.1" 200 45438 "-" "Mozilla/5.0 (Windows NT 6.1; Win64; x64) AppleWebKit/537.36 (KHTML, like Gecko) Chrome/126.0.6478.114 Safari/537.36"
124.248.184.195 - - [14/Dec/2025:01:40:50 +0000] "POST //wp-login.php HTTP/1.1" 200 7465 "https://datainsightnow.com//wp-login.php" "Mozilla/5.0 (Windows NT 10.0; Win64; x64) AppleWebKit/537.36 (KHTML, like Gecko) Chrome/78.0.3904.108 Safari/537.36"
66.135.21.75 - - [14/Dec/2025:01:40:50 +0000] "POST /wp-cron.php?doing_wp_cron=1765676450.1101319789886474609375 HTTP/1.1" 200 31 "-" "WordPress/6.3.1; https://datainsightnow.com"
85.208.96.195 - - [14/Dec/2025:01:40:50 +0000] "GET /?p=47815 HTTP/1.1" 200 44160 "-" "Mozilla/5.0 (compatible; SemrushBot/7~bl; +http://www.semrush.com/bot.html)"
124.248.184.195 - - [14/Dec/2025:01:40:50 +0000] "POST //wp-login.php HTTP/1.1" 200 7465 "https://datainsightnow.com//wp-login.php" "Mozilla/5.0 (Windows NT 10.0; Win64; x64) AppleWebKit/537.36 (KHTML, like Gecko) Chrome/78.0.3904.108 Safari/537.36"
216.73.216.115 - - [14/Dec/2025:01:40:50 +0000] "GET /entity/195871862.htm HTTP/1.1" 301 5 "-" "Mozilla/5.0 AppleWebKit/537.36 (KHTML, like Gecko; compatible; ClaudeBot/1.0; +claudebot@anthropic.com)"
