20.78.177.7 - - [13/Dec/2025:22:06:18 +0000] "GET /wp-includes/Text HTTP/1.1" 404 564 "https://www.google.de/" "Mozilla/5.0 (Linux; Android 12; V2134) AppleWebKit/537.36 (KHTML, like Gecko) Chrome/116.0.0.0 Mobile Safari/537.36"
13.71.30.28 - - [13/Dec/2025:22:06:18 +0000] "GET /classwithtostring.php HTTP/1.1" 404 162 "https://www.google.co.uk/" "Mozilla/5.0 (iPhone; CPU iPhone OS 15_7_9 like Mac OS X) AppleWebKit/605.1.15 (KHTML, like Gecko) Version/15.6.5 Mobile/15E148 Safari/604.1"
20.78.177.7 - - [13/Dec/2025:22:06:18 +0000] "GET /wp-includes/Text/Diff/Engine HTTP/1.1" 301 178 "https://www.bing.com/" "Mozilla/5.0 (Linux; Android 11; 21081111RG) AppleWebKit/537.36 (KHTML, like Gecko) Chrome/116.0.0.0 Mobile Safari/537.36"
13.71.30.28 - - [13/Dec/2025:22:06:18 +0000] "GET /edit.php HTTP/1.1" 301 178 "https://www.yahoo.com/" "Mozilla/5.0 (iPhone; CPU iPhone OS 17_1_1 like Mac OS X) AppleWebKit/605.1.15 (KHTML, like Gecko) Version/17.1 Mobile/15E148 Safari/604.1"
20.78.177.7 - - [13/Dec/2025:22:06:18 +0000] "GET /wp-includes/Text/Diff/Engine HTTP/1.1" 404 564 "https://www.bing.com/" "Mozilla/5.0 (Linux; Android 11; 21081111RG) AppleWebKit/537.36 (KHTML, like Gecko) Chrome/116.0.0.0 Mobile Safari/537.36"
13.71.30.28 - - [13/Dec/2025:22:06:19 +0000] "GET /edit.php HTTP/1.1" 404 162 "https://www.yahoo.com/" "Mozilla/5.0 (iPhone; CPU iPhone OS 17_1_1 like Mac OS X) AppleWebKit/605.1.15 (KHTML, like Gecko) Version/17.1 Mobile/15E148 Safari/604.1"
20.78.177.7 - - [13/Dec/2025:22:06:19 +0000] "GET /wp-includes/block-bindings/index.php HTTP/1.1" 301 178 "https://www.google.com/" "Mozilla/5.0 (Linux; Android 10; LM-Q720) AppleWebKit/537.36 (KHTML, like Gecko) Chrome/116.0.0.0 Mobile Safari/537.36"
13.71.30.28 - - [13/Dec/2025:22:06:19 +0000] "GET /elp.php HTTP/1.1" 301 178 "https://www.bing.com/" "Mozilla/5.0 (Linux; Android 11; 21081111RG) AppleWebKit/537.36 (KHTML, like Gecko) Chrome/116.0.0.0 Mobile Safari/537.36"
20.78.177.7 - - [13/Dec/2025:22:06:19 +0000] "GET /wp-includes/block-bindings/index.php HTTP/1.1" 404 564 "https://www.google.com/" "Mozilla/5.0 (Linux; Android 10; LM-Q720) AppleWebKit/537.36 (KHTML, like Gecko) Chrome/116.0.0.0 Mobile Safari/537.36"
13.71.30.28 - - [13/Dec/2025:22:06:19 +0000] "GET /elp.php HTTP/1.1" 404 564 "https://www.bing.com/" "Mozilla/5.0 (Linux; Android 11; 21081111RG) AppleWebKit/537.36 (KHTML, like Gecko) Chrome/116.0.0.0 Mobile Safari/537.36"
20.78.177.7 - - [13/Dec/2025:22:06:19 +0000] "GET /wp-includes/block-supports HTTP/1.1" 301 178 "https://www.bing.com/" "Mozilla/5.0 (Linux; Android 14; Pixel 8 Pro) AppleWebKit/537.36 (KHTML, like Gecko) Chrome/119.0.0.0 Mobile Safari/537.36"
13.71.30.28 - - [13/Dec/2025:22:06:19 +0000] "GET /simple.php HTTP/1.1" 301 178 "https://www.yahoo.com/" "Mozilla/5.0 (Linux; Android 13; M2101K6G) AppleWebKit/537.36 (KHTML, like Gecko) Chrome/116.0.0.0 Mobile Safari/537.36"
20.78.177.7 - - [13/Dec/2025:22:06:19 +0000] "GET /wp-includes/block-supports HTTP/1.1" 404 564 "https://www.bing.com/" "Mozilla/5.0 (Linux; Android 14; Pixel 8 Pro) AppleWebKit/537.36 (KHTML, like Gecko) Chrome/119.0.0.0 Mobile Safari/537.36"
13.71.30.28 - - [13/Dec/2025:22:06:19 +0000] "GET /simple.php HTTP/1.1" 404 564 "https://www.yahoo.com/" "Mozilla/5.0 (Linux; Android 13; M2101K6G) AppleWebKit/537.36 (KHTML, like Gecko) Chrome/116.0.0.0 Mobile Safari/537.36"
20.78.177.7 - - [13/Dec/2025:22:06:19 +0000] "GET /wp-includes/blocks/code HTTP/1.1" 301 178 "https://www.bing.com/" "Mozilla/5.0 (Linux; Android 13; M2101K6G) AppleWebKit/537.36 (KHTML, like Gecko) Chrome/116.0.0.0 Mobile Safari/537.36"
13.71.30.28 - - [13/Dec/2025:22:06:19 +0000] "GET /file.php HTTP/1.1" 301 178 "https://www.google.com/" "Mozilla/5.0 (iPhone; CPU iPhone OS 15_7_9 like Mac OS X) AppleWebKit/605.1.15 (KHTML, like Gecko) Version/15.6.5 Mobile/15E148 Safari/604.1"
20.78.177.7 - - [13/Dec/2025:22:06:19 +0000] "GET /wp-includes/blocks/code HTTP/1.1" 404 564 "https://www.bing.com/" "Mozilla/5.0 (Linux; Android 13; M2101K6G) AppleWebKit/537.36 (KHTML, like Gecko) Chrome/116.0.0.0 Mobile Safari/537.36"
13.71.30.28 - - [13/Dec/2025:22:06:20 +0000] "GET /file.php HTTP/1.1" 404 162 "https://www.google.com/" "Mozilla/5.0 (iPhone; CPU iPhone OS 15_7_9 like Mac OS X) AppleWebKit/605.1.15 (KHTML, like Gecko) Version/15.6.5 Mobile/15E148 Safari/604.1"
20.78.177.7 - - [13/Dec/2025:22:06:20 +0000] "GET /wp-includes/customize/chosen.php HTTP/1.1" 301 178 "https://www.google.de/" "Mozilla/5.0 (Linux; Android 10; K) AppleWebKit/537.36 (KHTML, like Gecko) Chrome/117.0.0.0 Mobile Safari/537.36"
13.71.30.28 - - [13/Dec/2025:22:06:20 +0000] "GET /item.php HTTP/1.1" 301 178 "https://duckduckgo.com/" "Mozilla/5.0 (Linux; Android 11; 21081111RG) AppleWebKit/537.36 (KHTML, like Gecko) Chrome/116.0.0.0 Mobile Safari/537.36"
20.78.177.7 - - [13/Dec/2025:22:06:20 +0000] "GET /wp-includes/customize/chosen.php HTTP/1.1" 404 564 "https://www.google.de/" "Mozilla/5.0 (Linux; Android 10; K) AppleWebKit/537.36 (KHTML, like Gecko) Chrome/117.0.0.0 Mobile Safari/537.36"
13.71.30.28 - - [13/Dec/2025:22:06:20 +0000] "GET /item.php HTTP/1.1" 404 564 "https://duckduckgo.com/" "Mozilla/5.0 (Linux; Android 11; 21081111RG) AppleWebKit/537.36 (KHTML, like Gecko) Chrome/116.0.0.0 Mobile Safari/537.36"
20.78.177.7 - - [13/Dec/2025:22:06:20 +0000] "GET /wp-includes/html-api/index.php HTTP/1.1" 301 178 "https://www.google.fr/" "Mozilla/5.0 (Linux; Android 13; SM-G991U) AppleWebKit/537.36 (KHTML, like Gecko) Chrome/117.0.0.0 Mobile Safari/537.36"
20.78.177.7 - - [13/Dec/2025:22:06:20 +0000] "GET /wp-includes/html-api/index.php HTTP/1.1" 404 564 "https://www.google.fr/" "Mozilla/5.0 (Linux; Android 13; SM-G991U) AppleWebKit/537.36 (KHTML, like Gecko) Chrome/117.0.0.0 Mobile Safari/537.36"
13.71.30.28 - - [13/Dec/2025:22:06:20 +0000] "GET /files/ HTTP/1.1" 301 178 "https://www.google.co.uk/" "Mozilla/5.0 (iPhone; CPU iPhone OS 16_6_1 like Mac OS X) AppleWebKit/605.1.15 (KHTML, like Gecko) Version/16.6 Mobile/15E148 Safari/604.1"
20.78.177.7 - - [13/Dec/2025:22:06:20 +0000] "GET /wp-includes/index.php HTTP/1.1" 301 178 "https://duckduckgo.com/" "Mozilla/5.0 (Linux; Android 12; SM-A525F) AppleWebKit/537.36 (KHTML, like Gecko) Chrome/117.0.0.0 Mobile Safari/537.36"
13.71.30.28 - - [13/Dec/2025:22:06:20 +0000] "GET /files/ HTTP/1.1" 404 162 "https://www.google.co.uk/" "Mozilla/5.0 (iPhone; CPU iPhone OS 16_6_1 like Mac OS X) AppleWebKit/605.1.15 (KHTML, like Gecko) Version/16.6 Mobile/15E148 Safari/604.1"
20.78.177.7 - - [13/Dec/2025:22:06:21 +0000] "GET /wp-includes/index.php HTTP/1.1" 404 564 "https://duckduckgo.com/" "Mozilla/5.0 (Linux; Android 12; SM-A525F) AppleWebKit/537.36 (KHTML, like Gecko) Chrome/117.0.0.0 Mobile Safari/537.36"
13.71.30.28 - - [13/Dec/2025:22:06:21 +0000] "GET /gg.php HTTP/1.1" 301 178 "https://www.bing.com/" "Mozilla/5.0 (iPhone; CPU iPhone OS 17_0_3 like Mac OS X) AppleWebKit/605.1.15 (KHTML, like Gecko) Version/17.0.1 Mobile/15E148 Safari/604.1"
20.78.177.7 - - [13/Dec/2025:22:06:21 +0000] "GET /wp-includes/js/dist/development/index.php HTTP/1.1" 301 178 "https://www.google.de/" "Mozilla/5.0 (Linux; Android 12; V2134) AppleWebKit/537.36 (KHTML, like Gecko) Chrome/116.0.0.0 Mobile Safari/537.36"
13.71.30.28 - - [13/Dec/2025:22:06:21 +0000] "GET /gg.php HTTP/1.1" 404 162 "https://www.bing.com/" "Mozilla/5.0 (iPhone; CPU iPhone OS 17_0_3 like Mac OS X) AppleWebKit/605.1.15 (KHTML, like Gecko) Version/17.0.1 Mobile/15E148 Safari/604.1"
20.78.177.7 - - [13/Dec/2025:22:06:21 +0000] "GET /wp-includes/js/dist/development/index.php HTTP/1.1" 404 564 "https://www.google.de/" "Mozilla/5.0 (Linux; Android 12; V2134) AppleWebKit/537.36 (KHTML, like Gecko) Chrome/116.0.0.0 Mobile Safari/537.36"
13.71.30.28 - - [13/Dec/2025:22:06:21 +0000] "GET /goods.php HTTP/1.1" 301 178 "https://www.google.fr/" "Mozilla/5.0 (iPhone; CPU iPhone OS 16_0 like Mac OS X) AppleWebKit/605.1.15 (KHTML, like Gecko) FxiOS/118.0 Mobile/15E148 Safari/605.1.15"
20.78.177.7 - - [13/Dec/2025:22:06:21 +0000] "GET /wp-includes/pomo/index.php HTTP/1.1" 301 178 "https://www.google.co.uk/" "Mozilla/5.0 (iPhone; CPU iPhone OS 17_1_1 like Mac OS X) AppleWebKit/605.1.15 (KHTML, like Gecko) Version/17.1 Mobile/15E148 Safari/604.1"
13.71.30.28 - - [13/Dec/2025:22:06:21 +0000] "GET /goods.php HTTP/1.1" 404 162 "https://www.google.fr/" "Mozilla/5.0 (iPhone; CPU iPhone OS 16_0 like Mac OS X) AppleWebKit/605.1.15 (KHTML, like Gecko) FxiOS/118.0 Mobile/15E148 Safari/605.1.15"
20.78.177.7 - - [13/Dec/2025:22:06:21 +0000] "GET /wp-includes/pomo/index.php HTTP/1.1" 404 162 "https://www.google.co.uk/" "Mozilla/5.0 (iPhone; CPU iPhone OS 17_1_1 like Mac OS X) AppleWebKit/605.1.15 (KHTML, like Gecko) Version/17.1 Mobile/15E148 Safari/604.1"
13.71.30.28 - - [13/Dec/2025:22:06:21 +0000] "GET /images/ HTTP/1.1" 301 178 "https://www.yahoo.com/" "Mozilla/5.0 (iPhone; CPU iPhone OS 15_7_9 like Mac OS X) AppleWebKit/605.1.15 (KHTML, like Gecko) Version/15.6.5 Mobile/15E148 Safari/604.1"
20.78.177.7 - - [13/Dec/2025:22:06:21 +0000] "GET /wp-includes/rest-api HTTP/1.1" 301 178 "https://www.google.fr/" "Mozilla/5.g (Linux; Android 13; Pixel 7) AppleWebKit/537.36 (KHTML, like Gecko) Chrome/116.0.0.0 Mobile Safari/537.36"
13.71.30.28 - - [13/Dec/2025:22:06:21 +0000] "GET /images/ HTTP/1.1" 404 162 "https://www.yahoo.com/" "Mozilla/5.0 (iPhone; CPU iPhone OS 15_7_9 like Mac OS X) AppleWebKit/605.1.15 (KHTML, like Gecko) Version/15.6.5 Mobile/15E148 Safari/604.1"
20.78.177.7 - - [13/Dec/2025:22:06:22 +0000] "GET /wp-includes/rest-api HTTP/1.1" 404 564 "https://www.google.fr/" "Mozilla/5.g (Linux; Android 13; Pixel 7) AppleWebKit/537.36 (KHTML, like Gecko) Chrome/116.0.0.0 Mobile Safari/537.36"
13.71.30.28 - - [13/Dec/2025:22:06:22 +0000] "GET /images/install.php HTTP/1.1" 301 178 "https://duckduckgo.com/" "Mozilla/5.0 (iPad; CPU OS 17_0_3 like Mac OS X) AppleWebKit/605.1.15 (KHTML, like Gecko) Version/17.0.1 Mobile/15E148 Safari/604.1"
20.78.177.7 - - [13/Dec/2025:22:06:22 +0000] "GET /wp-includes/sitemaps/autoload_classmap.php HTTP/1.1" 301 178 "https://www.google.de/" "Mozilla/5.0 (iPad; CPU OS 16_7_2 like Mac OS X) AppleWebKit/605.1.15 (KHTML, like Gecko) Version/16.6 Mobile/15E148 Safari/604.1"
13.71.30.28 - - [13/Dec/2025:22:06:22 +0000] "GET /images/install.php HTTP/1.1" 404 162 "https://duckduckgo.com/" "Mozilla/5.0 (iPad; CPU OS 17_0_3 like Mac OS X) AppleWebKit/605.1.15 (KHTML, like Gecko) Version/17.0.1 Mobile/15E148 Safari/604.1"
20.78.177.7 - - [13/Dec/2025:22:06:22 +0000] "GET /wp-includes/sitemaps/autoload_classmap.php HTTP/1.1" 404 162 "https://www.google.de/" "Mozilla/5.0 (iPad; CPU OS 16_7_2 like Mac OS X) AppleWebKit/605.1.15 (KHTML, like Gecko) Version/16.6 Mobile/15E148 Safari/604.1"
13.71.30.28 - - [13/Dec/2025:22:06:22 +0000] "GET /info.php HTTP/1.1" 301 178 "https://www.google.fr/" "Mozilla/5.0 (iPad; CPU OS 16_7_2 like Mac OS X) AppleWebKit/605.1.15 (KHTML, like Gecko) Version/16.6 Mobile/15E148 Safari/604.1"
20.78.177.7 - - [13/Dec/2025:22:06:22 +0000] "GET /wp-includes/theme-compat HTTP/1.1" 301 178 "https://www.bing.com/" "Mozilla/5.0 (Linux; Android 10; LM-Q720) AppleWebKit/537.36 (KHTML, like Gecko) Chrome/116.0.0.0 Mobile Safari/537.36"
13.71.30.28 - - [13/Dec/2025:22:06:22 +0000] "GET /info.php HTTP/1.1" 404 162 "https://www.google.fr/" "Mozilla/5.0 (iPad; CPU OS 16_7_2 like Mac OS X) AppleWebKit/605.1.15 (KHTML, like Gecko) Version/16.6 Mobile/15E148 Safari/604.1"
20.78.177.7 - - [13/Dec/2025:22:06:22 +0000] "GET /wp-includes/theme-compat HTTP/1.1" 404 564 "https://www.bing.com/" "Mozilla/5.0 (Linux; Android 10; LM-Q720) AppleWebKit/537.36 (KHTML, like Gecko) Chrome/116.0.0.0 Mobile Safari/537.36"
13.71.30.28 - - [13/Dec/2025:22:06:22 +0000] "GET /ioxi-o.php HTTP/1.1" 301 178 "https://www.google.com/" "Mozilla/5.0 (Linux; Android 14; Pixel 8 Pro) AppleWebKit/537.36 (KHTML, like Gecko) Chrome/119.0.0.0 Mobile Safari/537.36"
13.71.30.28 - - [13/Dec/2025:22:06:23 +0000] "GET /ioxi-o.php HTTP/1.1" 404 564 "https://www.google.com/" "Mozilla/5.0 (Linux; Android 14; Pixel 8 Pro) AppleWebKit/537.36 (KHTML, like Gecko) Chrome/119.0.0.0 Mobile Safari/537.36"
13.71.30.28 - - [13/Dec/2025:22:06:23 +0000] "GET /k.php HTTP/1.1" 301 178 "https://www.yahoo.com/" "Mozilla/5.0 (iPhone; CPU iPhone OS 16_0 like Mac OS X) AppleWebKit/605.1.15 (KHTML, like Gecko) FxiOS/118.0 Mobile/15E148 Safari/605.1.15"
13.71.30.28 - - [13/Dec/2025:22:06:23 +0000] "GET /k.php HTTP/1.1" 404 162 "https://www.yahoo.com/" "Mozilla/5.0 (iPhone; CPU iPhone OS 16_0 like Mac OS X) AppleWebKit/605.1.15 (KHTML, like Gecko) FxiOS/118.0 Mobile/15E148 Safari/605.1.15"
13.71.30.28 - - [13/Dec/2025:22:06:23 +0000] "GET /mah.php HTTP/1.1" 301 178 "https://www.google.fr/" "Mozilla/5.0 (Linux; Android 13; SM-S908E) AppleWebKit/537.36 (KHTML, like Gecko) Chrome/116.0.0.0 Mobile Safari/537.36"
13.71.30.28 - - [13/Dec/2025:22:06:23 +0000] "GET /mah.php HTTP/1.1" 404 564 "https://www.google.fr/" "Mozilla/5.0 (Linux; Android 13; SM-S908E) AppleWebKit/537.36 (KHTML, like Gecko) Chrome/116.0.0.0 Mobile Safari/537.36"
13.71.30.28 - - [13/Dec/2025:22:06:23 +0000] "GET /mah/function.php HTTP/1.1" 301 178 "https://www.google.co.uk/" "Mozilla/5.0 (iPad; CPU OS 16_7_2 like Mac OS X) AppleWebKit/605.1.15 (KHTML, like Gecko) Version/16.6 Mobile/15E148 Safari/604.1"
13.71.30.28 - - [13/Dec/2025:22:06:24 +0000] "GET /mah/function.php HTTP/1.1" 404 162 "https://www.google.co.uk/" "Mozilla/5.0 (iPad; CPU OS 16_7_2 like Mac OS X) AppleWebKit/605.1.15 (KHTML, like Gecko) Version/16.6 Mobile/15E148 Safari/604.1"
13.71.30.28 - - [13/Dec/2025:22:06:24 +0000] "GET /manager.php HTTP/1.1" 301 178 "https://www.yahoo.com/" "Mozilla/5.0 (Linux; Android 11; CPH2251) AppleWebKit/537.36 (KHTML, like Gecko) Chrome/116.0.0.0 Mobile Safari/537.36"
13.71.30.28 - - [13/Dec/2025:22:06:24 +0000] "GET /manager.php HTTP/1.1" 404 564 "https://www.yahoo.com/" "Mozilla/5.0 (Linux; Android 11; CPH2251) AppleWebKit/537.36 (KHTML, like Gecko) Chrome/116.0.0.0 Mobile Safari/537.36"
13.71.30.28 - - [13/Dec/2025:22:06:24 +0000] "GET /mini HTTP/1.1" 301 178 "https://www.google.de/" "Mozilla/5.g (Linux; Android 13; Pixel 7) AppleWebKit/537.36 (KHTML, like Gecko) Chrome/116.0.0.0 Mobile Safari/537.36"
13.71.30.28 - - [13/Dec/2025:22:06:24 +0000] "GET /mini HTTP/1.1" 404 564 "https://www.google.de/" "Mozilla/5.g (Linux; Android 13; Pixel 7) AppleWebKit/537.36 (KHTML, like Gecko) Chrome/116.0.0.0 Mobile Safari/537.36"
13.71.30.28 - - [13/Dec/2025:22:06:25 +0000] "GET /new.php HTTP/1.1" 301 178 "https://www.bing.com/" "Mozilla/5.0 (iPhone; CPU iPhone OS 17_1_1 like Mac OS X) AppleWebKit/605.1.15 (KHTML, like Gecko) Version/17.1 Mobile/15E148 Safari/604.1"
13.71.30.28 - - [13/Dec/2025:22:06:25 +0000] "GET /new.php HTTP/1.1" 404 162 "https://www.bing.com/" "Mozilla/5.0 (iPhone; CPU iPhone OS 17_1_1 like Mac OS X) AppleWebKit/605.1.15 (KHTML, like Gecko) Version/17.1 Mobile/15E148 Safari/604.1"
13.71.30.28 - - [13/Dec/2025:22:06:25 +0000] "GET /dropdown.php HTTP/1.1" 301 178 "https://www.google.com/" "Mozilla/5.0 (Linux; Android 14; Pixel 8 Pro) AppleWebKit/537.36 (KHTML, like Gecko) Chrome/119.0.0.0 Mobile Safari/537.36"
13.71.30.28 - - [13/Dec/2025:22:06:25 +0000] "GET /dropdown.php HTTP/1.1" 404 564 "https://www.google.com/" "Mozilla/5.0 (Linux; Android 14; Pixel 8 Pro) AppleWebKit/537.36 (KHTML, like Gecko) Chrome/119.0.0.0 Mobile Safari/537.36"
13.71.30.28 - - [13/Dec/2025:22:06:25 +0000] "GET /cong.php HTTP/1.1" 301 178 "https://www.google.fr/" "Mozilla/5.0 (Linux; Android 12; V2134) AppleWebKit/537.36 (KHTML, like Gecko) Chrome/116.0.0.0 Mobile Safari/537.36"
13.71.30.28 - - [13/Dec/2025:22:06:25 +0000] "GET /cong.php HTTP/1.1" 404 564 "https://www.google.fr/" "Mozilla/5.0 (Linux; Android 12; V2134) AppleWebKit/537.36 (KHTML, like Gecko) Chrome/116.0.0.0 Mobile Safari/537.36"
13.71.30.28 - - [13/Dec/2025:22:06:26 +0000] "GET /public/files/index.php HTTP/1.1" 301 178 "https://www.bing.com/" "Mozilla/5.0 (Linux; Android 11; 21081111RG) AppleWebKit/537.36 (KHTML, like Gecko) Chrome/116.0.0.0 Mobile Safari/537.36"
13.71.30.28 - - [13/Dec/2025:22:06:26 +0000] "GET /public/files/index.php HTTP/1.1" 404 564 "https://www.bing.com/" "Mozilla/5.0 (Linux; Android 11; 21081111RG) AppleWebKit/537.36 (KHTML, like Gecko) Chrome/116.0.0.0 Mobile Safari/537.36"
13.71.30.28 - - [13/Dec/2025:22:06:26 +0000] "GET /public/wp-content/index.php HTTP/1.1" 301 178 "https://www.google.com/" "Mozilla/5.0 (Linux; Android 13; M2101K6G) AppleWebKit/537.36 (KHTML, like Gecko) Chrome/116.0.0.0 Mobile Safari/537.36"
13.71.30.28 - - [13/Dec/2025:22:06:26 +0000] "GET /public/wp-content/index.php HTTP/1.1" 404 564 "https://www.google.com/" "Mozilla/5.0 (Linux; Android 13; M2101K6G) AppleWebKit/537.36 (KHTML, like Gecko) Chrome/116.0.0.0 Mobile Safari/537.36"
13.71.30.28 - - [13/Dec/2025:22:06:26 +0000] "GET /radio.php HTTP/1.1" 301 178 "https://www.bing.com/" "Mozilla/5.0 (Linux; Android 12; V2134) AppleWebKit/537.36 (KHTML, like Gecko) Chrome/116.0.0.0 Mobile Safari/537.36"
13.71.30.28 - - [13/Dec/2025:22:06:27 +0000] "GET /radio.php HTTP/1.1" 404 564 "https://www.bing.com/" "Mozilla/5.0 (Linux; Android 12; V2134) AppleWebKit/537.36 (KHTML, like Gecko) Chrome/116.0.0.0 Mobile Safari/537.36"
13.71.30.28 - - [13/Dec/2025:22:06:27 +0000] "GET /themes.php HTTP/1.1" 301 178 "https://www.google.co.uk/" "Mozilla/5.0 (Linux; Android 13; SM-S908E) AppleWebKit/537.36 (KHTML, like Gecko) Chrome/116.0.0.0 Mobile Safari/537.36"
13.71.30.28 - - [13/Dec/2025:22:06:27 +0000] "GET /themes.php HTTP/1.1" 404 564 "https://www.google.co.uk/" "Mozilla/5.0 (Linux; Android 13; SM-S908E) AppleWebKit/537.36 (KHTML, like Gecko) Chrome/116.0.0.0 Mobile Safari/537.36"
13.71.30.28 - - [13/Dec/2025:22:06:27 +0000] "GET /uploads/index.php HTTP/1.1" 301 178 "https://duckduckgo.com/" "Mozilla/5.g (Linux; Android 13; Pixel 7) AppleWebKit/537.36 (KHTML, like Gecko) Chrome/116.0.0.0 Mobile Safari/537.36"
13.71.30.28 - - [13/Dec/2025:22:06:27 +0000] "GET /uploads/index.php HTTP/1.1" 404 564 "https://duckduckgo.com/" "Mozilla/5.g (Linux; Android 13; Pixel 7) AppleWebKit/537.36 (KHTML, like Gecko) Chrome/116.0.0.0 Mobile Safari/537.36"
13.71.30.28 - - [13/Dec/2025:22:06:27 +0000] "GET /wp-admin/ HTTP/1.1" 301 178 "https://duckduckgo.com/" "Mozilla/5.0 (iPhone; CPU iPhone OS 16_0 like Mac OS X) AppleWebKit/605.1.15 (KHTML, like Gecko) FxiOS/118.0 Mobile/15E148 Safari/605.1.15"
13.71.30.28 - - [13/Dec/2025:22:06:28 +0000] "GET /wp-admin/ HTTP/1.1" 404 162 "https://duckduckgo.com/" "Mozilla/5.0 (iPhone; CPU iPhone OS 16_0 like Mac OS X) AppleWebKit/605.1.15 (KHTML, like Gecko) FxiOS/118.0 Mobile/15E148 Safari/605.1.15"
13.71.30.28 - - [13/Dec/2025:22:06:28 +0000] "GET /wp-admin/classwithtostring.php HTTP/1.1" 301 178 "https://www.google.de/" "Mozilla/5.0 (iPad; CPU OS 17_0_3 like Mac OS X) AppleWebKit/605.1.15 (KHTML, like Gecko) Version/17.0.1 Mobile/15E148 Safari/604.1"
13.71.30.28 - - [13/Dec/2025:22:06:28 +0000] "GET /wp-admin/classwithtostring.php HTTP/1.1" 404 162 "https://www.google.de/" "Mozilla/5.0 (iPad; CPU OS 17_0_3 like Mac OS X) AppleWebKit/605.1.15 (KHTML, like Gecko) Version/17.0.1 Mobile/15E148 Safari/604.1"
13.71.30.28 - - [13/Dec/2025:22:06:28 +0000] "GET /wp-admin/css/ HTTP/1.1" 301 178 "https://duckduckgo.com/" "Mozilla/5.0 (iPhone; CPU iPhone OS 17_0_3 like Mac OS X) AppleWebKit/605.1.15 (KHTML, like Gecko) Version/17.0.1 Mobile/15E148 Safari/604.1"
13.71.30.28 - - [13/Dec/2025:22:06:28 +0000] "GET /wp-admin/css/ HTTP/1.1" 404 162 "https://duckduckgo.com/" "Mozilla/5.0 (iPhone; CPU iPhone OS 17_0_3 like Mac OS X) AppleWebKit/605.1.15 (KHTML, like Gecko) Version/17.0.1 Mobile/15E148 Safari/604.1"
13.71.30.28 - - [13/Dec/2025:22:06:29 +0000] "GET /wp-admin/css/about.php HTTP/1.1" 301 178 "https://www.google.com/" "Mozilla/5.0 (Linux; Android 13; SM-G991U) AppleWebKit/537.36 (KHTML, like Gecko) Chrome/117.0.0.0 Mobile Safari/537.36"
13.71.30.28 - - [13/Dec/2025:22:06:29 +0000] "GET /wp-admin/css/about.php HTTP/1.1" 404 564 "https://www.google.com/" "Mozilla/5.0 (Linux; Android 13; SM-G991U) AppleWebKit/537.36 (KHTML, like Gecko) Chrome/117.0.0.0 Mobile Safari/537.36"
13.71.30.28 - - [13/Dec/2025:22:06:29 +0000] "GET /wp-admin/css/colors/blue/ HTTP/1.1" 301 178 "https://www.google.com/" "Mozilla/5.0 (iPhone; CPU iPhone OS 15_7_9 like Mac OS X) AppleWebKit/605.1.15 (KHTML, like Gecko) Version/15.6.5 Mobile/15E148 Safari/604.1"
13.71.30.28 - - [13/Dec/2025:22:06:29 +0000] "GET /wp-admin/css/colors/blue/ HTTP/1.1" 404 162 "https://www.google.com/" "Mozilla/5.0 (iPhone; CPU iPhone OS 15_7_9 like Mac OS X) AppleWebKit/605.1.15 (KHTML, like Gecko) Version/15.6.5 Mobile/15E148 Safari/604.1"
13.71.30.28 - - [13/Dec/2025:22:06:29 +0000] "GET /wp-admin/images/index.php HTTP/1.1" 301 178 "https://www.google.de/" "Mozilla/5.g (Linux; Android 13; Pixel 7) AppleWebKit/537.36 (KHTML, like Gecko) Chrome/116.0.0.0 Mobile Safari/537.36"
13.71.30.28 - - [13/Dec/2025:22:06:29 +0000] "GET /wp-admin/images/index.php HTTP/1.1" 404 564 "https://www.google.de/" "Mozilla/5.g (Linux; Android 13; Pixel 7) AppleWebKit/537.36 (KHTML, like Gecko) Chrome/116.0.0.0 Mobile Safari/537.36"
13.71.30.28 - - [13/Dec/2025:22:06:30 +0000] "GET /wp-admin/includes/colour.php HTTP/1.1" 301 178 "https://www.google.de/" "Mozilla/5.0 (iPhone; CPU iPhone OS 17_0_3 like Mac OS X) AppleWebKit/605.1.15 (KHTML, like Gecko) Version/17.0.1 Mobile/15E148 Safari/604.1"
13.71.30.28 - - [13/Dec/2025:22:06:30 +0000] "GET /wp-admin/includes/colour.php HTTP/1.1" 404 162 "https://www.google.de/" "Mozilla/5.0 (iPhone; CPU iPhone OS 17_0_3 like Mac OS X) AppleWebKit/605.1.15 (KHTML, like Gecko) Version/17.0.1 Mobile/15E148 Safari/604.1"
13.71.30.28 - - [13/Dec/2025:22:06:30 +0000] "GET /wp-admin/includes/index.php HTTP/1.1" 301 178 "https://www.google.fr/" "Mozilla/5.0 (iPhone; CPU iPhone OS 17_1_1 like Mac OS X) AppleWebKit/605.1.15 (KHTML, like Gecko) Version/17.1 Mobile/15E148 Safari/604.1"
13.71.30.28 - - [13/Dec/2025:22:06:30 +0000] "GET /wp-admin/includes/index.php HTTP/1.1" 404 162 "https://www.google.fr/" "Mozilla/5.0 (iPhone; CPU iPhone OS 17_1_1 like Mac OS X) AppleWebKit/605.1.15 (KHTML, like Gecko) Version/17.1 Mobile/15E148 Safari/604.1"
13.71.30.28 - - [13/Dec/2025:22:06:30 +0000] "GET /wp-admin/index.php HTTP/1.1" 301 178 "https://duckduckgo.com/" "Mozilla/5.g (Linux; Android 13; Pixel 7) AppleWebKit/537.36 (KHTML, like Gecko) Chrome/116.0.0.0 Mobile Safari/537.36"
13.71.30.28 - - [13/Dec/2025:22:06:31 +0000] "GET /wp-admin/index.php HTTP/1.1" 404 564 "https://duckduckgo.com/" "Mozilla/5.g (Linux; Android 13; Pixel 7) AppleWebKit/537.36 (KHTML, like Gecko) Chrome/116.0.0.0 Mobile Safari/537.36"
13.71.30.28 - - [13/Dec/2025:22:06:31 +0000] "GET /wp-admin/js/ HTTP/1.1" 301 178 "https://www.google.com/" "Mozilla/5.0 (Linux; Android 10; K) AppleWebKit/537.36 (KHTML, like Gecko) Chrome/117.0.0.0 Mobile Safari/537.36"
13.71.30.28 - - [13/Dec/2025:22:06:31 +0000] "GET /wp-admin/js/ HTTP/1.1" 404 564 "https://www.google.com/" "Mozilla/5.0 (Linux; Android 10; K) AppleWebKit/537.36 (KHTML, like Gecko) Chrome/117.0.0.0 Mobile Safari/537.36"
13.71.30.28 - - [13/Dec/2025:22:06:31 +0000] "GET /wp-admin/js/index.php HTTP/1.1" 301 178 "https://www.bing.com/" "Mozilla/5.0 (iPad; CPU OS 16_7_2 like Mac OS X) AppleWebKit/605.1.15 (KHTML, like Gecko) Version/16.6 Mobile/15E148 Safari/604.1"
13.71.30.28 - - [13/Dec/2025:22:06:31 +0000] "GET /wp-admin/js/index.php HTTP/1.1" 404 162 "https://www.bing.com/" "Mozilla/5.0 (iPad; CPU OS 16_7_2 like Mac OS X) AppleWebKit/605.1.15 (KHTML, like Gecko) Version/16.6 Mobile/15E148 Safari/604.1"
13.71.30.28 - - [13/Dec/2025:22:06:31 +0000] "GET /wp-admin/js/widgets/ HTTP/1.1" 301 178 "https://www.google.co.uk/" "Mozilla/5.0 (iPad; CPU OS 17_0_3 like Mac OS X) AppleWebKit/605.1.15 (KHTML, like Gecko) Version/17.0.1 Mobile/15E148 Safari/604.1"
13.71.30.28 - - [13/Dec/2025:22:06:32 +0000] "GET /wp-admin/js/widgets/ HTTP/1.1" 404 162 "https://www.google.co.uk/" "Mozilla/5.0 (iPad; CPU OS 17_0_3 like Mac OS X) AppleWebKit/605.1.15 (KHTML, like Gecko) Version/17.0.1 Mobile/15E148 Safari/604.1"
13.71.30.28 - - [13/Dec/2025:22:06:32 +0000] "GET /wp-admin/network/admin.php HTTP/1.1" 301 178 "https://www.google.co.uk/" "Mozilla/5.0 (Linux; Android 12; 2201116SG) AppleWebKit/537.36 (KHTML, like Gecko) Chrome/116.0.0.0 Mobile Safari/537.36"
13.71.30.28 - - [13/Dec/2025:22:06:32 +0000] "GET /wp-admin/network/admin.php HTTP/1.1" 404 564 "https://www.google.co.uk/" "Mozilla/5.0 (Linux; Android 12; 2201116SG) AppleWebKit/537.36 (KHTML, like Gecko) Chrome/116.0.0.0 Mobile Safari/537.36"
13.71.30.28 - - [13/Dec/2025:22:06:32 +0000] "GET /wp-admin/wp-admins.php HTTP/1.1" 301 178 "https://www.google.de/" "Mozilla/5.0 (Linux; Android 12; 2201116SG) AppleWebKit/537.36 (KHTML, like Gecko) Chrome/116.0.0.0 Mobile Safari/537.36"
13.71.30.28 - - [13/Dec/2025:22:06:32 +0000] "GET /wp-admin/wp-admins.php HTTP/1.1" 404 564 "https://www.google.de/" "Mozilla/5.0 (Linux; Android 12; 2201116SG) AppleWebKit/537.36 (KHTML, like Gecko) Chrome/116.0.0.0 Mobile Safari/537.36"
13.71.30.28 - - [13/Dec/2025:22:06:33 +0000] "GET /wp-blog.php HTTP/1.1" 301 178 "https://www.google.com/" "Mozilla/5.0 (iPhone; CPU iPhone OS 17_0_3 like Mac OS X) AppleWebKit/605.1.15 (KHTML, like Gecko) Version/17.0.1 Mobile/15E148 Safari/604.1"
13.71.30.28 - - [13/Dec/2025:22:06:33 +0000] "GET /wp-blog.php HTTP/1.1" 404 162 "https://www.google.com/" "Mozilla/5.0 (iPhone; CPU iPhone OS 17_0_3 like Mac OS X) AppleWebKit/605.1.15 (KHTML, like Gecko) Version/17.0.1 Mobile/15E148 Safari/604.1"
13.71.30.28 - - [13/Dec/2025:22:06:33 +0000] "GET /wp-conflg/function.php HTTP/1.1" 301 178 "https://duckduckgo.com/" "Mozilla/5.0 (Linux; Android 12; SM-A525F) AppleWebKit/537.36 (KHTML, like Gecko) Chrome/117.0.0.0 Mobile Safari/537.36"
13.71.30.28 - - [13/Dec/2025:22:06:33 +0000] "GET /wp-conflg/function.php HTTP/1.1" 404 564 "https://duckduckgo.com/" "Mozilla/5.0 (Linux; Android 12; SM-A525F) AppleWebKit/537.36 (KHTML, like Gecko) Chrome/117.0.0.0 Mobile Safari/537.36"
170.106.35.137 - - [13/Dec/2025:22:07:24 +0000] "GET / HTTP/1.1" 301 178 "-" "Mozilla/5.0 (iPhone; CPU iPhone OS 13_2_3 like Mac OS X) AppleWebKit/605.1.15 (KHTML, like Gecko) Version/13.0.3 Mobile/15E148 Safari/604.1"
170.106.35.137 - - [13/Dec/2025:22:07:25 +0000] "GET / HTTP/1.1" 200 894 "http://www.gisforhealth.com" "Mozilla/5.0 (iPhone; CPU iPhone OS 13_2_3 like Mac OS X) AppleWebKit/605.1.15 (KHTML, like Gecko) Version/13.0.3 Mobile/15E148 Safari/604.1"
45.148.10.238 - - [13/Dec/2025:22:12:47 +0000] "GET /.git/config HTTP/1.1" 404 134 "-" "Mozilla/5.0 (X11; Ubuntu; Linux x86_64; rv:84.0) Gecko/20100101 Firefox/84.0"
172.104.31.131 - - [13/Dec/2025:22:16:57 +0000] "GET / HTTP/1.1" 200 894 "-" "Mozilla/5.0 (Linux; Android 7.1.1; K88 Build/NMF26V) AppleWebKit/537.36 (KHTML, like Gecko) Chrome/65.0.3325.109 Safari/537.36"
172.104.31.131 - - [13/Dec/2025:22:16:57 +0000] "GET / HTTP/1.1" 200 1952 "-" "Mozilla/5.0 (Windows NT 6.1) AppleWebKit/537.36 (KHTML, like Gecko) Chrome/57.0.2987.133 Safari/537.36"
172.104.31.131 - - [13/Dec/2025:22:16:57 +0000] "GET /assets/js/main.js HTTP/1.1" 200 3755 "https://www.webdmap.com/" "Mozilla/5.0 (Windows NT 6.1) AppleWebKit/537.36 (KHTML, like Gecko) Chrome/57.0.2987.133 Safari/537.36"
172.104.31.131 - - [13/Dec/2025:22:16:57 +0000] "GET /assets/css/style.css HTTP/1.1" 200 11872 "https://www.webdmap.com/" "Mozilla/5.0 (Windows NT 6.1) AppleWebKit/537.36 (KHTML, like Gecko) Chrome/57.0.2987.133 Safari/537.36"
172.104.31.131 - - [13/Dec/2025:22:16:57 +0000] "GET /assets/js/homepage.js HTTP/1.1" 200 2749 "https://www.webdmap.com/" "Mozilla/5.0 (Windows NT 6.1) AppleWebKit/537.36 (KHTML, like Gecko) Chrome/57.0.2987.133 Safari/537.36"
172.104.31.131 - - [13/Dec/2025:22:16:57 +0000] "GET /data/about.json HTTP/1.1" 200 687 "https://www.webdmap.com/" "Mozilla/5.0 (Windows NT 6.1) AppleWebKit/537.36 (KHTML, like Gecko) Chrome/57.0.2987.133 Safari/537.36"
172.104.31.131 - - [13/Dec/2025:22:16:57 +0000] "GET /data/homepage.json HTTP/1.1" 200 1999 "https://www.webdmap.com/" "Mozilla/5.0 (Windows NT 6.1) AppleWebKit/537.36 (KHTML, like Gecko) Chrome/57.0.2987.133 Safari/537.36"
172.104.31.131 - - [13/Dec/2025:22:16:57 +0000] "GET /data/nav.json HTTP/1.1" 200 628 "https://www.webdmap.com/" "Mozilla/5.0 (Windows NT 6.1) AppleWebKit/537.36 (KHTML, like Gecko) Chrome/57.0.2987.133 Safari/537.36"
172.104.31.131 - - [13/Dec/2025:22:16:57 +0000] "GET /favicon.ico HTTP/1.1" 404 564 "https://www.webdmap.com/" "Mozilla/5.0 (Windows NT 6.1) AppleWebKit/537.36 (KHTML, like Gecko) Chrome/57.0.2987.133 Safari/537.36"
172.104.31.131 - - [13/Dec/2025:22:16:58 +0000] "GET /data/nav.json HTTP/1.1" 200 628 "https://www.webdmap.com/" "Mozilla/5.0 (Windows NT 6.1) AppleWebKit/537.36 (KHTML, like Gecko) Chrome/57.0.2987.133 Safari/537.36"
172.104.31.131 - - [13/Dec/2025:22:16:58 +0000] "GET /data/about.json HTTP/1.1" 200 687 "https://www.webdmap.com/" "Mozilla/5.0 (Windows NT 6.1) AppleWebKit/537.36 (KHTML, like Gecko) Chrome/57.0.2987.133 Safari/537.36"
4.241.241.191 - - [13/Dec/2025:22:17:09 +0000] "GET /.well-known/index.php HTTP/1.1" 301 178 "https://duckduckgo.com/" "Mozilla/5.0 (iPhone; CPU iPhone OS 16_0 like Mac OS X) AppleWebKit/605.1.15 (KHTML, like Gecko) FxiOS/118.0 Mobile/15E148 Safari/605.1.15"
4.241.241.191 - - [13/Dec/2025:22:17:10 +0000] "GET /.well-known/index.php HTTP/1.1" 404 162 "https://duckduckgo.com/" "Mozilla/5.0 (iPhone; CPU iPhone OS 16_0 like Mac OS X) AppleWebKit/605.1.15 (KHTML, like Gecko) FxiOS/118.0 Mobile/15E148 Safari/605.1.15"
4.241.241.191 - - [13/Dec/2025:22:17:10 +0000] "GET /404.php HTTP/1.1" 301 178 "https://www.google.com/" "Mozilla/5.0 (Linux; Android 11; 21081111RG) AppleWebKit/537.36 (KHTML, like Gecko) Chrome/116.0.0.0 Mobile Safari/537.36"
4.241.241.191 - - [13/Dec/2025:22:17:10 +0000] "GET /404.php HTTP/1.1" 404 564 "https://www.google.com/" "Mozilla/5.0 (Linux; Android 11; 21081111RG) AppleWebKit/537.36 (KHTML, like Gecko) Chrome/116.0.0.0 Mobile Safari/537.36"
4.241.241.191 - - [13/Dec/2025:22:17:10 +0000] "GET /aa.php HTTP/1.1" 301 178 "https://www.google.com/" "Mozilla/5.0 (iPhone; CPU iPhone OS 17_0_3 like Mac OS X) AppleWebKit/605.1.15 (KHTML, like Gecko) Version/17.0.1 Mobile/15E148 Safari/604.1"
4.241.241.191 - - [13/Dec/2025:22:17:11 +0000] "GET /aa.php HTTP/1.1" 404 162 "https://www.google.com/" "Mozilla/5.0 (iPhone; CPU iPhone OS 17_0_3 like Mac OS X) AppleWebKit/605.1.15 (KHTML, like Gecko) Version/17.0.1 Mobile/15E148 Safari/604.1"
4.241.241.191 - - [13/Dec/2025:22:17:11 +0000] "GET /abcd.php HTTP/1.1" 301 178 "https://www.google.fr/" "Mozilla/5.0 (iPad; CPU OS 16_7_2 like Mac OS X) AppleWebKit/605.1.15 (KHTML, like Gecko) Version/16.6 Mobile/15E148 Safari/604.1"
4.241.241.191 - - [13/Dec/2025:22:17:11 +0000] "GET /abcd.php HTTP/1.1" 404 162 "https://www.google.fr/" "Mozilla/5.0 (iPad; CPU OS 16_7_2 like Mac OS X) AppleWebKit/605.1.15 (KHTML, like Gecko) Version/16.6 Mobile/15E148 Safari/604.1"
4.241.241.191 - - [13/Dec/2025:22:17:11 +0000] "GET /admin.php HTTP/1.1" 301 178 "https://www.google.com/" "Mozilla/5.0 (iPhone; CPU iPhone OS 15_7_9 like Mac OS X) AppleWebKit/605.1.15 (KHTML, like Gecko) Version/15.6.5 Mobile/15E148 Safari/604.1"
4.241.241.191 - - [13/Dec/2025:22:17:11 +0000] "GET /admin.php HTTP/1.1" 404 162 "https://www.google.com/" "Mozilla/5.0 (iPhone; CPU iPhone OS 15_7_9 like Mac OS X) AppleWebKit/605.1.15 (KHTML, like Gecko) Version/15.6.5 Mobile/15E148 Safari/604.1"
4.241.241.191 - - [13/Dec/2025:22:17:11 +0000] "GET /about.php HTTP/1.1" 301 178 "https://duckduckgo.com/" "Mozilla/5.0 (iPhone; CPU iPhone OS 15_7_9 like Mac OS X) AppleWebKit/605.1.15 (KHTML, like Gecko) Version/15.6.5 Mobile/15E148 Safari/604.1"
4.241.241.191 - - [13/Dec/2025:22:17:12 +0000] "GET /about.php HTTP/1.1" 404 162 "https://duckduckgo.com/" "Mozilla/5.0 (iPhone; CPU iPhone OS 15_7_9 like Mac OS X) AppleWebKit/605.1.15 (KHTML, like Gecko) Version/15.6.5 Mobile/15E148 Safari/604.1"
4.241.241.191 - - [13/Dec/2025:22:17:12 +0000] "GET /adminfuns.php HTTP/1.1" 301 178 "https://www.google.com/" "Mozilla/5.0 (iPhone; CPU iPhone OS 17_0_3 like Mac OS X) AppleWebKit/605.1.15 (KHTML, like Gecko) Version/17.0.1 Mobile/15E148 Safari/604.1"
4.241.241.191 - - [13/Dec/2025:22:17:12 +0000] "GET /adminfuns.php HTTP/1.1" 404 162 "https://www.google.com/" "Mozilla/5.0 (iPhone; CPU iPhone OS 17_0_3 like Mac OS X) AppleWebKit/605.1.15 (KHTML, like Gecko) Version/17.0.1 Mobile/15E148 Safari/604.1"
4.241.241.191 - - [13/Dec/2025:22:17:12 +0000] "GET /ahax.php HTTP/1.1" 301 178 "https://www.google.com/" "Mozilla/5.0 (iPhone; CPU iPhone OS 17_1 like Mac OS X) AppleWebKit/605.1.15 (KHTML, like Gecko) CriOS/119.0.6045.109 Mobile/15E148 Safari/604.1"
4.241.241.191 - - [13/Dec/2025:22:17:12 +0000] "GET /ahax.php HTTP/1.1" 404 162 "https://www.google.com/" "Mozilla/5.0 (iPhone; CPU iPhone OS 17_1 like Mac OS X) AppleWebKit/605.1.15 (KHTML, like Gecko) CriOS/119.0.6045.109 Mobile/15E148 Safari/604.1"
4.241.241.191 - - [13/Dec/2025:22:17:12 +0000] "GET /akcc.php HTTP/1.1" 301 178 "https://www.yahoo.com/" "Mozilla/5.0 (iPad; CPU OS 16_7_2 like Mac OS X) AppleWebKit/605.1.15 (KHTML, like Gecko) Version/16.6 Mobile/15E148 Safari/604.1"
4.241.241.191 - - [13/Dec/2025:22:17:13 +0000] "GET /akcc.php HTTP/1.1" 404 162 "https://www.yahoo.com/" "Mozilla/5.0 (iPad; CPU OS 16_7_2 like Mac OS X) AppleWebKit/605.1.15 (KHTML, like Gecko) Version/16.6 Mobile/15E148 Safari/604.1"
4.241.241.191 - - [13/Dec/2025:22:17:13 +0000] "GET /alfa.php HTTP/1.1" 301 178 "https://www.yahoo.com/" "Mozilla/5.g (Linux; Android 13; Pixel 7) AppleWebKit/537.36 (KHTML, like Gecko) Chrome/116.0.0.0 Mobile Safari/537.36"
4.241.241.191 - - [13/Dec/2025:22:17:13 +0000] "GET /alfa.php HTTP/1.1" 404 564 "https://www.yahoo.com/" "Mozilla/5.g (Linux; Android 13; Pixel 7) AppleWebKit/537.36 (KHTML, like Gecko) Chrome/116.0.0.0 Mobile Safari/537.36"
4.241.241.191 - - [13/Dec/2025:22:17:13 +0000] "GET /assets/images/ HTTP/1.1" 301 178 "https://duckduckgo.com/" "Mozilla/5.0 (Linux; Android 12; 2201116SG) AppleWebKit/537.36 (KHTML, like Gecko) Chrome/116.0.0.0 Mobile Safari/537.36"
4.241.241.191 - - [13/Dec/2025:22:17:13 +0000] "GET /assets/images/ HTTP/1.1" 404 564 "https://duckduckgo.com/" "Mozilla/5.0 (Linux; Android 12; 2201116SG) AppleWebKit/537.36 (KHTML, like Gecko) Chrome/116.0.0.0 Mobile Safari/537.36"
4.241.241.191 - - [13/Dec/2025:22:17:13 +0000] "GET /autoload_classmap/function.php HTTP/1.1" 301 178 "https://www.google.co.uk/" "Mozilla/5.0 (iPhone; CPU iPhone OS 17_0_3 like Mac OS X) AppleWebKit/605.1.15 (KHTML, like Gecko) Version/17.0.1 Mobile/15E148 Safari/604.1"
4.241.241.191 - - [13/Dec/2025:22:17:14 +0000] "GET /autoload_classmap/function.php HTTP/1.1" 404 162 "https://www.google.co.uk/" "Mozilla/5.0 (iPhone; CPU iPhone OS 17_0_3 like Mac OS X) AppleWebKit/605.1.15 (KHTML, like Gecko) Version/17.0.1 Mobile/15E148 Safari/604.1"
4.241.241.191 - - [13/Dec/2025:22:17:14 +0000] "GET /av.php HTTP/1.1" 301 178 "https://www.bing.com/" "Mozilla/5.0 (Linux; Android 13; M2101K6G) AppleWebKit/537.36 (KHTML, like Gecko) Chrome/116.0.0.0 Mobile Safari/537.36"
4.241.241.191 - - [13/Dec/2025:22:17:14 +0000] "GET /av.php HTTP/1.1" 404 564 "https://www.bing.com/" "Mozilla/5.0 (Linux; Android 13; M2101K6G) AppleWebKit/537.36 (KHTML, like Gecko) Chrome/116.0.0.0 Mobile Safari/537.36"
4.241.241.191 - - [13/Dec/2025:22:17:14 +0000] "GET /bless.php HTTP/1.1" 301 178 "https://www.google.fr/" "Mozilla/5.0 (iPhone; CPU iPhone OS 17_1 like Mac OS X) AppleWebKit/605.1.15 (KHTML, like Gecko) CriOS/119.0.6045.109 Mobile/15E148 Safari/604.1"
4.241.241.191 - - [13/Dec/2025:22:17:14 +0000] "GET /bless.php HTTP/1.1" 404 162 "https://www.google.fr/" "Mozilla/5.0 (iPhone; CPU iPhone OS 17_1 like Mac OS X) AppleWebKit/605.1.15 (KHTML, like Gecko) CriOS/119.0.6045.109 Mobile/15E148 Safari/604.1"
4.241.241.191 - - [13/Dec/2025:22:17:14 +0000] "GET /bolt.php HTTP/1.1" 301 178 "https://www.yahoo.com/" "Mozilla/5.0 (iPhone; CPU iPhone OS 15_7_9 like Mac OS X) AppleWebKit/605.1.15 (KHTML, like Gecko) Version/15.6.5 Mobile/15E148 Safari/604.1"
4.241.241.191 - - [13/Dec/2025:22:17:15 +0000] "GET /bolt.php HTTP/1.1" 404 162 "https://www.yahoo.com/" "Mozilla/5.0 (iPhone; CPU iPhone OS 15_7_9 like Mac OS X) AppleWebKit/605.1.15 (KHTML, like Gecko) Version/15.6.5 Mobile/15E148 Safari/604.1"
4.241.241.191 - - [13/Dec/2025:22:17:15 +0000] "GET /buy.php HTTP/1.1" 301 178 "https://www.google.fr/" "Mozilla/5.0 (Linux; Android 11; CPH2251) AppleWebKit/537.36 (KHTML, like Gecko) Chrome/116.0.0.0 Mobile Safari/537.36"
4.241.241.191 - - [13/Dec/2025:22:17:15 +0000] "GET /buy.php HTTP/1.1" 404 564 "https://www.google.fr/" "Mozilla/5.0 (Linux; Android 11; CPH2251) AppleWebKit/537.36 (KHTML, like Gecko) Chrome/116.0.0.0 Mobile Safari/537.36"
4.241.241.191 - - [13/Dec/2025:22:17:15 +0000] "GET /atomlib.php HTTP/1.1" 301 178 "https://www.google.com/" "Mozilla/5.0 (Linux; Android 13; SM-S908E) AppleWebKit/537.36 (KHTML, like Gecko) Chrome/116.0.0.0 Mobile Safari/537.36"
4.241.241.191 - - [13/Dec/2025:22:17:15 +0000] "GET /atomlib.php HTTP/1.1" 404 564 "https://www.google.com/" "Mozilla/5.0 (Linux; Android 13; SM-S908E) AppleWebKit/537.36 (KHTML, like Gecko) Chrome/116.0.0.0 Mobile Safari/537.36"
4.241.241.191 - - [13/Dec/2025:22:17:15 +0000] "GET /cgi-bin/file.php HTTP/1.1" 301 178 "https://www.google.fr/" "Mozilla/5.0 (Linux; Android 12; 2201116SG) AppleWebKit/537.36 (KHTML, like Gecko) Chrome/116.0.0.0 Mobile Safari/537.36"
4.241.241.191 - - [13/Dec/2025:22:17:16 +0000] "GET /cgi-bin/file.php HTTP/1.1" 404 564 "https://www.google.fr/" "Mozilla/5.0 (Linux; Android 12; 2201116SG) AppleWebKit/537.36 (KHTML, like Gecko) Chrome/116.0.0.0 Mobile Safari/537.36"
4.241.241.191 - - [13/Dec/2025:22:17:16 +0000] "GET /cgi-bin/index.php HTTP/1.1" 301 178 "https://duckduckgo.com/" "Mozilla/5.0 (Linux; Android 12; SM-A525F) AppleWebKit/537.36 (KHTML, like Gecko) Chrome/117.0.0.0 Mobile Safari/537.36"
4.241.241.191 - - [13/Dec/2025:22:17:16 +0000] "GET /cgi-bin/index.php HTTP/1.1" 404 564 "https://duckduckgo.com/" "Mozilla/5.0 (Linux; Android 12; SM-A525F) AppleWebKit/537.36 (KHTML, like Gecko) Chrome/117.0.0.0 Mobile Safari/537.36"
4.241.241.191 - - [13/Dec/2025:22:17:16 +0000] "GET /chosen.php HTTP/1.1" 301 178 "https://www.google.de/" "Mozilla/5.0 (iPad; CPU OS 17_0_3 like Mac OS X) AppleWebKit/605.1.15 (KHTML, like Gecko) Version/17.0.1 Mobile/15E148 Safari/604.1"
4.241.241.191 - - [13/Dec/2025:22:17:16 +0000] "GET /chosen.php HTTP/1.1" 404 162 "https://www.google.de/" "Mozilla/5.0 (iPad; CPU OS 17_0_3 like Mac OS X) AppleWebKit/605.1.15 (KHTML, like Gecko) Version/17.0.1 Mobile/15E148 Safari/604.1"
4.241.241.191 - - [13/Dec/2025:22:17:16 +0000] "GET /classwithtostring.php HTTP/1.1" 301 178 "https://duckduckgo.com/" "Mozilla/5.0 (iPhone; CPU iPhone OS 16_0 like Mac OS X) AppleWebKit/605.1.15 (KHTML, like Gecko) FxiOS/118.0 Mobile/15E148 Safari/605.1.15"
4.241.241.191 - - [13/Dec/2025:22:17:17 +0000] "GET /classwithtostring.php HTTP/1.1" 404 162 "https://duckduckgo.com/" "Mozilla/5.0 (iPhone; CPU iPhone OS 16_0 like Mac OS X) AppleWebKit/605.1.15 (KHTML, like Gecko) FxiOS/118.0 Mobile/15E148 Safari/605.1.15"
4.241.241.191 - - [13/Dec/2025:22:17:17 +0000] "GET /edit.php HTTP/1.1" 301 178 "https://duckduckgo.com/" "Mozilla/5.0 (Linux; Android 13; SM-S908E) AppleWebKit/537.36 (KHTML, like Gecko) Chrome/116.0.0.0 Mobile Safari/537.36"
4.241.241.191 - - [13/Dec/2025:22:17:17 +0000] "GET /edit.php HTTP/1.1" 404 564 "https://duckduckgo.com/" "Mozilla/5.0 (Linux; Android 13; SM-S908E) AppleWebKit/537.36 (KHTML, like Gecko) Chrome/116.0.0.0 Mobile Safari/537.36"
4.241.241.191 - - [13/Dec/2025:22:17:17 +0000] "GET /elp.php HTTP/1.1" 301 178 "https://www.google.fr/" "Mozilla/5.0 (Linux; Android 11; 21081111RG) AppleWebKit/537.36 (KHTML, like Gecko) Chrome/116.0.0.0 Mobile Safari/537.36"
4.241.241.191 - - [13/Dec/2025:22:17:17 +0000] "GET /elp.php HTTP/1.1" 404 564 "https://www.google.fr/" "Mozilla/5.0 (Linux; Android 11; 21081111RG) AppleWebKit/537.36 (KHTML, like Gecko) Chrome/116.0.0.0 Mobile Safari/537.36"
4.241.241.191 - - [13/Dec/2025:22:17:18 +0000] "GET /simple.php HTTP/1.1" 301 178 "https://www.google.fr/" "Mozilla/5.0 (iPhone; CPU iPhone OS 16_0 like Mac OS X) AppleWebKit/605.1.15 (KHTML, like Gecko) FxiOS/118.0 Mobile/15E148 Safari/605.1.15"
4.241.241.191 - - [13/Dec/2025:22:17:18 +0000] "GET /simple.php HTTP/1.1" 404 162 "https://www.google.fr/" "Mozilla/5.0 (iPhone; CPU iPhone OS 16_0 like Mac OS X) AppleWebKit/605.1.15 (KHTML, like Gecko) FxiOS/118.0 Mobile/15E148 Safari/605.1.15"
4.241.241.191 - - [13/Dec/2025:22:17:18 +0000] "GET /file.php HTTP/1.1" 301 178 "https://www.yahoo.com/" "Mozilla/5.0 (iPhone; CPU iPhone OS 16_6_1 like Mac OS X) AppleWebKit/605.1.15 (KHTML, like Gecko) Version/16.6 Mobile/15E148 Safari/604.1"
4.241.241.191 - - [13/Dec/2025:22:17:18 +0000] "GET /file.php HTTP/1.1" 404 162 "https://www.yahoo.com/" "Mozilla/5.0 (iPhone; CPU iPhone OS 16_6_1 like Mac OS X) AppleWebKit/605.1.15 (KHTML, like Gecko) Version/16.6 Mobile/15E148 Safari/604.1"
4.241.241.191 - - [13/Dec/2025:22:17:18 +0000] "GET /item.php HTTP/1.1" 301 178 "https://duckduckgo.com/" "Mozilla/5.0 (Linux; Android 10; K) AppleWebKit/537.36 (KHTML, like Gecko) Chrome/117.0.0.0 Mobile Safari/537.36"
4.241.241.191 - - [13/Dec/2025:22:17:18 +0000] "GET /item.php HTTP/1.1" 404 564 "https://duckduckgo.com/" "Mozilla/5.0 (Linux; Android 10; K) AppleWebKit/537.36 (KHTML, like Gecko) Chrome/117.0.0.0 Mobile Safari/537.36"
4.241.241.191 - - [13/Dec/2025:22:17:19 +0000] "GET /files/ HTTP/1.1" 301 178 "https://duckduckgo.com/" "Mozilla/5.0 (Linux; Android 11; CPH2251) AppleWebKit/537.36 (KHTML, like Gecko) Chrome/116.0.0.0 Mobile Safari/537.36"
4.241.241.191 - - [13/Dec/2025:22:17:19 +0000] "GET /files/ HTTP/1.1" 404 564 "https://duckduckgo.com/" "Mozilla/5.0 (Linux; Android 11; CPH2251) AppleWebKit/537.36 (KHTML, like Gecko) Chrome/116.0.0.0 Mobile Safari/537.36"
4.241.241.191 - - [13/Dec/2025:22:17:19 +0000] "GET /gg.php HTTP/1.1" 301 178 "https://www.google.com/" "Mozilla/5.0 (Linux; Android 13; SM-G991U) AppleWebKit/537.36 (KHTML, like Gecko) Chrome/117.0.0.0 Mobile Safari/537.36"
4.241.241.191 - - [13/Dec/2025:22:17:19 +0000] "GET /gg.php HTTP/1.1" 404 564 "https://www.google.com/" "Mozilla/5.0 (Linux; Android 13; SM-G991U) AppleWebKit/537.36 (KHTML, like Gecko) Chrome/117.0.0.0 Mobile Safari/537.36"
4.241.241.191 - - [13/Dec/2025:22:17:19 +0000] "GET /goods.php HTTP/1.1" 301 178 "https://www.google.co.uk/" "Mozilla/5.0 (Linux; Android 13; SM-G991U) AppleWebKit/537.36 (KHTML, like Gecko) Chrome/117.0.0.0 Mobile Safari/537.36"
4.241.241.191 - - [13/Dec/2025:22:17:19 +0000] "GET /goods.php HTTP/1.1" 404 564 "https://www.google.co.uk/" "Mozilla/5.0 (Linux; Android 13; SM-G991U) AppleWebKit/537.36 (KHTML, like Gecko) Chrome/117.0.0.0 Mobile Safari/537.36"
4.241.241.191 - - [13/Dec/2025:22:17:20 +0000] "GET /images/ HTTP/1.1" 301 178 "https://www.google.de/" "Mozilla/5.0 (iPhone; CPU iPhone OS 17_1_1 like Mac OS X) AppleWebKit/605.1.15 (KHTML, like Gecko) Version/17.1 Mobile/15E148 Safari/604.1"
4.241.241.191 - - [13/Dec/2025:22:17:20 +0000] "GET /images/ HTTP/1.1" 404 162 "https://www.google.de/" "Mozilla/5.0 (iPhone; CPU iPhone OS 17_1_1 like Mac OS X) AppleWebKit/605.1.15 (KHTML, like Gecko) Version/17.1 Mobile/15E148 Safari/604.1"
4.241.241.191 - - [13/Dec/2025:22:17:20 +0000] "GET /images/install.php HTTP/1.1" 301 178 "https://www.google.com/" "Mozilla/5.0 (Linux; Android 10; K) AppleWebKit/537.36 (KHTML, like Gecko) Chrome/117.0.0.0 Mobile Safari/537.36"
4.241.241.191 - - [13/Dec/2025:22:17:20 +0000] "GET /images/install.php HTTP/1.1" 404 564 "https://www.google.com/" "Mozilla/5.0 (Linux; Android 10; K) AppleWebKit/537.36 (KHTML, like Gecko) Chrome/117.0.0.0 Mobile Safari/537.36"
4.241.241.191 - - [13/Dec/2025:22:17:20 +0000] "GET /info.php HTTP/1.1" 301 178 "https://www.google.co.uk/" "Mozilla/5.0 (iPhone; CPU iPhone OS 17_1_1 like Mac OS X) AppleWebKit/605.1.15 (KHTML, like Gecko) Version/17.1 Mobile/15E148 Safari/604.1"
4.241.241.191 - - [13/Dec/2025:22:17:20 +0000] "GET /info.php HTTP/1.1" 404 162 "https://www.google.co.uk/" "Mozilla/5.0 (iPhone; CPU iPhone OS 17_1_1 like Mac OS X) AppleWebKit/605.1.15 (KHTML, like Gecko) Version/17.1 Mobile/15E148 Safari/604.1"
4.241.241.191 - - [13/Dec/2025:22:17:21 +0000] "GET /ioxi-o.php HTTP/1.1" 301 178 "https://www.google.fr/" "Mozilla/5.0 (Linux; Android 12; 2201116SG) AppleWebKit/537.36 (KHTML, like Gecko) Chrome/116.0.0.0 Mobile Safari/537.36"
4.241.241.191 - - [13/Dec/2025:22:17:21 +0000] "GET /ioxi-o.php HTTP/1.1" 404 564 "https://www.google.fr/" "Mozilla/5.0 (Linux; Android 12; 2201116SG) AppleWebKit/537.36 (KHTML, like Gecko) Chrome/116.0.0.0 Mobile Safari/537.36"
4.241.241.191 - - [13/Dec/2025:22:17:21 +0000] "GET /k.php HTTP/1.1" 301 178 "https://www.google.de/" "Mozilla/5.0 (Linux; Android 13; SM-G991U) AppleWebKit/537.36 (KHTML, like Gecko) Chrome/117.0.0.0 Mobile Safari/537.36"
4.241.241.191 - - [13/Dec/2025:22:17:21 +0000] "GET /k.php HTTP/1.1" 404 564 "https://www.google.de/" "Mozilla/5.0 (Linux; Android 13; SM-G991U) AppleWebKit/537.36 (KHTML, like Gecko) Chrome/117.0.0.0 Mobile Safari/537.36"
4.241.241.191 - - [13/Dec/2025:22:17:21 +0000] "GET /mah.php HTTP/1.1" 301 178 "https://www.yahoo.com/" "Mozilla/5.0 (iPhone; CPU iPhone OS 15_7_9 like Mac OS X) AppleWebKit/605.1.15 (KHTML, like Gecko) Version/15.6.5 Mobile/15E148 Safari/604.1"
4.241.241.191 - - [13/Dec/2025:22:17:21 +0000] "GET /mah.php HTTP/1.1" 404 162 "https://www.yahoo.com/" "Mozilla/5.0 (iPhone; CPU iPhone OS 15_7_9 like Mac OS X) AppleWebKit/605.1.15 (KHTML, like Gecko) Version/15.6.5 Mobile/15E148 Safari/604.1"
4.241.241.191 - - [13/Dec/2025:22:17:22 +0000] "GET /mah/function.php HTTP/1.1" 301 178 "https://duckduckgo.com/" "Mozilla/5.0 (iPhone; CPU iPhone OS 15_7_9 like Mac OS X) AppleWebKit/605.1.15 (KHTML, like Gecko) Version/15.6.5 Mobile/15E148 Safari/604.1"
4.241.241.191 - - [13/Dec/2025:22:17:22 +0000] "GET /mah/function.php HTTP/1.1" 404 162 "https://duckduckgo.com/" "Mozilla/5.0 (iPhone; CPU iPhone OS 15_7_9 like Mac OS X) AppleWebKit/605.1.15 (KHTML, like Gecko) Version/15.6.5 Mobile/15E148 Safari/604.1"
4.241.241.191 - - [13/Dec/2025:22:17:22 +0000] "GET /manager.php HTTP/1.1" 301 178 "https://www.google.de/" "Mozilla/5.0 (Linux; Android 10; K) AppleWebKit/537.36 (KHTML, like Gecko) Chrome/117.0.0.0 Mobile Safari/537.36"
4.241.241.191 - - [13/Dec/2025:22:17:22 +0000] "GET /manager.php HTTP/1.1" 404 564 "https://www.google.de/" "Mozilla/5.0 (Linux; Android 10; K) AppleWebKit/537.36 (KHTML, like Gecko) Chrome/117.0.0.0 Mobile Safari/537.36"
4.241.241.191 - - [13/Dec/2025:22:17:22 +0000] "GET /mini HTTP/1.1" 301 178 "https://www.google.fr/" "Mozilla/5.0 (Linux; Android 10; K) AppleWebKit/537.36 (KHTML, like Gecko) Chrome/117.0.0.0 Mobile Safari/537.36"
4.241.241.191 - - [13/Dec/2025:22:17:22 +0000] "GET /mini HTTP/1.1" 404 564 "https://www.google.fr/" "Mozilla/5.0 (Linux; Android 10; K) AppleWebKit/537.36 (KHTML, like Gecko) Chrome/117.0.0.0 Mobile Safari/537.36"
4.241.241.191 - - [13/Dec/2025:22:17:23 +0000] "GET /new.php HTTP/1.1" 301 178 "https://duckduckgo.com/" "Mozilla/5.0 (Linux; Android 14; Pixel 8 Pro) AppleWebKit/537.36 (KHTML, like Gecko) Chrome/119.0.0.0 Mobile Safari/537.36"
4.241.241.191 - - [13/Dec/2025:22:17:23 +0000] "GET /new.php HTTP/1.1" 404 564 "https://duckduckgo.com/" "Mozilla/5.0 (Linux; Android 14; Pixel 8 Pro) AppleWebKit/537.36 (KHTML, like Gecko) Chrome/119.0.0.0 Mobile Safari/537.36"
4.241.241.191 - - [13/Dec/2025:22:17:23 +0000] "GET /dropdown.php HTTP/1.1" 301 178 "https://www.google.com/" "Mozilla/5.0 (Linux; Android 12; V2134) AppleWebKit/537.36 (KHTML, like Gecko) Chrome/116.0.0.0 Mobile Safari/537.36"
4.241.241.191 - - [13/Dec/2025:22:17:23 +0000] "GET /dropdown.php HTTP/1.1" 404 564 "https://www.google.com/" "Mozilla/5.0 (Linux; Android 12; V2134) AppleWebKit/537.36 (KHTML, like Gecko) Chrome/116.0.0.0 Mobile Safari/537.36"
4.241.241.191 - - [13/Dec/2025:22:17:23 +0000] "GET /cong.php HTTP/1.1" 301 178 "https://duckduckgo.com/" "Mozilla/5.g (Linux; Android 13; Pixel 7) AppleWebKit/537.36 (KHTML, like Gecko) Chrome/116.0.0.0 Mobile Safari/537.36"
4.241.241.191 - - [13/Dec/2025:22:17:23 +0000] "GET /cong.php HTTP/1.1" 404 564 "https://duckduckgo.com/" "Mozilla/5.g (Linux; Android 13; Pixel 7) AppleWebKit/537.36 (KHTML, like Gecko) Chrome/116.0.0.0 Mobile Safari/537.36"
4.241.241.191 - - [13/Dec/2025:22:17:24 +0000] "GET /public/files/index.php HTTP/1.1" 301 178 "https://www.google.de/" "Mozilla/5.0 (Linux; Android 13; M2101K6G) AppleWebKit/537.36 (KHTML, like Gecko) Chrome/116.0.0.0 Mobile Safari/537.36"
4.241.241.191 - - [13/Dec/2025:22:17:24 +0000] "GET /public/files/index.php HTTP/1.1" 404 564 "https://www.google.de/" "Mozilla/5.0 (Linux; Android 13; M2101K6G) AppleWebKit/537.36 (KHTML, like Gecko) Chrome/116.0.0.0 Mobile Safari/537.36"
4.241.241.191 - - [13/Dec/2025:22:17:24 +0000] "GET /public/wp-content/index.php HTTP/1.1" 301 178 "https://www.yahoo.com/" "Mozilla/5.0 (Linux; Android 10; K) AppleWebKit/537.36 (KHTML, like Gecko) Chrome/117.0.0.0 Mobile Safari/537.36"
4.241.241.191 - - [13/Dec/2025:22:17:24 +0000] "GET /public/wp-content/index.php HTTP/1.1" 404 564 "https://www.yahoo.com/" "Mozilla/5.0 (Linux; Android 10; K) AppleWebKit/537.36 (KHTML, like Gecko) Chrome/117.0.0.0 Mobile Safari/537.36"
4.241.241.191 - - [13/Dec/2025:22:17:24 +0000] "GET /radio.php HTTP/1.1" 301 178 "https://www.yahoo.com/" "Mozilla/5.0 (iPad; CPU OS 16_7_2 like Mac OS X) AppleWebKit/605.1.15 (KHTML, like Gecko) Version/16.6 Mobile/15E148 Safari/604.1"
4.241.241.191 - - [13/Dec/2025:22:17:25 +0000] "GET /radio.php HTTP/1.1" 404 162 "https://www.yahoo.com/" "Mozilla/5.0 (iPad; CPU OS 16_7_2 like Mac OS X) AppleWebKit/605.1.15 (KHTML, like Gecko) Version/16.6 Mobile/15E148 Safari/604.1"
