4.241.241.191 - - [13/Dec/2025:21:41:51 +0000] "GET /wp-includes/theme-compat/ HTTP/1.1" 301 178 "https://www.google.fr/" "Mozilla/5.0 (Linux; Android 10; K) AppleWebKit/537.36 (KHTML, like Gecko) Chrome/117.0.0.0 Mobile Safari/537.36"
4.241.241.191 - - [13/Dec/2025:21:41:51 +0000] "GET /wp-includes/theme-compat/ HTTP/1.1" 404 564 "https://www.google.fr/" "Mozilla/5.0 (Linux; Android 10; K) AppleWebKit/537.36 (KHTML, like Gecko) Chrome/117.0.0.0 Mobile Safari/537.36"
4.241.241.191 - - [13/Dec/2025:21:41:51 +0000] "GET /wp-login.php HTTP/1.1" 301 178 "https://www.bing.com/" "Mozilla/5.0 (iPhone; CPU iPhone OS 16_0 like Mac OS X) AppleWebKit/605.1.15 (KHTML, like Gecko) FxiOS/118.0 Mobile/15E148 Safari/605.1.15"
4.241.241.191 - - [13/Dec/2025:21:41:52 +0000] "GET /wp-login.php HTTP/1.1" 404 162 "https://www.bing.com/" "Mozilla/5.0 (iPhone; CPU iPhone OS 16_0 like Mac OS X) AppleWebKit/605.1.15 (KHTML, like Gecko) FxiOS/118.0 Mobile/15E148 Safari/605.1.15"
4.241.241.191 - - [13/Dec/2025:21:41:52 +0000] "GET /wp-signin.php HTTP/1.1" 301 178 "https://www.yahoo.com/" "Mozilla/5.0 (iPhone; CPU iPhone OS 17_1 like Mac OS X) AppleWebKit/605.1.15 (KHTML, like Gecko) CriOS/119.0.6045.109 Mobile/15E148 Safari/604.1"
4.241.241.191 - - [13/Dec/2025:21:41:52 +0000] "GET /wp-signin.php HTTP/1.1" 404 162 "https://www.yahoo.com/" "Mozilla/5.0 (iPhone; CPU iPhone OS 17_1 like Mac OS X) AppleWebKit/605.1.15 (KHTML, like Gecko) CriOS/119.0.6045.109 Mobile/15E148 Safari/604.1"
4.241.241.191 - - [13/Dec/2025:21:41:52 +0000] "GET /wp-user.php HTTP/1.1" 301 178 "https://www.google.de/" "Mozilla/5.0 (iPhone; CPU iPhone OS 15_7_9 like Mac OS X) AppleWebKit/605.1.15 (KHTML, like Gecko) Version/15.6.5 Mobile/15E148 Safari/604.1"
4.241.241.191 - - [13/Dec/2025:21:41:52 +0000] "GET /wp-user.php HTTP/1.1" 404 162 "https://www.google.de/" "Mozilla/5.0 (iPhone; CPU iPhone OS 15_7_9 like Mac OS X) AppleWebKit/605.1.15 (KHTML, like Gecko) Version/15.6.5 Mobile/15E148 Safari/604.1"
4.241.241.191 - - [13/Dec/2025:21:41:52 +0000] "GET /wp.php HTTP/1.1" 301 178 "https://www.yahoo.com/" "Mozilla/5.0 (Linux; Android 14; Pixel 8 Pro) AppleWebKit/537.36 (KHTML, like Gecko) Chrome/119.0.0.0 Mobile Safari/537.36"
4.241.241.191 - - [13/Dec/2025:21:41:53 +0000] "GET /wp.php HTTP/1.1" 404 564 "https://www.yahoo.com/" "Mozilla/5.0 (Linux; Android 14; Pixel 8 Pro) AppleWebKit/537.36 (KHTML, like Gecko) Chrome/119.0.0.0 Mobile Safari/537.36"
4.241.241.191 - - [13/Dec/2025:21:41:53 +0000] "GET /xmlrpc.php HTTP/1.1" 301 178 "https://www.yahoo.com/" "Mozilla/5.0 (iPhone; CPU iPhone OS 16_6_1 like Mac OS X) AppleWebKit/605.1.15 (KHTML, like Gecko) Version/16.6 Mobile/15E148 Safari/604.1"
4.241.241.191 - - [13/Dec/2025:21:41:53 +0000] "GET /xmlrpc.php HTTP/1.1" 404 162 "https://www.yahoo.com/" "Mozilla/5.0 (iPhone; CPU iPhone OS 16_6_1 like Mac OS X) AppleWebKit/605.1.15 (KHTML, like Gecko) Version/16.6 Mobile/15E148 Safari/604.1"
4.241.241.191 - - [13/Dec/2025:21:41:53 +0000] "GET /xmrlpc.php HTTP/1.1" 301 178 "https://www.yahoo.com/" "Mozilla/5.0 (iPhone; CPU iPhone OS 15_7_9 like Mac OS X) AppleWebKit/605.1.15 (KHTML, like Gecko) Version/15.6.5 Mobile/15E148 Safari/604.1"
4.241.241.191 - - [13/Dec/2025:21:41:53 +0000] "GET /xmrlpc.php HTTP/1.1" 404 162 "https://www.yahoo.com/" "Mozilla/5.0 (iPhone; CPU iPhone OS 15_7_9 like Mac OS X) AppleWebKit/605.1.15 (KHTML, like Gecko) Version/15.6.5 Mobile/15E148 Safari/604.1"
100.30.248.17 - - [13/Dec/2025:21:41:59 +0000] "GET / HTTP/1.1" 200 894 "-" "Mozilla/5.0 (Macintosh; Intel Mac OS X 10_15_7) AppleWebKit/537.36 (KHTML, like Gecko) Chrome/127.0.0.0 Safari/537.36"
45.148.10.238 - - [13/Dec/2025:21:43:06 +0000] "GET /.git/config HTTP/1.1" 404 134 "-" "Mozilla/5.0 (watchTowr; Windows NT 10.0; Win64; x64; rv:84.0) Gecko/20100101 Firefox/84.0"
198.235.24.58 - - [13/Dec/2025:21:44:58 +0000] "GET / HTTP/1.1" 301 178 "-" "-"
198.235.24.58 - - [13/Dec/2025:21:44:58 +0000] "GET / HTTP/1.1" 301 178 "-" "-"
198.235.24.58 - - [13/Dec/2025:21:44:59 +0000] "GET / HTTP/1.1" 200 12341 "http://66.135.21.75:80/" "-"
198.235.24.58 - - [13/Dec/2025:21:44:59 +0000] "GET / HTTP/1.1" 200 1952 "http://66.135.21.75:80/" "-"
135.237.127.54 - - [13/Dec/2025:21:46:09 +0000] "GET /ecp/Current/exporttool/microsoft.exchange.ediscovery.exporttool.application HTTP/1.1" 404 134 "-" "Mozilla/5.0 zgrab/0.x"
178.249.209.171 - - [13/Dec/2025:21:46:48 +0000] "GET / HTTP/1.1" 200 894 "-" "Mozilla/5.0 (X11; Linux x86_64) AppleWebKit/537.36 (KHTML, like Gecko) Chrome/130.0.0.0 Safari/537.36"
178.249.209.171 - - [13/Dec/2025:21:46:50 +0000] "GET /_next/ HTTP/1.1" 404 134 "-" "Mozilla/5.0 (Macintosh; Intel Mac OS X 10_15_7) AppleWebKit/605.1.15 (KHTML, like Gecko) Version/17.0 Safari/605.4.21"
178.249.209.171 - - [13/Dec/2025:21:46:51 +0000] "GET /blog HTTP/1.1" 404 134 "-" "Mozilla/5.0 (X11; Linux x86_64; rv:1.9.7.20) Gecko/ Firefox/3.6.11"
178.249.209.171 - - [13/Dec/2025:21:46:51 +0000] "GET /app HTTP/1.1" 404 196 "-" "Mozilla/5.0 (Fedora; Linux x86_64) AppleWebKit/537.36 (KHTML, like Gecko) Chrome/128.0.0.0 Safari/537.36"
178.249.209.171 - - [13/Dec/2025:21:46:52 +0000] "GET /admin HTTP/1.1" 404 196 "-" "Mozilla/5.0 (Macintosh; Intel Mac OS X 10_11_6) AppleWebKit/537.36 (KHTML, like Gecko) Chrome/103.0.0.0 Safari/537.36"
178.249.209.171 - - [13/Dec/2025:21:46:53 +0000] "GET /dashboard HTTP/1.1" 404 134 "-" "Mozilla/5.0 (X11; Linux x86_64; rv:1.9.7.20) Gecko/ Firefox/3.6.8"
178.249.209.171 - - [13/Dec/2025:21:46:54 +0000] "GET /shop HTTP/1.1" 404 134 "-" "Mozilla/5.0 (Windows NT 10.0; rv:139.0) Gecko/20100101 Firefox/139.0"
178.249.209.171 - - [13/Dec/2025:21:46:55 +0000] "GET /store HTTP/1.1" 404 196 "-" "Mozilla/5.0 (X11; Linux x86_64) AppleWebKit/537.36 (KHTML, like Gecko) Chrome/114.0.0.0 Safari/537.36"
178.249.209.171 - - [13/Dec/2025:21:46:55 +0000] "GET /docs HTTP/1.1" 301 178 "-" "Mozilla/5.0 (Macintosh; Intel Mac OS X 13_6) AppleWebKit/605.1.15 (KHTML, like Gecko) Version/17.0 Safari/605.1.15"
178.249.209.171 - - [13/Dec/2025:21:46:56 +0000] "GET /portal HTTP/1.1" 404 134 "-" "Mozilla/5.0 (Macintosh; Intel Mac OS X 10_15_7) AppleWebKit/605.1.15 (KHTML, like Gecko) Version/17.8 Safari/605.1.15"
178.249.209.171 - - [13/Dec/2025:21:46:56 +0000] "GET /frontend HTTP/1.1" 404 134 "-" "Mozilla/5.0 (Macintosh; Intel Mac OS X 14_6_1) AppleWebKit/605.1.15 (KHTML, like Gecko) Version/17.5 Safari/605.1.15"
178.249.209.171 - - [13/Dec/2025:21:46:57 +0000] "GET /client HTTP/1.1" 404 134 "-" "Mozilla/5.0 (Windows NT 10.0; Win64; x64; rv:126.0) Gecko/20100101 Firefox/126.0"
178.249.209.171 - - [13/Dec/2025:21:46:58 +0000] "GET /blog/_next/ HTTP/1.1" 404 134 "-" "Mozilla/5.0 (X11; Linux x86_64; rv:109.0) Gecko/20100101 Firefox/115.0"
178.249.209.171 - - [13/Dec/2025:21:46:58 +0000] "GET /app/_next/ HTTP/1.1" 404 196 "-" "Mozilla/5.0 (Debian; Linux x86_64) AppleWebKit/537.36 (KHTML, like Gecko) Chrome/129.0.0.0 Safari/537.36"
45.144.212.58 - - [13/Dec/2025:21:47:51 +0000] "GET /.git/config HTTP/1.1" 404 134 "-" "Mozilla/5.0 (Windows; U; Windows NT 5.1; en-US; rv:1.9.0.10) Gecko/2009042316 Firefox/3.0.10"
92.63.197.50 - - [13/Dec/2025:21:49:37 +0000] "GET / HTTP/1.1" 200 894 "-" "Mozilla/5.0 (Windows NT 10.0; Win64; x64) AppleWebKit/537.36 (KHTML, like Gecko) Chrome/140.0.0.0 Safari/537.36"
92.63.197.50 - - [13/Dec/2025:21:49:37 +0000] "GET / HTTP/1.1" 400 666 "-" "Mozilla/5.0 (Windows NT 10.0; Win64; x64) AppleWebKit/537.36 (KHTML, like Gecko) Chrome/140.0.0.0 Safari/537.36"
162.62.231.139 - - [13/Dec/2025:21:54:28 +0000] "GET / HTTP/1.1" 301 178 "-" "Mozilla/5.0 (iPhone; CPU iPhone OS 13_2_3 like Mac OS X) AppleWebKit/605.1.15 (KHTML, like Gecko) Version/13.0.3 Mobile/15E148 Safari/604.1"
162.62.231.139 - - [13/Dec/2025:21:54:29 +0000] "GET / HTTP/1.1" 200 894 "http://66.135.21.75:80" "Mozilla/5.0 (iPhone; CPU iPhone OS 13_2_3 like Mac OS X) AppleWebKit/605.1.15 (KHTML, like Gecko) Version/13.0.3 Mobile/15E148 Safari/604.1"
198.235.24.143 - - [13/Dec/2025:21:55:30 +0000] "GET / HTTP/1.1" 301 178 "-" "-"
20.118.209.103 - - [13/Dec/2025:21:58:50 +0000] "GET /developmentserver/metadatauploader HTTP/1.1" 404 134 "-" "Mozilla/5.0 zgrab/0.x"
146.70.185.32 - - [13/Dec/2025:22:00:33 +0000] "HEAD / HTTP/1.1" 200 0 "-" "Mozilla/5.0 (Windows NT 10.0; Win64; x64) AppleWebKit/537.36 (KHTML, like Gecko) Chrome/58.0.3029.110 Safari/537.3"
146.70.185.32 - - [13/Dec/2025:22:00:33 +0000] "HEAD / HTTP/1.1" 200 0 "-" "Mozilla/5.0 (Windows NT 10.0; Win64; x64) AppleWebKit/537.36 (KHTML, like Gecko) Chrome/58.0.3029.110 Safari/537.3"
40.88.21.235 - - [13/Dec/2025:22:00:45 +0000] "GET / HTTP/1.1" 301 178 "http://imgs2024.org/" "DuckDuckBot/1.1; (+http://duckduckgo.com/duckduckbot.html)"
40.88.21.235 - - [13/Dec/2025:22:00:45 +0000] "GET / HTTP/1.1" 200 3458 "https://imgs2024.org/" "DuckDuckBot/1.1; (+http://duckduckgo.com/duckduckbot.html)"
40.88.21.235 - - [13/Dec/2025:22:00:45 +0000] "GET /favicon.ico HTTP/1.1" 404 134 "https://imgs2024.org/favicon.ico" "DuckDuckBot/1.1; (+http://duckduckgo.com/duckduckbot.html)"
40.88.21.235 - - [13/Dec/2025:22:00:45 +0000] "GET /favicon.ico HTTP/1.1" 301 178 "http://imgs2024.org/favicon.ico" "DuckDuckBot/1.1; (+http://duckduckgo.com/duckduckbot.html)"
40.88.21.235 - - [13/Dec/2025:22:00:45 +0000] "GET /favicon.ico HTTP/1.1" 404 134 "https://imgs2024.org/favicon.ico" "DuckDuckBot/1.1; (+http://duckduckgo.com/duckduckbot.html)"
146.70.185.32 - - [13/Dec/2025:22:00:46 +0000] "GET / HTTP/1.1" 200 894 "-" "Mozilla/5.0 (X11; Linux x86_64) AppleWebKit/537.36 (KHTML, like Gecko) HeadlessChrome/141.0.7390.37 Safari/537.36"
146.70.185.32 - - [13/Dec/2025:22:00:46 +0000] "GET /assets/js/main.js HTTP/1.1" 200 3755 "https://pobox.pw/" "Mozilla/5.0 (X11; Linux x86_64) AppleWebKit/537.36 (KHTML, like Gecko) HeadlessChrome/141.0.7390.37 Safari/537.36"
146.70.185.32 - - [13/Dec/2025:22:00:46 +0000] "GET /assets/js/homepage.js HTTP/1.1" 200 2749 "https://pobox.pw/" "Mozilla/5.0 (X11; Linux x86_64) AppleWebKit/537.36 (KHTML, like Gecko) HeadlessChrome/141.0.7390.37 Safari/537.36"
146.70.185.32 - - [13/Dec/2025:22:00:46 +0000] "GET /data/nav.json HTTP/1.1" 200 628 "https://pobox.pw/" "Mozilla/5.0 (X11; Linux x86_64) AppleWebKit/537.36 (KHTML, like Gecko) HeadlessChrome/141.0.7390.37 Safari/537.36"
146.70.185.32 - - [13/Dec/2025:22:00:46 +0000] "GET /data/nav.json HTTP/1.1" 200 628 "https://pobox.pw/" "Mozilla/5.0 (X11; Linux x86_64) AppleWebKit/537.36 (KHTML, like Gecko) HeadlessChrome/141.0.7390.37 Safari/537.36"
146.70.185.32 - - [13/Dec/2025:22:00:46 +0000] "GET /data/about.json HTTP/1.1" 200 687 "https://pobox.pw/" "Mozilla/5.0 (X11; Linux x86_64) AppleWebKit/537.36 (KHTML, like Gecko) HeadlessChrome/141.0.7390.37 Safari/537.36"
146.70.185.32 - - [13/Dec/2025:22:00:46 +0000] "GET /data/homepage.json HTTP/1.1" 200 1999 "https://pobox.pw/" "Mozilla/5.0 (X11; Linux x86_64) AppleWebKit/537.36 (KHTML, like Gecko) HeadlessChrome/141.0.7390.37 Safari/537.36"
146.70.185.32 - - [13/Dec/2025:22:00:46 +0000] "GET /data/about.json HTTP/1.1" 200 687 "https://pobox.pw/" "Mozilla/5.0 (X11; Linux x86_64) AppleWebKit/537.36 (KHTML, like Gecko) HeadlessChrome/141.0.7390.37 Safari/537.36"
43.130.139.136 - - [13/Dec/2025:22:05:03 +0000] "GET / HTTP/1.1" 301 178 "-" "Mozilla/5.0 (iPhone; CPU iPhone OS 13_2_3 like Mac OS X) AppleWebKit/605.1.15 (KHTML, like Gecko) Version/13.0.3 Mobile/15E148 Safari/604.1"
43.130.139.136 - - [13/Dec/2025:22:05:03 +0000] "GET / HTTP/1.1" 200 894 "http://gisforhealth.com" "Mozilla/5.0 (iPhone; CPU iPhone OS 13_2_3 like Mac OS X) AppleWebKit/605.1.15 (KHTML, like Gecko) Version/13.0.3 Mobile/15E148 Safari/604.1"
20.78.177.7 - - [13/Dec/2025:22:05:57 +0000] "GET /wp-good.php HTTP/1.1" 301 178 "https://www.google.fr/" "Mozilla/5.0 (iPhone; CPU iPhone OS 17_1_1 like Mac OS X) AppleWebKit/605.1.15 (KHTML, like Gecko) Version/17.1 Mobile/15E148 Safari/604.1"
20.78.177.7 - - [13/Dec/2025:22:05:58 +0000] "GET /wp-good.php HTTP/1.1" 404 162 "https://www.google.fr/" "Mozilla/5.0 (iPhone; CPU iPhone OS 17_1_1 like Mac OS X) AppleWebKit/605.1.15 (KHTML, like Gecko) Version/17.1 Mobile/15E148 Safari/604.1"
20.78.177.7 - - [13/Dec/2025:22:05:58 +0000] "GET /ioxi-o.php HTTP/1.1" 301 178 "https://duckduckgo.com/" "Mozilla/5.0 (Linux; Android 11; CPH2251) AppleWebKit/537.36 (KHTML, like Gecko) Chrome/116.0.0.0 Mobile Safari/537.36"
20.78.177.7 - - [13/Dec/2025:22:05:58 +0000] "GET /ioxi-o.php HTTP/1.1" 404 564 "https://duckduckgo.com/" "Mozilla/5.0 (Linux; Android 11; CPH2251) AppleWebKit/537.36 (KHTML, like Gecko) Chrome/116.0.0.0 Mobile Safari/537.36"
20.78.177.7 - - [13/Dec/2025:22:05:58 +0000] "GET /file.php HTTP/1.1" 301 178 "https://www.google.de/" "Mozilla/5.0 (iPhone; CPU iPhone OS 17_1_1 like Mac OS X) AppleWebKit/605.1.15 (KHTML, like Gecko) Version/17.1 Mobile/15E148 Safari/604.1"
20.78.177.7 - - [13/Dec/2025:22:05:59 +0000] "GET /file.php HTTP/1.1" 404 162 "https://www.google.de/" "Mozilla/5.0 (iPhone; CPU iPhone OS 17_1_1 like Mac OS X) AppleWebKit/605.1.15 (KHTML, like Gecko) Version/17.1 Mobile/15E148 Safari/604.1"
20.78.177.7 - - [13/Dec/2025:22:05:59 +0000] "GET /wp-admin/css/colors/blue HTTP/1.1" 301 178 "https://www.google.com/" "Mozilla/5.0 (iPhone; CPU iPhone OS 16_0 like Mac OS X) AppleWebKit/605.1.15 (KHTML, like Gecko) FxiOS/118.0 Mobile/15E148 Safari/605.1.15"
20.78.177.7 - - [13/Dec/2025:22:05:59 +0000] "GET /wp-admin/css/colors/blue HTTP/1.1" 404 162 "https://www.google.com/" "Mozilla/5.0 (iPhone; CPU iPhone OS 16_0 like Mac OS X) AppleWebKit/605.1.15 (KHTML, like Gecko) FxiOS/118.0 Mobile/15E148 Safari/605.1.15"
20.78.177.7 - - [13/Dec/2025:22:05:59 +0000] "GET /wp-signin.php HTTP/1.1" 301 178 "https://www.yahoo.com/" "Mozilla/5.0 (iPhone; CPU iPhone OS 17_1_1 like Mac OS X) AppleWebKit/605.1.15 (KHTML, like Gecko) Version/17.1 Mobile/15E148 Safari/604.1"
20.78.177.7 - - [13/Dec/2025:22:05:59 +0000] "GET /wp-signin.php HTTP/1.1" 404 162 "https://www.yahoo.com/" "Mozilla/5.0 (iPhone; CPU iPhone OS 17_1_1 like Mac OS X) AppleWebKit/605.1.15 (KHTML, like Gecko) Version/17.1 Mobile/15E148 Safari/604.1"
20.78.177.7 - - [13/Dec/2025:22:05:59 +0000] "GET /abcd.php HTTP/1.1" 301 178 "https://www.google.de/" "Mozilla/5.g (Linux; Android 13; Pixel 7) AppleWebKit/537.36 (KHTML, like Gecko) Chrome/116.0.0.0 Mobile Safari/537.36"
20.78.177.7 - - [13/Dec/2025:22:06:00 +0000] "GET /abcd.php HTTP/1.1" 404 564 "https://www.google.de/" "Mozilla/5.g (Linux; Android 13; Pixel 7) AppleWebKit/537.36 (KHTML, like Gecko) Chrome/116.0.0.0 Mobile Safari/537.36"
20.78.177.7 - - [13/Dec/2025:22:06:00 +0000] "GET /wp-includes/block-bindings HTTP/1.1" 301 178 "https://www.yahoo.com/" "Mozilla/5.0 (iPhone; CPU iPhone OS 17_1 like Mac OS X) AppleWebKit/605.1.15 (KHTML, like Gecko) CriOS/119.0.6045.109 Mobile/15E148 Safari/604.1"
20.78.177.7 - - [13/Dec/2025:22:06:00 +0000] "GET /wp-includes/block-bindings HTTP/1.1" 404 162 "https://www.yahoo.com/" "Mozilla/5.0 (iPhone; CPU iPhone OS 17_1 like Mac OS X) AppleWebKit/605.1.15 (KHTML, like Gecko) CriOS/119.0.6045.109 Mobile/15E148 Safari/604.1"
20.78.177.7 - - [13/Dec/2025:22:06:00 +0000] "GET /about.php HTTP/1.1" 301 178 "https://www.google.fr/" "Mozilla/5.0 (Linux; Android 12; 2201116SG) AppleWebKit/537.36 (KHTML, like Gecko) Chrome/116.0.0.0 Mobile Safari/537.36"
20.78.177.7 - - [13/Dec/2025:22:06:00 +0000] "GET /about.php HTTP/1.1" 404 564 "https://www.google.fr/" "Mozilla/5.0 (Linux; Android 12; 2201116SG) AppleWebKit/537.36 (KHTML, like Gecko) Chrome/116.0.0.0 Mobile Safari/537.36"
20.78.177.7 - - [13/Dec/2025:22:06:00 +0000] "GET /bless.php HTTP/1.1" 301 178 "https://www.google.fr/" "Mozilla/5.0 (Linux; Android 12; SM-A525F) AppleWebKit/537.36 (KHTML, like Gecko) Chrome/117.0.0.0 Mobile Safari/537.36"
20.78.177.7 - - [13/Dec/2025:22:06:01 +0000] "GET /bless.php HTTP/1.1" 404 564 "https://www.google.fr/" "Mozilla/5.0 (Linux; Android 12; SM-A525F) AppleWebKit/537.36 (KHTML, like Gecko) Chrome/117.0.0.0 Mobile Safari/537.36"
20.78.177.7 - - [13/Dec/2025:22:06:01 +0000] "GET /images/install.php HTTP/1.1" 301 178 "https://www.google.fr/" "Mozilla/5.0 (iPhone; CPU iPhone OS 15_7_9 like Mac OS X) AppleWebKit/605.1.15 (KHTML, like Gecko) Version/15.6.5 Mobile/15E148 Safari/604.1"
20.78.177.7 - - [13/Dec/2025:22:06:01 +0000] "GET /images/install.php HTTP/1.1" 404 162 "https://www.google.fr/" "Mozilla/5.0 (iPhone; CPU iPhone OS 15_7_9 like Mac OS X) AppleWebKit/605.1.15 (KHTML, like Gecko) Version/15.6.5 Mobile/15E148 Safari/604.1"
20.78.177.7 - - [13/Dec/2025:22:06:01 +0000] "GET /num.php HTTP/1.1" 301 178 "https://www.google.com/" "Mozilla/5.0 (iPad; CPU OS 17_0_3 like Mac OS X) AppleWebKit/605.1.15 (KHTML, like Gecko) Version/17.0.1 Mobile/15E148 Safari/604.1"
20.78.177.7 - - [13/Dec/2025:22:06:01 +0000] "GET /num.php HTTP/1.1" 404 162 "https://www.google.com/" "Mozilla/5.0 (iPad; CPU OS 17_0_3 like Mac OS X) AppleWebKit/605.1.15 (KHTML, like Gecko) Version/17.0.1 Mobile/15E148 Safari/604.1"
20.78.177.7 - - [13/Dec/2025:22:06:01 +0000] "GET /txets.php HTTP/1.1" 301 178 "https://www.google.com/" "Mozilla/5.0 (Linux; Android 13; SM-S908E) AppleWebKit/537.36 (KHTML, like Gecko) Chrome/116.0.0.0 Mobile Safari/537.36"
20.78.177.7 - - [13/Dec/2025:22:06:02 +0000] "GET /txets.php HTTP/1.1" 404 564 "https://www.google.com/" "Mozilla/5.0 (Linux; Android 13; SM-S908E) AppleWebKit/537.36 (KHTML, like Gecko) Chrome/116.0.0.0 Mobile Safari/537.36"
20.78.177.7 - - [13/Dec/2025:22:06:02 +0000] "GET /wp-blog.php HTTP/1.1" 301 178 "https://www.yahoo.com/" "Mozilla/5.0 (Linux; Android 12; V2134) AppleWebKit/537.36 (KHTML, like Gecko) Chrome/116.0.0.0 Mobile Safari/537.36"
20.78.177.7 - - [13/Dec/2025:22:06:02 +0000] "GET /wp-blog.php HTTP/1.1" 404 564 "https://www.yahoo.com/" "Mozilla/5.0 (Linux; Android 12; V2134) AppleWebKit/537.36 (KHTML, like Gecko) Chrome/116.0.0.0 Mobile Safari/537.36"
20.78.177.7 - - [13/Dec/2025:22:06:02 +0000] "GET /wp-content/admin-header.php HTTP/1.1" 301 178 "https://www.google.co.uk/" "Mozilla/5.0 (Linux; Android 12; V2134) AppleWebKit/537.36 (KHTML, like Gecko) Chrome/116.0.0.0 Mobile Safari/537.36"
20.78.177.7 - - [13/Dec/2025:22:06:02 +0000] "GET /wp-content/admin-header.php HTTP/1.1" 404 564 "https://www.google.co.uk/" "Mozilla/5.0 (Linux; Android 12; V2134) AppleWebKit/537.36 (KHTML, like Gecko) Chrome/116.0.0.0 Mobile Safari/537.36"
20.78.177.7 - - [13/Dec/2025:22:06:02 +0000] "GET /wp-content/themes/about.php HTTP/1.1" 301 178 "https://www.google.fr/" "Mozilla/5.0 (Linux; Android 12; 2201116SG) AppleWebKit/537.36 (KHTML, like Gecko) Chrome/116.0.0.0 Mobile Safari/537.36"
20.78.177.7 - - [13/Dec/2025:22:06:03 +0000] "GET /wp-content/themes/about.php HTTP/1.1" 404 564 "https://www.google.fr/" "Mozilla/5.0 (Linux; Android 12; 2201116SG) AppleWebKit/537.36 (KHTML, like Gecko) Chrome/116.0.0.0 Mobile Safari/537.36"
20.78.177.7 - - [13/Dec/2025:22:06:03 +0000] "GET /wp-includes/js/dist HTTP/1.1" 301 178 "https://www.google.co.uk/" "Mozilla/5.0 (iPhone; CPU iPhone OS 17_1 like Mac OS X) AppleWebKit/605.1.15 (KHTML, like Gecko) CriOS/119.0.6045.109 Mobile/15E148 Safari/604.1"
20.78.177.7 - - [13/Dec/2025:22:06:03 +0000] "GET /wp-includes/js/dist HTTP/1.1" 404 162 "https://www.google.co.uk/" "Mozilla/5.0 (iPhone; CPU iPhone OS 17_1 like Mac OS X) AppleWebKit/605.1.15 (KHTML, like Gecko) CriOS/119.0.6045.109 Mobile/15E148 Safari/604.1"
20.78.177.7 - - [13/Dec/2025:22:06:03 +0000] "GET /wp-includes/rest-api/fields HTTP/1.1" 301 178 "https://www.google.com/" "Mozilla/5.0 (Linux; Android 11; CPH2251) AppleWebKit/537.36 (KHTML, like Gecko) Chrome/116.0.0.0 Mobile Safari/537.36"
20.78.177.7 - - [13/Dec/2025:22:06:03 +0000] "GET /wp-includes/rest-api/fields HTTP/1.1" 404 564 "https://www.google.com/" "Mozilla/5.0 (Linux; Android 11; CPH2251) AppleWebKit/537.36 (KHTML, like Gecko) Chrome/116.0.0.0 Mobile Safari/537.36"
20.78.177.7 - - [13/Dec/2025:22:06:04 +0000] "GET /wp.php HTTP/1.1" 301 178 "https://www.yahoo.com/" "Mozilla/5.0 (Linux; Android 10; LM-Q720) AppleWebKit/537.36 (KHTML, like Gecko) Chrome/116.0.0.0 Mobile Safari/537.36"
20.78.177.7 - - [13/Dec/2025:22:06:04 +0000] "GET /wp.php HTTP/1.1" 404 564 "https://www.yahoo.com/" "Mozilla/5.0 (Linux; Android 10; LM-Q720) AppleWebKit/537.36 (KHTML, like Gecko) Chrome/116.0.0.0 Mobile Safari/537.36"
20.78.177.7 - - [13/Dec/2025:22:06:04 +0000] "GET /admin.php HTTP/1.1" 301 178 "https://www.google.com/" "Mozilla/5.0 (iPad; CPU OS 16_7_2 like Mac OS X) AppleWebKit/605.1.15 (KHTML, like Gecko) Version/16.6 Mobile/15E148 Safari/604.1"
20.78.177.7 - - [13/Dec/2025:22:06:04 +0000] "GET /admin.php HTTP/1.1" 404 162 "https://www.google.com/" "Mozilla/5.0 (iPad; CPU OS 16_7_2 like Mac OS X) AppleWebKit/605.1.15 (KHTML, like Gecko) Version/16.6 Mobile/15E148 Safari/604.1"
20.78.177.7 - - [13/Dec/2025:22:06:04 +0000] "GET /adminfuns.php HTTP/1.1" 301 178 "https://www.yahoo.com/" "Mozilla/5.0 (Linux; Android 12; SM-A525F) AppleWebKit/537.36 (KHTML, like Gecko) Chrome/117.0.0.0 Mobile Safari/537.36"
20.78.177.7 - - [13/Dec/2025:22:06:04 +0000] "GET /adminfuns.php HTTP/1.1" 404 564 "https://www.yahoo.com/" "Mozilla/5.0 (Linux; Android 12; SM-A525F) AppleWebKit/537.36 (KHTML, like Gecko) Chrome/117.0.0.0 Mobile Safari/537.36"
20.78.177.7 - - [13/Dec/2025:22:06:05 +0000] "GET /chosen.php HTTP/1.1" 301 178 "https://www.google.co.uk/" "Mozilla/5.0 (Linux; Android 12; SM-A525F) AppleWebKit/537.36 (KHTML, like Gecko) Chrome/117.0.0.0 Mobile Safari/537.36"
20.78.177.7 - - [13/Dec/2025:22:06:05 +0000] "GET /chosen.php HTTP/1.1" 404 564 "https://www.google.co.uk/" "Mozilla/5.0 (Linux; Android 12; SM-A525F) AppleWebKit/537.36 (KHTML, like Gecko) Chrome/117.0.0.0 Mobile Safari/537.36"
20.78.177.7 - - [13/Dec/2025:22:06:05 +0000] "GET /classwithtostring.php HTTP/1.1" 301 178 "https://www.google.fr/" "Mozilla/5.0 (Linux; Android 14; Pixel 8 Pro) AppleWebKit/537.36 (KHTML, like Gecko) Chrome/119.0.0.0 Mobile Safari/537.36"
20.78.177.7 - - [13/Dec/2025:22:06:05 +0000] "GET /classwithtostring.php HTTP/1.1" 404 564 "https://www.google.fr/" "Mozilla/5.0 (Linux; Android 14; Pixel 8 Pro) AppleWebKit/537.36 (KHTML, like Gecko) Chrome/119.0.0.0 Mobile Safari/537.36"
20.78.177.7 - - [13/Dec/2025:22:06:05 +0000] "GET /edit.php HTTP/1.1" 301 178 "https://www.google.com/" "Mozilla/5.0 (Linux; Android 13; M2101K6G) AppleWebKit/537.36 (KHTML, like Gecko) Chrome/116.0.0.0 Mobile Safari/537.36"
20.78.177.7 - - [13/Dec/2025:22:06:05 +0000] "GET /edit.php HTTP/1.1" 404 564 "https://www.google.com/" "Mozilla/5.0 (Linux; Android 13; M2101K6G) AppleWebKit/537.36 (KHTML, like Gecko) Chrome/116.0.0.0 Mobile Safari/537.36"
20.78.177.7 - - [13/Dec/2025:22:06:06 +0000] "GET /goods.php HTTP/1.1" 301 178 "https://www.bing.com/" "Mozilla/5.0 (Linux; Android 11; 21081111RG) AppleWebKit/537.36 (KHTML, like Gecko) Chrome/116.0.0.0 Mobile Safari/537.36"
20.78.177.7 - - [13/Dec/2025:22:06:06 +0000] "GET /goods.php HTTP/1.1" 404 564 "https://www.bing.com/" "Mozilla/5.0 (Linux; Android 11; 21081111RG) AppleWebKit/537.36 (KHTML, like Gecko) Chrome/116.0.0.0 Mobile Safari/537.36"
20.78.177.7 - - [13/Dec/2025:22:06:06 +0000] "GET /k.php HTTP/1.1" 301 178 "https://www.google.co.uk/" "Mozilla/5.0 (Linux; Android 11; CPH2251) AppleWebKit/537.36 (KHTML, like Gecko) Chrome/116.0.0.0 Mobile Safari/537.36"
20.78.177.7 - - [13/Dec/2025:22:06:06 +0000] "GET /k.php HTTP/1.1" 404 564 "https://www.google.co.uk/" "Mozilla/5.0 (Linux; Android 11; CPH2251) AppleWebKit/537.36 (KHTML, like Gecko) Chrome/116.0.0.0 Mobile Safari/537.36"
20.78.177.7 - - [13/Dec/2025:22:06:06 +0000] "GET /mah/function.php HTTP/1.1" 301 178 "https://www.yahoo.com/" "Mozilla/5.0 (Linux; Android 13; SM-S908E) AppleWebKit/537.36 (KHTML, like Gecko) Chrome/116.0.0.0 Mobile Safari/537.36"
20.78.177.7 - - [13/Dec/2025:22:06:06 +0000] "GET /mah/function.php HTTP/1.1" 404 564 "https://www.yahoo.com/" "Mozilla/5.0 (Linux; Android 13; SM-S908E) AppleWebKit/537.36 (KHTML, like Gecko) Chrome/116.0.0.0 Mobile Safari/537.36"
20.78.177.7 - - [13/Dec/2025:22:06:07 +0000] "GET /wp-conflg/function.php HTTP/1.1" 301 178 "https://www.google.com/" "Mozilla/5.0 (Linux; Android 12; SM-A525F) AppleWebKit/537.36 (KHTML, like Gecko) Chrome/117.0.0.0 Mobile Safari/537.36"
20.78.177.7 - - [13/Dec/2025:22:06:07 +0000] "GET /wp-conflg/function.php HTTP/1.1" 404 564 "https://www.google.com/" "Mozilla/5.0 (Linux; Android 12; SM-A525F) AppleWebKit/537.36 (KHTML, like Gecko) Chrome/117.0.0.0 Mobile Safari/537.36"
20.78.177.7 - - [13/Dec/2025:22:06:07 +0000] "GET /wp-content/admin.php HTTP/1.1" 301 178 "https://www.google.de/" "Mozilla/5.0 (Linux; Android 13; M2101K6G) AppleWebKit/537.36 (KHTML, like Gecko) Chrome/116.0.0.0 Mobile Safari/537.36"
20.78.177.7 - - [13/Dec/2025:22:06:07 +0000] "GET /wp-content/admin.php HTTP/1.1" 404 564 "https://www.google.de/" "Mozilla/5.0 (Linux; Android 13; M2101K6G) AppleWebKit/537.36 (KHTML, like Gecko) Chrome/116.0.0.0 Mobile Safari/537.36"
20.78.177.7 - - [13/Dec/2025:22:06:07 +0000] "GET /wp-content/languages/index.php HTTP/1.1" 301 178 "https://www.google.de/" "Mozilla/5.0 (iPad; CPU OS 16_7_2 like Mac OS X) AppleWebKit/605.1.15 (KHTML, like Gecko) Version/16.6 Mobile/15E148 Safari/604.1"
20.78.177.7 - - [13/Dec/2025:22:06:07 +0000] "GET /wp-content/languages/index.php HTTP/1.1" 404 162 "https://www.google.de/" "Mozilla/5.0 (iPad; CPU OS 16_7_2 like Mac OS X) AppleWebKit/605.1.15 (KHTML, like Gecko) Version/16.6 Mobile/15E148 Safari/604.1"
20.78.177.7 - - [13/Dec/2025:22:06:08 +0000] "GET /wp-includes/PHPMailer/index.php HTTP/1.1" 301 178 "https://www.google.de/" "Mozilla/5.0 (Linux; Android 13; M2101K6G) AppleWebKit/537.36 (KHTML, like Gecko) Chrome/116.0.0.0 Mobile Safari/537.36"
20.78.177.7 - - [13/Dec/2025:22:06:08 +0000] "GET /wp-includes/PHPMailer/index.php HTTP/1.1" 404 564 "https://www.google.de/" "Mozilla/5.0 (Linux; Android 13; M2101K6G) AppleWebKit/537.36 (KHTML, like Gecko) Chrome/116.0.0.0 Mobile Safari/537.36"
20.78.177.7 - - [13/Dec/2025:22:06:08 +0000] "GET /wp-includes/images HTTP/1.1" 301 178 "https://www.google.de/" "Mozilla/5.0 (iPad; CPU OS 17_0_3 like Mac OS X) AppleWebKit/605.1.15 (KHTML, like Gecko) Version/17.0.1 Mobile/15E148 Safari/604.1"
20.78.177.7 - - [13/Dec/2025:22:06:08 +0000] "GET /wp-includes/images HTTP/1.1" 404 162 "https://www.google.de/" "Mozilla/5.0 (iPad; CPU OS 17_0_3 like Mac OS X) AppleWebKit/605.1.15 (KHTML, like Gecko) Version/17.0.1 Mobile/15E148 Safari/604.1"
20.78.177.7 - - [13/Dec/2025:22:06:08 +0000] "GET /wp-includes/images/index.php HTTP/1.1" 301 178 "https://www.google.co.uk/" "Mozilla/5.0 (iPad; CPU OS 17_0_3 like Mac OS X) AppleWebKit/605.1.15 (KHTML, like Gecko) Version/17.0.1 Mobile/15E148 Safari/604.1"
20.78.177.7 - - [13/Dec/2025:22:06:08 +0000] "GET /wp-includes/images/index.php HTTP/1.1" 404 162 "https://www.google.co.uk/" "Mozilla/5.0 (iPad; CPU OS 17_0_3 like Mac OS X) AppleWebKit/605.1.15 (KHTML, like Gecko) Version/17.0.1 Mobile/15E148 Safari/604.1"
20.78.177.7 - - [13/Dec/2025:22:06:09 +0000] "GET /wp-includes/js/dist/development HTTP/1.1" 301 178 "https://www.google.co.uk/" "Mozilla/5.0 (iPhone; CPU iPhone OS 17_0_3 like Mac OS X) AppleWebKit/605.1.15 (KHTML, like Gecko) Version/17.0.1 Mobile/15E148 Safari/604.1"
20.78.177.7 - - [13/Dec/2025:22:06:09 +0000] "GET /wp-includes/js/dist/development HTTP/1.1" 404 162 "https://www.google.co.uk/" "Mozilla/5.0 (iPhone; CPU iPhone OS 17_0_3 like Mac OS X) AppleWebKit/605.1.15 (KHTML, like Gecko) Version/17.0.1 Mobile/15E148 Safari/604.1"
20.78.177.7 - - [13/Dec/2025:22:06:09 +0000] "GET /wp-user.php HTTP/1.1" 301 178 "https://www.google.de/" "Mozilla/5.g (Linux; Android 13; Pixel 7) AppleWebKit/537.36 (KHTML, like Gecko) Chrome/116.0.0.0 Mobile Safari/537.36"
20.78.177.7 - - [13/Dec/2025:22:06:09 +0000] "GET /wp-user.php HTTP/1.1" 404 564 "https://www.google.de/" "Mozilla/5.g (Linux; Android 13; Pixel 7) AppleWebKit/537.36 (KHTML, like Gecko) Chrome/116.0.0.0 Mobile Safari/537.36"
20.78.177.7 - - [13/Dec/2025:22:06:09 +0000] "GET /404.php HTTP/1.1" 301 178 "https://www.bing.com/" "Mozilla/5.0 (Linux; Android 12; 2201116SG) AppleWebKit/537.36 (KHTML, like Gecko) Chrome/116.0.0.0 Mobile Safari/537.36"
20.78.177.7 - - [13/Dec/2025:22:06:10 +0000] "GET /404.php HTTP/1.1" 404 564 "https://www.bing.com/" "Mozilla/5.0 (Linux; Android 12; 2201116SG) AppleWebKit/537.36 (KHTML, like Gecko) Chrome/116.0.0.0 Mobile Safari/537.36"
20.78.177.7 - - [13/Dec/2025:22:06:10 +0000] "GET /akcc.php HTTP/1.1" 301 178 "https://www.google.co.uk/" "Mozilla/5.0 (Linux; Android 10; K) AppleWebKit/537.36 (KHTML, like Gecko) Chrome/117.0.0.0 Mobile Safari/537.36"
20.78.177.7 - - [13/Dec/2025:22:06:10 +0000] "GET /akcc.php HTTP/1.1" 404 564 "https://www.google.co.uk/" "Mozilla/5.0 (Linux; Android 10; K) AppleWebKit/537.36 (KHTML, like Gecko) Chrome/117.0.0.0 Mobile Safari/537.36"
20.78.177.7 - - [13/Dec/2025:22:06:10 +0000] "GET /gg.php HTTP/1.1" 301 178 "https://www.bing.com/" "Mozilla/5.0 (iPhone; CPU iPhone OS 16_6_1 like Mac OS X) AppleWebKit/605.1.15 (KHTML, like Gecko) Version/16.6 Mobile/15E148 Safari/604.1"
20.78.177.7 - - [13/Dec/2025:22:06:10 +0000] "GET /gg.php HTTP/1.1" 404 162 "https://www.bing.com/" "Mozilla/5.0 (iPhone; CPU iPhone OS 16_6_1 like Mac OS X) AppleWebKit/605.1.15 (KHTML, like Gecko) Version/16.6 Mobile/15E148 Safari/604.1"
13.71.30.28 - - [13/Dec/2025:22:06:10 +0000] "GET /.well-known/index.php HTTP/1.1" 301 178 "https://www.google.com/" "Mozilla/5.0 (iPad; CPU OS 16_7_2 like Mac OS X) AppleWebKit/605.1.15 (KHTML, like Gecko) Version/16.6 Mobile/15E148 Safari/604.1"
20.78.177.7 - - [13/Dec/2025:22:06:10 +0000] "GET /mah.php HTTP/1.1" 301 178 "https://www.bing.com/" "Mozilla/5.0 (Linux; Android 12; SM-A525F) AppleWebKit/537.36 (KHTML, like Gecko) Chrome/117.0.0.0 Mobile Safari/537.36"
20.78.177.7 - - [13/Dec/2025:22:06:11 +0000] "GET /mah.php HTTP/1.1" 404 564 "https://www.bing.com/" "Mozilla/5.0 (Linux; Android 12; SM-A525F) AppleWebKit/537.36 (KHTML, like Gecko) Chrome/117.0.0.0 Mobile Safari/537.36"
20.78.177.7 - - [13/Dec/2025:22:06:11 +0000] "GET /new.php HTTP/1.1" 301 178 "https://duckduckgo.com/" "Mozilla/5.0 (iPhone; CPU iPhone OS 17_0_3 like Mac OS X) AppleWebKit/605.1.15 (KHTML, like Gecko) Version/17.0.1 Mobile/15E148 Safari/604.1"
13.71.30.28 - - [13/Dec/2025:22:06:11 +0000] "GET /.well-known/index.php HTTP/1.1" 404 162 "https://www.google.com/" "Mozilla/5.0 (iPad; CPU OS 16_7_2 like Mac OS X) AppleWebKit/605.1.15 (KHTML, like Gecko) Version/16.6 Mobile/15E148 Safari/604.1"
20.78.177.7 - - [13/Dec/2025:22:06:11 +0000] "GET /new.php HTTP/1.1" 404 162 "https://duckduckgo.com/" "Mozilla/5.0 (iPhone; CPU iPhone OS 17_0_3 like Mac OS X) AppleWebKit/605.1.15 (KHTML, like Gecko) Version/17.0.1 Mobile/15E148 Safari/604.1"
13.71.30.28 - - [13/Dec/2025:22:06:11 +0000] "GET /404.php HTTP/1.1" 301 178 "https://www.bing.com/" "Mozilla/5.0 (iPhone; CPU iPhone OS 17_0_3 like Mac OS X) AppleWebKit/605.1.15 (KHTML, like Gecko) Version/17.0.1 Mobile/15E148 Safari/604.1"
20.78.177.7 - - [13/Dec/2025:22:06:11 +0000] "GET /themes.php HTTP/1.1" 301 178 "https://duckduckgo.com/" "Mozilla/5.0 (Linux; Android 10; LM-Q720) AppleWebKit/537.36 (KHTML, like Gecko) Chrome/116.0.0.0 Mobile Safari/537.36"
13.71.30.28 - - [13/Dec/2025:22:06:11 +0000] "GET /404.php HTTP/1.1" 404 162 "https://www.bing.com/" "Mozilla/5.0 (iPhone; CPU iPhone OS 17_0_3 like Mac OS X) AppleWebKit/605.1.15 (KHTML, like Gecko) Version/17.0.1 Mobile/15E148 Safari/604.1"
20.78.177.7 - - [13/Dec/2025:22:06:11 +0000] "GET /themes.php HTTP/1.1" 404 564 "https://duckduckgo.com/" "Mozilla/5.0 (Linux; Android 10; LM-Q720) AppleWebKit/537.36 (KHTML, like Gecko) Chrome/116.0.0.0 Mobile Safari/537.36"
20.78.177.7 - - [13/Dec/2025:22:06:11 +0000] "GET /uploads/index.php HTTP/1.1" 301 178 "https://www.yahoo.com/" "Mozilla/5.0 (iPhone; CPU iPhone OS 16_6_1 like Mac OS X) AppleWebKit/605.1.15 (KHTML, like Gecko) Version/16.6 Mobile/15E148 Safari/604.1"
13.71.30.28 - - [13/Dec/2025:22:06:11 +0000] "GET /aa.php HTTP/1.1" 301 178 "https://duckduckgo.com/" "Mozilla/5.0 (iPhone; CPU iPhone OS 15_7_9 like Mac OS X) AppleWebKit/605.1.15 (KHTML, like Gecko) Version/15.6.5 Mobile/15E148 Safari/604.1"
20.78.177.7 - - [13/Dec/2025:22:06:12 +0000] "GET /uploads/index.php HTTP/1.1" 404 162 "https://www.yahoo.com/" "Mozilla/5.0 (iPhone; CPU iPhone OS 16_6_1 like Mac OS X) AppleWebKit/605.1.15 (KHTML, like Gecko) Version/16.6 Mobile/15E148 Safari/604.1"
13.71.30.28 - - [13/Dec/2025:22:06:12 +0000] "GET /aa.php HTTP/1.1" 404 162 "https://duckduckgo.com/" "Mozilla/5.0 (iPhone; CPU iPhone OS 15_7_9 like Mac OS X) AppleWebKit/605.1.15 (KHTML, like Gecko) Version/15.6.5 Mobile/15E148 Safari/604.1"
20.78.177.7 - - [13/Dec/2025:22:06:12 +0000] "GET /wp-admin HTTP/1.1" 301 178 "https://www.yahoo.com/" "Mozilla/5.0 (iPhone; CPU iPhone OS 17_1 like Mac OS X) AppleWebKit/605.1.15 (KHTML, like Gecko) CriOS/119.0.6045.109 Mobile/15E148 Safari/604.1"
13.71.30.28 - - [13/Dec/2025:22:06:12 +0000] "GET /abcd.php HTTP/1.1" 301 178 "https://duckduckgo.com/" "Mozilla/5.0 (Linux; Android 13; SM-G991U) AppleWebKit/537.36 (KHTML, like Gecko) Chrome/117.0.0.0 Mobile Safari/537.36"
20.78.177.7 - - [13/Dec/2025:22:06:12 +0000] "GET /wp-admin HTTP/1.1" 404 162 "https://www.yahoo.com/" "Mozilla/5.0 (iPhone; CPU iPhone OS 17_1 like Mac OS X) AppleWebKit/605.1.15 (KHTML, like Gecko) CriOS/119.0.6045.109 Mobile/15E148 Safari/604.1"
13.71.30.28 - - [13/Dec/2025:22:06:12 +0000] "GET /abcd.php HTTP/1.1" 404 564 "https://duckduckgo.com/" "Mozilla/5.0 (Linux; Android 13; SM-G991U) AppleWebKit/537.36 (KHTML, like Gecko) Chrome/117.0.0.0 Mobile Safari/537.36"
20.78.177.7 - - [13/Dec/2025:22:06:12 +0000] "GET /wp-admin/classwithtostring.php HTTP/1.1" 301 178 "https://www.google.de/" "Mozilla/5.0 (Linux; Android 13; M2101K6G) AppleWebKit/537.36 (KHTML, like Gecko) Chrome/116.0.0.0 Mobile Safari/537.36"
13.71.30.28 - - [13/Dec/2025:22:06:12 +0000] "GET /admin.php HTTP/1.1" 301 178 "https://www.google.co.uk/" "Mozilla/5.0 (Linux; Android 12; SM-A525F) AppleWebKit/537.36 (KHTML, like Gecko) Chrome/117.0.0.0 Mobile Safari/537.36"
20.78.177.7 - - [13/Dec/2025:22:06:12 +0000] "GET /wp-admin/classwithtostring.php HTTP/1.1" 404 564 "https://www.google.de/" "Mozilla/5.0 (Linux; Android 13; M2101K6G) AppleWebKit/537.36 (KHTML, like Gecko) Chrome/116.0.0.0 Mobile Safari/537.36"
13.71.30.28 - - [13/Dec/2025:22:06:12 +0000] "GET /admin.php HTTP/1.1" 404 564 "https://www.google.co.uk/" "Mozilla/5.0 (Linux; Android 12; SM-A525F) AppleWebKit/537.36 (KHTML, like Gecko) Chrome/117.0.0.0 Mobile Safari/537.36"
20.78.177.7 - - [13/Dec/2025:22:06:12 +0000] "GET /wp-admin/css HTTP/1.1" 301 178 "https://duckduckgo.com/" "Mozilla/5.0 (iPhone; CPU iPhone OS 17_0_3 like Mac OS X) AppleWebKit/605.1.15 (KHTML, like Gecko) Version/17.0.1 Mobile/15E148 Safari/604.1"
13.71.30.28 - - [13/Dec/2025:22:06:12 +0000] "GET /about.php HTTP/1.1" 301 178 "https://www.google.com/" "Mozilla/5.0 (Linux; Android 13; SM-S908E) AppleWebKit/537.36 (KHTML, like Gecko) Chrome/116.0.0.0 Mobile Safari/537.36"
20.78.177.7 - - [13/Dec/2025:22:06:13 +0000] "GET /wp-admin/css HTTP/1.1" 404 162 "https://duckduckgo.com/" "Mozilla/5.0 (iPhone; CPU iPhone OS 17_0_3 like Mac OS X) AppleWebKit/605.1.15 (KHTML, like Gecko) Version/17.0.1 Mobile/15E148 Safari/604.1"
13.71.30.28 - - [13/Dec/2025:22:06:13 +0000] "GET /about.php HTTP/1.1" 404 564 "https://www.google.com/" "Mozilla/5.0 (Linux; Android 13; SM-S908E) AppleWebKit/537.36 (KHTML, like Gecko) Chrome/116.0.0.0 Mobile Safari/537.36"
20.78.177.7 - - [13/Dec/2025:22:06:13 +0000] "GET /wp-admin/css/about.php HTTP/1.1" 301 178 "https://www.yahoo.com/" "Mozilla/5.0 (iPhone; CPU iPhone OS 17_1 like Mac OS X) AppleWebKit/605.1.15 (KHTML, like Gecko) CriOS/119.0.6045.109 Mobile/15E148 Safari/604.1"
13.71.30.28 - - [13/Dec/2025:22:06:13 +0000] "GET /adminfuns.php HTTP/1.1" 301 178 "https://www.google.com/" "Mozilla/5.0 (iPad; CPU OS 16_7_2 like Mac OS X) AppleWebKit/605.1.15 (KHTML, like Gecko) Version/16.6 Mobile/15E148 Safari/604.1"
20.78.177.7 - - [13/Dec/2025:22:06:13 +0000] "GET /wp-admin/css/about.php HTTP/1.1" 404 162 "https://www.yahoo.com/" "Mozilla/5.0 (iPhone; CPU iPhone OS 17_1 like Mac OS X) AppleWebKit/605.1.15 (KHTML, like Gecko) CriOS/119.0.6045.109 Mobile/15E148 Safari/604.1"
13.71.30.28 - - [13/Dec/2025:22:06:13 +0000] "GET /adminfuns.php HTTP/1.1" 404 162 "https://www.google.com/" "Mozilla/5.0 (iPad; CPU OS 16_7_2 like Mac OS X) AppleWebKit/605.1.15 (KHTML, like Gecko) Version/16.6 Mobile/15E148 Safari/604.1"
20.78.177.7 - - [13/Dec/2025:22:06:13 +0000] "GET /wp-admin/includes/colour.php HTTP/1.1" 301 178 "https://www.google.co.uk/" "Mozilla/5.0 (Linux; Android 13; SM-S908E) AppleWebKit/537.36 (KHTML, like Gecko) Chrome/116.0.0.0 Mobile Safari/537.36"
13.71.30.28 - - [13/Dec/2025:22:06:13 +0000] "GET /ahax.php HTTP/1.1" 301 178 "https://www.yahoo.com/" "Mozilla/5.0 (Linux; Android 12; V2134) AppleWebKit/537.36 (KHTML, like Gecko) Chrome/116.0.0.0 Mobile Safari/537.36"
20.78.177.7 - - [13/Dec/2025:22:06:13 +0000] "GET /wp-admin/includes/colour.php HTTP/1.1" 404 564 "https://www.google.co.uk/" "Mozilla/5.0 (Linux; Android 13; SM-S908E) AppleWebKit/537.36 (KHTML, like Gecko) Chrome/116.0.0.0 Mobile Safari/537.36"
13.71.30.28 - - [13/Dec/2025:22:06:13 +0000] "GET /ahax.php HTTP/1.1" 404 564 "https://www.yahoo.com/" "Mozilla/5.0 (Linux; Android 12; V2134) AppleWebKit/537.36 (KHTML, like Gecko) Chrome/116.0.0.0 Mobile Safari/537.36"
20.78.177.7 - - [13/Dec/2025:22:06:13 +0000] "GET /wp-admin/js HTTP/1.1" 301 178 "https://www.google.fr/" "Mozilla/5.0 (Linux; Android 14; Pixel 8 Pro) AppleWebKit/537.36 (KHTML, like Gecko) Chrome/119.0.0.0 Mobile Safari/537.36"
13.71.30.28 - - [13/Dec/2025:22:06:14 +0000] "GET /akcc.php HTTP/1.1" 301 178 "https://www.google.co.uk/" "Mozilla/5.0 (Linux; Android 10; LM-Q720) AppleWebKit/537.36 (KHTML, like Gecko) Chrome/116.0.0.0 Mobile Safari/537.36"
20.78.177.7 - - [13/Dec/2025:22:06:14 +0000] "GET /wp-admin/js HTTP/1.1" 404 564 "https://www.google.fr/" "Mozilla/5.0 (Linux; Android 14; Pixel 8 Pro) AppleWebKit/537.36 (KHTML, like Gecko) Chrome/119.0.0.0 Mobile Safari/537.36"
13.71.30.28 - - [13/Dec/2025:22:06:14 +0000] "GET /akcc.php HTTP/1.1" 404 564 "https://www.google.co.uk/" "Mozilla/5.0 (Linux; Android 10; LM-Q720) AppleWebKit/537.36 (KHTML, like Gecko) Chrome/116.0.0.0 Mobile Safari/537.36"
20.78.177.7 - - [13/Dec/2025:22:06:14 +0000] "GET /wp-admin/js/autoload_classmap.php HTTP/1.1" 301 178 "https://duckduckgo.com/" "Mozilla/5.0 (Linux; Android 10; LM-Q720) AppleWebKit/537.36 (KHTML, like Gecko) Chrome/116.0.0.0 Mobile Safari/537.36"
13.71.30.28 - - [13/Dec/2025:22:06:14 +0000] "GET /alfa.php HTTP/1.1" 301 178 "https://www.yahoo.com/" "Mozilla/5.0 (iPhone; CPU iPhone OS 17_1_1 like Mac OS X) AppleWebKit/605.1.15 (KHTML, like Gecko) Version/17.1 Mobile/15E148 Safari/604.1"
20.78.177.7 - - [13/Dec/2025:22:06:14 +0000] "GET /wp-admin/js/autoload_classmap.php HTTP/1.1" 404 564 "https://duckduckgo.com/" "Mozilla/5.0 (Linux; Android 10; LM-Q720) AppleWebKit/537.36 (KHTML, like Gecko) Chrome/116.0.0.0 Mobile Safari/537.36"
13.71.30.28 - - [13/Dec/2025:22:06:14 +0000] "GET /alfa.php HTTP/1.1" 404 162 "https://www.yahoo.com/" "Mozilla/5.0 (iPhone; CPU iPhone OS 17_1_1 like Mac OS X) AppleWebKit/605.1.15 (KHTML, like Gecko) Version/17.1 Mobile/15E148 Safari/604.1"
20.78.177.7 - - [13/Dec/2025:22:06:14 +0000] "GET /wp-admin/js/widgets HTTP/1.1" 301 178 "https://www.google.de/" "Mozilla/5.0 (iPhone; CPU iPhone OS 17_0_3 like Mac OS X) AppleWebKit/605.1.15 (KHTML, like Gecko) Version/17.0.1 Mobile/15E148 Safari/604.1"
20.78.177.7 - - [13/Dec/2025:22:06:14 +0000] "GET /wp-admin/js/widgets HTTP/1.1" 404 162 "https://www.google.de/" "Mozilla/5.0 (iPhone; CPU iPhone OS 17_0_3 like Mac OS X) AppleWebKit/605.1.15 (KHTML, like Gecko) Version/17.0.1 Mobile/15E148 Safari/604.1"
13.71.30.28 - - [13/Dec/2025:22:06:14 +0000] "GET /assets/images/ HTTP/1.1" 301 178 "https://www.google.fr/" "Mozilla/5.0 (iPhone; CPU iPhone OS 16_6_1 like Mac OS X) AppleWebKit/605.1.15 (KHTML, like Gecko) Version/16.6 Mobile/15E148 Safari/604.1"
20.78.177.7 - - [13/Dec/2025:22:06:14 +0000] "GET /wp-content/autoload_classmap.php HTTP/1.1" 301 178 "https://www.google.com/" "Mozilla/5.0 (Linux; Android 13; SM-S908E) AppleWebKit/537.36 (KHTML, like Gecko) Chrome/116.0.0.0 Mobile Safari/537.36"
13.71.30.28 - - [13/Dec/2025:22:06:15 +0000] "GET /assets/images/ HTTP/1.1" 404 162 "https://www.google.fr/" "Mozilla/5.0 (iPhone; CPU iPhone OS 16_6_1 like Mac OS X) AppleWebKit/605.1.15 (KHTML, like Gecko) Version/16.6 Mobile/15E148 Safari/604.1"
20.78.177.7 - - [13/Dec/2025:22:06:15 +0000] "GET /wp-content/autoload_classmap.php HTTP/1.1" 404 564 "https://www.google.com/" "Mozilla/5.0 (Linux; Android 13; SM-S908E) AppleWebKit/537.36 (KHTML, like Gecko) Chrome/116.0.0.0 Mobile Safari/537.36"
13.71.30.28 - - [13/Dec/2025:22:06:15 +0000] "GET /autoload_classmap/function.php HTTP/1.1" 301 178 "https://www.google.co.uk/" "Mozilla/5.0 (iPhone; CPU iPhone OS 15_7_9 like Mac OS X) AppleWebKit/605.1.15 (KHTML, like Gecko) Version/15.6.5 Mobile/15E148 Safari/604.1"
20.78.177.7 - - [13/Dec/2025:22:06:15 +0000] "GET /wp-content/backups-dup-lite HTTP/1.1" 301 178 "https://www.google.co.uk/" "Mozilla/5.0 (iPad; CPU OS 17_0_3 like Mac OS X) AppleWebKit/605.1.15 (KHTML, like Gecko) Version/17.0.1 Mobile/15E148 Safari/604.1"
13.71.30.28 - - [13/Dec/2025:22:06:15 +0000] "GET /autoload_classmap/function.php HTTP/1.1" 404 162 "https://www.google.co.uk/" "Mozilla/5.0 (iPhone; CPU iPhone OS 15_7_9 like Mac OS X) AppleWebKit/605.1.15 (KHTML, like Gecko) Version/15.6.5 Mobile/15E148 Safari/604.1"
20.78.177.7 - - [13/Dec/2025:22:06:15 +0000] "GET /wp-content/backups-dup-lite HTTP/1.1" 404 162 "https://www.google.co.uk/" "Mozilla/5.0 (iPad; CPU OS 17_0_3 like Mac OS X) AppleWebKit/605.1.15 (KHTML, like Gecko) Version/17.0.1 Mobile/15E148 Safari/604.1"
13.71.30.28 - - [13/Dec/2025:22:06:15 +0000] "GET /av.php HTTP/1.1" 301 178 "https://www.yahoo.com/" "Mozilla/5.g (Linux; Android 13; Pixel 7) AppleWebKit/537.36 (KHTML, like Gecko) Chrome/116.0.0.0 Mobile Safari/537.36"
20.78.177.7 - - [13/Dec/2025:22:06:15 +0000] "GET /wp-content/languages HTTP/1.1" 301 178 "https://www.google.co.uk/" "Mozilla/5.0 (Linux; Android 12; 2201116SG) AppleWebKit/537.36 (KHTML, like Gecko) Chrome/116.0.0.0 Mobile Safari/537.36"
13.71.30.28 - - [13/Dec/2025:22:06:15 +0000] "GET /av.php HTTP/1.1" 404 564 "https://www.yahoo.com/" "Mozilla/5.g (Linux; Android 13; Pixel 7) AppleWebKit/537.36 (KHTML, like Gecko) Chrome/116.0.0.0 Mobile Safari/537.36"
20.78.177.7 - - [13/Dec/2025:22:06:15 +0000] "GET /wp-content/languages HTTP/1.1" 404 564 "https://www.google.co.uk/" "Mozilla/5.0 (Linux; Android 12; 2201116SG) AppleWebKit/537.36 (KHTML, like Gecko) Chrome/116.0.0.0 Mobile Safari/537.36"
13.71.30.28 - - [13/Dec/2025:22:06:15 +0000] "GET /bless.php HTTP/1.1" 301 178 "https://www.google.de/" "Mozilla/5.0 (Linux; Android 11; 21081111RG) AppleWebKit/537.36 (KHTML, like Gecko) Chrome/116.0.0.0 Mobile Safari/537.36"
20.78.177.7 - - [13/Dec/2025:22:06:16 +0000] "GET /wp-content/plugins/admin.php HTTP/1.1" 301 178 "https://www.google.co.uk/" "Mozilla/5.0 (iPhone; CPU iPhone OS 17_0_3 like Mac OS X) AppleWebKit/605.1.15 (KHTML, like Gecko) Version/17.0.1 Mobile/15E148 Safari/604.1"
13.71.30.28 - - [13/Dec/2025:22:06:16 +0000] "GET /bless.php HTTP/1.1" 404 564 "https://www.google.de/" "Mozilla/5.0 (Linux; Android 11; 21081111RG) AppleWebKit/537.36 (KHTML, like Gecko) Chrome/116.0.0.0 Mobile Safari/537.36"
20.78.177.7 - - [13/Dec/2025:22:06:16 +0000] "GET /wp-content/plugins/admin.php HTTP/1.1" 404 162 "https://www.google.co.uk/" "Mozilla/5.0 (iPhone; CPU iPhone OS 17_0_3 like Mac OS X) AppleWebKit/605.1.15 (KHTML, like Gecko) Version/17.0.1 Mobile/15E148 Safari/604.1"
13.71.30.28 - - [13/Dec/2025:22:06:16 +0000] "GET /bolt.php HTTP/1.1" 301 178 "https://www.google.de/" "Mozilla/5.0 (Linux; Android 14; Pixel 8 Pro) AppleWebKit/537.36 (KHTML, like Gecko) Chrome/119.0.0.0 Mobile Safari/537.36"
20.78.177.7 - - [13/Dec/2025:22:06:16 +0000] "GET /wp-content/themes/admin.php HTTP/1.1" 301 178 "https://duckduckgo.com/" "Mozilla/5.0 (iPhone; CPU iPhone OS 16_0 like Mac OS X) AppleWebKit/605.1.15 (KHTML, like Gecko) FxiOS/118.0 Mobile/15E148 Safari/605.1.15"
13.71.30.28 - - [13/Dec/2025:22:06:16 +0000] "GET /bolt.php HTTP/1.1" 404 564 "https://www.google.de/" "Mozilla/5.0 (Linux; Android 14; Pixel 8 Pro) AppleWebKit/537.36 (KHTML, like Gecko) Chrome/119.0.0.0 Mobile Safari/537.36"
20.78.177.7 - - [13/Dec/2025:22:06:16 +0000] "GET /wp-content/themes/admin.php HTTP/1.1" 404 162 "https://duckduckgo.com/" "Mozilla/5.0 (iPhone; CPU iPhone OS 16_0 like Mac OS X) AppleWebKit/605.1.15 (KHTML, like Gecko) FxiOS/118.0 Mobile/15E148 Safari/605.1.15"
13.71.30.28 - - [13/Dec/2025:22:06:16 +0000] "GET /buy.php HTTP/1.1" 301 178 "https://duckduckgo.com/" "Mozilla/5.0 (Linux; Android 12; 2201116SG) AppleWebKit/537.36 (KHTML, like Gecko) Chrome/116.0.0.0 Mobile Safari/537.36"
20.78.177.7 - - [13/Dec/2025:22:06:16 +0000] "GET /wp-content/uploads HTTP/1.1" 301 178 "https://www.bing.com/" "Mozilla/5.0 (Linux; Android 13; SM-S908E) AppleWebKit/537.36 (KHTML, like Gecko) Chrome/116.0.0.0 Mobile Safari/537.36"
13.71.30.28 - - [13/Dec/2025:22:06:16 +0000] "GET /buy.php HTTP/1.1" 404 564 "https://duckduckgo.com/" "Mozilla/5.0 (Linux; Android 12; 2201116SG) AppleWebKit/537.36 (KHTML, like Gecko) Chrome/116.0.0.0 Mobile Safari/537.36"
20.78.177.7 - - [13/Dec/2025:22:06:16 +0000] "GET /wp-content/uploads HTTP/1.1" 404 564 "https://www.bing.com/" "Mozilla/5.0 (Linux; Android 13; SM-S908E) AppleWebKit/537.36 (KHTML, like Gecko) Chrome/116.0.0.0 Mobile Safari/537.36"
13.71.30.28 - - [13/Dec/2025:22:06:17 +0000] "GET /atomlib.php HTTP/1.1" 301 178 "https://www.google.fr/" "Mozilla/5.0 (iPhone; CPU iPhone OS 17_1_1 like Mac OS X) AppleWebKit/605.1.15 (KHTML, like Gecko) Version/17.1 Mobile/15E148 Safari/604.1"
20.78.177.7 - - [13/Dec/2025:22:06:17 +0000] "GET /wp-content/uploads/2025 HTTP/1.1" 301 178 "https://www.google.de/" "Mozilla/5.0 (Linux; Android 13; SM-S908E) AppleWebKit/537.36 (KHTML, like Gecko) Chrome/116.0.0.0 Mobile Safari/537.36"
13.71.30.28 - - [13/Dec/2025:22:06:17 +0000] "GET /atomlib.php HTTP/1.1" 404 162 "https://www.google.fr/" "Mozilla/5.0 (iPhone; CPU iPhone OS 17_1_1 like Mac OS X) AppleWebKit/605.1.15 (KHTML, like Gecko) Version/17.1 Mobile/15E148 Safari/604.1"
20.78.177.7 - - [13/Dec/2025:22:06:17 +0000] "GET /wp-content/uploads/2025 HTTP/1.1" 404 564 "https://www.google.de/" "Mozilla/5.0 (Linux; Android 13; SM-S908E) AppleWebKit/537.36 (KHTML, like Gecko) Chrome/116.0.0.0 Mobile Safari/537.36"
13.71.30.28 - - [13/Dec/2025:22:06:17 +0000] "GET /cgi-bin/file.php HTTP/1.1" 301 178 "https://www.bing.com/" "Mozilla/5.0 (Linux; Android 13; SM-S908E) AppleWebKit/537.36 (KHTML, like Gecko) Chrome/116.0.0.0 Mobile Safari/537.36"
20.78.177.7 - - [13/Dec/2025:22:06:17 +0000] "GET /wp-includes/IXR HTTP/1.1" 301 178 "https://www.google.co.uk/" "Mozilla/5.0 (iPad; CPU OS 16_7_2 like Mac OS X) AppleWebKit/605.1.15 (KHTML, like Gecko) Version/16.6 Mobile/15E148 Safari/604.1"
13.71.30.28 - - [13/Dec/2025:22:06:17 +0000] "GET /cgi-bin/file.php HTTP/1.1" 404 564 "https://www.bing.com/" "Mozilla/5.0 (Linux; Android 13; SM-S908E) AppleWebKit/537.36 (KHTML, like Gecko) Chrome/116.0.0.0 Mobile Safari/537.36"
20.78.177.7 - - [13/Dec/2025:22:06:17 +0000] "GET /wp-includes/IXR HTTP/1.1" 404 162 "https://www.google.co.uk/" "Mozilla/5.0 (iPad; CPU OS 16_7_2 like Mac OS X) AppleWebKit/605.1.15 (KHTML, like Gecko) Version/16.6 Mobile/15E148 Safari/604.1"
20.78.177.7 - - [13/Dec/2025:22:06:17 +0000] "GET /wp-includes/IXR/index.php HTTP/1.1" 301 178 "https://www.google.com/" "Mozilla/5.0 (Linux; Android 12; V2134) AppleWebKit/537.36 (KHTML, like Gecko) Chrome/116.0.0.0 Mobile Safari/537.36"
13.71.30.28 - - [13/Dec/2025:22:06:17 +0000] "GET /cgi-bin/index.php HTTP/1.1" 301 178 "https://duckduckgo.com/" "Mozilla/5.0 (Linux; Android 12; V2134) AppleWebKit/537.36 (KHTML, like Gecko) Chrome/116.0.0.0 Mobile Safari/537.36"
20.78.177.7 - - [13/Dec/2025:22:06:17 +0000] "GET /wp-includes/IXR/index.php HTTP/1.1" 404 564 "https://www.google.com/" "Mozilla/5.0 (Linux; Android 12; V2134) AppleWebKit/537.36 (KHTML, like Gecko) Chrome/116.0.0.0 Mobile Safari/537.36"
13.71.30.28 - - [13/Dec/2025:22:06:17 +0000] "GET /cgi-bin/index.php HTTP/1.1" 404 564 "https://duckduckgo.com/" "Mozilla/5.0 (Linux; Android 12; V2134) AppleWebKit/537.36 (KHTML, like Gecko) Chrome/116.0.0.0 Mobile Safari/537.36"
20.78.177.7 - - [13/Dec/2025:22:06:18 +0000] "GET /wp-includes/SimplePie/index.php HTTP/1.1" 301 178 "https://www.yahoo.com/" "Mozilla/5.0 (iPad; CPU OS 16_7_2 like Mac OS X) AppleWebKit/605.1.15 (KHTML, like Gecko) Version/16.6 Mobile/15E148 Safari/604.1"
13.71.30.28 - - [13/Dec/2025:22:06:18 +0000] "GET /chosen.php HTTP/1.1" 301 178 "https://duckduckgo.com/" "Mozilla/5.g (Linux; Android 13; Pixel 7) AppleWebKit/537.36 (KHTML, like Gecko) Chrome/116.0.0.0 Mobile Safari/537.36"
20.78.177.7 - - [13/Dec/2025:22:06:18 +0000] "GET /wp-includes/SimplePie/index.php HTTP/1.1" 404 162 "https://www.yahoo.com/" "Mozilla/5.0 (iPad; CPU OS 16_7_2 like Mac OS X) AppleWebKit/605.1.15 (KHTML, like Gecko) Version/16.6 Mobile/15E148 Safari/604.1"
13.71.30.28 - - [13/Dec/2025:22:06:18 +0000] "GET /chosen.php HTTP/1.1" 404 564 "https://duckduckgo.com/" "Mozilla/5.g (Linux; Android 13; Pixel 7) AppleWebKit/537.36 (KHTML, like Gecko) Chrome/116.0.0.0 Mobile Safari/537.36"
20.78.177.7 - - [13/Dec/2025:22:06:18 +0000] "GET /wp-includes/Text HTTP/1.1" 301 178 "https://www.google.de/" "Mozilla/5.0 (Linux; Android 12; V2134) AppleWebKit/537.36 (KHTML, like Gecko) Chrome/116.0.0.0 Mobile Safari/537.36"
13.71.30.28 - - [13/Dec/2025:22:06:18 +0000] "GET /classwithtostring.php HTTP/1.1" 301 178 "https://www.google.co.uk/" "Mozilla/5.0 (iPhone; CPU iPhone OS 15_7_9 like Mac OS X) AppleWebKit/605.1.15 (KHTML, like Gecko) Version/15.6.5 Mobile/15E148 Safari/604.1"
