74.7.227.51 - - [11/Jan/2026:00:40:42 +0000] "GET /entity/535181797.htm HTTP/1.1" 301 7281 "-" "Mozilla/5.0 AppleWebKit/537.36 (KHTML, like Gecko; compatible; GPTBot/1.3; +https://openai.com/gptbot)"
74.7.227.51 - - [11/Jan/2026:00:40:42 +0000] "GET /entity/535181797.htm/ HTTP/1.1" 200 52145 "-" "Mozilla/5.0 AppleWebKit/537.36 (KHTML, like Gecko; compatible; GPTBot/1.3; +https://openai.com/gptbot)"
57.141.20.34 - - [11/Jan/2026:00:40:44 +0000] "GET /2025/03/07/page/6/?fileloc=//sys/class/pci_bus/0000:11/subsystem/0000:03/subsystem/0000:0b/subsystem/0000:06/subsystem/0000:01/power/runtime_active_time&path=//sys/class/pci_bus/0000:11/subsystem/0000:03/subsystem/0000:0b/subsystem/0000:06/subsystem/0000:01/power HTTP/1.1" 200 276796 "-" "meta-externalagent/1.1 (+https://developers.facebook.com/docs/sharing/webmasters/crawler)"
57.141.20.41 - - [11/Jan/2026:00:40:44 +0000] "GET /nacin-kako-uporabljate-globe-wagering-najboljsa-knjiga/?fileloc=//sys/class/pci_bus/0000:0b/subsystem/0000:07/subsystem/0000:00/power/runtime_active_time&path=//sys/class/pci_bus/0000:0b/subsystem/0000:07/subsystem/0000:00/power HTTP/1.1" 200 276788 "-" "meta-externalagent/1.1 (+https://developers.facebook.com/docs/sharing/webmasters/crawler)"
74.7.227.51 - - [11/Jan/2026:00:40:45 +0000] "GET /entity/535160051.htm HTTP/1.1" 301 7281 "-" "Mozilla/5.0 AppleWebKit/537.36 (KHTML, like Gecko; compatible; GPTBot/1.3; +https://openai.com/gptbot)"
74.7.227.51 - - [11/Jan/2026:00:40:46 +0000] "GET /entity/535160051.htm/ HTTP/1.1" 200 52145 "-" "Mozilla/5.0 AppleWebKit/537.36 (KHTML, like Gecko; compatible; GPTBot/1.3; +https://openai.com/gptbot)"
57.141.20.5 - - [11/Jan/2026:00:40:46 +0000] "GET /karamba-spielsaal-erfahrungen-angeschlossen-testbericht-werfen-sie-einen-blick-auf-den-link-within-2025-pro-teutonia/?fileloc=//sys/class/pci_bus/0000:0b/device/pci_bus/0000:0b/subsystem/0000:0d/subsystem/0000:0e/device/power/wakeup_count&path=//sys/class/pci_bus/0000:0b/device/pci_bus/0000:0b/subsystem/0000:0d/subsystem/0000:0e/device/power HTTP/1.1" 200 276812 "-" "meta-externalagent/1.1 (+https://developers.facebook.com/docs/sharing/webmasters/crawler)"
57.141.20.6 - - [11/Jan/2026:00:40:47 +0000] "GET /karamba-spielsaal-erfahrungen-angeschlossen-testbericht-werfen-sie-einen-blick-auf-den-link-within-2025-pro-teutonia/?fileloc=//sys/class/pci_bus/0000:04/subsystem/0000:09/device/driver/0000:00:02.6/driver/0000:00:04.0/driver/0000:00:02.2/max_link_width&path=//sys/class/pci_bus/0000:04/subsystem/0000:09/device/driver/0000:00:02.6/driver/0000:00:04.0/driver/0000:00:02.2 HTTP/1.1" 200 276875 "-" "meta-externalagent/1.1 (+https://developers.facebook.com/docs/sharing/webmasters/crawler)"
57.141.20.30 - - [11/Jan/2026:00:40:48 +0000] "GET /2025/03/06/page/39/?fileloc=//sys/class/pci_bus/0000:0e/device/driver/0000:00:03.2/driver/0000:00:03.6/remove&path=//sys/class/pci_bus/0000:0e/device/driver/0000:00:03.2/driver/0000:00:03.6 HTTP/1.1" 200 276819 "-" "meta-externalagent/1.1 (+https://developers.facebook.com/docs/sharing/webmasters/crawler)"
57.141.20.7 - - [11/Jan/2026:00:40:48 +0000] "GET /karamba-spielsaal-erfahrungen-angeschlossen-testbericht-werfen-sie-einen-blick-auf-den-link-within-2025-pro-teutonia/?fileloc=//sys/class/pci_bus/0000:0e/subsystem/0000:02/subsystem/0000:03/subsystem/0000:00/device/0000:00:03.2/modalias&path=//sys/class/pci_bus/0000:0e/subsystem/0000:02/subsystem/0000:03/subsystem/0000:00/device/0000:00:03.2 HTTP/1.1" 200 276812 "-" "meta-externalagent/1.1 (+https://developers.facebook.com/docs/sharing/webmasters/crawler)"
74.7.227.51 - - [11/Jan/2026:00:40:48 +0000] "GET /entity/535241624.htm HTTP/1.1" 301 7281 "-" "Mozilla/5.0 AppleWebKit/537.36 (KHTML, like Gecko; compatible; GPTBot/1.3; +https://openai.com/gptbot)"
66.249.72.226 - - [11/Jan/2026:00:40:48 +0000] "GET /?fileloc=//sys/class/sound/card0/device/subsystem/devices/0000:00:02.2/subsystem/devices/0000:00:03.4/driver/0000:00:02.7/driver/0000:00:02.3/driver_override&path=//sys/class/sound/card0/device/subsystem/devices/0000:00:02.2/subsystem/devices/0000:00:03.4/driver/0000:00:02.7/driver/0000:00:02.3 HTTP/1.1" 200 52146 "-" "Mozilla/5.0 (Linux; Android 6.0.1; Nexus 5X Build/MMB29P) AppleWebKit/537.36 (KHTML, like Gecko) Chrome/143.0.7499.192 Mobile Safari/537.36 (compatible; Googlebot/2.1; +http://www.google.com/bot.html)"
217.113.194.214 - - [11/Jan/2026:00:40:48 +0000] "GET /website-content-optimization/?path=/ HTTP/1.1" 200 52145 "-" "Mozilla/5.0 (compatible; Barkrowler/0.9; +https://babbar.tech/crawler)"
57.141.20.26 - - [11/Jan/2026:00:40:49 +0000] "GET /karamba-spielsaal-erfahrungen-angeschlossen-testbericht-werfen-sie-einen-blick-auf-den-link-within-2025-pro-teutonia/?fileloc=//sys/class/pci_bus/0000:0e/subsystem/0000:0e/subsystem/0000:0e/device/driver/0000:00:02.0/current_link_speed&path=//sys/class/pci_bus/0000:0e/subsystem/0000:0e/subsystem/0000:0e/device/driver/0000:00:02.0 HTTP/1.1" 200 276803 "-" "meta-externalagent/1.1 (+https://developers.facebook.com/docs/sharing/webmasters/crawler)"
74.7.227.51 - - [11/Jan/2026:00:40:49 +0000] "GET /entity/535241624.htm/ HTTP/1.1" 200 52145 "-" "Mozilla/5.0 AppleWebKit/537.36 (KHTML, like Gecko; compatible; GPTBot/1.3; +https://openai.com/gptbot)"
66.135.21.75 - - [11/Jan/2026:00:40:51 +0000] "POST /wp-cron.php?doing_wp_cron=1768092051.5657849311828613281250 HTTP/1.1" 200 31 "-" "WordPress/6.3.1; https://datainsightnow.com"
74.7.227.51 - - [11/Jan/2026:00:40:51 +0000] "GET /entity/535057487.htm HTTP/1.1" 301 7275 "-" "Mozilla/5.0 AppleWebKit/537.36 (KHTML, like Gecko; compatible; GPTBot/1.3; +https://openai.com/gptbot)"
74.7.227.51 - - [11/Jan/2026:00:40:52 +0000] "GET /entity/535057487.htm/ HTTP/1.1" 200 52145 "-" "Mozilla/5.0 AppleWebKit/537.36 (KHTML, like Gecko; compatible; GPTBot/1.3; +https://openai.com/gptbot)"
57.141.20.2 - - [11/Jan/2026:00:40:53 +0000] "GET /2025/03/07/page/6/?path=//sys/class/pci_bus/0000:0a/subsystem/0000:0f/subsystem/0000:05/subsystem/0000:05/device/0000:00:02.3:pcie001/driver/0000:00:03.6:pcie001 HTTP/1.1" 200 276812 "-" "meta-externalagent/1.1 (+https://developers.facebook.com/docs/sharing/webmasters/crawler)"
74.7.227.51 - - [11/Jan/2026:00:40:54 +0000] "GET /entity/535162898.htm HTTP/1.1" 301 7281 "-" "Mozilla/5.0 AppleWebKit/537.36 (KHTML, like Gecko; compatible; GPTBot/1.3; +https://openai.com/gptbot)"
74.7.227.51 - - [11/Jan/2026:00:40:55 +0000] "GET /entity/535162898.htm/ HTTP/1.1" 200 52145 "-" "Mozilla/5.0 AppleWebKit/537.36 (KHTML, like Gecko; compatible; GPTBot/1.3; +https://openai.com/gptbot)"
57.141.20.27 - - [11/Jan/2026:00:40:57 +0000] "GET /karamba-spielsaal-erfahrungen-angeschlossen-testbericht-werfen-sie-einen-blick-auf-den-link-within-2025-pro-teutonia/?fileloc=//sys/class/pci_bus/0000:06/subsystem/0000:05/subsystem/0000:0e/subsystem/0000:00/subsystem/0000:04/cpulistaffinity&path=//sys/class/pci_bus/0000:06/subsystem/0000:05/subsystem/0000:0e/subsystem/0000:00/subsystem/0000:04 HTTP/1.1" 200 276788 "-" "meta-externalagent/1.1 (+https://developers.facebook.com/docs/sharing/webmasters/crawler)"
74.7.227.51 - - [11/Jan/2026:00:40:58 +0000] "GET /entity/535267785.htm HTTP/1.1" 301 7275 "-" "Mozilla/5.0 AppleWebKit/537.36 (KHTML, like Gecko; compatible; GPTBot/1.3; +https://openai.com/gptbot)"
74.7.227.51 - - [11/Jan/2026:00:40:58 +0000] "GET /entity/535267785.htm/ HTTP/1.1" 200 52145 "-" "Mozilla/5.0 AppleWebKit/537.36 (KHTML, like Gecko; compatible; GPTBot/1.3; +https://openai.com/gptbot)"
57.141.20.26 - - [11/Jan/2026:00:41:00 +0000] "GET /moneysense-self-help-guide-to-the-ideal-profile/?path=//sys/class/pci_bus/0000:13/subsystem/0000:13/device/driver/0000:00:02.4/driver/0000:00:03.4/firmware_node HTTP/1.1" 200 276788 "-" "meta-externalagent/1.1 (+https://developers.facebook.com/docs/sharing/webmasters/crawler)"
74.7.227.51 - - [11/Jan/2026:00:41:01 +0000] "GET /entity/535112909.htm HTTP/1.1" 301 7281 "-" "Mozilla/5.0 AppleWebKit/537.36 (KHTML, like Gecko; compatible; GPTBot/1.3; +https://openai.com/gptbot)"
74.7.227.51 - - [11/Jan/2026:00:41:01 +0000] "GET /entity/535112909.htm/ HTTP/1.1" 200 52145 "-" "Mozilla/5.0 AppleWebKit/537.36 (KHTML, like Gecko; compatible; GPTBot/1.3; +https://openai.com/gptbot)"
51.161.65.209 - - [11/Jan/2026:00:41:04 +0000] "GET /?p=20925 HTTP/1.1" 200 50793 "-" "Mozilla/5.0 (compatible; AhrefsBot/7.0; +http://ahrefs.com/robot/)"
74.7.227.51 - - [11/Jan/2026:00:41:04 +0000] "GET /entity/535100728.htm HTTP/1.1" 301 7281 "-" "Mozilla/5.0 AppleWebKit/537.36 (KHTML, like Gecko; compatible; GPTBot/1.3; +https://openai.com/gptbot)"
217.113.194.57 - - [11/Jan/2026:00:41:04 +0000] "GET /?path=//lib/pm-utils HTTP/1.1" 200 52145 "-" "Mozilla/5.0 (compatible; Barkrowler/0.9; +https://babbar.tech/crawler)"
74.7.227.51 - - [11/Jan/2026:00:41:05 +0000] "GET /entity/535100728.htm/ HTTP/1.1" 200 52145 "-" "Mozilla/5.0 AppleWebKit/537.36 (KHTML, like Gecko; compatible; GPTBot/1.3; +https://openai.com/gptbot)"
57.141.20.50 - - [11/Jan/2026:00:41:06 +0000] "GET /karamba-spielsaal-erfahrungen-angeschlossen-testbericht-werfen-sie-einen-blick-auf-den-link-within-2025-pro-teutonia/?fileloc=//sys/class/pci_bus/0000:06/subsystem/0000:13/device/driver/0000:00:02.1/driver/0000:00:03.4/driver/0000:00:03.1/config&path=//sys/class/pci_bus/0000:06/subsystem/0000:13/device/driver/0000:00:02.1/driver/0000:00:03.4/driver/0000:00:03.1 HTTP/1.1" 200 276804 "-" "meta-externalagent/1.1 (+https://developers.facebook.com/docs/sharing/webmasters/crawler)"
57.141.20.7 - - [11/Jan/2026:00:41:07 +0000] "GET /2025/02/21/page/10/?fileloc=//lib/firmware/cirrus/cs35l54-b0-dsp1-misc-103c8d08-amp1.bin.zst&path=//lib/firmware/cirrus HTTP/1.1" 200 276788 "-" "meta-externalagent/1.1 (+https://developers.facebook.com/docs/sharing/webmasters/crawler)"
74.7.227.51 - - [11/Jan/2026:00:41:07 +0000] "GET /entity/535074838.htm HTTP/1.1" 301 7281 "-" "Mozilla/5.0 AppleWebKit/537.36 (KHTML, like Gecko; compatible; GPTBot/1.3; +https://openai.com/gptbot)"
57.141.20.54 - - [11/Jan/2026:00:41:08 +0000] "GET /2025/03/07/page/6/?fileloc=//sys/class/pci_bus/0000:07/subsystem/0000:11/subsystem/0000:09/subsystem/0000:02/subsystem/0000:08/uevent&path=//sys/class/pci_bus/0000:07/subsystem/0000:11/subsystem/0000:09/subsystem/0000:02/subsystem/0000:08 HTTP/1.1" 200 276812 "-" "meta-externalagent/1.1 (+https://developers.facebook.com/docs/sharing/webmasters/crawler)"
74.7.227.51 - - [11/Jan/2026:00:41:08 +0000] "GET /entity/535074838.htm/ HTTP/1.1" 200 52145 "-" "Mozilla/5.0 AppleWebKit/537.36 (KHTML, like Gecko; compatible; GPTBot/1.3; +https://openai.com/gptbot)"
57.141.20.22 - - [11/Jan/2026:00:41:10 +0000] "GET /2025/03/07/page/6/?fileloc=//sys/class/pci_bus/0000:0b/subsystem/0000:06/subsystem/0000:0d/device/subsystem/devices/0000:00:02.7/subordinate_bus_number&path=//sys/class/pci_bus/0000:0b/subsystem/0000:06/subsystem/0000:0d/device/subsystem/devices/0000:00:02.7 HTTP/1.1" 200 276804 "-" "meta-externalagent/1.1 (+https://developers.facebook.com/docs/sharing/webmasters/crawler)"
74.7.227.51 - - [11/Jan/2026:00:41:10 +0000] "GET /entity/535043758.htm HTTP/1.1" 301 7281 "-" "Mozilla/5.0 AppleWebKit/537.36 (KHTML, like Gecko; compatible; GPTBot/1.3; +https://openai.com/gptbot)"
74.7.227.51 - - [11/Jan/2026:00:41:11 +0000] "GET /entity/535043758.htm/ HTTP/1.1" 200 52145 "-" "Mozilla/5.0 AppleWebKit/537.36 (KHTML, like Gecko; compatible; GPTBot/1.3; +https://openai.com/gptbot)"
74.7.227.51 - - [11/Jan/2026:00:41:13 +0000] "GET /entity/535265462.htm HTTP/1.1" 301 7275 "-" "Mozilla/5.0 AppleWebKit/537.36 (KHTML, like Gecko; compatible; GPTBot/1.3; +https://openai.com/gptbot)"
74.7.227.51 - - [11/Jan/2026:00:41:14 +0000] "GET /entity/535265462.htm/ HTTP/1.1" 200 52145 "-" "Mozilla/5.0 AppleWebKit/537.36 (KHTML, like Gecko; compatible; GPTBot/1.3; +https://openai.com/gptbot)"
57.141.20.11 - - [11/Jan/2026:00:41:15 +0000] "GET /2025/03/06/page/39/?fileloc=//sys/class/pci_bus/0000:0c/device/driver/0000:00:02.0/0000:01:00.0/driver/0000:09:00.0/modalias&path=//sys/class/pci_bus/0000:0c/device/driver/0000:00:02.0/0000:01:00.0/driver/0000:09:00.0 HTTP/1.1" 200 276819 "-" "meta-externalagent/1.1 (+https://developers.facebook.com/docs/sharing/webmasters/crawler)"
66.249.72.227 - - [11/Jan/2026:00:41:15 +0000] "GET /?fileloc=//sys/class/sound/card0/device/subsystem/devices/0000:00:02.2/driver/0000:00:02.2/driver/0000:00:02.2/driver/0000:00:03.1/driver/0000:00:02.1/subsystem/devices/0000:00:03.3/driver/0000:00:03.5/driver/0000:00:02.1/driver/0000:00:02.0/config&path=//sys/class/sound/card0/device/subsystem/devices/0000:00:02.2/driver/0000:00:02.2/driver/0000:00:02.2/driver/0000:00:03.1/driver/0000:00:02.1/subsystem/devices/0000:00:03.3/driver/0000:00:03.5/driver/0000:00:02.1/driver/0000:00:02.0 HTTP/1.1" 200 52146 "-" "Mozilla/5.0 (Linux; Android 6.0.1; Nexus 5X Build/MMB29P) AppleWebKit/537.36 (KHTML, like Gecko) Chrome/143.0.7499.192 Mobile Safari/537.36 (compatible; Googlebot/2.1; +http://www.google.com/bot.html)"
47.128.123.202 - - [11/Jan/2026:00:41:15 +0000] "GET /?fileloc=%2F%2Fusr%2Fshare%2Fdoc%2Fphp8.3-imagick%2Fchangelog.Debian.gz&path=%2F%2Fusr%2Fshare%2Fdoc%2Fphp8.3-imagick HTTP/1.1" 200 52146 "-" "Mozilla/5.0 (Linux; Android 5.0) AppleWebKit/537.36 (KHTML, like Gecko) Mobile Safari/537.36 (compatible; Bytespider; spider-feedback@bytedance.com)"
57.141.20.8 - - [11/Jan/2026:00:41:16 +0000] "GET /2025/03/07/page/6/?path=//sys/class/pci_bus/0000:05/subsystem/0000:0a/subsystem/0000:11/subsystem/0000:0d/power HTTP/1.1" 200 276804 "-" "meta-externalagent/1.1 (+https://developers.facebook.com/docs/sharing/webmasters/crawler)"
74.7.227.51 - - [11/Jan/2026:00:41:17 +0000] "GET /entity/535142953.htm HTTP/1.1" 301 7281 "-" "Mozilla/5.0 AppleWebKit/537.36 (KHTML, like Gecko; compatible; GPTBot/1.3; +https://openai.com/gptbot)"
74.7.227.51 - - [11/Jan/2026:00:41:17 +0000] "GET /entity/535142953.htm/ HTTP/1.1" 200 52145 "-" "Mozilla/5.0 AppleWebKit/537.36 (KHTML, like Gecko; compatible; GPTBot/1.3; +https://openai.com/gptbot)"
212.70.246.16 - - [11/Jan/2026:00:41:18 +0000] "GET /?fileloc=%2F%2Fproc%2F1033%2Fgid_map&path=%2F%2Fproc%2F1033 HTTP/1.1" 200 52146 "-" "Mozilla/5.0 (Linux; Android 8.0; Pixel 2 Build/OPD3.170816.012) AppleWebKit/537.36 (KHTML, like Gecko) Chrome/52.0.4233.1466 Mobile Safari/537.36"
74.7.227.51 - - [11/Jan/2026:00:41:20 +0000] "GET /entity/535237751.htm HTTP/1.1" 301 7281 "-" "Mozilla/5.0 AppleWebKit/537.36 (KHTML, like Gecko; compatible; GPTBot/1.3; +https://openai.com/gptbot)"
74.7.227.51 - - [11/Jan/2026:00:41:21 +0000] "GET /entity/535237751.htm/ HTTP/1.1" 200 52145 "-" "Mozilla/5.0 AppleWebKit/537.36 (KHTML, like Gecko; compatible; GPTBot/1.3; +https://openai.com/gptbot)"
154.54.249.198 - - [11/Jan/2026:00:41:21 +0000] "GET /?path=//lib/linux-tools HTTP/1.1" 200 52145 "-" "Mozilla/5.0 (compatible; Barkrowler/0.9; +https://babbar.tech/crawler)"
57.141.20.5 - - [11/Jan/2026:00:41:22 +0000] "GET /karamba-spielsaal-erfahrungen-angeschlossen-testbericht-werfen-sie-einen-blick-auf-den-link-within-2025-pro-teutonia/?path=//sys/class/pci_bus/0000:0d/subsystem/0000:00/subsystem/0000:0c/subsystem/0000:09/subsystem/0000:13 HTTP/1.1" 200 276803 "-" "meta-externalagent/1.1 (+https://developers.facebook.com/docs/sharing/webmasters/crawler)"
74.7.227.51 - - [11/Jan/2026:00:41:23 +0000] "GET /entity/535177402.htm HTTP/1.1" 301 7281 "-" "Mozilla/5.0 AppleWebKit/537.36 (KHTML, like Gecko; compatible; GPTBot/1.3; +https://openai.com/gptbot)"
74.7.227.51 - - [11/Jan/2026:00:41:24 +0000] "GET /entity/535177402.htm/ HTTP/1.1" 200 52145 "-" "Mozilla/5.0 AppleWebKit/537.36 (KHTML, like Gecko; compatible; GPTBot/1.3; +https://openai.com/gptbot)"
57.141.20.10 - - [11/Jan/2026:00:41:24 +0000] "GET /2025/03/07/page/6/?fileloc=//sys/class/pci_bus/0000:0f/subsystem/0000:01/subsystem/0000:08/subsystem/0000:04/subsystem/0000:0f/cpuaffinity&path=//sys/class/pci_bus/0000:0f/subsystem/0000:01/subsystem/0000:08/subsystem/0000:04/subsystem/0000:0f HTTP/1.1" 200 276804 "-" "meta-externalagent/1.1 (+https://developers.facebook.com/docs/sharing/webmasters/crawler)"
57.141.20.57 - - [11/Jan/2026:00:41:25 +0000] "GET /2025/03/06/page/39/?path=//sys/class/pci_bus/0000:02/subsystem/0000:12/subsystem/0000:02/subsystem/0000:05/subsystem/0000:11/device HTTP/1.1" 200 276803 "-" "meta-externalagent/1.1 (+https://developers.facebook.com/docs/sharing/webmasters/crawler)"
74.7.227.51 - - [11/Jan/2026:00:41:26 +0000] "GET /entity/535140618.htm HTTP/1.1" 301 7281 "-" "Mozilla/5.0 AppleWebKit/537.36 (KHTML, like Gecko; compatible; GPTBot/1.3; +https://openai.com/gptbot)"
57.141.20.28 - - [11/Jan/2026:00:41:27 +0000] "GET /2025/03/06/page/39/?fileloc=//sys/class/pci_bus/0000:01/subsystem/0000:08/device/driver/0000:00:03.1/subsystem_device&path=//sys/class/pci_bus/0000:01/subsystem/0000:08/device/driver/0000:00:03.1 HTTP/1.1" 200 276796 "-" "meta-externalagent/1.1 (+https://developers.facebook.com/docs/sharing/webmasters/crawler)"
74.7.227.51 - - [11/Jan/2026:00:41:27 +0000] "GET /entity/535140618.htm/ HTTP/1.1" 200 52145 "-" "Mozilla/5.0 AppleWebKit/537.36 (KHTML, like Gecko; compatible; GPTBot/1.3; +https://openai.com/gptbot)"
74.7.227.51 - - [11/Jan/2026:00:41:29 +0000] "GET /entity/535072242.htm HTTP/1.1" 301 7281 "-" "Mozilla/5.0 AppleWebKit/537.36 (KHTML, like Gecko; compatible; GPTBot/1.3; +https://openai.com/gptbot)"
74.7.227.51 - - [11/Jan/2026:00:41:30 +0000] "GET /entity/535072242.htm/ HTTP/1.1" 200 52145 "-" "Mozilla/5.0 AppleWebKit/537.36 (KHTML, like Gecko; compatible; GPTBot/1.3; +https://openai.com/gptbot)"
74.7.227.51 - - [11/Jan/2026:00:41:32 +0000] "GET /entity/535216770.htm HTTP/1.1" 301 7275 "-" "Mozilla/5.0 AppleWebKit/537.36 (KHTML, like Gecko; compatible; GPTBot/1.3; +https://openai.com/gptbot)"
74.7.227.51 - - [11/Jan/2026:00:41:33 +0000] "GET /entity/535216770.htm/ HTTP/1.1" 200 52145 "-" "Mozilla/5.0 AppleWebKit/537.36 (KHTML, like Gecko; compatible; GPTBot/1.3; +https://openai.com/gptbot)"
74.7.227.51 - - [11/Jan/2026:00:41:35 +0000] "GET /entity/535155907.htm HTTP/1.1" 301 7275 "-" "Mozilla/5.0 AppleWebKit/537.36 (KHTML, like Gecko; compatible; GPTBot/1.3; +https://openai.com/gptbot)"
74.7.227.51 - - [11/Jan/2026:00:41:36 +0000] "GET /entity/535155907.htm/ HTTP/1.1" 200 52145 "-" "Mozilla/5.0 AppleWebKit/537.36 (KHTML, like Gecko; compatible; GPTBot/1.3; +https://openai.com/gptbot)"
217.113.194.213 - - [11/Jan/2026:00:41:37 +0000] "GET /?path=//usr/lib/modules HTTP/1.1" 200 52145 "-" "Mozilla/5.0 (compatible; Barkrowler/0.9; +https://babbar.tech/crawler)"
57.141.20.15 - - [11/Jan/2026:00:41:37 +0000] "GET /2025/03/07/page/6/?path=//sys/class/pci_bus/0000:09/subsystem/0000:04/subsystem/0000:07/device/pci_bus/0000:07 HTTP/1.1" 200 276804 "-" "meta-externalagent/1.1 (+https://developers.facebook.com/docs/sharing/webmasters/crawler)"
57.141.20.27 - - [11/Jan/2026:00:41:38 +0000] "GET /moneysense-self-help-guide-to-the-ideal-profile/?path=//sys/class/pci_bus/0000:06/subsystem/0000:09/subsystem/0000:0b/subsystem/0000:0a/device HTTP/1.1" 200 276804 "-" "meta-externalagent/1.1 (+https://developers.facebook.com/docs/sharing/webmasters/crawler)"
74.7.227.51 - - [11/Jan/2026:00:41:39 +0000] "GET /entity/535123530.htm HTTP/1.1" 301 7281 "-" "Mozilla/5.0 AppleWebKit/537.36 (KHTML, like Gecko; compatible; GPTBot/1.3; +https://openai.com/gptbot)"
57.141.20.37 - - [11/Jan/2026:00:41:39 +0000] "GET /2025/03/07/page/6/?path=//sys/class/pci_bus/0000:07/subsystem/0000:0b/device/subsystem/drivers/pcieport/0000:00:04.0/0000:00:04.0:pcie001/driver/0000:00:03.7:pcie001 HTTP/1.1" 200 276795 "-" "meta-externalagent/1.1 (+https://developers.facebook.com/docs/sharing/webmasters/crawler)"
74.7.227.51 - - [11/Jan/2026:00:41:39 +0000] "GET /entity/535123530.htm/ HTTP/1.1" 200 52145 "-" "Mozilla/5.0 AppleWebKit/537.36 (KHTML, like Gecko; compatible; GPTBot/1.3; +https://openai.com/gptbot)"
57.141.20.25 - - [11/Jan/2026:00:41:41 +0000] "GET /2025/03/06/page/39/?fileloc=//sys/class/pci_bus/0000:13/subsystem/0000:07/subsystem/0000:11/subsystem/0000:05/power/autosuspend_delay_ms&path=//sys/class/pci_bus/0000:13/subsystem/0000:07/subsystem/0000:11/subsystem/0000:05/power HTTP/1.1" 200 276804 "-" "meta-externalagent/1.1 (+https://developers.facebook.com/docs/sharing/webmasters/crawler)"
74.7.227.51 - - [11/Jan/2026:00:41:42 +0000] "GET /entity/535171959.htm HTTP/1.1" 301 7275 "-" "Mozilla/5.0 AppleWebKit/537.36 (KHTML, like Gecko; compatible; GPTBot/1.3; +https://openai.com/gptbot)"
74.7.227.51 - - [11/Jan/2026:00:41:42 +0000] "GET /entity/535171959.htm/ HTTP/1.1" 200 52145 "-" "Mozilla/5.0 AppleWebKit/537.36 (KHTML, like Gecko; compatible; GPTBot/1.3; +https://openai.com/gptbot)"
66.249.72.226 - - [11/Jan/2026:00:41:43 +0000] "GET /?fileloc=//sys/class/sound/card0/device/subsystem/devices/0000:00:02.2/subsystem/devices/0000:00:03.4/driver/0000:00:04.0/driver/0000:00:02.4/firmware_node/physical_node/subsystem/devices/0000:00:02.4/ari_enabled&path=//sys/class/sound/card0/device/subsystem/devices/0000:00:02.2/subsystem/devices/0000:00:03.4/driver/0000:00:04.0/driver/0000:00:02.4/firmware_node/physical_node/subsystem/devices/0000:00:02.4 HTTP/1.1" 200 52146 "-" "Mozilla/5.0 (Linux; Android 6.0.1; Nexus 5X Build/MMB29P) AppleWebKit/537.36 (KHTML, like Gecko) Chrome/143.0.7499.192 Mobile Safari/537.36 (compatible; Googlebot/2.1; +http://www.google.com/bot.html)"
74.7.227.51 - - [11/Jan/2026:00:41:45 +0000] "GET /entity/535039092.htm HTTP/1.1" 301 7281 "-" "Mozilla/5.0 AppleWebKit/537.36 (KHTML, like Gecko; compatible; GPTBot/1.3; +https://openai.com/gptbot)"
57.141.20.13 - - [11/Jan/2026:00:41:46 +0000] "GET /karamba-spielsaal-erfahrungen-angeschlossen-testbericht-werfen-sie-einen-blick-auf-den-link-within-2025-pro-teutonia/?fileloc=//sys/class/pci_bus/0000:04/device/pci_bus/0000:04/subsystem/0000:0b/subsystem/0000:09/device/local_cpulist&path=//sys/class/pci_bus/0000:04/device/pci_bus/0000:04/subsystem/0000:0b/subsystem/0000:09/device HTTP/1.1" 200 276804 "-" "meta-externalagent/1.1 (+https://developers.facebook.com/docs/sharing/webmasters/crawler)"
74.7.227.51 - - [11/Jan/2026:00:41:46 +0000] "GET /entity/535039092.htm/ HTTP/1.1" 200 52145 "-" "Mozilla/5.0 AppleWebKit/537.36 (KHTML, like Gecko; compatible; GPTBot/1.3; +https://openai.com/gptbot)"
57.141.20.2 - - [11/Jan/2026:00:41:46 +0000] "GET /2025/03/07/page/6/?fileloc=//sys/class/pci_bus/0000:05/subsystem/0000:05/subsystem/0000:0c/device/driver/0000:00:03.2/subsystem/devices/0000:00:02.0/revision&path=//sys/class/pci_bus/0000:05/subsystem/0000:05/subsystem/0000:0c/device/driver/0000:00:03.2/subsystem/devices/0000:00:02.0 HTTP/1.1" 200 276804 "-" "meta-externalagent/1.1 (+https://developers.facebook.com/docs/sharing/webmasters/crawler)"
57.141.20.18 - - [11/Jan/2026:00:41:46 +0000] "GET /karamba-spielsaal-erfahrungen-angeschlossen-testbericht-werfen-sie-einen-blick-auf-den-link-within-2025-pro-teutonia/?path=//sys/class/pci_bus/0000:0d/subsystem/0000:0a/device/driver/0000:00:02.3/subsystem/devices/0000:00:03.3/power HTTP/1.1" 200 276804 "-" "meta-externalagent/1.1 (+https://developers.facebook.com/docs/sharing/webmasters/crawler)"
57.141.20.19 - - [11/Jan/2026:00:41:47 +0000] "GET /karamba-spielsaal-erfahrungen-angeschlossen-testbericht-werfen-sie-einen-blick-auf-den-link-within-2025-pro-teutonia/?fileloc=//sys/class/pci_bus/0000:08/subsystem/0000:05/subsystem/0000:07/device/subsystem/drivers/ahci/new_id&path=//sys/class/pci_bus/0000:08/subsystem/0000:05/subsystem/0000:07/device/subsystem/drivers/ahci HTTP/1.1" 200 276757 "-" "meta-externalagent/1.1 (+https://developers.facebook.com/docs/sharing/webmasters/crawler)"
57.141.20.9 - - [11/Jan/2026:00:41:48 +0000] "GET /2025/03/07/page/6/?path=//sys/class/pci_bus/0000:06/subsystem/0000:01/subsystem/0000:06/device/subsystem/drivers/bochs-drm/0000:00:01.0 HTTP/1.1" 200 276835 "-" "meta-externalagent/1.1 (+https://developers.facebook.com/docs/sharing/webmasters/crawler)"
57.141.20.48 - - [11/Jan/2026:00:41:48 +0000] "GET /2025/03/07/page/6/?fileloc=//sys/class/pci_bus/0000:05/subsystem/0000:06/subsystem/0000:09/device/driver/0000:00:04.0/subsystem/devices/0000:00:02.7/remove&path=//sys/class/pci_bus/0000:05/subsystem/0000:06/subsystem/0000:09/device/driver/0000:00:04.0/subsystem/devices/0000:00:02.7 HTTP/1.1" 200 276804 "-" "meta-externalagent/1.1 (+https://developers.facebook.com/docs/sharing/webmasters/crawler)"
74.7.227.51 - - [11/Jan/2026:00:41:48 +0000] "GET /entity/535110052.htm HTTP/1.1" 301 7281 "-" "Mozilla/5.0 AppleWebKit/537.36 (KHTML, like Gecko; compatible; GPTBot/1.3; +https://openai.com/gptbot)"
185.191.171.6 - - [11/Jan/2026:00:41:49 +0000] "GET /?p=17051 HTTP/1.1" 200 49409 "-" "Mozilla/5.0 (compatible; SemrushBot/7~bl; +http://www.semrush.com/bot.html)"
74.7.227.51 - - [11/Jan/2026:00:41:49 +0000] "GET /entity/535110052.htm/ HTTP/1.1" 200 52145 "-" "Mozilla/5.0 AppleWebKit/537.36 (KHTML, like Gecko; compatible; GPTBot/1.3; +https://openai.com/gptbot)"
57.141.20.24 - - [11/Jan/2026:00:41:50 +0000] "GET /2025/03/07/page/6/?fileloc=//sys/class/pci_bus/0000:08/subsystem/0000:0f/subsystem/0000:06/subsystem/0000:06/subsystem/0000:0b/uevent&path=//sys/class/pci_bus/0000:08/subsystem/0000:0f/subsystem/0000:06/subsystem/0000:06/subsystem/0000:0b HTTP/1.1" 200 276804 "-" "meta-externalagent/1.1 (+https://developers.facebook.com/docs/sharing/webmasters/crawler)"
66.135.21.75 - - [11/Jan/2026:00:41:50 +0000] "POST /wp-cron.php?doing_wp_cron=1768092110.9143469333648681640625 HTTP/1.1" 200 31 "-" "WordPress/6.3.1; https://datainsightnow.com"
57.141.20.59 - - [11/Jan/2026:00:41:51 +0000] "GET /karamba-spielsaal-erfahrungen-angeschlossen-testbericht-werfen-sie-einen-blick-auf-den-link-within-2025-pro-teutonia/?path=//sys/class/pci_bus/0000:0b/subsystem/0000:0d/subsystem/0000:09/subsystem/0000:05/subsystem/0000:07/subsystem/0000:09 HTTP/1.1" 200 276803 "-" "meta-externalagent/1.1 (+https://developers.facebook.com/docs/sharing/webmasters/crawler)"
74.7.227.51 - - [11/Jan/2026:00:41:51 +0000] "GET /entity/535230228.htm HTTP/1.1" 301 7275 "-" "Mozilla/5.0 AppleWebKit/537.36 (KHTML, like Gecko; compatible; GPTBot/1.3; +https://openai.com/gptbot)"
74.7.227.51 - - [11/Jan/2026:00:41:52 +0000] "GET /entity/535230228.htm/ HTTP/1.1" 200 52145 "-" "Mozilla/5.0 AppleWebKit/537.36 (KHTML, like Gecko; compatible; GPTBot/1.3; +https://openai.com/gptbot)"
217.113.194.56 - - [11/Jan/2026:00:41:53 +0000] "GET /?path=//etc/selinux HTTP/1.1" 200 52145 "-" "Mozilla/5.0 (compatible; Barkrowler/0.9; +https://babbar.tech/crawler)"
57.141.20.49 - - [11/Jan/2026:00:41:54 +0000] "GET /2025/03/06/page/39/?fileloc=//sys/class/pci_bus/0000:0f/device/driver/0000:00:03.2/driver/0000:00:02.7/0000:09:00.0/class&path=//sys/class/pci_bus/0000:0f/device/driver/0000:00:03.2/driver/0000:00:02.7/0000:09:00.0 HTTP/1.1" 200 276804 "-" "meta-externalagent/1.1 (+https://developers.facebook.com/docs/sharing/webmasters/crawler)"
74.7.227.51 - - [11/Jan/2026:00:41:55 +0000] "GET /entity/535123781.htm HTTP/1.1" 301 7275 "-" "Mozilla/5.0 AppleWebKit/537.36 (KHTML, like Gecko; compatible; GPTBot/1.3; +https://openai.com/gptbot)"
57.141.20.40 - - [11/Jan/2026:00:41:55 +0000] "GET /moneysense-self-help-guide-to-the-ideal-profile/?fileloc=//sys/class/pci_bus/0000:09/subsystem/0000:12/subsystem/0000:08/subsystem/0000:06/device/vendor&path=//sys/class/pci_bus/0000:09/subsystem/0000:12/subsystem/0000:08/subsystem/0000:06/device HTTP/1.1" 200 276788 "-" "meta-externalagent/1.1 (+https://developers.facebook.com/docs/sharing/webmasters/crawler)"
74.7.227.51 - - [11/Jan/2026:00:41:55 +0000] "GET /entity/535123781.htm/ HTTP/1.1" 200 52145 "-" "Mozilla/5.0 AppleWebKit/537.36 (KHTML, like Gecko; compatible; GPTBot/1.3; +https://openai.com/gptbot)"
114.119.158.156 - - [11/Jan/2026:00:41:56 +0000] "GET /zodiac-kasino-erfahrungen-2024-480-bonus-80-freispiele?path=//sys/dev/char/5:1/subsystem/tty5/subsystem/ttyS18/subsystem/tty18/subsystem/tty53 HTTP/1.1" 301 7275 "-" "Mozilla/5.0 (Linux; Android 7.0;) AppleWebKit/537.36 (KHTML, like Gecko) Mobile Safari/537.36 (compatible; PetalBot;+https://webmaster.petalsearch.com/site/petalbot)"
114.119.158.156 - - [11/Jan/2026:00:41:57 +0000] "GET /zodiac-kasino-erfahrungen-2024-480-bonus-80-freispiele/?path=//sys/dev/char/5:1/subsystem/tty5/subsystem/ttyS18/subsystem/tty18/subsystem/tty53 HTTP/1.1" 200 52146 "-" "Mozilla/5.0 (Linux; Android 7.0;) AppleWebKit/537.36 (KHTML, like Gecko) Mobile Safari/537.36 (compatible; PetalBot;+https://webmaster.petalsearch.com/site/petalbot)"
74.7.227.51 - - [11/Jan/2026:00:41:58 +0000] "GET /entity/535060595.htm HTTP/1.1" 301 7275 "-" "Mozilla/5.0 AppleWebKit/537.36 (KHTML, like Gecko; compatible; GPTBot/1.3; +https://openai.com/gptbot)"
74.7.227.51 - - [11/Jan/2026:00:41:58 +0000] "GET /entity/535060595.htm/ HTTP/1.1" 200 52145 "-" "Mozilla/5.0 AppleWebKit/537.36 (KHTML, like Gecko; compatible; GPTBot/1.3; +https://openai.com/gptbot)"
74.7.227.51 - - [11/Jan/2026:00:42:01 +0000] "GET /entity/535165484.htm HTTP/1.1" 301 7281 "-" "Mozilla/5.0 AppleWebKit/537.36 (KHTML, like Gecko; compatible; GPTBot/1.3; +https://openai.com/gptbot)"
74.7.227.51 - - [11/Jan/2026:00:42:01 +0000] "GET /entity/535165484.htm/ HTTP/1.1" 200 52145 "-" "Mozilla/5.0 AppleWebKit/537.36 (KHTML, like Gecko; compatible; GPTBot/1.3; +https://openai.com/gptbot)"
47.128.121.90 - - [11/Jan/2026:00:42:04 +0000] "GET /?fileloc=%2F%2Fproc%2F1033%2Fgid_map&path=%2F%2Fproc%2F1033 HTTP/1.1" 200 52146 "-" "Mozilla/5.0 (Linux; Android 5.0) AppleWebKit/537.36 (KHTML, like Gecko) Mobile Safari/537.36 (compatible; TikTokSpider; ttspider-feedback@tiktok.com)"
74.7.227.51 - - [11/Jan/2026:00:42:04 +0000] "GET /entity/535254066.htm HTTP/1.1" 301 7281 "-" "Mozilla/5.0 AppleWebKit/537.36 (KHTML, like Gecko; compatible; GPTBot/1.3; +https://openai.com/gptbot)"
74.7.227.51 - - [11/Jan/2026:00:42:05 +0000] "GET /entity/535254066.htm/ HTTP/1.1" 200 52145 "-" "Mozilla/5.0 AppleWebKit/537.36 (KHTML, like Gecko; compatible; GPTBot/1.3; +https://openai.com/gptbot)"
79.127.149.52 - - [11/Jan/2026:00:42:07 +0000] "GET /wp-login.php HTTP/1.1" 200 5744 "-" "Mozila/5.0"
74.7.227.51 - - [11/Jan/2026:00:42:07 +0000] "GET /entity/535118601.htm HTTP/1.1" 301 7281 "-" "Mozilla/5.0 AppleWebKit/537.36 (KHTML, like Gecko; compatible; GPTBot/1.3; +https://openai.com/gptbot)"
79.127.149.52 - - [11/Jan/2026:00:42:08 +0000] "POST /wp-login.php HTTP/1.1" 200 5893 "-" "Mozila/5.0"
74.7.227.51 - - [11/Jan/2026:00:42:08 +0000] "GET /entity/535118601.htm/ HTTP/1.1" 200 52145 "-" "Mozilla/5.0 AppleWebKit/537.36 (KHTML, like Gecko; compatible; GPTBot/1.3; +https://openai.com/gptbot)"
57.141.20.52 - - [11/Jan/2026:00:42:09 +0000] "GET /karamba-spielsaal-erfahrungen-angeschlossen-testbericht-werfen-sie-einen-blick-auf-den-link-within-2025-pro-teutonia/?path=//sys/class/pci_bus/0000:0e/subsystem/0000:07/device/driver/0000:00:03.2/driver/0000:00:04.0/0000:00:04.0:pcie001/driver/0000:00:02.2:pcie001 HTTP/1.1" 200 276875 "-" "meta-externalagent/1.1 (+https://developers.facebook.com/docs/sharing/webmasters/crawler)"
79.127.149.52 - - [11/Jan/2026:00:42:09 +0000] "GET /wp-admin/ HTTP/1.1" 302 7281 "-" "Mozila/5.0"
54.39.136.201 - - [11/Jan/2026:00:42:09 +0000] "GET /?p=20923 HTTP/1.1" 200 51599 "-" "Mozilla/5.0 (compatible; AhrefsBot/7.0; +http://ahrefs.com/robot/)"
217.113.194.58 - - [11/Jan/2026:00:42:09 +0000] "GET /?path=//etc/apparmor HTTP/1.1" 200 52145 "-" "Mozilla/5.0 (compatible; Barkrowler/0.9; +https://babbar.tech/crawler)"
79.127.149.52 - - [11/Jan/2026:00:42:10 +0000] "GET /wp-login.php?redirect_to=https%3A%2F%2Fdatainsightnow.com%2Fwp-admin%2F&reauth=1 HTTP/1.1" 200 5744 "-" "Mozila/5.0"
57.141.20.47 - - [11/Jan/2026:00:42:10 +0000] "GET /karamba-spielsaal-erfahrungen-angeschlossen-testbericht-werfen-sie-einen-blick-auf-den-link-within-2025-pro-teutonia/?fileloc=//sys/class/pci_bus/0000:06/subsystem/0000:01/subsystem/0000:11/subsystem/0000:0b/subsystem/0000:0a/subsystem/0000:13/uevent&path=//sys/class/pci_bus/0000:06/subsystem/0000:01/subsystem/0000:11/subsystem/0000:0b/subsystem/0000:0a/subsystem/0000:13 HTTP/1.1" 200 276788 "-" "meta-externalagent/1.1 (+https://developers.facebook.com/docs/sharing/webmasters/crawler)"
74.7.227.51 - - [11/Jan/2026:00:42:11 +0000] "GET /entity/535067325.htm HTTP/1.1" 301 7275 "-" "Mozilla/5.0 AppleWebKit/537.36 (KHTML, like Gecko; compatible; GPTBot/1.3; +https://openai.com/gptbot)"
85.208.96.201 - - [11/Jan/2026:00:42:11 +0000] "GET /?p=49221 HTTP/1.1" 200 50965 "-" "Mozilla/5.0 (compatible; SemrushBot/7~bl; +http://www.semrush.com/bot.html)"
74.7.227.51 - - [11/Jan/2026:00:42:11 +0000] "GET /entity/535067325.htm/ HTTP/1.1" 200 52145 "-" "Mozilla/5.0 AppleWebKit/537.36 (KHTML, like Gecko; compatible; GPTBot/1.3; +https://openai.com/gptbot)"
57.141.20.28 - - [11/Jan/2026:00:42:13 +0000] "GET /karamba-spielsaal-erfahrungen-angeschlossen-testbericht-werfen-sie-einen-blick-auf-den-link-within-2025-pro-teutonia/?fileloc=//sys/class/pci_bus/0000:06/subsystem/0000:0d/subsystem/0000:03/subsystem/0000:0b/device/subsystem/devices/0000:00:02.0/max_link_width&path=//sys/class/pci_bus/0000:06/subsystem/0000:0d/subsystem/0000:03/subsystem/0000:0b/device/subsystem/devices/0000:00:02.0 HTTP/1.1" 200 276788 "-" "meta-externalagent/1.1 (+https://developers.facebook.com/docs/sharing/webmasters/crawler)"
47.128.121.19 - - [11/Jan/2026:00:42:13 +0000] "GET /?fileloc=%2F%2Fusr%2Fshare%2Fdoc%2Fphp8.3-imagick%2Fchangelog.Debian.gz&path=%2F%2Fusr%2Fshare%2Fdoc%2Fphp8.3-imagick HTTP/1.1" 200 52146 "-" "Mozilla/5.0 (Linux; Android 5.0) AppleWebKit/537.36 (KHTML, like Gecko) Mobile Safari/537.36 (compatible; TikTokSpider; ttspider-feedback@tiktok.com)"
74.7.227.51 - - [11/Jan/2026:00:42:14 +0000] "GET /entity/535132069.htm HTTP/1.1" 301 7281 "-" "Mozilla/5.0 AppleWebKit/537.36 (KHTML, like Gecko; compatible; GPTBot/1.3; +https://openai.com/gptbot)"
74.7.227.51 - - [11/Jan/2026:00:42:14 +0000] "GET /entity/535132069.htm/ HTTP/1.1" 200 52145 "-" "Mozilla/5.0 AppleWebKit/537.36 (KHTML, like Gecko; compatible; GPTBot/1.3; +https://openai.com/gptbot)"
74.7.227.51 - - [11/Jan/2026:00:42:17 +0000] "GET /entity/535245768.htm HTTP/1.1" 301 7275 "-" "Mozilla/5.0 AppleWebKit/537.36 (KHTML, like Gecko; compatible; GPTBot/1.3; +https://openai.com/gptbot)"
57.141.20.50 - - [11/Jan/2026:00:42:17 +0000] "GET /2025/03/05/page/6/?fileloc=//sys/class/pci_bus/0000:02/subsystem/0000:0f/subsystem/0000:00/subsystem/0000:12/device/subsystem_device&path=//sys/class/pci_bus/0000:02/subsystem/0000:0f/subsystem/0000:00/subsystem/0000:12/device HTTP/1.1" 200 276812 "-" "meta-externalagent/1.1 (+https://developers.facebook.com/docs/sharing/webmasters/crawler)"
74.7.227.51 - - [11/Jan/2026:00:42:17 +0000] "GET /entity/535245768.htm/ HTTP/1.1" 200 52145 "-" "Mozilla/5.0 AppleWebKit/537.36 (KHTML, like Gecko; compatible; GPTBot/1.3; +https://openai.com/gptbot)"
57.141.20.13 - - [11/Jan/2026:00:42:19 +0000] "GET /2025/03/07/page/6/?path=//sys/class/pci_bus/0000:0a/subsystem/0000:0d/device/driver/0000:00:03.7/driver/0000:00:03.4/0000:00:03.4:pcie010/power HTTP/1.1" 200 276788 "-" "meta-externalagent/1.1 (+https://developers.facebook.com/docs/sharing/webmasters/crawler)"
74.7.227.51 - - [11/Jan/2026:00:42:20 +0000] "GET /entity/535198383.htm HTTP/1.1" 301 7275 "-" "Mozilla/5.0 AppleWebKit/537.36 (KHTML, like Gecko; compatible; GPTBot/1.3; +https://openai.com/gptbot)"
74.7.227.51 - - [11/Jan/2026:00:42:21 +0000] "GET /entity/535198383.htm/ HTTP/1.1" 200 52145 "-" "Mozilla/5.0 AppleWebKit/537.36 (KHTML, like Gecko; compatible; GPTBot/1.3; +https://openai.com/gptbot)"
74.7.227.51 - - [11/Jan/2026:00:42:23 +0000] "GET /entity/535125339.htm HTTP/1.1" 301 7275 "-" "Mozilla/5.0 AppleWebKit/537.36 (KHTML, like Gecko; compatible; GPTBot/1.3; +https://openai.com/gptbot)"
74.7.227.51 - - [11/Jan/2026:00:42:24 +0000] "GET /entity/535125339.htm/ HTTP/1.1" 200 52145 "-" "Mozilla/5.0 AppleWebKit/537.36 (KHTML, like Gecko; compatible; GPTBot/1.3; +https://openai.com/gptbot)"
217.113.194.57 - - [11/Jan/2026:00:42:25 +0000] "GET /?path=//etc/profile.d HTTP/1.1" 200 52145 "-" "Mozilla/5.0 (compatible; Barkrowler/0.9; +https://babbar.tech/crawler)"
57.141.20.26 - - [11/Jan/2026:00:42:25 +0000] "GET /2025/03/07/page/6/?path=//sys/class/pci_bus/0000:0b/subsystem/0000:02/device/driver/0000:00:03.1/driver/0000:00:04.1/0000:00:04.1:pcie010/subsystem/drivers HTTP/1.1" 200 276803 "-" "meta-externalagent/1.1 (+https://developers.facebook.com/docs/sharing/webmasters/crawler)"
74.7.227.51 - - [11/Jan/2026:00:42:26 +0000] "GET /entity/535107466.htm HTTP/1.1" 301 7281 "-" "Mozilla/5.0 AppleWebKit/537.36 (KHTML, like Gecko; compatible; GPTBot/1.3; +https://openai.com/gptbot)"
57.141.20.39 - - [11/Jan/2026:00:42:26 +0000] "GET /karamba-spielsaal-erfahrungen-angeschlossen-testbericht-werfen-sie-einen-blick-auf-den-link-within-2025-pro-teutonia/?fileloc=//sys/class/pci_bus/0000:0e/subsystem/0000:03/subsystem/0000:12/device/driver/0000:00:02.1/0000:02:00.0/firmware_node/device:07/uevent&path=//sys/class/pci_bus/0000:0e/subsystem/0000:03/subsystem/0000:12/device/driver/0000:00:02.1/0000:02:00.0/firmware_node/device:07 HTTP/1.1" 200 276803 "-" "meta-externalagent/1.1 (+https://developers.facebook.com/docs/sharing/webmasters/crawler)"
74.7.227.51 - - [11/Jan/2026:00:42:27 +0000] "GET /entity/535107466.htm/ HTTP/1.1" 200 52145 "-" "Mozilla/5.0 AppleWebKit/537.36 (KHTML, like Gecko; compatible; GPTBot/1.3; +https://openai.com/gptbot)"
74.7.227.51 - - [11/Jan/2026:00:42:29 +0000] "GET /entity/535160302.htm HTTP/1.1" 301 7281 "-" "Mozilla/5.0 AppleWebKit/537.36 (KHTML, like Gecko; compatible; GPTBot/1.3; +https://openai.com/gptbot)"
74.7.227.51 - - [11/Jan/2026:00:42:30 +0000] "GET /entity/535160302.htm/ HTTP/1.1" 200 52145 "-" "Mozilla/5.0 AppleWebKit/537.36 (KHTML, like Gecko; compatible; GPTBot/1.3; +https://openai.com/gptbot)"
66.249.72.227 - - [11/Jan/2026:00:42:32 +0000] "GET /?fileloc=//sys/class/sound/card0/device/subsystem/devices/0000:00:02.2/driver/0000:00:03.4/driver/0000:00:02.6/driver/0000:00:03.0/subsystem/devices/0000:00:02.7/driver/0000:00:03.5/firmware_node/physical_node/driver/0000:00:02.7/0000:09:00.0/d3cold_allowed&path=//sys/class/sound/card0/device/subsystem/devices/0000:00:02.2/driver/0000:00:03.4/driver/0000:00:02.6/driver/0000:00:03.0/subsystem/devices/0000:00:02.7/driver/0000:00:03.5/firmware_node/physical_node/driver/0000:00:02.7/0000:09:00.0 HTTP/1.1" 200 52146 "-" "Mozilla/5.0 (Linux; Android 6.0.1; Nexus 5X Build/MMB29P) AppleWebKit/537.36 (KHTML, like Gecko) Chrome/143.0.7499.192 Mobile Safari/537.36 (compatible; Googlebot/2.1; +http://www.google.com/bot.html)"
57.141.20.9 - - [11/Jan/2026:00:42:32 +0000] "GET /2025/03/05/page/6/?fileloc=//sys/class/pci_bus/0000:0b/device/firmware_node/physical_node/driver/0000:00:02.4/resource&path=//sys/class/pci_bus/0000:0b/device/firmware_node/physical_node/driver/0000:00:02.4 HTTP/1.1" 200 276803 "-" "meta-externalagent/1.1 (+https://developers.facebook.com/docs/sharing/webmasters/crawler)"
74.7.227.51 - - [11/Jan/2026:00:42:33 +0000] "GET /entity/535148384.htm HTTP/1.1" 301 7275 "-" "Mozilla/5.0 AppleWebKit/537.36 (KHTML, like Gecko; compatible; GPTBot/1.3; +https://openai.com/gptbot)"
74.7.227.51 - - [11/Jan/2026:00:42:34 +0000] "GET /entity/535148384.htm/ HTTP/1.1" 200 52145 "-" "Mozilla/5.0 AppleWebKit/537.36 (KHTML, like Gecko; compatible; GPTBot/1.3; +https://openai.com/gptbot)"
57.141.20.36 - - [11/Jan/2026:00:42:34 +0000] "GET /2025/03/07/page/6/?path=//sys/class/pci_bus/0000:02/subsystem/0000:02/subsystem/0000:0a/subsystem/0000:0f/subsystem/0000:04/subsystem/0000:02 HTTP/1.1" 200 276804 "-" "meta-externalagent/1.1 (+https://developers.facebook.com/docs/sharing/webmasters/crawler)"
57.141.20.13 - - [11/Jan/2026:00:42:34 +0000] "GET /moneysense-self-help-guide-to-the-ideal-profile/?fileloc=//sys/class/pci_bus/0000:00/device/firmware_node/device:3c/physical_node/driver/0000:00:03.2/enable&path=//sys/class/pci_bus/0000:00/device/firmware_node/device:3c/physical_node/driver/0000:00:03.2 HTTP/1.1" 200 276804 "-" "meta-externalagent/1.1 (+https://developers.facebook.com/docs/sharing/webmasters/crawler)"
74.7.227.51 - - [11/Jan/2026:00:42:36 +0000] "GET /entity/535235930.htm HTTP/1.1" 301 7275 "-" "Mozilla/5.0 AppleWebKit/537.36 (KHTML, like Gecko; compatible; GPTBot/1.3; +https://openai.com/gptbot)"
74.7.227.51 - - [11/Jan/2026:00:42:36 +0000] "GET /entity/535235930.htm/ HTTP/1.1" 200 52145 "-" "Mozilla/5.0 AppleWebKit/537.36 (KHTML, like Gecko; compatible; GPTBot/1.3; +https://openai.com/gptbot)"
57.141.20.59 - - [11/Jan/2026:00:42:37 +0000] "GET /2025/03/07/page/6/?path=//sys/class/pci_bus/0000:0c/device/driver/0000:00:02.1/driver/0000:00:03.6/subsystem/drivers/pcieport/0000:00:02.3 HTTP/1.1" 200 276804 "-" "meta-externalagent/1.1 (+https://developers.facebook.com/docs/sharing/webmasters/crawler)"
74.7.227.51 - - [11/Jan/2026:00:42:39 +0000] "GET /entity/535264426.htm HTTP/1.1" 301 7275 "-" "Mozilla/5.0 AppleWebKit/537.36 (KHTML, like Gecko; compatible; GPTBot/1.3; +https://openai.com/gptbot)"
74.7.227.51 - - [11/Jan/2026:00:42:39 +0000] "GET /entity/535264426.htm/ HTTP/1.1" 200 52145 "-" "Mozilla/5.0 AppleWebKit/537.36 (KHTML, like Gecko; compatible; GPTBot/1.3; +https://openai.com/gptbot)"
57.141.20.53 - - [11/Jan/2026:00:42:41 +0000] "GET /karamba-spielsaal-erfahrungen-angeschlossen-testbericht-werfen-sie-einen-blick-auf-den-link-within-2025-pro-teutonia/?fileloc=//sys/class/pci_bus/0000:06/subsystem/0000:0b/subsystem/0000:0b/device/driver/0000:00:03.5/subsystem/devices/0000:00:02.0/power/async&path=//sys/class/pci_bus/0000:06/subsystem/0000:0b/subsystem/0000:0b/device/driver/0000:00:03.5/subsystem/devices/0000:00:02.0/power HTTP/1.1" 200 276788 "-" "meta-externalagent/1.1 (+https://developers.facebook.com/docs/sharing/webmasters/crawler)"
57.141.20.15 - - [11/Jan/2026:00:42:41 +0000] "GET /2025/03/07/page/6/?fileloc=//sys/class/pci_bus/0000:06/device/driver/0000:00:02.2/driver/0000:00:03.6/subsystem/devices/0000:07:00.0/dma_mask_bits&path=//sys/class/pci_bus/0000:06/device/driver/0000:00:02.2/driver/0000:00:03.6/subsystem/devices/0000:07:00.0 HTTP/1.1" 200 276804 "-" "meta-externalagent/1.1 (+https://developers.facebook.com/docs/sharing/webmasters/crawler)"
217.113.194.57 - - [11/Jan/2026:00:42:41 +0000] "GET /?path=//etc/nginx HTTP/1.1" 200 52145 "-" "Mozilla/5.0 (compatible; Barkrowler/0.9; +https://babbar.tech/crawler)"
57.141.20.39 - - [11/Jan/2026:00:42:42 +0000] "GET /2025/03/06/page/39/?fileloc=//sys/class/pci_bus/0000:01/subsystem/0000:07/subsystem/0000:04/power/runtime_suspended_time&path=//sys/class/pci_bus/0000:01/subsystem/0000:07/subsystem/0000:04/power HTTP/1.1" 200 276812 "-" "meta-externalagent/1.1 (+https://developers.facebook.com/docs/sharing/webmasters/crawler)"
74.7.227.51 - - [11/Jan/2026:00:42:42 +0000] "GET /entity/535180761.htm HTTP/1.1" 301 7281 "-" "Mozilla/5.0 AppleWebKit/537.36 (KHTML, like Gecko; compatible; GPTBot/1.3; +https://openai.com/gptbot)"
74.7.227.51 - - [11/Jan/2026:00:42:43 +0000] "GET /entity/535180761.htm/ HTTP/1.1" 200 52145 "-" "Mozilla/5.0 AppleWebKit/537.36 (KHTML, like Gecko; compatible; GPTBot/1.3; +https://openai.com/gptbot)"
57.141.20.24 - - [11/Jan/2026:00:42:43 +0000] "GET /2025/03/07/page/6/?fileloc=//sys/class/pci_bus/0000:13/subsystem/0000:02/subsystem/0000:02/subsystem/0000:09/device/subsystem/rescan&path=//sys/class/pci_bus/0000:13/subsystem/0000:02/subsystem/0000:02/subsystem/0000:09/device/subsystem HTTP/1.1" 200 276795 "-" "meta-externalagent/1.1 (+https://developers.facebook.com/docs/sharing/webmasters/crawler)"
66.249.72.227 - - [11/Jan/2026:00:42:45 +0000] "GET /?fileloc=//sys/class/sound/card0/device/subsystem/devices/0000:00:02.2/driver/0000:00:02.2/driver/0000:00:02.6/subsystem/devices/0000:02:00.0/subsystem/drivers_autoprobe&path=//sys/class/sound/card0/device/subsystem/devices/0000:00:02.2/driver/0000:00:02.2/driver/0000:00:02.6/subsystem/devices/0000:02:00.0/subsystem HTTP/1.1" 200 52146 "-" "Mozilla/5.0 (Linux; Android 6.0.1; Nexus 5X Build/MMB29P) AppleWebKit/537.36 (KHTML, like Gecko) Chrome/143.0.7499.192 Mobile Safari/537.36 (compatible; Googlebot/2.1; +http://www.google.com/bot.html)"
74.7.227.51 - - [11/Jan/2026:00:42:45 +0000] "GET /entity/535249398.htm HTTP/1.1" 301 7281 "-" "Mozilla/5.0 AppleWebKit/537.36 (KHTML, like Gecko; compatible; GPTBot/1.3; +https://openai.com/gptbot)"
74.7.227.51 - - [11/Jan/2026:00:42:46 +0000] "GET /entity/535249398.htm/ HTTP/1.1" 200 52145 "-" "Mozilla/5.0 AppleWebKit/537.36 (KHTML, like Gecko; compatible; GPTBot/1.3; +https://openai.com/gptbot)"
74.7.227.51 - - [11/Jan/2026:00:42:48 +0000] "GET /entity/535079496.htm HTTP/1.1" 301 7281 "-" "Mozilla/5.0 AppleWebKit/537.36 (KHTML, like Gecko; compatible; GPTBot/1.3; +https://openai.com/gptbot)"
74.7.227.51 - - [11/Jan/2026:00:42:49 +0000] "GET /entity/535079496.htm/ HTTP/1.1" 200 52145 "-" "Mozilla/5.0 AppleWebKit/537.36 (KHTML, like Gecko; compatible; GPTBot/1.3; +https://openai.com/gptbot)"
66.135.21.75 - - [11/Jan/2026:00:42:50 +0000] "POST /wp-cron.php?doing_wp_cron=1768092170.2913389205932617187500 HTTP/1.1" 200 31 "-" "WordPress/6.3.1; https://datainsightnow.com"
57.141.20.32 - - [11/Jan/2026:00:42:50 +0000] "GET /karamba-spielsaal-erfahrungen-angeschlossen-testbericht-werfen-sie-einen-blick-auf-den-link-within-2025-pro-teutonia/?fileloc=//sys/class/pci_bus/0000:0b/subsystem/0000:08/subsystem/0000:12/subsystem/0000:11/device/driver/0000:00:03.4/modalias&path=//sys/class/pci_bus/0000:0b/subsystem/0000:08/subsystem/0000:12/subsystem/0000:11/device/driver/0000:00:03.4 HTTP/1.1" 200 276804 "-" "meta-externalagent/1.1 (+https://developers.facebook.com/docs/sharing/webmasters/crawler)"
57.141.20.41 - - [11/Jan/2026:00:42:51 +0000] "GET /2025/03/07/page/6/?path=//sys/class/pci_bus/0000:0f/subsystem/0000:05/device/driver/0000:00:02.4/driver/0000:00:03.5/firmware_node/device:3d HTTP/1.1" 200 276796 "-" "meta-externalagent/1.1 (+https://developers.facebook.com/docs/sharing/webmasters/crawler)"
74.7.227.51 - - [11/Jan/2026:00:42:51 +0000] "GET /entity/535083126.htm HTTP/1.1" 301 7281 "-" "Mozilla/5.0 AppleWebKit/537.36 (KHTML, like Gecko; compatible; GPTBot/1.3; +https://openai.com/gptbot)"
74.7.227.51 - - [11/Jan/2026:00:42:52 +0000] "GET /entity/535083126.htm/ HTTP/1.1" 200 52145 "-" "Mozilla/5.0 AppleWebKit/537.36 (KHTML, like Gecko; compatible; GPTBot/1.3; +https://openai.com/gptbot)"
74.7.227.51 - - [11/Jan/2026:00:42:55 +0000] "GET /entity/535128447.htm HTTP/1.1" 301 7275 "-" "Mozilla/5.0 AppleWebKit/537.36 (KHTML, like Gecko; compatible; GPTBot/1.3; +https://openai.com/gptbot)"
74.7.227.51 - - [11/Jan/2026:00:42:55 +0000] "GET /entity/535128447.htm/ HTTP/1.1" 200 52145 "-" "Mozilla/5.0 AppleWebKit/537.36 (KHTML, like Gecko; compatible; GPTBot/1.3; +https://openai.com/gptbot)"
217.113.194.60 - - [11/Jan/2026:00:42:57 +0000] "GET /?path=//opt/vultr HTTP/1.1" 200 52145 "-" "Mozilla/5.0 (compatible; Barkrowler/0.9; +https://babbar.tech/crawler)"
74.7.227.51 - - [11/Jan/2026:00:42:58 +0000] "GET /entity/535085712.htm HTTP/1.1" 301 7275 "-" "Mozilla/5.0 AppleWebKit/537.36 (KHTML, like Gecko; compatible; GPTBot/1.3; +https://openai.com/gptbot)"
74.7.227.51 - - [11/Jan/2026:00:42:58 +0000] "GET /entity/535085712.htm/ HTTP/1.1" 200 52145 "-" "Mozilla/5.0 AppleWebKit/537.36 (KHTML, like Gecko; compatible; GPTBot/1.3; +https://openai.com/gptbot)"
57.141.20.22 - - [11/Jan/2026:00:43:00 +0000] "GET /karamba-spielsaal-erfahrungen-angeschlossen-testbericht-werfen-sie-einen-blick-auf-den-link-within-2025-pro-teutonia/?fileloc=//sys/class/pci_bus/0000:06/subsystem/0000:08/device/driver/0000:00:02.5/driver/0000:00:02.5/firmware_node/physical_node/current_link_width&path=//sys/class/pci_bus/0000:06/subsystem/0000:08/device/driver/0000:00:02.5/driver/0000:00:02.5/firmware_node/physical_node HTTP/1.1" 200 276804 "-" "meta-externalagent/1.1 (+https://developers.facebook.com/docs/sharing/webmasters/crawler)"
51.161.65.167 - - [11/Jan/2026:00:43:01 +0000] "GET /?p=20921 HTTP/1.1" 200 48984 "-" "Mozilla/5.0 (compatible; AhrefsBot/7.0; +http://ahrefs.com/robot/)"
74.7.227.51 - - [11/Jan/2026:00:43:01 +0000] "GET /entity/535140881.htm HTTP/1.1" 301 7275 "-" "Mozilla/5.0 AppleWebKit/537.36 (KHTML, like Gecko; compatible; GPTBot/1.3; +https://openai.com/gptbot)"
74.7.227.51 - - [11/Jan/2026:00:43:01 +0000] "GET /entity/535140881.htm/ HTTP/1.1" 200 52145 "-" "Mozilla/5.0 AppleWebKit/537.36 (KHTML, like Gecko; compatible; GPTBot/1.3; +https://openai.com/gptbot)"
74.7.227.51 - - [11/Jan/2026:00:43:04 +0000] "GET /entity/535127674.htm HTTP/1.1" 301 7281 "-" "Mozilla/5.0 AppleWebKit/537.36 (KHTML, like Gecko; compatible; GPTBot/1.3; +https://openai.com/gptbot)"
74.7.227.51 - - [11/Jan/2026:00:43:05 +0000] "GET /entity/535127674.htm/ HTTP/1.1" 200 52145 "-" "Mozilla/5.0 AppleWebKit/537.36 (KHTML, like Gecko; compatible; GPTBot/1.3; +https://openai.com/gptbot)"
66.249.72.226 - - [11/Jan/2026:00:43:05 +0000] "GET /?path=//sys/class/sound/card0/device/subsystem/devices/0000:00:02.2/driver/0000:00:02.2/driver/0000:00:02.6/0000:00:02.6:pcie002/driver/0000:00:02.4:pcie002/driver/0000:00:03.6:pcie002/driver/0000:00:03.2:pcie002 HTTP/1.1" 200 52146 "-" "Mozilla/5.0 (Linux; Android 6.0.1; Nexus 5X Build/MMB29P) AppleWebKit/537.36 (KHTML, like Gecko) Chrome/143.0.7499.192 Mobile Safari/537.36 (compatible; Googlebot/2.1; +http://www.google.com/bot.html)"
74.7.227.51 - - [11/Jan/2026:00:43:07 +0000] "GET /entity/535226867.htm HTTP/1.1" 301 7281 "-" "Mozilla/5.0 AppleWebKit/537.36 (KHTML, like Gecko; compatible; GPTBot/1.3; +https://openai.com/gptbot)"
74.7.227.51 - - [11/Jan/2026:00:43:08 +0000] "GET /entity/535226867.htm/ HTTP/1.1" 200 52145 "-" "Mozilla/5.0 AppleWebKit/537.36 (KHTML, like Gecko; compatible; GPTBot/1.3; +https://openai.com/gptbot)"
74.7.227.51 - - [11/Jan/2026:00:43:11 +0000] "GET /entity/535071206.htm HTTP/1.1" 301 7281 "-" "Mozilla/5.0 AppleWebKit/537.36 (KHTML, like Gecko; compatible; GPTBot/1.3; +https://openai.com/gptbot)"
