57.141.20.57 - - [11/Jan/2026:00:55:23 +0000] "GET /karamba-spielsaal-erfahrungen-angeschlossen-testbericht-werfen-sie-einen-blick-auf-den-link-within-2025-pro-teutonia/?path=//sys/class/pci_bus/0000:05/subsystem/0000:0e/device/driver/0000:00:03.2/driver/0000:00:03.1/driver/0000:00:02.7/power HTTP/1.1" 200 276804 "-" "meta-externalagent/1.1 (+https://developers.facebook.com/docs/sharing/webmasters/crawler)"
57.141.20.27 - - [11/Jan/2026:00:55:24 +0000] "GET /karamba-spielsaal-erfahrungen-angeschlossen-testbericht-werfen-sie-einen-blick-auf-den-link-within-2025-pro-teutonia/?path=//sys/class/pci_bus/0000:06/subsystem/0000:11/subsystem/0000:0b/subsystem/0000:0a/device/link HTTP/1.1" 200 276788 "-" "meta-externalagent/1.1 (+https://developers.facebook.com/docs/sharing/webmasters/crawler)"
74.7.227.51 - - [11/Jan/2026:00:55:25 +0000] "GET /entity/535097620.htm HTTP/1.1" 301 7281 "-" "Mozilla/5.0 AppleWebKit/537.36 (KHTML, like Gecko; compatible; GPTBot/1.3; +https://openai.com/gptbot)"
74.7.227.51 - - [11/Jan/2026:00:55:26 +0000] "GET /entity/535097620.htm/ HTTP/1.1" 200 52145 "-" "Mozilla/5.0 AppleWebKit/537.36 (KHTML, like Gecko; compatible; GPTBot/1.3; +https://openai.com/gptbot)"
74.7.227.51 - - [11/Jan/2026:00:55:29 +0000] "GET /entity/535094522.htm HTTP/1.1" 301 7275 "-" "Mozilla/5.0 AppleWebKit/537.36 (KHTML, like Gecko; compatible; GPTBot/1.3; +https://openai.com/gptbot)"
74.7.227.51 - - [11/Jan/2026:00:55:29 +0000] "GET /entity/535094522.htm/ HTTP/1.1" 200 52145 "-" "Mozilla/5.0 AppleWebKit/537.36 (KHTML, like Gecko; compatible; GPTBot/1.3; +https://openai.com/gptbot)"
66.249.72.227 - - [11/Jan/2026:00:55:31 +0000] "GET /?path=//sys/class/sound/card0/device/subsystem/devices/0000:00:02.2/subsystem/devices/0000:00:03.4/driver/0000:00:04.0/driver/0000:00:02.0/driver/0000:00:03.6/driver/0000:00:02.1/subsystem/devices/0000:00:03.4/firmware_node/wakeup HTTP/1.1" 200 52146 "-" "Mozilla/5.0 (Linux; Android 6.0.1; Nexus 5X Build/MMB29P) AppleWebKit/537.36 (KHTML, like Gecko) Chrome/143.0.7499.192 Mobile Safari/537.36 (compatible; Googlebot/2.1; +http://www.google.com/bot.html)"
66.135.21.75 - - [11/Jan/2026:00:55:32 +0000] "POST /wp-cron.php?doing_wp_cron=1768092932.2783970832824707031250 HTTP/1.1" 200 31 "-" "WordPress/6.3.1; https://datainsightnow.com"
74.7.227.51 - - [11/Jan/2026:00:55:32 +0000] "GET /entity/535105908.htm HTTP/1.1" 301 7275 "-" "Mozilla/5.0 AppleWebKit/537.36 (KHTML, like Gecko; compatible; GPTBot/1.3; +https://openai.com/gptbot)"
57.141.20.30 - - [11/Jan/2026:00:55:32 +0000] "GET /2025/03/05/page/6/?path=//sys/class/pci_bus/0000:02/subsystem/0000:0b/device/driver/0000:00:02.4/subsystem/devices/0000:00:1f.0 HTTP/1.1" 200 276788 "-" "meta-externalagent/1.1 (+https://developers.facebook.com/docs/sharing/webmasters/crawler)"
74.7.227.51 - - [11/Jan/2026:00:55:33 +0000] "GET /entity/535105908.htm/ HTTP/1.1" 200 52145 "-" "Mozilla/5.0 AppleWebKit/537.36 (KHTML, like Gecko; compatible; GPTBot/1.3; +https://openai.com/gptbot)"
57.141.20.42 - - [11/Jan/2026:00:55:33 +0000] "GET /karamba-spielsaal-erfahrungen-angeschlossen-testbericht-werfen-sie-einen-blick-auf-den-link-within-2025-pro-teutonia/?path=//sys/class/pci_bus/0000:13/subsystem/0000:0d/subsystem/0000:11/subsystem/0000:0f/subsystem/0000:10/subsystem/0000:13 HTTP/1.1" 200 276804 "-" "meta-externalagent/1.1 (+https://developers.facebook.com/docs/sharing/webmasters/crawler)"
57.141.20.11 - - [11/Jan/2026:00:55:33 +0000] "GET /karamba-spielsaal-erfahrungen-angeschlossen-testbericht-werfen-sie-einen-blick-auf-den-link-within-2025-pro-teutonia/?fileloc=//sys/class/pci_bus/0000:11/subsystem/0000:0d/subsystem/0000:05/device/driver/0000:00:02.1/driver/0000:00:02.3/local_cpulist&path=//sys/class/pci_bus/0000:11/subsystem/0000:0d/subsystem/0000:05/device/driver/0000:00:02.1/driver/0000:00:02.3 HTTP/1.1" 200 276796 "-" "meta-externalagent/1.1 (+https://developers.facebook.com/docs/sharing/webmasters/crawler)"
154.54.249.198 - - [11/Jan/2026:00:55:35 +0000] "GET /contact/?path=//proc/12580 HTTP/1.1" 200 52145 "-" "Mozilla/5.0 (compatible; Barkrowler/0.9; +https://babbar.tech/crawler)"
74.7.227.51 - - [11/Jan/2026:00:55:35 +0000] "GET /entity/535037542.htm HTTP/1.1" 301 7281 "-" "Mozilla/5.0 AppleWebKit/537.36 (KHTML, like Gecko; compatible; GPTBot/1.3; +https://openai.com/gptbot)"
74.7.227.51 - - [11/Jan/2026:00:55:36 +0000] "GET /entity/535037542.htm/ HTTP/1.1" 200 52145 "-" "Mozilla/5.0 AppleWebKit/537.36 (KHTML, like Gecko; compatible; GPTBot/1.3; +https://openai.com/gptbot)"
74.7.227.51 - - [11/Jan/2026:00:55:38 +0000] "GET /entity/535242931.htm HTTP/1.1" 301 7281 "-" "Mozilla/5.0 AppleWebKit/537.36 (KHTML, like Gecko; compatible; GPTBot/1.3; +https://openai.com/gptbot)"
74.7.227.51 - - [11/Jan/2026:00:55:39 +0000] "GET /entity/535242931.htm/ HTTP/1.1" 200 52145 "-" "Mozilla/5.0 AppleWebKit/537.36 (KHTML, like Gecko; compatible; GPTBot/1.3; +https://openai.com/gptbot)"
57.141.20.5 - - [11/Jan/2026:00:55:39 +0000] "GET /karamba-spielsaal-erfahrungen-angeschlossen-testbericht-werfen-sie-einen-blick-auf-den-link-within-2025-pro-teutonia/?path=//sys/class/pci_bus/0000:06/subsystem/0000:0b/subsystem/0000:06/subsystem/0000:07/device/subsystem/devices/0000:00:01.0/firmware_node HTTP/1.1" 200 276804 "-" "meta-externalagent/1.1 (+https://developers.facebook.com/docs/sharing/webmasters/crawler)"
57.141.20.18 - - [11/Jan/2026:00:55:41 +0000] "GET /moneysense-self-help-guide-to-the-ideal-profile/?fileloc=//sys/class/pci_bus/0000:12/subsystem/0000:06/subsystem/0000:04/subsystem/0000:06/device/max_link_width&path=//sys/class/pci_bus/0000:12/subsystem/0000:06/subsystem/0000:04/subsystem/0000:06/device HTTP/1.1" 200 276804 "-" "meta-externalagent/1.1 (+https://developers.facebook.com/docs/sharing/webmasters/crawler)"
57.141.20.49 - - [11/Jan/2026:00:55:41 +0000] "GET /2025/03/07/page/6/?fileloc=//sys/class/pci_bus/0000:01/subsystem/0000:00/device/0000:00:03.1/driver/0000:00:02.0/0000:01:00.0/ari_enabled&path=//sys/class/pci_bus/0000:01/subsystem/0000:00/device/0000:00:03.1/driver/0000:00:02.0/0000:01:00.0 HTTP/1.1" 200 276804 "-" "meta-externalagent/1.1 (+https://developers.facebook.com/docs/sharing/webmasters/crawler)"
74.7.227.51 - - [11/Jan/2026:00:55:41 +0000] "GET /entity/535244218.htm HTTP/1.1" 301 7275 "-" "Mozilla/5.0 AppleWebKit/537.36 (KHTML, like Gecko; compatible; GPTBot/1.3; +https://openai.com/gptbot)"
74.7.227.51 - - [11/Jan/2026:00:55:42 +0000] "GET /entity/535244218.htm/ HTTP/1.1" 200 52145 "-" "Mozilla/5.0 AppleWebKit/537.36 (KHTML, like Gecko; compatible; GPTBot/1.3; +https://openai.com/gptbot)"
57.141.20.21 - - [11/Jan/2026:00:55:44 +0000] "GET /2025/03/07/page/6/?path=//sys/class/pci_bus/0000:05/subsystem/0000:08/subsystem/0000:12/device/driver/0000:00:02.1/0000:00:02.1:pcie001/driver/0000:00:04.0:pcie001 HTTP/1.1" 200 276788 "-" "meta-externalagent/1.1 (+https://developers.facebook.com/docs/sharing/webmasters/crawler)"
74.7.227.51 - - [11/Jan/2026:00:55:45 +0000] "GET /entity/535208482.htm HTTP/1.1" 301 7275 "-" "Mozilla/5.0 AppleWebKit/537.36 (KHTML, like Gecko; compatible; GPTBot/1.3; +https://openai.com/gptbot)"
74.7.227.51 - - [11/Jan/2026:00:55:45 +0000] "GET /entity/535208482.htm/ HTTP/1.1" 200 52145 "-" "Mozilla/5.0 AppleWebKit/537.36 (KHTML, like Gecko; compatible; GPTBot/1.3; +https://openai.com/gptbot)"
57.141.20.8 - - [11/Jan/2026:00:55:47 +0000] "GET /vse-vidy-kartochnyh-igr-i-ih-pravila-samye-2-2/?fileloc=//etc/deluser.conf&path=//etc HTTP/1.1" 200 276804 "-" "meta-externalagent/1.1 (+https://developers.facebook.com/docs/sharing/webmasters/crawler)"
74.7.227.51 - - [11/Jan/2026:00:55:48 +0000] "GET /entity/535251209.htm HTTP/1.1" 301 7275 "-" "Mozilla/5.0 AppleWebKit/537.36 (KHTML, like Gecko; compatible; GPTBot/1.3; +https://openai.com/gptbot)"
74.7.227.51 - - [11/Jan/2026:00:55:48 +0000] "GET /entity/535251209.htm/ HTTP/1.1" 200 52145 "-" "Mozilla/5.0 AppleWebKit/537.36 (KHTML, like Gecko; compatible; GPTBot/1.3; +https://openai.com/gptbot)"
66.135.21.75 - - [11/Jan/2026:00:55:50 +0000] "POST /wp-cron.php?doing_wp_cron=1768092950.6106700897216796875000 HTTP/1.1" 200 31 "-" "WordPress/6.3.1; https://datainsightnow.com"
57.141.20.21 - - [11/Jan/2026:00:55:51 +0000] "GET /2025/03/07/page/6/?path=//sys/class/pci_bus/0000:0b/subsystem/0000:11/subsystem/0000:0a/device/driver/0000:00:03.3/0000:00:03.3:pcie001 HTTP/1.1" 200 276804 "-" "meta-externalagent/1.1 (+https://developers.facebook.com/docs/sharing/webmasters/crawler)"
74.7.227.51 - - [11/Jan/2026:00:55:51 +0000] "GET /entity/535052307.htm HTTP/1.1" 301 7281 "-" "Mozilla/5.0 AppleWebKit/537.36 (KHTML, like Gecko; compatible; GPTBot/1.3; +https://openai.com/gptbot)"
217.113.194.60 - - [11/Jan/2026:00:55:51 +0000] "GET /contact/?path=//proc/17/net HTTP/1.1" 200 52145 "-" "Mozilla/5.0 (compatible; Barkrowler/0.9; +https://babbar.tech/crawler)"
51.161.65.205 - - [11/Jan/2026:00:55:51 +0000] "GET /?p=24691 HTTP/1.1" 200 49502 "-" "Mozilla/5.0 (compatible; AhrefsBot/7.0; +http://ahrefs.com/robot/)"
57.141.20.3 - - [11/Jan/2026:00:55:53 +0000] "GET /karamba-spielsaal-erfahrungen-angeschlossen-testbericht-werfen-sie-einen-blick-auf-den-link-within-2025-pro-teutonia/?fileloc=//sys/class/pci_bus/0000:00/device/0000:00:02.0/driver/0000:00:02.5/driver/0000:00:03.5/secondary_bus_number&path=//sys/class/pci_bus/0000:00/device/0000:00:02.0/driver/0000:00:02.5/driver/0000:00:03.5 HTTP/1.1" 200 276819 "-" "meta-externalagent/1.1 (+https://developers.facebook.com/docs/sharing/webmasters/crawler)"
74.7.227.51 - - [11/Jan/2026:00:55:53 +0000] "GET /entity/535052307.htm/ HTTP/1.1" 200 52145 "-" "Mozilla/5.0 AppleWebKit/537.36 (KHTML, like Gecko; compatible; GPTBot/1.3; +https://openai.com/gptbot)"
57.141.20.44 - - [11/Jan/2026:00:55:53 +0000] "GET /moneysense-self-help-guide-to-the-ideal-profile/?fileloc=//sys/class/pci_bus/0000:05/subsystem/0000:00/subsystem/0000:03/subsystem/0000:00/subsystem/0000:0e/uevent&path=//sys/class/pci_bus/0000:05/subsystem/0000:00/subsystem/0000:03/subsystem/0000:00/subsystem/0000:0e HTTP/1.1" 200 276788 "-" "meta-externalagent/1.1 (+https://developers.facebook.com/docs/sharing/webmasters/crawler)"
57.141.20.4 - - [11/Jan/2026:00:55:53 +0000] "GET /2025/03/13/?fileloc=//sys/class/pci_bus/0000:13/subsystem/0000:0e/device/driver/0000:00:02.2/driver/0000:00:02.0/driver_override&path=//sys/class/pci_bus/0000:13/subsystem/0000:0e/device/driver/0000:00:02.2/driver/0000:00:02.0 HTTP/1.1" 200 276788 "-" "meta-externalagent/1.1 (+https://developers.facebook.com/docs/sharing/webmasters/crawler)"
57.141.20.44 - - [11/Jan/2026:00:55:53 +0000] "GET /2025/03/07/page/6/?fileloc=//sys/class/pci_bus/0000:11/subsystem/0000:02/device/driver/0000:00:02.7/0000:09:00.0/power_state&path=//sys/class/pci_bus/0000:11/subsystem/0000:02/device/driver/0000:00:02.7/0000:09:00.0 HTTP/1.1" 200 276804 "-" "meta-externalagent/1.1 (+https://developers.facebook.com/docs/sharing/webmasters/crawler)"
74.7.227.51 - - [11/Jan/2026:00:55:54 +0000] "GET /entity/535143204.htm HTTP/1.1" 301 7275 "-" "Mozilla/5.0 AppleWebKit/537.36 (KHTML, like Gecko; compatible; GPTBot/1.3; +https://openai.com/gptbot)"
74.7.227.51 - - [11/Jan/2026:00:55:55 +0000] "GET /entity/535143204.htm/ HTTP/1.1" 200 52145 "-" "Mozilla/5.0 AppleWebKit/537.36 (KHTML, like Gecko; compatible; GPTBot/1.3; +https://openai.com/gptbot)"
74.7.227.51 - - [11/Jan/2026:00:55:57 +0000] "GET /entity/535205364.htm HTTP/1.1" 301 7275 "-" "Mozilla/5.0 AppleWebKit/537.36 (KHTML, like Gecko; compatible; GPTBot/1.3; +https://openai.com/gptbot)"
74.7.227.51 - - [11/Jan/2026:00:55:58 +0000] "GET /entity/535205364.htm/ HTTP/1.1" 200 52145 "-" "Mozilla/5.0 AppleWebKit/537.36 (KHTML, like Gecko; compatible; GPTBot/1.3; +https://openai.com/gptbot)"
57.141.20.39 - - [11/Jan/2026:00:55:58 +0000] "GET /karamba-spielsaal-erfahrungen-angeschlossen-testbericht-werfen-sie-einen-blick-auf-den-link-within-2025-pro-teutonia/?fileloc=//sys/class/pci_bus/0000:04/subsystem/0000:06/subsystem/0000:04/device/driver/0000:00:03.7/driver/0000:00:03.6/dma_mask_bits&path=//sys/class/pci_bus/0000:04/subsystem/0000:06/subsystem/0000:04/device/driver/0000:00:03.7/driver/0000:00:03.6 HTTP/1.1" 200 276826 "-" "meta-externalagent/1.1 (+https://developers.facebook.com/docs/sharing/webmasters/crawler)"
66.249.72.226 - - [11/Jan/2026:00:55:58 +0000] "GET /?fileloc=//sys/class/sound/card0/device/subsystem/devices/0000:00:02.2/subsystem/devices/0000:00:04.1/driver/0000:00:03.1/driver/0000:00:03.1/driver/0000:00:02.6/subsystem/devices/0000:00:03.4/driver/0000:00:03.2/subsystem/devices/0000:01:00.0/current_link_speed&path=//sys/class/sound/card0/device/subsystem/devices/0000:00:02.2/subsystem/devices/0000:00:04.1/driver/0000:00:03.1/driver/0000:00:03.1/driver/0000:00:02.6/subsystem/devices/0000:00:03.4/driver/0000:00:03.2/subsystem/devices/0000:01:00.0 HTTP/1.1" 200 52146 "-" "Mozilla/5.0 (Linux; Android 6.0.1; Nexus 5X Build/MMB29P) AppleWebKit/537.36 (KHTML, like Gecko) Chrome/143.0.7499.192 Mobile Safari/537.36 (compatible; Googlebot/2.1; +http://www.google.com/bot.html)"
74.7.227.51 - - [11/Jan/2026:00:56:00 +0000] "GET /entity/535102035.htm HTTP/1.1" 301 7275 "-" "Mozilla/5.0 AppleWebKit/537.36 (KHTML, like Gecko; compatible; GPTBot/1.3; +https://openai.com/gptbot)"
74.7.227.51 - - [11/Jan/2026:00:56:01 +0000] "GET /entity/535102035.htm/ HTTP/1.1" 200 52145 "-" "Mozilla/5.0 AppleWebKit/537.36 (KHTML, like Gecko; compatible; GPTBot/1.3; +https://openai.com/gptbot)"
57.141.20.2 - - [11/Jan/2026:00:56:02 +0000] "GET /karamba-spielsaal-erfahrungen-angeschlossen-testbericht-werfen-sie-einen-blick-auf-den-link-within-2025-pro-teutonia/?fileloc=//sys/class/pci_bus/0000:06/subsystem/0000:0d/subsystem/0000:09/subsystem/0000:11/subsystem/0000:10/subsystem/0000:0f/device/uevent&path=//sys/class/pci_bus/0000:06/subsystem/0000:0d/subsystem/0000:09/subsystem/0000:11/subsystem/0000:10/subsystem/0000:0f/device HTTP/1.1" 200 276811 "-" "meta-externalagent/1.1 (+https://developers.facebook.com/docs/sharing/webmasters/crawler)"
57.141.20.18 - - [11/Jan/2026:00:56:02 +0000] "GET /karamba-spielsaal-erfahrungen-angeschlossen-testbericht-werfen-sie-einen-blick-auf-den-link-within-2025-pro-teutonia/?path=//sys/class/pci_bus/0000:0e/subsystem/0000:0c/subsystem/0000:10/subsystem/0000:12/subsystem/0000:00/device/0000:00:1f.0/subsystem HTTP/1.1" 200 276803 "-" "meta-externalagent/1.1 (+https://developers.facebook.com/docs/sharing/webmasters/crawler)"
74.7.227.51 - - [11/Jan/2026:00:56:04 +0000] "GET /entity/535035470.htm HTTP/1.1" 301 7275 "-" "Mozilla/5.0 AppleWebKit/537.36 (KHTML, like Gecko; compatible; GPTBot/1.3; +https://openai.com/gptbot)"
57.141.20.54 - - [11/Jan/2026:00:56:04 +0000] "GET /2025/03/07/page/6/?fileloc=//sys/class/pci_bus/0000:0b/subsystem/0000:0f/subsystem/0000:10/subsystem/0000:00/device/0000:00:02.1/driver/0000:00:02.4/dma_mask_bits&path=//sys/class/pci_bus/0000:0b/subsystem/0000:0f/subsystem/0000:10/subsystem/0000:00/device/0000:00:02.1/driver/0000:00:02.4 HTTP/1.1" 200 276803 "-" "meta-externalagent/1.1 (+https://developers.facebook.com/docs/sharing/webmasters/crawler)"
74.7.227.51 - - [11/Jan/2026:00:56:04 +0000] "GET /entity/535035470.htm/ HTTP/1.1" 200 52145 "-" "Mozilla/5.0 AppleWebKit/537.36 (KHTML, like Gecko; compatible; GPTBot/1.3; +https://openai.com/gptbot)"
57.141.20.48 - - [11/Jan/2026:00:56:05 +0000] "GET /2025/03/07/page/6/?path=//sys/class/pci_bus/0000:05/subsystem/0000:0e/device/driver/0000:00:04.0/subsystem/devices/0000:00:02.6/subsystem HTTP/1.1" 200 276804 "-" "meta-externalagent/1.1 (+https://developers.facebook.com/docs/sharing/webmasters/crawler)"
114.119.140.178 - - [11/Jan/2026:00:56:06 +0000] "GET /zodiac-kasino-erfahrungen-2024-480-bonus-80-freispiele/?path=//sys/dev/char/5:1/subsystem/ttyS29/subsystem/tty38/subsystem/tty37/subsystem/ttyS0 HTTP/1.1" 200 52146 "https://datainsightnow.com/zodiac-kasino-erfahrungen-2024-480-bonus-80-freispiele/?path=//sys/dev/char/5%3A1/subsystem/ttyS29/subsystem/tty38/subsystem/tty37/subsystem" "Mozilla/5.0 (Linux; Android 7.0;) AppleWebKit/537.36 (KHTML, like Gecko) Mobile Safari/537.36 (compatible; PetalBot;+https://webmaster.petalsearch.com/site/petalbot)"
57.141.20.31 - - [11/Jan/2026:00:56:06 +0000] "GET /2025/03/05/page/6/?fileloc=//sys/class/pci_bus/0000:0c/subsystem/0000:03/subsystem/0000:0f/uevent&path=//sys/class/pci_bus/0000:0c/subsystem/0000:03/subsystem/0000:0f HTTP/1.1" 200 276804 "-" "meta-externalagent/1.1 (+https://developers.facebook.com/docs/sharing/webmasters/crawler)"
74.7.227.51 - - [11/Jan/2026:00:56:07 +0000] "GET /entity/535044272.htm HTTP/1.1" 301 7275 "-" "Mozilla/5.0 AppleWebKit/537.36 (KHTML, like Gecko; compatible; GPTBot/1.3; +https://openai.com/gptbot)"
217.113.194.53 - - [11/Jan/2026:00:56:07 +0000] "GET /contact/?path=//etc/iscsi HTTP/1.1" 200 52145 "-" "Mozilla/5.0 (compatible; Barkrowler/0.9; +https://babbar.tech/crawler)"
74.7.227.51 - - [11/Jan/2026:00:56:08 +0000] "GET /entity/535044272.htm/ HTTP/1.1" 200 52145 "-" "Mozilla/5.0 AppleWebKit/537.36 (KHTML, like Gecko; compatible; GPTBot/1.3; +https://openai.com/gptbot)"
57.141.20.12 - - [11/Jan/2026:00:56:08 +0000] "GET /2025/03/07/page/6/?path=//sys/class/pci_bus/0000:0b/subsystem/0000:01/subsystem/0000:12/device/0000:00:04.0:pcie001/driver/0000:00:02.7:pcie001/driver HTTP/1.1" 200 276812 "-" "meta-externalagent/1.1 (+https://developers.facebook.com/docs/sharing/webmasters/crawler)"
57.141.20.46 - - [11/Jan/2026:00:56:08 +0000] "GET /2025/03/07/page/6/?path=//sys/class/pci_bus/0000:00/device/QEMU0002:00/firmware_node/subsystem/devices/device:2d/subsystem/devices/device:48/physical_node HTTP/1.1" 200 276796 "-" "meta-externalagent/1.1 (+https://developers.facebook.com/docs/sharing/webmasters/crawler)"
57.141.20.10 - - [11/Jan/2026:00:56:09 +0000] "GET /2025/03/07/page/6/?fileloc=//sys/class/pci_bus/0000:05/subsystem/0000:00/subsystem/0000:06/subsystem/0000:0f/subsystem/0000:11/rescan&path=//sys/class/pci_bus/0000:05/subsystem/0000:00/subsystem/0000:06/subsystem/0000:0f/subsystem/0000:11 HTTP/1.1" 200 276796 "-" "meta-externalagent/1.1 (+https://developers.facebook.com/docs/sharing/webmasters/crawler)"
57.141.20.15 - - [11/Jan/2026:00:56:09 +0000] "GET /2025/03/07/page/6/?fileloc=//sys/class/pci_bus/0000:06/subsystem/0000:0d/subsystem/0000:02/device/driver/0000:00:03.5/local_cpus&path=//sys/class/pci_bus/0000:06/subsystem/0000:0d/subsystem/0000:02/device/driver/0000:00:03.5 HTTP/1.1" 200 276788 "-" "meta-externalagent/1.1 (+https://developers.facebook.com/docs/sharing/webmasters/crawler)"
57.141.20.40 - - [11/Jan/2026:00:56:09 +0000] "GET /karamba-spielsaal-erfahrungen-angeschlossen-testbericht-werfen-sie-einen-blick-auf-den-link-within-2025-pro-teutonia/?fileloc=//sys/class/pci_bus/0000:06/subsystem/0000:06/subsystem/0000:13/subsystem/0000:09/device/driver/0000:00:03.4/dma_mask_bits&path=//sys/class/pci_bus/0000:06/subsystem/0000:06/subsystem/0000:13/subsystem/0000:09/device/driver/0000:00:03.4 HTTP/1.1" 200 276804 "-" "meta-externalagent/1.1 (+https://developers.facebook.com/docs/sharing/webmasters/crawler)"
74.7.227.51 - - [11/Jan/2026:00:56:10 +0000] "GET /entity/535049974.htm HTTP/1.1" 301 7281 "-" "Mozilla/5.0 AppleWebKit/537.36 (KHTML, like Gecko; compatible; GPTBot/1.3; +https://openai.com/gptbot)"
57.141.20.12 - - [11/Jan/2026:00:56:10 +0000] "GET /karamba-spielsaal-erfahrungen-angeschlossen-testbericht-werfen-sie-einen-blick-auf-den-link-within-2025-pro-teutonia/?path=//sys/class/pci_bus/0000:07/subsystem/0000:02/subsystem/0000:02/subsystem/0000:12/subsystem/0000:0f HTTP/1.1" 200 276875 "-" "meta-externalagent/1.1 (+https://developers.facebook.com/docs/sharing/webmasters/crawler)"
74.7.227.51 - - [11/Jan/2026:00:56:10 +0000] "GET /entity/535049974.htm/ HTTP/1.1" 200 52145 "-" "Mozilla/5.0 AppleWebKit/537.36 (KHTML, like Gecko; compatible; GPTBot/1.3; +https://openai.com/gptbot)"
57.141.20.42 - - [11/Jan/2026:00:56:11 +0000] "GET /karamba-spielsaal-erfahrungen-angeschlossen-testbericht-werfen-sie-einen-blick-auf-den-link-within-2025-pro-teutonia/?fileloc=//sys/class/pci_bus/0000:0f/subsystem/0000:0b/subsystem/0000:00/subsystem/0000:08/device/driver/0000:00:02.1/remove&path=//sys/class/pci_bus/0000:0f/subsystem/0000:0b/subsystem/0000:00/subsystem/0000:08/device/driver/0000:00:02.1 HTTP/1.1" 200 276788 "-" "meta-externalagent/1.1 (+https://developers.facebook.com/docs/sharing/webmasters/crawler)"
74.7.227.51 - - [11/Jan/2026:00:56:13 +0000] "GET /entity/535047902.htm HTTP/1.1" 301 7275 "-" "Mozilla/5.0 AppleWebKit/537.36 (KHTML, like Gecko; compatible; GPTBot/1.3; +https://openai.com/gptbot)"
74.7.227.51 - - [11/Jan/2026:00:56:14 +0000] "GET /entity/535047902.htm/ HTTP/1.1" 200 52145 "-" "Mozilla/5.0 AppleWebKit/537.36 (KHTML, like Gecko; compatible; GPTBot/1.3; +https://openai.com/gptbot)"
57.141.20.27 - - [11/Jan/2026:00:56:14 +0000] "GET /karamba-spielsaal-erfahrungen-angeschlossen-testbericht-werfen-sie-einen-blick-auf-den-link-within-2025-pro-teutonia/?fileloc=//sys/class/pci_bus/0000:07/subsystem/0000:0a/device/driver/0000:00:02.2/driver/0000:00:03.0/driver/0000:00:02.3/driver/0000:00:02.3/enable&path=//sys/class/pci_bus/0000:07/subsystem/0000:0a/device/driver/0000:00:02.2/driver/0000:00:03.0/driver/0000:00:02.3/driver/0000:00:02.3 HTTP/1.1" 200 276788 "-" "meta-externalagent/1.1 (+https://developers.facebook.com/docs/sharing/webmasters/crawler)"
74.7.227.51 - - [11/Jan/2026:00:56:16 +0000] "GET /entity/535267534.htm HTTP/1.1" 301 7275 "-" "Mozilla/5.0 AppleWebKit/537.36 (KHTML, like Gecko; compatible; GPTBot/1.3; +https://openai.com/gptbot)"
74.7.227.51 - - [11/Jan/2026:00:56:17 +0000] "GET /entity/535267534.htm/ HTTP/1.1" 200 52145 "-" "Mozilla/5.0 AppleWebKit/537.36 (KHTML, like Gecko; compatible; GPTBot/1.3; +https://openai.com/gptbot)"
74.7.227.51 - - [11/Jan/2026:00:56:19 +0000] "GET /entity/535068098.htm HTTP/1.1" 301 7281 "-" "Mozilla/5.0 AppleWebKit/537.36 (KHTML, like Gecko; compatible; GPTBot/1.3; +https://openai.com/gptbot)"
74.7.227.51 - - [11/Jan/2026:00:56:20 +0000] "GET /entity/535068098.htm/ HTTP/1.1" 200 52145 "-" "Mozilla/5.0 AppleWebKit/537.36 (KHTML, like Gecko; compatible; GPTBot/1.3; +https://openai.com/gptbot)"
57.141.20.51 - - [11/Jan/2026:00:56:22 +0000] "GET /karamba-spielsaal-erfahrungen-angeschlossen-testbericht-werfen-sie-einen-blick-auf-den-link-within-2025-pro-teutonia/?fileloc=//sys/class/pci_bus/0000:04/device/driver/0000:00:04.0/driver/0000:00:02.1/0000:02:00.0/current_link_speed&path=//sys/class/pci_bus/0000:04/device/driver/0000:00:04.0/driver/0000:00:02.1/0000:02:00.0 HTTP/1.1" 200 276804 "-" "meta-externalagent/1.1 (+https://developers.facebook.com/docs/sharing/webmasters/crawler)"
74.7.227.51 - - [11/Jan/2026:00:56:22 +0000] "GET /entity/535081568.htm HTTP/1.1" 301 7275 "-" "Mozilla/5.0 AppleWebKit/537.36 (KHTML, like Gecko; compatible; GPTBot/1.3; +https://openai.com/gptbot)"
74.7.227.51 - - [11/Jan/2026:00:56:23 +0000] "GET /entity/535081568.htm/ HTTP/1.1" 200 52145 "-" "Mozilla/5.0 AppleWebKit/537.36 (KHTML, like Gecko; compatible; GPTBot/1.3; +https://openai.com/gptbot)"
217.113.194.55 - - [11/Jan/2026:00:56:23 +0000] "GET /contact/?path=//etc/supercat HTTP/1.1" 200 52145 "-" "Mozilla/5.0 (compatible; Barkrowler/0.9; +https://babbar.tech/crawler)"
57.141.20.36 - - [11/Jan/2026:00:56:24 +0000] "GET /2025/03/07/page/6/?path=//sys/class/pci_bus/0000:05/subsystem/0000:11/device/0000:00:03.7:pcie010/subsystem/drivers/pcie_pme/0000:00:02.3:pcie001/subsystem/devices/0000:00:03.5:pcie010 HTTP/1.1" 200 276804 "-" "meta-externalagent/1.1 (+https://developers.facebook.com/docs/sharing/webmasters/crawler)"
57.141.20.51 - - [11/Jan/2026:00:56:25 +0000] "GET /2025/03/07/page/6/?fileloc=//sys/class/pci_bus/0000:05/subsystem/0000:11/subsystem/0000:07/device/driver/0000:00:02.0/local_cpulist&path=//sys/class/pci_bus/0000:05/subsystem/0000:11/subsystem/0000:07/device/driver/0000:00:02.0 HTTP/1.1" 200 276795 "-" "meta-externalagent/1.1 (+https://developers.facebook.com/docs/sharing/webmasters/crawler)"
74.7.227.51 - - [11/Jan/2026:00:56:26 +0000] "GET /entity/535258461.htm HTTP/1.1" 301 7281 "-" "Mozilla/5.0 AppleWebKit/537.36 (KHTML, like Gecko; compatible; GPTBot/1.3; +https://openai.com/gptbot)"
66.249.72.227 - - [11/Jan/2026:00:56:26 +0000] "GET /?fileloc=//sys/class/sound/card0/device/subsystem/devices/0000:00:02.2/subsystem/devices/0000:00:03.4/driver/0000:00:02.6/subsystem/drivers/pcieport/0000:00:02.5/driver/0000:00:04.0/driver/0000:00:03.7/driver/0000:00:02.6/driver/0000:00:02.5/irq&path=//sys/class/sound/card0/device/subsystem/devices/0000:00:02.2/subsystem/devices/0000:00:03.4/driver/0000:00:02.6/subsystem/drivers/pcieport/0000:00:02.5/driver/0000:00:04.0/driver/0000:00:03.7/driver/0000:00:02.6/driver/0000:00:02.5 HTTP/1.1" 200 52146 "-" "Mozilla/5.0 (Linux; Android 6.0.1; Nexus 5X Build/MMB29P) AppleWebKit/537.36 (KHTML, like Gecko) Chrome/143.0.7499.192 Mobile Safari/537.36 (compatible; Googlebot/2.1; +http://www.google.com/bot.html)"
57.141.20.15 - - [11/Jan/2026:00:56:27 +0000] "GET /karamba-spielsaal-erfahrungen-angeschlossen-testbericht-werfen-sie-einen-blick-auf-den-link-within-2025-pro-teutonia/?path=//sys/class/pci_bus/0000:06/subsystem/0000:12/subsystem/0000:06/subsystem/0000:06/subsystem/0000:0d/subsystem/0000:0e HTTP/1.1" 200 276875 "-" "meta-externalagent/1.1 (+https://developers.facebook.com/docs/sharing/webmasters/crawler)"
74.7.227.51 - - [11/Jan/2026:00:56:27 +0000] "GET /entity/535258461.htm/ HTTP/1.1" 200 52145 "-" "Mozilla/5.0 AppleWebKit/537.36 (KHTML, like Gecko; compatible; GPTBot/1.3; +https://openai.com/gptbot)"
74.7.227.51 - - [11/Jan/2026:00:56:29 +0000] "GET /entity/535075352.htm HTTP/1.1" 301 7275 "-" "Mozilla/5.0 AppleWebKit/537.36 (KHTML, like Gecko; compatible; GPTBot/1.3; +https://openai.com/gptbot)"
74.7.227.51 - - [11/Jan/2026:00:56:29 +0000] "GET /entity/535075352.htm/ HTTP/1.1" 200 52145 "-" "Mozilla/5.0 AppleWebKit/537.36 (KHTML, like Gecko; compatible; GPTBot/1.3; +https://openai.com/gptbot)"
74.7.227.51 - - [11/Jan/2026:00:56:32 +0000] "GET /entity/535153564.htm HTTP/1.1" 301 7281 "-" "Mozilla/5.0 AppleWebKit/537.36 (KHTML, like Gecko; compatible; GPTBot/1.3; +https://openai.com/gptbot)"
74.7.227.51 - - [11/Jan/2026:00:56:33 +0000] "GET /entity/535153564.htm/ HTTP/1.1" 200 52145 "-" "Mozilla/5.0 AppleWebKit/537.36 (KHTML, like Gecko; compatible; GPTBot/1.3; +https://openai.com/gptbot)"
74.7.227.51 - - [11/Jan/2026:00:56:36 +0000] "GET /entity/535252508.htm HTTP/1.1" 301 7275 "-" "Mozilla/5.0 AppleWebKit/537.36 (KHTML, like Gecko; compatible; GPTBot/1.3; +https://openai.com/gptbot)"
74.7.227.51 - - [11/Jan/2026:00:56:36 +0000] "GET /entity/535252508.htm/ HTTP/1.1" 200 52145 "-" "Mozilla/5.0 AppleWebKit/537.36 (KHTML, like Gecko; compatible; GPTBot/1.3; +https://openai.com/gptbot)"
74.7.227.51 - - [11/Jan/2026:00:56:39 +0000] "GET /entity/535183355.htm HTTP/1.1" 301 7275 "-" "Mozilla/5.0 AppleWebKit/537.36 (KHTML, like Gecko; compatible; GPTBot/1.3; +https://openai.com/gptbot)"
57.141.20.4 - - [11/Jan/2026:00:56:40 +0000] "GET /karamba-spielsaal-erfahrungen-angeschlossen-testbericht-werfen-sie-einen-blick-auf-den-link-within-2025-pro-teutonia/?path=//sys/class/pci_bus/0000:0b/subsystem/0000:0b/subsystem/0000:00/device/firmware_node/physical_node/firmware_node/device:30 HTTP/1.1" 200 276811 "-" "meta-externalagent/1.1 (+https://developers.facebook.com/docs/sharing/webmasters/crawler)"
74.7.227.51 - - [11/Jan/2026:00:56:40 +0000] "GET /entity/535183355.htm/ HTTP/1.1" 200 52145 "-" "Mozilla/5.0 AppleWebKit/537.36 (KHTML, like Gecko; compatible; GPTBot/1.3; +https://openai.com/gptbot)"
154.54.249.198 - - [11/Jan/2026:00:56:40 +0000] "GET /contact/?path=//lib/gnupg HTTP/1.1" 200 52145 "-" "Mozilla/5.0 (compatible; Barkrowler/0.9; +https://babbar.tech/crawler)"
57.141.20.23 - - [11/Jan/2026:00:56:40 +0000] "GET /nacin-kako-uporabljate-globe-wagering-najboljsa-knjiga/?fileloc=//sys/dev/char/4:86/subsystem/ttyS23/port&path=//sys/dev/char/4:86/subsystem/ttyS23 HTTP/1.1" 200 276804 "-" "meta-externalagent/1.1 (+https://developers.facebook.com/docs/sharing/webmasters/crawler)"
74.7.227.51 - - [11/Jan/2026:00:56:42 +0000] "GET /entity/535053594.htm HTTP/1.1" 301 7281 "-" "Mozilla/5.0 AppleWebKit/537.36 (KHTML, like Gecko; compatible; GPTBot/1.3; +https://openai.com/gptbot)"
74.7.227.51 - - [11/Jan/2026:00:56:42 +0000] "GET /entity/535053594.htm/ HTTP/1.1" 200 52145 "-" "Mozilla/5.0 AppleWebKit/537.36 (KHTML, like Gecko; compatible; GPTBot/1.3; +https://openai.com/gptbot)"
74.7.227.51 - - [11/Jan/2026:00:56:45 +0000] "GET /entity/535131033.htm HTTP/1.1" 301 7275 "-" "Mozilla/5.0 AppleWebKit/537.36 (KHTML, like Gecko; compatible; GPTBot/1.3; +https://openai.com/gptbot)"
74.7.227.51 - - [11/Jan/2026:00:56:45 +0000] "GET /entity/535131033.htm/ HTTP/1.1" 200 52145 "-" "Mozilla/5.0 AppleWebKit/537.36 (KHTML, like Gecko; compatible; GPTBot/1.3; +https://openai.com/gptbot)"
74.7.227.51 - - [11/Jan/2026:00:56:48 +0000] "GET /entity/535131818.htm HTTP/1.1" 301 7281 "-" "Mozilla/5.0 AppleWebKit/537.36 (KHTML, like Gecko; compatible; GPTBot/1.3; +https://openai.com/gptbot)"
74.7.227.51 - - [11/Jan/2026:00:56:49 +0000] "GET /entity/535131818.htm/ HTTP/1.1" 200 52145 "-" "Mozilla/5.0 AppleWebKit/537.36 (KHTML, like Gecko; compatible; GPTBot/1.3; +https://openai.com/gptbot)"
57.141.20.3 - - [11/Jan/2026:00:56:49 +0000] "GET /2025/03/07/page/6/?fileloc=//sys/class/pci_bus/0000:0a/subsystem/0000:0a/device/driver/0000:00:03.5/current_link_width&path=//sys/class/pci_bus/0000:0a/subsystem/0000:0a/device/driver/0000:00:03.5 HTTP/1.1" 200 276788 "-" "meta-externalagent/1.1 (+https://developers.facebook.com/docs/sharing/webmasters/crawler)"
66.135.21.75 - - [11/Jan/2026:00:56:50 +0000] "POST /wp-cron.php?doing_wp_cron=1768093010.6988630294799804687500 HTTP/1.1" 200 31 "-" "WordPress/6.3.1; https://datainsightnow.com"
54.39.203.217 - - [11/Jan/2026:00:56:50 +0000] "GET /?p=33809 HTTP/1.1" 200 50553 "-" "Mozilla/5.0 (compatible; AhrefsBot/7.0; +http://ahrefs.com/robot/)"
74.7.227.51 - - [11/Jan/2026:00:56:51 +0000] "GET /entity/535243445.htm HTTP/1.1" 301 7281 "-" "Mozilla/5.0 AppleWebKit/537.36 (KHTML, like Gecko; compatible; GPTBot/1.3; +https://openai.com/gptbot)"
74.7.227.51 - - [11/Jan/2026:00:56:52 +0000] "GET /entity/535243445.htm/ HTTP/1.1" 200 52145 "-" "Mozilla/5.0 AppleWebKit/537.36 (KHTML, like Gecko; compatible; GPTBot/1.3; +https://openai.com/gptbot)"
66.249.72.226 - - [11/Jan/2026:00:56:53 +0000] "GET /?path=//sys/class/sound/card0/device/subsystem/devices/0000:00:02.2/subsystem/devices/0000:00:03.4/driver/0000:00:02.6/subsystem/drivers/pcieport/0000:00:02.5/driver/0000:00:04.0/driver/0000:00:03.7/driver/0000:00:02.6/driver/0000:00:02.5/0000:00:02.5:pcie010 HTTP/1.1" 200 52146 "-" "Mozilla/5.0 (Linux; Android 6.0.1; Nexus 5X Build/MMB29P) AppleWebKit/537.36 (KHTML, like Gecko) Chrome/143.0.7499.192 Mobile Safari/537.36 (compatible; Googlebot/2.1; +http://www.google.com/bot.html)"
74.7.227.51 - - [11/Jan/2026:00:56:54 +0000] "GET /entity/535233858.htm HTTP/1.1" 301 7275 "-" "Mozilla/5.0 AppleWebKit/537.36 (KHTML, like Gecko; compatible; GPTBot/1.3; +https://openai.com/gptbot)"
74.7.227.51 - - [11/Jan/2026:00:56:55 +0000] "GET /entity/535233858.htm/ HTTP/1.1" 200 52145 "-" "Mozilla/5.0 AppleWebKit/537.36 (KHTML, like Gecko; compatible; GPTBot/1.3; +https://openai.com/gptbot)"
217.113.194.61 - - [11/Jan/2026:00:56:56 +0000] "GET /data-insight/?path=//tmp HTTP/1.1" 200 52145 "-" "Mozilla/5.0 (compatible; Barkrowler/0.9; +https://babbar.tech/crawler)"
74.7.227.51 - - [11/Jan/2026:00:56:57 +0000] "GET /entity/535155122.htm HTTP/1.1" 301 7275 "-" "Mozilla/5.0 AppleWebKit/537.36 (KHTML, like Gecko; compatible; GPTBot/1.3; +https://openai.com/gptbot)"
74.7.227.51 - - [11/Jan/2026:00:56:58 +0000] "GET /entity/535155122.htm/ HTTP/1.1" 200 52145 "-" "Mozilla/5.0 AppleWebKit/537.36 (KHTML, like Gecko; compatible; GPTBot/1.3; +https://openai.com/gptbot)"
74.7.227.51 - - [11/Jan/2026:00:57:01 +0000] "GET /entity/535153050.htm HTTP/1.1" 301 7275 "-" "Mozilla/5.0 AppleWebKit/537.36 (KHTML, like Gecko; compatible; GPTBot/1.3; +https://openai.com/gptbot)"
74.7.227.51 - - [11/Jan/2026:00:57:01 +0000] "GET /entity/535153050.htm/ HTTP/1.1" 200 52145 "-" "Mozilla/5.0 AppleWebKit/537.36 (KHTML, like Gecko; compatible; GPTBot/1.3; +https://openai.com/gptbot)"
57.141.20.21 - - [11/Jan/2026:00:57:02 +0000] "GET /karamba-spielsaal-erfahrungen-angeschlossen-testbericht-werfen-sie-einen-blick-auf-den-link-within-2025-pro-teutonia/?path=//sys/class/pci_bus/0000:04/device/driver/0000:00:02.4/driver/0000:00:02.5/subsystem/devices/0000:04:00.0 HTTP/1.1" 200 276788 "-" "meta-externalagent/1.1 (+https://developers.facebook.com/docs/sharing/webmasters/crawler)"
57.141.20.4 - - [11/Jan/2026:00:57:03 +0000] "GET /karamba-spielsaal-erfahrungen-angeschlossen-testbericht-werfen-sie-einen-blick-auf-den-link-within-2025-pro-teutonia/?path=//sys/class/pci_bus/0000:0b/subsystem/0000:0a/subsystem/0000:04/subsystem/0000:02/subsystem/0000:13/subsystem/0000:08 HTTP/1.1" 200 276788 "-" "meta-externalagent/1.1 (+https://developers.facebook.com/docs/sharing/webmasters/crawler)"
74.7.227.51 - - [11/Jan/2026:00:57:04 +0000] "GET /entity/535059559.htm HTTP/1.1" 301 7281 "-" "Mozilla/5.0 AppleWebKit/537.36 (KHTML, like Gecko; compatible; GPTBot/1.3; +https://openai.com/gptbot)"
74.7.227.51 - - [11/Jan/2026:00:57:04 +0000] "GET /entity/535059559.htm/ HTTP/1.1" 200 52145 "-" "Mozilla/5.0 AppleWebKit/537.36 (KHTML, like Gecko; compatible; GPTBot/1.3; +https://openai.com/gptbot)"
57.141.20.9 - - [11/Jan/2026:00:57:05 +0000] "GET /2025/03/07/page/6/?path=//sys/class/pci_bus/0000:0e/subsystem/0000:07/subsystem/0000:07/subsystem/0000:07/device/0000:00:02.5:pcie002 HTTP/1.1" 200 276811 "-" "meta-externalagent/1.1 (+https://developers.facebook.com/docs/sharing/webmasters/crawler)"
57.141.20.25 - - [11/Jan/2026:00:57:06 +0000] "GET /karamba-spielsaal-erfahrungen-angeschlossen-testbericht-werfen-sie-einen-blick-auf-den-link-within-2025-pro-teutonia/?path=//sys/class/pci_bus/0000:06/subsystem/0000:0b/subsystem/0000:09/subsystem/0000:10/subsystem/0000:01/device/0000:01:00.0/driver HTTP/1.1" 200 276804 "-" "meta-externalagent/1.1 (+https://developers.facebook.com/docs/sharing/webmasters/crawler)"
57.141.20.38 - - [11/Jan/2026:00:57:07 +0000] "GET /2025/03/07/page/6/?fileloc=//sys/class/pci_bus/0000:05/subsystem/0000:11/device/driver/0000:00:02.0/driver/0000:00:02.0/driver/0000:00:03.2/aer_dev_fatal&path=//sys/class/pci_bus/0000:05/subsystem/0000:11/device/driver/0000:00:02.0/driver/0000:00:02.0/driver/0000:00:03.2 HTTP/1.1" 200 276788 "-" "meta-externalagent/1.1 (+https://developers.facebook.com/docs/sharing/webmasters/crawler)"
74.7.227.51 - - [11/Jan/2026:00:57:07 +0000] "GET /entity/535253030.htm HTTP/1.1" 301 7281 "-" "Mozilla/5.0 AppleWebKit/537.36 (KHTML, like Gecko; compatible; GPTBot/1.3; +https://openai.com/gptbot)"
74.7.227.51 - - [11/Jan/2026:00:57:07 +0000] "GET /entity/535253030.htm/ HTTP/1.1" 200 52145 "-" "Mozilla/5.0 AppleWebKit/537.36 (KHTML, like Gecko; compatible; GPTBot/1.3; +https://openai.com/gptbot)"
57.141.20.35 - - [11/Jan/2026:00:57:10 +0000] "GET /2025/03/06/page/39/?fileloc=//sys/class/pci_bus/0000:04/device/driver/0000:00:03.5/driver/0000:00:02.1/driver/0000:00:04.0/d3cold_allowed&path=//sys/class/pci_bus/0000:04/device/driver/0000:00:03.5/driver/0000:00:02.1/driver/0000:00:04.0 HTTP/1.1" 200 276804 "-" "meta-externalagent/1.1 (+https://developers.facebook.com/docs/sharing/webmasters/crawler)"
74.7.227.51 - - [11/Jan/2026:00:57:10 +0000] "GET /entity/535101513.htm HTTP/1.1" 301 7281 "-" "Mozilla/5.0 AppleWebKit/537.36 (KHTML, like Gecko; compatible; GPTBot/1.3; +https://openai.com/gptbot)"
57.141.20.35 - - [11/Jan/2026:00:57:11 +0000] "GET /2025/03/06/page/39/?fileloc=//sys/class/pci_bus/0000:13/subsystem/0000:03/subsystem/0000:0b/subsystem/0000:04/subsystem/0000:0f/device/max_link_speed&path=//sys/class/pci_bus/0000:13/subsystem/0000:03/subsystem/0000:0b/subsystem/0000:04/subsystem/0000:0f/device HTTP/1.1" 200 276796 "-" "meta-externalagent/1.1 (+https://developers.facebook.com/docs/sharing/webmasters/crawler)"
74.7.227.51 - - [11/Jan/2026:00:57:11 +0000] "GET /entity/535101513.htm/ HTTP/1.1" 200 52145 "-" "Mozilla/5.0 AppleWebKit/537.36 (KHTML, like Gecko; compatible; GPTBot/1.3; +https://openai.com/gptbot)"
57.141.20.29 - - [11/Jan/2026:00:57:12 +0000] "GET /2025/03/13/?path=//sys/class/pci_bus/0000:0c/subsystem/0000:12/subsystem/0000:01/device/0000:00:02.0:pcie010/power HTTP/1.1" 200 276804 "-" "meta-externalagent/1.1 (+https://developers.facebook.com/docs/sharing/webmasters/crawler)"
217.113.194.57 - - [11/Jan/2026:00:57:12 +0000] "GET /?path=//run/sshd HTTP/1.1" 200 52145 "-" "Mozilla/5.0 (compatible; Barkrowler/0.9; +https://babbar.tech/crawler)"
57.141.20.38 - - [11/Jan/2026:00:57:13 +0000] "GET /2025/03/07/page/6/?fileloc=//sys/class/pci_bus/0000:05/subsystem/0000:10/subsystem/0000:08/subsystem/0000:0d/subsystem/0000:03/cpuaffinity&path=//sys/class/pci_bus/0000:05/subsystem/0000:10/subsystem/0000:08/subsystem/0000:0d/subsystem/0000:03 HTTP/1.1" 200 276835 "-" "meta-externalagent/1.1 (+https://developers.facebook.com/docs/sharing/webmasters/crawler)"
57.141.20.54 - - [11/Jan/2026:00:57:13 +0000] "GET /karamba-spielsaal-erfahrungen-angeschlossen-testbericht-werfen-sie-einen-blick-auf-den-link-within-2025-pro-teutonia/?fileloc=//sys/class/pci_bus/0000:03/subsystem/0000:13/subsystem/0000:04/device/driver/0000:00:02.6/power/runtime_status&path=//sys/class/pci_bus/0000:03/subsystem/0000:13/subsystem/0000:04/device/driver/0000:00:02.6/power HTTP/1.1" 200 276804 "-" "meta-externalagent/1.1 (+https://developers.facebook.com/docs/sharing/webmasters/crawler)"
74.7.227.51 - - [11/Jan/2026:00:57:13 +0000] "GET /entity/535134141.htm HTTP/1.1" 301 7275 "-" "Mozilla/5.0 AppleWebKit/537.36 (KHTML, like Gecko; compatible; GPTBot/1.3; +https://openai.com/gptbot)"
74.7.227.51 - - [11/Jan/2026:00:57:14 +0000] "GET /entity/535134141.htm/ HTTP/1.1" 200 52145 "-" "Mozilla/5.0 AppleWebKit/537.36 (KHTML, like Gecko; compatible; GPTBot/1.3; +https://openai.com/gptbot)"
47.128.49.193 - - [11/Jan/2026:00:57:14 +0000] "GET /?fileloc=%2F%2Fproc%2F907%2Fnet%2Fxfrm_stat&path=%2F%2Fproc%2F907%2Fnet HTTP/1.1" 200 52146 "-" "Mozilla/5.0 (Linux; Android 5.0) AppleWebKit/537.36 (KHTML, like Gecko) Mobile Safari/537.36 (compatible; Bytespider; spider-feedback@bytedance.com)"
57.141.20.32 - - [11/Jan/2026:00:57:15 +0000] "GET /moneysense-self-help-guide-to-the-ideal-profile/?fileloc=//sys/class/pci_bus/0000:08/device/driver/0000:00:03.6/driver/0000:00:03.4/resource0&path=//sys/class/pci_bus/0000:08/device/driver/0000:00:03.6/driver/0000:00:03.4 HTTP/1.1" 200 276804 "-" "meta-externalagent/1.1 (+https://developers.facebook.com/docs/sharing/webmasters/crawler)"
74.7.227.51 - - [11/Jan/2026:00:57:17 +0000] "GET /entity/535223237.htm HTTP/1.1" 301 7281 "-" "Mozilla/5.0 AppleWebKit/537.36 (KHTML, like Gecko; compatible; GPTBot/1.3; +https://openai.com/gptbot)"
74.7.227.51 - - [11/Jan/2026:00:57:17 +0000] "GET /entity/535223237.htm/ HTTP/1.1" 200 52145 "-" "Mozilla/5.0 AppleWebKit/537.36 (KHTML, like Gecko; compatible; GPTBot/1.3; +https://openai.com/gptbot)"
74.7.227.51 - - [11/Jan/2026:00:57:20 +0000] "GET /entity/535050225.htm HTTP/1.1" 301 7275 "-" "Mozilla/5.0 AppleWebKit/537.36 (KHTML, like Gecko; compatible; GPTBot/1.3; +https://openai.com/gptbot)"
74.7.227.51 - - [11/Jan/2026:00:57:20 +0000] "GET /entity/535050225.htm/ HTTP/1.1" 200 52145 "-" "Mozilla/5.0 AppleWebKit/537.36 (KHTML, like Gecko; compatible; GPTBot/1.3; +https://openai.com/gptbot)"
66.249.72.226 - - [11/Jan/2026:00:57:21 +0000] "GET /?path=//sys/class/sound/card0/device/subsystem/devices/0000:00:02.2/subsystem/devices/0000:00:03.4/driver/0000:00:02.2/driver/0000:00:03.1/driver/0000:00:04.1/driver/0000:00:03.3/firmware_node/physical_node/0000:00:03.3:pcie002 HTTP/1.1" 200 52146 "-" "Mozilla/5.0 (Linux; Android 6.0.1; Nexus 5X Build/MMB29P) AppleWebKit/537.36 (KHTML, like Gecko) Chrome/143.0.7499.192 Mobile Safari/537.36 (compatible; Googlebot/2.1; +http://www.google.com/bot.html)"
74.7.227.51 - - [11/Jan/2026:00:57:23 +0000] "GET /entity/535144511.htm HTTP/1.1" 301 7281 "-" "Mozilla/5.0 AppleWebKit/537.36 (KHTML, like Gecko; compatible; GPTBot/1.3; +https://openai.com/gptbot)"
185.191.171.18 - - [11/Jan/2026:00:57:24 +0000] "GET /?p=23191 HTTP/1.1" 200 47976 "-" "Mozilla/5.0 (compatible; SemrushBot/7~bl; +http://www.semrush.com/bot.html)"
74.7.227.51 - - [11/Jan/2026:00:57:24 +0000] "GET /entity/535144511.htm/ HTTP/1.1" 200 52145 "-" "Mozilla/5.0 AppleWebKit/537.36 (KHTML, like Gecko; compatible; GPTBot/1.3; +https://openai.com/gptbot)"
57.141.20.12 - - [11/Jan/2026:00:57:25 +0000] "GET /karamba-spielsaal-erfahrungen-angeschlossen-testbericht-werfen-sie-einen-blick-auf-den-link-within-2025-pro-teutonia/?path=//sys/class/pci_bus/0000:03/subsystem/0000:09/subsystem/0000:0a/subsystem/0000:00/subsystem/0000:05/subsystem/0000:0e/device HTTP/1.1" 200 276804 "-" "meta-externalagent/1.1 (+https://developers.facebook.com/docs/sharing/webmasters/crawler)"
57.141.20.5 - - [11/Jan/2026:00:57:26 +0000] "GET /karamba-spielsaal-erfahrungen-angeschlossen-testbericht-werfen-sie-einen-blick-auf-den-link-within-2025-pro-teutonia/?fileloc=//sys/class/pci_bus/0000:13/subsystem/0000:0d/subsystem/0000:05/subsystem/0000:00/device/0000:00:02.0/power/runtime_suspended_time&path=//sys/class/pci_bus/0000:13/subsystem/0000:0d/subsystem/0000:05/subsystem/0000:00/device/0000:00:02.0/power HTTP/1.1" 200 276788 "-" "meta-externalagent/1.1 (+https://developers.facebook.com/docs/sharing/webmasters/crawler)"
74.7.227.51 - - [11/Jan/2026:00:57:26 +0000] "GET /entity/535239552.htm HTTP/1.1" 301 7281 "-" "Mozilla/5.0 AppleWebKit/537.36 (KHTML, like Gecko; compatible; GPTBot/1.3; +https://openai.com/gptbot)"
57.141.20.38 - - [11/Jan/2026:00:57:27 +0000] "GET /2025/03/13/?fileloc=//sys/class/pci_bus/0000:04/device/driver/0000:00:04.1/subsystem/devices/0000:02:00.0/resource0&path=//sys/class/pci_bus/0000:04/device/driver/0000:00:04.1/subsystem/devices/0000:02:00.0 HTTP/1.1" 200 276812 "-" "meta-externalagent/1.1 (+https://developers.facebook.com/docs/sharing/webmasters/crawler)"
74.7.227.51 - - [11/Jan/2026:00:57:27 +0000] "GET /entity/535239552.htm/ HTTP/1.1" 200 52145 "-" "Mozilla/5.0 AppleWebKit/537.36 (KHTML, like Gecko; compatible; GPTBot/1.3; +https://openai.com/gptbot)"
217.113.194.57 - - [11/Jan/2026:00:57:28 +0000] "GET /?path=//usr/share/nano HTTP/1.1" 200 52145 "-" "Mozilla/5.0 (compatible; Barkrowler/0.9; +https://babbar.tech/crawler)"
57.141.20.43 - - [11/Jan/2026:00:57:28 +0000] "GET /karamba-spielsaal-erfahrungen-angeschlossen-testbericht-werfen-sie-einen-blick-auf-den-link-within-2025-pro-teutonia/?path=//sys/class/pci_bus/0000:0b/subsystem/0000:0e/subsystem/0000:04/subsystem/0000:06/subsystem/0000:09/subsystem HTTP/1.1" 200 276812 "-" "meta-externalagent/1.1 (+https://developers.facebook.com/docs/sharing/webmasters/crawler)"
74.7.227.51 - - [11/Jan/2026:00:57:29 +0000] "GET /entity/535133105.htm HTTP/1.1" 301 7281 "-" "Mozilla/5.0 AppleWebKit/537.36 (KHTML, like Gecko; compatible; GPTBot/1.3; +https://openai.com/gptbot)"
74.7.227.51 - - [11/Jan/2026:00:57:30 +0000] "GET /entity/535133105.htm/ HTTP/1.1" 200 52145 "-" "Mozilla/5.0 AppleWebKit/537.36 (KHTML, like Gecko; compatible; GPTBot/1.3; +https://openai.com/gptbot)"
57.141.20.56 - - [11/Jan/2026:00:57:30 +0000] "GET /karamba-spielsaal-erfahrungen-angeschlossen-testbericht-werfen-sie-einen-blick-auf-den-link-within-2025-pro-teutonia/?path=//sys/class/pci_bus/0000:0f/subsystem/0000:00/subsystem/0000:02/subsystem/0000:00/subsystem/0000:01 HTTP/1.1" 200 276788 "-" "meta-externalagent/1.1 (+https://developers.facebook.com/docs/sharing/webmasters/crawler)"
57.141.20.22 - - [11/Jan/2026:00:57:31 +0000] "GET /moneysense-self-help-guide-to-the-ideal-profile/?fileloc=//sys/class/pci_bus/0000:00/device/0000:00:02.3/subsystem/drivers/pcieport/0000:00:02.2/subsystem_vendor&path=//sys/class/pci_bus/0000:00/device/0000:00:02.3/subsystem/drivers/pcieport/0000:00:02.2 HTTP/1.1" 200 276804 "-" "meta-externalagent/1.1 (+https://developers.facebook.com/docs/sharing/webmasters/crawler)"
74.7.227.51 - - [11/Jan/2026:00:57:32 +0000] "GET /entity/535232822.htm HTTP/1.1" 301 7281 "-" "Mozilla/5.0 AppleWebKit/537.36 (KHTML, like Gecko; compatible; GPTBot/1.3; +https://openai.com/gptbot)"
57.141.20.58 - - [11/Jan/2026:00:57:33 +0000] "GET /2025/03/07/page/6/?fileloc=//sys/class/pci_bus/0000:05/subsystem/0000:09/subsystem/0000:0b/device/subsystem/slots/5/cur_bus_speed&path=//sys/class/pci_bus/0000:05/subsystem/0000:09/subsystem/0000:0b/device/subsystem/slots/5 HTTP/1.1" 200 276812 "-" "meta-externalagent/1.1 (+https://developers.facebook.com/docs/sharing/webmasters/crawler)"
74.7.227.51 - - [11/Jan/2026:00:57:33 +0000] "GET /entity/535232822.htm/ HTTP/1.1" 200 52145 "-" "Mozilla/5.0 AppleWebKit/537.36 (KHTML, like Gecko; compatible; GPTBot/1.3; +https://openai.com/gptbot)"
74.7.227.51 - - [11/Jan/2026:00:57:36 +0000] "GET /entity/535252245.htm HTTP/1.1" 301 7275 "-" "Mozilla/5.0 AppleWebKit/537.36 (KHTML, like Gecko; compatible; GPTBot/1.3; +https://openai.com/gptbot)"
74.7.227.51 - - [11/Jan/2026:00:57:36 +0000] "GET /entity/535252245.htm/ HTTP/1.1" 200 52145 "-" "Mozilla/5.0 AppleWebKit/537.36 (KHTML, like Gecko; compatible; GPTBot/1.3; +https://openai.com/gptbot)"
57.141.20.20 - - [11/Jan/2026:00:57:39 +0000] "GET /karamba-spielsaal-erfahrungen-angeschlossen-testbericht-werfen-sie-einen-blick-auf-den-link-within-2025-pro-teutonia/?fileloc=//sys/class/pci_bus/0000:0b/subsystem/0000:0f/device/driver/0000:00:02.0/driver/0000:00:02.1/driver/0000:00:03.5/broken_parity_status&path=//sys/class/pci_bus/0000:0b/subsystem/0000:0f/device/driver/0000:00:02.0/driver/0000:00:02.1/driver/0000:00:03.5 HTTP/1.1" 200 276788 "-" "meta-externalagent/1.1 (+https://developers.facebook.com/docs/sharing/webmasters/crawler)"
74.7.227.51 - - [11/Jan/2026:00:57:39 +0000] "GET /entity/535153835.htm HTTP/1.1" 301 7275 "-" "Mozilla/5.0 AppleWebKit/537.36 (KHTML, like Gecko; compatible; GPTBot/1.3; +https://openai.com/gptbot)"
74.7.227.51 - - [11/Jan/2026:00:57:39 +0000] "GET /entity/535153835.htm/ HTTP/1.1" 200 52145 "-" "Mozilla/5.0 AppleWebKit/537.36 (KHTML, like Gecko; compatible; GPTBot/1.3; +https://openai.com/gptbot)"
114.119.159.33 - - [11/Jan/2026:00:57:40 +0000] "GET /zodiac-kasino-erfahrungen-2024-480-bonus-80-freispiele/?path=//sys/dev/char/5:1/subsystem/ttyS29/subsystem/tty30 HTTP/1.1" 200 52146 "https://datainsightnow.com/zodiac-kasino-erfahrungen-2024-480-bonus-80-freispiele/?path=//sys/dev/char/5%3A1/subsystem/ttyS29/subsystem" "Mozilla/5.0 (Linux; Android 7.0;) AppleWebKit/537.36 (KHTML, like Gecko) Mobile Safari/537.36 (compatible; PetalBot;+https://webmaster.petalsearch.com/site/petalbot)"
207.46.13.6 - - [11/Jan/2026:00:57:40 +0000] "GET /al_c/?fileloc=/usr/lib/systemd/system/emergency.service&path=/usr/lib/systemd/system HTTP/1.1" 200 30403 "-" "Mozilla/5.0 AppleWebKit/537.36 (KHTML, like Gecko; compatible; bingbot/2.0; +http://www.bing.com/bingbot.htm) Chrome/116.0.1938.76 Safari/537.36"
57.141.20.3 - - [11/Jan/2026:00:57:41 +0000] "GET /karamba-spielsaal-erfahrungen-angeschlossen-testbericht-werfen-sie-einen-blick-auf-den-link-within-2025-pro-teutonia/?fileloc=//sys/class/pci_bus/0000:06/subsystem/0000:05/subsystem/0000:0d/subsystem/0000:01/subsystem/0000:11/device/aer_dev_fatal&path=//sys/class/pci_bus/0000:06/subsystem/0000:05/subsystem/0000:0d/subsystem/0000:01/subsystem/0000:11/device HTTP/1.1" 200 276788 "-" "meta-externalagent/1.1 (+https://developers.facebook.com/docs/sharing/webmasters/crawler)"
57.141.20.55 - - [11/Jan/2026:00:57:41 +0000] "GET /2025/03/06/page/39/?path=//sys/class/pci_bus/0000:0d/subsystem/0000:0d/subsystem/0000:04/device/link HTTP/1.1" 200 276803 "-" "meta-externalagent/1.1 (+https://developers.facebook.com/docs/sharing/webmasters/crawler)"
74.7.227.51 - - [11/Jan/2026:00:57:42 +0000] "GET /entity/535225572.htm HTTP/1.1" 301 7281 "-" "Mozilla/5.0 AppleWebKit/537.36 (KHTML, like Gecko; compatible; GPTBot/1.3; +https://openai.com/gptbot)"
74.7.227.51 - - [11/Jan/2026:00:57:42 +0000] "GET /entity/535225572.htm/ HTTP/1.1" 200 52145 "-" "Mozilla/5.0 AppleWebKit/537.36 (KHTML, like Gecko; compatible; GPTBot/1.3; +https://openai.com/gptbot)"
57.141.20.39 - - [11/Jan/2026:00:57:43 +0000] "GET /karamba-spielsaal-erfahrungen-angeschlossen-testbericht-werfen-sie-einen-blick-auf-den-link-within-2025-pro-teutonia/?fileloc=//sys/class/pci_bus/0000:0e/subsystem/0000:06/subsystem/0000:08/subsystem/0000:05/subsystem/0000:0f/subsystem/0000:11/rescan&path=//sys/class/pci_bus/0000:0e/subsystem/0000:06/subsystem/0000:08/subsystem/0000:05/subsystem/0000:0f/subsystem/0000:11 HTTP/1.1" 200 276796 "-" "meta-externalagent/1.1 (+https://developers.facebook.com/docs/sharing/webmasters/crawler)"
57.141.20.57 - - [11/Jan/2026:00:57:43 +0000] "GET /2025/03/06/page/39/?fileloc=//sys/class/pci_bus/0000:06/subsystem/0000:00/device/0000:00:02.0/driver/0000:00:02.0/subsystem/resource_alignment&path=//sys/class/pci_bus/0000:06/subsystem/0000:00/device/0000:00:02.0/driver/0000:00:02.0/subsystem HTTP/1.1" 200 276788 "-" "meta-externalagent/1.1 (+https://developers.facebook.com/docs/sharing/webmasters/crawler)"
217.113.194.55 - - [11/Jan/2026:00:57:44 +0000] "GET /?path=//etc/cron.yearly HTTP/1.1" 200 52145 "-" "Mozilla/5.0 (compatible; Barkrowler/0.9; +https://babbar.tech/crawler)"
57.141.20.38 - - [11/Jan/2026:00:57:45 +0000] "GET /karamba-spielsaal-erfahrungen-angeschlossen-testbericht-werfen-sie-einen-blick-auf-den-link-within-2025-pro-teutonia/?path=//sys/class/pci_bus/0000:0b/subsystem/0000:09/subsystem/0000:0b/subsystem/0000:04/subsystem/0000:04 HTTP/1.1" 200 276804 "-" "meta-externalagent/1.1 (+https://developers.facebook.com/docs/sharing/webmasters/crawler)"
