57.141.20.35 - - [11/Jan/2026:00:16:46 +0000] "GET /2025/03/07/page/6/?fileloc=//sys/class/pci_bus/0000:11/subsystem/0000:03/subsystem/0000:04/device/power/async&path=//sys/class/pci_bus/0000:11/subsystem/0000:03/subsystem/0000:04/device/power HTTP/1.1" 200 276788 "-" "meta-externalagent/1.1 (+https://developers.facebook.com/docs/sharing/webmasters/crawler)"
74.7.227.51 - - [11/Jan/2026:00:16:46 +0000] "GET /entity/535247075.htm/ HTTP/1.1" 200 52145 "-" "Mozilla/5.0 AppleWebKit/537.36 (KHTML, like Gecko; compatible; GPTBot/1.3; +https://openai.com/gptbot)"
74.7.227.51 - - [11/Jan/2026:00:16:49 +0000] "GET /entity/535220129.htm HTTP/1.1" 301 7275 "-" "Mozilla/5.0 AppleWebKit/537.36 (KHTML, like Gecko; compatible; GPTBot/1.3; +https://openai.com/gptbot)"
74.7.227.51 - - [11/Jan/2026:00:16:49 +0000] "GET /entity/535220129.htm/ HTTP/1.1" 200 52145 "-" "Mozilla/5.0 AppleWebKit/537.36 (KHTML, like Gecko; compatible; GPTBot/1.3; +https://openai.com/gptbot)"
57.141.20.46 - - [11/Jan/2026:00:16:49 +0000] "GET /2025/03/07/page/6/?fileloc=//sys/class/pci_bus/0000:05/subsystem/0000:02/subsystem/0000:0d/device/driver/0000:00:02.2/power/wakeup_last_time_ms&path=//sys/class/pci_bus/0000:05/subsystem/0000:02/subsystem/0000:0d/device/driver/0000:00:02.2/power HTTP/1.1" 200 276804 "-" "meta-externalagent/1.1 (+https://developers.facebook.com/docs/sharing/webmasters/crawler)"
66.135.21.75 - - [11/Jan/2026:00:16:50 +0000] "POST /wp-cron.php?doing_wp_cron=1768090610.2547399997711181640625 HTTP/1.1" 200 31 "-" "WordPress/6.3.1; https://datainsightnow.com"
114.119.159.33 - - [11/Jan/2026:00:16:50 +0000] "GET /zodiac-kasino-erfahrungen-2024-480-bonus-80-freispiele?path=//sys/dev/char/5:1/subsystem/tty61/subsystem/tty7/subsystem/ttyS11/subsystem/ttyS7 HTTP/1.1" 301 7275 "-" "Mozilla/5.0 (Linux; Android 7.0;) AppleWebKit/537.36 (KHTML, like Gecko) Mobile Safari/537.36 (compatible; PetalBot;+https://webmaster.petalsearch.com/site/petalbot)"
114.119.159.33 - - [11/Jan/2026:00:16:51 +0000] "GET /zodiac-kasino-erfahrungen-2024-480-bonus-80-freispiele/?path=//sys/dev/char/5:1/subsystem/tty61/subsystem/tty7/subsystem/ttyS11/subsystem/ttyS7 HTTP/1.1" 200 52146 "-" "Mozilla/5.0 (Linux; Android 7.0;) AppleWebKit/537.36 (KHTML, like Gecko) Mobile Safari/537.36 (compatible; PetalBot;+https://webmaster.petalsearch.com/site/petalbot)"
66.249.72.227 - - [11/Jan/2026:00:16:52 +0000] "GET /?fileloc=//sys/class/sound/card0/device/subsystem/devices/0000:00:02.2/subsystem/devices/0000:00:03.4/driver/0000:00:04.0/driver/0000:00:02.2/driver/0000:00:02.4/subsystem/devices/0000:00:02.6/firmware_node/subsystem/devices/device:10/power/runtime_status&path=//sys/class/sound/card0/device/subsystem/devices/0000:00:02.2/subsystem/devices/0000:00:03.4/driver/0000:00:04.0/driver/0000:00:02.2/driver/0000:00:02.4/subsystem/devices/0000:00:02.6/firmware_node/subsystem/devices/device:10/power HTTP/1.1" 200 52146 "-" "Mozilla/5.0 (Linux; Android 6.0.1; Nexus 5X Build/MMB29P) AppleWebKit/537.36 (KHTML, like Gecko) Chrome/143.0.7499.192 Mobile Safari/537.36 (compatible; Googlebot/2.1; +http://www.google.com/bot.html)"
74.7.227.51 - - [11/Jan/2026:00:16:52 +0000] "GET /entity/535142439.htm HTTP/1.1" 301 7275 "-" "Mozilla/5.0 AppleWebKit/537.36 (KHTML, like Gecko; compatible; GPTBot/1.3; +https://openai.com/gptbot)"
74.7.227.51 - - [11/Jan/2026:00:16:52 +0000] "GET /entity/535142439.htm/ HTTP/1.1" 200 52145 "-" "Mozilla/5.0 AppleWebKit/537.36 (KHTML, like Gecko; compatible; GPTBot/1.3; +https://openai.com/gptbot)"
74.7.227.51 - - [11/Jan/2026:00:16:55 +0000] "GET /entity/535258983.htm HTTP/1.1" 301 7281 "-" "Mozilla/5.0 AppleWebKit/537.36 (KHTML, like Gecko; compatible; GPTBot/1.3; +https://openai.com/gptbot)"
74.7.227.51 - - [11/Jan/2026:00:16:55 +0000] "GET /entity/535258983.htm/ HTTP/1.1" 200 52145 "-" "Mozilla/5.0 AppleWebKit/537.36 (KHTML, like Gecko; compatible; GPTBot/1.3; +https://openai.com/gptbot)"
217.113.194.60 - - [11/Jan/2026:00:16:56 +0000] "GET /?p=30093 HTTP/1.1" 200 50945 "-" "Mozilla/5.0 (compatible; Barkrowler/0.9; +https://babbar.tech/crawler)"
74.7.227.51 - - [11/Jan/2026:00:16:58 +0000] "GET /entity/535047380.htm HTTP/1.1" 301 7281 "-" "Mozilla/5.0 AppleWebKit/537.36 (KHTML, like Gecko; compatible; GPTBot/1.3; +https://openai.com/gptbot)"
74.7.227.51 - - [11/Jan/2026:00:16:58 +0000] "GET /entity/535047380.htm/ HTTP/1.1" 200 52145 "-" "Mozilla/5.0 AppleWebKit/537.36 (KHTML, like Gecko; compatible; GPTBot/1.3; +https://openai.com/gptbot)"
74.7.227.51 - - [11/Jan/2026:00:17:01 +0000] "GET /entity/535240337.htm HTTP/1.1" 301 7281 "-" "Mozilla/5.0 AppleWebKit/537.36 (KHTML, like Gecko; compatible; GPTBot/1.3; +https://openai.com/gptbot)"
74.7.227.51 - - [11/Jan/2026:00:17:02 +0000] "GET /entity/535240337.htm/ HTTP/1.1" 200 52145 "-" "Mozilla/5.0 AppleWebKit/537.36 (KHTML, like Gecko; compatible; GPTBot/1.3; +https://openai.com/gptbot)"
57.141.20.56 - - [11/Jan/2026:00:17:03 +0000] "GET /2025/03/07/page/6/?fileloc=//sys/class/pci_bus/0000:0c/device/driver/0000:00:02.1/0000:02:00.0/0000:03:01.0/subsystem/drivers/pcieport/0000:00:02.5/enable&path=//sys/class/pci_bus/0000:0c/device/driver/0000:00:02.1/0000:02:00.0/0000:03:01.0/subsystem/drivers/pcieport/0000:00:02.5 HTTP/1.1" 200 276804 "-" "meta-externalagent/1.1 (+https://developers.facebook.com/docs/sharing/webmasters/crawler)"
74.7.227.51 - - [11/Jan/2026:00:17:04 +0000] "GET /entity/535175844.htm HTTP/1.1" 301 7275 "-" "Mozilla/5.0 AppleWebKit/537.36 (KHTML, like Gecko; compatible; GPTBot/1.3; +https://openai.com/gptbot)"
74.7.227.51 - - [11/Jan/2026:00:17:05 +0000] "GET /entity/535175844.htm/ HTTP/1.1" 200 52145 "-" "Mozilla/5.0 AppleWebKit/537.36 (KHTML, like Gecko; compatible; GPTBot/1.3; +https://openai.com/gptbot)"
57.141.20.8 - - [11/Jan/2026:00:17:06 +0000] "GET /2025/03/06/page/39/?path=//sys/class/pci_bus/0000:13/subsystem/0000:0b/subsystem/0000:11/subsystem/0000:09/power HTTP/1.1" 200 276804 "-" "meta-externalagent/1.1 (+https://developers.facebook.com/docs/sharing/webmasters/crawler)"
74.7.227.51 - - [11/Jan/2026:00:17:07 +0000] "GET /entity/535123267.htm HTTP/1.1" 301 7275 "-" "Mozilla/5.0 AppleWebKit/537.36 (KHTML, like Gecko; compatible; GPTBot/1.3; +https://openai.com/gptbot)"
74.7.227.51 - - [11/Jan/2026:00:17:08 +0000] "GET /entity/535123267.htm/ HTTP/1.1" 200 52145 "-" "Mozilla/5.0 AppleWebKit/537.36 (KHTML, like Gecko; compatible; GPTBot/1.3; +https://openai.com/gptbot)"
57.141.20.45 - - [11/Jan/2026:00:17:09 +0000] "GET /karamba-spielsaal-erfahrungen-angeschlossen-testbericht-werfen-sie-einen-blick-auf-den-link-within-2025-pro-teutonia/?path=//sys/class/pci_bus/0000:01/subsystem/0000:11/subsystem/0000:03/subsystem/0000:03/device HTTP/1.1" 200 276803 "-" "meta-externalagent/1.1 (+https://developers.facebook.com/docs/sharing/webmasters/crawler)"
57.141.20.12 - - [11/Jan/2026:00:17:09 +0000] "GET /karamba-spielsaal-erfahrungen-angeschlossen-testbericht-werfen-sie-einen-blick-auf-den-link-within-2025-pro-teutonia/?fileloc=//sys/class/pci_bus/0000:06/subsystem/0000:0f/subsystem/0000:07/device/driver/0000:00:03.6/driver/0000:00:03.0/driver/0000:00:02.0/rescan&path=//sys/class/pci_bus/0000:06/subsystem/0000:0f/subsystem/0000:07/device/driver/0000:00:03.6/driver/0000:00:03.0/driver/0000:00:02.0 HTTP/1.1" 200 276796 "-" "meta-externalagent/1.1 (+https://developers.facebook.com/docs/sharing/webmasters/crawler)"
74.7.227.51 - - [11/Jan/2026:00:17:10 +0000] "GET /entity/535038578.htm HTTP/1.1" 301 7281 "-" "Mozilla/5.0 AppleWebKit/537.36 (KHTML, like Gecko; compatible; GPTBot/1.3; +https://openai.com/gptbot)"
74.7.227.51 - - [11/Jan/2026:00:17:11 +0000] "GET /entity/535038578.htm/ HTTP/1.1" 200 52145 "-" "Mozilla/5.0 AppleWebKit/537.36 (KHTML, like Gecko; compatible; GPTBot/1.3; +https://openai.com/gptbot)"
217.113.194.60 - - [11/Jan/2026:00:17:12 +0000] "GET /?p=30049 HTTP/1.1" 200 49440 "-" "Mozilla/5.0 (compatible; Barkrowler/0.9; +https://babbar.tech/crawler)"
74.7.227.51 - - [11/Jan/2026:00:17:14 +0000] "GET /entity/535233085.htm HTTP/1.1" 301 7281 "-" "Mozilla/5.0 AppleWebKit/537.36 (KHTML, like Gecko; compatible; GPTBot/1.3; +https://openai.com/gptbot)"
74.7.227.51 - - [11/Jan/2026:00:17:14 +0000] "GET /entity/535233085.htm/ HTTP/1.1" 200 52145 "-" "Mozilla/5.0 AppleWebKit/537.36 (KHTML, like Gecko; compatible; GPTBot/1.3; +https://openai.com/gptbot)"
57.141.20.59 - - [11/Jan/2026:00:17:16 +0000] "GET /2025/03/07/page/6/?fileloc=//sys/class/pci_bus/0000:06/device/driver/0000:00:03.5/driver/0000:00:02.5/firmware_node/subsystem/devices/device:33/adr&path=//sys/class/pci_bus/0000:06/device/driver/0000:00:03.5/driver/0000:00:02.5/firmware_node/subsystem/devices/device:33 HTTP/1.1" 200 276788 "-" "meta-externalagent/1.1 (+https://developers.facebook.com/docs/sharing/webmasters/crawler)"
74.7.227.51 - - [11/Jan/2026:00:17:17 +0000] "GET /entity/535219878.htm HTTP/1.1" 301 7281 "-" "Mozilla/5.0 AppleWebKit/537.36 (KHTML, like Gecko; compatible; GPTBot/1.3; +https://openai.com/gptbot)"
57.141.20.4 - - [11/Jan/2026:00:17:17 +0000] "GET /2025/03/07/page/6/?fileloc=//sys/class/pci_bus/0000:0d/subsystem/0000:00/subsystem/0000:0b/subsystem/0000:03/subsystem/0000:13/device/max_link_width&path=//sys/class/pci_bus/0000:0d/subsystem/0000:00/subsystem/0000:0b/subsystem/0000:03/subsystem/0000:13/device HTTP/1.1" 200 276796 "-" "meta-externalagent/1.1 (+https://developers.facebook.com/docs/sharing/webmasters/crawler)"
74.7.227.51 - - [11/Jan/2026:00:17:17 +0000] "GET /entity/535219878.htm/ HTTP/1.1" 200 52145 "-" "Mozilla/5.0 AppleWebKit/537.36 (KHTML, like Gecko; compatible; GPTBot/1.3; +https://openai.com/gptbot)"
57.141.20.37 - - [11/Jan/2026:00:17:19 +0000] "GET /karamba-spielsaal-erfahrungen-angeschlossen-testbericht-werfen-sie-einen-blick-auf-den-link-within-2025-pro-teutonia/?fileloc=//sys/class/pci_bus/0000:06/subsystem/0000:09/subsystem/0000:00/device/0000:00:02.3/0000:05:00.0/virtio1/features&path=//sys/class/pci_bus/0000:06/subsystem/0000:09/subsystem/0000:00/device/0000:00:02.3/0000:05:00.0/virtio1 HTTP/1.1" 200 276803 "-" "meta-externalagent/1.1 (+https://developers.facebook.com/docs/sharing/webmasters/crawler)"
66.249.72.228 - - [11/Jan/2026:00:17:20 +0000] "GET /?path=//sys/class/sound/card0/device/subsystem/devices/0000:00:02.2/driver/0000:00:02.2/driver/0000:00:03.1/driver/0000:00:02.0/0000:00:02.0:pcie002/driver/0000:00:02.0:pcie002/driver/0000:00:04.1:pcie002 HTTP/1.1" 200 52146 "-" "Mozilla/5.0 (Linux; Android 6.0.1; Nexus 5X Build/MMB29P) AppleWebKit/537.36 (KHTML, like Gecko) Chrome/143.0.7499.192 Mobile Safari/537.36 (compatible; Googlebot/2.1; +http://www.google.com/bot.html)"
74.7.227.51 - - [11/Jan/2026:00:17:20 +0000] "GET /entity/535192932.htm HTTP/1.1" 301 7275 "-" "Mozilla/5.0 AppleWebKit/537.36 (KHTML, like Gecko; compatible; GPTBot/1.3; +https://openai.com/gptbot)"
57.141.20.6 - - [11/Jan/2026:00:17:21 +0000] "GET /2025/03/13/?fileloc=//sys/class/pci_bus/0000:0d/subsystem/0000:0b/subsystem/0000:08/subsystem/0000:00/device/0000:00:03.2/ari_enabled&path=//sys/class/pci_bus/0000:0d/subsystem/0000:0b/subsystem/0000:08/subsystem/0000:00/device/0000:00:03.2 HTTP/1.1" 200 276804 "-" "meta-externalagent/1.1 (+https://developers.facebook.com/docs/sharing/webmasters/crawler)"
74.7.227.51 - - [11/Jan/2026:00:17:21 +0000] "GET /entity/535192932.htm/ HTTP/1.1" 200 52145 "-" "Mozilla/5.0 AppleWebKit/537.36 (KHTML, like Gecko; compatible; GPTBot/1.3; +https://openai.com/gptbot)"
57.141.20.13 - - [11/Jan/2026:00:17:22 +0000] "GET /karamba-spielsaal-erfahrungen-angeschlossen-testbericht-werfen-sie-einen-blick-auf-den-link-within-2025-pro-teutonia/?path=//sys/class/pci_bus/0000:06/subsystem/0000:06/subsystem/0000:07/subsystem/0000:0f/device/driver/0000:00:02.7/0000:09:00.0 HTTP/1.1" 200 276803 "-" "meta-externalagent/1.1 (+https://developers.facebook.com/docs/sharing/webmasters/crawler)"
57.141.20.50 - - [11/Jan/2026:00:17:23 +0000] "GET /2025/03/07/page/6/?fileloc=//sys/class/pci_bus/0000:0f/subsystem/0000:10/subsystem/0000:02/subsystem/0000:10/device/power/wakeup_max_time_ms&path=//sys/class/pci_bus/0000:0f/subsystem/0000:10/subsystem/0000:02/subsystem/0000:10/device/power HTTP/1.1" 200 276804 "-" "meta-externalagent/1.1 (+https://developers.facebook.com/docs/sharing/webmasters/crawler)"
74.7.227.51 - - [11/Jan/2026:00:17:23 +0000] "GET /entity/535178689.htm HTTP/1.1" 301 7275 "-" "Mozilla/5.0 AppleWebKit/537.36 (KHTML, like Gecko; compatible; GPTBot/1.3; +https://openai.com/gptbot)"
57.141.20.26 - - [11/Jan/2026:00:17:23 +0000] "GET /2025/03/06/page/39/?fileloc=//sys/class/pci_bus/0000:10/subsystem/0000:0b/subsystem/0000:04/subsystem/0000:0f/device/driver/0000:00:03.7/remove&path=//sys/class/pci_bus/0000:10/subsystem/0000:0b/subsystem/0000:04/subsystem/0000:0f/device/driver/0000:00:03.7 HTTP/1.1" 200 276788 "-" "meta-externalagent/1.1 (+https://developers.facebook.com/docs/sharing/webmasters/crawler)"
74.7.227.51 - - [11/Jan/2026:00:17:24 +0000] "GET /entity/535178689.htm/ HTTP/1.1" 200 52145 "-" "Mozilla/5.0 AppleWebKit/537.36 (KHTML, like Gecko; compatible; GPTBot/1.3; +https://openai.com/gptbot)"
57.141.20.51 - - [11/Jan/2026:00:17:25 +0000] "GET /2025/03/07/page/6/?fileloc=//sys/class/pci_bus/0000:05/subsystem/0000:06/subsystem/0000:09/device/driver/0000:00:02.1/driver/0000:00:03.3/reset_subordinate&path=//sys/class/pci_bus/0000:05/subsystem/0000:06/subsystem/0000:09/device/driver/0000:00:02.1/driver/0000:00:03.3 HTTP/1.1" 200 276804 "-" "meta-externalagent/1.1 (+https://developers.facebook.com/docs/sharing/webmasters/crawler)"
74.7.227.51 - - [11/Jan/2026:00:17:26 +0000] "GET /entity/535151763.htm HTTP/1.1" 301 7275 "-" "Mozilla/5.0 AppleWebKit/537.36 (KHTML, like Gecko; compatible; GPTBot/1.3; +https://openai.com/gptbot)"
74.7.227.51 - - [11/Jan/2026:00:17:27 +0000] "GET /entity/535151763.htm/ HTTP/1.1" 200 52145 "-" "Mozilla/5.0 AppleWebKit/537.36 (KHTML, like Gecko; compatible; GPTBot/1.3; +https://openai.com/gptbot)"
57.141.20.10 - - [11/Jan/2026:00:17:27 +0000] "GET /2025/03/07/page/6/?path=//sys/class/pci_bus/0000:01/device/driver/0000:00:02.7/driver/0000:00:02.1/driver/0000:00:04.1/pci_bus HTTP/1.1" 200 276803 "-" "meta-externalagent/1.1 (+https://developers.facebook.com/docs/sharing/webmasters/crawler)"
217.113.194.57 - - [11/Jan/2026:00:17:28 +0000] "GET /?p=30069 HTTP/1.1" 200 48118 "-" "Mozilla/5.0 (compatible; Barkrowler/0.9; +https://babbar.tech/crawler)"
74.7.227.51 - - [11/Jan/2026:00:17:29 +0000] "GET /entity/535168851.htm HTTP/1.1" 301 7281 "-" "Mozilla/5.0 AppleWebKit/537.36 (KHTML, like Gecko; compatible; GPTBot/1.3; +https://openai.com/gptbot)"
57.141.20.44 - - [11/Jan/2026:00:17:29 +0000] "GET /karamba-spielsaal-erfahrungen-angeschlossen-testbericht-werfen-sie-einen-blick-auf-den-link-within-2025-pro-teutonia/?path=//sys/class/pci_bus/0000:00/device/0000:00:04.0/0000:00:04.0:pcie010/subsystem/devices/0000:00:02.7:pcie001/driver HTTP/1.1" 200 276796 "-" "meta-externalagent/1.1 (+https://developers.facebook.com/docs/sharing/webmasters/crawler)"
74.7.227.51 - - [11/Jan/2026:00:17:30 +0000] "GET /entity/535168851.htm/ HTTP/1.1" 200 52145 "-" "Mozilla/5.0 AppleWebKit/537.36 (KHTML, like Gecko; compatible; GPTBot/1.3; +https://openai.com/gptbot)"
57.141.20.3 - - [11/Jan/2026:00:17:32 +0000] "GET /nacin-kako-uporabljate-globe-wagering-najboljsa-knjiga/?path=//sys/class/pci_bus/0000:00/subsystem/0000:07/device/firmware_node/device:2d HTTP/1.1" 200 276804 "-" "meta-externalagent/1.1 (+https://developers.facebook.com/docs/sharing/webmasters/crawler)"
74.7.227.51 - - [11/Jan/2026:00:17:33 +0000] "GET /entity/535107215.htm HTTP/1.1" 301 7281 "-" "Mozilla/5.0 AppleWebKit/537.36 (KHTML, like Gecko; compatible; GPTBot/1.3; +https://openai.com/gptbot)"
185.191.171.5 - - [11/Jan/2026:00:17:33 +0000] "GET /?p=21227 HTTP/1.1" 200 48479 "-" "Mozilla/5.0 (compatible; SemrushBot/7~bl; +http://www.semrush.com/bot.html)"
74.7.227.51 - - [11/Jan/2026:00:17:33 +0000] "GET /entity/535107215.htm/ HTTP/1.1" 200 52145 "-" "Mozilla/5.0 AppleWebKit/537.36 (KHTML, like Gecko; compatible; GPTBot/1.3; +https://openai.com/gptbot)"
167.114.139.173 - - [11/Jan/2026:00:17:34 +0000] "GET /?p=48936 HTTP/1.1" 200 49514 "-" "Mozilla/5.0 (compatible; AhrefsBot/7.0; +http://ahrefs.com/robot/)"
74.7.227.51 - - [11/Jan/2026:00:17:36 +0000] "GET /entity/535188788.htm HTTP/1.1" 301 7281 "-" "Mozilla/5.0 AppleWebKit/537.36 (KHTML, like Gecko; compatible; GPTBot/1.3; +https://openai.com/gptbot)"
74.7.227.51 - - [11/Jan/2026:00:17:36 +0000] "GET /entity/535188788.htm/ HTTP/1.1" 200 52145 "-" "Mozilla/5.0 AppleWebKit/537.36 (KHTML, like Gecko; compatible; GPTBot/1.3; +https://openai.com/gptbot)"
57.141.20.49 - - [11/Jan/2026:00:17:38 +0000] "GET /2025/03/13/?fileloc=//sys/class/pci_bus/0000:12/device/driver/0000:00:03.6/firmware_node/device:3f/power/runtime_active_kids&path=//sys/class/pci_bus/0000:12/device/driver/0000:00:03.6/firmware_node/device:3f/power HTTP/1.1" 200 276804 "-" "meta-externalagent/1.1 (+https://developers.facebook.com/docs/sharing/webmasters/crawler)"
74.7.227.51 - - [11/Jan/2026:00:17:39 +0000] "GET /entity/535210805.htm HTTP/1.1" 301 7275 "-" "Mozilla/5.0 AppleWebKit/537.36 (KHTML, like Gecko; compatible; GPTBot/1.3; +https://openai.com/gptbot)"
74.7.227.51 - - [11/Jan/2026:00:17:39 +0000] "GET /entity/535210805.htm/ HTTP/1.1" 200 52145 "-" "Mozilla/5.0 AppleWebKit/537.36 (KHTML, like Gecko; compatible; GPTBot/1.3; +https://openai.com/gptbot)"
57.141.20.22 - - [11/Jan/2026:00:17:41 +0000] "GET /2025/03/07/page/6/?fileloc=//sys/class/pci_bus/0000:0b/subsystem/0000:11/subsystem/0000:0a/device/driver/0000:00:02.5/subsystem_device&path=//sys/class/pci_bus/0000:0b/subsystem/0000:11/subsystem/0000:0a/device/driver/0000:00:02.5 HTTP/1.1" 200 276804 "-" "meta-externalagent/1.1 (+https://developers.facebook.com/docs/sharing/webmasters/crawler)"
74.7.227.51 - - [11/Jan/2026:00:17:42 +0000] "GET /entity/535217021.htm HTTP/1.1" 301 7281 "-" "Mozilla/5.0 AppleWebKit/537.36 (KHTML, like Gecko; compatible; GPTBot/1.3; +https://openai.com/gptbot)"
74.7.227.51 - - [11/Jan/2026:00:17:42 +0000] "GET /entity/535217021.htm/ HTTP/1.1" 200 52145 "-" "Mozilla/5.0 AppleWebKit/537.36 (KHTML, like Gecko; compatible; GPTBot/1.3; +https://openai.com/gptbot)"
217.113.194.54 - - [11/Jan/2026:00:17:43 +0000] "GET /?p=30935 HTTP/1.1" 200 50618 "-" "Mozilla/5.0 (compatible; Barkrowler/0.9; +https://babbar.tech/crawler)"
74.7.227.51 - - [11/Jan/2026:00:17:45 +0000] "GET /entity/535075874.htm HTTP/1.1" 301 7275 "-" "Mozilla/5.0 AppleWebKit/537.36 (KHTML, like Gecko; compatible; GPTBot/1.3; +https://openai.com/gptbot)"
74.7.227.51 - - [11/Jan/2026:00:17:46 +0000] "GET /entity/535075874.htm/ HTTP/1.1" 200 52145 "-" "Mozilla/5.0 AppleWebKit/537.36 (KHTML, like Gecko; compatible; GPTBot/1.3; +https://openai.com/gptbot)"
66.249.72.227 - - [11/Jan/2026:00:17:47 +0000] "GET /?fileloc=//sys/class/sound/card0/device/subsystem/devices/0000:00:02.2/subsystem/devices/0000:00:1f.0/subsystem/devices/0000:00:03.6/driver/0000:00:02.1/firmware_node/wakeup/wakeup3/subsystem/wakeup34/subsystem/wakeup3/prevent_suspend_time_ms&path=//sys/class/sound/card0/device/subsystem/devices/0000:00:02.2/subsystem/devices/0000:00:1f.0/subsystem/devices/0000:00:03.6/driver/0000:00:02.1/firmware_node/wakeup/wakeup3/subsystem/wakeup34/subsystem/wakeup3 HTTP/1.1" 200 52146 "-" "Mozilla/5.0 (Linux; Android 6.0.1; Nexus 5X Build/MMB29P) AppleWebKit/537.36 (KHTML, like Gecko) Chrome/143.0.7499.192 Mobile Safari/537.36 (compatible; Googlebot/2.1; +http://www.google.com/bot.html)"
74.7.227.51 - - [11/Jan/2026:00:17:48 +0000] "GET /entity/535198897.htm HTTP/1.1" 301 7281 "-" "Mozilla/5.0 AppleWebKit/537.36 (KHTML, like Gecko; compatible; GPTBot/1.3; +https://openai.com/gptbot)"
57.141.20.8 - - [11/Jan/2026:00:17:49 +0000] "GET /2025/03/13/?fileloc=//sys/class/pci_bus/0000:07/device/driver/0000:00:03.2/driver/0000:00:03.1/aer_rootport_total_err_fatal&path=//sys/class/pci_bus/0000:07/device/driver/0000:00:03.2/driver/0000:00:03.1 HTTP/1.1" 200 276842 "-" "meta-externalagent/1.1 (+https://developers.facebook.com/docs/sharing/webmasters/crawler)"
74.7.227.51 - - [11/Jan/2026:00:17:49 +0000] "GET /entity/535198897.htm/ HTTP/1.1" 200 52145 "-" "Mozilla/5.0 AppleWebKit/537.36 (KHTML, like Gecko; compatible; GPTBot/1.3; +https://openai.com/gptbot)"
57.141.20.17 - - [11/Jan/2026:00:17:49 +0000] "GET /2025/03/06/page/39/?fileloc=//sys/class/pci_bus/0000:0e/subsystem/0000:13/subsystem/0000:04/subsystem/0000:02/device/vendor&path=//sys/class/pci_bus/0000:0e/subsystem/0000:13/subsystem/0000:04/subsystem/0000:02/device HTTP/1.1" 200 276804 "-" "meta-externalagent/1.1 (+https://developers.facebook.com/docs/sharing/webmasters/crawler)"
66.135.21.75 - - [11/Jan/2026:00:17:51 +0000] "POST /wp-cron.php?doing_wp_cron=1768090671.9668490886688232421875 HTTP/1.1" 200 31 "-" "WordPress/6.3.1; https://datainsightnow.com"
74.7.227.51 - - [11/Jan/2026:00:17:51 +0000] "GET /entity/535162635.htm HTTP/1.1" 301 7281 "-" "Mozilla/5.0 AppleWebKit/537.36 (KHTML, like Gecko; compatible; GPTBot/1.3; +https://openai.com/gptbot)"
74.7.227.51 - - [11/Jan/2026:00:17:52 +0000] "GET /entity/535162635.htm/ HTTP/1.1" 200 52145 "-" "Mozilla/5.0 AppleWebKit/537.36 (KHTML, like Gecko; compatible; GPTBot/1.3; +https://openai.com/gptbot)"
57.141.20.18 - - [11/Jan/2026:00:17:54 +0000] "GET /2025/03/07/page/6/?fileloc=//sys/class/pci_bus/0000:05/subsystem/0000:0e/device/subsystem/devices/0000:00:04.0/driver/0000:00:04.0/secondary_bus_number&path=//sys/class/pci_bus/0000:05/subsystem/0000:0e/device/subsystem/devices/0000:00:04.0/driver/0000:00:04.0 HTTP/1.1" 200 276796 "-" "meta-externalagent/1.1 (+https://developers.facebook.com/docs/sharing/webmasters/crawler)"
74.7.227.51 - - [11/Jan/2026:00:17:54 +0000] "GET /entity/535252767.htm HTTP/1.1" 301 7281 "-" "Mozilla/5.0 AppleWebKit/537.36 (KHTML, like Gecko; compatible; GPTBot/1.3; +https://openai.com/gptbot)"
74.7.227.51 - - [11/Jan/2026:00:17:55 +0000] "GET /entity/535252767.htm/ HTTP/1.1" 200 52145 "-" "Mozilla/5.0 AppleWebKit/537.36 (KHTML, like Gecko; compatible; GPTBot/1.3; +https://openai.com/gptbot)"
57.141.20.8 - - [11/Jan/2026:00:17:56 +0000] "GET /karamba-spielsaal-erfahrungen-angeschlossen-testbericht-werfen-sie-einen-blick-auf-den-link-within-2025-pro-teutonia/?fileloc=//sys/class/pci_bus/0000:0f/subsystem/0000:02/subsystem/0000:0b/device/driver/0000:00:02.5/driver/0000:00:03.2/ari_enabled&path=//sys/class/pci_bus/0000:0f/subsystem/0000:02/subsystem/0000:0b/device/driver/0000:00:02.5/driver/0000:00:03.2 HTTP/1.1" 200 276803 "-" "meta-externalagent/1.1 (+https://developers.facebook.com/docs/sharing/webmasters/crawler)"
57.141.20.41 - - [11/Jan/2026:00:17:56 +0000] "GET /2025/03/07/page/6/?fileloc=//sys/class/pci_bus/0000:0d/subsystem/0000:0c/subsystem/0000:05/device/0000:05:00.0/link/l0s_aspm&path=//sys/class/pci_bus/0000:0d/subsystem/0000:0c/subsystem/0000:05/device/0000:05:00.0/link HTTP/1.1" 200 276788 "-" "meta-externalagent/1.1 (+https://developers.facebook.com/docs/sharing/webmasters/crawler)"
74.7.227.51 - - [11/Jan/2026:00:17:58 +0000] "GET /entity/535106430.htm HTTP/1.1" 301 7275 "-" "Mozilla/5.0 AppleWebKit/537.36 (KHTML, like Gecko; compatible; GPTBot/1.3; +https://openai.com/gptbot)"
74.7.227.51 - - [11/Jan/2026:00:17:58 +0000] "GET /entity/535106430.htm/ HTTP/1.1" 200 52145 "-" "Mozilla/5.0 AppleWebKit/537.36 (KHTML, like Gecko; compatible; GPTBot/1.3; +https://openai.com/gptbot)"
217.113.194.55 - - [11/Jan/2026:00:17:59 +0000] "GET /?p=28937 HTTP/1.1" 200 49370 "-" "Mozilla/5.0 (compatible; Barkrowler/0.9; +https://babbar.tech/crawler)"
74.7.227.51 - - [11/Jan/2026:00:18:01 +0000] "GET /entity/535182060.htm HTTP/1.1" 301 7281 "-" "Mozilla/5.0 AppleWebKit/537.36 (KHTML, like Gecko; compatible; GPTBot/1.3; +https://openai.com/gptbot)"
74.7.227.51 - - [11/Jan/2026:00:18:01 +0000] "GET /entity/535182060.htm/ HTTP/1.1" 200 52145 "-" "Mozilla/5.0 AppleWebKit/537.36 (KHTML, like Gecko; compatible; GPTBot/1.3; +https://openai.com/gptbot)"
74.7.227.51 - - [11/Jan/2026:00:18:04 +0000] "GET /entity/535211841.htm HTTP/1.1" 301 7281 "-" "Mozilla/5.0 AppleWebKit/537.36 (KHTML, like Gecko; compatible; GPTBot/1.3; +https://openai.com/gptbot)"
74.7.227.51 - - [11/Jan/2026:00:18:04 +0000] "GET /entity/535211841.htm/ HTTP/1.1" 200 52145 "-" "Mozilla/5.0 AppleWebKit/537.36 (KHTML, like Gecko; compatible; GPTBot/1.3; +https://openai.com/gptbot)"
74.7.227.51 - - [11/Jan/2026:00:18:07 +0000] "GET /entity/535185680.htm HTTP/1.1" 301 7281 "-" "Mozilla/5.0 AppleWebKit/537.36 (KHTML, like Gecko; compatible; GPTBot/1.3; +https://openai.com/gptbot)"
74.7.227.51 - - [11/Jan/2026:00:18:07 +0000] "GET /entity/535185680.htm/ HTTP/1.1" 200 52145 "-" "Mozilla/5.0 AppleWebKit/537.36 (KHTML, like Gecko; compatible; GPTBot/1.3; +https://openai.com/gptbot)"
57.141.20.51 - - [11/Jan/2026:00:18:09 +0000] "GET /2025/03/07/page/6/?fileloc=//sys/class/pci_bus/0000:0f/subsystem/0000:05/device/driver/0000:00:02.5/driver/0000:00:03.1/uevent&path=//sys/class/pci_bus/0000:0f/subsystem/0000:05/device/driver/0000:00:02.5/driver/0000:00:03.1 HTTP/1.1" 200 276795 "-" "meta-externalagent/1.1 (+https://developers.facebook.com/docs/sharing/webmasters/crawler)"
74.7.227.51 - - [11/Jan/2026:00:18:10 +0000] "GET /entity/535065253.htm HTTP/1.1" 301 7281 "-" "Mozilla/5.0 AppleWebKit/537.36 (KHTML, like Gecko; compatible; GPTBot/1.3; +https://openai.com/gptbot)"
57.141.20.48 - - [11/Jan/2026:00:18:11 +0000] "GET /2025/03/07/page/6/?fileloc=//sys/class/pci_bus/0000:06/subsystem/0000:0c/device/driver/0000:00:03.1/driver/0000:00:02.5/device&path=//sys/class/pci_bus/0000:06/subsystem/0000:0c/device/driver/0000:00:03.1/driver/0000:00:02.5 HTTP/1.1" 200 276812 "-" "meta-externalagent/1.1 (+https://developers.facebook.com/docs/sharing/webmasters/crawler)"
74.7.227.51 - - [11/Jan/2026:00:18:11 +0000] "GET /entity/535065253.htm/ HTTP/1.1" 200 52145 "-" "Mozilla/5.0 AppleWebKit/537.36 (KHTML, like Gecko; compatible; GPTBot/1.3; +https://openai.com/gptbot)"
57.141.20.46 - - [11/Jan/2026:00:18:11 +0000] "GET /2025/03/07/page/6/?fileloc=//sys/class/pci_bus/0000:07/device/driver/0000:00:02.1/driver/0000:00:02.7/driver/0000:00:03.2/power/wakeup&path=//sys/class/pci_bus/0000:07/device/driver/0000:00:02.1/driver/0000:00:02.7/driver/0000:00:03.2/power HTTP/1.1" 200 276812 "-" "meta-externalagent/1.1 (+https://developers.facebook.com/docs/sharing/webmasters/crawler)"
57.141.20.10 - - [11/Jan/2026:00:18:11 +0000] "GET /karamba-spielsaal-erfahrungen-angeschlossen-testbericht-werfen-sie-einen-blick-auf-den-link-within-2025-pro-teutonia/?path=//sys/class/pci_bus/0000:06/subsystem/0000:0f/subsystem/0000:05/device/driver/0000:00:02.7/pci_bus/0000:09/device HTTP/1.1" 200 276811 "-" "meta-externalagent/1.1 (+https://developers.facebook.com/docs/sharing/webmasters/crawler)"
74.7.227.51 - - [11/Jan/2026:00:18:13 +0000] "GET /entity/535145547.htm HTTP/1.1" 301 7281 "-" "Mozilla/5.0 AppleWebKit/537.36 (KHTML, like Gecko; compatible; GPTBot/1.3; +https://openai.com/gptbot)"
74.7.227.51 - - [11/Jan/2026:00:18:13 +0000] "GET /entity/535145547.htm/ HTTP/1.1" 200 52145 "-" "Mozilla/5.0 AppleWebKit/537.36 (KHTML, like Gecko; compatible; GPTBot/1.3; +https://openai.com/gptbot)"
217.113.194.213 - - [11/Jan/2026:00:18:15 +0000] "GET /?p=47027 HTTP/1.1" 200 50038 "-" "Mozilla/5.0 (compatible; Barkrowler/0.9; +https://babbar.tech/crawler)"
66.249.72.228 - - [11/Jan/2026:00:18:15 +0000] "GET /?path=//sys/class/sound/card0/device/subsystem/devices/0000:00:02.2/subsystem/devices/0000:00:03.4/driver/0000:00:02.1/driver/0000:00:02.6/0000:00:02.6:pcie010 HTTP/1.1" 200 52146 "-" "Mozilla/5.0 (Linux; Android 6.0.1; Nexus 5X Build/MMB29P) AppleWebKit/537.36 (KHTML, like Gecko) Chrome/143.0.7499.192 Mobile Safari/537.36 (compatible; Googlebot/2.1; +http://www.google.com/bot.html)"
74.7.227.51 - - [11/Jan/2026:00:18:16 +0000] "GET /entity/535239823.htm HTTP/1.1" 301 7281 "-" "Mozilla/5.0 AppleWebKit/537.36 (KHTML, like Gecko; compatible; GPTBot/1.3; +https://openai.com/gptbot)"
57.141.20.50 - - [11/Jan/2026:00:18:16 +0000] "GET /moneysense-self-help-guide-to-the-ideal-profile/?fileloc=//sys/class/pci_bus/0000:00/device/0000:00:02.4/driver/0000:00:02.7/driver/0000:00:03.4/driver/0000:00:02.4/class&path=//sys/class/pci_bus/0000:00/device/0000:00:02.4/driver/0000:00:02.7/driver/0000:00:03.4/driver/0000:00:02.4 HTTP/1.1" 200 276796 "-" "meta-externalagent/1.1 (+https://developers.facebook.com/docs/sharing/webmasters/crawler)"
74.7.227.51 - - [11/Jan/2026:00:18:16 +0000] "GET /entity/535239823.htm/ HTTP/1.1" 200 52145 "-" "Mozilla/5.0 AppleWebKit/537.36 (KHTML, like Gecko; compatible; GPTBot/1.3; +https://openai.com/gptbot)"
57.141.20.25 - - [11/Jan/2026:00:18:17 +0000] "GET /2025/03/07/page/6/?fileloc=//sys/class/pci_bus/0000:11/device/driver/0000:00:03.5/driver/0000:00:03.0/driver/0000:00:02.0/driver/unbind&path=//sys/class/pci_bus/0000:11/device/driver/0000:00:03.5/driver/0000:00:03.0/driver/0000:00:02.0/driver HTTP/1.1" 200 276788 "-" "meta-externalagent/1.1 (+https://developers.facebook.com/docs/sharing/webmasters/crawler)"
74.7.227.51 - - [11/Jan/2026:00:18:19 +0000] "GET /entity/535164185.htm HTTP/1.1" 301 7275 "-" "Mozilla/5.0 AppleWebKit/537.36 (KHTML, like Gecko; compatible; GPTBot/1.3; +https://openai.com/gptbot)"
74.7.227.51 - - [11/Jan/2026:00:18:19 +0000] "GET /entity/535164185.htm/ HTTP/1.1" 200 52145 "-" "Mozilla/5.0 AppleWebKit/537.36 (KHTML, like Gecko; compatible; GPTBot/1.3; +https://openai.com/gptbot)"
57.141.20.36 - - [11/Jan/2026:00:18:20 +0000] "GET /karamba-spielsaal-erfahrungen-angeschlossen-testbericht-werfen-sie-einen-blick-auf-den-link-within-2025-pro-teutonia/?fileloc=//sys/class/pci_bus/0000:06/subsystem/0000:0d/subsystem/0000:0f/device/driver/0000:00:02.5/driver/new_id&path=//sys/class/pci_bus/0000:06/subsystem/0000:0d/subsystem/0000:0f/device/driver/0000:00:02.5/driver HTTP/1.1" 200 276803 "-" "meta-externalagent/1.1 (+https://developers.facebook.com/docs/sharing/webmasters/crawler)"
57.141.20.35 - - [11/Jan/2026:00:18:20 +0000] "GET /2025/03/07/page/6/?fileloc=//sys/class/pci_bus/0000:0e/subsystem/0000:05/subsystem/0000:0f/device/driver/0000:00:03.2/0000:00:03.2:pcie001/driver/uevent&path=//sys/class/pci_bus/0000:0e/subsystem/0000:05/subsystem/0000:0f/device/driver/0000:00:03.2/0000:00:03.2:pcie001/driver HTTP/1.1" 200 276788 "-" "meta-externalagent/1.1 (+https://developers.facebook.com/docs/sharing/webmasters/crawler)"
74.7.227.51 - - [11/Jan/2026:00:18:22 +0000] "GET /entity/535104107.htm HTTP/1.1" 301 7281 "-" "Mozilla/5.0 AppleWebKit/537.36 (KHTML, like Gecko; compatible; GPTBot/1.3; +https://openai.com/gptbot)"
74.7.227.51 - - [11/Jan/2026:00:18:22 +0000] "GET /entity/535104107.htm/ HTTP/1.1" 200 52145 "-" "Mozilla/5.0 AppleWebKit/537.36 (KHTML, like Gecko; compatible; GPTBot/1.3; +https://openai.com/gptbot)"
167.114.139.224 - - [11/Jan/2026:00:18:23 +0000] "GET /?paged=17&m=20250421 HTTP/1.1" 200 44209 "-" "Mozilla/5.0 (compatible; AhrefsBot/7.0; +http://ahrefs.com/robot/)"
114.119.145.154 - - [11/Jan/2026:00:18:24 +0000] "GET /zodiac-kasino-erfahrungen-2024-480-bonus-80-freispiele?path=//sys/dev/char/5:1/subsystem/tty61/subsystem/tty7/subsystem/ttyS11/subsystem/tty21 HTTP/1.1" 301 7275 "-" "Mozilla/5.0 (Linux; Android 7.0;) AppleWebKit/537.36 (KHTML, like Gecko) Mobile Safari/537.36 (compatible; PetalBot;+https://webmaster.petalsearch.com/site/petalbot)"
74.7.227.51 - - [11/Jan/2026:00:18:25 +0000] "GET /entity/535119123.htm HTTP/1.1" 301 7281 "-" "Mozilla/5.0 AppleWebKit/537.36 (KHTML, like Gecko; compatible; GPTBot/1.3; +https://openai.com/gptbot)"
114.119.145.154 - - [11/Jan/2026:00:18:26 +0000] "GET /zodiac-kasino-erfahrungen-2024-480-bonus-80-freispiele/?path=//sys/dev/char/5:1/subsystem/tty61/subsystem/tty7/subsystem/ttyS11/subsystem/tty21 HTTP/1.1" 200 52146 "-" "Mozilla/5.0 (Linux; Android 7.0;) AppleWebKit/537.36 (KHTML, like Gecko) Mobile Safari/537.36 (compatible; PetalBot;+https://webmaster.petalsearch.com/site/petalbot)"
74.7.227.51 - - [11/Jan/2026:00:18:26 +0000] "GET /entity/535119123.htm/ HTTP/1.1" 200 52145 "-" "Mozilla/5.0 AppleWebKit/537.36 (KHTML, like Gecko; compatible; GPTBot/1.3; +https://openai.com/gptbot)"
57.141.20.20 - - [11/Jan/2026:00:18:28 +0000] "GET /karamba-spielsaal-erfahrungen-angeschlossen-testbericht-werfen-sie-einen-blick-auf-den-link-within-2025-pro-teutonia/?fileloc=//sys/class/pci_bus/0000:06/subsystem/0000:0c/device/driver/0000:00:03.1/driver/0000:00:03.3/current_link_speed&path=//sys/class/pci_bus/0000:06/subsystem/0000:0c/device/driver/0000:00:03.1/driver/0000:00:03.3 HTTP/1.1" 200 276811 "-" "meta-externalagent/1.1 (+https://developers.facebook.com/docs/sharing/webmasters/crawler)"
74.7.227.51 - - [11/Jan/2026:00:18:28 +0000] "GET /entity/535152277.htm HTTP/1.1" 301 7281 "-" "Mozilla/5.0 AppleWebKit/537.36 (KHTML, like Gecko; compatible; GPTBot/1.3; +https://openai.com/gptbot)"
74.7.227.51 - - [11/Jan/2026:00:18:29 +0000] "GET /entity/535152277.htm/ HTTP/1.1" 200 52145 "-" "Mozilla/5.0 AppleWebKit/537.36 (KHTML, like Gecko; compatible; GPTBot/1.3; +https://openai.com/gptbot)"
217.113.194.56 - - [11/Jan/2026:00:18:30 +0000] "GET /?p=45663 HTTP/1.1" 200 49393 "-" "Mozilla/5.0 (compatible; Barkrowler/0.9; +https://babbar.tech/crawler)"
74.7.227.51 - - [11/Jan/2026:00:18:31 +0000] "GET /entity/535212626.htm HTTP/1.1" 301 7281 "-" "Mozilla/5.0 AppleWebKit/537.36 (KHTML, like Gecko; compatible; GPTBot/1.3; +https://openai.com/gptbot)"
74.7.227.51 - - [11/Jan/2026:00:18:32 +0000] "GET /entity/535212626.htm/ HTTP/1.1" 200 52145 "-" "Mozilla/5.0 AppleWebKit/537.36 (KHTML, like Gecko; compatible; GPTBot/1.3; +https://openai.com/gptbot)"
57.141.20.43 - - [11/Jan/2026:00:18:33 +0000] "GET /karamba-spielsaal-erfahrungen-angeschlossen-testbericht-werfen-sie-einen-blick-auf-den-link-within-2025-pro-teutonia/?fileloc=//sys/class/pci_bus/0000:06/subsystem/0000:09/subsystem/0000:0d/subsystem/0000:13/subsystem/0000:10/subsystem/0000:04/cpulistaffinity&path=//sys/class/pci_bus/0000:06/subsystem/0000:09/subsystem/0000:0d/subsystem/0000:13/subsystem/0000:10/subsystem/0000:04 HTTP/1.1" 200 276812 "-" "meta-externalagent/1.1 (+https://developers.facebook.com/docs/sharing/webmasters/crawler)"
57.141.20.21 - - [11/Jan/2026:00:18:33 +0000] "GET /2025/03/06/page/39/?path=//sys/class/pci_bus/0000:09/subsystem/0000:02/subsystem/0000:0d/device/driver/0000:00:02.1/power HTTP/1.1" 200 276804 "-" "meta-externalagent/1.1 (+https://developers.facebook.com/docs/sharing/webmasters/crawler)"
74.7.227.51 - - [11/Jan/2026:00:18:35 +0000] "GET /entity/535190860.htm HTTP/1.1" 301 7281 "-" "Mozilla/5.0 AppleWebKit/537.36 (KHTML, like Gecko; compatible; GPTBot/1.3; +https://openai.com/gptbot)"
57.141.20.30 - - [11/Jan/2026:00:18:35 +0000] "GET /karamba-spielsaal-erfahrungen-angeschlossen-testbericht-werfen-sie-einen-blick-auf-den-link-within-2025-pro-teutonia/?fileloc=//sys/class/pci_bus/0000:06/subsystem/0000:0d/subsystem/0000:0e/subsystem/0000:0d/subsystem/0000:02/cpuaffinity&path=//sys/class/pci_bus/0000:06/subsystem/0000:0d/subsystem/0000:0e/subsystem/0000:0d/subsystem/0000:02 HTTP/1.1" 200 276804 "-" "meta-externalagent/1.1 (+https://developers.facebook.com/docs/sharing/webmasters/crawler)"
74.7.227.51 - - [11/Jan/2026:00:18:35 +0000] "GET /entity/535190860.htm/ HTTP/1.1" 200 52145 "-" "Mozilla/5.0 AppleWebKit/537.36 (KHTML, like Gecko; compatible; GPTBot/1.3; +https://openai.com/gptbot)"
74.7.227.51 - - [11/Jan/2026:00:18:37 +0000] "GET /entity/535238265.htm HTTP/1.1" 301 7281 "-" "Mozilla/5.0 AppleWebKit/537.36 (KHTML, like Gecko; compatible; GPTBot/1.3; +https://openai.com/gptbot)"
74.7.227.51 - - [11/Jan/2026:00:18:38 +0000] "GET /entity/535238265.htm/ HTTP/1.1" 200 52145 "-" "Mozilla/5.0 AppleWebKit/537.36 (KHTML, like Gecko; compatible; GPTBot/1.3; +https://openai.com/gptbot)"
57.141.20.56 - - [11/Jan/2026:00:18:39 +0000] "GET /2025/03/06/page/39/?fileloc=//sys/class/pci_bus/0000:03/subsystem/0000:11/device/driver/0000:00:02.6/driver/0000:00:02.3/driver/0000:00:02.4/power_state&path=//sys/class/pci_bus/0000:03/subsystem/0000:11/device/driver/0000:00:02.6/driver/0000:00:02.3/driver/0000:00:02.4 HTTP/1.1" 200 276804 "-" "meta-externalagent/1.1 (+https://developers.facebook.com/docs/sharing/webmasters/crawler)"
74.7.227.51 - - [11/Jan/2026:00:18:41 +0000] "GET /entity/535088557.htm HTTP/1.1" 301 7275 "-" "Mozilla/5.0 AppleWebKit/537.36 (KHTML, like Gecko; compatible; GPTBot/1.3; +https://openai.com/gptbot)"
74.7.227.51 - - [11/Jan/2026:00:18:41 +0000] "GET /entity/535088557.htm/ HTTP/1.1" 200 52145 "-" "Mozilla/5.0 AppleWebKit/537.36 (KHTML, like Gecko; compatible; GPTBot/1.3; +https://openai.com/gptbot)"
57.141.20.17 - - [11/Jan/2026:00:18:42 +0000] "GET /2025/03/07/page/6/?fileloc=//sys/class/pci_bus/0000:07/subsystem/0000:01/subsystem/0000:0d/subsystem/0000:06/device/driver/0000:00:03.6/driver/unbind&path=//sys/class/pci_bus/0000:07/subsystem/0000:01/subsystem/0000:0d/subsystem/0000:06/device/driver/0000:00:03.6/driver HTTP/1.1" 200 276804 "-" "meta-externalagent/1.1 (+https://developers.facebook.com/docs/sharing/webmasters/crawler)"
66.249.72.226 - - [11/Jan/2026:00:18:42 +0000] "GET /?fileloc=//sys/class/sound/card0/device/subsystem/devices/0000:00:02.2/driver/0000:00:03.4/driver/0000:00:02.6/driver/0000:00:02.7/driver/0000:00:02.2/driver/0000:00:02.0/0000:01:00.0/firmware_node/physical_node/subsystem_device&path=//sys/class/sound/card0/device/subsystem/devices/0000:00:02.2/driver/0000:00:03.4/driver/0000:00:02.6/driver/0000:00:02.7/driver/0000:00:02.2/driver/0000:00:02.0/0000:01:00.0/firmware_node/physical_node HTTP/1.1" 200 52146 "-" "Mozilla/5.0 (Linux; Android 6.0.1; Nexus 5X Build/MMB29P) AppleWebKit/537.36 (KHTML, like Gecko) Chrome/143.0.7499.192 Mobile Safari/537.36 (compatible; Googlebot/2.1; +http://www.google.com/bot.html)"
74.7.227.51 - - [11/Jan/2026:00:18:44 +0000] "GET /entity/535043236.htm HTTP/1.1" 301 7275 "-" "Mozilla/5.0 AppleWebKit/537.36 (KHTML, like Gecko; compatible; GPTBot/1.3; +https://openai.com/gptbot)"
74.7.227.51 - - [11/Jan/2026:00:18:44 +0000] "GET /entity/535043236.htm/ HTTP/1.1" 200 52145 "-" "Mozilla/5.0 AppleWebKit/537.36 (KHTML, like Gecko; compatible; GPTBot/1.3; +https://openai.com/gptbot)"
217.113.194.58 - - [11/Jan/2026:00:18:46 +0000] "GET /?p=39043 HTTP/1.1" 200 51703 "-" "Mozilla/5.0 (compatible; Barkrowler/0.9; +https://babbar.tech/crawler)"
74.7.227.51 - - [11/Jan/2026:00:18:47 +0000] "GET /entity/535187752.htm HTTP/1.1" 301 7275 "-" "Mozilla/5.0 AppleWebKit/537.36 (KHTML, like Gecko; compatible; GPTBot/1.3; +https://openai.com/gptbot)"
74.7.227.51 - - [11/Jan/2026:00:18:47 +0000] "GET /entity/535187752.htm/ HTTP/1.1" 200 52145 "-" "Mozilla/5.0 AppleWebKit/537.36 (KHTML, like Gecko; compatible; GPTBot/1.3; +https://openai.com/gptbot)"
57.141.20.7 - - [11/Jan/2026:00:18:48 +0000] "GET /2025/03/06/page/39/?fileloc=//sys/class/pci_bus/0000:04/device/driver/0000:00:02.4/driver/0000:00:03.2/local_cpus&path=//sys/class/pci_bus/0000:04/device/driver/0000:00:02.4/driver/0000:00:03.2 HTTP/1.1" 200 276788 "-" "meta-externalagent/1.1 (+https://developers.facebook.com/docs/sharing/webmasters/crawler)"
66.135.21.75 - - [11/Jan/2026:00:18:50 +0000] "POST /wp-cron.php?doing_wp_cron=1768090730.0202960968017578125000 HTTP/1.1" 200 31 "-" "WordPress/6.3.1; https://datainsightnow.com"
57.141.20.35 - - [11/Jan/2026:00:18:50 +0000] "GET /2025/03/07/page/6/?fileloc=//sys/class/pci_bus/0000:09/device/driver/0000:00:03.0/0000:00:03.0:pcie001/subsystem/devices/0000:00:02.3:pcie002/driver/0000:00:04.0:pcie002/uevent&path=//sys/class/pci_bus/0000:09/device/driver/0000:00:03.0/0000:00:03.0:pcie001/subsystem/devices/0000:00:02.3:pcie002/driver/0000:00:04.0:pcie002 HTTP/1.1" 200 276804 "-" "meta-externalagent/1.1 (+https://developers.facebook.com/docs/sharing/webmasters/crawler)"
74.7.227.51 - - [11/Jan/2026:00:18:50 +0000] "GET /entity/535174808.htm HTTP/1.1" 301 7275 "-" "Mozilla/5.0 AppleWebKit/537.36 (KHTML, like Gecko; compatible; GPTBot/1.3; +https://openai.com/gptbot)"
74.7.227.51 - - [11/Jan/2026:00:18:51 +0000] "GET /entity/535174808.htm/ HTTP/1.1" 200 52145 "-" "Mozilla/5.0 AppleWebKit/537.36 (KHTML, like Gecko; compatible; GPTBot/1.3; +https://openai.com/gptbot)"
57.141.20.28 - - [11/Jan/2026:00:18:53 +0000] "GET /2025/03/06/page/39/?fileloc=//sys/class/pci_bus/0000:06/subsystem/0000:0f/subsystem/0000:08/subsystem/0000:11/rescan&path=//sys/class/pci_bus/0000:06/subsystem/0000:0f/subsystem/0000:08/subsystem/0000:11 HTTP/1.1" 200 276812 "-" "meta-externalagent/1.1 (+https://developers.facebook.com/docs/sharing/webmasters/crawler)"
74.7.227.51 - - [11/Jan/2026:00:18:53 +0000] "GET /entity/535234121.htm HTTP/1.1" 301 7281 "-" "Mozilla/5.0 AppleWebKit/537.36 (KHTML, like Gecko; compatible; GPTBot/1.3; +https://openai.com/gptbot)"
57.141.20.20 - - [11/Jan/2026:00:18:53 +0000] "GET /karamba-spielsaal-erfahrungen-angeschlossen-testbericht-werfen-sie-einen-blick-auf-den-link-within-2025-pro-teutonia/?fileloc=//sys/class/pci_bus/0000:07/subsystem/0000:05/subsystem/0000:10/subsystem/0000:04/subsystem/0000:06/cpulistaffinity&path=//sys/class/pci_bus/0000:07/subsystem/0000:05/subsystem/0000:10/subsystem/0000:04/subsystem/0000:06 HTTP/1.1" 200 276804 "-" "meta-externalagent/1.1 (+https://developers.facebook.com/docs/sharing/webmasters/crawler)"
74.7.227.51 - - [11/Jan/2026:00:18:54 +0000] "GET /entity/535234121.htm/ HTTP/1.1" 200 52145 "-" "Mozilla/5.0 AppleWebKit/537.36 (KHTML, like Gecko; compatible; GPTBot/1.3; +https://openai.com/gptbot)"
57.141.20.20 - - [11/Jan/2026:00:18:54 +0000] "GET /2025/03/07/page/6/?path=//sys/class/pci_bus/0000:05/subsystem/0000:0b/subsystem/0000:0f/device/driver/0000:00:02.0 HTTP/1.1" 200 276788 "-" "meta-externalagent/1.1 (+https://developers.facebook.com/docs/sharing/webmasters/crawler)"
57.141.20.36 - - [11/Jan/2026:00:18:55 +0000] "GET /2025/03/06/page/39/?fileloc=//sys/class/pci_bus/0000:05/device/pci_bus/0000:05/subsystem/0000:10/subsystem/0000:10/power/control&path=//sys/class/pci_bus/0000:05/device/pci_bus/0000:05/subsystem/0000:10/subsystem/0000:10/power HTTP/1.1" 200 276795 "-" "meta-externalagent/1.1 (+https://developers.facebook.com/docs/sharing/webmasters/crawler)"
57.141.20.27 - - [11/Jan/2026:00:18:56 +0000] "GET /karamba-spielsaal-erfahrungen-angeschlossen-testbericht-werfen-sie-einen-blick-auf-den-link-within-2025-pro-teutonia/?path=//sys/class/pci_bus/0000:00/device/0000:00:02.3/driver/0000:00:02.4/0000:00:02.4:pcie001/driver/0000:00:03.7:pcie001 HTTP/1.1" 200 276804 "-" "meta-externalagent/1.1 (+https://developers.facebook.com/docs/sharing/webmasters/crawler)"
74.7.227.51 - - [11/Jan/2026:00:18:56 +0000] "GET /entity/535099441.htm HTTP/1.1" 301 7275 "-" "Mozilla/5.0 AppleWebKit/537.36 (KHTML, like Gecko; compatible; GPTBot/1.3; +https://openai.com/gptbot)"
74.7.227.51 - - [11/Jan/2026:00:18:57 +0000] "GET /entity/535099441.htm/ HTTP/1.1" 200 52145 "-" "Mozilla/5.0 AppleWebKit/537.36 (KHTML, like Gecko; compatible; GPTBot/1.3; +https://openai.com/gptbot)"
57.141.20.20 - - [11/Jan/2026:00:18:57 +0000] "GET /karamba-spielsaal-erfahrungen-angeschlossen-testbericht-werfen-sie-einen-blick-auf-den-link-within-2025-pro-teutonia/?fileloc=//sys/class/pci_bus/0000:02/subsystem/0000:01/subsystem/0000:0a/device/driver/0000:00:02.3/driver/uevent&path=//sys/class/pci_bus/0000:02/subsystem/0000:01/subsystem/0000:0a/device/driver/0000:00:02.3/driver HTTP/1.1" 200 276804 "-" "meta-externalagent/1.1 (+https://developers.facebook.com/docs/sharing/webmasters/crawler)"
57.141.20.21 - - [11/Jan/2026:00:18:58 +0000] "GET /karamba-spielsaal-erfahrungen-angeschlossen-testbericht-werfen-sie-einen-blick-auf-den-link-within-2025-pro-teutonia/?fileloc=//sys/class/pci_bus/0000:0b/subsystem/0000:0b/device/driver/0000:00:02.4/driver/0000:00:02.4/0000:00:02.4:pcie001/uevent&path=//sys/class/pci_bus/0000:0b/subsystem/0000:0b/device/driver/0000:00:02.4/driver/0000:00:02.4/0000:00:02.4:pcie001 HTTP/1.1" 200 276803 "-" "meta-externalagent/1.1 (+https://developers.facebook.com/docs/sharing/webmasters/crawler)"
74.7.227.51 - - [11/Jan/2026:00:18:59 +0000] "GET /entity/535259497.htm HTTP/1.1" 301 7275 "-" "Mozilla/5.0 AppleWebKit/537.36 (KHTML, like Gecko; compatible; GPTBot/1.3; +https://openai.com/gptbot)"
74.7.227.51 - - [11/Jan/2026:00:19:00 +0000] "GET /entity/535259497.htm/ HTTP/1.1" 200 52145 "-" "Mozilla/5.0 AppleWebKit/537.36 (KHTML, like Gecko; compatible; GPTBot/1.3; +https://openai.com/gptbot)"
57.141.20.24 - - [11/Jan/2026:00:19:00 +0000] "GET /2025/03/07/page/6/?fileloc=//sys/class/pci_bus/0000:05/subsystem/0000:02/subsystem/0000:00/subsystem/0000:11/subsystem/0000:11/cpulistaffinity&path=//sys/class/pci_bus/0000:05/subsystem/0000:02/subsystem/0000:00/subsystem/0000:11/subsystem/0000:11 HTTP/1.1" 200 276803 "-" "meta-externalagent/1.1 (+https://developers.facebook.com/docs/sharing/webmasters/crawler)"
57.141.20.29 - - [11/Jan/2026:00:19:01 +0000] "GET /2025/03/07/page/6/?fileloc=//sys/class/pci_bus/0000:07/subsystem/0000:01/subsystem/0000:02/device/driver/0000:00:02.6/broken_parity_status&path=//sys/class/pci_bus/0000:07/subsystem/0000:01/subsystem/0000:02/device/driver/0000:00:02.6 HTTP/1.1" 200 276804 "-" "meta-externalagent/1.1 (+https://developers.facebook.com/docs/sharing/webmasters/crawler)"
154.54.249.198 - - [11/Jan/2026:00:19:02 +0000] "GET /?p=29747 HTTP/1.1" 200 49310 "-" "Mozilla/5.0 (compatible; Barkrowler/0.9; +https://babbar.tech/crawler)"
74.7.227.51 - - [11/Jan/2026:00:19:02 +0000] "GET /entity/535152014.htm HTTP/1.1" 301 7275 "-" "Mozilla/5.0 AppleWebKit/537.36 (KHTML, like Gecko; compatible; GPTBot/1.3; +https://openai.com/gptbot)"
74.7.227.51 - - [11/Jan/2026:00:19:03 +0000] "GET /entity/535152014.htm/ HTTP/1.1" 200 52145 "-" "Mozilla/5.0 AppleWebKit/537.36 (KHTML, like Gecko; compatible; GPTBot/1.3; +https://openai.com/gptbot)"
74.7.227.51 - - [11/Jan/2026:00:19:06 +0000] "GET /entity/535131296.htm HTTP/1.1" 301 7275 "-" "Mozilla/5.0 AppleWebKit/537.36 (KHTML, like Gecko; compatible; GPTBot/1.3; +https://openai.com/gptbot)"
74.7.227.51 - - [11/Jan/2026:00:19:06 +0000] "GET /entity/535131296.htm/ HTTP/1.1" 200 52145 "-" "Mozilla/5.0 AppleWebKit/537.36 (KHTML, like Gecko; compatible; GPTBot/1.3; +https://openai.com/gptbot)"
57.141.20.38 - - [11/Jan/2026:00:19:08 +0000] "GET /karamba-spielsaal-erfahrungen-angeschlossen-testbericht-werfen-sie-einen-blick-auf-den-link-within-2025-pro-teutonia/?path=//sys/class/pci_bus/0000:0b/subsystem/0000:0a/subsystem/0000:0e/device/driver/0000:00:02.7/pci_bus HTTP/1.1" 200 276803 "-" "meta-externalagent/1.1 (+https://developers.facebook.com/docs/sharing/webmasters/crawler)"
74.7.227.51 - - [11/Jan/2026:00:19:09 +0000] "GET /entity/535186465.htm HTTP/1.1" 301 7275 "-" "Mozilla/5.0 AppleWebKit/537.36 (KHTML, like Gecko; compatible; GPTBot/1.3; +https://openai.com/gptbot)"
74.7.227.51 - - [11/Jan/2026:00:19:10 +0000] "GET /entity/535186465.htm/ HTTP/1.1" 200 52145 "-" "Mozilla/5.0 AppleWebKit/537.36 (KHTML, like Gecko; compatible; GPTBot/1.3; +https://openai.com/gptbot)"
66.249.72.227 - - [11/Jan/2026:00:19:10 +0000] "GET /?path=//sys/class/sound/card0/device/subsystem/devices/0000:00:02.2/subsystem/devices/0000:00:1f.0/subsystem/devices/0000:00:03.6/driver/0000:00:04.1/driver/0000:00:02.7/driver/0000:00:03.5/driver/0000:00:02.3/driver/0000:00:02.2/msi_irqs HTTP/1.1" 200 52146 "-" "Mozilla/5.0 (Linux; Android 6.0.1; Nexus 5X Build/MMB29P) AppleWebKit/537.36 (KHTML, like Gecko) Chrome/143.0.7499.192 Mobile Safari/537.36 (compatible; Googlebot/2.1; +http://www.google.com/bot.html)"
74.7.227.51 - - [11/Jan/2026:00:19:12 +0000] "GET /entity/535221428.htm HTTP/1.1" 301 7275 "-" "Mozilla/5.0 AppleWebKit/537.36 (KHTML, like Gecko; compatible; GPTBot/1.3; +https://openai.com/gptbot)"
74.7.227.51 - - [11/Jan/2026:00:19:13 +0000] "GET /entity/535221428.htm/ HTTP/1.1" 200 52145 "-" "Mozilla/5.0 AppleWebKit/537.36 (KHTML, like Gecko; compatible; GPTBot/1.3; +https://openai.com/gptbot)"
74.7.227.51 - - [11/Jan/2026:00:19:15 +0000] "GET /entity/535096584.htm HTTP/1.1" 301 7281 "-" "Mozilla/5.0 AppleWebKit/537.36 (KHTML, like Gecko; compatible; GPTBot/1.3; +https://openai.com/gptbot)"
74.7.227.51 - - [11/Jan/2026:00:19:16 +0000] "GET /entity/535096584.htm/ HTTP/1.1" 200 52145 "-" "Mozilla/5.0 AppleWebKit/537.36 (KHTML, like Gecko; compatible; GPTBot/1.3; +https://openai.com/gptbot)"
217.113.194.57 - - [11/Jan/2026:00:19:17 +0000] "GET /?m=20250311 HTTP/1.1" 200 45331 "-" "Mozilla/5.0 (compatible; Barkrowler/0.9; +https://babbar.tech/crawler)"
74.7.227.51 - - [11/Jan/2026:00:19:18 +0000] "GET /entity/535149691.htm HTTP/1.1" 301 7281 "-" "Mozilla/5.0 AppleWebKit/537.36 (KHTML, like Gecko; compatible; GPTBot/1.3; +https://openai.com/gptbot)"
148.113.130.183 - - [11/Jan/2026:00:19:19 +0000] "GET /?p=29979 HTTP/1.1" 200 49710 "-" "Mozilla/5.0 (compatible; AhrefsBot/7.0; +http://ahrefs.com/robot/)"
74.7.227.51 - - [11/Jan/2026:00:19:19 +0000] "GET /entity/535149691.htm/ HTTP/1.1" 200 52145 "-" "Mozilla/5.0 AppleWebKit/537.36 (KHTML, like Gecko; compatible; GPTBot/1.3; +https://openai.com/gptbot)"
57.141.20.17 - - [11/Jan/2026:00:19:22 +0000] "GET /2025/03/13/?fileloc=//sys/class/pci_bus/0000:00/subsystem/0000:0b/subsystem/0000:12/device/driver/0000:00:04.1/current_link_width&path=//sys/class/pci_bus/0000:00/subsystem/0000:0b/subsystem/0000:12/device/driver/0000:00:04.1 HTTP/1.1" 200 276812 "-" "meta-externalagent/1.1 (+https://developers.facebook.com/docs/sharing/webmasters/crawler)"
74.7.227.51 - - [11/Jan/2026:00:19:22 +0000] "GET /entity/535265976.htm HTTP/1.1" 301 7281 "-" "Mozilla/5.0 AppleWebKit/537.36 (KHTML, like Gecko; compatible; GPTBot/1.3; +https://openai.com/gptbot)"
74.7.227.51 - - [11/Jan/2026:00:19:22 +0000] "GET /entity/535265976.htm/ HTTP/1.1" 200 52145 "-" "Mozilla/5.0 AppleWebKit/537.36 (KHTML, like Gecko; compatible; GPTBot/1.3; +https://openai.com/gptbot)"
