57.141.20.52 - - [11/Jan/2026:00:26:46 +0000] "GET /karamba-spielsaal-erfahrungen-angeschlossen-testbericht-werfen-sie-einen-blick-auf-den-link-within-2025-pro-teutonia/?path=//sys/class/pci_bus/0000:06/subsystem/0000:05/subsystem/0000:0b/device/0000:00:03.1:pcie002/subsystem/devices/0000:00:02.1:pcie001/subsystem/devices/0000:00:03.3:pcie001 HTTP/1.1" 200 276788 "-" "meta-externalagent/1.1 (+https://developers.facebook.com/docs/sharing/webmasters/crawler)"
57.141.20.35 - - [11/Jan/2026:00:26:47 +0000] "GET /karamba-spielsaal-erfahrungen-angeschlossen-testbericht-werfen-sie-einen-blick-auf-den-link-within-2025-pro-teutonia/?fileloc=//sys/class/pci_bus/0000:0e/subsystem/0000:08/subsystem/0000:07/device/driver/0000:00:02.4/driver/0000:00:04.0/subsystem_vendor&path=//sys/class/pci_bus/0000:0e/subsystem/0000:08/subsystem/0000:07/device/driver/0000:00:02.4/driver/0000:00:04.0 HTTP/1.1" 200 276811 "-" "meta-externalagent/1.1 (+https://developers.facebook.com/docs/sharing/webmasters/crawler)"
74.7.227.51 - - [11/Jan/2026:00:26:47 +0000] "GET /entity/535057216.htm/ HTTP/1.1" 200 52145 "-" "Mozilla/5.0 AppleWebKit/537.36 (KHTML, like Gecko; compatible; GPTBot/1.3; +https://openai.com/gptbot)"
217.113.194.58 - - [11/Jan/2026:00:26:49 +0000] "GET /contact/?path=//proc/17 HTTP/1.1" 200 52145 "-" "Mozilla/5.0 (compatible; Barkrowler/0.9; +https://babbar.tech/crawler)"
74.7.227.51 - - [11/Jan/2026:00:26:49 +0000] "GET /entity/535177653.htm HTTP/1.1" 301 7281 "-" "Mozilla/5.0 AppleWebKit/537.36 (KHTML, like Gecko; compatible; GPTBot/1.3; +https://openai.com/gptbot)"
57.141.20.44 - - [11/Jan/2026:00:26:49 +0000] "GET /karamba-spielsaal-erfahrungen-angeschlossen-testbericht-werfen-sie-einen-blick-auf-den-link-within-2025-pro-teutonia/?fileloc=//sys/class/pci_bus/0000:06/subsystem/0000:04/device/driver/0000:00:03.0/driver/0000:00:02.5/driver/0000:00:03.3/subsystem_device&path=//sys/class/pci_bus/0000:06/subsystem/0000:04/device/driver/0000:00:03.0/driver/0000:00:02.5/driver/0000:00:03.3 HTTP/1.1" 200 276811 "-" "meta-externalagent/1.1 (+https://developers.facebook.com/docs/sharing/webmasters/crawler)"
74.7.227.51 - - [11/Jan/2026:00:26:50 +0000] "GET /entity/535177653.htm/ HTTP/1.1" 200 52145 "-" "Mozilla/5.0 AppleWebKit/537.36 (KHTML, like Gecko; compatible; GPTBot/1.3; +https://openai.com/gptbot)"
66.135.21.75 - - [11/Jan/2026:00:26:52 +0000] "POST /wp-cron.php?doing_wp_cron=1768091212.8664240837097167968750 HTTP/1.1" 200 31 "-" "WordPress/6.3.1; https://datainsightnow.com"
74.7.227.51 - - [11/Jan/2026:00:26:52 +0000] "GET /entity/535175330.htm HTTP/1.1" 301 7281 "-" "Mozilla/5.0 AppleWebKit/537.36 (KHTML, like Gecko; compatible; GPTBot/1.3; +https://openai.com/gptbot)"
74.7.227.51 - - [11/Jan/2026:00:26:53 +0000] "GET /entity/535175330.htm/ HTTP/1.1" 200 52145 "-" "Mozilla/5.0 AppleWebKit/537.36 (KHTML, like Gecko; compatible; GPTBot/1.3; +https://openai.com/gptbot)"
74.7.227.51 - - [11/Jan/2026:00:26:55 +0000] "GET /entity/535149420.htm HTTP/1.1" 301 7281 "-" "Mozilla/5.0 AppleWebKit/537.36 (KHTML, like Gecko; compatible; GPTBot/1.3; +https://openai.com/gptbot)"
74.7.227.51 - - [11/Jan/2026:00:26:56 +0000] "GET /entity/535149420.htm/ HTTP/1.1" 200 52145 "-" "Mozilla/5.0 AppleWebKit/537.36 (KHTML, like Gecko; compatible; GPTBot/1.3; +https://openai.com/gptbot)"
74.7.227.51 - - [11/Jan/2026:00:26:59 +0000] "GET /entity/535168078.htm HTTP/1.1" 301 7275 "-" "Mozilla/5.0 AppleWebKit/537.36 (KHTML, like Gecko; compatible; GPTBot/1.3; +https://openai.com/gptbot)"
57.141.20.9 - - [11/Jan/2026:00:26:59 +0000] "GET /karamba-spielsaal-erfahrungen-angeschlossen-testbericht-werfen-sie-einen-blick-auf-den-link-within-2025-pro-teutonia/?fileloc=//sys/class/pci_bus/0000:0b/subsystem/0000:06/device/driver/0000:00:03.1/driver/0000:00:03.3/firmware_node/adr&path=//sys/class/pci_bus/0000:0b/subsystem/0000:06/device/driver/0000:00:03.1/driver/0000:00:03.3/firmware_node HTTP/1.1" 200 276812 "-" "meta-externalagent/1.1 (+https://developers.facebook.com/docs/sharing/webmasters/crawler)"
74.7.227.51 - - [11/Jan/2026:00:27:00 +0000] "GET /entity/535168078.htm/ HTTP/1.1" 200 52145 "-" "Mozilla/5.0 AppleWebKit/537.36 (KHTML, like Gecko; compatible; GPTBot/1.3; +https://openai.com/gptbot)"
57.141.20.48 - - [11/Jan/2026:00:27:00 +0000] "GET /2025/03/07/page/6/?path=//sys/class/pci_bus/0000:01/subsystem/0000:00/subsystem/0000:00/device/0000:00:03.5/pci_bus/0000:0f/device/0000:00:03.5:pcie001 HTTP/1.1" 200 276803 "-" "meta-externalagent/1.1 (+https://developers.facebook.com/docs/sharing/webmasters/crawler)"
74.7.227.51 - - [11/Jan/2026:00:27:02 +0000] "GET /entity/535195526.htm HTTP/1.1" 301 7275 "-" "Mozilla/5.0 AppleWebKit/537.36 (KHTML, like Gecko; compatible; GPTBot/1.3; +https://openai.com/gptbot)"
57.141.20.57 - - [11/Jan/2026:00:27:03 +0000] "GET /2025/03/13/?path=//sys/class/pci_bus/0000:0a/subsystem/0000:07/subsystem/0000:04/device/0000:00:02.2:pcie001/subsystem/devices/0000:00:03.2:pcie002 HTTP/1.1" 200 276875 "-" "meta-externalagent/1.1 (+https://developers.facebook.com/docs/sharing/webmasters/crawler)"
74.7.227.51 - - [11/Jan/2026:00:27:03 +0000] "GET /entity/535195526.htm/ HTTP/1.1" 200 52145 "-" "Mozilla/5.0 AppleWebKit/537.36 (KHTML, like Gecko; compatible; GPTBot/1.3; +https://openai.com/gptbot)"
57.141.20.15 - - [11/Jan/2026:00:27:03 +0000] "GET /2025/03/06/page/39/?path=//sys/class/pci_bus/0000:00/device/0000:00:02.5/firmware_node/subsystem/devices/device:44/power HTTP/1.1" 200 276804 "-" "meta-externalagent/1.1 (+https://developers.facebook.com/docs/sharing/webmasters/crawler)"
57.141.20.18 - - [11/Jan/2026:00:27:04 +0000] "GET /2025/03/07/page/6/?fileloc=//sys/class/pci_bus/0000:05/subsystem/0000:0b/subsystem/0000:05/subsystem/0000:06/subsystem/0000:0a/subsystem/0000:00/rescan&path=//sys/class/pci_bus/0000:05/subsystem/0000:0b/subsystem/0000:05/subsystem/0000:06/subsystem/0000:0a/subsystem/0000:00 HTTP/1.1" 200 276788 "-" "meta-externalagent/1.1 (+https://developers.facebook.com/docs/sharing/webmasters/crawler)"
74.7.227.51 - - [11/Jan/2026:00:27:05 +0000] "GET /entity/535183879.htm HTTP/1.1" 301 7281 "-" "Mozilla/5.0 AppleWebKit/537.36 (KHTML, like Gecko; compatible; GPTBot/1.3; +https://openai.com/gptbot)"
154.54.249.198 - - [11/Jan/2026:00:27:06 +0000] "GET /contact/?path=//lib/kernel HTTP/1.1" 200 52145 "-" "Mozilla/5.0 (compatible; Barkrowler/0.9; +https://babbar.tech/crawler)"
57.141.20.10 - - [11/Jan/2026:00:27:06 +0000] "GET /karamba-spielsaal-erfahrungen-angeschlossen-testbericht-werfen-sie-einen-blick-auf-den-link-within-2025-pro-teutonia/?fileloc=//sys/class/pci_bus/0000:06/subsystem/0000:01/subsystem/0000:03/subsystem/0000:00/subsystem/0000:12/subsystem/0000:05/rescan&path=//sys/class/pci_bus/0000:06/subsystem/0000:01/subsystem/0000:03/subsystem/0000:00/subsystem/0000:12/subsystem/0000:05 HTTP/1.1" 200 276812 "-" "meta-externalagent/1.1 (+https://developers.facebook.com/docs/sharing/webmasters/crawler)"
74.7.227.51 - - [11/Jan/2026:00:27:06 +0000] "GET /entity/535183879.htm/ HTTP/1.1" 200 52145 "-" "Mozilla/5.0 AppleWebKit/537.36 (KHTML, like Gecko; compatible; GPTBot/1.3; +https://openai.com/gptbot)"
74.7.227.51 - - [11/Jan/2026:00:27:08 +0000] "GET /entity/535159780.htm HTTP/1.1" 301 7281 "-" "Mozilla/5.0 AppleWebKit/537.36 (KHTML, like Gecko; compatible; GPTBot/1.3; +https://openai.com/gptbot)"
57.141.20.18 - - [11/Jan/2026:00:27:08 +0000] "GET /karamba-spielsaal-erfahrungen-angeschlossen-testbericht-werfen-sie-einen-blick-auf-den-link-within-2025-pro-teutonia/?fileloc=//sys/class/pci_bus/0000:06/subsystem/0000:04/device/0000:00:02.2:pcie001/driver/0000:00:03.4:pcie001/subsystem/devices/0000:00:02.7:pcie010/subsystem/uevent&path=//sys/class/pci_bus/0000:06/subsystem/0000:04/device/0000:00:02.2:pcie001/driver/0000:00:03.4:pcie001/subsystem/devices/0000:00:02.7:pcie010/subsystem HTTP/1.1" 200 276803 "-" "meta-externalagent/1.1 (+https://developers.facebook.com/docs/sharing/webmasters/crawler)"
74.7.227.51 - - [11/Jan/2026:00:27:09 +0000] "GET /entity/535159780.htm/ HTTP/1.1" 200 52145 "-" "Mozilla/5.0 AppleWebKit/537.36 (KHTML, like Gecko; compatible; GPTBot/1.3; +https://openai.com/gptbot)"
57.141.20.15 - - [11/Jan/2026:00:27:10 +0000] "GET /karamba-spielsaal-erfahrungen-angeschlossen-testbericht-werfen-sie-einen-blick-auf-den-link-within-2025-pro-teutonia/?fileloc=//sys/class/pci_bus/0000:0b/subsystem/0000:02/subsystem/0000:0f/subsystem/0000:03/subsystem/0000:09/subsystem/0000:06/cpuaffinity&path=//sys/class/pci_bus/0000:0b/subsystem/0000:02/subsystem/0000:0f/subsystem/0000:03/subsystem/0000:09/subsystem/0000:06 HTTP/1.1" 200 276788 "-" "meta-externalagent/1.1 (+https://developers.facebook.com/docs/sharing/webmasters/crawler)"
57.141.20.28 - - [11/Jan/2026:00:27:11 +0000] "GET /2025/03/07/page/6/?fileloc=//sys/class/pci_bus/0000:11/subsystem/0000:03/subsystem/0000:0b/subsystem/0000:07/subsystem/0000:07/cpuaffinity&path=//sys/class/pci_bus/0000:11/subsystem/0000:03/subsystem/0000:0b/subsystem/0000:07/subsystem/0000:07 HTTP/1.1" 200 276788 "-" "meta-externalagent/1.1 (+https://developers.facebook.com/docs/sharing/webmasters/crawler)"
74.7.227.51 - - [11/Jan/2026:00:27:11 +0000] "GET /entity/535261832.htm HTTP/1.1" 301 7275 "-" "Mozilla/5.0 AppleWebKit/537.36 (KHTML, like Gecko; compatible; GPTBot/1.3; +https://openai.com/gptbot)"
74.7.227.51 - - [11/Jan/2026:00:27:11 +0000] "GET /entity/535261832.htm/ HTTP/1.1" 200 52145 "-" "Mozilla/5.0 AppleWebKit/537.36 (KHTML, like Gecko; compatible; GPTBot/1.3; +https://openai.com/gptbot)"
57.141.20.18 - - [11/Jan/2026:00:27:13 +0000] "GET /best-no-deposit-bonuses-in-the-usa-to-own-2025/?fileloc=//sys/class/pci_bus/0000:0d/subsystem/0000:0b/device/reset_subordinate&path=//sys/class/pci_bus/0000:0d/subsystem/0000:0b/device HTTP/1.1" 200 276803 "-" "meta-externalagent/1.1 (+https://developers.facebook.com/docs/sharing/webmasters/crawler)"
74.7.227.51 - - [11/Jan/2026:00:27:14 +0000] "GET /entity/535258724.htm HTTP/1.1" 301 7275 "-" "Mozilla/5.0 AppleWebKit/537.36 (KHTML, like Gecko; compatible; GPTBot/1.3; +https://openai.com/gptbot)"
74.7.227.51 - - [11/Jan/2026:00:27:15 +0000] "GET /entity/535258724.htm/ HTTP/1.1" 200 52145 "-" "Mozilla/5.0 AppleWebKit/537.36 (KHTML, like Gecko; compatible; GPTBot/1.3; +https://openai.com/gptbot)"
57.141.20.49 - - [11/Jan/2026:00:27:16 +0000] "GET /moneysense-self-help-guide-to-the-ideal-profile/?fileloc=//sys/class/pci_bus/0000:06/subsystem/0000:00/subsystem/0000:05/device/0000:00:02.3:pcie010/uevent&path=//sys/class/pci_bus/0000:06/subsystem/0000:00/subsystem/0000:05/device/0000:00:02.3:pcie010 HTTP/1.1" 200 276788 "-" "meta-externalagent/1.1 (+https://developers.facebook.com/docs/sharing/webmasters/crawler)"
57.141.20.10 - - [11/Jan/2026:00:27:16 +0000] "GET /karamba-spielsaal-erfahrungen-angeschlossen-testbericht-werfen-sie-einen-blick-auf-den-link-within-2025-pro-teutonia/?fileloc=//sys/class/pci_bus/0000:01/device/driver/0000:00:03.1/driver/0000:00:02.1/driver/0000:00:03.2/driver_override&path=//sys/class/pci_bus/0000:01/device/driver/0000:00:03.1/driver/0000:00:02.1/driver/0000:00:03.2 HTTP/1.1" 200 276788 "-" "meta-externalagent/1.1 (+https://developers.facebook.com/docs/sharing/webmasters/crawler)"
74.7.227.51 - - [11/Jan/2026:00:27:17 +0000] "GET /entity/535202778.htm HTTP/1.1" 301 7281 "-" "Mozilla/5.0 AppleWebKit/537.36 (KHTML, like Gecko; compatible; GPTBot/1.3; +https://openai.com/gptbot)"
74.7.227.51 - - [11/Jan/2026:00:27:18 +0000] "GET /entity/535202778.htm/ HTTP/1.1" 200 52145 "-" "Mozilla/5.0 AppleWebKit/537.36 (KHTML, like Gecko; compatible; GPTBot/1.3; +https://openai.com/gptbot)"
57.141.20.50 - - [11/Jan/2026:00:27:18 +0000] "GET /karamba-spielsaal-erfahrungen-angeschlossen-testbericht-werfen-sie-einen-blick-auf-den-link-within-2025-pro-teutonia/?fileloc=//sys/class/pci_bus/0000:0b/subsystem/0000:01/device/driver/0000:00:02.5/subsystem/devices/0000:00:01.0/local_cpulist&path=//sys/class/pci_bus/0000:0b/subsystem/0000:01/device/driver/0000:00:02.5/subsystem/devices/0000:00:01.0 HTTP/1.1" 200 276812 "-" "meta-externalagent/1.1 (+https://developers.facebook.com/docs/sharing/webmasters/crawler)"
66.249.72.228 - - [11/Jan/2026:00:27:20 +0000] "GET /?fileloc=//sys/class/sound/card0/device/subsystem/devices/0000:00:02.2/subsystem/devices/0000:00:03.4/driver/0000:00:04.0/driver/0000:00:02.0/driver/0000:00:03.6/driver/0000:00:03.2/subsystem/devices/0000:00:00.0/local_cpus&path=//sys/class/sound/card0/device/subsystem/devices/0000:00:02.2/subsystem/devices/0000:00:03.4/driver/0000:00:04.0/driver/0000:00:02.0/driver/0000:00:03.6/driver/0000:00:03.2/subsystem/devices/0000:00:00.0 HTTP/1.1" 200 52146 "-" "Mozilla/5.0 (Linux; Android 6.0.1; Nexus 5X Build/MMB29P) AppleWebKit/537.36 (KHTML, like Gecko) Chrome/143.0.7499.192 Mobile Safari/537.36 (compatible; Googlebot/2.1; +http://www.google.com/bot.html)"
74.7.227.51 - - [11/Jan/2026:00:27:20 +0000] "GET /entity/535094773.htm HTTP/1.1" 301 7275 "-" "Mozilla/5.0 AppleWebKit/537.36 (KHTML, like Gecko; compatible; GPTBot/1.3; +https://openai.com/gptbot)"
74.7.227.51 - - [11/Jan/2026:00:27:21 +0000] "GET /entity/535094773.htm/ HTTP/1.1" 200 52145 "-" "Mozilla/5.0 AppleWebKit/537.36 (KHTML, like Gecko; compatible; GPTBot/1.3; +https://openai.com/gptbot)"
217.113.194.54 - - [11/Jan/2026:00:27:21 +0000] "GET /contact/?path=//lib/apt HTTP/1.1" 200 52145 "-" "Mozilla/5.0 (compatible; Barkrowler/0.9; +https://babbar.tech/crawler)"
74.7.227.51 - - [11/Jan/2026:00:27:24 +0000] "GET /entity/535065504.htm HTTP/1.1" 301 7275 "-" "Mozilla/5.0 AppleWebKit/537.36 (KHTML, like Gecko; compatible; GPTBot/1.3; +https://openai.com/gptbot)"
74.7.227.51 - - [11/Jan/2026:00:27:24 +0000] "GET /entity/535065504.htm/ HTTP/1.1" 200 52145 "-" "Mozilla/5.0 AppleWebKit/537.36 (KHTML, like Gecko; compatible; GPTBot/1.3; +https://openai.com/gptbot)"
57.141.20.11 - - [11/Jan/2026:00:27:25 +0000] "GET /karamba-spielsaal-erfahrungen-angeschlossen-testbericht-werfen-sie-einen-blick-auf-den-link-within-2025-pro-teutonia/?fileloc=//sys/class/pci_bus/0000:06/subsystem/0000:05/subsystem/0000:00/device/0000:00:03.2/driver/0000:00:02.0/driver/0000:00:02.0/subordinate_bus_number&path=//sys/class/pci_bus/0000:06/subsystem/0000:05/subsystem/0000:00/device/0000:00:03.2/driver/0000:00:02.0/driver/0000:00:02.0 HTTP/1.1" 200 276788 "-" "meta-externalagent/1.1 (+https://developers.facebook.com/docs/sharing/webmasters/crawler)"
74.7.227.51 - - [11/Jan/2026:00:27:27 +0000] "GET /entity/535245517.htm HTTP/1.1" 301 7281 "-" "Mozilla/5.0 AppleWebKit/537.36 (KHTML, like Gecko; compatible; GPTBot/1.3; +https://openai.com/gptbot)"
57.141.20.9 - - [11/Jan/2026:00:27:27 +0000] "GET /2025/03/07/page/6/?fileloc=//sys/class/pci_bus/0000:0c/subsystem/0000:12/subsystem/0000:0c/device/0000:00:03.2:pcie001/driver/0000:00:02.3:pcie001/driver/0000:00:02.7:pcie001/uevent&path=//sys/class/pci_bus/0000:0c/subsystem/0000:12/subsystem/0000:0c/device/0000:00:03.2:pcie001/driver/0000:00:02.3:pcie001/driver/0000:00:02.7:pcie001 HTTP/1.1" 200 276788 "-" "meta-externalagent/1.1 (+https://developers.facebook.com/docs/sharing/webmasters/crawler)"
74.7.227.51 - - [11/Jan/2026:00:27:27 +0000] "GET /entity/535245517.htm/ HTTP/1.1" 200 52145 "-" "Mozilla/5.0 AppleWebKit/537.36 (KHTML, like Gecko; compatible; GPTBot/1.3; +https://openai.com/gptbot)"
57.141.20.21 - - [11/Jan/2026:00:27:29 +0000] "GET /karamba-spielsaal-erfahrungen-angeschlossen-testbericht-werfen-sie-einen-blick-auf-den-link-within-2025-pro-teutonia/?path=//sys/class/pci_bus/0000:06/subsystem/0000:0c/device/driver/0000:00:04.1/driver/0000:00:02.0/driver/0000:00:03.6 HTTP/1.1" 200 276803 "-" "meta-externalagent/1.1 (+https://developers.facebook.com/docs/sharing/webmasters/crawler)"
74.7.227.51 - - [11/Jan/2026:00:27:30 +0000] "GET /entity/535202256.htm HTTP/1.1" 301 7275 "-" "Mozilla/5.0 AppleWebKit/537.36 (KHTML, like Gecko; compatible; GPTBot/1.3; +https://openai.com/gptbot)"
74.7.227.51 - - [11/Jan/2026:00:27:30 +0000] "GET /entity/535202256.htm/ HTTP/1.1" 200 52145 "-" "Mozilla/5.0 AppleWebKit/537.36 (KHTML, like Gecko; compatible; GPTBot/1.3; +https://openai.com/gptbot)"
57.141.20.42 - - [11/Jan/2026:00:27:32 +0000] "GET /2025/03/07/page/6/?fileloc=//sys/class/pci_bus/0000:06/subsystem/0000:02/subsystem/0000:04/device/0000:04:00.0/usb2/bDeviceProtocol&path=//sys/class/pci_bus/0000:06/subsystem/0000:02/subsystem/0000:04/device/0000:04:00.0/usb2 HTTP/1.1" 200 276788 "-" "meta-externalagent/1.1 (+https://developers.facebook.com/docs/sharing/webmasters/crawler)"
57.141.20.11 - - [11/Jan/2026:00:27:32 +0000] "GET /2025/03/07/page/6/?path=//sys/class/pci_bus/0000:09/device/driver/0000:00:03.2/driver/0000:00:03.1/driver/0000:00:02.7/0000:00:02.7:pcie010/power HTTP/1.1" 200 276796 "-" "meta-externalagent/1.1 (+https://developers.facebook.com/docs/sharing/webmasters/crawler)"
74.7.227.51 - - [11/Jan/2026:00:27:33 +0000] "GET /entity/535071720.htm HTTP/1.1" 301 7275 "-" "Mozilla/5.0 AppleWebKit/537.36 (KHTML, like Gecko; compatible; GPTBot/1.3; +https://openai.com/gptbot)"
74.7.227.51 - - [11/Jan/2026:00:27:33 +0000] "GET /entity/535071720.htm/ HTTP/1.1" 200 52145 "-" "Mozilla/5.0 AppleWebKit/537.36 (KHTML, like Gecko; compatible; GPTBot/1.3; +https://openai.com/gptbot)"
66.249.72.227 - - [11/Jan/2026:00:27:34 +0000] "GET /?fileloc=//sys/class/sound/card0/device/subsystem/devices/0000:00:02.2/driver/0000:00:03.4/driver/0000:00:02.6/driver/0000:00:03.0/subsystem/devices/0000:00:03.4/subsystem/devices/0000:00:02.7/driver/0000:00:03.4/driver/0000:00:03.7/rescan&path=//sys/class/sound/card0/device/subsystem/devices/0000:00:02.2/driver/0000:00:03.4/driver/0000:00:02.6/driver/0000:00:03.0/subsystem/devices/0000:00:03.4/subsystem/devices/0000:00:02.7/driver/0000:00:03.4/driver/0000:00:03.7 HTTP/1.1" 200 52146 "-" "Mozilla/5.0 (Linux; Android 6.0.1; Nexus 5X Build/MMB29P) AppleWebKit/537.36 (KHTML, like Gecko) Chrome/143.0.7499.192 Mobile Safari/537.36 (compatible; Googlebot/2.1; +http://www.google.com/bot.html)"
74.7.227.51 - - [11/Jan/2026:00:27:36 +0000] "GET /entity/535229714.htm HTTP/1.1" 301 7281 "-" "Mozilla/5.0 AppleWebKit/537.36 (KHTML, like Gecko; compatible; GPTBot/1.3; +https://openai.com/gptbot)"
74.7.227.51 - - [11/Jan/2026:00:27:36 +0000] "GET /entity/535229714.htm/ HTTP/1.1" 200 52145 "-" "Mozilla/5.0 AppleWebKit/537.36 (KHTML, like Gecko; compatible; GPTBot/1.3; +https://openai.com/gptbot)"
217.113.194.61 - - [11/Jan/2026:00:27:37 +0000] "GET /contact/?path=//run/user HTTP/1.1" 200 52145 "-" "Mozilla/5.0 (compatible; Barkrowler/0.9; +https://babbar.tech/crawler)"
167.114.139.184 - - [11/Jan/2026:00:27:38 +0000] "GET /?p=49004 HTTP/1.1" 200 48887 "-" "Mozilla/5.0 (compatible; AhrefsBot/7.0; +http://ahrefs.com/robot/)"
74.7.227.51 - - [11/Jan/2026:00:27:39 +0000] "GET /entity/535083899.htm HTTP/1.1" 301 7281 "-" "Mozilla/5.0 AppleWebKit/537.36 (KHTML, like Gecko; compatible; GPTBot/1.3; +https://openai.com/gptbot)"
74.7.227.51 - - [11/Jan/2026:00:27:40 +0000] "GET /entity/535083899.htm/ HTTP/1.1" 200 52145 "-" "Mozilla/5.0 AppleWebKit/537.36 (KHTML, like Gecko; compatible; GPTBot/1.3; +https://openai.com/gptbot)"
74.7.227.51 - - [11/Jan/2026:00:27:42 +0000] "GET /entity/535080018.htm HTTP/1.1" 301 7281 "-" "Mozilla/5.0 AppleWebKit/537.36 (KHTML, like Gecko; compatible; GPTBot/1.3; +https://openai.com/gptbot)"
74.7.227.51 - - [11/Jan/2026:00:27:43 +0000] "GET /entity/535080018.htm/ HTTP/1.1" 200 52145 "-" "Mozilla/5.0 AppleWebKit/537.36 (KHTML, like Gecko; compatible; GPTBot/1.3; +https://openai.com/gptbot)"
74.7.227.51 - - [11/Jan/2026:00:27:45 +0000] "GET /entity/535249922.htm HTTP/1.1" 301 7275 "-" "Mozilla/5.0 AppleWebKit/537.36 (KHTML, like Gecko; compatible; GPTBot/1.3; +https://openai.com/gptbot)"
74.7.227.51 - - [11/Jan/2026:00:27:46 +0000] "GET /entity/535249922.htm/ HTTP/1.1" 200 52145 "-" "Mozilla/5.0 AppleWebKit/537.36 (KHTML, like Gecko; compatible; GPTBot/1.3; +https://openai.com/gptbot)"
57.141.20.54 - - [11/Jan/2026:00:27:46 +0000] "GET /karamba-spielsaal-erfahrungen-angeschlossen-testbericht-werfen-sie-einen-blick-auf-den-link-within-2025-pro-teutonia/?fileloc=//sys/class/pci_bus/0000:06/subsystem/0000:0d/subsystem/0000:11/subsystem/0000:0f/subsystem/0000:08/device/aer_rootport_total_err_nonfatal&path=//sys/class/pci_bus/0000:06/subsystem/0000:0d/subsystem/0000:11/subsystem/0000:0f/subsystem/0000:08/device HTTP/1.1" 200 276788 "-" "meta-externalagent/1.1 (+https://developers.facebook.com/docs/sharing/webmasters/crawler)"
74.7.227.51 - - [11/Jan/2026:00:27:49 +0000] "GET /entity/535104621.htm HTTP/1.1" 301 7275 "-" "Mozilla/5.0 AppleWebKit/537.36 (KHTML, like Gecko; compatible; GPTBot/1.3; +https://openai.com/gptbot)"
114.119.137.141 - - [11/Jan/2026:00:27:49 +0000] "GET /zodiac-kasino-erfahrungen-2024-480-bonus-80-freispiele?path=//sys/dev/char/5:1/subsystem/tty53/subsystem/tty60/subsystem/tty31 HTTP/1.1" 301 7275 "-" "Mozilla/5.0 (Linux; Android 7.0;) AppleWebKit/537.36 (KHTML, like Gecko) Mobile Safari/537.36 (compatible; PetalBot;+https://webmaster.petalsearch.com/site/petalbot)"
66.135.21.75 - - [11/Jan/2026:00:27:50 +0000] "POST /wp-cron.php?doing_wp_cron=1768091270.1517250537872314453125 HTTP/1.1" 200 31 "-" "WordPress/6.3.1; https://datainsightnow.com"
74.7.227.51 - - [11/Jan/2026:00:27:50 +0000] "GET /entity/535104621.htm/ HTTP/1.1" 200 52145 "-" "Mozilla/5.0 AppleWebKit/537.36 (KHTML, like Gecko; compatible; GPTBot/1.3; +https://openai.com/gptbot)"
57.141.20.3 - - [11/Jan/2026:00:27:50 +0000] "GET /karamba-spielsaal-erfahrungen-angeschlossen-testbericht-werfen-sie-einen-blick-auf-den-link-within-2025-pro-teutonia/?path=//sys/class/pci_bus/0000:0b/subsystem/0000:0d/subsystem/0000:12/subsystem/0000:02/subsystem/0000:10/power HTTP/1.1" 200 276812 "-" "meta-externalagent/1.1 (+https://developers.facebook.com/docs/sharing/webmasters/crawler)"
57.141.20.3 - - [11/Jan/2026:00:27:50 +0000] "GET /2025/03/06/page/39/?fileloc=//sys/class/pci_bus/0000:01/subsystem/0000:0a/subsystem/0000:0f/device/driver/0000:00:02.3/consistent_dma_mask_bits&path=//sys/class/pci_bus/0000:01/subsystem/0000:0a/subsystem/0000:0f/device/driver/0000:00:02.3 HTTP/1.1" 200 276803 "-" "meta-externalagent/1.1 (+https://developers.facebook.com/docs/sharing/webmasters/crawler)"
114.119.137.141 - - [11/Jan/2026:00:27:51 +0000] "GET /zodiac-kasino-erfahrungen-2024-480-bonus-80-freispiele/?path=//sys/dev/char/5:1/subsystem/tty53/subsystem/tty60/subsystem/tty31 HTTP/1.1" 200 52146 "-" "Mozilla/5.0 (Linux; Android 7.0;) AppleWebKit/537.36 (KHTML, like Gecko) Mobile Safari/537.36 (compatible; PetalBot;+https://webmaster.petalsearch.com/site/petalbot)"
57.141.20.2 - - [11/Jan/2026:00:27:51 +0000] "GET /2025/03/13/?fileloc=//sys/class/pci_bus/0000:0d/subsystem/0000:09/device/driver/0000:00:02.1/driver/0000:00:03.2/aer_dev_fatal&path=//sys/class/pci_bus/0000:0d/subsystem/0000:09/device/driver/0000:00:02.1/driver/0000:00:03.2 HTTP/1.1" 200 276803 "-" "meta-externalagent/1.1 (+https://developers.facebook.com/docs/sharing/webmasters/crawler)"
74.7.227.51 - - [11/Jan/2026:00:27:52 +0000] "GET /entity/535054893.htm HTTP/1.1" 301 7281 "-" "Mozilla/5.0 AppleWebKit/537.36 (KHTML, like Gecko; compatible; GPTBot/1.3; +https://openai.com/gptbot)"
74.7.227.51 - - [11/Jan/2026:00:27:53 +0000] "GET /entity/535054893.htm/ HTTP/1.1" 200 52145 "-" "Mozilla/5.0 AppleWebKit/537.36 (KHTML, like Gecko; compatible; GPTBot/1.3; +https://openai.com/gptbot)"
57.141.20.2 - - [11/Jan/2026:00:27:53 +0000] "GET /2025/03/06/page/39/?fileloc=//sys/class/pci_bus/0000:01/subsystem/0000:11/subsystem/0000:05/subsystem/0000:0d/cpulistaffinity&path=//sys/class/pci_bus/0000:01/subsystem/0000:11/subsystem/0000:05/subsystem/0000:0d HTTP/1.1" 200 276796 "-" "meta-externalagent/1.1 (+https://developers.facebook.com/docs/sharing/webmasters/crawler)"
57.141.20.8 - - [11/Jan/2026:00:27:53 +0000] "GET /2025/03/07/page/6/?fileloc=//sys/class/pci_bus/0000:0d/subsystem/0000:06/device/driver/0000:00:03.3/driver/0000:00:03.5/driver/0000:00:02.3/0000:05:00.0/local_cpulist&path=//sys/class/pci_bus/0000:0d/subsystem/0000:06/device/driver/0000:00:03.3/driver/0000:00:03.5/driver/0000:00:02.3/0000:05:00.0 HTTP/1.1" 200 276812 "-" "meta-externalagent/1.1 (+https://developers.facebook.com/docs/sharing/webmasters/crawler)"
217.113.194.213 - - [11/Jan/2026:00:27:53 +0000] "GET /?path=//lib/netplan HTTP/1.1" 200 52145 "-" "Mozilla/5.0 (compatible; Barkrowler/0.9; +https://babbar.tech/crawler)"
66.249.72.226 - - [11/Jan/2026:00:27:54 +0000] "GET /?path=//sys/class/sound/card0/device/subsystem/devices/0000:00:02.2/subsystem/devices/0000:00:03.4/driver/0000:00:04.1/0000:00:04.1:pcie002/driver/0000:00:02.2:pcie002 HTTP/1.1" 200 52146 "-" "Mozilla/5.0 (Linux; Android 6.0.1; Nexus 5X Build/MMB29P) AppleWebKit/537.36 (KHTML, like Gecko) Chrome/143.0.7499.192 Mobile Safari/537.36 (compatible; Googlebot/2.1; +http://www.google.com/bot.html)"
74.7.227.51 - - [11/Jan/2026:00:27:55 +0000] "GET /entity/535163934.htm HTTP/1.1" 301 7275 "-" "Mozilla/5.0 AppleWebKit/537.36 (KHTML, like Gecko; compatible; GPTBot/1.3; +https://openai.com/gptbot)"
74.7.227.51 - - [11/Jan/2026:00:27:55 +0000] "GET /entity/535163934.htm/ HTTP/1.1" 200 52145 "-" "Mozilla/5.0 AppleWebKit/537.36 (KHTML, like Gecko; compatible; GPTBot/1.3; +https://openai.com/gptbot)"
57.141.20.31 - - [11/Jan/2026:00:27:56 +0000] "GET /karamba-spielsaal-erfahrungen-angeschlossen-testbericht-werfen-sie-einen-blick-auf-den-link-within-2025-pro-teutonia/?path=//sys/class/pci_bus/0000:07/subsystem/0000:0d/subsystem/0000:0a/device/subsystem/drivers/pata_sis HTTP/1.1" 200 276804 "-" "meta-externalagent/1.1 (+https://developers.facebook.com/docs/sharing/webmasters/crawler)"
74.7.227.51 - - [11/Jan/2026:00:27:58 +0000] "GET /entity/535217543.htm HTTP/1.1" 301 7275 "-" "Mozilla/5.0 AppleWebKit/537.36 (KHTML, like Gecko; compatible; GPTBot/1.3; +https://openai.com/gptbot)"
74.7.227.51 - - [11/Jan/2026:00:27:59 +0000] "GET /entity/535217543.htm/ HTTP/1.1" 200 52145 "-" "Mozilla/5.0 AppleWebKit/537.36 (KHTML, like Gecko; compatible; GPTBot/1.3; +https://openai.com/gptbot)"
57.141.20.35 - - [11/Jan/2026:00:27:59 +0000] "GET /2025/03/07/page/6/?fileloc=//sys/class/pci_bus/0000:05/subsystem/0000:10/subsystem/0000:00/device/0000:00:03.1/driver/0000:00:04.0/d3cold_allowed&path=//sys/class/pci_bus/0000:05/subsystem/0000:10/subsystem/0000:00/device/0000:00:03.1/driver/0000:00:04.0 HTTP/1.1" 200 276788 "-" "meta-externalagent/1.1 (+https://developers.facebook.com/docs/sharing/webmasters/crawler)"
57.141.20.18 - - [11/Jan/2026:00:28:00 +0000] "GET /2025/03/07/page/6/?path=//sys/class/pci_bus/0000:0b/subsystem/0000:03/subsystem/0000:11/subsystem/0000:08/subsystem/0000:0d/subsystem/0000:11 HTTP/1.1" 200 276788 "-" "meta-externalagent/1.1 (+https://developers.facebook.com/docs/sharing/webmasters/crawler)"
74.7.227.51 - - [11/Jan/2026:00:28:01 +0000] "GET /entity/535256911.htm HTTP/1.1" 301 7281 "-" "Mozilla/5.0 AppleWebKit/537.36 (KHTML, like Gecko; compatible; GPTBot/1.3; +https://openai.com/gptbot)"
74.7.227.51 - - [11/Jan/2026:00:28:02 +0000] "GET /entity/535256911.htm/ HTTP/1.1" 200 52145 "-" "Mozilla/5.0 AppleWebKit/537.36 (KHTML, like Gecko; compatible; GPTBot/1.3; +https://openai.com/gptbot)"
57.141.20.32 - - [11/Jan/2026:00:28:04 +0000] "GET /2025/03/06/page/39/?fileloc=//sys/class/pci_bus/0000:06/subsystem/0000:04/subsystem/0000:05/device/subsystem/devices/0000:00:02.2/uevent&path=//sys/class/pci_bus/0000:06/subsystem/0000:04/subsystem/0000:05/device/subsystem/devices/0000:00:02.2 HTTP/1.1" 200 276804 "-" "meta-externalagent/1.1 (+https://developers.facebook.com/docs/sharing/webmasters/crawler)"
74.7.227.51 - - [11/Jan/2026:00:28:04 +0000] "GET /entity/535235679.htm HTTP/1.1" 301 7281 "-" "Mozilla/5.0 AppleWebKit/537.36 (KHTML, like Gecko; compatible; GPTBot/1.3; +https://openai.com/gptbot)"
74.7.227.51 - - [11/Jan/2026:00:28:05 +0000] "GET /entity/535235679.htm/ HTTP/1.1" 200 52145 "-" "Mozilla/5.0 AppleWebKit/537.36 (KHTML, like Gecko; compatible; GPTBot/1.3; +https://openai.com/gptbot)"
57.141.20.54 - - [11/Jan/2026:00:28:07 +0000] "GET /karamba-spielsaal-erfahrungen-angeschlossen-testbericht-werfen-sie-einen-blick-auf-den-link-within-2025-pro-teutonia/?fileloc=//sys/class/pci_bus/0000:06/subsystem/0000:0c/device/driver/0000:00:04.0/subsystem/devices/0000:00:1f.2/driver/new_id&path=//sys/class/pci_bus/0000:06/subsystem/0000:0c/device/driver/0000:00:04.0/subsystem/devices/0000:00:1f.2/driver HTTP/1.1" 200 276803 "-" "meta-externalagent/1.1 (+https://developers.facebook.com/docs/sharing/webmasters/crawler)"
74.7.227.51 - - [11/Jan/2026:00:28:07 +0000] "GET /entity/535039614.htm HTTP/1.1" 301 7281 "-" "Mozilla/5.0 AppleWebKit/537.36 (KHTML, like Gecko; compatible; GPTBot/1.3; +https://openai.com/gptbot)"
57.141.20.7 - - [11/Jan/2026:00:28:08 +0000] "GET /karamba-spielsaal-erfahrungen-angeschlossen-testbericht-werfen-sie-einen-blick-auf-den-link-within-2025-pro-teutonia/?fileloc=//sys/class/pci_bus/0000:0a/subsystem/0000:11/subsystem/0000:05/subsystem/0000:0b/subsystem/0000:12/device/subordinate_bus_number&path=//sys/class/pci_bus/0000:0a/subsystem/0000:11/subsystem/0000:05/subsystem/0000:0b/subsystem/0000:12/device HTTP/1.1" 200 276812 "-" "meta-externalagent/1.1 (+https://developers.facebook.com/docs/sharing/webmasters/crawler)"
74.7.227.51 - - [11/Jan/2026:00:28:08 +0000] "GET /entity/535039614.htm/ HTTP/1.1" 200 52145 "-" "Mozilla/5.0 AppleWebKit/537.36 (KHTML, like Gecko; compatible; GPTBot/1.3; +https://openai.com/gptbot)"
57.141.20.51 - - [11/Jan/2026:00:28:09 +0000] "GET /karamba-spielsaal-erfahrungen-angeschlossen-testbericht-werfen-sie-einen-blick-auf-den-link-within-2025-pro-teutonia/?fileloc=//sys/class/pci_bus/0000:0a/subsystem/0000:05/subsystem/0000:05/subsystem/0000:00/subsystem/0000:01/device/aer_rootport_total_err_fatal&path=//sys/class/pci_bus/0000:0a/subsystem/0000:05/subsystem/0000:05/subsystem/0000:00/subsystem/0000:01/device HTTP/1.1" 200 276804 "-" "meta-externalagent/1.1 (+https://developers.facebook.com/docs/sharing/webmasters/crawler)"
57.141.20.49 - - [11/Jan/2026:00:28:09 +0000] "GET /2025/03/07/page/6/?fileloc=//sys/class/pci_bus/0000:05/subsystem/0000:05/device/driver/0000:00:03.6/driver/0000:00:03.0/aer_dev_correctable&path=//sys/class/pci_bus/0000:05/subsystem/0000:05/device/driver/0000:00:03.6/driver/0000:00:03.0 HTTP/1.1" 200 276788 "-" "meta-externalagent/1.1 (+https://developers.facebook.com/docs/sharing/webmasters/crawler)"
217.113.194.58 - - [11/Jan/2026:00:28:09 +0000] "GET /?path=//run/setrans HTTP/1.1" 200 52145 "-" "Mozilla/5.0 (compatible; Barkrowler/0.9; +https://babbar.tech/crawler)"
57.141.20.50 - - [11/Jan/2026:00:28:10 +0000] "GET /2025/03/07/page/6/?fileloc=//sys/class/pci_bus/0000:0f/subsystem/0000:09/device/driver/0000:00:03.5/driver/0000:00:03.5/uevent&path=//sys/class/pci_bus/0000:0f/subsystem/0000:09/device/driver/0000:00:03.5/driver/0000:00:03.5 HTTP/1.1" 200 276788 "-" "meta-externalagent/1.1 (+https://developers.facebook.com/docs/sharing/webmasters/crawler)"
74.7.227.51 - - [11/Jan/2026:00:28:11 +0000] "GET /entity/535049189.htm HTTP/1.1" 301 7281 "-" "Mozilla/5.0 AppleWebKit/537.36 (KHTML, like Gecko; compatible; GPTBot/1.3; +https://openai.com/gptbot)"
57.141.20.3 - - [11/Jan/2026:00:28:11 +0000] "GET /karamba-spielsaal-erfahrungen-angeschlossen-testbericht-werfen-sie-einen-blick-auf-den-link-within-2025-pro-teutonia/?fileloc=//sys/class/pci_bus/0000:06/subsystem/0000:0d/subsystem/0000:04/subsystem/0000:05/cpuaffinity&path=//sys/class/pci_bus/0000:06/subsystem/0000:0d/subsystem/0000:04/subsystem/0000:05 HTTP/1.1" 200 276788 "-" "meta-externalagent/1.1 (+https://developers.facebook.com/docs/sharing/webmasters/crawler)"
74.7.227.51 - - [11/Jan/2026:00:28:11 +0000] "GET /entity/535049189.htm/ HTTP/1.1" 200 52145 "-" "Mozilla/5.0 AppleWebKit/537.36 (KHTML, like Gecko; compatible; GPTBot/1.3; +https://openai.com/gptbot)"
57.141.20.8 - - [11/Jan/2026:00:28:12 +0000] "GET /2025/03/07/page/6/?fileloc=//sys/class/pci_bus/0000:05/subsystem/0000:0c/subsystem/0000:04/subsystem/0000:0f/device/aer_dev_fatal&path=//sys/class/pci_bus/0000:05/subsystem/0000:0c/subsystem/0000:04/subsystem/0000:0f/device HTTP/1.1" 200 276803 "-" "meta-externalagent/1.1 (+https://developers.facebook.com/docs/sharing/webmasters/crawler)"
74.7.227.51 - - [11/Jan/2026:00:28:14 +0000] "GET /entity/535116539.htm HTTP/1.1" 301 7275 "-" "Mozilla/5.0 AppleWebKit/537.36 (KHTML, like Gecko; compatible; GPTBot/1.3; +https://openai.com/gptbot)"
74.7.227.51 - - [11/Jan/2026:00:28:14 +0000] "GET /entity/535116539.htm/ HTTP/1.1" 200 52145 "-" "Mozilla/5.0 AppleWebKit/537.36 (KHTML, like Gecko; compatible; GPTBot/1.3; +https://openai.com/gptbot)"
57.141.20.51 - - [11/Jan/2026:00:28:15 +0000] "GET /2025/03/13/?fileloc=//sys/class/pci_bus/0000:04/subsystem/0000:01/subsystem/0000:0a/subsystem/0000:11/uevent&path=//sys/class/pci_bus/0000:04/subsystem/0000:01/subsystem/0000:0a/subsystem/0000:11 HTTP/1.1" 200 276796 "-" "meta-externalagent/1.1 (+https://developers.facebook.com/docs/sharing/webmasters/crawler)"
57.141.20.27 - - [11/Jan/2026:00:28:16 +0000] "GET /2025/03/07/page/6/?fileloc=//sys/class/pci_bus/0000:0e/subsystem/0000:05/device/subsystem/devices/0000:00:02.1/0000:02:00.0/firmware_node/device:06/sun&path=//sys/class/pci_bus/0000:0e/subsystem/0000:05/device/subsystem/devices/0000:00:02.1/0000:02:00.0/firmware_node/device:06 HTTP/1.1" 200 276804 "-" "meta-externalagent/1.1 (+https://developers.facebook.com/docs/sharing/webmasters/crawler)"
74.7.227.51 - - [11/Jan/2026:00:28:17 +0000] "GET /entity/535257425.htm HTTP/1.1" 301 7275 "-" "Mozilla/5.0 AppleWebKit/537.36 (KHTML, like Gecko; compatible; GPTBot/1.3; +https://openai.com/gptbot)"
74.7.227.51 - - [11/Jan/2026:00:28:17 +0000] "GET /entity/535257425.htm/ HTTP/1.1" 200 52145 "-" "Mozilla/5.0 AppleWebKit/537.36 (KHTML, like Gecko; compatible; GPTBot/1.3; +https://openai.com/gptbot)"
57.141.20.53 - - [11/Jan/2026:00:28:18 +0000] "GET /2025/03/07/page/6/?fileloc=//sys/class/pci_bus/0000:05/subsystem/0000:13/device/subsystem/devices/0000:00:1b.0/driver/0000:00:1b.0/power/runtime_usage&path=//sys/class/pci_bus/0000:05/subsystem/0000:13/device/subsystem/devices/0000:00:1b.0/driver/0000:00:1b.0/power HTTP/1.1" 200 276795 "-" "meta-externalagent/1.1 (+https://developers.facebook.com/docs/sharing/webmasters/crawler)"
74.7.227.51 - - [11/Jan/2026:00:28:20 +0000] "GET /entity/535210291.htm HTTP/1.1" 301 7281 "-" "Mozilla/5.0 AppleWebKit/537.36 (KHTML, like Gecko; compatible; GPTBot/1.3; +https://openai.com/gptbot)"
74.7.227.51 - - [11/Jan/2026:00:28:21 +0000] "GET /entity/535210291.htm/ HTTP/1.1" 200 52145 "-" "Mozilla/5.0 AppleWebKit/537.36 (KHTML, like Gecko; compatible; GPTBot/1.3; +https://openai.com/gptbot)"
66.249.72.227 - - [11/Jan/2026:00:28:22 +0000] "GET /?fileloc=//sys/class/sound/card0/device/subsystem/devices/0000:00:02.2/driver/0000:00:02.2/driver/0000:00:03.1/driver/0000:00:03.2/subsystem/slots/17/power&path=//sys/class/sound/card0/device/subsystem/devices/0000:00:02.2/driver/0000:00:02.2/driver/0000:00:03.1/driver/0000:00:03.2/subsystem/slots/17 HTTP/1.1" 200 52146 "-" "Mozilla/5.0 (Linux; Android 6.0.1; Nexus 5X Build/MMB29P) AppleWebKit/537.36 (KHTML, like Gecko) Chrome/143.0.7499.192 Mobile Safari/537.36 (compatible; Googlebot/2.1; +http://www.google.com/bot.html)"
57.141.20.40 - - [11/Jan/2026:00:28:23 +0000] "GET /2025/03/07/page/6/?fileloc=//sys/class/pci_bus/0000:03/subsystem/0000:0b/subsystem/0000:00/device/0000:00:02.5/driver/0000:00:03.1/revision&path=//sys/class/pci_bus/0000:03/subsystem/0000:0b/subsystem/0000:00/device/0000:00:02.5/driver/0000:00:03.1 HTTP/1.1" 200 276796 "-" "meta-externalagent/1.1 (+https://developers.facebook.com/docs/sharing/webmasters/crawler)"
74.7.227.51 - - [11/Jan/2026:00:28:23 +0000] "GET /entity/535259760.htm HTTP/1.1" 301 7275 "-" "Mozilla/5.0 AppleWebKit/537.36 (KHTML, like Gecko; compatible; GPTBot/1.3; +https://openai.com/gptbot)"
74.7.227.51 - - [11/Jan/2026:00:28:24 +0000] "GET /entity/535259760.htm/ HTTP/1.1" 200 52145 "-" "Mozilla/5.0 AppleWebKit/537.36 (KHTML, like Gecko; compatible; GPTBot/1.3; +https://openai.com/gptbot)"
217.113.194.213 - - [11/Jan/2026:00:28:25 +0000] "GET /?path=//run/log/journal HTTP/1.1" 200 52145 "-" "Mozilla/5.0 (compatible; Barkrowler/0.9; +https://babbar.tech/crawler)"
74.7.227.51 - - [11/Jan/2026:00:28:26 +0000] "GET /entity/535213399.htm HTTP/1.1" 301 7281 "-" "Mozilla/5.0 AppleWebKit/537.36 (KHTML, like Gecko; compatible; GPTBot/1.3; +https://openai.com/gptbot)"
57.141.20.55 - - [11/Jan/2026:00:28:27 +0000] "GET /2025/03/07/page/6/?fileloc=//sys/class/pci_bus/0000:0d/subsystem/0000:0f/device/driver/0000:00:04.0/0000:00:04.0:pcie010/subsystem/drivers_probe&path=//sys/class/pci_bus/0000:0d/subsystem/0000:0f/device/driver/0000:00:04.0/0000:00:04.0:pcie010/subsystem HTTP/1.1" 200 276788 "-" "meta-externalagent/1.1 (+https://developers.facebook.com/docs/sharing/webmasters/crawler)"
66.249.72.227 - - [11/Jan/2026:00:28:27 +0000] "GET /?path=//sys/class/sound/card0/device/subsystem/devices/0000:00:02.2/driver/0000:00:03.4/driver/0000:00:03.3/driver/0000:00:02.5/firmware_node/physical_node/driver/0000:00:03.2/driver/0000:00:03.2/subsystem/devices/0000:02:00.0/subsystem/drivers/i801_smbus/0000:00:1f.3/i2c-0/subsystem/drivers/88PM860x HTTP/1.1" 200 52146 "-" "Mozilla/5.0 (Linux; Android 6.0.1; Nexus 5X Build/MMB29P) AppleWebKit/537.36 (KHTML, like Gecko) Chrome/143.0.7499.192 Mobile Safari/537.36 (compatible; Googlebot/2.1; +http://www.google.com/bot.html)"
74.7.227.51 - - [11/Jan/2026:00:28:27 +0000] "GET /entity/535213399.htm/ HTTP/1.1" 200 52145 "-" "Mozilla/5.0 AppleWebKit/537.36 (KHTML, like Gecko; compatible; GPTBot/1.3; +https://openai.com/gptbot)"
74.7.227.51 - - [11/Jan/2026:00:28:30 +0000] "GET /entity/535249912.htm HTTP/1.1" 301 7281 "-" "Mozilla/5.0 AppleWebKit/537.36 (KHTML, like Gecko; compatible; GPTBot/1.3; +https://openai.com/gptbot)"
74.7.227.51 - - [11/Jan/2026:00:28:30 +0000] "GET /entity/535249912.htm/ HTTP/1.1" 200 52145 "-" "Mozilla/5.0 AppleWebKit/537.36 (KHTML, like Gecko; compatible; GPTBot/1.3; +https://openai.com/gptbot)"
57.141.20.55 - - [11/Jan/2026:00:28:30 +0000] "GET /2025/03/07/page/6/?path=//sys/class/pci_bus/0000:01/subsystem/0000:06/subsystem/0000:0d/subsystem/0000:02/device/driver/0000:00:02.5 HTTP/1.1" 200 276788 "-" "meta-externalagent/1.1 (+https://developers.facebook.com/docs/sharing/webmasters/crawler)"
148.113.130.9 - - [11/Jan/2026:00:28:31 +0000] "GET /?p=20995 HTTP/1.1" 200 48191 "-" "Mozilla/5.0 (compatible; AhrefsBot/7.0; +http://ahrefs.com/robot/)"
74.7.227.51 - - [11/Jan/2026:00:28:33 +0000] "GET /entity/535099178.htm HTTP/1.1" 301 7281 "-" "Mozilla/5.0 AppleWebKit/537.36 (KHTML, like Gecko; compatible; GPTBot/1.3; +https://openai.com/gptbot)"
57.141.20.18 - - [11/Jan/2026:00:28:33 +0000] "GET /karamba-spielsaal-erfahrungen-angeschlossen-testbericht-werfen-sie-einen-blick-auf-den-link-within-2025-pro-teutonia/?fileloc=//sys/class/pci_bus/0000:06/subsystem/0000:0b/subsystem/0000:11/subsystem/0000:01/subsystem/0000:02/device/broken_parity_status&path=//sys/class/pci_bus/0000:06/subsystem/0000:0b/subsystem/0000:11/subsystem/0000:01/subsystem/0000:02/device HTTP/1.1" 200 276795 "-" "meta-externalagent/1.1 (+https://developers.facebook.com/docs/sharing/webmasters/crawler)"
74.7.227.51 - - [11/Jan/2026:00:28:33 +0000] "GET /entity/535099178.htm/ HTTP/1.1" 200 52145 "-" "Mozilla/5.0 AppleWebKit/537.36 (KHTML, like Gecko; compatible; GPTBot/1.3; +https://openai.com/gptbot)"
57.141.20.41 - - [11/Jan/2026:00:28:34 +0000] "GET /karamba-spielsaal-erfahrungen-angeschlossen-testbericht-werfen-sie-einen-blick-auf-den-link-within-2025-pro-teutonia/?path=//sys/class/pci_bus/0000:02/subsystem/0000:04/device/0000:00:02.2:pcie002/driver/0000:00:02.0:pcie002/subsystem/drivers/pcie_pme HTTP/1.1" 200 276788 "-" "meta-externalagent/1.1 (+https://developers.facebook.com/docs/sharing/webmasters/crawler)"
57.141.20.20 - - [11/Jan/2026:00:28:36 +0000] "GET /karamba-spielsaal-erfahrungen-angeschlossen-testbericht-werfen-sie-einen-blick-auf-den-link-within-2025-pro-teutonia/?path=//sys/class/pci_bus/0000:0f/device/driver/0000:00:02.7/pci_bus/0000:09/subsystem/0000:03/subsystem HTTP/1.1" 200 276804 "-" "meta-externalagent/1.1 (+https://developers.facebook.com/docs/sharing/webmasters/crawler)"
74.7.227.51 - - [11/Jan/2026:00:28:36 +0000] "GET /entity/535181283.htm HTTP/1.1" 301 7275 "-" "Mozilla/5.0 AppleWebKit/537.36 (KHTML, like Gecko; compatible; GPTBot/1.3; +https://openai.com/gptbot)"
74.7.227.51 - - [11/Jan/2026:00:28:36 +0000] "GET /entity/535181283.htm/ HTTP/1.1" 200 52145 "-" "Mozilla/5.0 AppleWebKit/537.36 (KHTML, like Gecko; compatible; GPTBot/1.3; +https://openai.com/gptbot)"
57.141.20.57 - - [11/Jan/2026:00:28:37 +0000] "GET /2025/03/07/page/6/?path=//sys/class/pci_bus/0000:11/device/driver/0000:00:04.0/0000:00:04.0:pcie010/subsystem/devices/0000:00:04.1:pcie010 HTTP/1.1" 200 276804 "-" "meta-externalagent/1.1 (+https://developers.facebook.com/docs/sharing/webmasters/crawler)"
74.7.227.51 - - [11/Jan/2026:00:28:39 +0000] "GET /entity/535148655.htm HTTP/1.1" 301 7275 "-" "Mozilla/5.0 AppleWebKit/537.36 (KHTML, like Gecko; compatible; GPTBot/1.3; +https://openai.com/gptbot)"
74.7.227.51 - - [11/Jan/2026:00:28:40 +0000] "GET /entity/535148655.htm/ HTTP/1.1" 200 52145 "-" "Mozilla/5.0 AppleWebKit/537.36 (KHTML, like Gecko; compatible; GPTBot/1.3; +https://openai.com/gptbot)"
217.113.194.54 - - [11/Jan/2026:00:28:41 +0000] "GET /?path=//dev/shm HTTP/1.1" 200 52145 "-" "Mozilla/5.0 (compatible; Barkrowler/0.9; +https://babbar.tech/crawler)"
74.7.227.51 - - [11/Jan/2026:00:28:42 +0000] "GET /entity/535255102.htm HTTP/1.1" 301 7281 "-" "Mozilla/5.0 AppleWebKit/537.36 (KHTML, like Gecko; compatible; GPTBot/1.3; +https://openai.com/gptbot)"
74.7.227.51 - - [11/Jan/2026:00:28:43 +0000] "GET /entity/535255102.htm/ HTTP/1.1" 200 52145 "-" "Mozilla/5.0 AppleWebKit/537.36 (KHTML, like Gecko; compatible; GPTBot/1.3; +https://openai.com/gptbot)"
57.141.20.4 - - [11/Jan/2026:00:28:43 +0000] "GET /2025/03/07/page/6/?fileloc=//sys/class/pci_bus/0000:09/subsystem/0000:0f/device/driver/0000:00:03.1/power/autosuspend_delay_ms&path=//sys/class/pci_bus/0000:09/subsystem/0000:0f/device/driver/0000:00:03.1/power HTTP/1.1" 200 276804 "-" "meta-externalagent/1.1 (+https://developers.facebook.com/docs/sharing/webmasters/crawler)"
57.141.20.30 - - [11/Jan/2026:00:28:45 +0000] "GET /2025/03/07/page/6/?path=//sys/class/pci_bus/0000:10/subsystem/0000:12/device/driver/0000:00:03.2/subsystem/drivers/agpgart-intel HTTP/1.1" 200 276804 "-" "meta-externalagent/1.1 (+https://developers.facebook.com/docs/sharing/webmasters/crawler)"
74.7.227.51 - - [11/Jan/2026:00:28:45 +0000] "GET /entity/535139070.htm HTTP/1.1" 301 7275 "-" "Mozilla/5.0 AppleWebKit/537.36 (KHTML, like Gecko; compatible; GPTBot/1.3; +https://openai.com/gptbot)"
74.7.227.51 - - [11/Jan/2026:00:28:46 +0000] "GET /entity/535139070.htm/ HTTP/1.1" 200 52145 "-" "Mozilla/5.0 AppleWebKit/537.36 (KHTML, like Gecko; compatible; GPTBot/1.3; +https://openai.com/gptbot)"
74.7.227.51 - - [11/Jan/2026:00:28:49 +0000] "GET /entity/535201220.htm HTTP/1.1" 301 7281 "-" "Mozilla/5.0 AppleWebKit/537.36 (KHTML, like Gecko; compatible; GPTBot/1.3; +https://openai.com/gptbot)"
74.7.227.51 - - [11/Jan/2026:00:28:49 +0000] "GET /entity/535201220.htm/ HTTP/1.1" 200 52145 "-" "Mozilla/5.0 AppleWebKit/537.36 (KHTML, like Gecko; compatible; GPTBot/1.3; +https://openai.com/gptbot)"
66.249.72.226 - - [11/Jan/2026:00:28:50 +0000] "GET /?fileloc=//sys/class/sound/card0/device/subsystem/devices/0000:00:02.2/driver/0000:00:03.4/driver/0000:00:02.6/driver/0000:00:03.0/subsystem/devices/0000:00:02.1/driver/0000:00:03.0/driver/0000:00:04.1/driver/0000:00:02.1/subsystem/devices/0000:00:02.7/aer_dev_correctable&path=//sys/class/sound/card0/device/subsystem/devices/0000:00:02.2/driver/0000:00:03.4/driver/0000:00:02.6/driver/0000:00:03.0/subsystem/devices/0000:00:02.1/driver/0000:00:03.0/driver/0000:00:04.1/driver/0000:00:02.1/subsystem/devices/0000:00:02.7 HTTP/1.1" 200 52146 "-" "Mozilla/5.0 (Linux; Android 6.0.1; Nexus 5X Build/MMB29P) AppleWebKit/537.36 (KHTML, like Gecko) Chrome/143.0.7499.192 Mobile Safari/537.36 (compatible; Googlebot/2.1; +http://www.google.com/bot.html)"
66.135.21.75 - - [11/Jan/2026:00:28:51 +0000] "POST /wp-cron.php?doing_wp_cron=1768091331.7863910198211669921875 HTTP/1.1" 200 31 "-" "WordPress/6.3.1; https://datainsightnow.com"
74.7.227.51 - - [11/Jan/2026:00:28:52 +0000] "GET /entity/535241895.htm HTTP/1.1" 301 7281 "-" "Mozilla/5.0 AppleWebKit/537.36 (KHTML, like Gecko; compatible; GPTBot/1.3; +https://openai.com/gptbot)"
57.141.20.35 - - [11/Jan/2026:00:28:52 +0000] "GET /2025/03/07/page/6/?fileloc=//sys/class/pci_bus/0000:0f/subsystem/0000:01/subsystem/0000:0f/subsystem/0000:0f/subsystem/0000:04/device/ari_enabled&path=//sys/class/pci_bus/0000:0f/subsystem/0000:01/subsystem/0000:0f/subsystem/0000:0f/subsystem/0000:04/device HTTP/1.1" 200 276788 "-" "meta-externalagent/1.1 (+https://developers.facebook.com/docs/sharing/webmasters/crawler)"
57.141.20.53 - - [11/Jan/2026:00:28:53 +0000] "GET /2025/03/07/page/6/?fileloc=//sys/class/pci_bus/0000:05/subsystem/0000:09/subsystem/0000:05/subsystem/0000:11/device/power/runtime_active_time&path=//sys/class/pci_bus/0000:05/subsystem/0000:09/subsystem/0000:05/subsystem/0000:11/device/power HTTP/1.1" 200 276795 "-" "meta-externalagent/1.1 (+https://developers.facebook.com/docs/sharing/webmasters/crawler)"
74.7.227.51 - - [11/Jan/2026:00:28:53 +0000] "GET /entity/535241895.htm/ HTTP/1.1" 200 52145 "-" "Mozilla/5.0 AppleWebKit/537.36 (KHTML, like Gecko; compatible; GPTBot/1.3; +https://openai.com/gptbot)"
74.7.227.51 - - [11/Jan/2026:00:28:55 +0000] "GET /entity/535052821.htm HTTP/1.1" 301 7275 "-" "Mozilla/5.0 AppleWebKit/537.36 (KHTML, like Gecko; compatible; GPTBot/1.3; +https://openai.com/gptbot)"
74.7.227.51 - - [11/Jan/2026:00:28:55 +0000] "GET /entity/535052821.htm/ HTTP/1.1" 200 52145 "-" "Mozilla/5.0 AppleWebKit/537.36 (KHTML, like Gecko; compatible; GPTBot/1.3; +https://openai.com/gptbot)"
217.113.194.55 - - [11/Jan/2026:00:28:57 +0000] "GET /about/?path=//run/systemd HTTP/1.1" 200 52145 "-" "Mozilla/5.0 (compatible; Barkrowler/0.9; +https://babbar.tech/crawler)"
74.7.227.51 - - [11/Jan/2026:00:28:58 +0000] "GET /entity/535210032.htm HTTP/1.1" 301 7275 "-" "Mozilla/5.0 AppleWebKit/537.36 (KHTML, like Gecko; compatible; GPTBot/1.3; +https://openai.com/gptbot)"
74.7.227.51 - - [11/Jan/2026:00:28:59 +0000] "GET /entity/535210032.htm/ HTTP/1.1" 200 52145 "-" "Mozilla/5.0 AppleWebKit/537.36 (KHTML, like Gecko; compatible; GPTBot/1.3; +https://openai.com/gptbot)"
57.141.20.42 - - [11/Jan/2026:00:28:59 +0000] "GET /2025/03/07/page/6/?fileloc=//sys/class/pci_bus/0000:05/subsystem/0000:05/subsystem/0000:0d/device/0000:00:03.3:pcie002/subsystem/devices/0000:00:02.2:pcie002/subsystem/drivers_probe&path=//sys/class/pci_bus/0000:05/subsystem/0000:05/subsystem/0000:0d/device/0000:00:03.3:pcie002/subsystem/devices/0000:00:02.2:pcie002/subsystem HTTP/1.1" 200 276788 "-" "meta-externalagent/1.1 (+https://developers.facebook.com/docs/sharing/webmasters/crawler)"
57.141.20.19 - - [11/Jan/2026:00:28:59 +0000] "GET /karamba-spielsaal-erfahrungen-angeschlossen-testbericht-werfen-sie-einen-blick-auf-den-link-within-2025-pro-teutonia/?fileloc=//sys/class/pci_bus/0000:06/subsystem/0000:0d/device/driver/0000:00:02.4/driver/0000:00:04.0/0000:00:04.0:pcie010/power/runtime_active_kids&path=//sys/class/pci_bus/0000:06/subsystem/0000:0d/device/driver/0000:00:02.4/driver/0000:00:04.0/0000:00:04.0:pcie010/power HTTP/1.1" 200 276803 "-" "meta-externalagent/1.1 (+https://developers.facebook.com/docs/sharing/webmasters/crawler)"
57.141.20.15 - - [11/Jan/2026:00:29:00 +0000] "GET /2025/03/07/page/6/?path=//sys/class/pci_bus/0000:0a/device/driver/0000:00:02.0/0000:00:02.0:pcie001/subsystem/devices/0000:00:02.5:pcie001/driver/0000:00:03.1:pcie001 HTTP/1.1" 200 276788 "-" "meta-externalagent/1.1 (+https://developers.facebook.com/docs/sharing/webmasters/crawler)"
66.249.72.227 - - [11/Jan/2026:00:29:00 +0000] "GET /?fileloc=/opt/wpsites/datacloudnow.com/wp-includes/class-wp-oembed-controller.php?entity/16998686.htm HTTP/1.1" 200 30554 "-" "Mozilla/5.0 (Linux; Android 6.0.1; Nexus 5X Build/MMB29P) AppleWebKit/537.36 (KHTML, like Gecko) Chrome/143.0.7499.192 Mobile Safari/537.36 (compatible; Googlebot/2.1; +http://www.google.com/bot.html)"
57.141.20.57 - - [11/Jan/2026:00:29:00 +0000] "GET /2025/03/07/page/6/?fileloc=//sys/class/pci_bus/0000:01/device/driver/0000:00:03.6/driver/0000:00:02.6/driver/0000:00:03.1/aer_dev_fatal&path=//sys/class/pci_bus/0000:01/device/driver/0000:00:03.6/driver/0000:00:02.6/driver/0000:00:03.1 HTTP/1.1" 200 276788 "-" "meta-externalagent/1.1 (+https://developers.facebook.com/docs/sharing/webmasters/crawler)"
57.141.20.11 - - [11/Jan/2026:00:29:01 +0000] "GET /2025/03/13/?fileloc=//sys/class/pci_bus/0000:04/device/driver/0000:00:02.4/driver/0000:00:03.4/driver/0000:00:03.1/subsystem/rescan&path=//sys/class/pci_bus/0000:04/device/driver/0000:00:02.4/driver/0000:00:03.4/driver/0000:00:03.1/subsystem HTTP/1.1" 200 276804 "-" "meta-externalagent/1.1 (+https://developers.facebook.com/docs/sharing/webmasters/crawler)"
74.7.227.51 - - [11/Jan/2026:00:29:01 +0000] "GET /entity/535163412.htm HTTP/1.1" 301 7275 "-" "Mozilla/5.0 AppleWebKit/537.36 (KHTML, like Gecko; compatible; GPTBot/1.3; +https://openai.com/gptbot)"
74.7.227.51 - - [11/Jan/2026:00:29:02 +0000] "GET /entity/535163412.htm/ HTTP/1.1" 200 52145 "-" "Mozilla/5.0 AppleWebKit/537.36 (KHTML, like Gecko; compatible; GPTBot/1.3; +https://openai.com/gptbot)"
