57.141.20.33 - - [11/Jan/2026:00:36:10 +0000] "GET /karamba-spielsaal-erfahrungen-angeschlossen-testbericht-werfen-sie-einen-blick-auf-den-link-within-2025-pro-teutonia/?fileloc=//sys/class/pci_bus/0000:03/subsystem/0000:0c/subsystem/0000:0c/subsystem/0000:0c/device/firmware_node/power/runtime_active_kids&path=//sys/class/pci_bus/0000:03/subsystem/0000:0c/subsystem/0000:0c/subsystem/0000:0c/device/firmware_node/power HTTP/1.1" 200 276803 "-" "meta-externalagent/1.1 (+https://developers.facebook.com/docs/sharing/webmasters/crawler)"
74.7.227.51 - - [11/Jan/2026:00:36:10 +0000] "GET /entity/535166779.htm/ HTTP/1.1" 200 52145 "-" "Mozilla/5.0 AppleWebKit/537.36 (KHTML, like Gecko; compatible; GPTBot/1.3; +https://openai.com/gptbot)"
154.54.249.198 - - [11/Jan/2026:00:36:11 +0000] "GET /account/?path=//proc/14 HTTP/1.1" 200 52145 "-" "Mozilla/5.0 (compatible; Barkrowler/0.9; +https://babbar.tech/crawler)"
66.249.72.227 - - [11/Jan/2026:00:36:11 +0000] "GET /?fileloc=//sys/class/sound/card0/device/subsystem/devices/0000:00:02.2/subsystem/devices/0000:00:03.4/driver/0000:00:02.7/driver/0000:00:02.4/revision&path=//sys/class/sound/card0/device/subsystem/devices/0000:00:02.2/subsystem/devices/0000:00:03.4/driver/0000:00:02.7/driver/0000:00:02.4 HTTP/1.1" 200 52146 "-" "Mozilla/5.0 (Linux; Android 6.0.1; Nexus 5X Build/MMB29P) AppleWebKit/537.36 (KHTML, like Gecko) Chrome/143.0.7499.192 Mobile Safari/537.36 (compatible; Googlebot/2.1; +http://www.google.com/bot.html)"
74.7.227.51 - - [11/Jan/2026:00:36:13 +0000] "GET /entity/535077683.htm HTTP/1.1" 301 7275 "-" "Mozilla/5.0 AppleWebKit/537.36 (KHTML, like Gecko; compatible; GPTBot/1.3; +https://openai.com/gptbot)"
74.7.227.51 - - [11/Jan/2026:00:36:13 +0000] "GET /entity/535077683.htm/ HTTP/1.1" 200 52145 "-" "Mozilla/5.0 AppleWebKit/537.36 (KHTML, like Gecko; compatible; GPTBot/1.3; +https://openai.com/gptbot)"
57.141.20.28 - - [11/Jan/2026:00:36:15 +0000] "GET /2025/03/07/page/6/?fileloc=//sys/class/pci_bus/0000:0b/subsystem/0000:0f/subsystem/0000:0b/subsystem/0000:00/device/0000:00:03.6/msi_bus&path=//sys/class/pci_bus/0000:0b/subsystem/0000:0f/subsystem/0000:0b/subsystem/0000:00/device/0000:00:03.6 HTTP/1.1" 200 276788 "-" "meta-externalagent/1.1 (+https://developers.facebook.com/docs/sharing/webmasters/crawler)"
74.7.227.51 - - [11/Jan/2026:00:36:16 +0000] "GET /entity/535058774.htm HTTP/1.1" 301 7275 "-" "Mozilla/5.0 AppleWebKit/537.36 (KHTML, like Gecko; compatible; GPTBot/1.3; +https://openai.com/gptbot)"
74.7.227.51 - - [11/Jan/2026:00:36:16 +0000] "GET /entity/535058774.htm/ HTTP/1.1" 200 52145 "-" "Mozilla/5.0 AppleWebKit/537.36 (KHTML, like Gecko; compatible; GPTBot/1.3; +https://openai.com/gptbot)"
57.141.20.32 - - [11/Jan/2026:00:36:18 +0000] "GET /2025/03/07/page/6/?path=//sys/class/pci_bus/0000:05/subsystem/0000:06/subsystem/0000:0b/subsystem/0000:0e/subsystem/0000:03/subsystem/0000:0d HTTP/1.1" 200 276796 "-" "meta-externalagent/1.1 (+https://developers.facebook.com/docs/sharing/webmasters/crawler)"
74.7.227.51 - - [11/Jan/2026:00:36:19 +0000] "GET /entity/535160565.htm HTTP/1.1" 301 7275 "-" "Mozilla/5.0 AppleWebKit/537.36 (KHTML, like Gecko; compatible; GPTBot/1.3; +https://openai.com/gptbot)"
74.7.227.51 - - [11/Jan/2026:00:36:19 +0000] "GET /entity/535160565.htm/ HTTP/1.1" 200 52145 "-" "Mozilla/5.0 AppleWebKit/537.36 (KHTML, like Gecko; compatible; GPTBot/1.3; +https://openai.com/gptbot)"
74.7.227.51 - - [11/Jan/2026:00:36:22 +0000] "GET /entity/535068612.htm HTTP/1.1" 301 7281 "-" "Mozilla/5.0 AppleWebKit/537.36 (KHTML, like Gecko; compatible; GPTBot/1.3; +https://openai.com/gptbot)"
74.7.227.51 - - [11/Jan/2026:00:36:23 +0000] "GET /entity/535068612.htm/ HTTP/1.1" 200 52145 "-" "Mozilla/5.0 AppleWebKit/537.36 (KHTML, like Gecko; compatible; GPTBot/1.3; +https://openai.com/gptbot)"
57.141.20.5 - - [11/Jan/2026:00:36:23 +0000] "GET /2025/03/06/page/39/?path=//sys/class/pci_bus/0000:0b/subsystem/0000:11/device/firmware_node/subsystem/devices/device:44/subsystem/devices/PNP0C0F:04 HTTP/1.1" 200 276804 "-" "meta-externalagent/1.1 (+https://developers.facebook.com/docs/sharing/webmasters/crawler)"
57.141.20.10 - - [11/Jan/2026:00:36:24 +0000] "GET /moneysense-self-help-guide-to-the-ideal-profile/?fileloc=//sys/class/pci_bus/0000:08/subsystem/0000:0a/subsystem/0000:05/device/driver/0000:00:03.3/aer_dev_fatal&path=//sys/class/pci_bus/0000:08/subsystem/0000:0a/subsystem/0000:05/device/driver/0000:00:03.3 HTTP/1.1" 200 276804 "-" "meta-externalagent/1.1 (+https://developers.facebook.com/docs/sharing/webmasters/crawler)"
57.141.20.59 - - [11/Jan/2026:00:36:24 +0000] "GET /karamba-spielsaal-erfahrungen-angeschlossen-testbericht-werfen-sie-einen-blick-auf-den-link-within-2025-pro-teutonia/?fileloc=//sys/class/pci_bus/0000:08/device/pci_bus/0000:08/device/driver/0000:00:02.1/driver/0000:00:03.7/local_cpulist&path=//sys/class/pci_bus/0000:08/device/pci_bus/0000:08/device/driver/0000:00:02.1/driver/0000:00:03.7 HTTP/1.1" 200 276788 "-" "meta-externalagent/1.1 (+https://developers.facebook.com/docs/sharing/webmasters/crawler)"
180.248.22.122 - - [11/Jan/2026:00:36:25 +0000] "GET /wp-login.php HTTP/1.1" 200 5744 "-" "Mozilla/5.0 (Windows NT 10.0; Win64; x64) AppleWebKit/537.36"
74.7.227.51 - - [11/Jan/2026:00:36:25 +0000] "GET /entity/535183869.htm HTTP/1.1" 301 7281 "-" "Mozilla/5.0 AppleWebKit/537.36 (KHTML, like Gecko; compatible; GPTBot/1.3; +https://openai.com/gptbot)"
74.7.227.51 - - [11/Jan/2026:00:36:25 +0000] "GET /entity/535183869.htm/ HTTP/1.1" 200 52145 "-" "Mozilla/5.0 AppleWebKit/537.36 (KHTML, like Gecko; compatible; GPTBot/1.3; +https://openai.com/gptbot)"
180.248.22.122 - - [11/Jan/2026:00:36:26 +0000] "GET /wp-login.php HTTP/1.1" 200 5744 "-" "Mozilla/5.0 (Windows NT 10.0; Win64; x64) AppleWebKit/537.36"
217.113.194.54 - - [11/Jan/2026:00:36:27 +0000] "GET /account/?path=//sys/kernel HTTP/1.1" 200 52145 "-" "Mozilla/5.0 (compatible; Barkrowler/0.9; +https://babbar.tech/crawler)"
74.7.227.51 - - [11/Jan/2026:00:36:28 +0000] "GET /entity/535152799.htm HTTP/1.1" 301 7281 "-" "Mozilla/5.0 AppleWebKit/537.36 (KHTML, like Gecko; compatible; GPTBot/1.3; +https://openai.com/gptbot)"
74.7.227.51 - - [11/Jan/2026:00:36:29 +0000] "GET /entity/535152799.htm/ HTTP/1.1" 200 52145 "-" "Mozilla/5.0 AppleWebKit/537.36 (KHTML, like Gecko; compatible; GPTBot/1.3; +https://openai.com/gptbot)"
74.7.227.51 - - [11/Jan/2026:00:36:31 +0000] "GET /entity/535214176.htm HTTP/1.1" 301 7281 "-" "Mozilla/5.0 AppleWebKit/537.36 (KHTML, like Gecko; compatible; GPTBot/1.3; +https://openai.com/gptbot)"
57.141.20.59 - - [11/Jan/2026:00:36:31 +0000] "GET /moneysense-self-help-guide-to-the-ideal-profile/?fileloc=//sys/class/pci_bus/0000:13/subsystem/0000:06/device/driver/0000:00:03.5/driver/0000:00:02.6/irq&path=//sys/class/pci_bus/0000:13/subsystem/0000:06/device/driver/0000:00:03.5/driver/0000:00:02.6 HTTP/1.1" 200 276804 "-" "meta-externalagent/1.1 (+https://developers.facebook.com/docs/sharing/webmasters/crawler)"
74.7.227.51 - - [11/Jan/2026:00:36:32 +0000] "GET /entity/535214176.htm/ HTTP/1.1" 200 52145 "-" "Mozilla/5.0 AppleWebKit/537.36 (KHTML, like Gecko; compatible; GPTBot/1.3; +https://openai.com/gptbot)"
74.7.227.51 - - [11/Jan/2026:00:36:34 +0000] "GET /entity/535194753.htm HTTP/1.1" 301 7281 "-" "Mozilla/5.0 AppleWebKit/537.36 (KHTML, like Gecko; compatible; GPTBot/1.3; +https://openai.com/gptbot)"
57.141.20.42 - - [11/Jan/2026:00:36:35 +0000] "GET /2025/03/06/page/39/?fileloc=//sys/class/pci_bus/0000:0c/device/firmware_node/subsystem/devices/device:30/device:31/path&path=//sys/class/pci_bus/0000:0c/device/firmware_node/subsystem/devices/device:30/device:31 HTTP/1.1" 200 276812 "-" "meta-externalagent/1.1 (+https://developers.facebook.com/docs/sharing/webmasters/crawler)"
74.7.227.51 - - [11/Jan/2026:00:36:35 +0000] "GET /entity/535194753.htm/ HTTP/1.1" 200 52145 "-" "Mozilla/5.0 AppleWebKit/537.36 (KHTML, like Gecko; compatible; GPTBot/1.3; +https://openai.com/gptbot)"
146.70.175.68 - - [11/Jan/2026:00:36:37 +0000] "GET /?p=24823 HTTP/1.1" 200 48990 "https://datainsightnow.com/" "Mozilla/5.0 (Windows NT 10.0; WOW64; x64) AppleWebKit/537.36 (KHTML, like Gecko) Chrome/114.0.0.0 Safari/537.36 OPR/89.0.4447.51"
74.7.227.51 - - [11/Jan/2026:00:36:37 +0000] "GET /entity/535047639.htm HTTP/1.1" 301 7281 "-" "Mozilla/5.0 AppleWebKit/537.36 (KHTML, like Gecko; compatible; GPTBot/1.3; +https://openai.com/gptbot)"
74.7.227.51 - - [11/Jan/2026:00:36:38 +0000] "GET /entity/535047639.htm/ HTTP/1.1" 200 52145 "-" "Mozilla/5.0 AppleWebKit/537.36 (KHTML, like Gecko; compatible; GPTBot/1.3; +https://openai.com/gptbot)"
57.141.20.2 - - [11/Jan/2026:00:36:40 +0000] "GET /2025/03/06/page/39/?path=//sys/class/pci_bus/0000:08/subsystem/0000:02/device/driver/0000:00:02.7/driver/0000:00:02.2/driver/0000:00:03.2/pci_bus HTTP/1.1" 200 276804 "-" "meta-externalagent/1.1 (+https://developers.facebook.com/docs/sharing/webmasters/crawler)"
74.7.227.51 - - [11/Jan/2026:00:36:40 +0000] "GET /entity/535112395.htm HTTP/1.1" 301 7281 "-" "Mozilla/5.0 AppleWebKit/537.36 (KHTML, like Gecko; compatible; GPTBot/1.3; +https://openai.com/gptbot)"
74.7.227.51 - - [11/Jan/2026:00:36:41 +0000] "GET /entity/535112395.htm/ HTTP/1.1" 200 52145 "-" "Mozilla/5.0 AppleWebKit/537.36 (KHTML, like Gecko; compatible; GPTBot/1.3; +https://openai.com/gptbot)"
57.141.20.17 - - [11/Jan/2026:00:36:41 +0000] "GET /2025/03/07/page/6/?fileloc=//sys/class/pci_bus/0000:05/subsystem/0000:06/subsystem/0000:13/device/driver/0000:00:02.7/driver/0000:00:02.5/modalias&path=//sys/class/pci_bus/0000:05/subsystem/0000:06/subsystem/0000:13/device/driver/0000:00:02.7/driver/0000:00:02.5 HTTP/1.1" 200 276804 "-" "meta-externalagent/1.1 (+https://developers.facebook.com/docs/sharing/webmasters/crawler)"
146.70.175.68 - - [11/Jan/2026:00:36:42 +0000] "POST /?p=24823 HTTP/1.1" 200 48990 "https://datainsightnow.com/?p=24823" "Mozilla/5.0 (Windows NT 6.3; Win64; x64) AppleWebKit/537.36 (KHTML, like Gecko) Chrome/103.0.0.0 Safari/537.36"
217.113.194.55 - - [11/Jan/2026:00:36:43 +0000] "GET /contact/?path=//dev/pts HTTP/1.1" 200 52145 "-" "Mozilla/5.0 (compatible; Barkrowler/0.9; +https://babbar.tech/crawler)"
146.70.175.68 - - [11/Jan/2026:00:36:43 +0000] "GET /xmlrpc.php HTTP/1.1" 405 7317 "https://datainsightnow.com/?p=24823" "Mozilla/5.0 (Windows NT 6.3; Win64; x64) AppleWebKit/537.36 (KHTML, like Gecko) Chrome/103.0.0.0 Safari/537.36"
146.70.175.68 - - [11/Jan/2026:00:36:43 +0000] "POST /xmlrpc.php HTTP/1.1" 200 3412 "https://datainsightnow.com/xmlrpc.php" "Mozilla/5.0 (Windows NT 6.3; Win64; x64) AppleWebKit/537.36 (KHTML, like Gecko) Chrome/103.0.0.0 Safari/537.36"
146.70.175.68 - - [11/Jan/2026:00:36:43 +0000] "POST /xmlrpc.php HTTP/1.1" 200 3412 "https://datainsightnow.com/xmlrpc.php" "Mozilla/5.0 (Windows NT 6.3; Win64; x64) AppleWebKit/537.36 (KHTML, like Gecko) Chrome/103.0.0.0 Safari/537.36"
74.7.227.51 - - [11/Jan/2026:00:36:43 +0000] "GET /entity/535144240.htm HTTP/1.1" 301 7275 "-" "Mozilla/5.0 AppleWebKit/537.36 (KHTML, like Gecko; compatible; GPTBot/1.3; +https://openai.com/gptbot)"
74.7.227.51 - - [11/Jan/2026:00:36:44 +0000] "GET /entity/535144240.htm/ HTTP/1.1" 200 52145 "-" "Mozilla/5.0 AppleWebKit/537.36 (KHTML, like Gecko; compatible; GPTBot/1.3; +https://openai.com/gptbot)"
146.70.175.68 - - [11/Jan/2026:00:36:44 +0000] "GET /?p=24823 HTTP/1.1" 200 48990 "https://datainsightnow.com/xmlrpc.php" "Mozilla/5.0 (Windows NT 6.3; Win64; x64) AppleWebKit/537.36 (KHTML, like Gecko) Chrome/103.0.0.0 Safari/537.36"
146.70.175.68 - - [11/Jan/2026:00:36:45 +0000] "GET /wp-admin/post-new.php HTTP/1.1" 302 7281 "https://datainsightnow.com/?p=24823" "Mozilla/5.0 (Windows NT 6.3; Win64; x64) AppleWebKit/537.36 (KHTML, like Gecko) Chrome/103.0.0.0 Safari/537.36"
57.141.20.33 - - [11/Jan/2026:00:36:45 +0000] "GET /moneysense-self-help-guide-to-the-ideal-profile/?fileloc=//sys/class/pci_bus/0000:05/device/firmware_node/subsystem/devices/device:17/subsystem/devices/device:09/uevent&path=//sys/class/pci_bus/0000:05/device/firmware_node/subsystem/devices/device:17/subsystem/devices/device:09 HTTP/1.1" 200 276788 "-" "meta-externalagent/1.1 (+https://developers.facebook.com/docs/sharing/webmasters/crawler)"
146.70.175.68 - - [11/Jan/2026:00:36:45 +0000] "GET /wp-login.php?redirect_to=https%3A%2F%2Fdatainsightnow.com%2Fwp-admin%2Fpost-new.php&reauth=1 HTTP/1.1" 200 5753 "https://datainsightnow.com/wp-admin/post-new.php" "Mozilla/5.0 (Windows NT 6.3; Win64; x64) AppleWebKit/537.36 (KHTML, like Gecko) Chrome/103.0.0.0 Safari/537.36"
57.141.20.30 - - [11/Jan/2026:00:36:46 +0000] "GET /2025/03/13/?fileloc=//sys/class/pci_bus/0000:06/device/0000:00:02.4:pcie010/subsystem/devices/0000:00:02.1:pcie001/power/runtime_usage&path=//sys/class/pci_bus/0000:06/device/0000:00:02.4:pcie010/subsystem/devices/0000:00:02.1:pcie001/power HTTP/1.1" 200 276788 "-" "meta-externalagent/1.1 (+https://developers.facebook.com/docs/sharing/webmasters/crawler)"
74.7.227.51 - - [11/Jan/2026:00:36:47 +0000] "GET /entity/535178952.htm HTTP/1.1" 301 7281 "-" "Mozilla/5.0 AppleWebKit/537.36 (KHTML, like Gecko; compatible; GPTBot/1.3; +https://openai.com/gptbot)"
74.7.227.51 - - [11/Jan/2026:00:36:47 +0000] "GET /entity/535178952.htm/ HTTP/1.1" 200 52145 "-" "Mozilla/5.0 AppleWebKit/537.36 (KHTML, like Gecko; compatible; GPTBot/1.3; +https://openai.com/gptbot)"
57.141.20.36 - - [11/Jan/2026:00:36:47 +0000] "GET /2025/03/07/page/6/?fileloc=//sys/class/pci_bus/0000:0d/subsystem/0000:0f/device/driver/0000:00:02.5/driver/0000:00:03.5/modalias&path=//sys/class/pci_bus/0000:0d/subsystem/0000:0f/device/driver/0000:00:02.5/driver/0000:00:03.5 HTTP/1.1" 200 276804 "-" "meta-externalagent/1.1 (+https://developers.facebook.com/docs/sharing/webmasters/crawler)"
57.141.20.44 - - [11/Jan/2026:00:36:49 +0000] "GET /2025/03/07/page/6/?fileloc=//sys/class/pci_bus/0000:0d/subsystem/0000:07/subsystem/0000:05/subsystem/0000:0f/subsystem/0000:04/device/0000:04:00.0/class&path=//sys/class/pci_bus/0000:0d/subsystem/0000:07/subsystem/0000:05/subsystem/0000:0f/subsystem/0000:04/device/0000:04:00.0 HTTP/1.1" 200 276788 "-" "meta-externalagent/1.1 (+https://developers.facebook.com/docs/sharing/webmasters/crawler)"
66.135.21.75 - - [11/Jan/2026:00:36:50 +0000] "POST /wp-cron.php?doing_wp_cron=1768091810.2543210983276367187500 HTTP/1.1" 200 31 "-" "WordPress/6.3.1; https://datainsightnow.com"
74.7.227.51 - - [11/Jan/2026:00:36:50 +0000] "GET /entity/535094259.htm HTTP/1.1" 301 7275 "-" "Mozilla/5.0 AppleWebKit/537.36 (KHTML, like Gecko; compatible; GPTBot/1.3; +https://openai.com/gptbot)"
57.141.20.51 - - [11/Jan/2026:00:36:50 +0000] "GET /2025/03/07/page/6/?fileloc=//sys/class/pci_bus/0000:05/subsystem/0000:00/device/0000:00:03.2/0000:00:03.2:pcie002/subsystem/devices/0000:00:02.1:pcie010/power/runtime_enabled&path=//sys/class/pci_bus/0000:05/subsystem/0000:00/device/0000:00:03.2/0000:00:03.2:pcie002/subsystem/devices/0000:00:02.1:pcie010/power HTTP/1.1" 200 276788 "-" "meta-externalagent/1.1 (+https://developers.facebook.com/docs/sharing/webmasters/crawler)"
74.7.227.51 - - [11/Jan/2026:00:36:51 +0000] "GET /entity/535094259.htm/ HTTP/1.1" 200 52145 "-" "Mozilla/5.0 AppleWebKit/537.36 (KHTML, like Gecko; compatible; GPTBot/1.3; +https://openai.com/gptbot)"
57.141.20.4 - - [11/Jan/2026:00:36:51 +0000] "GET /moneysense-self-help-guide-to-the-ideal-profile/?fileloc=//sys/class/pci_bus/0000:0c/subsystem/0000:0e/subsystem/0000:05/device/driver/0000:00:03.1/subsystem/uevent&path=//sys/class/pci_bus/0000:0c/subsystem/0000:0e/subsystem/0000:05/device/driver/0000:00:03.1/subsystem HTTP/1.1" 200 276796 "-" "meta-externalagent/1.1 (+https://developers.facebook.com/docs/sharing/webmasters/crawler)"
57.141.20.19 - - [11/Jan/2026:00:36:51 +0000] "GET /2025/03/07/page/6/?path=//sys/class/pci_bus/0000:07/device/driver/0000:00:02.5/driver/0000:00:04.0/subsystem/drivers/uhci_hcd HTTP/1.1" 200 276788 "-" "meta-externalagent/1.1 (+https://developers.facebook.com/docs/sharing/webmasters/crawler)"
74.7.227.51 - - [11/Jan/2026:00:36:53 +0000] "GET /entity/535170150.htm HTTP/1.1" 301 7275 "-" "Mozilla/5.0 AppleWebKit/537.36 (KHTML, like Gecko; compatible; GPTBot/1.3; +https://openai.com/gptbot)"
57.141.20.14 - - [11/Jan/2026:00:36:54 +0000] "GET /2025/03/07/page/6/?fileloc=//sys/class/pci_bus/0000:05/subsystem/0000:06/subsystem/0000:04/subsystem/0000:0d/subsystem/0000:07/device/reset_subordinate&path=//sys/class/pci_bus/0000:05/subsystem/0000:06/subsystem/0000:04/subsystem/0000:0d/subsystem/0000:07/device HTTP/1.1" 200 276812 "-" "meta-externalagent/1.1 (+https://developers.facebook.com/docs/sharing/webmasters/crawler)"
74.7.227.51 - - [11/Jan/2026:00:36:54 +0000] "GET /entity/535170150.htm/ HTTP/1.1" 200 52145 "-" "Mozilla/5.0 AppleWebKit/537.36 (KHTML, like Gecko; compatible; GPTBot/1.3; +https://openai.com/gptbot)"
74.7.227.51 - - [11/Jan/2026:00:36:56 +0000] "GET /entity/535114196.htm HTTP/1.1" 301 7281 "-" "Mozilla/5.0 AppleWebKit/537.36 (KHTML, like Gecko; compatible; GPTBot/1.3; +https://openai.com/gptbot)"
74.7.227.51 - - [11/Jan/2026:00:36:56 +0000] "GET /entity/535114196.htm/ HTTP/1.1" 200 52145 "-" "Mozilla/5.0 AppleWebKit/537.36 (KHTML, like Gecko; compatible; GPTBot/1.3; +https://openai.com/gptbot)"
57.141.20.34 - - [11/Jan/2026:00:36:57 +0000] "GET /2025/03/07/page/6/?path=//sys/class/pci_bus/0000:0d/subsystem/0000:00/subsystem/0000:05/subsystem/0000:01/device/driver/0000:00:02.1/subsystem HTTP/1.1" 200 276804 "-" "meta-externalagent/1.1 (+https://developers.facebook.com/docs/sharing/webmasters/crawler)"
217.113.194.57 - - [11/Jan/2026:00:36:58 +0000] "GET /contact/?path=//proc/41 HTTP/1.1" 200 52145 "-" "Mozilla/5.0 (compatible; Barkrowler/0.9; +https://babbar.tech/crawler)"
74.7.227.51 - - [11/Jan/2026:00:36:59 +0000] "GET /entity/535117828.htm HTTP/1.1" 301 7281 "-" "Mozilla/5.0 AppleWebKit/537.36 (KHTML, like Gecko; compatible; GPTBot/1.3; +https://openai.com/gptbot)"
74.7.227.51 - - [11/Jan/2026:00:36:59 +0000] "GET /entity/535117828.htm/ HTTP/1.1" 200 52145 "-" "Mozilla/5.0 AppleWebKit/537.36 (KHTML, like Gecko; compatible; GPTBot/1.3; +https://openai.com/gptbot)"
57.141.20.58 - - [11/Jan/2026:00:37:00 +0000] "GET /2025/03/07/page/6/?fileloc=//sys/class/pci_bus/0000:05/subsystem/0000:04/subsystem/0000:0e/subsystem/0000:0f/uevent&path=//sys/class/pci_bus/0000:05/subsystem/0000:04/subsystem/0000:0e/subsystem/0000:0f HTTP/1.1" 200 276804 "-" "meta-externalagent/1.1 (+https://developers.facebook.com/docs/sharing/webmasters/crawler)"
66.249.72.226 - - [11/Jan/2026:00:37:01 +0000] "GET /?fileloc=//sys/class/sound/card0/device/subsystem/devices/0000:00:02.2/subsystem/devices/0000:00:03.4/driver/0000:00:02.7/driver/0000:00:02.7/revision&path=//sys/class/sound/card0/device/subsystem/devices/0000:00:02.2/subsystem/devices/0000:00:03.4/driver/0000:00:02.7/driver/0000:00:02.7 HTTP/1.1" 200 52146 "-" "Mozilla/5.0 (Linux; Android 6.0.1; Nexus 5X Build/MMB29P) AppleWebKit/537.36 (KHTML, like Gecko) Chrome/143.0.7499.192 Mobile Safari/537.36 (compatible; Googlebot/2.1; +http://www.google.com/bot.html)"
57.141.20.28 - - [11/Jan/2026:00:37:01 +0000] "GET /2025/03/07/page/6/?fileloc=//sys/class/pci_bus/0000:06/device/driver/0000:00:03.1/driver/0000:00:02.7/0000:00:02.7:pcie001/driver/0000:00:04.0:pcie001/driver/uevent&path=//sys/class/pci_bus/0000:06/device/driver/0000:00:03.1/driver/0000:00:02.7/0000:00:02.7:pcie001/driver/0000:00:04.0:pcie001/driver HTTP/1.1" 200 276804 "-" "meta-externalagent/1.1 (+https://developers.facebook.com/docs/sharing/webmasters/crawler)"
57.141.20.2 - - [11/Jan/2026:00:37:02 +0000] "GET /2025/03/06/page/39/?path=//sys/class/pci_bus/0000:13/subsystem/0000:08/subsystem/0000:0e/subsystem/0000:02/device/0000:02:00.0 HTTP/1.1" 200 276811 "-" "meta-externalagent/1.1 (+https://developers.facebook.com/docs/sharing/webmasters/crawler)"
57.141.20.7 - - [11/Jan/2026:00:37:02 +0000] "GET /2025/03/07/page/6/?path=//sys/class/pci_bus/0000:05/device/subsystem/devices/0000:00:02.3/firmware_node/subsystem/devices/device:3b HTTP/1.1" 200 276788 "-" "meta-externalagent/1.1 (+https://developers.facebook.com/docs/sharing/webmasters/crawler)"
74.7.227.51 - - [11/Jan/2026:00:37:02 +0000] "GET /entity/535194239.htm HTTP/1.1" 301 7281 "-" "Mozilla/5.0 AppleWebKit/537.36 (KHTML, like Gecko; compatible; GPTBot/1.3; +https://openai.com/gptbot)"
74.7.227.51 - - [11/Jan/2026:00:37:03 +0000] "GET /entity/535194239.htm/ HTTP/1.1" 200 52145 "-" "Mozilla/5.0 AppleWebKit/537.36 (KHTML, like Gecko; compatible; GPTBot/1.3; +https://openai.com/gptbot)"
57.141.20.58 - - [11/Jan/2026:00:37:04 +0000] "GET /moneysense-self-help-guide-to-the-ideal-profile/?fileloc=//sys/class/pci_bus/0000:06/subsystem/0000:06/device/0000:00:02.4:pcie001/subsystem/devices/0000:00:03.2:pcie010/subsystem/drivers_autoprobe&path=//sys/class/pci_bus/0000:06/subsystem/0000:06/device/0000:00:02.4:pcie001/subsystem/devices/0000:00:03.2:pcie010/subsystem HTTP/1.1" 200 276826 "-" "meta-externalagent/1.1 (+https://developers.facebook.com/docs/sharing/webmasters/crawler)"
57.141.20.0 - - [11/Jan/2026:00:37:05 +0000] "GET /2025/03/06/page/39/?path=//sys/class/pci_bus/0000:0a/subsystem/0000:00/device/firmware_node/device:2e/wakeup HTTP/1.1" 200 276812 "-" "meta-externalagent/1.1 (+https://developers.facebook.com/docs/sharing/webmasters/crawler)"
54.39.210.106 - - [11/Jan/2026:00:37:05 +0000] "GET /?feed=comments-rss2 HTTP/1.1" 200 8454 "-" "Mozilla/5.0 (compatible; AhrefsBot/7.0; +http://ahrefs.com/robot/)"
74.7.227.51 - - [11/Jan/2026:00:37:05 +0000] "GET /entity/535193454.htm HTTP/1.1" 301 7275 "-" "Mozilla/5.0 AppleWebKit/537.36 (KHTML, like Gecko; compatible; GPTBot/1.3; +https://openai.com/gptbot)"
74.7.227.51 - - [11/Jan/2026:00:37:06 +0000] "GET /entity/535193454.htm/ HTTP/1.1" 200 52145 "-" "Mozilla/5.0 AppleWebKit/537.36 (KHTML, like Gecko; compatible; GPTBot/1.3; +https://openai.com/gptbot)"
57.141.20.24 - - [11/Jan/2026:00:37:06 +0000] "GET /karamba-spielsaal-erfahrungen-angeschlossen-testbericht-werfen-sie-einen-blick-auf-den-link-within-2025-pro-teutonia/?fileloc=//sys/class/pci_bus/0000:06/subsystem/0000:13/subsystem/0000:0f/subsystem/0000:07/device/driver/0000:00:03.4/power/runtime_enabled&path=//sys/class/pci_bus/0000:06/subsystem/0000:13/subsystem/0000:0f/subsystem/0000:07/device/driver/0000:00:03.4/power HTTP/1.1" 200 276795 "-" "meta-externalagent/1.1 (+https://developers.facebook.com/docs/sharing/webmasters/crawler)"
57.141.20.11 - - [11/Jan/2026:00:37:07 +0000] "GET /2025/03/07/page/6/?path=//sys/class/pci_bus/0000:11/device/driver/0000:00:02.0/driver/0000:00:03.3/subsystem/devices/0000:00:02.5/pci_bus HTTP/1.1" 200 276804 "-" "meta-externalagent/1.1 (+https://developers.facebook.com/docs/sharing/webmasters/crawler)"
57.141.20.38 - - [11/Jan/2026:00:37:08 +0000] "GET /karamba-spielsaal-erfahrungen-angeschlossen-testbericht-werfen-sie-einen-blick-auf-den-link-within-2025-pro-teutonia/?fileloc=//sys/class/pci_bus/0000:0b/subsystem/0000:08/subsystem/0000:06/subsystem/0000:07/device/firmware_node/power/async&path=//sys/class/pci_bus/0000:0b/subsystem/0000:08/subsystem/0000:06/subsystem/0000:07/device/firmware_node/power HTTP/1.1" 200 276804 "-" "meta-externalagent/1.1 (+https://developers.facebook.com/docs/sharing/webmasters/crawler)"
74.7.227.51 - - [11/Jan/2026:00:37:09 +0000] "GET /entity/535110323.htm HTTP/1.1" 301 7281 "-" "Mozilla/5.0 AppleWebKit/537.36 (KHTML, like Gecko; compatible; GPTBot/1.3; +https://openai.com/gptbot)"
57.141.20.29 - - [11/Jan/2026:00:37:09 +0000] "GET /2025/03/07/page/6/?fileloc=//sys/class/pci_bus/0000:12/subsystem/0000:0e/subsystem/0000:06/subsystem/0000:00/device/0000:00:1b.0/rescan&path=//sys/class/pci_bus/0000:12/subsystem/0000:0e/subsystem/0000:06/subsystem/0000:00/device/0000:00:1b.0 HTTP/1.1" 200 276796 "-" "meta-externalagent/1.1 (+https://developers.facebook.com/docs/sharing/webmasters/crawler)"
74.7.227.51 - - [11/Jan/2026:00:37:09 +0000] "GET /entity/535110323.htm/ HTTP/1.1" 200 52145 "-" "Mozilla/5.0 AppleWebKit/537.36 (KHTML, like Gecko; compatible; GPTBot/1.3; +https://openai.com/gptbot)"
57.141.20.40 - - [11/Jan/2026:00:37:10 +0000] "GET /2025/03/07/page/6/?fileloc=//sys/class/pci_bus/0000:0b/subsystem/0000:0f/device/driver/0000:00:03.4/subsystem/devices/0000:05:00.0/power/wakeup_active_count&path=//sys/class/pci_bus/0000:0b/subsystem/0000:0f/device/driver/0000:00:03.4/subsystem/devices/0000:05:00.0/power HTTP/1.1" 200 276804 "-" "meta-externalagent/1.1 (+https://developers.facebook.com/docs/sharing/webmasters/crawler)"
57.141.20.18 - - [11/Jan/2026:00:37:11 +0000] "GET /nacin-kako-uporabljate-globe-wagering-najboljsa-knjiga/?path=//sys/dev/char/4:48/subsystem/ttyS18/subsystem/tty16/subsystem/tty8 HTTP/1.1" 200 276804 "-" "meta-externalagent/1.1 (+https://developers.facebook.com/docs/sharing/webmasters/crawler)"
74.7.227.51 - - [11/Jan/2026:00:37:12 +0000] "GET /entity/535107980.htm HTTP/1.1" 301 7281 "-" "Mozilla/5.0 AppleWebKit/537.36 (KHTML, like Gecko; compatible; GPTBot/1.3; +https://openai.com/gptbot)"
74.7.227.51 - - [11/Jan/2026:00:37:12 +0000] "GET /entity/535107980.htm/ HTTP/1.1" 200 52145 "-" "Mozilla/5.0 AppleWebKit/537.36 (KHTML, like Gecko; compatible; GPTBot/1.3; +https://openai.com/gptbot)"
114.119.145.154 - - [11/Jan/2026:00:37:14 +0000] "GET /zodiac-kasino-erfahrungen-2024-480-bonus-80-freispiele?path=//sys/dev/char/5:1/subsystem/tty5/subsystem/ttyS6/subsystem/tty8/subsystem/tty11 HTTP/1.1" 301 7281 "-" "Mozilla/5.0 (Linux; Android 7.0;) AppleWebKit/537.36 (KHTML, like Gecko) Mobile Safari/537.36 (compatible; PetalBot;+https://webmaster.petalsearch.com/site/petalbot)"
66.249.72.226 - - [11/Jan/2026:00:37:14 +0000] "GET /?fileloc=//sys/class/sound/card0/device/subsystem/devices/0000:00:02.2/subsystem/devices/0000:00:03.4/driver/0000:00:02.7/driver/0000:00:02.3/current_link_width&path=//sys/class/sound/card0/device/subsystem/devices/0000:00:02.2/subsystem/devices/0000:00:03.4/driver/0000:00:02.7/driver/0000:00:02.3 HTTP/1.1" 200 52146 "-" "Mozilla/5.0 (Linux; Android 6.0.1; Nexus 5X Build/MMB29P) AppleWebKit/537.36 (KHTML, like Gecko) Chrome/143.0.7499.192 Mobile Safari/537.36 (compatible; Googlebot/2.1; +http://www.google.com/bot.html)"
217.113.194.61 - - [11/Jan/2026:00:37:14 +0000] "GET /contact/?path=//proc/42 HTTP/1.1" 200 52145 "-" "Mozilla/5.0 (compatible; Barkrowler/0.9; +https://babbar.tech/crawler)"
114.119.145.154 - - [11/Jan/2026:00:37:15 +0000] "GET /zodiac-kasino-erfahrungen-2024-480-bonus-80-freispiele/?path=//sys/dev/char/5:1/subsystem/tty5/subsystem/ttyS6/subsystem/tty8/subsystem/tty11 HTTP/1.1" 200 52146 "-" "Mozilla/5.0 (Linux; Android 7.0;) AppleWebKit/537.36 (KHTML, like Gecko) Mobile Safari/537.36 (compatible; PetalBot;+https://webmaster.petalsearch.com/site/petalbot)"
74.7.227.51 - - [11/Jan/2026:00:37:15 +0000] "GET /entity/535249661.htm HTTP/1.1" 301 7275 "-" "Mozilla/5.0 AppleWebKit/537.36 (KHTML, like Gecko; compatible; GPTBot/1.3; +https://openai.com/gptbot)"
74.7.227.51 - - [11/Jan/2026:00:37:15 +0000] "GET /entity/535249661.htm/ HTTP/1.1" 200 52145 "-" "Mozilla/5.0 AppleWebKit/537.36 (KHTML, like Gecko; compatible; GPTBot/1.3; +https://openai.com/gptbot)"
74.7.227.51 - - [11/Jan/2026:00:37:18 +0000] "GET /entity/535146061.htm HTTP/1.1" 301 7275 "-" "Mozilla/5.0 AppleWebKit/537.36 (KHTML, like Gecko; compatible; GPTBot/1.3; +https://openai.com/gptbot)"
74.7.227.51 - - [11/Jan/2026:00:37:19 +0000] "GET /entity/535146061.htm/ HTTP/1.1" 200 52145 "-" "Mozilla/5.0 AppleWebKit/537.36 (KHTML, like Gecko; compatible; GPTBot/1.3; +https://openai.com/gptbot)"
74.7.227.51 - - [11/Jan/2026:00:37:21 +0000] "GET /entity/535260019.htm HTTP/1.1" 301 7275 "-" "Mozilla/5.0 AppleWebKit/537.36 (KHTML, like Gecko; compatible; GPTBot/1.3; +https://openai.com/gptbot)"
74.7.227.51 - - [11/Jan/2026:00:37:22 +0000] "GET /entity/535260019.htm/ HTTP/1.1" 200 52145 "-" "Mozilla/5.0 AppleWebKit/537.36 (KHTML, like Gecko; compatible; GPTBot/1.3; +https://openai.com/gptbot)"
57.141.20.45 - - [11/Jan/2026:00:37:23 +0000] "GET /karamba-spielsaal-erfahrungen-angeschlossen-testbericht-werfen-sie-einen-blick-auf-den-link-within-2025-pro-teutonia/?path=//sys/class/pci_bus/0000:06/subsystem/0000:01/subsystem/0000:0d/subsystem/0000:0f/device/msi_irqs HTTP/1.1" 200 276804 "-" "meta-externalagent/1.1 (+https://developers.facebook.com/docs/sharing/webmasters/crawler)"
57.141.20.6 - - [11/Jan/2026:00:37:23 +0000] "GET /karamba-spielsaal-erfahrungen-angeschlossen-testbericht-werfen-sie-einen-blick-auf-den-link-within-2025-pro-teutonia/?fileloc=//sys/class/pci_bus/0000:0e/subsystem/0000:0d/device/driver/0000:00:02.2/subsystem/slots/0-15/max_bus_speed&path=//sys/class/pci_bus/0000:0e/subsystem/0000:0d/device/driver/0000:00:02.2/subsystem/slots/0-15 HTTP/1.1" 200 276804 "-" "meta-externalagent/1.1 (+https://developers.facebook.com/docs/sharing/webmasters/crawler)"
74.7.227.51 - - [11/Jan/2026:00:37:24 +0000] "GET /entity/535215734.htm HTTP/1.1" 301 7281 "-" "Mozilla/5.0 AppleWebKit/537.36 (KHTML, like Gecko; compatible; GPTBot/1.3; +https://openai.com/gptbot)"
74.7.227.51 - - [11/Jan/2026:00:37:25 +0000] "GET /entity/535215734.htm/ HTTP/1.1" 200 52145 "-" "Mozilla/5.0 AppleWebKit/537.36 (KHTML, like Gecko; compatible; GPTBot/1.3; +https://openai.com/gptbot)"
74.7.227.51 - - [11/Jan/2026:00:37:28 +0000] "GET /entity/535232049.htm HTTP/1.1" 301 7275 "-" "Mozilla/5.0 AppleWebKit/537.36 (KHTML, like Gecko; compatible; GPTBot/1.3; +https://openai.com/gptbot)"
74.7.227.51 - - [11/Jan/2026:00:37:28 +0000] "GET /entity/535232049.htm/ HTTP/1.1" 200 52145 "-" "Mozilla/5.0 AppleWebKit/537.36 (KHTML, like Gecko; compatible; GPTBot/1.3; +https://openai.com/gptbot)"
217.113.194.56 - - [11/Jan/2026:00:37:30 +0000] "GET /contact/?path=//proc/56 HTTP/1.1" 200 52145 "-" "Mozilla/5.0 (compatible; Barkrowler/0.9; +https://babbar.tech/crawler)"
74.7.227.51 - - [11/Jan/2026:00:37:31 +0000] "GET /entity/535265199.htm HTTP/1.1" 301 7275 "-" "Mozilla/5.0 AppleWebKit/537.36 (KHTML, like Gecko; compatible; GPTBot/1.3; +https://openai.com/gptbot)"
74.7.227.51 - - [11/Jan/2026:00:37:31 +0000] "GET /entity/535265199.htm/ HTTP/1.1" 200 52145 "-" "Mozilla/5.0 AppleWebKit/537.36 (KHTML, like Gecko; compatible; GPTBot/1.3; +https://openai.com/gptbot)"
74.7.227.51 - - [11/Jan/2026:00:37:34 +0000] "GET /entity/535190095.htm HTTP/1.1" 301 7281 "-" "Mozilla/5.0 AppleWebKit/537.36 (KHTML, like Gecko; compatible; GPTBot/1.3; +https://openai.com/gptbot)"
66.249.72.226 - - [11/Jan/2026:00:37:34 +0000] "GET /?path=//sys/class/sound/card0/device/subsystem/devices/0000:00:02.2/subsystem/devices/0000:00:03.4/driver/0000:00:04.0/driver/0000:00:02.0/driver/0000:00:03.6/driver/0000:00:02.1/subsystem/devices/0000:00:02.1/subsystem/drivers/snd_hda_intel/module/notes HTTP/1.1" 200 52146 "-" "Mozilla/5.0 (Linux; Android 6.0.1; Nexus 5X Build/MMB29P) AppleWebKit/537.36 (KHTML, like Gecko) Chrome/143.0.7499.192 Mobile Safari/537.36 (compatible; Googlebot/2.1; +http://www.google.com/bot.html)"
74.7.227.51 - - [11/Jan/2026:00:37:35 +0000] "GET /entity/535190095.htm/ HTTP/1.1" 200 52145 "-" "Mozilla/5.0 AppleWebKit/537.36 (KHTML, like Gecko; compatible; GPTBot/1.3; +https://openai.com/gptbot)"
74.7.227.51 - - [11/Jan/2026:00:37:37 +0000] "GET /entity/535147870.htm HTTP/1.1" 301 7275 "-" "Mozilla/5.0 AppleWebKit/537.36 (KHTML, like Gecko; compatible; GPTBot/1.3; +https://openai.com/gptbot)"
74.7.227.51 - - [11/Jan/2026:00:37:37 +0000] "GET /entity/535147870.htm/ HTTP/1.1" 200 52145 "-" "Mozilla/5.0 AppleWebKit/537.36 (KHTML, like Gecko; compatible; GPTBot/1.3; +https://openai.com/gptbot)"
74.7.227.51 - - [11/Jan/2026:00:37:40 +0000] "GET /entity/535184915.htm HTTP/1.1" 301 7275 "-" "Mozilla/5.0 AppleWebKit/537.36 (KHTML, like Gecko; compatible; GPTBot/1.3; +https://openai.com/gptbot)"
74.7.227.51 - - [11/Jan/2026:00:37:41 +0000] "GET /entity/535184915.htm/ HTTP/1.1" 200 52145 "-" "Mozilla/5.0 AppleWebKit/537.36 (KHTML, like Gecko; compatible; GPTBot/1.3; +https://openai.com/gptbot)"
57.141.20.22 - - [11/Jan/2026:00:37:41 +0000] "GET /2025/03/07/page/6/?fileloc=//sys/class/pci_bus/0000:0b/subsystem/0000:03/subsystem/0000:0b/subsystem/0000:02/subsystem/0000:0f/rescan&path=//sys/class/pci_bus/0000:0b/subsystem/0000:03/subsystem/0000:0b/subsystem/0000:02/subsystem/0000:0f HTTP/1.1" 200 276804 "-" "meta-externalagent/1.1 (+https://developers.facebook.com/docs/sharing/webmasters/crawler)"
74.7.227.51 - - [11/Jan/2026:00:37:43 +0000] "GET /entity/535063703.htm HTTP/1.1" 301 7281 "-" "Mozilla/5.0 AppleWebKit/537.36 (KHTML, like Gecko; compatible; GPTBot/1.3; +https://openai.com/gptbot)"
57.141.20.6 - - [11/Jan/2026:00:37:44 +0000] "GET /2025/03/07/page/6/?fileloc=//sys/class/pci_bus/0000:05/subsystem/0000:0b/device/driver/0000:00:04.0/driver/0000:00:03.1/driver/0000:00:02.6/max_link_width&path=//sys/class/pci_bus/0000:05/subsystem/0000:0b/device/driver/0000:00:04.0/driver/0000:00:03.1/driver/0000:00:02.6 HTTP/1.1" 200 276804 "-" "meta-externalagent/1.1 (+https://developers.facebook.com/docs/sharing/webmasters/crawler)"
57.141.20.47 - - [11/Jan/2026:00:37:45 +0000] "GET /karamba-spielsaal-erfahrungen-angeschlossen-testbericht-werfen-sie-einen-blick-auf-den-link-within-2025-pro-teutonia/?fileloc=//sys/class/pci_bus/0000:0f/subsystem/0000:01/subsystem/0000:0f/subsystem/0000:06/subsystem/0000:12/device/consistent_dma_mask_bits&path=//sys/class/pci_bus/0000:0f/subsystem/0000:01/subsystem/0000:0f/subsystem/0000:06/subsystem/0000:12/device HTTP/1.1" 200 276795 "-" "meta-externalagent/1.1 (+https://developers.facebook.com/docs/sharing/webmasters/crawler)"
74.7.227.51 - - [11/Jan/2026:00:37:45 +0000] "GET /entity/535063703.htm/ HTTP/1.1" 200 52145 "-" "Mozilla/5.0 AppleWebKit/537.36 (KHTML, like Gecko; compatible; GPTBot/1.3; +https://openai.com/gptbot)"
57.141.20.59 - - [11/Jan/2026:00:37:45 +0000] "GET /karamba-spielsaal-erfahrungen-angeschlossen-testbericht-werfen-sie-einen-blick-auf-den-link-within-2025-pro-teutonia/?fileloc=//sys/class/pci_bus/0000:06/subsystem/0000:04/subsystem/0000:0c/subsystem/0000:04/device/driver/0000:00:03.2/uevent&path=//sys/class/pci_bus/0000:06/subsystem/0000:04/subsystem/0000:0c/subsystem/0000:04/device/driver/0000:00:03.2 HTTP/1.1" 200 276812 "-" "meta-externalagent/1.1 (+https://developers.facebook.com/docs/sharing/webmasters/crawler)"
217.113.194.55 - - [11/Jan/2026:00:37:46 +0000] "GET /contact/?path=//proc/66 HTTP/1.1" 200 52145 "-" "Mozilla/5.0 (compatible; Barkrowler/0.9; +https://babbar.tech/crawler)"
74.7.227.51 - - [11/Jan/2026:00:37:46 +0000] "GET /entity/535043495.htm HTTP/1.1" 301 7275 "-" "Mozilla/5.0 AppleWebKit/537.36 (KHTML, like Gecko; compatible; GPTBot/1.3; +https://openai.com/gptbot)"
74.7.227.51 - - [11/Jan/2026:00:37:47 +0000] "GET /entity/535043495.htm/ HTTP/1.1" 200 52145 "-" "Mozilla/5.0 AppleWebKit/537.36 (KHTML, like Gecko; compatible; GPTBot/1.3; +https://openai.com/gptbot)"
57.141.20.40 - - [11/Jan/2026:00:37:49 +0000] "GET /2025/03/06/page/39/?fileloc=//sys/class/pci_bus/0000:06/subsystem/0000:01/subsystem/0000:02/device/0000:00:02.1:pcie002/driver/0000:00:02.4:pcie002/driver/bind&path=//sys/class/pci_bus/0000:06/subsystem/0000:01/subsystem/0000:02/device/0000:00:02.1:pcie002/driver/0000:00:02.4:pcie002/driver HTTP/1.1" 200 276804 "-" "meta-externalagent/1.1 (+https://developers.facebook.com/docs/sharing/webmasters/crawler)"
74.7.227.51 - - [11/Jan/2026:00:37:49 +0000] "GET /entity/535097106.htm HTTP/1.1" 301 7281 "-" "Mozilla/5.0 AppleWebKit/537.36 (KHTML, like Gecko; compatible; GPTBot/1.3; +https://openai.com/gptbot)"
74.7.227.51 - - [11/Jan/2026:00:37:50 +0000] "GET /entity/535097106.htm/ HTTP/1.1" 200 52145 "-" "Mozilla/5.0 AppleWebKit/537.36 (KHTML, like Gecko; compatible; GPTBot/1.3; +https://openai.com/gptbot)"
66.135.21.75 - - [11/Jan/2026:00:37:50 +0000] "POST /wp-cron.php?doing_wp_cron=1768091870.6493089199066162109375 HTTP/1.1" 200 31 "-" "WordPress/6.3.1; https://datainsightnow.com"
57.141.20.43 - - [11/Jan/2026:00:37:51 +0000] "GET /2025/03/07/page/6/?path=//sys/bus/acpi/devices/device:3e/physical_node/driver/0000:00:02.6/0000:00:02.6:pcie002 HTTP/1.1" 200 276788 "-" "meta-externalagent/1.1 (+https://developers.facebook.com/docs/sharing/webmasters/crawler)"
57.141.20.49 - - [11/Jan/2026:00:37:52 +0000] "GET /2025/03/07/page/6/?path=//sys/class/pci_bus/0000:0f/subsystem/0000:02/device/driver/0000:00:03.4/subsystem/devices/0000:00:03.6/0000:00:03.6:pcie001 HTTP/1.1" 200 276788 "-" "meta-externalagent/1.1 (+https://developers.facebook.com/docs/sharing/webmasters/crawler)"
74.7.227.51 - - [11/Jan/2026:00:37:52 +0000] "GET /entity/535138548.htm HTTP/1.1" 301 7275 "-" "Mozilla/5.0 AppleWebKit/537.36 (KHTML, like Gecko; compatible; GPTBot/1.3; +https://openai.com/gptbot)"
74.7.227.51 - - [11/Jan/2026:00:37:53 +0000] "GET /entity/535138548.htm/ HTTP/1.1" 200 52145 "-" "Mozilla/5.0 AppleWebKit/537.36 (KHTML, like Gecko; compatible; GPTBot/1.3; +https://openai.com/gptbot)"
57.141.20.32 - - [11/Jan/2026:00:37:53 +0000] "GET /karamba-spielsaal-erfahrungen-angeschlossen-testbericht-werfen-sie-einen-blick-auf-den-link-within-2025-pro-teutonia/?path=//sys/class/pci_bus/0000:06/subsystem/0000:0b/subsystem/0000:0f/subsystem/0000:0e/subsystem/0000:0c/subsystem/0000:0b HTTP/1.1" 200 276788 "-" "meta-externalagent/1.1 (+https://developers.facebook.com/docs/sharing/webmasters/crawler)"
74.7.227.51 - - [11/Jan/2026:00:37:56 +0000] "GET /entity/535206410.htm HTTP/1.1" 301 7281 "-" "Mozilla/5.0 AppleWebKit/537.36 (KHTML, like Gecko; compatible; GPTBot/1.3; +https://openai.com/gptbot)"
146.174.171.133 - - [11/Jan/2026:00:37:56 +0000] "GET /entity/473379480.htm HTTP/1.1" 301 7275 "-" "Mozilla/5.0 (Windows NT 6.0) AppleWebKit/535.1 (KHTML, like Gecko) Chrome/14.0.792.0 Safari/535.1"
74.7.227.51 - - [11/Jan/2026:00:37:56 +0000] "GET /entity/535206410.htm/ HTTP/1.1" 200 52145 "-" "Mozilla/5.0 AppleWebKit/537.36 (KHTML, like Gecko; compatible; GPTBot/1.3; +https://openai.com/gptbot)"
146.174.171.133 - - [11/Jan/2026:00:37:56 +0000] "GET /entity/473379480.htm/ HTTP/1.1" 200 52145 "-" "Mozilla/5.0 (Windows NT 6.0) AppleWebKit/535.1 (KHTML, like Gecko) Chrome/14.0.792.0 Safari/535.1"
54.39.203.99 - - [11/Jan/2026:00:37:57 +0000] "GET /?p=20931 HTTP/1.1" 200 49827 "-" "Mozilla/5.0 (compatible; AhrefsBot/7.0; +http://ahrefs.com/robot/)"
74.7.227.51 - - [11/Jan/2026:00:37:59 +0000] "GET /entity/535067847.htm HTTP/1.1" 301 7275 "-" "Mozilla/5.0 AppleWebKit/537.36 (KHTML, like Gecko; compatible; GPTBot/1.3; +https://openai.com/gptbot)"
57.141.20.36 - - [11/Jan/2026:00:37:59 +0000] "GET /karamba-spielsaal-erfahrungen-angeschlossen-testbericht-werfen-sie-einen-blick-auf-den-link-within-2025-pro-teutonia/?path=//sys/class/pci_bus/0000:0f/device/pci_bus/0000:0f/subsystem/0000:09/subsystem/0000:08/device/0000:00:02.6:pcie002/subsystem HTTP/1.1" 200 276826 "-" "meta-externalagent/1.1 (+https://developers.facebook.com/docs/sharing/webmasters/crawler)"
74.7.227.51 - - [11/Jan/2026:00:37:59 +0000] "GET /entity/535067847.htm/ HTTP/1.1" 200 52145 "-" "Mozilla/5.0 AppleWebKit/537.36 (KHTML, like Gecko; compatible; GPTBot/1.3; +https://openai.com/gptbot)"
66.249.72.226 - - [11/Jan/2026:00:38:02 +0000] "GET /?fileloc=//sys/class/sound/card0/device/subsystem/devices/0000:00:02.2/driver/0000:00:03.4/driver/0000:00:02.6/driver/0000:00:03.0/subsystem/devices/0000:00:02.5/driver/0000:00:03.6/power/control&path=//sys/class/sound/card0/device/subsystem/devices/0000:00:02.2/driver/0000:00:03.4/driver/0000:00:02.6/driver/0000:00:03.0/subsystem/devices/0000:00:02.5/driver/0000:00:03.6/power HTTP/1.1" 200 52146 "-" "Mozilla/5.0 (Linux; Android 6.0.1; Nexus 5X Build/MMB29P) AppleWebKit/537.36 (KHTML, like Gecko) Chrome/143.0.7499.192 Mobile Safari/537.36 (compatible; Googlebot/2.1; +http://www.google.com/bot.html)"
74.7.227.51 - - [11/Jan/2026:00:38:07 +0000] "GET /entity/535053857.htm HTTP/1.1" 301 7275 "-" "Mozilla/5.0 AppleWebKit/537.36 (KHTML, like Gecko; compatible; GPTBot/1.3; +https://openai.com/gptbot)"
66.249.72.228 - - [11/Jan/2026:00:38:09 +0000] "GET /?fileloc=//sys/class/sound/card0/device/subsystem/devices/0000:00:02.2/driver/0000:00:02.2/driver/0000:00:02.6/firmware_node/subsystem/devices/device:0b/subsystem/devices/LNXSYBUS:00/PNP0C01:00/subsystem/devices/device:2e/subsystem/devices/device:3a/adr&path=//sys/class/sound/card0/device/subsystem/devices/0000:00:02.2/driver/0000:00:02.2/driver/0000:00:02.6/firmware_node/subsystem/devices/device:0b/subsystem/devices/LNXSYBUS:00/PNP0C01:00/subsystem/devices/device:2e/subsystem/devices/device:3a HTTP/1.1" 200 52146 "-" "Mozilla/5.0 (Linux; Android 6.0.1; Nexus 5X Build/MMB29P) AppleWebKit/537.36 (KHTML, like Gecko) Chrome/143.0.7499.192 Mobile Safari/537.36 (compatible; Googlebot/2.1; +http://www.google.com/bot.html)"
217.113.194.61 - - [11/Jan/2026:00:38:09 +0000] "GET /contact/?path=//proc/49 HTTP/1.1" 200 52145 "-" "Mozilla/5.0 (compatible; Barkrowler/0.9; +https://babbar.tech/crawler)"
57.141.20.33 - - [11/Jan/2026:00:38:09 +0000] "GET /2025/03/07/page/6/?fileloc=//sys/class/pci_bus/0000:05/subsystem/0000:0e/device/driver/0000:00:04.0/subsystem/devices/0000:04:00.0/subsystem/devices/0000:00:02.0/0000:01:00.0/ari_enabled&path=//sys/class/pci_bus/0000:05/subsystem/0000:0e/device/driver/0000:00:04.0/subsystem/devices/0000:04:00.0/subsystem/devices/0000:00:02.0/0000:01:00.0 HTTP/1.1" 200 276874 "-" "meta-externalagent/1.1 (+https://developers.facebook.com/docs/sharing/webmasters/crawler)"
57.141.20.23 - - [11/Jan/2026:00:38:09 +0000] "GET /2025/03/07/page/6/?fileloc=//sys/class/pci_bus/0000:0e/subsystem/0000:12/subsystem/0000:0c/subsystem/0000:0a/device/revision&path=//sys/class/pci_bus/0000:0e/subsystem/0000:12/subsystem/0000:0c/subsystem/0000:0a/device HTTP/1.1" 200 276812 "-" "meta-externalagent/1.1 (+https://developers.facebook.com/docs/sharing/webmasters/crawler)"
74.7.227.51 - - [11/Jan/2026:00:38:09 +0000] "GET /entity/535053857.htm/ HTTP/1.1" 200 52145 "-" "Mozilla/5.0 AppleWebKit/537.36 (KHTML, like Gecko; compatible; GPTBot/1.3; +https://openai.com/gptbot)"
74.7.227.51 - - [11/Jan/2026:00:38:09 +0000] "GET /entity/535056180.htm HTTP/1.1" 301 7281 "-" "Mozilla/5.0 AppleWebKit/537.36 (KHTML, like Gecko; compatible; GPTBot/1.3; +https://openai.com/gptbot)"
74.7.227.51 - - [11/Jan/2026:00:38:10 +0000] "GET /entity/535056180.htm/ HTTP/1.1" 200 52145 "-" "Mozilla/5.0 AppleWebKit/537.36 (KHTML, like Gecko; compatible; GPTBot/1.3; +https://openai.com/gptbot)"
74.7.227.51 - - [11/Jan/2026:00:38:12 +0000] "GET /entity/535039865.htm HTTP/1.1" 301 7281 "-" "Mozilla/5.0 AppleWebKit/537.36 (KHTML, like Gecko; compatible; GPTBot/1.3; +https://openai.com/gptbot)"
74.7.227.51 - - [11/Jan/2026:00:38:13 +0000] "GET /entity/535039865.htm/ HTTP/1.1" 200 52145 "-" "Mozilla/5.0 AppleWebKit/537.36 (KHTML, like Gecko; compatible; GPTBot/1.3; +https://openai.com/gptbot)"
57.141.20.6 - - [11/Jan/2026:00:38:14 +0000] "GET /karamba-spielsaal-erfahrungen-angeschlossen-testbericht-werfen-sie-einen-blick-auf-den-link-within-2025-pro-teutonia/?fileloc=//sys/class/pci_bus/0000:06/subsystem/0000:04/subsystem/0000:07/subsystem/0000:02/subsystem/0000:07/device/enable&path=//sys/class/pci_bus/0000:06/subsystem/0000:04/subsystem/0000:07/subsystem/0000:02/subsystem/0000:07/device HTTP/1.1" 200 276812 "-" "meta-externalagent/1.1 (+https://developers.facebook.com/docs/sharing/webmasters/crawler)"
57.141.20.56 - - [11/Jan/2026:00:38:14 +0000] "GET /2025/03/07/page/6/?fileloc=//sys/class/pci_bus/0000:05/subsystem/0000:01/subsystem/0000:0d/subsystem/0000:0e/subsystem/0000:0f/rescan&path=//sys/class/pci_bus/0000:05/subsystem/0000:01/subsystem/0000:0d/subsystem/0000:0e/subsystem/0000:0f HTTP/1.1" 200 276804 "-" "meta-externalagent/1.1 (+https://developers.facebook.com/docs/sharing/webmasters/crawler)"
74.7.227.51 - - [11/Jan/2026:00:38:20 +0000] "GET /entity/535161087.htm HTTP/1.1" 301 7281 "-" "Mozilla/5.0 AppleWebKit/537.36 (KHTML, like Gecko; compatible; GPTBot/1.3; +https://openai.com/gptbot)"
57.141.20.28 - - [11/Jan/2026:00:38:22 +0000] "GET /karamba-spielsaal-erfahrungen-angeschlossen-testbericht-werfen-sie-einen-blick-auf-den-link-within-2025-pro-teutonia/?fileloc=//sys/class/pci_bus/0000:06/subsystem/0000:01/subsystem/0000:00/device/0000:00:02.3/subsystem/devices/0000:05:00.0/reset_method&path=//sys/class/pci_bus/0000:06/subsystem/0000:01/subsystem/0000:00/device/0000:00:02.3/subsystem/devices/0000:05:00.0 HTTP/1.1" 200 276796 "-" "meta-externalagent/1.1 (+https://developers.facebook.com/docs/sharing/webmasters/crawler)"
57.141.20.1 - - [11/Jan/2026:00:38:22 +0000] "GET /2025/03/06/page/39/?fileloc=//sys/class/pci_bus/0000:01/subsystem/0000:01/subsystem/0000:0d/subsystem/0000:07/device/power/async&path=//sys/class/pci_bus/0000:01/subsystem/0000:01/subsystem/0000:0d/subsystem/0000:07/device/power HTTP/1.1" 200 276796 "-" "meta-externalagent/1.1 (+https://developers.facebook.com/docs/sharing/webmasters/crawler)"
57.141.20.0 - - [11/Jan/2026:00:38:22 +0000] "GET /2025/03/13/?fileloc=//sys/class/pci_bus/0000:13/device/subsystem/devices/0000:00:04.0/device&path=//sys/class/pci_bus/0000:13/device/subsystem/devices/0000:00:04.0 HTTP/1.1" 200 276811 "-" "meta-externalagent/1.1 (+https://developers.facebook.com/docs/sharing/webmasters/crawler)"
74.7.227.51 - - [11/Jan/2026:00:38:22 +0000] "GET /entity/535161087.htm/ HTTP/1.1" 200 52145 "-" "Mozilla/5.0 AppleWebKit/537.36 (KHTML, like Gecko; compatible; GPTBot/1.3; +https://openai.com/gptbot)"
57.141.20.8 - - [11/Jan/2026:00:38:22 +0000] "GET /karamba-spielsaal-erfahrungen-angeschlossen-testbericht-werfen-sie-einen-blick-auf-den-link-within-2025-pro-teutonia/?fileloc=//sys/class/pci_bus/0000:02/subsystem/0000:07/subsystem/0000:02/device/driver/0000:00:03.5/aer_rootport_total_err_fatal&path=//sys/class/pci_bus/0000:02/subsystem/0000:07/subsystem/0000:02/device/driver/0000:00:03.5 HTTP/1.1" 200 276788 "-" "meta-externalagent/1.1 (+https://developers.facebook.com/docs/sharing/webmasters/crawler)"
74.7.227.51 - - [11/Jan/2026:00:38:22 +0000] "GET /entity/535242409.htm HTTP/1.1" 301 7275 "-" "Mozilla/5.0 AppleWebKit/537.36 (KHTML, like Gecko; compatible; GPTBot/1.3; +https://openai.com/gptbot)"
74.7.227.51 - - [11/Jan/2026:00:38:23 +0000] "GET /entity/535242409.htm/ HTTP/1.1" 200 52145 "-" "Mozilla/5.0 AppleWebKit/537.36 (KHTML, like Gecko; compatible; GPTBot/1.3; +https://openai.com/gptbot)"
217.113.194.61 - - [11/Jan/2026:00:38:25 +0000] "GET /contact/?path=//proc/167 HTTP/1.1" 200 52145 "-" "Mozilla/5.0 (compatible; Barkrowler/0.9; +https://babbar.tech/crawler)"
57.141.20.24 - - [11/Jan/2026:00:38:25 +0000] "GET /karamba-spielsaal-erfahrungen-angeschlossen-testbericht-werfen-sie-einen-blick-auf-den-link-within-2025-pro-teutonia/?fileloc=//sys/class/pci_bus/0000:06/subsystem/0000:04/subsystem/0000:0b/subsystem/0000:13/device/driver/0000:00:03.1/0000:00:03.1:pcie001/subsystem/drivers_probe&path=//sys/class/pci_bus/0000:06/subsystem/0000:04/subsystem/0000:0b/subsystem/0000:13/device/driver/0000:00:03.1/0000:00:03.1:pcie001/subsystem HTTP/1.1" 200 276811 "-" "meta-externalagent/1.1 (+https://developers.facebook.com/docs/sharing/webmasters/crawler)"
74.7.227.51 - - [11/Jan/2026:00:38:26 +0000] "GET /entity/535160816.htm HTTP/1.1" 301 7281 "-" "Mozilla/5.0 AppleWebKit/537.36 (KHTML, like Gecko; compatible; GPTBot/1.3; +https://openai.com/gptbot)"
74.7.227.51 - - [11/Jan/2026:00:38:26 +0000] "GET /entity/535160816.htm/ HTTP/1.1" 200 52145 "-" "Mozilla/5.0 AppleWebKit/537.36 (KHTML, like Gecko; compatible; GPTBot/1.3; +https://openai.com/gptbot)"
74.7.227.51 - - [11/Jan/2026:00:38:29 +0000] "GET /entity/535087270.htm HTTP/1.1" 301 7281 "-" "Mozilla/5.0 AppleWebKit/537.36 (KHTML, like Gecko; compatible; GPTBot/1.3; +https://openai.com/gptbot)"
66.249.72.226 - - [11/Jan/2026:00:38:30 +0000] "GET /?path=//sys/class/sound/card0/device/subsystem/devices/0000:00:02.2/driver/0000:00:03.4/driver/0000:00:02.6/driver/0000:00:02.2/0000:00:02.2:pcie001/subsystem/devices/0000:00:03.3:pcie001/subsystem/devices/0000:00:04.0:pcie010/subsystem/drivers/aer/0000:00:03.2:pcie002 HTTP/1.1" 200 52146 "-" "Mozilla/5.0 (Linux; Android 6.0.1; Nexus 5X Build/MMB29P) AppleWebKit/537.36 (KHTML, like Gecko) Chrome/143.0.7499.192 Mobile Safari/537.36 (compatible; Googlebot/2.1; +http://www.google.com/bot.html)"
74.7.227.51 - - [11/Jan/2026:00:38:30 +0000] "GET /entity/535087270.htm/ HTTP/1.1" 200 52145 "-" "Mozilla/5.0 AppleWebKit/537.36 (KHTML, like Gecko; compatible; GPTBot/1.3; +https://openai.com/gptbot)"
57.141.20.4 - - [11/Jan/2026:00:38:30 +0000] "GET /2025/03/07/page/6/?fileloc=//sys/class/pci_bus/0000:05/subsystem/0000:02/subsystem/0000:04/subsystem/0000:04/device/driver/0000:00:03.6/config&path=//sys/class/pci_bus/0000:05/subsystem/0000:02/subsystem/0000:04/subsystem/0000:04/device/driver/0000:00:03.6 HTTP/1.1" 200 276788 "-" "meta-externalagent/1.1 (+https://developers.facebook.com/docs/sharing/webmasters/crawler)"
57.141.20.48 - - [11/Jan/2026:00:38:32 +0000] "GET /karamba-spielsaal-erfahrungen-angeschlossen-testbericht-werfen-sie-einen-blick-auf-den-link-within-2025-pro-teutonia/?path=//sys/class/pci_bus/0000:03/subsystem/0000:01/subsystem/0000:13/device/firmware_node/subsystem/devices/device:27 HTTP/1.1" 200 276804 "-" "meta-externalagent/1.1 (+https://developers.facebook.com/docs/sharing/webmasters/crawler)"
74.7.227.51 - - [11/Jan/2026:00:38:32 +0000] "GET /entity/535189824.htm HTTP/1.1" 301 7275 "-" "Mozilla/5.0 AppleWebKit/537.36 (KHTML, like Gecko; compatible; GPTBot/1.3; +https://openai.com/gptbot)"
74.7.227.51 - - [11/Jan/2026:00:38:32 +0000] "GET /entity/535189824.htm/ HTTP/1.1" 200 52145 "-" "Mozilla/5.0 AppleWebKit/537.36 (KHTML, like Gecko; compatible; GPTBot/1.3; +https://openai.com/gptbot)"
