HEX
Server: nginx/1.24.0
System: Linux webserver 6.8.0-85-generic #85-Ubuntu SMP PREEMPT_DYNAMIC Thu Sep 18 15:26:59 UTC 2025 x86_64
User: wpuser (1002)
PHP: 8.3.6
Disabled: NONE
Upload Files
File: //var/log/nginx/gsudice.dataconn.net.access.log.1
194.26.192.110 - - [22/Oct/2025:00:51:45 +0000] "GET /.env HTTP/1.1" 403 564 "-" "Mozilla/5.0 (Linux; Android 5.0.2; SAMSUNG SM-T530NU Build/LRX22G) AppleWebKit/537.36 (KHTML, like Gecko) SamsungBrowser/3.2 Chrome/38.0.2125.102 Safari/537.36"
66.135.21.75 - - [22/Oct/2025:01:10:03 +0000] "POST /wp-cron.php?doing_wp_cron=1761095403.4763000011444091796875 HTTP/1.1" 200 31 "-" "WordPress/6.3.1; https://gsudice.dataconn.net"
43.173.178.198 - - [22/Oct/2025:01:10:03 +0000] "GET /?page_id=608 HTTP/1.1" 200 21854 "-" "Mozilla/5.0 (Windows NT 6.1; Win64; x64) AppleWebKit/537.36 (KHTML, like Gecko) Chrome/126.0.6478.114 Safari/537.36"
66.135.21.75 - - [22/Oct/2025:01:23:06 +0000] "POST /wp-cron.php?doing_wp_cron=1761096185.4021239280700683593750 HTTP/1.1" 499 0 "-" "WordPress/6.3.1; https://gsudice.dataconn.net"
89.187.162.104 - - [22/Oct/2025:01:23:06 +0000] "GET /wp-login.php HTTP/1.1" 200 2168 "-" "Mozilla/5.0 (Windows NT 10.0; Win64; x64) AppleWebKit/537.36 (KHTML, like Gecko) Chrome/91.0.4472.124 Safari/537.36"
89.187.162.104 - - [22/Oct/2025:01:23:11 +0000] "POST /xmlrpc.php HTTP/1.1" 200 223 "-" "curl/7.30.0"
66.135.21.75 - - [22/Oct/2025:01:23:14 +0000] "POST /wp-cron.php?doing_wp_cron=1761096193.6819379329681396484375 HTTP/1.1" 499 0 "-" "WordPress/6.3.1; https://gsudice.dataconn.net"
89.187.162.104 - - [22/Oct/2025:01:23:14 +0000] "GET /?author=1 HTTP/1.1" 200 20939 "-" "Mozilla/5.0 (Windows NT 10.0; Win64; x64) AppleWebKit/537.36 (KHTML, like Gecko) Chrome/91.0.4472.124 Safari/537.36"
89.187.162.104 - - [22/Oct/2025:01:23:18 +0000] "GET /?author=2 HTTP/1.1" 200 20903 "-" "Mozilla/5.0 (Windows NT 10.0; Win64; x64) AppleWebKit/537.36 (KHTML, like Gecko) Chrome/91.0.4472.124 Safari/537.36"
89.187.162.104 - - [22/Oct/2025:01:23:22 +0000] "GET /?author=3 HTTP/1.1" 200 20973 "-" "Mozilla/5.0 (Windows NT 10.0; Win64; x64) AppleWebKit/537.36 (KHTML, like Gecko) Chrome/91.0.4472.124 Safari/537.36"
89.187.162.104 - - [22/Oct/2025:01:23:25 +0000] "GET /?author=4 HTTP/1.1" 404 19113 "-" "Mozilla/5.0 (Windows NT 10.0; Win64; x64) AppleWebKit/537.36 (KHTML, like Gecko) Chrome/91.0.4472.124 Safari/537.36"
89.187.162.104 - - [22/Oct/2025:01:23:27 +0000] "GET /?author=5 HTTP/1.1" 404 19113 "-" "Mozilla/5.0 (Windows NT 10.0; Win64; x64) AppleWebKit/537.36 (KHTML, like Gecko) Chrome/91.0.4472.124 Safari/537.36"
89.187.162.104 - - [22/Oct/2025:01:23:30 +0000] "GET /?author=6 HTTP/1.1" 404 19113 "-" "Mozilla/5.0 (Windows NT 10.0; Win64; x64) AppleWebKit/537.36 (KHTML, like Gecko) Chrome/91.0.4472.124 Safari/537.36"
89.187.162.104 - - [22/Oct/2025:01:23:31 +0000] "GET /?author=7 HTTP/1.1" 404 19113 "-" "Mozilla/5.0 (Windows NT 10.0; Win64; x64) AppleWebKit/537.36 (KHTML, like Gecko) Chrome/91.0.4472.124 Safari/537.36"
89.187.162.104 - - [22/Oct/2025:01:23:33 +0000] "GET /?author=8 HTTP/1.1" 404 19113 "-" "Mozilla/5.0 (Windows NT 10.0; Win64; x64) AppleWebKit/537.36 (KHTML, like Gecko) Chrome/91.0.4472.124 Safari/537.36"
89.187.162.104 - - [22/Oct/2025:01:23:34 +0000] "GET /?author=9 HTTP/1.1" 404 19113 "-" "Mozilla/5.0 (Windows NT 10.0; Win64; x64) AppleWebKit/537.36 (KHTML, like Gecko) Chrome/91.0.4472.124 Safari/537.36"
89.187.162.104 - - [22/Oct/2025:01:23:35 +0000] "GET /?author=10 HTTP/1.1" 404 19113 "-" "Mozilla/5.0 (Windows NT 10.0; Win64; x64) AppleWebKit/537.36 (KHTML, like Gecko) Chrome/91.0.4472.124 Safari/537.36"
89.187.162.104 - - [22/Oct/2025:01:23:37 +0000] "GET /?author=11 HTTP/1.1" 404 19113 "-" "Mozilla/5.0 (Windows NT 10.0; Win64; x64) AppleWebKit/537.36 (KHTML, like Gecko) Chrome/91.0.4472.124 Safari/537.36"
89.187.162.104 - - [22/Oct/2025:01:23:39 +0000] "GET /?author=12 HTTP/1.1" 404 19113 "-" "Mozilla/5.0 (Windows NT 10.0; Win64; x64) AppleWebKit/537.36 (KHTML, like Gecko) Chrome/91.0.4472.124 Safari/537.36"
89.187.162.104 - - [22/Oct/2025:01:23:40 +0000] "GET /?author=13 HTTP/1.1" 404 19113 "-" "Mozilla/5.0 (Windows NT 10.0; Win64; x64) AppleWebKit/537.36 (KHTML, like Gecko) Chrome/91.0.4472.124 Safari/537.36"
89.187.162.104 - - [22/Oct/2025:01:23:41 +0000] "GET /?author=14 HTTP/1.1" 404 19113 "-" "Mozilla/5.0 (Windows NT 10.0; Win64; x64) AppleWebKit/537.36 (KHTML, like Gecko) Chrome/91.0.4472.124 Safari/537.36"
89.187.162.104 - - [22/Oct/2025:01:23:43 +0000] "GET /?author=15 HTTP/1.1" 404 19113 "-" "Mozilla/5.0 (Windows NT 10.0; Win64; x64) AppleWebKit/537.36 (KHTML, like Gecko) Chrome/91.0.4472.124 Safari/537.36"
89.187.162.104 - - [22/Oct/2025:01:23:45 +0000] "GET /?author=16 HTTP/1.1" 404 19113 "-" "Mozilla/5.0 (Windows NT 10.0; Win64; x64) AppleWebKit/537.36 (KHTML, like Gecko) Chrome/91.0.4472.124 Safari/537.36"
89.187.162.104 - - [22/Oct/2025:01:23:47 +0000] "GET /?author=17 HTTP/1.1" 404 19113 "-" "Mozilla/5.0 (Windows NT 10.0; Win64; x64) AppleWebKit/537.36 (KHTML, like Gecko) Chrome/91.0.4472.124 Safari/537.36"
89.187.162.104 - - [22/Oct/2025:01:23:48 +0000] "GET /?author=18 HTTP/1.1" 404 19113 "-" "Mozilla/5.0 (Windows NT 10.0; Win64; x64) AppleWebKit/537.36 (KHTML, like Gecko) Chrome/91.0.4472.124 Safari/537.36"
89.187.162.104 - - [22/Oct/2025:01:23:49 +0000] "GET /?author=19 HTTP/1.1" 404 19113 "-" "Mozilla/5.0 (Windows NT 10.0; Win64; x64) AppleWebKit/537.36 (KHTML, like Gecko) Chrome/91.0.4472.124 Safari/537.36"
89.187.162.104 - - [22/Oct/2025:01:23:51 +0000] "GET /?author=20 HTTP/1.1" 404 19113 "-" "Mozilla/5.0 (Windows NT 10.0; Win64; x64) AppleWebKit/537.36 (KHTML, like Gecko) Chrome/91.0.4472.124 Safari/537.36"
66.135.21.75 - - [22/Oct/2025:02:34:28 +0000] "POST /wp-cron.php?doing_wp_cron=1761100467.1470079421997070312500 HTTP/1.1" 499 0 "-" "WordPress/6.3.1; https://gsudice.dataconn.net"
114.119.143.103 - - [22/Oct/2025:02:34:28 +0000] "GET /wp-admin/ HTTP/1.1" 302 5 "https://gsudice.dataconn.net/" "Mozilla/5.0 (Linux; Android 7.0;) AppleWebKit/537.36 (KHTML, like Gecko) Mobile Safari/537.36 (compatible; PetalBot;+https://webmaster.petalsearch.com/site/petalbot)"
114.119.143.103 - - [22/Oct/2025:02:34:30 +0000] "GET /wp-login.php?redirect_to=https://gsudice.dataconn.net/wp-admin/&reauth=1 HTTP/1.1" 200 2168 "https://gsudice.dataconn.net/" "Mozilla/5.0 (Linux; Android 7.0;) AppleWebKit/537.36 (KHTML, like Gecko) Mobile Safari/537.36 (compatible; PetalBot;+https://webmaster.petalsearch.com/site/petalbot)"
66.135.21.75 - - [22/Oct/2025:03:29:04 +0000] "POST /wp-cron.php?doing_wp_cron=1761103743.6813299655914306640625 HTTP/1.1" 499 0 "-" "WordPress/6.3.1; https://gsudice.dataconn.net"
114.119.143.114 - - [22/Oct/2025:03:29:04 +0000] "GET /wp-sitemap.xml/ HTTP/1.1" 200 115835 "https://gsudice.dataconn.net/wp-sitemap.xml/" "Mozilla/5.0 (Linux; Android 7.0;) AppleWebKit/537.36 (KHTML, like Gecko) Mobile Safari/537.36 (compatible; PetalBot;+https://webmaster.petalsearch.com/site/petalbot)"
52.167.144.65 - - [22/Oct/2025:04:10:10 +0000] "GET /robots.txt HTTP/1.1" 499 0 "-" "Mozilla/5.0 AppleWebKit/537.36 (KHTML, like Gecko; compatible; bingbot/2.0; +http://www.bing.com/bingbot.htm) Chrome/116.0.1938.76 Safari/537.36"
66.135.21.75 - - [22/Oct/2025:04:10:40 +0000] "POST /wp-cron.php?doing_wp_cron=1761106239.5964040756225585937500 HTTP/1.1" 499 0 "-" "WordPress/6.3.1; https://gsudice.dataconn.net"
157.55.39.49 - - [22/Oct/2025:04:10:52 +0000] "GET /?page_id=126 HTTP/1.1" 200 23321 "-" "Mozilla/5.0 AppleWebKit/537.36 (KHTML, like Gecko; compatible; bingbot/2.0; +http://www.bing.com/bingbot.htm) Chrome/116.0.1938.76 Safari/537.36"
66.135.21.75 - - [22/Oct/2025:04:23:34 +0000] "POST /wp-cron.php?doing_wp_cron=1761107013.2837820053100585937500 HTTP/1.1" 499 0 "-" "WordPress/6.3.1; https://gsudice.dataconn.net"
66.249.74.37 - - [22/Oct/2025:04:23:34 +0000] "GET /?page_id=126 HTTP/1.1" 200 23321 "-" "Mozilla/5.0 (Linux; Android 6.0.1; Nexus 5X Build/MMB29P) AppleWebKit/537.36 (KHTML, like Gecko) Chrome/141.0.7390.107 Mobile Safari/537.36 (compatible; Googlebot/2.1; +http://www.google.com/bot.html)"
66.135.21.75 - - [22/Oct/2025:04:31:40 +0000] "POST /wp-cron.php?doing_wp_cron=1761107499.5092229843139648437500 HTTP/1.1" 499 0 "-" "WordPress/6.3.1; https://gsudice.dataconn.net"
43.173.177.60 - - [22/Oct/2025:04:31:40 +0000] "GET /?page_id=1573 HTTP/1.1" 200 17951 "-" "Mozilla/5.0 (Windows NT 10.0; Win64; x64) AppleWebKit/537.36 (KHTML, like Gecko) Chrome/104.0.5112.81 Safari/537.36"
66.135.21.75 - - [22/Oct/2025:04:37:23 +0000] "POST /wp-cron.php?doing_wp_cron=1761107842.2231109142303466796875 HTTP/1.1" 499 0 "-" "WordPress/6.3.1; https://gsudice.dataconn.net"
43.173.178.66 - - [22/Oct/2025:04:37:23 +0000] "GET /?page_id=126 HTTP/1.1" 200 23321 "-" "Mozilla/5.0 (Windows NT 6.1; Win64; x64) AppleWebKit/537.36 (KHTML, like Gecko) Chrome/126.0.6478.114 Safari/537.36"
66.135.21.75 - - [22/Oct/2025:05:00:37 +0000] "POST /wp-cron.php?doing_wp_cron=1761109236.9857950210571289062500 HTTP/1.1" 499 0 "-" "WordPress/6.3.1; https://gsudice.dataconn.net"
43.173.177.89 - - [22/Oct/2025:05:00:38 +0000] "GET /?page_id=185 HTTP/1.1" 200 18119 "-" "Mozilla/5.0 (Windows NT 6.1; Win64; x64) AppleWebKit/537.36 (KHTML, like Gecko) Chrome/126.0.6478.114 Safari/537.36"
92.37.136.110 - - [22/Oct/2025:06:00:25 +0000] "GET /adminer.php HTTP/1.1" 404 564 "-" "Mozilla/5.0 (Windows NT 10.0; Win64; x64) AppleWebKit/537.36 (KHTML, like Gecko) Chrome/138.0.0.0 Safari/537.36 Edg/138.0.0.0"
66.135.21.75 - - [22/Oct/2025:06:00:36 +0000] "POST /wp-cron.php?doing_wp_cron=1761112835.0028600692749023437500 HTTP/1.1" 499 0 "-" "WordPress/6.3.1; https://gsudice.dataconn.net"
194.26.192.153 - - [22/Oct/2025:06:00:36 +0000] "GET / HTTP/1.1" 200 356463 "-" "Mozilla/5.0 (Windows NT 10.0; Win64; x64) AppleWebKit/537.36 (KHTML, like Gecko) Chrome/78.0.3904.108 Safari/537.36"
66.135.21.75 - - [22/Oct/2025:06:01:18 +0000] "POST /wp-cron.php?doing_wp_cron=1761112877.0095400810241699218750 HTTP/1.1" 499 0 "-" "WordPress/6.3.1; https://gsudice.dataconn.net"
194.26.192.153 - - [22/Oct/2025:06:01:18 +0000] "GET //wp-includes/wlwmanifest.xml HTTP/1.1" 301 5 "-" "Mozilla/5.0 (Windows NT 10.0; Win64; x64) AppleWebKit/537.36 (KHTML, like Gecko) Chrome/78.0.3904.108 Safari/537.36"
194.26.192.153 - - [22/Oct/2025:06:01:55 +0000] "GET //xmlrpc.php?rsd HTTP/1.1" 200 860 "-" "Mozilla/5.0 (Windows NT 10.0; Win64; x64) AppleWebKit/537.36 (KHTML, like Gecko) Chrome/78.0.3904.108 Safari/537.36"
66.135.21.75 - - [22/Oct/2025:06:02:34 +0000] "POST /wp-cron.php?doing_wp_cron=1761112953.9864320755004882812500 HTTP/1.1" 499 0 "-" "WordPress/6.3.1; https://gsudice.dataconn.net"
194.26.192.153 - - [22/Oct/2025:06:02:35 +0000] "GET //?author=1 HTTP/1.1" 301 5 "-" "Mozilla/5.0 (Windows NT 10.0; Win64; x64) AppleWebKit/537.36 (KHTML, like Gecko) Chrome/78.0.3904.108 Safari/537.36"
194.26.192.153 - - [22/Oct/2025:06:03:13 +0000] "GET //?author=2 HTTP/1.1" 301 5 "-" "Mozilla/5.0 (Windows NT 10.0; Win64; x64) AppleWebKit/537.36 (KHTML, like Gecko) Chrome/78.0.3904.108 Safari/537.36"
194.26.192.153 - - [22/Oct/2025:06:03:55 +0000] "GET //wp-json/wp/v2/users/ HTTP/1.1" 301 5 "-" "Mozilla/5.0 (Windows NT 10.0; Win64; x64) AppleWebKit/537.36 (KHTML, like Gecko) Chrome/78.0.3904.108 Safari/537.36"
66.135.21.75 - - [22/Oct/2025:06:04:39 +0000] "POST /wp-cron.php?doing_wp_cron=1761113078.0336480140686035156250 HTTP/1.1" 499 0 "-" "WordPress/6.3.1; https://gsudice.dataconn.net"
194.26.192.153 - - [22/Oct/2025:06:04:39 +0000] "GET //wp-json/oembed/1.0/embed?url=https://gsudice.dataconn.net/ HTTP/1.1" 301 5 "-" "Mozilla/5.0 (Windows NT 10.0; Win64; x64) AppleWebKit/537.36 (KHTML, like Gecko) Chrome/78.0.3904.108 Safari/537.36"
194.26.192.153 - - [22/Oct/2025:06:05:25 +0000] "POST //xmlrpc.php HTTP/1.1" 200 413 "-" "Mozilla/5.0 (Windows NT 10.0; Win64; x64) AppleWebKit/537.36 (KHTML, like Gecko) Chrome/78.0.3904.108 Safari/537.36"
66.135.21.75 - - [22/Oct/2025:06:06:19 +0000] "POST /wp-cron.php?doing_wp_cron=1761113178.0979390144348144531250 HTTP/1.1" 499 0 "-" "WordPress/6.3.1; https://gsudice.dataconn.net"
194.26.192.153 - - [22/Oct/2025:06:06:19 +0000] "POST //xmlrpc.php HTTP/1.1" 200 413 "-" "Mozilla/5.0 (Windows NT 10.0; Win64; x64) AppleWebKit/537.36 (KHTML, like Gecko) Chrome/78.0.3904.108 Safari/537.36"
194.26.192.153 - - [22/Oct/2025:06:07:13 +0000] "POST //xmlrpc.php HTTP/1.1" 200 413 "-" "Mozilla/5.0 (Windows NT 10.0; Win64; x64) AppleWebKit/537.36 (KHTML, like Gecko) Chrome/78.0.3904.108 Safari/537.36"
66.135.21.75 - - [22/Oct/2025:06:08:12 +0000] "POST /wp-cron.php?doing_wp_cron=1761113291.8821148872375488281250 HTTP/1.1" 499 0 "-" "WordPress/6.3.1; https://gsudice.dataconn.net"
194.26.192.153 - - [22/Oct/2025:06:08:12 +0000] "POST //xmlrpc.php HTTP/1.1" 200 413 "-" "Mozilla/5.0 (Windows NT 10.0; Win64; x64) AppleWebKit/537.36 (KHTML, like Gecko) Chrome/78.0.3904.108 Safari/537.36"
194.26.192.153 - - [22/Oct/2025:06:09:12 +0000] "POST //xmlrpc.php HTTP/1.1" 504 578 "-" "Mozilla/5.0 (Windows NT 10.0; Win64; x64) AppleWebKit/537.36 (KHTML, like Gecko) Chrome/78.0.3904.108 Safari/537.36"
66.135.21.75 - - [22/Oct/2025:06:21:26 +0000] "POST /wp-cron.php?doing_wp_cron=1761114086.2012329101562500000000 HTTP/1.1" 200 31 "-" "WordPress/6.3.1; https://gsudice.dataconn.net"
35.203.211.164 - - [22/Oct/2025:06:21:26 +0000] "GET //gsudice.dataconn.net HTTP/1.1" 301 5 "-" "Hello from Palo Alto Networks, find out more about our scans in https://docs-cortex.paloaltonetworks.com/r/1/Cortex-Xpanse/Scanning-activity"
35.203.211.164 - - [22/Oct/2025:06:21:27 +0000] "GET /gsudice.dataconn.net/ HTTP/1.1" 200 356470 "-" "Hello from Palo Alto Networks, find out more about our scans in https://docs-cortex.paloaltonetworks.com/r/1/Cortex-Xpanse/Scanning-activity"
66.135.21.75 - - [22/Oct/2025:07:53:41 +0000] "POST /wp-cron.php?doing_wp_cron=1761119621.5139269828796386718750 HTTP/1.1" 200 31 "-" "WordPress/6.3.1; https://gsudice.dataconn.net"
4.227.36.61 - - [22/Oct/2025:07:53:41 +0000] "GET /robots.txt HTTP/1.1" 301 5 "-" "Mozilla/5.0 (Macintosh; Intel Mac OS X 10_15_7) AppleWebKit/537.36 (KHTML, like Gecko) Chrome/131.0.0.0 Safari/537.36; compatible; OAI-SearchBot/1.0; +https://openai.com/searchbot"
4.227.36.61 - - [22/Oct/2025:07:53:41 +0000] "GET /robots.txt/ HTTP/1.1" 200 115835 "https://gsudice.dataconn.net/robots.txt" "Mozilla/5.0 (Macintosh; Intel Mac OS X 10_15_7) AppleWebKit/537.36 (KHTML, like Gecko) Chrome/131.0.0.0 Safari/537.36; compatible; OAI-SearchBot/1.0; +https://openai.com/searchbot"
66.135.21.75 - - [22/Oct/2025:07:58:10 +0000] "POST /wp-cron.php?doing_wp_cron=1761119890.3616490364074707031250 HTTP/1.1" 200 31 "-" "WordPress/6.3.1; https://gsudice.dataconn.net"
34.1.16.255 - - [22/Oct/2025:07:58:10 +0000] "GET / HTTP/1.1" 200 115835 "http://gsudice.dataconn.net/" "Mozilla/5.0 (Macintosh; Intel Mac OS X 10_15_7) AppleWebKit/537.36 (KHTML, like Gecko) Chrome/135.0.0.0 Safari/537.36"
34.1.16.255 - - [22/Oct/2025:07:58:11 +0000] "GET /app/ HTTP/1.1" 200 115835 "-" "Mozilla/5.0 (Macintosh; Intel Mac OS X 10_15_7) AppleWebKit/537.36 (KHTML, like Gecko) Chrome/135.0.0.0 Safari/537.36"
66.135.21.75 - - [22/Oct/2025:07:58:12 +0000] "POST /wp-cron.php?doing_wp_cron=1761119892.0426568984985351562500 HTTP/1.1" 200 31 "-" "WordPress/6.3.1; https://gsudice.dataconn.net"
34.1.16.255 - - [22/Oct/2025:07:58:12 +0000] "GET /login/ HTTP/1.1" 200 115835 "-" "Mozilla/5.0 (Macintosh; Intel Mac OS X 10_15_7) AppleWebKit/537.36 (KHTML, like Gecko) Chrome/135.0.0.0 Safari/537.36"
66.135.21.75 - - [22/Oct/2025:08:21:23 +0000] "POST /wp-cron.php?doing_wp_cron=1761121283.1024339199066162109375 HTTP/1.1" 200 31 "-" "WordPress/6.3.1; https://gsudice.dataconn.net"
101.33.81.73 - - [22/Oct/2025:08:21:23 +0000] "GET / HTTP/1.1" 200 115835 "http://gsudice.dataconn.net" "Mozilla/5.0 (iPhone; CPU iPhone OS 13_2_3 like Mac OS X) AppleWebKit/605.1.15 (KHTML, like Gecko) Version/13.0.3 Mobile/15E148 Safari/604.1"
66.135.21.75 - - [22/Oct/2025:08:47:41 +0000] "POST /wp-cron.php?doing_wp_cron=1761122860.9511699676513671875000 HTTP/1.1" 200 31 "-" "WordPress/6.3.1; https://gsudice.dataconn.net"
79.137.65.139 - - [22/Oct/2025:08:47:41 +0000] "GET /robots.txt HTTP/1.1" 301 5 "-" "Mozilla/5.0 (compatible; MJ12bot/v1.4.8; http://mj12bot.com/)"
79.137.65.139 - - [22/Oct/2025:08:47:42 +0000] "GET /robots.txt/ HTTP/1.1" 200 356456 "-" "Mozilla/5.0 (compatible; MJ12bot/v1.4.8; http://mj12bot.com/)"
79.137.65.139 - - [22/Oct/2025:08:47:43 +0000] "GET /?feed=comments-rss2 HTTP/1.1" 200 783 "-" "Mozilla/5.0 (compatible; MJ12bot/v1.4.8; http://mj12bot.com/)"
79.137.65.139 - - [22/Oct/2025:08:47:45 +0000] "GET /?feed=rss2 HTTP/1.1" 200 1192 "-" "Mozilla/5.0 (compatible; MJ12bot/v1.4.8; http://mj12bot.com/)"
79.137.65.139 - - [22/Oct/2025:08:47:47 +0000] "GET /?page_id=122 HTTP/1.1" 200 19523 "-" "Mozilla/5.0 (compatible; MJ12bot/v1.4.8; http://mj12bot.com/)"
79.137.65.139 - - [22/Oct/2025:08:47:49 +0000] "GET /?page_id=126 HTTP/1.1" 200 23321 "-" "Mozilla/5.0 (compatible; MJ12bot/v1.4.8; http://mj12bot.com/)"
79.137.65.139 - - [22/Oct/2025:08:47:51 +0000] "GET /?page_id=1573 HTTP/1.1" 200 17951 "-" "Mozilla/5.0 (compatible; MJ12bot/v1.4.8; http://mj12bot.com/)"
79.137.65.139 - - [22/Oct/2025:08:47:53 +0000] "GET /?page_id=182 HTTP/1.1" 200 45375 "-" "Mozilla/5.0 (compatible; MJ12bot/v1.4.8; http://mj12bot.com/)"
79.137.65.139 - - [22/Oct/2025:08:47:55 +0000] "GET /?page_id=185 HTTP/1.1" 200 18119 "-" "Mozilla/5.0 (compatible; MJ12bot/v1.4.8; http://mj12bot.com/)"
79.137.65.139 - - [22/Oct/2025:08:47:57 +0000] "GET /?page_id=608 HTTP/1.1" 200 21854 "-" "Mozilla/5.0 (compatible; MJ12bot/v1.4.8; http://mj12bot.com/)"
66.135.21.75 - - [22/Oct/2025:08:49:39 +0000] "POST /wp-cron.php?doing_wp_cron=1761122979.6867148876190185546875 HTTP/1.1" 200 31 "-" "WordPress/6.3.1; https://gsudice.dataconn.net"
173.252.87.116 - - [22/Oct/2025:08:49:39 +0000] "GET /robots.txt HTTP/1.1" 301 5 "-" "facebookexternalhit/1.1 (+http://www.facebook.com/externalhit_uatext.php)"
173.252.87.116 - - [22/Oct/2025:08:49:40 +0000] "GET /robots.txt/ HTTP/1.1" 200 356401 "-" "facebookexternalhit/1.1 (+http://www.facebook.com/externalhit_uatext.php)"
66.135.21.75 - - [22/Oct/2025:09:23:34 +0000] "POST /wp-cron.php?doing_wp_cron=1761125014.5468928813934326171875 HTTP/1.1" 200 31 "-" "WordPress/6.3.1; https://gsudice.dataconn.net"
35.203.210.236 - - [22/Oct/2025:09:23:34 +0000] "GET //gsudice.dataconn.net HTTP/1.1" 301 5 "-" "Hello from Palo Alto Networks, find out more about our scans in https://docs-cortex.paloaltonetworks.com/r/1/Cortex-Xpanse/Scanning-activity"
35.203.210.236 - - [22/Oct/2025:09:23:35 +0000] "GET /gsudice.dataconn.net/ HTTP/1.1" 200 356456 "-" "Hello from Palo Alto Networks, find out more about our scans in https://docs-cortex.paloaltonetworks.com/r/1/Cortex-Xpanse/Scanning-activity"
66.135.21.75 - - [22/Oct/2025:09:40:16 +0000] "POST /wp-cron.php?doing_wp_cron=1761126016.3726310729980468750000 HTTP/1.1" 200 31 "-" "WordPress/6.3.1; https://gsudice.dataconn.net"
185.191.171.5 - - [22/Oct/2025:09:40:16 +0000] "GET /robots.txt HTTP/1.1" 301 5 "-" "Mozilla/5.0 (compatible; SemrushBot/7~bl; +http://www.semrush.com/bot.html)"
185.191.171.16 - - [22/Oct/2025:09:40:16 +0000] "GET /robots.txt/ HTTP/1.1" 200 115835 "-" "Mozilla/5.0 (compatible; SemrushBot/7~bl; +http://www.semrush.com/bot.html)"
85.208.96.201 - - [22/Oct/2025:09:40:17 +0000] "GET /?page_id=185 HTTP/1.1" 200 18119 "-" "Mozilla/5.0 (compatible; SemrushBot/7~bl; +http://www.semrush.com/bot.html)"
85.208.96.209 - - [22/Oct/2025:09:40:19 +0000] "GET /sitemap.xml HTTP/1.1" 301 5 "-" "Mozilla/5.0 (compatible; SemrushBot/7~bl; +http://www.semrush.com/bot.html)"
85.208.96.198 - - [22/Oct/2025:09:40:34 +0000] "GET /sitemap.xml/ HTTP/1.1" 200 115835 "-" "Mozilla/5.0 (compatible; SemrushBot/7~bl; +http://www.semrush.com/bot.html)"
66.135.21.75 - - [22/Oct/2025:09:44:36 +0000] "POST /wp-cron.php?doing_wp_cron=1761126276.8303759098052978515625 HTTP/1.1" 200 31 "-" "WordPress/6.3.1; https://gsudice.dataconn.net"
47.128.59.39 - - [22/Oct/2025:09:44:36 +0000] "GET /robots.txt HTTP/1.1" 301 5 "-" "Mozilla/5.0 (Linux; Android 5.0) AppleWebKit/537.36 (KHTML, like Gecko) Mobile Safari/537.36 (compatible; Bytespider; spider-feedback@bytedance.com)"
66.135.21.75 - - [22/Oct/2025:09:44:37 +0000] "GET / HTTP/1.1" 200 115835 "-" "WordPress/6.3.1; https://gsudice.dataconn.net"
47.128.59.39 - - [22/Oct/2025:09:44:39 +0000] "GET /robots.txt/ HTTP/1.1" 200 115835 "-" "Mozilla/5.0 (Linux; Android 5.0) AppleWebKit/537.36 (KHTML, like Gecko) Mobile Safari/537.36 (compatible; Bytespider; spider-feedback@bytedance.com)"
66.135.21.75 - - [22/Oct/2025:10:00:57 +0000] "POST /wp-cron.php?doing_wp_cron=1761127257.3667509555816650390625 HTTP/1.1" 200 31 "-" "WordPress/6.3.1; https://gsudice.dataconn.net"
66.132.153.122 - - [22/Oct/2025:10:00:57 +0000] "GET / HTTP/1.1" 200 115835 "-" "Mozilla/5.0 (compatible; CensysInspect/1.1; +https://about.censys.io/)"
66.135.21.75 - - [22/Oct/2025:11:45:23 +0000] "POST /wp-cron.php?doing_wp_cron=1761133523.7093870639801025390625 HTTP/1.1" 200 31 "-" "WordPress/6.3.1; https://gsudice.dataconn.net"
20.235.75.221 - - [22/Oct/2025:11:45:23 +0000] "GET /?page_id=608 HTTP/1.1" 200 21854 "-" "Mozilla/5.0 AppleWebKit/537.36 (KHTML, like Gecko); compatible; ChatGPT-User/1.0; +https://openai.com/bot"
66.135.21.75 - - [22/Oct/2025:11:46:09 +0000] "POST /wp-cron.php?doing_wp_cron=1761133568.9365670680999755859375 HTTP/1.1" 200 31 "-" "WordPress/6.3.1; https://gsudice.dataconn.net"
4.227.36.61 - - [22/Oct/2025:11:46:09 +0000] "GET /robots.txt HTTP/1.1" 301 5 "-" "Mozilla/5.0 (Macintosh; Intel Mac OS X 10_15_7) AppleWebKit/537.36 (KHTML, like Gecko) Chrome/131.0.0.0 Safari/537.36; compatible; OAI-SearchBot/1.0; +https://openai.com/searchbot"
4.227.36.61 - - [22/Oct/2025:11:46:10 +0000] "GET /robots.txt/ HTTP/1.1" 200 115835 "https://gsudice.dataconn.net/robots.txt" "Mozilla/5.0 (Macintosh; Intel Mac OS X 10_15_7) AppleWebKit/537.36 (KHTML, like Gecko) Chrome/131.0.0.0 Safari/537.36; compatible; OAI-SearchBot/1.0; +https://openai.com/searchbot"
135.234.64.15 - - [22/Oct/2025:11:46:11 +0000] "GET /?page_id=608 HTTP/1.1" 200 21854 "-" "Mozilla/5.0 (Macintosh; Intel Mac OS X 10_15_7) AppleWebKit/537.36 (KHTML, like Gecko) Chrome/131.0.0.0 Safari/537.36; compatible; OAI-SearchBot/1.0; +https://openai.com/searchbot"
66.135.21.75 - - [22/Oct/2025:11:51:22 +0000] "POST /wp-cron.php?doing_wp_cron=1761133882.0902340412139892578125 HTTP/1.1" 200 31 "-" "WordPress/6.3.1; https://gsudice.dataconn.net"
157.55.39.7 - - [22/Oct/2025:11:51:22 +0000] "GET /?page_id=182 HTTP/1.1" 200 45375 "-" "Mozilla/5.0 AppleWebKit/537.36 (KHTML, like Gecko; compatible; bingbot/2.0; +http://www.bing.com/bingbot.htm) Chrome/116.0.1938.76 Safari/537.36"
66.135.21.75 - - [22/Oct/2025:12:15:51 +0000] "POST /wp-cron.php?doing_wp_cron=1761135350.7204780578613281250000 HTTP/1.1" 200 31 "-" "WordPress/6.3.1; https://gsudice.dataconn.net"
165.154.163.10 - - [22/Oct/2025:12:15:51 +0000] "GET / HTTP/1.1" 200 115835 "-" "Mozilla/5.0 (X11; Linux x86_64) AppleWebKit/537.36 (KHTML, like Gecko) Chrome/86.0.4 240.111 Safari/537.36"
66.135.21.75 - - [22/Oct/2025:13:34:09 +0000] "POST /wp-cron.php?doing_wp_cron=1761140049.8668210506439208984375 HTTP/1.1" 200 31 "-" "WordPress/6.3.1; https://gsudice.dataconn.net"
43.166.255.102 - - [22/Oct/2025:13:34:10 +0000] "GET / HTTP/1.1" 200 115835 "http://gsudice.dataconn.net" "Mozilla/5.0 (iPhone; CPU iPhone OS 13_2_3 like Mac OS X) AppleWebKit/605.1.15 (KHTML, like Gecko) Version/13.0.3 Mobile/15E148 Safari/604.1"
66.135.21.75 - - [22/Oct/2025:13:55:22 +0000] "POST /wp-cron.php?doing_wp_cron=1761141321.7824399471282958984375 HTTP/1.1" 499 0 "-" "WordPress/6.3.1; https://gsudice.dataconn.net"
204.76.203.25 - - [22/Oct/2025:13:55:23 +0000] "GET / HTTP/1.1" 200 356449 "-" "Mozilla/5.0 (Windows NT 10.0; Win64; x64) AppleWebKit/537.36 (KHTML, like Gecko) Chrome/134.0.0.0 Safari/537.3"
66.135.21.75 - - [22/Oct/2025:15:16:10 +0000] "POST /wp-cron.php?doing_wp_cron=1761146170.3949680328369140625000 HTTP/1.1" 200 31 "-" "WordPress/6.3.1; https://gsudice.dataconn.net"
40.77.167.116 - - [22/Oct/2025:15:16:10 +0000] "GET / HTTP/1.1" 200 115835 "-" "Mozilla/5.0 AppleWebKit/537.36 (KHTML, like Gecko; compatible; bingbot/2.0; +http://www.bing.com/bingbot.htm) Chrome/116.0.1938.76 Safari/537.36"
66.135.21.75 - - [22/Oct/2025:17:00:40 +0000] "POST /wp-cron.php?doing_wp_cron=1761152439.2460379600524902343750 HTTP/1.1" 499 0 "-" "WordPress/6.3.1; https://gsudice.dataconn.net"
45.149.173.211 - - [22/Oct/2025:17:00:40 +0000] "GET / HTTP/1.1" 200 356431 "-" "Mozilla/5.0 (Windows NT 10.0; Win64; x64) AppleWebKit/537.36 (KHTML, like Gecko) Chrome/78.0.3904.108 Safari/537.36"
45.149.173.211 - - [22/Oct/2025:17:01:16 +0000] "GET //wp-includes/wlwmanifest.xml HTTP/1.1" 301 5 "-" "Mozilla/5.0 (Windows NT 10.0; Win64; x64) AppleWebKit/537.36 (KHTML, like Gecko) Chrome/78.0.3904.108 Safari/537.36"
45.149.173.211 - - [22/Oct/2025:17:01:53 +0000] "GET //xmlrpc.php?rsd HTTP/1.1" 200 860 "-" "Mozilla/5.0 (Windows NT 10.0; Win64; x64) AppleWebKit/537.36 (KHTML, like Gecko) Chrome/78.0.3904.108 Safari/537.36"
66.135.21.75 - - [22/Oct/2025:17:02:38 +0000] "POST /wp-cron.php?doing_wp_cron=1761152557.3737220764160156250000 HTTP/1.1" 499 0 "-" "WordPress/6.3.1; https://gsudice.dataconn.net"
45.149.173.211 - - [22/Oct/2025:17:02:38 +0000] "GET //?author=1 HTTP/1.1" 301 5 "-" "Mozilla/5.0 (Windows NT 10.0; Win64; x64) AppleWebKit/537.36 (KHTML, like Gecko) Chrome/78.0.3904.108 Safari/537.36"
45.149.173.211 - - [22/Oct/2025:17:03:23 +0000] "GET //?author=2 HTTP/1.1" 301 5 "-" "Mozilla/5.0 (Windows NT 10.0; Win64; x64) AppleWebKit/537.36 (KHTML, like Gecko) Chrome/78.0.3904.108 Safari/537.36"
66.135.21.75 - - [22/Oct/2025:17:04:12 +0000] "POST /wp-cron.php?doing_wp_cron=1761152651.7248070240020751953125 HTTP/1.1" 499 0 "-" "WordPress/6.3.1; https://gsudice.dataconn.net"
45.149.173.211 - - [22/Oct/2025:17:04:12 +0000] "GET //wp-json/wp/v2/users/ HTTP/1.1" 301 5 "-" "Mozilla/5.0 (Windows NT 10.0; Win64; x64) AppleWebKit/537.36 (KHTML, like Gecko) Chrome/78.0.3904.108 Safari/537.36"
45.149.173.211 - - [22/Oct/2025:17:05:07 +0000] "GET //wp-json/oembed/1.0/embed?url=https://gsudice.dataconn.net/ HTTP/1.1" 301 5 "-" "Mozilla/5.0 (Windows NT 10.0; Win64; x64) AppleWebKit/537.36 (KHTML, like Gecko) Chrome/78.0.3904.108 Safari/537.36"
66.135.21.75 - - [22/Oct/2025:17:06:07 +0000] "POST /wp-cron.php?doing_wp_cron=1761152766.2873671054840087890625 HTTP/1.1" 499 0 "-" "WordPress/6.3.1; https://gsudice.dataconn.net"
45.149.173.211 - - [22/Oct/2025:17:06:07 +0000] "POST //xmlrpc.php HTTP/1.1" 200 413 "-" "Mozilla/5.0 (Windows NT 10.0; Win64; x64) AppleWebKit/537.36 (KHTML, like Gecko) Chrome/78.0.3904.108 Safari/537.36"
45.149.173.211 - - [22/Oct/2025:17:07:07 +0000] "POST //xmlrpc.php HTTP/1.1" 499 0 "-" "Mozilla/5.0 (Windows NT 10.0; Win64; x64) AppleWebKit/537.36 (KHTML, like Gecko) Chrome/78.0.3904.108 Safari/537.36"
66.135.21.75 - - [22/Oct/2025:17:18:33 +0000] "POST /wp-cron.php?doing_wp_cron=1761153512.5421049594879150390625 HTTP/1.1" 499 0 "-" "WordPress/6.3.1; https://gsudice.dataconn.net"
152.32.129.154 - - [22/Oct/2025:17:18:33 +0000] "GET /robots.txt HTTP/1.1" 301 5 "-" "Go-http-client/1.1"
152.32.129.154 - - [22/Oct/2025:17:18:33 +0000] "GET /sitemap.xml HTTP/1.1" 301 5 "-" "Go-http-client/1.1"
152.32.129.154 - - [22/Oct/2025:17:18:35 +0000] "GET /sitemap.xml/ HTTP/1.1" 200 115835 "https://gsudice.dataconn.net/sitemap.xml" "Go-http-client/1.1"
152.32.129.154 - - [22/Oct/2025:17:18:35 +0000] "GET /robots.txt/ HTTP/1.1" 200 115835 "https://gsudice.dataconn.net/robots.txt" "Go-http-client/1.1"
152.32.129.154 - - [22/Oct/2025:17:18:40 +0000] "GET / HTTP/1.1" 200 115835 "-" "Mozilla/5.0 (Windows NT 7_2_1; Win64; x64) AppleWebKit/577.40 (KHTML, like Gecko) Chrome/88.0.79 Safari/537.36"
152.32.129.154 - - [22/Oct/2025:17:18:51 +0000] "GET /robots.txt HTTP/1.1" 301 5 "-" "Go-http-client/1.1"
152.32.129.154 - - [22/Oct/2025:17:18:52 +0000] "GET /sitemap.xml HTTP/1.1" 301 5 "-" "Go-http-client/1.1"
152.32.129.154 - - [22/Oct/2025:17:18:55 +0000] "GET /sitemap.xml/ HTTP/1.1" 200 115835 "https://gsudice.dataconn.net/sitemap.xml" "Go-http-client/1.1"
152.32.129.154 - - [22/Oct/2025:17:18:55 +0000] "GET /robots.txt/ HTTP/1.1" 200 115835 "https://gsudice.dataconn.net/robots.txt" "Go-http-client/1.1"
66.135.21.75 - - [22/Oct/2025:17:19:39 +0000] "POST /wp-cron.php?doing_wp_cron=1761153578.4968280792236328125000 HTTP/1.1" 499 0 "-" "WordPress/6.3.1; https://gsudice.dataconn.net"
57.141.6.71 - - [22/Oct/2025:17:19:39 +0000] "GET /?page_id=608 HTTP/1.1" 200 106132 "-" "meta-externalagent/1.1 (+https://developers.facebook.com/docs/sharing/webmasters/crawler)"
66.135.21.75 - - [22/Oct/2025:17:37:16 +0000] "POST /wp-cron.php?doing_wp_cron=1761154635.7819199562072753906250 HTTP/1.1" 499 0 "-" "WordPress/6.3.1; https://gsudice.dataconn.net"
4.227.36.62 - - [22/Oct/2025:17:37:16 +0000] "GET /robots.txt HTTP/1.1" 301 5 "-" "Mozilla/5.0 (Macintosh; Intel Mac OS X 10_15_7) AppleWebKit/537.36 (KHTML, like Gecko) Chrome/131.0.0.0 Safari/537.36; compatible; OAI-SearchBot/1.0; +https://openai.com/searchbot"
4.227.36.62 - - [22/Oct/2025:17:37:18 +0000] "GET /robots.txt/ HTTP/1.1" 200 115835 "https://gsudice.dataconn.net/robots.txt" "Mozilla/5.0 (Macintosh; Intel Mac OS X 10_15_7) AppleWebKit/537.36 (KHTML, like Gecko) Chrome/131.0.0.0 Safari/537.36; compatible; OAI-SearchBot/1.0; +https://openai.com/searchbot"
66.135.21.75 - - [22/Oct/2025:17:57:57 +0000] "POST /wp-cron.php?doing_wp_cron=1761155876.8015830516815185546875 HTTP/1.1" 499 0 "-" "WordPress/6.3.1; https://gsudice.dataconn.net"
34.1.24.182 - - [22/Oct/2025:17:57:57 +0000] "GET / HTTP/1.1" 200 115835 "http://gsudice.dataconn.net/" "Mozilla/5.0 (Macintosh; Intel Mac OS X 10_15_7) AppleWebKit/537.36 (KHTML, like Gecko) Chrome/135.0.0.0 Safari/537.36"
66.135.21.75 - - [22/Oct/2025:17:58:00 +0000] "POST /wp-cron.php?doing_wp_cron=1761155879.5927259922027587890625 HTTP/1.1" 499 0 "-" "WordPress/6.3.1; https://gsudice.dataconn.net"
34.1.24.182 - - [22/Oct/2025:17:58:00 +0000] "GET /app/ HTTP/1.1" 200 115835 "-" "Mozilla/5.0 (Macintosh; Intel Mac OS X 10_15_7) AppleWebKit/537.36 (KHTML, like Gecko) Chrome/135.0.0.0 Safari/537.36"
34.1.24.182 - - [22/Oct/2025:17:58:02 +0000] "GET /login/ HTTP/1.1" 200 115835 "-" "Mozilla/5.0 (Macintosh; Intel Mac OS X 10_15_7) AppleWebKit/537.36 (KHTML, like Gecko) Chrome/135.0.0.0 Safari/537.36"
66.135.21.75 - - [22/Oct/2025:18:20:48 +0000] "POST /wp-cron.php?doing_wp_cron=1761157247.2075231075286865234375 HTTP/1.1" 499 0 "-" "WordPress/6.3.1; https://gsudice.dataconn.net"
43.173.176.230 - - [22/Oct/2025:18:20:48 +0000] "GET /?page_id=182 HTTP/1.1" 200 45375 "-" "Mozilla/5.0 (Windows NT 6.1; Win64; x64) AppleWebKit/537.36 (KHTML, like Gecko) Chrome/126.0.6478.114 Safari/537.36"
107.220.186.122 - - [22/Oct/2025:18:56:26 +0000] "GET / HTTP/1.1" 504 578 "-" "Mozilla/5.0 (Macintosh; Intel Mac OS X 10_15_7) AppleWebKit/537.36 (KHTML, like Gecko) Chrome/141.0.0.0 Safari/537.36"
66.135.21.75 - - [22/Oct/2025:18:56:26 +0000] "POST /wp-cron.php?doing_wp_cron=1761159385.6380739212036132812500 HTTP/1.1" 499 0 "-" "WordPress/6.3.1; https://gsudice.dataconn.net"
66.135.21.75 - - [22/Oct/2025:19:08:56 +0000] "POST /wp-cron.php?doing_wp_cron=1761160135.0977499485015869140625 HTTP/1.1" 499 0 "-" "WordPress/6.3.1; https://gsudice.dataconn.net"
69.171.231.8 - - [22/Oct/2025:19:08:56 +0000] "GET /?page_id=608 HTTP/1.1" 200 106126 "-" "meta-externalagent/1.1 (+https://developers.facebook.com/docs/sharing/webmasters/crawler)"
66.135.21.75 - - [22/Oct/2025:19:47:14 +0000] "POST /wp-cron.php?doing_wp_cron=1761162433.3951799869537353515625 HTTP/1.1" 499 0 "-" "WordPress/6.3.1; https://gsudice.dataconn.net"
37.46.196.22 - - [22/Oct/2025:19:47:14 +0000] "GET /index.php?%ADd+cgi.force_redirect%3D0+%ADd+cgi.redirect_status_env%3D0+%ADd+fastcgi.impersonate%3D1+%ADd+open_basedir%3D+%ADd+disable_functions%3D+%ADd+auto_prepend_file%3Dphp://input+%ADd+allow_url_include%3D1+%ADd+allow_url_fopen%3D1 HTTP/1.1" 301 5 "-" "Mozilla/5.0 (Windows NT 10.0; Win64; x64)"
37.46.196.22 - - [22/Oct/2025:19:47:17 +0000] "GET /?%ADd+cgi.force_redirect%3D0+%ADd+cgi.redirect_status_env%3D0+%ADd+fastcgi.impersonate%3D1+%ADd+open_basedir%3D+%ADd+disable_functions%3D+%ADd+auto_prepend_file%3Dphp://input+%ADd+allow_url_include%3D1+%ADd+allow_url_fopen%3D1 HTTP/1.1" 200 356417 "-" "Mozilla/5.0 (Windows NT 10.0; Win64; x64)"
37.46.196.22 - - [22/Oct/2025:19:47:22 +0000] "GET /php-cgi/php-cgi.exe?%ADd+cgi.force_redirect%3D0+%ADd+cgi.redirect_status_env%3D0+%ADd+fastcgi.impersonate%3D1+%ADd+open_basedir%3D+%ADd+disable_functions%3D+%ADd+auto_prepend_file%3Dphp://input+%ADd+allow_url_include%3D1+%ADd+allow_url_fopen%3D1 HTTP/1.1" 301 5 "-" "Mozilla/5.0 (Windows NT 10.0; Win64; x64)"
37.46.196.22 - - [22/Oct/2025:19:47:23 +0000] "GET /php-cgi/php-cgi.exe/?%ADd+cgi.force_redirect%3D0+%ADd+cgi.redirect_status_env%3D0+%ADd+fastcgi.impersonate%3D1+%ADd+open_basedir%3D+%ADd+disable_functions%3D+%ADd+auto_prepend_file%3Dphp://input+%ADd+allow_url_include%3D1+%ADd+allow_url_fopen%3D1 HTTP/1.1" 200 356417 "-" "Mozilla/5.0 (Windows NT 10.0; Win64; x64)"
37.46.196.22 - - [22/Oct/2025:19:47:28 +0000] "GET /php/php-cgi.exe?%ADd+cgi.force_redirect%3D0+%ADd+cgi.redirect_status_env%3D0+%ADd+fastcgi.impersonate%3D1+%ADd+open_basedir%3D+%ADd+disable_functions%3D+%ADd+auto_prepend_file%3Dphp://input+%ADd+allow_url_include%3D1+%ADd+allow_url_fopen%3D1 HTTP/1.1" 301 5 "-" "Mozilla/5.0 (Windows NT 10.0; Win64; x64)"
37.46.196.22 - - [22/Oct/2025:19:47:30 +0000] "GET /php/php-cgi.exe/?%ADd+cgi.force_redirect%3D0+%ADd+cgi.redirect_status_env%3D0+%ADd+fastcgi.impersonate%3D1+%ADd+open_basedir%3D+%ADd+disable_functions%3D+%ADd+auto_prepend_file%3Dphp://input+%ADd+allow_url_include%3D1+%ADd+allow_url_fopen%3D1 HTTP/1.1" 200 356417 "-" "Mozilla/5.0 (Windows NT 10.0; Win64; x64)"
37.46.196.22 - - [22/Oct/2025:19:47:33 +0000] "GET /cgi-bin/php-cgi.exe?%ADd+cgi.force_redirect%3D0+%ADd+cgi.redirect_status_env%3D0+%ADd+fastcgi.impersonate%3D1+%ADd+open_basedir%3D+%ADd+disable_functions%3D+%ADd+auto_prepend_file%3Dphp://input+%ADd+allow_url_include%3D1+%ADd+allow_url_fopen%3D1 HTTP/1.1" 301 5 "-" "Mozilla/5.0 (Windows NT 10.0; Win64; x64)"
37.46.196.22 - - [22/Oct/2025:19:47:35 +0000] "GET /cgi-bin/php-cgi.exe/?%ADd+cgi.force_redirect%3D0+%ADd+cgi.redirect_status_env%3D0+%ADd+fastcgi.impersonate%3D1+%ADd+open_basedir%3D+%ADd+disable_functions%3D+%ADd+auto_prepend_file%3Dphp://input+%ADd+allow_url_include%3D1+%ADd+allow_url_fopen%3D1 HTTP/1.1" 200 356424 "-" "Mozilla/5.0 (Windows NT 10.0; Win64; x64)"
37.46.196.22 - - [22/Oct/2025:19:47:40 +0000] "GET /php-cgi.exe?%ADd+cgi.force_redirect%3D0+%ADd+cgi.redirect_status_env%3D0+%ADd+fastcgi.impersonate%3D1+%ADd+open_basedir%3D+%ADd+disable_functions%3D+%ADd+auto_prepend_file%3Dphp://input+%ADd+allow_url_include%3D1+%ADd+allow_url_fopen%3D1 HTTP/1.1" 301 5 "-" "Mozilla/5.0 (Windows NT 10.0; Win64; x64)"
37.46.196.22 - - [22/Oct/2025:19:47:40 +0000] "GET /php-cgi.exe/?%ADd+cgi.force_redirect%3D0+%ADd+cgi.redirect_status_env%3D0+%ADd+fastcgi.impersonate%3D1+%ADd+open_basedir%3D+%ADd+disable_functions%3D+%ADd+auto_prepend_file%3Dphp://input+%ADd+allow_url_include%3D1+%ADd+allow_url_fopen%3D1 HTTP/1.1" 200 356424 "-" "Mozilla/5.0 (Windows NT 10.0; Win64; x64)"
37.46.196.22 - - [22/Oct/2025:19:47:44 +0000] "GET /php.exe?%ADd+cgi.force_redirect%3D0+%ADd+cgi.redirect_status_env%3D0+%ADd+fastcgi.impersonate%3D1+%ADd+open_basedir%3D+%ADd+disable_functions%3D+%ADd+auto_prepend_file%3Dphp://input+%ADd+allow_url_include%3D1+%ADd+allow_url_fopen%3D1 HTTP/1.1" 301 5 "-" "Mozilla/5.0 (Windows NT 10.0; Win64; x64)"
37.46.196.22 - - [22/Oct/2025:19:47:44 +0000] "GET /php.exe/?%ADd+cgi.force_redirect%3D0+%ADd+cgi.redirect_status_env%3D0+%ADd+fastcgi.impersonate%3D1+%ADd+open_basedir%3D+%ADd+disable_functions%3D+%ADd+auto_prepend_file%3Dphp://input+%ADd+allow_url_include%3D1+%ADd+allow_url_fopen%3D1 HTTP/1.1" 200 356431 "-" "Mozilla/5.0 (Windows NT 10.0; Win64; x64)"
37.46.196.22 - - [22/Oct/2025:19:47:49 +0000] "GET /php/php.exe?%ADd+cgi.force_redirect%3D0+%ADd+cgi.redirect_status_env%3D0+%ADd+fastcgi.impersonate%3D1+%ADd+open_basedir%3D+%ADd+disable_functions%3D+%ADd+auto_prepend_file%3Dphp://input+%ADd+allow_url_include%3D1+%ADd+allow_url_fopen%3D1 HTTP/1.1" 301 5 "-" "Mozilla/5.0 (Windows NT 10.0; Win64; x64)"
37.46.196.22 - - [22/Oct/2025:19:47:50 +0000] "GET /php/php.exe/?%ADd+cgi.force_redirect%3D0+%ADd+cgi.redirect_status_env%3D0+%ADd+fastcgi.impersonate%3D1+%ADd+open_basedir%3D+%ADd+disable_functions%3D+%ADd+auto_prepend_file%3Dphp://input+%ADd+allow_url_include%3D1+%ADd+allow_url_fopen%3D1 HTTP/1.1" 200 356424 "-" "Mozilla/5.0 (Windows NT 10.0; Win64; x64)"
43.173.175.120 - - [22/Oct/2025:22:13:49 +0000] "GET /4:40%20PM%20%20%20%20%20%20%20https:/www.linkedin.com/in/mdraiyanhaque/ HTTP/1.1" 499 0 "-" "Mozilla/5.0 (Windows NT 6.1; Win64; x64) AppleWebKit/537.36 (KHTML, like Gecko) Chrome/126.0.6478.114 Safari/537.36"
66.135.21.75 - - [22/Oct/2025:22:14:00 +0000] "POST /wp-cron.php?doing_wp_cron=1761171239.4900419712066650390625 HTTP/1.1" 499 0 "-" "WordPress/6.3.1; https://gsudice.dataconn.net"
66.135.21.75 - - [22/Oct/2025:22:14:24 +0000] "GET / HTTP/1.1" 499 0 "-" "WordPress/6.3.1; https://gsudice.dataconn.net"
66.135.21.75 - - [22/Oct/2025:22:14:29 +0000] "GET / HTTP/1.1" 499 0 "-" "WordPress/6.3.1; https://gsudice.dataconn.net"
66.135.21.75 - - [22/Oct/2025:22:44:21 +0000] "POST /wp-cron.php?doing_wp_cron=1761173060.2399640083312988281250 HTTP/1.1" 499 0 "-" "WordPress/6.3.1; https://gsudice.dataconn.net"
43.173.173.156 - - [22/Oct/2025:22:44:21 +0000] "GET /?page_id=122 HTTP/1.1" 200 19523 "-" "Mozilla/5.0 (Windows NT 6.1; Win64; x64) AppleWebKit/537.36 (KHTML, like Gecko) Chrome/126.0.6478.114 Safari/537.36"
66.135.21.75 - - [22/Oct/2025:22:55:09 +0000] "POST /wp-cron.php?doing_wp_cron=1761173708.5982520580291748046875 HTTP/1.1" 499 0 "-" "WordPress/6.3.1; https://gsudice.dataconn.net"
43.173.179.50 - - [22/Oct/2025:22:55:09 +0000] "GET / HTTP/1.1" 200 115835 "http://gsudice.dataconn.net/" "Mozilla/5.0 (Windows NT 6.1; Win64; x64) AppleWebKit/537.36 (KHTML, like Gecko) Chrome/126.0.6478.114 Safari/537.36"