173.252.87.114 - - [21/Oct/2025:10:36:48 +0000] "GET /robots.txt/ HTTP/1.1" 200 356401 "-" "facebookexternalhit/1.1 (+http://www.facebook.com/externalhit_uatext.php)"
66.135.21.75 - - [21/Oct/2025:11:15:22 +0000] "POST /wp-cron.php?doing_wp_cron=1761045321.0905129909515380859375 HTTP/1.1" 499 0 "-" "WordPress/6.3.1; https://gsudice.dataconn.net"
52.167.144.210 - - [21/Oct/2025:11:15:22 +0000] "GET /?page_id=182 HTTP/1.1" 200 45375 "-" "Mozilla/5.0 AppleWebKit/537.36 (KHTML, like Gecko; compatible; bingbot/2.0; +http://www.bing.com/bingbot.htm) Chrome/116.0.1938.76 Safari/537.36"
66.135.21.75 - - [21/Oct/2025:11:16:15 +0000] "POST /wp-cron.php?doing_wp_cron=1761045374.0190119743347167968750 HTTP/1.1" 499 0 "-" "WordPress/6.3.1; https://gsudice.dataconn.net"
66.249.74.36 - - [21/Oct/2025:11:16:15 +0000] "GET /robots.txt HTTP/1.1" 301 5 "-" "Mozilla/5.0 (compatible; Googlebot/2.1; +http://www.google.com/bot.html)"
66.249.74.36 - - [21/Oct/2025:11:16:15 +0000] "GET /robots.txt/ HTTP/1.1" 200 115835 "-" "Mozilla/5.0 (compatible; Googlebot/2.1; +http://www.google.com/bot.html)"
66.249.74.35 - - [21/Oct/2025:11:16:16 +0000] "GET / HTTP/1.1" 200 115835 "-" "Mozilla/5.0 (Linux; Android 6.0.1; Nexus 5X Build/MMB29P) AppleWebKit/537.36 (KHTML, like Gecko) Chrome/141.0.7390.107 Mobile Safari/537.36 (compatible; Googlebot/2.1; +http://www.google.com/bot.html)"
213.209.157.232 - - [21/Oct/2025:12:29:14 +0000] "GET /.env HTTP/1.1" 403 162 "-" "Mozilla/5.0 (Macintosh; U; PPC Mac OS X; en) AppleWebKit/418.8 (KHTML, like Gecko) Safari/419.3"
66.135.21.75 - - [21/Oct/2025:13:03:18 +0000] "POST /wp-cron.php?doing_wp_cron=1761051797.3207850456237792968750 HTTP/1.1" 499 0 "-" "WordPress/6.3.1; https://gsudice.dataconn.net"
43.152.72.244 - - [21/Oct/2025:13:03:18 +0000] "GET / HTTP/1.1" 200 115835 "http://gsudice.dataconn.net" "Mozilla/5.0 (iPhone; CPU iPhone OS 13_2_3 like Mac OS X) AppleWebKit/605.1.15 (KHTML, like Gecko) Version/13.0.3 Mobile/15E148 Safari/604.1"
4.227.36.61 - - [21/Oct/2025:13:34:24 +0000] "GET /robots.txt HTTP/1.1" 499 0 "-" "Mozilla/5.0 (Macintosh; Intel Mac OS X 10_15_7) AppleWebKit/537.36 (KHTML, like Gecko) Chrome/131.0.0.0 Safari/537.36; compatible; OAI-SearchBot/1.0; +https://openai.com/searchbot"
66.135.21.75 - - [21/Oct/2025:13:35:22 +0000] "POST /wp-cron.php?doing_wp_cron=1761053721.2408521175384521484375 HTTP/1.1" 499 0 "-" "WordPress/6.3.1; https://gsudice.dataconn.net"
66.135.21.75 - - [21/Oct/2025:13:42:09 +0000] "POST /wp-cron.php?doing_wp_cron=1761054128.4738290309906005859375 HTTP/1.1" 499 0 "-" "WordPress/6.3.1; https://gsudice.dataconn.net"
43.173.182.216 - - [21/Oct/2025:13:42:09 +0000] "GET /?page_id=185 HTTP/1.1" 200 18119 "-" "Mozilla/5.0 (Windows NT 10.0; Win64; x64) AppleWebKit/537.36 (KHTML, like Gecko) Chrome/108.0.0.0 Safari/537.36"
66.135.21.75 - - [21/Oct/2025:13:44:57 +0000] "POST /wp-cron.php?doing_wp_cron=1761054296.8138399124145507812500 HTTP/1.1" 499 0 "-" "WordPress/6.3.1; https://gsudice.dataconn.net"
43.173.182.120 - - [21/Oct/2025:13:44:57 +0000] "GET /?page_id=126 HTTP/1.1" 200 23321 "-" "Mozilla/5.0 (Windows NT 6.1; Win64; x64) AppleWebKit/537.36 (KHTML, like Gecko) Chrome/126.0.6478.114 Safari/537.36"
66.135.21.75 - - [21/Oct/2025:14:06:20 +0000] "POST /wp-cron.php?doing_wp_cron=1761055579.5131380558013916015625 HTTP/1.1" 499 0 "-" "WordPress/6.3.1; https://gsudice.dataconn.net"
43.173.174.40 - - [21/Oct/2025:14:06:20 +0000] "GET /?page_id=1573 HTTP/1.1" 200 17951 "-" "Mozilla/5.0 (Windows NT 6.1; Win64; x64) AppleWebKit/537.36 (KHTML, like Gecko) Chrome/126.0.6478.114 Safari/537.36"
66.135.21.75 - - [21/Oct/2025:14:44:10 +0000] "POST /wp-cron.php?doing_wp_cron=1761057849.4206271171569824218750 HTTP/1.1" 499 0 "-" "WordPress/6.3.1; https://gsudice.dataconn.net"
34.125.66.161 - - [21/Oct/2025:14:44:10 +0000] "GET / HTTP/1.1" 200 115835 "http://gsudice.dataconn.net" "Mozilla/5.0 (compatible; CMS-Checker/1.0; +https://example.com)"
66.135.21.75 - - [21/Oct/2025:14:48:29 +0000] "POST /wp-cron.php?doing_wp_cron=1761058108.8079040050506591796875 HTTP/1.1" 499 0 "-" "WordPress/6.3.1; https://gsudice.dataconn.net"
4.227.36.61 - - [21/Oct/2025:14:48:29 +0000] "GET /robots.txt HTTP/1.1" 301 5 "-" "Mozilla/5.0 (Macintosh; Intel Mac OS X 10_15_7) AppleWebKit/537.36 (KHTML, like Gecko) Chrome/131.0.0.0 Safari/537.36; compatible; OAI-SearchBot/1.0; +https://openai.com/searchbot"
4.227.36.61 - - [21/Oct/2025:14:48:30 +0000] "GET /robots.txt/ HTTP/1.1" 200 115835 "https://gsudice.dataconn.net/robots.txt" "Mozilla/5.0 (Macintosh; Intel Mac OS X 10_15_7) AppleWebKit/537.36 (KHTML, like Gecko) Chrome/131.0.0.0 Safari/537.36; compatible; OAI-SearchBot/1.0; +https://openai.com/searchbot"
66.135.21.75 - - [21/Oct/2025:15:31:07 +0000] "POST /wp-cron.php?doing_wp_cron=1761060666.9139668941497802734375 HTTP/1.1" 499 0 "-" "WordPress/6.3.1; https://gsudice.dataconn.net"
34.125.66.161 - - [21/Oct/2025:15:31:08 +0000] "GET / HTTP/1.1" 200 356456 "-" "Mozilla/5.0 (Windows NT 10.0; Win64; x64) AppleWebKit/537.36 (KHTML, like Gecko) Chrome/78.0.3904.108 Safari/537.36"
66.135.21.75 - - [21/Oct/2025:15:31:13 +0000] "POST /wp-cron.php?doing_wp_cron=1761060672.0575859546661376953125 HTTP/1.1" 499 0 "-" "WordPress/6.3.1; https://gsudice.dataconn.net"
34.125.66.161 - - [21/Oct/2025:15:31:13 +0000] "GET //wp-includes/wlwmanifest.xml HTTP/1.1" 301 5 "-" "Mozilla/5.0 (Windows NT 10.0; Win64; x64) AppleWebKit/537.36 (KHTML, like Gecko) Chrome/78.0.3904.108 Safari/537.36"
34.125.66.161 - - [21/Oct/2025:15:31:17 +0000] "GET //xmlrpc.php?rsd HTTP/1.1" 200 860 "-" "Mozilla/5.0 (Windows NT 10.0; Win64; x64) AppleWebKit/537.36 (KHTML, like Gecko) Chrome/78.0.3904.108 Safari/537.36"
34.125.66.161 - - [21/Oct/2025:15:31:19 +0000] "GET //?author=1 HTTP/1.1" 301 5 "-" "Mozilla/5.0 (Windows NT 10.0; Win64; x64) AppleWebKit/537.36 (KHTML, like Gecko) Chrome/78.0.3904.108 Safari/537.36"
34.125.66.161 - - [21/Oct/2025:15:31:20 +0000] "GET //?author=2 HTTP/1.1" 301 5 "-" "Mozilla/5.0 (Windows NT 10.0; Win64; x64) AppleWebKit/537.36 (KHTML, like Gecko) Chrome/78.0.3904.108 Safari/537.36"
34.125.66.161 - - [21/Oct/2025:15:31:22 +0000] "GET //wp-json/wp/v2/users/ HTTP/1.1" 301 5 "-" "Mozilla/5.0 (Windows NT 10.0; Win64; x64) AppleWebKit/537.36 (KHTML, like Gecko) Chrome/78.0.3904.108 Safari/537.36"
34.125.66.161 - - [21/Oct/2025:15:31:23 +0000] "GET //wp-json/oembed/1.0/embed?url=https://gsudice.dataconn.net/ HTTP/1.1" 301 5 "-" "Mozilla/5.0 (Windows NT 10.0; Win64; x64) AppleWebKit/537.36 (KHTML, like Gecko) Chrome/78.0.3904.108 Safari/537.36"
34.125.66.161 - - [21/Oct/2025:15:31:24 +0000] "POST //xmlrpc.php HTTP/1.1" 200 413 "-" "Mozilla/5.0 (Windows NT 10.0; Win64; x64) AppleWebKit/537.36 (KHTML, like Gecko) Chrome/78.0.3904.108 Safari/537.36"
34.125.66.161 - - [21/Oct/2025:15:31:25 +0000] "POST //xmlrpc.php HTTP/1.1" 200 413 "-" "Mozilla/5.0 (Windows NT 10.0; Win64; x64) AppleWebKit/537.36 (KHTML, like Gecko) Chrome/78.0.3904.108 Safari/537.36"
34.125.66.161 - - [21/Oct/2025:15:31:26 +0000] "POST //xmlrpc.php HTTP/1.1" 200 413 "-" "Mozilla/5.0 (Windows NT 10.0; Win64; x64) AppleWebKit/537.36 (KHTML, like Gecko) Chrome/78.0.3904.108 Safari/537.36"
34.125.66.161 - - [21/Oct/2025:15:31:27 +0000] "POST //xmlrpc.php HTTP/1.1" 200 413 "-" "Mozilla/5.0 (Windows NT 10.0; Win64; x64) AppleWebKit/537.36 (KHTML, like Gecko) Chrome/78.0.3904.108 Safari/537.36"
34.125.66.161 - - [21/Oct/2025:15:31:28 +0000] "POST //xmlrpc.php HTTP/1.1" 200 413 "-" "Mozilla/5.0 (Windows NT 10.0; Win64; x64) AppleWebKit/537.36 (KHTML, like Gecko) Chrome/78.0.3904.108 Safari/537.36"
34.125.66.161 - - [21/Oct/2025:15:31:28 +0000] "POST //xmlrpc.php HTTP/1.1" 200 413 "-" "Mozilla/5.0 (Windows NT 10.0; Win64; x64) AppleWebKit/537.36 (KHTML, like Gecko) Chrome/78.0.3904.108 Safari/537.36"
34.125.66.161 - - [21/Oct/2025:15:31:28 +0000] "POST //xmlrpc.php HTTP/1.1" 200 413 "-" "Mozilla/5.0 (Windows NT 10.0; Win64; x64) AppleWebKit/537.36 (KHTML, like Gecko) Chrome/78.0.3904.108 Safari/537.36"
34.125.66.161 - - [21/Oct/2025:15:31:28 +0000] "POST //xmlrpc.php HTTP/1.1" 200 413 "-" "Mozilla/5.0 (Windows NT 10.0; Win64; x64) AppleWebKit/537.36 (KHTML, like Gecko) Chrome/78.0.3904.108 Safari/537.36"
34.125.66.161 - - [21/Oct/2025:15:31:29 +0000] "POST //xmlrpc.php HTTP/1.1" 200 413 "-" "Mozilla/5.0 (Windows NT 10.0; Win64; x64) AppleWebKit/537.36 (KHTML, like Gecko) Chrome/78.0.3904.108 Safari/537.36"
34.125.66.161 - - [21/Oct/2025:15:31:29 +0000] "POST //xmlrpc.php HTTP/1.1" 200 413 "-" "Mozilla/5.0 (Windows NT 10.0; Win64; x64) AppleWebKit/537.36 (KHTML, like Gecko) Chrome/78.0.3904.108 Safari/537.36"
34.125.66.161 - - [21/Oct/2025:15:31:29 +0000] "POST //xmlrpc.php HTTP/1.1" 200 413 "-" "Mozilla/5.0 (Windows NT 10.0; Win64; x64) AppleWebKit/537.36 (KHTML, like Gecko) Chrome/78.0.3904.108 Safari/537.36"
34.125.66.161 - - [21/Oct/2025:15:31:29 +0000] "POST //xmlrpc.php HTTP/1.1" 200 413 "-" "Mozilla/5.0 (Windows NT 10.0; Win64; x64) AppleWebKit/537.36 (KHTML, like Gecko) Chrome/78.0.3904.108 Safari/537.36"
34.125.66.161 - - [21/Oct/2025:15:31:29 +0000] "POST //xmlrpc.php HTTP/1.1" 200 413 "-" "Mozilla/5.0 (Windows NT 10.0; Win64; x64) AppleWebKit/537.36 (KHTML, like Gecko) Chrome/78.0.3904.108 Safari/537.36"
34.125.66.161 - - [21/Oct/2025:15:31:29 +0000] "POST //xmlrpc.php HTTP/1.1" 200 413 "-" "Mozilla/5.0 (Windows NT 10.0; Win64; x64) AppleWebKit/537.36 (KHTML, like Gecko) Chrome/78.0.3904.108 Safari/537.36"
34.125.66.161 - - [21/Oct/2025:15:31:30 +0000] "POST //xmlrpc.php HTTP/1.1" 200 413 "-" "Mozilla/5.0 (Windows NT 10.0; Win64; x64) AppleWebKit/537.36 (KHTML, like Gecko) Chrome/78.0.3904.108 Safari/537.36"
34.125.66.161 - - [21/Oct/2025:15:31:31 +0000] "POST //xmlrpc.php HTTP/1.1" 200 413 "-" "Mozilla/5.0 (Windows NT 10.0; Win64; x64) AppleWebKit/537.36 (KHTML, like Gecko) Chrome/78.0.3904.108 Safari/537.36"
34.125.66.161 - - [21/Oct/2025:15:31:32 +0000] "POST //xmlrpc.php HTTP/1.1" 200 413 "-" "Mozilla/5.0 (Windows NT 10.0; Win64; x64) AppleWebKit/537.36 (KHTML, like Gecko) Chrome/78.0.3904.108 Safari/537.36"
34.125.66.161 - - [21/Oct/2025:15:31:32 +0000] "POST //xmlrpc.php HTTP/1.1" 200 413 "-" "Mozilla/5.0 (Windows NT 10.0; Win64; x64) AppleWebKit/537.36 (KHTML, like Gecko) Chrome/78.0.3904.108 Safari/537.36"
34.125.66.161 - - [21/Oct/2025:15:31:33 +0000] "POST //xmlrpc.php HTTP/1.1" 200 413 "-" "Mozilla/5.0 (Windows NT 10.0; Win64; x64) AppleWebKit/537.36 (KHTML, like Gecko) Chrome/78.0.3904.108 Safari/537.36"
34.125.66.161 - - [21/Oct/2025:15:31:33 +0000] "POST //xmlrpc.php HTTP/1.1" 200 413 "-" "Mozilla/5.0 (Windows NT 10.0; Win64; x64) AppleWebKit/537.36 (KHTML, like Gecko) Chrome/78.0.3904.108 Safari/537.36"
34.125.66.161 - - [21/Oct/2025:15:31:35 +0000] "POST //xmlrpc.php HTTP/1.1" 200 413 "-" "Mozilla/5.0 (Windows NT 10.0; Win64; x64) AppleWebKit/537.36 (KHTML, like Gecko) Chrome/78.0.3904.108 Safari/537.36"
34.125.66.161 - - [21/Oct/2025:15:31:35 +0000] "POST //xmlrpc.php HTTP/1.1" 200 413 "-" "Mozilla/5.0 (Windows NT 10.0; Win64; x64) AppleWebKit/537.36 (KHTML, like Gecko) Chrome/78.0.3904.108 Safari/537.36"
34.125.66.161 - - [21/Oct/2025:15:31:36 +0000] "POST //xmlrpc.php HTTP/1.1" 200 413 "-" "Mozilla/5.0 (Windows NT 10.0; Win64; x64) AppleWebKit/537.36 (KHTML, like Gecko) Chrome/78.0.3904.108 Safari/537.36"
34.125.66.161 - - [21/Oct/2025:15:31:37 +0000] "POST //xmlrpc.php HTTP/1.1" 200 413 "-" "Mozilla/5.0 (Windows NT 10.0; Win64; x64) AppleWebKit/537.36 (KHTML, like Gecko) Chrome/78.0.3904.108 Safari/537.36"
34.125.66.161 - - [21/Oct/2025:15:31:39 +0000] "POST //xmlrpc.php HTTP/1.1" 200 413 "-" "Mozilla/5.0 (Windows NT 10.0; Win64; x64) AppleWebKit/537.36 (KHTML, like Gecko) Chrome/78.0.3904.108 Safari/537.36"
34.125.66.161 - - [21/Oct/2025:15:31:40 +0000] "POST //xmlrpc.php HTTP/1.1" 200 413 "-" "Mozilla/5.0 (Windows NT 10.0; Win64; x64) AppleWebKit/537.36 (KHTML, like Gecko) Chrome/78.0.3904.108 Safari/537.36"
34.125.66.161 - - [21/Oct/2025:15:31:41 +0000] "POST //xmlrpc.php HTTP/1.1" 200 413 "-" "Mozilla/5.0 (Windows NT 10.0; Win64; x64) AppleWebKit/537.36 (KHTML, like Gecko) Chrome/78.0.3904.108 Safari/537.36"
34.125.66.161 - - [21/Oct/2025:15:31:42 +0000] "POST //xmlrpc.php HTTP/1.1" 200 413 "-" "Mozilla/5.0 (Windows NT 10.0; Win64; x64) AppleWebKit/537.36 (KHTML, like Gecko) Chrome/78.0.3904.108 Safari/537.36"
34.125.66.161 - - [21/Oct/2025:15:31:42 +0000] "POST //xmlrpc.php HTTP/1.1" 200 413 "-" "Mozilla/5.0 (Windows NT 10.0; Win64; x64) AppleWebKit/537.36 (KHTML, like Gecko) Chrome/78.0.3904.108 Safari/537.36"
34.125.66.161 - - [21/Oct/2025:15:31:42 +0000] "POST //xmlrpc.php HTTP/1.1" 200 413 "-" "Mozilla/5.0 (Windows NT 10.0; Win64; x64) AppleWebKit/537.36 (KHTML, like Gecko) Chrome/78.0.3904.108 Safari/537.36"
34.125.66.161 - - [21/Oct/2025:15:31:43 +0000] "POST //xmlrpc.php HTTP/1.1" 200 413 "-" "Mozilla/5.0 (Windows NT 10.0; Win64; x64) AppleWebKit/537.36 (KHTML, like Gecko) Chrome/78.0.3904.108 Safari/537.36"
34.125.66.161 - - [21/Oct/2025:15:31:44 +0000] "POST //xmlrpc.php HTTP/1.1" 200 413 "-" "Mozilla/5.0 (Windows NT 10.0; Win64; x64) AppleWebKit/537.36 (KHTML, like Gecko) Chrome/78.0.3904.108 Safari/537.36"
34.125.66.161 - - [21/Oct/2025:15:31:45 +0000] "POST //xmlrpc.php HTTP/1.1" 200 413 "-" "Mozilla/5.0 (Windows NT 10.0; Win64; x64) AppleWebKit/537.36 (KHTML, like Gecko) Chrome/78.0.3904.108 Safari/537.36"
34.125.66.161 - - [21/Oct/2025:15:31:46 +0000] "POST //xmlrpc.php HTTP/1.1" 200 413 "-" "Mozilla/5.0 (Windows NT 10.0; Win64; x64) AppleWebKit/537.36 (KHTML, like Gecko) Chrome/78.0.3904.108 Safari/537.36"
34.125.66.161 - - [21/Oct/2025:15:31:47 +0000] "POST //xmlrpc.php HTTP/1.1" 200 413 "-" "Mozilla/5.0 (Windows NT 10.0; Win64; x64) AppleWebKit/537.36 (KHTML, like Gecko) Chrome/78.0.3904.108 Safari/537.36"
34.125.66.161 - - [21/Oct/2025:15:31:48 +0000] "POST //xmlrpc.php HTTP/1.1" 200 413 "-" "Mozilla/5.0 (Windows NT 10.0; Win64; x64) AppleWebKit/537.36 (KHTML, like Gecko) Chrome/78.0.3904.108 Safari/537.36"
34.125.66.161 - - [21/Oct/2025:15:31:48 +0000] "POST //xmlrpc.php HTTP/1.1" 200 413 "-" "Mozilla/5.0 (Windows NT 10.0; Win64; x64) AppleWebKit/537.36 (KHTML, like Gecko) Chrome/78.0.3904.108 Safari/537.36"
34.125.66.161 - - [21/Oct/2025:15:31:48 +0000] "POST //xmlrpc.php HTTP/1.1" 200 413 "-" "Mozilla/5.0 (Windows NT 10.0; Win64; x64) AppleWebKit/537.36 (KHTML, like Gecko) Chrome/78.0.3904.108 Safari/537.36"
34.125.66.161 - - [21/Oct/2025:15:31:48 +0000] "POST //xmlrpc.php HTTP/1.1" 200 413 "-" "Mozilla/5.0 (Windows NT 10.0; Win64; x64) AppleWebKit/537.36 (KHTML, like Gecko) Chrome/78.0.3904.108 Safari/537.36"
34.125.66.161 - - [21/Oct/2025:15:31:48 +0000] "POST //xmlrpc.php HTTP/1.1" 200 413 "-" "Mozilla/5.0 (Windows NT 10.0; Win64; x64) AppleWebKit/537.36 (KHTML, like Gecko) Chrome/78.0.3904.108 Safari/537.36"
34.125.66.161 - - [21/Oct/2025:15:31:48 +0000] "POST //xmlrpc.php HTTP/1.1" 200 413 "-" "Mozilla/5.0 (Windows NT 10.0; Win64; x64) AppleWebKit/537.36 (KHTML, like Gecko) Chrome/78.0.3904.108 Safari/537.36"
34.125.66.161 - - [21/Oct/2025:15:31:49 +0000] "POST //xmlrpc.php HTTP/1.1" 200 413 "-" "Mozilla/5.0 (Windows NT 10.0; Win64; x64) AppleWebKit/537.36 (KHTML, like Gecko) Chrome/78.0.3904.108 Safari/537.36"
34.125.66.161 - - [21/Oct/2025:15:31:49 +0000] "POST //xmlrpc.php HTTP/1.1" 200 413 "-" "Mozilla/5.0 (Windows NT 10.0; Win64; x64) AppleWebKit/537.36 (KHTML, like Gecko) Chrome/78.0.3904.108 Safari/537.36"
34.125.66.161 - - [21/Oct/2025:15:31:50 +0000] "POST //xmlrpc.php HTTP/1.1" 200 413 "-" "Mozilla/5.0 (Windows NT 10.0; Win64; x64) AppleWebKit/537.36 (KHTML, like Gecko) Chrome/78.0.3904.108 Safari/537.36"
34.125.66.161 - - [21/Oct/2025:15:31:50 +0000] "POST //xmlrpc.php HTTP/1.1" 200 413 "-" "Mozilla/5.0 (Windows NT 10.0; Win64; x64) AppleWebKit/537.36 (KHTML, like Gecko) Chrome/78.0.3904.108 Safari/537.36"
34.125.66.161 - - [21/Oct/2025:15:31:52 +0000] "POST //xmlrpc.php HTTP/1.1" 200 413 "-" "Mozilla/5.0 (Windows NT 10.0; Win64; x64) AppleWebKit/537.36 (KHTML, like Gecko) Chrome/78.0.3904.108 Safari/537.36"
34.125.66.161 - - [21/Oct/2025:15:31:54 +0000] "POST //xmlrpc.php HTTP/1.1" 200 413 "-" "Mozilla/5.0 (Windows NT 10.0; Win64; x64) AppleWebKit/537.36 (KHTML, like Gecko) Chrome/78.0.3904.108 Safari/537.36"
34.125.66.161 - - [21/Oct/2025:15:31:55 +0000] "POST //xmlrpc.php HTTP/1.1" 200 413 "-" "Mozilla/5.0 (Windows NT 10.0; Win64; x64) AppleWebKit/537.36 (KHTML, like Gecko) Chrome/78.0.3904.108 Safari/537.36"
34.125.66.161 - - [21/Oct/2025:15:31:57 +0000] "POST //xmlrpc.php HTTP/1.1" 200 413 "-" "Mozilla/5.0 (Windows NT 10.0; Win64; x64) AppleWebKit/537.36 (KHTML, like Gecko) Chrome/78.0.3904.108 Safari/537.36"
34.125.66.161 - - [21/Oct/2025:15:31:58 +0000] "POST //xmlrpc.php HTTP/1.1" 200 413 "-" "Mozilla/5.0 (Windows NT 10.0; Win64; x64) AppleWebKit/537.36 (KHTML, like Gecko) Chrome/78.0.3904.108 Safari/537.36"
66.135.21.75 - - [21/Oct/2025:15:32:01 +0000] "POST /wp-cron.php?doing_wp_cron=1761060720.0285720825195312500000 HTTP/1.1" 499 0 "-" "WordPress/6.3.1; https://gsudice.dataconn.net"
34.125.66.161 - - [21/Oct/2025:15:32:01 +0000] "POST //xmlrpc.php HTTP/1.1" 200 413 "-" "Mozilla/5.0 (Windows NT 10.0; Win64; x64) AppleWebKit/537.36 (KHTML, like Gecko) Chrome/78.0.3904.108 Safari/537.36"
34.125.66.161 - - [21/Oct/2025:15:32:02 +0000] "POST //xmlrpc.php HTTP/1.1" 200 413 "-" "Mozilla/5.0 (Windows NT 10.0; Win64; x64) AppleWebKit/537.36 (KHTML, like Gecko) Chrome/78.0.3904.108 Safari/537.36"
34.125.66.161 - - [21/Oct/2025:15:32:03 +0000] "POST //xmlrpc.php HTTP/1.1" 200 413 "-" "Mozilla/5.0 (Windows NT 10.0; Win64; x64) AppleWebKit/537.36 (KHTML, like Gecko) Chrome/78.0.3904.108 Safari/537.36"
34.125.66.161 - - [21/Oct/2025:15:32:05 +0000] "POST //xmlrpc.php HTTP/1.1" 200 413 "-" "Mozilla/5.0 (Windows NT 10.0; Win64; x64) AppleWebKit/537.36 (KHTML, like Gecko) Chrome/78.0.3904.108 Safari/537.36"
34.125.66.161 - - [21/Oct/2025:15:32:06 +0000] "POST //xmlrpc.php HTTP/1.1" 200 413 "-" "Mozilla/5.0 (Windows NT 10.0; Win64; x64) AppleWebKit/537.36 (KHTML, like Gecko) Chrome/78.0.3904.108 Safari/537.36"
34.125.66.161 - - [21/Oct/2025:15:32:07 +0000] "POST //xmlrpc.php HTTP/1.1" 200 413 "-" "Mozilla/5.0 (Windows NT 10.0; Win64; x64) AppleWebKit/537.36 (KHTML, like Gecko) Chrome/78.0.3904.108 Safari/537.36"
34.125.66.161 - - [21/Oct/2025:15:32:08 +0000] "POST //xmlrpc.php HTTP/1.1" 200 413 "-" "Mozilla/5.0 (Windows NT 10.0; Win64; x64) AppleWebKit/537.36 (KHTML, like Gecko) Chrome/78.0.3904.108 Safari/537.36"
34.125.66.161 - - [21/Oct/2025:15:32:09 +0000] "POST //xmlrpc.php HTTP/1.1" 200 413 "-" "Mozilla/5.0 (Windows NT 10.0; Win64; x64) AppleWebKit/537.36 (KHTML, like Gecko) Chrome/78.0.3904.108 Safari/537.36"
34.125.66.161 - - [21/Oct/2025:15:32:10 +0000] "POST //xmlrpc.php HTTP/1.1" 200 413 "-" "Mozilla/5.0 (Windows NT 10.0; Win64; x64) AppleWebKit/537.36 (KHTML, like Gecko) Chrome/78.0.3904.108 Safari/537.36"
34.125.66.161 - - [21/Oct/2025:15:32:10 +0000] "POST //xmlrpc.php HTTP/1.1" 200 413 "-" "Mozilla/5.0 (Windows NT 10.0; Win64; x64) AppleWebKit/537.36 (KHTML, like Gecko) Chrome/78.0.3904.108 Safari/537.36"
103.7.9.26 - - [21/Oct/2025:16:05:52 +0000] "GET / HTTP/1.1" 499 0 "https://www.google.ca" "Mozilla/5.0 (Windows NT 10.0; Win64; x64; rv:128.0) Gecko/20100101 Firefox/128.0"
66.135.21.75 - - [21/Oct/2025:16:06:23 +0000] "POST /wp-cron.php?doing_wp_cron=1761062782.4016299247741699218750 HTTP/1.1" 499 0 "-" "WordPress/6.3.1; https://gsudice.dataconn.net"
66.135.21.75 - - [21/Oct/2025:16:22:27 +0000] "POST /wp-cron.php?doing_wp_cron=1761063746.6534550189971923828125 HTTP/1.1" 499 0 "-" "WordPress/6.3.1; https://gsudice.dataconn.net"
34.16.202.23 - - [21/Oct/2025:16:22:27 +0000] "GET / HTTP/1.1" 200 115835 "http://gsudice.dataconn.net" "Mozilla/5.0 (compatible; CMS-Checker/1.0; +https://example.com)"
66.135.21.75 - - [21/Oct/2025:16:27:49 +0000] "POST /wp-cron.php?doing_wp_cron=1761064068.3827040195465087890625 HTTP/1.1" 499 0 "-" "WordPress/6.3.1; https://gsudice.dataconn.net"
114.119.143.103 - - [21/Oct/2025:16:27:49 +0000] "GET /www.linkedin.com/in/bayonle HTTP/1.1" 301 5 "https://gsudice.dataconn.net/?page_id=182" "Mozilla/5.0 (Linux; Android 7.0;) AppleWebKit/537.36 (KHTML, like Gecko) Mobile Safari/537.36 (compatible; PetalBot;+https://webmaster.petalsearch.com/site/petalbot)"
114.119.143.103 - - [21/Oct/2025:16:27:52 +0000] "GET /www.linkedin.com/in/bayonle/ HTTP/1.1" 200 115835 "https://gsudice.dataconn.net/?page_id=182" "Mozilla/5.0 (Linux; Android 7.0;) AppleWebKit/537.36 (KHTML, like Gecko) Mobile Safari/537.36 (compatible; PetalBot;+https://webmaster.petalsearch.com/site/petalbot)"
66.135.21.75 - - [21/Oct/2025:17:11:19 +0000] "POST /wp-cron.php?doing_wp_cron=1761066678.0342359542846679687500 HTTP/1.1" 499 0 "-" "WordPress/6.3.1; https://gsudice.dataconn.net"
34.16.202.23 - - [21/Oct/2025:17:11:19 +0000] "GET / HTTP/1.1" 200 356463 "-" "Mozilla/5.0 (Windows NT 10.0; Win64; x64) AppleWebKit/537.36 (KHTML, like Gecko) Chrome/78.0.3904.108 Safari/537.36"
34.16.202.23 - - [21/Oct/2025:17:11:23 +0000] "GET //wp-includes/wlwmanifest.xml HTTP/1.1" 301 5 "-" "Mozilla/5.0 (Windows NT 10.0; Win64; x64) AppleWebKit/537.36 (KHTML, like Gecko) Chrome/78.0.3904.108 Safari/537.36"
34.16.202.23 - - [21/Oct/2025:17:11:26 +0000] "GET //xmlrpc.php?rsd HTTP/1.1" 200 860 "-" "Mozilla/5.0 (Windows NT 10.0; Win64; x64) AppleWebKit/537.36 (KHTML, like Gecko) Chrome/78.0.3904.108 Safari/537.36"
34.16.202.23 - - [21/Oct/2025:17:11:29 +0000] "GET //?author=1 HTTP/1.1" 301 5 "-" "Mozilla/5.0 (Windows NT 10.0; Win64; x64) AppleWebKit/537.36 (KHTML, like Gecko) Chrome/78.0.3904.108 Safari/537.36"
34.16.202.23 - - [21/Oct/2025:17:11:31 +0000] "GET //?author=2 HTTP/1.1" 301 5 "-" "Mozilla/5.0 (Windows NT 10.0; Win64; x64) AppleWebKit/537.36 (KHTML, like Gecko) Chrome/78.0.3904.108 Safari/537.36"
34.16.202.23 - - [21/Oct/2025:17:11:34 +0000] "GET //wp-json/wp/v2/users/ HTTP/1.1" 301 5 "-" "Mozilla/5.0 (Windows NT 10.0; Win64; x64) AppleWebKit/537.36 (KHTML, like Gecko) Chrome/78.0.3904.108 Safari/537.36"
34.16.202.23 - - [21/Oct/2025:17:11:38 +0000] "GET //wp-json/oembed/1.0/embed?url=https://gsudice.dataconn.net/ HTTP/1.1" 301 5 "-" "Mozilla/5.0 (Windows NT 10.0; Win64; x64) AppleWebKit/537.36 (KHTML, like Gecko) Chrome/78.0.3904.108 Safari/537.36"
34.16.202.23 - - [21/Oct/2025:17:11:42 +0000] "POST //xmlrpc.php HTTP/1.1" 200 413 "-" "Mozilla/5.0 (Windows NT 10.0; Win64; x64) AppleWebKit/537.36 (KHTML, like Gecko) Chrome/78.0.3904.108 Safari/537.36"
34.16.202.23 - - [21/Oct/2025:17:11:47 +0000] "POST //xmlrpc.php HTTP/1.1" 200 413 "-" "Mozilla/5.0 (Windows NT 10.0; Win64; x64) AppleWebKit/537.36 (KHTML, like Gecko) Chrome/78.0.3904.108 Safari/537.36"
34.16.202.23 - - [21/Oct/2025:17:11:49 +0000] "POST //xmlrpc.php HTTP/1.1" 200 413 "-" "Mozilla/5.0 (Windows NT 10.0; Win64; x64) AppleWebKit/537.36 (KHTML, like Gecko) Chrome/78.0.3904.108 Safari/537.36"
34.16.202.23 - - [21/Oct/2025:17:11:52 +0000] "POST //xmlrpc.php HTTP/1.1" 200 413 "-" "Mozilla/5.0 (Windows NT 10.0; Win64; x64) AppleWebKit/537.36 (KHTML, like Gecko) Chrome/78.0.3904.108 Safari/537.36"
34.16.202.23 - - [21/Oct/2025:17:11:55 +0000] "POST //xmlrpc.php HTTP/1.1" 200 413 "-" "Mozilla/5.0 (Windows NT 10.0; Win64; x64) AppleWebKit/537.36 (KHTML, like Gecko) Chrome/78.0.3904.108 Safari/537.36"
34.16.202.23 - - [21/Oct/2025:17:11:58 +0000] "POST //xmlrpc.php HTTP/1.1" 200 413 "-" "Mozilla/5.0 (Windows NT 10.0; Win64; x64) AppleWebKit/537.36 (KHTML, like Gecko) Chrome/78.0.3904.108 Safari/537.36"
66.135.21.75 - - [21/Oct/2025:17:12:04 +0000] "POST /wp-cron.php?doing_wp_cron=1761066723.1503140926361083984375 HTTP/1.1" 499 0 "-" "WordPress/6.3.1; https://gsudice.dataconn.net"
34.16.202.23 - - [21/Oct/2025:17:12:04 +0000] "POST //xmlrpc.php HTTP/1.1" 200 413 "-" "Mozilla/5.0 (Windows NT 10.0; Win64; x64) AppleWebKit/537.36 (KHTML, like Gecko) Chrome/78.0.3904.108 Safari/537.36"
34.16.202.23 - - [21/Oct/2025:17:12:09 +0000] "POST //xmlrpc.php HTTP/1.1" 200 413 "-" "Mozilla/5.0 (Windows NT 10.0; Win64; x64) AppleWebKit/537.36 (KHTML, like Gecko) Chrome/78.0.3904.108 Safari/537.36"
66.135.21.75 - - [21/Oct/2025:17:12:14 +0000] "POST /wp-cron.php?doing_wp_cron=1761066733.0218710899353027343750 HTTP/1.1" 499 0 "-" "WordPress/6.3.1; https://gsudice.dataconn.net"
34.16.202.23 - - [21/Oct/2025:17:12:14 +0000] "POST //xmlrpc.php HTTP/1.1" 200 413 "-" "Mozilla/5.0 (Windows NT 10.0; Win64; x64) AppleWebKit/537.36 (KHTML, like Gecko) Chrome/78.0.3904.108 Safari/537.36"
34.16.202.23 - - [21/Oct/2025:17:12:16 +0000] "POST //xmlrpc.php HTTP/1.1" 200 413 "-" "Mozilla/5.0 (Windows NT 10.0; Win64; x64) AppleWebKit/537.36 (KHTML, like Gecko) Chrome/78.0.3904.108 Safari/537.36"
34.16.202.23 - - [21/Oct/2025:17:12:19 +0000] "POST //xmlrpc.php HTTP/1.1" 200 413 "-" "Mozilla/5.0 (Windows NT 10.0; Win64; x64) AppleWebKit/537.36 (KHTML, like Gecko) Chrome/78.0.3904.108 Safari/537.36"
34.16.202.23 - - [21/Oct/2025:17:12:22 +0000] "POST //xmlrpc.php HTTP/1.1" 200 413 "-" "Mozilla/5.0 (Windows NT 10.0; Win64; x64) AppleWebKit/537.36 (KHTML, like Gecko) Chrome/78.0.3904.108 Safari/537.36"
34.16.202.23 - - [21/Oct/2025:17:12:25 +0000] "POST //xmlrpc.php HTTP/1.1" 200 413 "-" "Mozilla/5.0 (Windows NT 10.0; Win64; x64) AppleWebKit/537.36 (KHTML, like Gecko) Chrome/78.0.3904.108 Safari/537.36"
34.16.202.23 - - [21/Oct/2025:17:12:28 +0000] "POST //xmlrpc.php HTTP/1.1" 200 413 "-" "Mozilla/5.0 (Windows NT 10.0; Win64; x64) AppleWebKit/537.36 (KHTML, like Gecko) Chrome/78.0.3904.108 Safari/537.36"
34.16.202.23 - - [21/Oct/2025:17:12:31 +0000] "POST //xmlrpc.php HTTP/1.1" 200 413 "-" "Mozilla/5.0 (Windows NT 10.0; Win64; x64) AppleWebKit/537.36 (KHTML, like Gecko) Chrome/78.0.3904.108 Safari/537.36"
34.16.202.23 - - [21/Oct/2025:17:12:34 +0000] "POST //xmlrpc.php HTTP/1.1" 200 413 "-" "Mozilla/5.0 (Windows NT 10.0; Win64; x64) AppleWebKit/537.36 (KHTML, like Gecko) Chrome/78.0.3904.108 Safari/537.36"
34.16.202.23 - - [21/Oct/2025:17:12:36 +0000] "POST //xmlrpc.php HTTP/1.1" 200 413 "-" "Mozilla/5.0 (Windows NT 10.0; Win64; x64) AppleWebKit/537.36 (KHTML, like Gecko) Chrome/78.0.3904.108 Safari/537.36"
34.16.202.23 - - [21/Oct/2025:17:12:38 +0000] "POST //xmlrpc.php HTTP/1.1" 200 413 "-" "Mozilla/5.0 (Windows NT 10.0; Win64; x64) AppleWebKit/537.36 (KHTML, like Gecko) Chrome/78.0.3904.108 Safari/537.36"
34.16.202.23 - - [21/Oct/2025:17:12:41 +0000] "POST //xmlrpc.php HTTP/1.1" 200 413 "-" "Mozilla/5.0 (Windows NT 10.0; Win64; x64) AppleWebKit/537.36 (KHTML, like Gecko) Chrome/78.0.3904.108 Safari/537.36"
34.16.202.23 - - [21/Oct/2025:17:12:43 +0000] "POST //xmlrpc.php HTTP/1.1" 200 413 "-" "Mozilla/5.0 (Windows NT 10.0; Win64; x64) AppleWebKit/537.36 (KHTML, like Gecko) Chrome/78.0.3904.108 Safari/537.36"
34.16.202.23 - - [21/Oct/2025:17:12:45 +0000] "POST //xmlrpc.php HTTP/1.1" 200 413 "-" "Mozilla/5.0 (Windows NT 10.0; Win64; x64) AppleWebKit/537.36 (KHTML, like Gecko) Chrome/78.0.3904.108 Safari/537.36"
66.135.21.75 - - [21/Oct/2025:17:12:50 +0000] "POST /wp-cron.php?doing_wp_cron=1761066769.6073710918426513671875 HTTP/1.1" 499 0 "-" "WordPress/6.3.1; https://gsudice.dataconn.net"
34.16.202.23 - - [21/Oct/2025:17:12:50 +0000] "POST //xmlrpc.php HTTP/1.1" 200 413 "-" "Mozilla/5.0 (Windows NT 10.0; Win64; x64) AppleWebKit/537.36 (KHTML, like Gecko) Chrome/78.0.3904.108 Safari/537.36"
34.16.202.23 - - [21/Oct/2025:17:12:55 +0000] "POST //xmlrpc.php HTTP/1.1" 200 413 "-" "Mozilla/5.0 (Windows NT 10.0; Win64; x64) AppleWebKit/537.36 (KHTML, like Gecko) Chrome/78.0.3904.108 Safari/537.36"
34.16.202.23 - - [21/Oct/2025:17:12:58 +0000] "POST //xmlrpc.php HTTP/1.1" 200 413 "-" "Mozilla/5.0 (Windows NT 10.0; Win64; x64) AppleWebKit/537.36 (KHTML, like Gecko) Chrome/78.0.3904.108 Safari/537.36"
66.135.21.75 - - [21/Oct/2025:17:13:03 +0000] "POST /wp-cron.php?doing_wp_cron=1761066782.0064079761505126953125 HTTP/1.1" 499 0 "-" "WordPress/6.3.1; https://gsudice.dataconn.net"
34.16.202.23 - - [21/Oct/2025:17:13:03 +0000] "POST //xmlrpc.php HTTP/1.1" 200 413 "-" "Mozilla/5.0 (Windows NT 10.0; Win64; x64) AppleWebKit/537.36 (KHTML, like Gecko) Chrome/78.0.3904.108 Safari/537.36"
34.16.202.23 - - [21/Oct/2025:17:13:08 +0000] "POST //xmlrpc.php HTTP/1.1" 200 413 "-" "Mozilla/5.0 (Windows NT 10.0; Win64; x64) AppleWebKit/537.36 (KHTML, like Gecko) Chrome/78.0.3904.108 Safari/537.36"
66.135.21.75 - - [21/Oct/2025:17:13:14 +0000] "POST /wp-cron.php?doing_wp_cron=1761066793.6284680366516113281250 HTTP/1.1" 499 0 "-" "WordPress/6.3.1; https://gsudice.dataconn.net"
34.16.202.23 - - [21/Oct/2025:17:13:14 +0000] "POST //xmlrpc.php HTTP/1.1" 200 413 "-" "Mozilla/5.0 (Windows NT 10.0; Win64; x64) AppleWebKit/537.36 (KHTML, like Gecko) Chrome/78.0.3904.108 Safari/537.36"
34.16.202.23 - - [21/Oct/2025:17:13:19 +0000] "POST //xmlrpc.php HTTP/1.1" 200 413 "-" "Mozilla/5.0 (Windows NT 10.0; Win64; x64) AppleWebKit/537.36 (KHTML, like Gecko) Chrome/78.0.3904.108 Safari/537.36"
34.16.202.23 - - [21/Oct/2025:17:13:23 +0000] "POST //xmlrpc.php HTTP/1.1" 200 413 "-" "Mozilla/5.0 (Windows NT 10.0; Win64; x64) AppleWebKit/537.36 (KHTML, like Gecko) Chrome/78.0.3904.108 Safari/537.36"
34.16.202.23 - - [21/Oct/2025:17:13:27 +0000] "POST //xmlrpc.php HTTP/1.1" 200 413 "-" "Mozilla/5.0 (Windows NT 10.0; Win64; x64) AppleWebKit/537.36 (KHTML, like Gecko) Chrome/78.0.3904.108 Safari/537.36"
34.16.202.23 - - [21/Oct/2025:17:13:31 +0000] "POST //xmlrpc.php HTTP/1.1" 200 413 "-" "Mozilla/5.0 (Windows NT 10.0; Win64; x64) AppleWebKit/537.36 (KHTML, like Gecko) Chrome/78.0.3904.108 Safari/537.36"
34.16.202.23 - - [21/Oct/2025:17:13:36 +0000] "POST //xmlrpc.php HTTP/1.1" 200 413 "-" "Mozilla/5.0 (Windows NT 10.0; Win64; x64) AppleWebKit/537.36 (KHTML, like Gecko) Chrome/78.0.3904.108 Safari/537.36"
34.16.202.23 - - [21/Oct/2025:17:13:40 +0000] "POST //xmlrpc.php HTTP/1.1" 200 413 "-" "Mozilla/5.0 (Windows NT 10.0; Win64; x64) AppleWebKit/537.36 (KHTML, like Gecko) Chrome/78.0.3904.108 Safari/537.36"
34.16.202.23 - - [21/Oct/2025:17:13:43 +0000] "POST //xmlrpc.php HTTP/1.1" 200 413 "-" "Mozilla/5.0 (Windows NT 10.0; Win64; x64) AppleWebKit/537.36 (KHTML, like Gecko) Chrome/78.0.3904.108 Safari/537.36"
34.16.202.23 - - [21/Oct/2025:17:13:45 +0000] "POST //xmlrpc.php HTTP/1.1" 200 413 "-" "Mozilla/5.0 (Windows NT 10.0; Win64; x64) AppleWebKit/537.36 (KHTML, like Gecko) Chrome/78.0.3904.108 Safari/537.36"
34.16.202.23 - - [21/Oct/2025:17:13:47 +0000] "POST //xmlrpc.php HTTP/1.1" 200 413 "-" "Mozilla/5.0 (Windows NT 10.0; Win64; x64) AppleWebKit/537.36 (KHTML, like Gecko) Chrome/78.0.3904.108 Safari/537.36"
34.16.202.23 - - [21/Oct/2025:17:13:51 +0000] "POST //xmlrpc.php HTTP/1.1" 200 413 "-" "Mozilla/5.0 (Windows NT 10.0; Win64; x64) AppleWebKit/537.36 (KHTML, like Gecko) Chrome/78.0.3904.108 Safari/537.36"
34.16.202.23 - - [21/Oct/2025:17:13:56 +0000] "POST //xmlrpc.php HTTP/1.1" 200 413 "-" "Mozilla/5.0 (Windows NT 10.0; Win64; x64) AppleWebKit/537.36 (KHTML, like Gecko) Chrome/78.0.3904.108 Safari/537.36"
66.135.21.75 - - [21/Oct/2025:17:14:01 +0000] "POST /wp-cron.php?doing_wp_cron=1761066840.7933928966522216796875 HTTP/1.1" 499 0 "-" "WordPress/6.3.1; https://gsudice.dataconn.net"
34.16.202.23 - - [21/Oct/2025:17:14:01 +0000] "POST //xmlrpc.php HTTP/1.1" 200 413 "-" "Mozilla/5.0 (Windows NT 10.0; Win64; x64) AppleWebKit/537.36 (KHTML, like Gecko) Chrome/78.0.3904.108 Safari/537.36"
34.16.202.23 - - [21/Oct/2025:17:14:04 +0000] "POST //xmlrpc.php HTTP/1.1" 200 413 "-" "Mozilla/5.0 (Windows NT 10.0; Win64; x64) AppleWebKit/537.36 (KHTML, like Gecko) Chrome/78.0.3904.108 Safari/537.36"
34.16.202.23 - - [21/Oct/2025:17:14:07 +0000] "POST //xmlrpc.php HTTP/1.1" 200 413 "-" "Mozilla/5.0 (Windows NT 10.0; Win64; x64) AppleWebKit/537.36 (KHTML, like Gecko) Chrome/78.0.3904.108 Safari/537.36"
34.16.202.23 - - [21/Oct/2025:17:14:09 +0000] "POST //xmlrpc.php HTTP/1.1" 200 413 "-" "Mozilla/5.0 (Windows NT 10.0; Win64; x64) AppleWebKit/537.36 (KHTML, like Gecko) Chrome/78.0.3904.108 Safari/537.36"
34.16.202.23 - - [21/Oct/2025:17:14:11 +0000] "POST //xmlrpc.php HTTP/1.1" 200 413 "-" "Mozilla/5.0 (Windows NT 10.0; Win64; x64) AppleWebKit/537.36 (KHTML, like Gecko) Chrome/78.0.3904.108 Safari/537.36"
66.135.21.75 - - [21/Oct/2025:17:14:15 +0000] "POST /wp-cron.php?doing_wp_cron=1761066854.8124229907989501953125 HTTP/1.1" 499 0 "-" "WordPress/6.3.1; https://gsudice.dataconn.net"
34.16.202.23 - - [21/Oct/2025:17:14:15 +0000] "POST //xmlrpc.php HTTP/1.1" 200 413 "-" "Mozilla/5.0 (Windows NT 10.0; Win64; x64) AppleWebKit/537.36 (KHTML, like Gecko) Chrome/78.0.3904.108 Safari/537.36"
34.16.202.23 - - [21/Oct/2025:17:14:20 +0000] "POST //xmlrpc.php HTTP/1.1" 200 413 "-" "Mozilla/5.0 (Windows NT 10.0; Win64; x64) AppleWebKit/537.36 (KHTML, like Gecko) Chrome/78.0.3904.108 Safari/537.36"
34.16.202.23 - - [21/Oct/2025:17:14:24 +0000] "POST //xmlrpc.php HTTP/1.1" 200 413 "-" "Mozilla/5.0 (Windows NT 10.0; Win64; x64) AppleWebKit/537.36 (KHTML, like Gecko) Chrome/78.0.3904.108 Safari/537.36"
34.16.202.23 - - [21/Oct/2025:17:14:28 +0000] "POST //xmlrpc.php HTTP/1.1" 200 413 "-" "Mozilla/5.0 (Windows NT 10.0; Win64; x64) AppleWebKit/537.36 (KHTML, like Gecko) Chrome/78.0.3904.108 Safari/537.36"
34.16.202.23 - - [21/Oct/2025:17:14:32 +0000] "POST //xmlrpc.php HTTP/1.1" 200 413 "-" "Mozilla/5.0 (Windows NT 10.0; Win64; x64) AppleWebKit/537.36 (KHTML, like Gecko) Chrome/78.0.3904.108 Safari/537.36"
34.16.202.23 - - [21/Oct/2025:17:14:35 +0000] "POST //xmlrpc.php HTTP/1.1" 200 413 "-" "Mozilla/5.0 (Windows NT 10.0; Win64; x64) AppleWebKit/537.36 (KHTML, like Gecko) Chrome/78.0.3904.108 Safari/537.36"
34.16.202.23 - - [21/Oct/2025:17:14:39 +0000] "POST //xmlrpc.php HTTP/1.1" 200 413 "-" "Mozilla/5.0 (Windows NT 10.0; Win64; x64) AppleWebKit/537.36 (KHTML, like Gecko) Chrome/78.0.3904.108 Safari/537.36"
34.16.202.23 - - [21/Oct/2025:17:14:44 +0000] "POST //xmlrpc.php HTTP/1.1" 200 413 "-" "Mozilla/5.0 (Windows NT 10.0; Win64; x64) AppleWebKit/537.36 (KHTML, like Gecko) Chrome/78.0.3904.108 Safari/537.36"
34.16.202.23 - - [21/Oct/2025:17:14:48 +0000] "POST //xmlrpc.php HTTP/1.1" 200 413 "-" "Mozilla/5.0 (Windows NT 10.0; Win64; x64) AppleWebKit/537.36 (KHTML, like Gecko) Chrome/78.0.3904.108 Safari/537.36"
34.16.202.23 - - [21/Oct/2025:17:14:52 +0000] "POST //xmlrpc.php HTTP/1.1" 200 413 "-" "Mozilla/5.0 (Windows NT 10.0; Win64; x64) AppleWebKit/537.36 (KHTML, like Gecko) Chrome/78.0.3904.108 Safari/537.36"
34.16.202.23 - - [21/Oct/2025:17:14:56 +0000] "POST //xmlrpc.php HTTP/1.1" 200 413 "-" "Mozilla/5.0 (Windows NT 10.0; Win64; x64) AppleWebKit/537.36 (KHTML, like Gecko) Chrome/78.0.3904.108 Safari/537.36"
66.135.21.75 - - [21/Oct/2025:17:15:01 +0000] "POST /wp-cron.php?doing_wp_cron=1761066900.0582571029663085937500 HTTP/1.1" 499 0 "-" "WordPress/6.3.1; https://gsudice.dataconn.net"
34.16.202.23 - - [21/Oct/2025:17:15:01 +0000] "POST //xmlrpc.php HTTP/1.1" 200 413 "-" "Mozilla/5.0 (Windows NT 10.0; Win64; x64) AppleWebKit/537.36 (KHTML, like Gecko) Chrome/78.0.3904.108 Safari/537.36"
34.16.202.23 - - [21/Oct/2025:17:15:06 +0000] "POST //xmlrpc.php HTTP/1.1" 200 413 "-" "Mozilla/5.0 (Windows NT 10.0; Win64; x64) AppleWebKit/537.36 (KHTML, like Gecko) Chrome/78.0.3904.108 Safari/537.36"
34.16.202.23 - - [21/Oct/2025:17:15:11 +0000] "POST //xmlrpc.php HTTP/1.1" 200 413 "-" "Mozilla/5.0 (Windows NT 10.0; Win64; x64) AppleWebKit/537.36 (KHTML, like Gecko) Chrome/78.0.3904.108 Safari/537.36"
66.135.21.75 - - [21/Oct/2025:17:15:16 +0000] "POST /wp-cron.php?doing_wp_cron=1761066915.3874139785766601562500 HTTP/1.1" 499 0 "-" "WordPress/6.3.1; https://gsudice.dataconn.net"
34.16.202.23 - - [21/Oct/2025:17:15:16 +0000] "POST //xmlrpc.php HTTP/1.1" 200 413 "-" "Mozilla/5.0 (Windows NT 10.0; Win64; x64) AppleWebKit/537.36 (KHTML, like Gecko) Chrome/78.0.3904.108 Safari/537.36"
34.16.202.23 - - [21/Oct/2025:17:15:20 +0000] "POST //xmlrpc.php HTTP/1.1" 200 413 "-" "Mozilla/5.0 (Windows NT 10.0; Win64; x64) AppleWebKit/537.36 (KHTML, like Gecko) Chrome/78.0.3904.108 Safari/537.36"
34.16.202.23 - - [21/Oct/2025:17:15:25 +0000] "POST //xmlrpc.php HTTP/1.1" 200 413 "-" "Mozilla/5.0 (Windows NT 10.0; Win64; x64) AppleWebKit/537.36 (KHTML, like Gecko) Chrome/78.0.3904.108 Safari/537.36"
66.135.21.75 - - [21/Oct/2025:17:50:16 +0000] "POST /wp-cron.php?doing_wp_cron=1761069015.3671360015869140625000 HTTP/1.1" 499 0 "-" "WordPress/6.3.1; https://gsudice.dataconn.net"
114.119.135.253 - - [21/Oct/2025:17:50:16 +0000] "GET / HTTP/1.1" 200 115835 "-" "Mozilla/5.0 (Linux; Android 7.0;) AppleWebKit/537.36 (KHTML, like Gecko) Mobile Safari/537.36 (compatible; PetalBot;+https://webmaster.petalsearch.com/site/petalbot)"
66.135.21.75 - - [21/Oct/2025:18:10:04 +0000] "POST /wp-cron.php?doing_wp_cron=1761070203.2315890789031982421875 HTTP/1.1" 499 0 "-" "WordPress/6.3.1; https://gsudice.dataconn.net"
13.211.102.62 - - [21/Oct/2025:18:10:04 +0000] "GET / HTTP/1.1" 200 115835 "-" "Mozilla/5.0 (Windows NT 10.0; Win64; x64) Chrome/91.0.4472.124"
13.211.102.62 - - [21/Oct/2025:18:10:05 +0000] "GET /.env HTTP/1.1" 403 162 "-" "python-httpx/0.24.1"
13.211.102.62 - - [21/Oct/2025:18:10:07 +0000] "GET /.env.local HTTP/1.1" 301 5 "-" "python-httpx/0.24.1"
13.211.102.62 - - [21/Oct/2025:18:10:08 +0000] "GET /.env.dev HTTP/1.1" 301 5 "-" "python-httpx/0.24.1"
13.211.102.62 - - [21/Oct/2025:18:10:09 +0000] "GET /.env.prod HTTP/1.1" 301 5 "-" "python-httpx/0.24.1"
13.211.102.62 - - [21/Oct/2025:18:10:10 +0000] "GET /.env.staging HTTP/1.1" 301 5 "-" "python-httpx/0.24.1"
13.211.102.62 - - [21/Oct/2025:18:10:11 +0000] "GET /.env.development HTTP/1.1" 301 5 "-" "python-httpx/0.24.1"
66.135.21.75 - - [21/Oct/2025:18:10:13 +0000] "POST /wp-cron.php?doing_wp_cron=1761070212.2071340084075927734375 HTTP/1.1" 499 0 "-" "WordPress/6.3.1; https://gsudice.dataconn.net"
13.211.102.62 - - [21/Oct/2025:18:10:13 +0000] "GET /.env.production HTTP/1.1" 301 5 "-" "python-httpx/0.24.1"
13.211.102.62 - - [21/Oct/2025:18:10:15 +0000] "GET /.env.test HTTP/1.1" 301 5 "-" "python-httpx/0.24.1"
13.211.102.62 - - [21/Oct/2025:18:10:16 +0000] "GET /.env.backup HTTP/1.1" 301 5 "-" "python-httpx/0.24.1"
13.211.102.62 - - [21/Oct/2025:18:10:17 +0000] "GET /.env.example HTTP/1.1" 301 5 "-" "python-httpx/0.24.1"
13.211.102.62 - - [21/Oct/2025:18:10:19 +0000] "GET /.env.sample HTTP/1.1" 301 5 "-" "python-httpx/0.24.1"
13.211.102.62 - - [21/Oct/2025:18:10:20 +0000] "GET /.env.old HTTP/1.1" 301 5 "-" "python-httpx/0.24.1"
13.211.102.62 - - [21/Oct/2025:18:10:20 +0000] "GET /.env.bak HTTP/1.1" 403 162 "-" "python-httpx/0.24.1"
13.211.102.62 - - [21/Oct/2025:18:10:21 +0000] "GET /.env.save HTTP/1.1" 301 5 "-" "python-httpx/0.24.1"
13.211.102.62 - - [21/Oct/2025:18:10:22 +0000] "GET /.env.orig HTTP/1.1" 301 5 "-" "python-httpx/0.24.1"
13.211.102.62 - - [21/Oct/2025:18:10:23 +0000] "GET /.env.swp HTTP/1.1" 301 5 "-" "python-httpx/0.24.1"
13.211.102.62 - - [21/Oct/2025:18:10:24 +0000] "GET /.env~ HTTP/1.1" 301 5 "-" "python-httpx/0.24.1"
13.211.102.62 - - [21/Oct/2025:18:10:27 +0000] "GET /.env.tmp HTTP/1.1" 301 5 "-" "python-httpx/0.24.1"
13.211.102.62 - - [21/Oct/2025:18:10:27 +0000] "GET /.env.dist HTTP/1.1" 301 5 "-" "python-httpx/0.24.1"
13.211.102.62 - - [21/Oct/2025:18:10:28 +0000] "GET /admin/.env HTTP/1.1" 403 162 "-" "python-httpx/0.24.1"
13.211.102.62 - - [21/Oct/2025:18:10:30 +0000] "GET /admin/.env.save HTTP/1.1" 301 5 "-" "python-httpx/0.24.1"
13.211.102.62 - - [21/Oct/2025:18:10:30 +0000] "GET /admin/.env.bak HTTP/1.1" 403 162 "-" "python-httpx/0.24.1"
13.211.102.62 - - [21/Oct/2025:18:10:31 +0000] "GET /admin/.env.old HTTP/1.1" 301 5 "-" "python-httpx/0.24.1"
13.211.102.62 - - [21/Oct/2025:18:10:31 +0000] "GET /api/.env HTTP/1.1" 403 162 "-" "python-httpx/0.24.1"
13.211.102.62 - - [21/Oct/2025:18:10:34 +0000] "GET /api/.env.save HTTP/1.1" 301 5 "-" "python-httpx/0.24.1"
13.211.102.62 - - [21/Oct/2025:18:10:35 +0000] "GET /api/.env.bak HTTP/1.1" 403 162 "-" "python-httpx/0.24.1"
13.211.102.62 - - [21/Oct/2025:18:10:36 +0000] "GET /api/.env.old HTTP/1.1" 301 5 "-" "python-httpx/0.24.1"
13.211.102.62 - - [21/Oct/2025:18:10:37 +0000] "GET /app/.env HTTP/1.1" 403 162 "-" "python-httpx/0.24.1"
13.211.102.62 - - [21/Oct/2025:18:10:39 +0000] "GET /app/.env.save HTTP/1.1" 301 5 "-" "python-httpx/0.24.1"
13.211.102.62 - - [21/Oct/2025:18:10:40 +0000] "GET /app/.env.bak HTTP/1.1" 403 162 "-" "python-httpx/0.24.1"
13.211.102.62 - - [21/Oct/2025:18:10:40 +0000] "GET /app/.env.old HTTP/1.1" 301 5 "-" "python-httpx/0.24.1"
13.211.102.62 - - [21/Oct/2025:18:10:41 +0000] "GET /config/.env HTTP/1.1" 403 162 "-" "python-httpx/0.24.1"
13.211.102.62 - - [21/Oct/2025:18:10:42 +0000] "GET /config/.env.save HTTP/1.1" 301 5 "-" "python-httpx/0.24.1"
13.211.102.62 - - [21/Oct/2025:18:10:43 +0000] "GET /config/.env.bak HTTP/1.1" 403 162 "-" "python-httpx/0.24.1"
13.211.102.62 - - [21/Oct/2025:18:10:44 +0000] "GET /config/.env.old HTTP/1.1" 301 5 "-" "python-httpx/0.24.1"
13.211.102.62 - - [21/Oct/2025:18:10:45 +0000] "GET /src/.env HTTP/1.1" 403 162 "-" "python-httpx/0.24.1"
13.211.102.62 - - [21/Oct/2025:18:10:46 +0000] "GET /src/.env.save HTTP/1.1" 301 5 "-" "python-httpx/0.24.1"
13.211.102.62 - - [21/Oct/2025:18:10:47 +0000] "GET /src/.env.bak HTTP/1.1" 403 162 "-" "python-httpx/0.24.1"
13.211.102.62 - - [21/Oct/2025:18:10:48 +0000] "GET /src/.env.old HTTP/1.1" 301 5 "-" "python-httpx/0.24.1"
13.211.102.62 - - [21/Oct/2025:18:10:48 +0000] "GET /public/.env HTTP/1.1" 403 162 "-" "python-httpx/0.24.1"
13.211.102.62 - - [21/Oct/2025:18:10:50 +0000] "GET /public/.env.save HTTP/1.1" 301 5 "-" "python-httpx/0.24.1"
13.211.102.62 - - [21/Oct/2025:18:10:50 +0000] "GET /public/.env.bak HTTP/1.1" 403 162 "-" "python-httpx/0.24.1"
13.211.102.62 - - [21/Oct/2025:18:10:51 +0000] "GET /public/.env.old HTTP/1.1" 301 5 "-" "python-httpx/0.24.1"
13.211.102.62 - - [21/Oct/2025:18:10:52 +0000] "GET /assets/.env HTTP/1.1" 403 162 "-" "python-httpx/0.24.1"
13.211.102.62 - - [21/Oct/2025:18:10:53 +0000] "GET /assets/.env.save HTTP/1.1" 301 5 "-" "python-httpx/0.24.1"
13.211.102.62 - - [21/Oct/2025:18:10:53 +0000] "GET /assets/.env.bak HTTP/1.1" 403 162 "-" "python-httpx/0.24.1"
13.211.102.62 - - [21/Oct/2025:18:10:54 +0000] "GET /assets/.env.old HTTP/1.1" 301 5 "-" "python-httpx/0.24.1"
13.211.102.62 - - [21/Oct/2025:18:10:55 +0000] "GET /includes/.env HTTP/1.1" 403 162 "-" "python-httpx/0.24.1"
13.211.102.62 - - [21/Oct/2025:18:10:56 +0000] "GET /includes/.env.save HTTP/1.1" 301 5 "-" "python-httpx/0.24.1"
13.211.102.62 - - [21/Oct/2025:18:10:57 +0000] "GET /includes/.env.bak HTTP/1.1" 403 162 "-" "python-httpx/0.24.1"
13.211.102.62 - - [21/Oct/2025:18:10:57 +0000] "GET /includes/.env.old HTTP/1.1" 301 5 "-" "python-httpx/0.24.1"
13.211.102.62 - - [21/Oct/2025:18:10:58 +0000] "GET /lib/.env HTTP/1.1" 403 162 "-" "python-httpx/0.24.1"
66.135.21.75 - - [21/Oct/2025:18:11:00 +0000] "POST /wp-cron.php?doing_wp_cron=1761070259.1304678916931152343750 HTTP/1.1" 499 0 "-" "WordPress/6.3.1; https://gsudice.dataconn.net"
13.211.102.62 - - [21/Oct/2025:18:11:00 +0000] "GET /lib/.env.save HTTP/1.1" 301 5 "-" "python-httpx/0.24.1"
13.211.102.62 - - [21/Oct/2025:18:11:00 +0000] "GET /lib/.env.bak HTTP/1.1" 403 162 "-" "python-httpx/0.24.1"
13.211.102.62 - - [21/Oct/2025:18:11:02 +0000] "GET /lib/.env.old HTTP/1.1" 301 5 "-" "python-httpx/0.24.1"
13.211.102.62 - - [21/Oct/2025:18:11:03 +0000] "GET /application/.env HTTP/1.1" 403 162 "-" "python-httpx/0.24.1"
13.211.102.62 - - [21/Oct/2025:18:11:03 +0000] "GET /application/.env.save HTTP/1.1" 301 5 "-" "python-httpx/0.24.1"
13.211.102.62 - - [21/Oct/2025:18:11:04 +0000] "GET /application/.env.bak HTTP/1.1" 403 162 "-" "python-httpx/0.24.1"
13.211.102.62 - - [21/Oct/2025:18:11:05 +0000] "GET /application/.env.old HTTP/1.1" 301 5 "-" "python-httpx/0.24.1"
13.211.102.62 - - [21/Oct/2025:18:11:05 +0000] "GET /system/.env HTTP/1.1" 403 162 "-" "python-httpx/0.24.1"
13.211.102.62 - - [21/Oct/2025:18:11:07 +0000] "GET /system/.env.save HTTP/1.1" 301 5 "-" "python-httpx/0.24.1"
13.211.102.62 - - [21/Oct/2025:18:11:08 +0000] "GET /system/.env.bak HTTP/1.1" 403 162 "-" "python-httpx/0.24.1"
13.211.102.62 - - [21/Oct/2025:18:11:09 +0000] "GET /system/.env.old HTTP/1.1" 301 5 "-" "python-httpx/0.24.1"
13.211.102.62 - - [21/Oct/2025:18:11:10 +0000] "GET /core/.env HTTP/1.1" 403 162 "-" "python-httpx/0.24.1"
13.211.102.62 - - [21/Oct/2025:18:11:11 +0000] "GET /core/.env.save HTTP/1.1" 301 5 "-" "python-httpx/0.24.1"
13.211.102.62 - - [21/Oct/2025:18:11:12 +0000] "GET /core/.env.bak HTTP/1.1" 403 162 "-" "python-httpx/0.24.1"
66.135.21.75 - - [21/Oct/2025:18:11:14 +0000] "POST /wp-cron.php?doing_wp_cron=1761070273.1779379844665527343750 HTTP/1.1" 499 0 "-" "WordPress/6.3.1; https://gsudice.dataconn.net"
13.211.102.62 - - [21/Oct/2025:18:11:14 +0000] "GET /core/.env.old HTTP/1.1" 301 5 "-" "python-httpx/0.24.1"
13.211.102.62 - - [21/Oct/2025:18:11:14 +0000] "GET /modules/.env HTTP/1.1" 403 162 "-" "python-httpx/0.24.1"
13.211.102.62 - - [21/Oct/2025:18:11:15 +0000] "GET /modules/.env.save HTTP/1.1" 301 5 "-" "python-httpx/0.24.1"
13.211.102.62 - - [21/Oct/2025:18:11:16 +0000] "GET /modules/.env.bak HTTP/1.1" 403 162 "-" "python-httpx/0.24.1"
13.211.102.62 - - [21/Oct/2025:18:11:17 +0000] "GET /modules/.env.old HTTP/1.1" 301 5 "-" "python-httpx/0.24.1"
13.211.102.62 - - [21/Oct/2025:18:11:17 +0000] "GET /plugins/.env HTTP/1.1" 403 162 "-" "python-httpx/0.24.1"
13.211.102.62 - - [21/Oct/2025:18:11:18 +0000] "GET /plugins/.env.save HTTP/1.1" 301 5 "-" "python-httpx/0.24.1"
13.211.102.62 - - [21/Oct/2025:18:11:19 +0000] "GET /plugins/.env.bak HTTP/1.1" 403 162 "-" "python-httpx/0.24.1"
13.211.102.62 - - [21/Oct/2025:18:11:20 +0000] "GET /plugins/.env.old HTTP/1.1" 301 5 "-" "python-httpx/0.24.1"
13.211.102.62 - - [21/Oct/2025:18:11:21 +0000] "GET /themes/.env HTTP/1.1" 403 162 "-" "python-httpx/0.24.1"
13.211.102.62 - - [21/Oct/2025:18:11:22 +0000] "GET /themes/.env.save HTTP/1.1" 301 5 "-" "python-httpx/0.24.1"
13.211.102.62 - - [21/Oct/2025:18:11:23 +0000] "GET /themes/.env.bak HTTP/1.1" 403 162 "-" "python-httpx/0.24.1"
13.211.102.62 - - [21/Oct/2025:18:11:24 +0000] "GET /themes/.env.old HTTP/1.1" 301 5 "-" "python-httpx/0.24.1"
13.211.102.62 - - [21/Oct/2025:18:11:25 +0000] "GET /vendor/.env HTTP/1.1" 403 162 "-" "python-httpx/0.24.1"
13.211.102.62 - - [21/Oct/2025:18:11:26 +0000] "GET /vendor/.env.save HTTP/1.1" 301 5 "-" "python-httpx/0.24.1"
13.211.102.62 - - [21/Oct/2025:18:11:27 +0000] "GET /vendor/.env.bak HTTP/1.1" 403 162 "-" "python-httpx/0.24.1"
13.211.102.62 - - [21/Oct/2025:18:11:27 +0000] "GET /vendor/.env.old HTTP/1.1" 301 5 "-" "python-httpx/0.24.1"
13.211.102.62 - - [21/Oct/2025:18:11:28 +0000] "GET /storage/.env HTTP/1.1" 403 162 "-" "python-httpx/0.24.1"
13.211.102.62 - - [21/Oct/2025:18:11:31 +0000] "GET /storage/.env.save HTTP/1.1" 301 5 "-" "python-httpx/0.24.1"
13.211.102.62 - - [21/Oct/2025:18:11:31 +0000] "GET /storage/.env.bak HTTP/1.1" 403 162 "-" "python-httpx/0.24.1"
13.211.102.62 - - [21/Oct/2025:18:11:32 +0000] "GET /storage/.env.old HTTP/1.1" 301 5 "-" "python-httpx/0.24.1"
13.211.102.62 - - [21/Oct/2025:18:11:33 +0000] "GET /phpinfo.php HTTP/1.1" 404 162 "-" "python-httpx/0.24.1"
13.211.102.62 - - [21/Oct/2025:18:11:33 +0000] "GET /info.php HTTP/1.1" 404 162 "-" "python-httpx/0.24.1"
13.211.102.62 - - [21/Oct/2025:18:11:34 +0000] "GET /php_info.php HTTP/1.1" 404 162 "-" "python-httpx/0.24.1"
13.211.102.62 - - [21/Oct/2025:18:11:36 +0000] "GET /phpinfo HTTP/1.1" 301 5 "-" "python-httpx/0.24.1"
13.211.102.62 - - [21/Oct/2025:18:11:36 +0000] "GET /test.php HTTP/1.1" 404 162 "-" "python-httpx/0.24.1"
13.211.102.62 - - [21/Oct/2025:18:11:37 +0000] "GET /info1.php HTTP/1.1" 404 162 "-" "python-httpx/0.24.1"
13.211.102.62 - - [21/Oct/2025:18:11:38 +0000] "GET /info2.php HTTP/1.1" 404 162 "-" "python-httpx/0.24.1"
13.211.102.62 - - [21/Oct/2025:18:11:38 +0000] "GET /php.php HTTP/1.1" 404 162 "-" "python-httpx/0.24.1"
13.211.102.62 - - [21/Oct/2025:18:11:39 +0000] "GET /pi.php HTTP/1.1" 404 162 "-" "python-httpx/0.24.1"
13.211.102.62 - - [21/Oct/2025:18:11:40 +0000] "GET /i.php HTTP/1.1" 404 162 "-" "python-httpx/0.24.1"
13.211.102.62 - - [21/Oct/2025:18:11:40 +0000] "GET /phpversion.php HTTP/1.1" 404 162 "-" "python-httpx/0.24.1"
13.211.102.62 - - [21/Oct/2025:18:11:41 +0000] "GET /php_version.php HTTP/1.1" 404 162 "-" "python-httpx/0.24.1"
13.211.102.62 - - [21/Oct/2025:18:11:41 +0000] "GET /serverinfo.php HTTP/1.1" 404 162 "-" "python-httpx/0.24.1"
13.211.102.62 - - [21/Oct/2025:18:11:42 +0000] "GET /server.php HTTP/1.1" 404 162 "-" "python-httpx/0.24.1"
13.211.102.62 - - [21/Oct/2025:18:11:43 +0000] "GET /debug.php HTTP/1.1" 404 162 "-" "python-httpx/0.24.1"
13.211.102.62 - - [21/Oct/2025:18:11:43 +0000] "GET /diagnostic.php HTTP/1.1" 404 162 "-" "python-httpx/0.24.1"
13.211.102.62 - - [21/Oct/2025:18:11:44 +0000] "GET /phptest.php HTTP/1.1" 404 162 "-" "python-httpx/0.24.1"
13.211.102.62 - - [21/Oct/2025:18:11:45 +0000] "GET /check.php HTTP/1.1" 404 162 "-" "python-httpx/0.24.1"
13.211.102.62 - - [21/Oct/2025:18:11:46 +0000] "GET /phpinfo.php.save HTTP/1.1" 301 5 "-" "python-httpx/0.24.1"
13.211.102.62 - - [21/Oct/2025:18:11:47 +0000] "GET /info.php.save HTTP/1.1" 301 5 "-" "python-httpx/0.24.1"
13.211.102.62 - - [21/Oct/2025:18:11:48 +0000] "GET /php_info.php.save HTTP/1.1" 301 5 "-" "python-httpx/0.24.1"
13.211.102.62 - - [21/Oct/2025:18:11:49 +0000] "GET /test.php.save HTTP/1.1" 301 5 "-" "python-httpx/0.24.1"
13.211.102.62 - - [21/Oct/2025:18:11:49 +0000] "GET /phpinfo.php.bak HTTP/1.1" 403 162 "-" "python-httpx/0.24.1"
13.211.102.62 - - [21/Oct/2025:18:11:50 +0000] "GET /info.php.bak HTTP/1.1" 403 162 "-" "python-httpx/0.24.1"
13.211.102.62 - - [21/Oct/2025:18:11:50 +0000] "GET /php_info.php.bak HTTP/1.1" 403 162 "-" "python-httpx/0.24.1"
13.211.102.62 - - [21/Oct/2025:18:11:51 +0000] "GET /test.php.bak HTTP/1.1" 403 162 "-" "python-httpx/0.24.1"
13.211.102.62 - - [21/Oct/2025:18:11:52 +0000] "GET /phpinfo.php.old HTTP/1.1" 301 5 "-" "python-httpx/0.24.1"
