57.141.0.45 - - [22/Oct/2025:00:37:38 +0000] "GET /2025/03/13/?fileloc=//sys/class/pci_bus/0000:11/subsystem/0000:01/subsystem/0000:05/uevent&path=//sys/class/pci_bus/0000:11/subsystem/0000:01/subsystem/0000:05 HTTP/1.1" 200 262264 "-" "meta-externalagent/1.1 (+https://developers.facebook.com/docs/sharing/webmasters/crawler)"
185.191.171.12 - - [22/Oct/2025:00:37:38 +0000] "GET /?p=9058 HTTP/1.1" 200 43499 "-" "Mozilla/5.0 (compatible; SemrushBot/7~bl; +http://www.semrush.com/bot.html)"
216.73.216.183 - - [22/Oct/2025:00:37:38 +0000] "GET /456081649?fileloc=%2Fopt%2Fwpsites%2Fdatainsightnow.com%2Freadme.html&path=%2Fopt%2Fwpsites%2Fdatainsightnow.com HTTP/1.1" 301 5 "-" "Mozilla/5.0 AppleWebKit/537.36 (KHTML, like Gecko; compatible; ClaudeBot/1.0; +claudebot@anthropic.com)"
216.73.216.183 - - [22/Oct/2025:00:37:39 +0000] "GET /456081649/?fileloc=%2Fopt%2Fwpsites%2Fdatainsightnow.com%2Freadme.html&path=%2Fopt%2Fwpsites%2Fdatainsightnow.com HTTP/1.1" 200 45438 "https://datainsightnow.com/456081649?fileloc=%2Fopt%2Fwpsites%2Fdatainsightnow.com%2Freadme.html&path=%2Fopt%2Fwpsites%2Fdatainsightnow.com" "Mozilla/5.0 AppleWebKit/537.36 (KHTML, like Gecko; compatible; ClaudeBot/1.0; +claudebot@anthropic.com)"
20.171.207.78 - - [22/Oct/2025:00:37:39 +0000] "GET /?path=//sys/class/net/enp1s0/device/net/enp1s0/device/subsystem/devices/virtio1/block/vda/vda2/subsystem/vda/subsystem/loop3/bdi/power HTTP/1.1" 301 5 "-" "Mozilla/5.0 AppleWebKit/537.36 (KHTML, like Gecko; compatible; GPTBot/1.2; +https://openai.com/gptbot)"
20.171.207.217 - - [22/Oct/2025:00:37:39 +0000] "GET /?path=//sys/class/net/enp1s0/device/net/enp1s0/device/driver/virtio0/subsystem/devices/virtio1/block/vda/device/block/vda/device/block/vda/subsystem/vda/subsystem/loop1 HTTP/1.1" 200 45438 "-" "Mozilla/5.0 AppleWebKit/537.36 (KHTML, like Gecko; compatible; GPTBot/1.2; +https://openai.com/gptbot)"
3.220.236.32 - - [22/Oct/2025:00:37:40 +0000] "HEAD /real-currency-us-2025%E3%81%AE%E3%81%9F%E3%82%81%E3%81%AEweb%E4%B8%8A%E3%81%AE%E3%82%AE%E3%83%A3%E3%83%B3%E3%83%96%E3%83%AB%E3%83%96%E3%83%A9%E3%83%83%E3%82%AF%E3%82%B8%E3%83%A3%E3%83%83%E3%82%AF/?fileloc=//proc/thread-self/cwd/wp-config.php&path=//proc/thread-self/cwd HTTP/1.1" 200 0 "-" "Mozilla/5.0 AppleWebKit/605.1.15 (KHTML, like Gecko) Chrome/139.0.0.0 Safari/605.1.15"
3.211.181.86 - - [22/Oct/2025:00:37:40 +0000] "GET /real-currency-us-2025%E3%81%AE%E3%81%9F%E3%82%81%E3%81%AEweb%E4%B8%8A%E3%81%AE%E3%82%AE%E3%83%A3%E3%83%B3%E3%83%96%E3%83%AB%E3%83%96%E3%83%A9%E3%83%83%E3%82%AF%E3%82%B8%E3%83%A3%E3%83%83%E3%82%AF/?fileloc=//usr/lib/python3.12/telnetlib.py&path=//usr/lib/python3.12 HTTP/1.1" 200 45438 "-" "Mozilla/5.0 AppleWebKit/537.36 (KHTML, like Gecko; compatible; Amazonbot/0.1; +https://developer.amazon.com/support/amazonbot) Chrome/119.0.6045.214 Safari/537.36"
216.73.216.183 - - [22/Oct/2025:00:37:41 +0000] "GET /302697191?fileloc=%2Fopt%2Fwpsites%2Fdatainsightnow.com%2Freadme.html&path=%2Fopt%2Fwpsites%2Fdatainsightnow.com HTTP/1.1" 301 5 "-" "Mozilla/5.0 AppleWebKit/537.36 (KHTML, like Gecko; compatible; ClaudeBot/1.0; +claudebot@anthropic.com)"
216.73.216.183 - - [22/Oct/2025:00:37:42 +0000] "GET /302697191/?fileloc=%2Fopt%2Fwpsites%2Fdatainsightnow.com%2Freadme.html&path=%2Fopt%2Fwpsites%2Fdatainsightnow.com HTTP/1.1" 200 45438 "https://datainsightnow.com/302697191?fileloc=%2Fopt%2Fwpsites%2Fdatainsightnow.com%2Freadme.html&path=%2Fopt%2Fwpsites%2Fdatainsightnow.com" "Mozilla/5.0 AppleWebKit/537.36 (KHTML, like Gecko; compatible; ClaudeBot/1.0; +claudebot@anthropic.com)"
20.171.207.217 - - [22/Oct/2025:00:37:42 +0000] "GET /?path=//sys/class/net/enp1s0/device/net/enp1s0/device/subsystem/devices/virtio1/block/vda/device/block/vda/subsystem/loop0/subsystem/vda/device/block/vda/subsystem/vda2 HTTP/1.1" 200 45438 "-" "Mozilla/5.0 AppleWebKit/537.36 (KHTML, like Gecko; compatible; GPTBot/1.2; +https://openai.com/gptbot)"
20.171.207.78 - - [22/Oct/2025:00:37:42 +0000] "GET /?path=//sys/class/net/enp1s0/device/net/enp1s0/device/subsystem/drivers/virtio_blk/virtio1/block/vda/vda1/subsystem/vda/subsystem/vda/vda2 HTTP/1.1" 301 5 "-" "Mozilla/5.0 AppleWebKit/537.36 (KHTML, like Gecko; compatible; GPTBot/1.2; +https://openai.com/gptbot)"
66.135.21.75 - - [22/Oct/2025:00:37:43 +0000] "GET /wp-content/plugins/elementor-pro/core/database/database/index.php?ARRAY=7o2230223n313736313039373030332p2231223n22687474703n5p2s5p2s7n7335363476313373752r616p746s742r696r6o5p2s3s6p633q7068705s636s64655s6n6326743q313736313039333430332q3963633162633764326439373837386433643365616437613438633933616461222p2232223n226130333239623032353066623366656364343932343164363530613864656465222p2233223n223236313736316262613936313838633038333939626534333630613935386237222p226175746s5s66696p655s6r616q65223n6r756p6p2p226175746s5s70617373223n6r756p6p2p2262696r675s70617373223n2232332q33382q35392q36372q37332q38322q3330227q HTTP/1.1" 504 176 "-" "-"
34.239.85.139 - - [22/Oct/2025:00:37:44 +0000] "GET /real-currency-us-2025%E3%81%AE%E3%81%9F%E3%82%81%E3%81%AEweb%E4%B8%8A%E3%81%AE%E3%82%AE%E3%83%A3%E3%83%B3%E3%83%96%E3%83%AB%E3%83%96%E3%83%A9%E3%83%83%E3%82%AF%E3%82%B8%E3%83%A3%E3%83%83%E3%82%AF/?fileloc=//sys/kernel/slab/kmalloc-2k/sanity_checks&path=//sys/kernel/slab/kmalloc-2k HTTP/1.1" 200 45438 "-" "Mozilla/5.0 AppleWebKit/537.36 (KHTML, like Gecko; compatible; Amazonbot/0.1; +https://developer.amazon.com/support/amazonbot) Chrome/119.0.6045.214 Safari/537.36"
216.73.216.183 - - [22/Oct/2025:00:37:44 +0000] "GET /456076991?fileloc=%2Fopt%2Fwpsites%2Fdatainsightnow.com%2Freadme.html&path=%2Fopt%2Fwpsites%2Fdatainsightnow.com HTTP/1.1" 301 5 "-" "Mozilla/5.0 AppleWebKit/537.36 (KHTML, like Gecko; compatible; ClaudeBot/1.0; +claudebot@anthropic.com)"
216.73.216.183 - - [22/Oct/2025:00:37:45 +0000] "GET /456076991/?fileloc=%2Fopt%2Fwpsites%2Fdatainsightnow.com%2Freadme.html&path=%2Fopt%2Fwpsites%2Fdatainsightnow.com HTTP/1.1" 200 45438 "https://datainsightnow.com/456076991?fileloc=%2Fopt%2Fwpsites%2Fdatainsightnow.com%2Freadme.html&path=%2Fopt%2Fwpsites%2Fdatainsightnow.com" "Mozilla/5.0 AppleWebKit/537.36 (KHTML, like Gecko; compatible; ClaudeBot/1.0; +claudebot@anthropic.com)"
20.171.207.217 - - [22/Oct/2025:00:37:45 +0000] "GET /?path=//sys/class/net/enp1s0/device/net/enp1s0/device/subsystem/devices/virtio1/block/vda/device/block/vda/subsystem/vda/subsystem/vda/subsystem/sr0/device/scsi_generic/sg0 HTTP/1.1" 200 45438 "-" "Mozilla/5.0 AppleWebKit/537.36 (KHTML, like Gecko; compatible; GPTBot/1.2; +https://openai.com/gptbot)"
20.171.207.78 - - [22/Oct/2025:00:37:46 +0000] "GET /?path=//sys/class/net/enp1s0/device/net/enp1s0/device/subsystem/drivers/virtio_blk/virtio1/block/vda/vda1/subsystem/vda/subsystem/vda2 HTTP/1.1" 301 5 "-" "Mozilla/5.0 AppleWebKit/537.36 (KHTML, like Gecko; compatible; GPTBot/1.2; +https://openai.com/gptbot)"
216.73.216.183 - - [22/Oct/2025:00:37:47 +0000] "GET /616418450?fileloc=%2Fopt%2Fwpsites%2Fdatainsightnow.com%2Freadme.html&path=%2Fopt%2Fwpsites%2Fdatainsightnow.com HTTP/1.1" 301 5 "-" "Mozilla/5.0 AppleWebKit/537.36 (KHTML, like Gecko; compatible; ClaudeBot/1.0; +claudebot@anthropic.com)"
3.211.219.254 - - [22/Oct/2025:00:37:47 +0000] "HEAD /real-currency-us-2025%E3%81%AE%E3%81%9F%E3%82%81%E3%81%AEweb%E4%B8%8A%E3%81%AE%E3%82%AE%E3%83%A3%E3%83%B3%E3%83%96%E3%83%AB%E3%83%96%E3%83%A9%E3%83%83%E3%82%AF%E3%82%B8%E3%83%A3%E3%83%83%E3%82%AF/?fileloc=//sys/module/efi_pstore/uevent&path=//sys/module/efi_pstore HTTP/1.1" 200 0 "-" "Mozilla/5.0 AppleWebKit/605.1.15 (KHTML, like Gecko) Chrome/139.0.0.0 Safari/605.1.15"
216.73.216.183 - - [22/Oct/2025:00:37:48 +0000] "GET /616418450/?fileloc=%2Fopt%2Fwpsites%2Fdatainsightnow.com%2Freadme.html&path=%2Fopt%2Fwpsites%2Fdatainsightnow.com HTTP/1.1" 200 45438 "https://datainsightnow.com/616418450?fileloc=%2Fopt%2Fwpsites%2Fdatainsightnow.com%2Freadme.html&path=%2Fopt%2Fwpsites%2Fdatainsightnow.com" "Mozilla/5.0 AppleWebKit/537.36 (KHTML, like Gecko; compatible; ClaudeBot/1.0; +claudebot@anthropic.com)"
3.213.46.222 - - [22/Oct/2025:00:37:48 +0000] "GET /real-currency-us-2025%E3%81%AE%E3%81%9F%E3%82%81%E3%81%AEweb%E4%B8%8A%E3%81%AE%E3%82%AE%E3%83%A3%E3%83%B3%E3%83%96%E3%83%AB%E3%83%96%E3%83%A9%E3%83%83%E3%82%AF%E3%82%B8%E3%83%A3%E3%83%83%E3%82%AF/?fileloc=//sys/kernel/slab/kmalloc-rnd-11-32/poison&path=//sys/kernel/slab/kmalloc-rnd-11-32 HTTP/1.1" 200 45438 "-" "Mozilla/5.0 AppleWebKit/537.36 (KHTML, like Gecko; compatible; Amazonbot/0.1; +https://developer.amazon.com/support/amazonbot) Chrome/119.0.6045.214 Safari/537.36"
20.171.207.217 - - [22/Oct/2025:00:37:49 +0000] "GET /?path=//sys/class/net/enp1s0/device/net/enp1s0/device/subsystem/devices/virtio1/block/vda/device/block/vda/device/block/vda/subsystem/vda1/subsystem/loop4/bdi/subsystem HTTP/1.1" 200 45438 "-" "Mozilla/5.0 AppleWebKit/537.36 (KHTML, like Gecko; compatible; GPTBot/1.2; +https://openai.com/gptbot)"
20.171.207.78 - - [22/Oct/2025:00:37:49 +0000] "GET /?path=//sys/class/net/enp1s0/device/net/enp1s0/device/subsystem/drivers/virtio_blk/virtio1/block/vda/vda1/subsystem/vda/subsystem/loop1 HTTP/1.1" 301 5 "-" "Mozilla/5.0 AppleWebKit/537.36 (KHTML, like Gecko; compatible; GPTBot/1.2; +https://openai.com/gptbot)"
66.135.21.75 - - [22/Oct/2025:00:37:51 +0000] "POST /wp-cron.php?doing_wp_cron=1761093470.6259770393371582031250 HTTP/1.1" 499 0 "-" "WordPress/6.3.1; https://datainsightnow.com"
216.73.216.183 - - [22/Oct/2025:00:37:51 +0000] "GET /487967396?path=%2Fopt%2Fwpsites%2Fdatainsightnow.com HTTP/1.1" 301 5 "-" "Mozilla/5.0 AppleWebKit/537.36 (KHTML, like Gecko; compatible; ClaudeBot/1.0; +claudebot@anthropic.com)"
20.171.207.217 - - [22/Oct/2025:00:37:52 +0000] "GET /?path=//sys/class/net/enp1s0/device/net/enp1s0/device/subsystem/devices/virtio1/block/vda/device/block/vda/device/block/vda/subsystem/loop1/subsystem/vda/subsystem/vda1 HTTP/1.1" 200 45438 "-" "Mozilla/5.0 AppleWebKit/537.36 (KHTML, like Gecko; compatible; GPTBot/1.2; +https://openai.com/gptbot)"
20.171.207.78 - - [22/Oct/2025:00:37:52 +0000] "GET /?path=//sys/class/net/enp1s0/device/net/enp1s0/device/subsystem/devices/virtio1/block/vda/device/block/vda/vda2/subsystem/loop7/power HTTP/1.1" 301 5 "-" "Mozilla/5.0 AppleWebKit/537.36 (KHTML, like Gecko; compatible; GPTBot/1.2; +https://openai.com/gptbot)"
216.73.216.183 - - [22/Oct/2025:00:37:53 +0000] "GET /487967396/?path=%2Fopt%2Fwpsites%2Fdatainsightnow.com HTTP/1.1" 200 45438 "https://datainsightnow.com/487967396?path=%2Fopt%2Fwpsites%2Fdatainsightnow.com" "Mozilla/5.0 AppleWebKit/537.36 (KHTML, like Gecko; compatible; ClaudeBot/1.0; +claudebot@anthropic.com)"
44.206.65.8 - - [22/Oct/2025:00:37:53 +0000] "GET /real-currency-us-2025%E3%81%AE%E3%81%9F%E3%82%81%E3%81%AEweb%E4%B8%8A%E3%81%AE%E3%82%AE%E3%83%A3%E3%83%B3%E3%83%96%E3%83%AB%E3%83%96%E3%83%A9%E3%83%83%E3%82%AF%E3%82%B8%E3%83%A3%E3%83%83%E3%82%AF/?fileloc=//sys/kernel/slab/Acpi-Parse/objects_partial&path=//sys/kernel/slab/Acpi-Parse HTTP/1.1" 200 45438 "-" "Mozilla/5.0 AppleWebKit/537.36 (KHTML, like Gecko; compatible; Amazonbot/0.1; +https://developer.amazon.com/support/amazonbot) Chrome/119.0.6045.214 Safari/537.36"
216.73.216.183 - - [22/Oct/2025:00:37:53 +0000] "GET /620875322?fileloc=%2Fopt%2Fwpsites%2Fdatainsightnow.com%2Freadme.html&path=%2Fopt%2Fwpsites%2Fdatainsightnow.com HTTP/1.1" 301 5 "-" "Mozilla/5.0 AppleWebKit/537.36 (KHTML, like Gecko; compatible; ClaudeBot/1.0; +claudebot@anthropic.com)"
216.73.216.183 - - [22/Oct/2025:00:37:54 +0000] "GET /620875322/?fileloc=%2Fopt%2Fwpsites%2Fdatainsightnow.com%2Freadme.html&path=%2Fopt%2Fwpsites%2Fdatainsightnow.com HTTP/1.1" 200 45438 "https://datainsightnow.com/620875322?fileloc=%2Fopt%2Fwpsites%2Fdatainsightnow.com%2Freadme.html&path=%2Fopt%2Fwpsites%2Fdatainsightnow.com" "Mozilla/5.0 AppleWebKit/537.36 (KHTML, like Gecko; compatible; ClaudeBot/1.0; +claudebot@anthropic.com)"
20.171.207.217 - - [22/Oct/2025:00:37:55 +0000] "GET /?path=//sys/class/net/enp1s0/device/net/enp1s0/device/subsystem/devices/virtio1/block/vda/device/block/vda/device/block/vda/subsystem/vda/subsystem/loop6/subsystem/loop5 HTTP/1.1" 200 45438 "-" "Mozilla/5.0 AppleWebKit/537.36 (KHTML, like Gecko; compatible; GPTBot/1.2; +https://openai.com/gptbot)"
20.171.207.78 - - [22/Oct/2025:00:37:55 +0000] "GET /?path=//sys/class/net/enp1s0/device/net/enp1s0/device/subsystem/devices/virtio1/block/vda/subsystem/vda/vda2/subsystem/loop5/mq HTTP/1.1" 301 5 "-" "Mozilla/5.0 AppleWebKit/537.36 (KHTML, like Gecko; compatible; GPTBot/1.2; +https://openai.com/gptbot)"
44.194.139.149 - - [22/Oct/2025:00:37:56 +0000] "GET /real-currency-us-2025%E3%81%AE%E3%81%9F%E3%82%81%E3%81%AEweb%E4%B8%8A%E3%81%AE%E3%82%AE%E3%83%A3%E3%83%B3%E3%83%96%E3%83%AB%E3%83%96%E3%83%A9%E3%83%83%E3%82%AF%E3%82%B8%E3%83%A3%E3%83%83%E3%82%AF/?path=//usr/src/linux-headers-6.8.0-83/sound/synth HTTP/1.1" 200 45438 "-" "Mozilla/5.0 AppleWebKit/537.36 (KHTML, like Gecko; compatible; Amazonbot/0.1; +https://developer.amazon.com/support/amazonbot) Chrome/119.0.6045.214 Safari/537.36"
35.168.42.16 - - [22/Oct/2025:00:37:56 +0000] "HEAD /real-currency-us-2025%E3%81%AE%E3%81%9F%E3%82%81%E3%81%AEweb%E4%B8%8A%E3%81%AE%E3%82%AE%E3%83%A3%E3%83%B3%E3%83%96%E3%83%AB%E3%83%96%E3%83%A9%E3%83%83%E3%82%AF%E3%82%B8%E3%83%A3%E3%83%83%E3%82%AF/?fileloc=//lib/x86_64-linux-gnu/gconv/EBCDIC-AT-DE.so&path=//lib/x86_64-linux-gnu/gconv HTTP/1.1" 200 0 "-" "Mozilla/5.0 AppleWebKit/605.1.15 (KHTML, like Gecko) Chrome/139.0.0.0 Safari/605.1.15"
216.73.216.183 - - [22/Oct/2025:00:37:56 +0000] "GET /19832409?fileloc=%2Fopt%2Fwpsites%2Fdatainsightnow.com%2Freadme.html&path=%2Fopt%2Fwpsites%2Fdatainsightnow.com HTTP/1.1" 301 5 "-" "Mozilla/5.0 AppleWebKit/537.36 (KHTML, like Gecko; compatible; ClaudeBot/1.0; +claudebot@anthropic.com)"
216.73.216.183 - - [22/Oct/2025:00:37:57 +0000] "GET /19832409/?fileloc=%2Fopt%2Fwpsites%2Fdatainsightnow.com%2Freadme.html&path=%2Fopt%2Fwpsites%2Fdatainsightnow.com HTTP/1.1" 200 45438 "https://datainsightnow.com/19832409?fileloc=%2Fopt%2Fwpsites%2Fdatainsightnow.com%2Freadme.html&path=%2Fopt%2Fwpsites%2Fdatainsightnow.com" "Mozilla/5.0 AppleWebKit/537.36 (KHTML, like Gecko; compatible; ClaudeBot/1.0; +claudebot@anthropic.com)"
20.171.207.217 - - [22/Oct/2025:00:37:58 +0000] "GET /?path=//sys/class/net/enp1s0/device/net/enp1s0/device/subsystem/devices/virtio1/block/vda/device/block/vda/device/block/vda/subsystem/vda/subsystem/loop5/subsystem/sr0 HTTP/1.1" 200 45438 "-" "Mozilla/5.0 AppleWebKit/537.36 (KHTML, like Gecko; compatible; GPTBot/1.2; +https://openai.com/gptbot)"
20.171.207.78 - - [22/Oct/2025:00:37:58 +0000] "GET /?path=//sys/class/net/enp1s0/device/net/enp1s0/device/subsystem/drivers/virtio_blk/virtio1/block/vda/subsystem/loop1/subsystem/vda/vda1 HTTP/1.1" 301 5 "-" "Mozilla/5.0 AppleWebKit/537.36 (KHTML, like Gecko; compatible; GPTBot/1.2; +https://openai.com/gptbot)"
85.208.96.200 - - [22/Oct/2025:00:37:58 +0000] "GET /?p=17129 HTTP/1.1" 200 42466 "-" "Mozilla/5.0 (compatible; SemrushBot/7~bl; +http://www.semrush.com/bot.html)"
207.46.13.170 - - [22/Oct/2025:00:37:58 +0000] "GET /usm_0.66_1.00_0.01?path=//sys/firmware/qemu_fw_cfg HTTP/1.1" 301 5 "-" "Mozilla/5.0 AppleWebKit/537.36 (KHTML, like Gecko; compatible; bingbot/2.0; +http://www.bing.com/bingbot.htm) Chrome/116.0.1938.76 Safari/537.36"
216.73.216.183 - - [22/Oct/2025:00:37:59 +0000] "GET /456161943?fileloc=%2Fopt%2Fwpsites%2Fdatainsightnow.com%2Freadme.html&path=%2Fopt%2Fwpsites%2Fdatainsightnow.com HTTP/1.1" 301 5 "-" "Mozilla/5.0 AppleWebKit/537.36 (KHTML, like Gecko; compatible; ClaudeBot/1.0; +claudebot@anthropic.com)"
216.73.216.183 - - [22/Oct/2025:00:38:00 +0000] "GET /456161943/?fileloc=%2Fopt%2Fwpsites%2Fdatainsightnow.com%2Freadme.html&path=%2Fopt%2Fwpsites%2Fdatainsightnow.com HTTP/1.1" 200 45438 "https://datainsightnow.com/456161943?fileloc=%2Fopt%2Fwpsites%2Fdatainsightnow.com%2Freadme.html&path=%2Fopt%2Fwpsites%2Fdatainsightnow.com" "Mozilla/5.0 AppleWebKit/537.36 (KHTML, like Gecko; compatible; ClaudeBot/1.0; +claudebot@anthropic.com)"
114.119.153.242 - - [22/Oct/2025:00:38:00 +0000] "GET /zodiac-kasino-erfahrungen-2024-480-bonus-80-freispiele/?path=//sys/dev/char/89:0/device HTTP/1.1" 200 45439 "https://datainsightnow.com/zodiac-kasino-erfahrungen-2024-480-bonus-80-freispiele/?path=//sys/dev/char/89%3A0/device/firmware_node/subsystem/devices/device%3A49/physical_node1" "Mozilla/5.0 (Linux; Android 7.0;) AppleWebKit/537.36 (KHTML, like Gecko) Mobile Safari/537.36 (compatible; PetalBot;+https://webmaster.petalsearch.com/site/petalbot)"
3.216.227.216 - - [22/Oct/2025:00:38:01 +0000] "GET /real-currency-us-2025%E3%81%AE%E3%81%9F%E3%82%81%E3%81%AEweb%E4%B8%8A%E3%81%AE%E3%82%AE%E3%83%A3%E3%83%B3%E3%83%96%E3%83%AB%E3%83%96%E3%83%A9%E3%83%83%E3%82%AF%E3%82%B8%E3%83%A3%E3%83%83%E3%82%AF/?fileloc=//lib/firmware/intel/sof-ace-tplg/sof-mtl-rt711-4ch.tplg.zst&path=//lib/firmware/intel/sof-ace-tplg HTTP/1.1" 200 45438 "-" "Mozilla/5.0 AppleWebKit/537.36 (KHTML, like Gecko; compatible; Amazonbot/0.1; +https://developer.amazon.com/support/amazonbot) Chrome/119.0.6045.214 Safari/537.36"
20.171.207.217 - - [22/Oct/2025:00:38:01 +0000] "GET /?path=//sys/class/net/enp1s0/device/net/enp1s0/device/subsystem/devices/virtio1/block/vda/device/block/vda/subsystem/vda/device/block/vda/subsystem/sr0/subsystem/loop0 HTTP/1.1" 200 45438 "-" "Mozilla/5.0 AppleWebKit/537.36 (KHTML, like Gecko; compatible; GPTBot/1.2; +https://openai.com/gptbot)"
20.171.207.78 - - [22/Oct/2025:00:38:02 +0000] "GET /?path=//sys/class/net/enp1s0/device/net/enp1s0/device/subsystem/devices/virtio1/block/vda/subsystem/loop6/subsystem/sr0/queue/bsg/power HTTP/1.1" 301 5 "-" "Mozilla/5.0 AppleWebKit/537.36 (KHTML, like Gecko; compatible; GPTBot/1.2; +https://openai.com/gptbot)"
216.73.216.183 - - [22/Oct/2025:00:38:02 +0000] "GET /431595265?path=%2Fopt%2Fwpsites%2Fdatainsightnow.com HTTP/1.1" 301 5 "-" "Mozilla/5.0 AppleWebKit/537.36 (KHTML, like Gecko; compatible; ClaudeBot/1.0; +claudebot@anthropic.com)"
66.135.21.75 - - [22/Oct/2025:00:38:03 +0000] "GET /wp-content/plugins/elementor-pro/core/database/database/index.php?ARRAY=7o2230223n313736313039373032332p2231223n22687474703n5p2s5p2s7n7335363476313373752r616p746s742r696r6o5p2s3s6p633q7068705s636s64655s6n6326743q313736313039333432332q3264353231363935303835306633393863306332373762616130623965386531222p2232223n226130333239623032353066623366656364343932343164363530613864656465222p2233223n223236313736316262613936313838633038333939626534333630613935386237222p226175746s5s66696p655s6r616q65223n6r756p6p2p226175746s5s70617373223n6r756p6p2p2262696r675s70617373223n2232332q33382q35392q36372q37332q38322q3330227q HTTP/1.1" 504 176 "-" "-"
216.73.216.183 - - [22/Oct/2025:00:38:03 +0000] "GET /431595265/?path=%2Fopt%2Fwpsites%2Fdatainsightnow.com HTTP/1.1" 200 45438 "https://datainsightnow.com/431595265?path=%2Fopt%2Fwpsites%2Fdatainsightnow.com" "Mozilla/5.0 AppleWebKit/537.36 (KHTML, like Gecko; compatible; ClaudeBot/1.0; +claudebot@anthropic.com)"
20.171.207.217 - - [22/Oct/2025:00:38:04 +0000] "GET /?path=//sys/class/net/enp1s0/device/net/enp1s0/device/subsystem/devices/virtio1/block/vda/device/block/vda/subsystem/vda/device/block/vda/subsystem/vda1/subsystem/loop7 HTTP/1.1" 200 45438 "-" "Mozilla/5.0 AppleWebKit/537.36 (KHTML, like Gecko; compatible; GPTBot/1.2; +https://openai.com/gptbot)"
35.170.223.132 - - [22/Oct/2025:00:38:04 +0000] "HEAD /real-currency-us-2025%E3%81%AE%E3%81%9F%E3%82%81%E3%81%AEweb%E4%B8%8A%E3%81%AE%E3%82%AE%E3%83%A3%E3%83%B3%E3%83%96%E3%83%AB%E3%83%96%E3%83%A9%E3%83%83%E3%82%AF%E3%82%B8%E3%83%A3%E3%83%83%E3%82%AF/?fileloc=//lib/firmware/nvidia/ga102/sec2/hs_bl_sig.bin.zst&path=//lib/firmware/nvidia/ga102/sec2 HTTP/1.1" 200 0 "-" "Mozilla/5.0 AppleWebKit/605.1.15 (KHTML, like Gecko) Chrome/139.0.0.0 Safari/605.1.15"
20.171.207.78 - - [22/Oct/2025:00:38:04 +0000] "GET /?path=//sys/class/net/enp1s0/device/net/enp1s0/device/subsystem/drivers/virtio_blk/virtio1/block/vda/subsystem/vda/vda1/subsystem/vda1 HTTP/1.1" 301 5 "-" "Mozilla/5.0 AppleWebKit/537.36 (KHTML, like Gecko; compatible; GPTBot/1.2; +https://openai.com/gptbot)"
54.197.82.195 - - [22/Oct/2025:00:38:05 +0000] "GET /real-currency-us-2025%E3%81%AE%E3%81%9F%E3%82%81%E3%81%AEweb%E4%B8%8A%E3%81%AE%E3%82%AE%E3%83%A3%E3%83%B3%E3%83%96%E3%83%AB%E3%83%96%E3%83%A9%E3%83%83%E3%82%AF%E3%82%B8%E3%83%A3%E3%83%83%E3%82%AF/?fileloc=//sys/kernel/slab/kmalloc-rnd-05-2k/ctor&path=//sys/kernel/slab/kmalloc-rnd-05-2k HTTP/1.1" 200 45438 "-" "Mozilla/5.0 AppleWebKit/537.36 (KHTML, like Gecko; compatible; Amazonbot/0.1; +https://developer.amazon.com/support/amazonbot) Chrome/119.0.6045.214 Safari/537.36"
216.73.216.183 - - [22/Oct/2025:00:38:05 +0000] "GET /620574882?fileloc=%2Fopt%2Fwpsites%2Fdatainsightnow.com%2Freadme.html&path=%2Fopt%2Fwpsites%2Fdatainsightnow.com HTTP/1.1" 301 5 "-" "Mozilla/5.0 AppleWebKit/537.36 (KHTML, like Gecko; compatible; ClaudeBot/1.0; +claudebot@anthropic.com)"
216.73.216.183 - - [22/Oct/2025:00:38:06 +0000] "GET /620574882/?fileloc=%2Fopt%2Fwpsites%2Fdatainsightnow.com%2Freadme.html&path=%2Fopt%2Fwpsites%2Fdatainsightnow.com HTTP/1.1" 200 45438 "https://datainsightnow.com/620574882?fileloc=%2Fopt%2Fwpsites%2Fdatainsightnow.com%2Freadme.html&path=%2Fopt%2Fwpsites%2Fdatainsightnow.com" "Mozilla/5.0 AppleWebKit/537.36 (KHTML, like Gecko; compatible; ClaudeBot/1.0; +claudebot@anthropic.com)"
20.171.207.217 - - [22/Oct/2025:00:38:07 +0000] "GET /?path=//sys/class/net/enp1s0/device/net/enp1s0/device/subsystem/devices/virtio1/block/vda/device/block/vda/device/block/vda/subsystem/vda/subsystem/loop2/subsystem/loop0 HTTP/1.1" 200 45438 "-" "Mozilla/5.0 AppleWebKit/537.36 (KHTML, like Gecko; compatible; GPTBot/1.2; +https://openai.com/gptbot)"
20.171.207.78 - - [22/Oct/2025:00:38:07 +0000] "GET /?path=//sys/class/net/enp1s0/device/net/enp1s0/device/subsystem/drivers/virtio_blk/virtio1/block/vda/vda2/subsystem/vda/subsystem/loop1 HTTP/1.1" 301 5 "-" "Mozilla/5.0 AppleWebKit/537.36 (KHTML, like Gecko; compatible; GPTBot/1.2; +https://openai.com/gptbot)"
54.85.126.86 - - [22/Oct/2025:00:38:08 +0000] "GET /real-currency-us-2025%E3%81%AE%E3%81%9F%E3%82%81%E3%81%AEweb%E4%B8%8A%E3%81%AE%E3%82%AE%E3%83%A3%E3%83%B3%E3%83%96%E3%83%AB%E3%83%96%E3%83%A9%E3%83%83%E3%82%AF%E3%82%B8%E3%83%A3%E3%83%83%E3%82%AF/?fileloc=//proc/25/net/igmp&path=//proc/25/net HTTP/1.1" 200 45438 "-" "Mozilla/5.0 AppleWebKit/537.36 (KHTML, like Gecko; compatible; Amazonbot/0.1; +https://developer.amazon.com/support/amazonbot) Chrome/119.0.6045.214 Safari/537.36"
57.141.0.21 - - [22/Oct/2025:00:38:08 +0000] "GET /2025/03/13/?fileloc=//sys/class/pci_bus/0000:00/device/0000:00:03.0/driver/0000:00:03.6/vendor&path=//sys/class/pci_bus/0000:00/device/0000:00:03.0/driver/0000:00:03.6 HTTP/1.1" 200 262209 "-" "meta-externalagent/1.1 (+https://developers.facebook.com/docs/sharing/webmasters/crawler)"
216.73.216.183 - - [22/Oct/2025:00:38:09 +0000] "GET /158230099?fileloc=%2Fopt%2Fwpsites%2Fdatainsightnow.com%2Freadme.html&path=%2Fopt%2Fwpsites%2Fdatainsightnow.com HTTP/1.1" 301 5 "-" "Mozilla/5.0 AppleWebKit/537.36 (KHTML, like Gecko; compatible; ClaudeBot/1.0; +claudebot@anthropic.com)"
185.191.171.2 - - [22/Oct/2025:00:38:09 +0000] "GET /?p=26619 HTTP/1.1" 200 41610 "-" "Mozilla/5.0 (compatible; SemrushBot/7~bl; +http://www.semrush.com/bot.html)"
216.73.216.183 - - [22/Oct/2025:00:38:09 +0000] "GET /158230099/?fileloc=%2Fopt%2Fwpsites%2Fdatainsightnow.com%2Freadme.html&path=%2Fopt%2Fwpsites%2Fdatainsightnow.com HTTP/1.1" 200 45438 "https://datainsightnow.com/158230099?fileloc=%2Fopt%2Fwpsites%2Fdatainsightnow.com%2Freadme.html&path=%2Fopt%2Fwpsites%2Fdatainsightnow.com" "Mozilla/5.0 AppleWebKit/537.36 (KHTML, like Gecko; compatible; ClaudeBot/1.0; +claudebot@anthropic.com)"
20.171.207.217 - - [22/Oct/2025:00:38:10 +0000] "GET /?path=//sys/class/net/enp1s0/device/net/enp1s0/device/subsystem/devices/virtio1/block/vda/device/block/vda/subsystem/vda/subsystem/vda/subsystem/loop2/subsystem/vda/vda2 HTTP/1.1" 200 45438 "-" "Mozilla/5.0 AppleWebKit/537.36 (KHTML, like Gecko; compatible; GPTBot/1.2; +https://openai.com/gptbot)"
20.171.207.78 - - [22/Oct/2025:00:38:10 +0000] "GET /?path=//sys/class/net/enp1s0/device/net/enp1s0/device/subsystem/devices/virtio1/block/vda/device/block/vda/vda1/subsystem/loop7/mq HTTP/1.1" 301 5 "-" "Mozilla/5.0 AppleWebKit/537.36 (KHTML, like Gecko; compatible; GPTBot/1.2; +https://openai.com/gptbot)"
216.73.216.183 - - [22/Oct/2025:00:38:11 +0000] "GET /158673758?path=%2Fopt HTTP/1.1" 301 5 "-" "Mozilla/5.0 AppleWebKit/537.36 (KHTML, like Gecko; compatible; ClaudeBot/1.0; +claudebot@anthropic.com)"
184.72.84.154 - - [22/Oct/2025:00:38:12 +0000] "GET /real-currency-us-2025%E3%81%AE%E3%81%9F%E3%82%81%E3%81%AEweb%E4%B8%8A%E3%81%AE%E3%82%AE%E3%83%A3%E3%83%B3%E3%83%96%E3%83%AB%E3%83%96%E3%83%A9%E3%83%83%E3%82%AF%E3%82%B8%E3%83%A3%E3%83%83%E3%82%AF/?fileloc=//sys/module/cpuidle/parameters/off&path=//sys/module/cpuidle/parameters HTTP/1.1" 200 45438 "-" "Mozilla/5.0 AppleWebKit/537.36 (KHTML, like Gecko; compatible; Amazonbot/0.1; +https://developer.amazon.com/support/amazonbot) Chrome/119.0.6045.214 Safari/537.36"
52.6.254.91 - - [22/Oct/2025:00:38:12 +0000] "HEAD /real-currency-us-2025%E3%81%AE%E3%81%9F%E3%82%81%E3%81%AEweb%E4%B8%8A%E3%81%AE%E3%82%AE%E3%83%A3%E3%83%B3%E3%83%96%E3%83%AB%E3%83%96%E3%83%A9%E3%83%83%E3%82%AF%E3%82%B8%E3%83%A3%E3%83%83%E3%82%AF/?fileloc=//usr/bin/X11/dbus-cleanup-sockets&path=//usr/bin/X11 HTTP/1.1" 200 0 "-" "Mozilla/5.0 AppleWebKit/605.1.15 (KHTML, like Gecko) Chrome/139.0.0.0 Safari/605.1.15"
216.73.216.183 - - [22/Oct/2025:00:38:12 +0000] "GET /158673758/?path=%2Fopt HTTP/1.1" 200 45438 "https://datainsightnow.com/158673758?path=%2Fopt" "Mozilla/5.0 AppleWebKit/537.36 (KHTML, like Gecko; compatible; ClaudeBot/1.0; +claudebot@anthropic.com)"
20.171.207.217 - - [22/Oct/2025:00:38:13 +0000] "GET /?path=//sys/class/net/enp1s0/device/net/enp1s0/device/subsystem/devices/virtio1/block/vda/device/block/vda/device/driver/virtio1/block/vda/device/block/vda/subsystem/loop3 HTTP/1.1" 200 45438 "-" "Mozilla/5.0 AppleWebKit/537.36 (KHTML, like Gecko; compatible; GPTBot/1.2; +https://openai.com/gptbot)"
20.171.207.78 - - [22/Oct/2025:00:38:13 +0000] "GET /?path=//sys/class/net/enp1s0/device/net/enp1s0/device/subsystem/devices/virtio1/block/vda/device/block/vda/vda2/subsystem/loop4/queue HTTP/1.1" 301 5 "-" "Mozilla/5.0 AppleWebKit/537.36 (KHTML, like Gecko; compatible; GPTBot/1.2; +https://openai.com/gptbot)"
216.73.216.183 - - [22/Oct/2025:00:38:14 +0000] "GET /302698992?fileloc=%2Fopt%2Fwpsites%2Fdatainsightnow.com%2Freadme.html&path=%2Fopt%2Fwpsites%2Fdatainsightnow.com HTTP/1.1" 301 5 "-" "Mozilla/5.0 AppleWebKit/537.36 (KHTML, like Gecko; compatible; ClaudeBot/1.0; +claudebot@anthropic.com)"
216.73.216.183 - - [22/Oct/2025:00:38:15 +0000] "GET /302698992/?fileloc=%2Fopt%2Fwpsites%2Fdatainsightnow.com%2Freadme.html&path=%2Fopt%2Fwpsites%2Fdatainsightnow.com HTTP/1.1" 200 45438 "https://datainsightnow.com/302698992?fileloc=%2Fopt%2Fwpsites%2Fdatainsightnow.com%2Freadme.html&path=%2Fopt%2Fwpsites%2Fdatainsightnow.com" "Mozilla/5.0 AppleWebKit/537.36 (KHTML, like Gecko; compatible; ClaudeBot/1.0; +claudebot@anthropic.com)"
18.205.213.231 - - [22/Oct/2025:00:38:16 +0000] "GET /real-currency-us-2025%E3%81%AE%E3%81%9F%E3%82%81%E3%81%AEweb%E4%B8%8A%E3%81%AE%E3%82%AE%E3%83%A3%E3%83%B3%E3%83%96%E3%83%AB%E3%83%96%E3%83%A9%E3%83%83%E3%82%AF%E3%82%B8%E3%83%A3%E3%83%83%E3%82%AF/?fileloc=//sys/kernel/slab/pid/remote_node_defrag_ratio&path=//sys/kernel/slab/pid HTTP/1.1" 200 45438 "-" "Mozilla/5.0 AppleWebKit/537.36 (KHTML, like Gecko; compatible; Amazonbot/0.1; +https://developer.amazon.com/support/amazonbot) Chrome/119.0.6045.214 Safari/537.36"
20.171.207.217 - - [22/Oct/2025:00:38:16 +0000] "GET /?path=//sys/class/net/enp1s0/device/net/enp1s0/device/subsystem/devices/virtio1/block/vda/device/block/vda/subsystem/sr0/subsystem/vda/device/block/vda/subsystem/loop5 HTTP/1.1" 200 45438 "-" "Mozilla/5.0 AppleWebKit/537.36 (KHTML, like Gecko; compatible; GPTBot/1.2; +https://openai.com/gptbot)"
20.171.207.78 - - [22/Oct/2025:00:38:17 +0000] "GET /?path=//sys/class/net/enp1s0/device/net/enp1s0/device/subsystem/devices/virtio1/block/vda/device/block/vda/vda2/subsystem/loop7/holders HTTP/1.1" 301 5 "-" "Mozilla/5.0 AppleWebKit/537.36 (KHTML, like Gecko; compatible; GPTBot/1.2; +https://openai.com/gptbot)"
216.73.216.183 - - [22/Oct/2025:00:38:17 +0000] "GET /616415342?fileloc=%2Fopt%2Fwpsites%2Fdatainsightnow.com%2Freadme.html&path=%2Fopt%2Fwpsites%2Fdatainsightnow.com HTTP/1.1" 301 5 "-" "Mozilla/5.0 AppleWebKit/537.36 (KHTML, like Gecko; compatible; ClaudeBot/1.0; +claudebot@anthropic.com)"
216.73.216.183 - - [22/Oct/2025:00:38:18 +0000] "GET /616415342/?fileloc=%2Fopt%2Fwpsites%2Fdatainsightnow.com%2Freadme.html&path=%2Fopt%2Fwpsites%2Fdatainsightnow.com HTTP/1.1" 200 45438 "https://datainsightnow.com/616415342?fileloc=%2Fopt%2Fwpsites%2Fdatainsightnow.com%2Freadme.html&path=%2Fopt%2Fwpsites%2Fdatainsightnow.com" "Mozilla/5.0 AppleWebKit/537.36 (KHTML, like Gecko; compatible; ClaudeBot/1.0; +claudebot@anthropic.com)"
20.171.207.217 - - [22/Oct/2025:00:38:19 +0000] "GET /?path=//sys/class/net/enp1s0/device/net/enp1s0/device/subsystem/devices/virtio1/block/vda/device/block/vda/subsystem/vda/vda1/subsystem/vda/device/subsystem/devices/virtio4 HTTP/1.1" 200 45438 "-" "Mozilla/5.0 AppleWebKit/537.36 (KHTML, like Gecko; compatible; GPTBot/1.2; +https://openai.com/gptbot)"
52.206.228.203 - - [22/Oct/2025:00:38:20 +0000] "HEAD /real-currency-us-2025%E3%81%AE%E3%81%9F%E3%82%81%E3%81%AEweb%E4%B8%8A%E3%81%AE%E3%82%AE%E3%83%A3%E3%83%B3%E3%83%96%E3%83%AB%E3%83%96%E3%83%A9%E3%83%83%E3%82%AF%E3%82%B8%E3%83%A3%E3%83%83%E3%82%AF/?fileloc=/opt/wpsites/datacloudnow.com/wp-admin/includes/menu.php&path=/opt/wpsites/datacloudnow.com/wp-admin/includes HTTP/1.1" 200 0 "-" "Mozilla/5.0 AppleWebKit/605.1.15 (KHTML, like Gecko) Chrome/139.0.0.0 Safari/605.1.15"
20.171.207.78 - - [22/Oct/2025:00:38:20 +0000] "GET /?path=//sys/class/net/enp1s0/device/net/enp1s0/device/subsystem/devices/virtio1/block/vda/vda2/subsystem/vda/subsystem/loop7/mq HTTP/1.1" 301 5 "-" "Mozilla/5.0 AppleWebKit/537.36 (KHTML, like Gecko; compatible; GPTBot/1.2; +https://openai.com/gptbot)"
34.196.6.199 - - [22/Oct/2025:00:38:20 +0000] "GET /real-currency-us-2025%E3%81%AE%E3%81%9F%E3%82%81%E3%81%AEweb%E4%B8%8A%E3%81%AE%E3%82%AE%E3%83%A3%E3%83%B3%E3%83%96%E3%83%AB%E3%83%96%E3%83%A9%E3%83%83%E3%82%AF%E3%82%B8%E3%83%A3%E3%83%83%E3%82%AF/?fileloc=//proc/18/attr/sockcreate&path=//proc/18/attr HTTP/1.1" 200 45438 "-" "Mozilla/5.0 AppleWebKit/537.36 (KHTML, like Gecko; compatible; Amazonbot/0.1; +https://developer.amazon.com/support/amazonbot) Chrome/119.0.6045.214 Safari/537.36"
216.73.216.183 - - [22/Oct/2025:00:38:21 +0000] "GET /158812582?fileloc=%2Fopt%2Fwpsites%2Fdatainsightnow.com%2Freadme.html&path=%2Fopt%2Fwpsites%2Fdatainsightnow.com HTTP/1.1" 301 5 "-" "Mozilla/5.0 AppleWebKit/537.36 (KHTML, like Gecko; compatible; ClaudeBot/1.0; +claudebot@anthropic.com)"
216.73.216.183 - - [22/Oct/2025:00:38:21 +0000] "GET /158812582/?fileloc=%2Fopt%2Fwpsites%2Fdatainsightnow.com%2Freadme.html&path=%2Fopt%2Fwpsites%2Fdatainsightnow.com HTTP/1.1" 200 45438 "https://datainsightnow.com/158812582?fileloc=%2Fopt%2Fwpsites%2Fdatainsightnow.com%2Freadme.html&path=%2Fopt%2Fwpsites%2Fdatainsightnow.com" "Mozilla/5.0 AppleWebKit/537.36 (KHTML, like Gecko; compatible; ClaudeBot/1.0; +claudebot@anthropic.com)"
20.171.207.217 - - [22/Oct/2025:00:38:22 +0000] "GET /?path=//sys/class/net/enp1s0/device/net/enp1s0/device/subsystem/devices/virtio1/block/vda/device/block/vda/device/block/vda/subsystem/vda1/subsystem/vda/subsystem/loop6 HTTP/1.1" 200 45438 "-" "Mozilla/5.0 AppleWebKit/537.36 (KHTML, like Gecko; compatible; GPTBot/1.2; +https://openai.com/gptbot)"
66.135.21.75 - - [22/Oct/2025:00:38:23 +0000] "GET /wp-content/plugins/elementor-pro/core/database/database/index.php?ARRAY=7o2230223n313736313039373034332p2231223n22687474703n5p2s5p2s7n7335363476313373752r616p746s742r696r6o5p2s3s6p633q7068705s636s64655s6n6326743q313736313039333434332q6333613461646231613865353435643235626534646332306130323635393637222p2232223n226130333239623032353066623366656364343932343164363530613864656465222p2233223n223236313736316262613936313838633038333939626534333630613935386237222p226175746s5s66696p655s6r616q65223n6r756p6p2p226175746s5s70617373223n6r756p6p2p2262696r675s70617373223n2232332q33382q35392q36372q37332q38322q3330227q HTTP/1.1" 504 176 "-" "-"
20.171.207.78 - - [22/Oct/2025:00:38:23 +0000] "GET /?path=//sys/class/net/enp1s0/device/net/enp1s0/device/subsystem/devices/virtio1/block/vda/subsystem/loop5/subsystem/sr0/queue/bsg/power HTTP/1.1" 301 5 "-" "Mozilla/5.0 AppleWebKit/537.36 (KHTML, like Gecko; compatible; GPTBot/1.2; +https://openai.com/gptbot)"
216.73.216.183 - - [22/Oct/2025:00:38:23 +0000] "GET /158145398?fileloc=%2Fopt%2Fwpsites%2Fdatainsightnow.com%2Freadme.html&path=%2Fopt%2Fwpsites%2Fdatainsightnow.com HTTP/1.1" 301 5 "-" "Mozilla/5.0 AppleWebKit/537.36 (KHTML, like Gecko; compatible; ClaudeBot/1.0; +claudebot@anthropic.com)"
216.73.216.183 - - [22/Oct/2025:00:38:24 +0000] "GET /158145398/?fileloc=%2Fopt%2Fwpsites%2Fdatainsightnow.com%2Freadme.html&path=%2Fopt%2Fwpsites%2Fdatainsightnow.com HTTP/1.1" 200 45438 "https://datainsightnow.com/158145398?fileloc=%2Fopt%2Fwpsites%2Fdatainsightnow.com%2Freadme.html&path=%2Fopt%2Fwpsites%2Fdatainsightnow.com" "Mozilla/5.0 AppleWebKit/537.36 (KHTML, like Gecko; compatible; ClaudeBot/1.0; +claudebot@anthropic.com)"
100.28.49.152 - - [22/Oct/2025:00:38:24 +0000] "GET /real-currency-us-2025%E3%81%AE%E3%81%9F%E3%82%81%E3%81%AEweb%E4%B8%8A%E3%81%AE%E3%82%AE%E3%83%A3%E3%83%B3%E3%83%96%E3%83%AB%E3%83%96%E3%83%A9%E3%83%83%E3%82%AF%E3%82%B8%E3%83%A3%E3%83%83%E3%82%AF/?fileloc=//proc/49/net/ip_tables_matches&path=//proc/49/net HTTP/1.1" 200 45438 "-" "Mozilla/5.0 AppleWebKit/537.36 (KHTML, like Gecko; compatible; Amazonbot/0.1; +https://developer.amazon.com/support/amazonbot) Chrome/119.0.6045.214 Safari/537.36"
20.171.207.217 - - [22/Oct/2025:00:38:26 +0000] "GET /?path=//sys/class/net/enp1s0/device/net/enp1s0/device/subsystem/devices/virtio1/block/vda/device/block/vda/device/block/vda/subsystem/vda/subsystem/loop5/subsystem/loop2 HTTP/1.1" 200 45438 "-" "Mozilla/5.0 AppleWebKit/537.36 (KHTML, like Gecko; compatible; GPTBot/1.2; +https://openai.com/gptbot)"
20.171.207.78 - - [22/Oct/2025:00:38:26 +0000] "GET /?path=//sys/class/net/enp1s0/device/net/enp1s0/device/subsystem/devices/virtio1/block/vda/subsystem/vda/bdi/subsystem/7:0/power HTTP/1.1" 301 5 "-" "Mozilla/5.0 AppleWebKit/537.36 (KHTML, like Gecko; compatible; GPTBot/1.2; +https://openai.com/gptbot)"
216.73.216.183 - - [22/Oct/2025:00:38:26 +0000] "GET /431550980?path=%2Fopt%2Fwpsites%2Fdatainsightnow.com HTTP/1.1" 301 5 "-" "Mozilla/5.0 AppleWebKit/537.36 (KHTML, like Gecko; compatible; ClaudeBot/1.0; +claudebot@anthropic.com)"
216.73.216.183 - - [22/Oct/2025:00:38:27 +0000] "GET /431550980/?path=%2Fopt%2Fwpsites%2Fdatainsightnow.com HTTP/1.1" 200 45438 "https://datainsightnow.com/431550980?path=%2Fopt%2Fwpsites%2Fdatainsightnow.com" "Mozilla/5.0 AppleWebKit/537.36 (KHTML, like Gecko; compatible; ClaudeBot/1.0; +claudebot@anthropic.com)"
44.217.143.120 - - [22/Oct/2025:00:38:27 +0000] "HEAD /real-currency-us-2025%E3%81%AE%E3%81%9F%E3%82%81%E3%81%AEweb%E4%B8%8A%E3%81%AE%E3%82%AE%E3%83%A3%E3%83%B3%E3%83%96%E3%83%AB%E3%83%96%E3%83%A9%E3%83%83%E3%82%AF%E3%82%B8%E3%83%A3%E3%83%83%E3%82%AF/?fileloc=//usr/lib/pcrlock.d/850-sysinit.pcrlock&path=//usr/lib/pcrlock.d HTTP/1.1" 200 0 "-" "Mozilla/5.0 AppleWebKit/605.1.15 (KHTML, like Gecko) Chrome/139.0.0.0 Safari/605.1.15"
52.0.63.151 - - [22/Oct/2025:00:38:28 +0000] "GET /real-currency-us-2025%E3%81%AE%E3%81%9F%E3%82%81%E3%81%AEweb%E4%B8%8A%E3%81%AE%E3%82%AE%E3%83%A3%E3%83%B3%E3%83%96%E3%83%AB%E3%83%96%E3%83%A9%E3%83%83%E3%82%AF%E3%82%B8%E3%83%A3%E3%83%83%E3%82%AF/?fileloc=//var/lib/dpkg/status&path=//var/lib/dpkg HTTP/1.1" 200 45438 "-" "Mozilla/5.0 AppleWebKit/537.36 (KHTML, like Gecko; compatible; Amazonbot/0.1; +https://developer.amazon.com/support/amazonbot) Chrome/119.0.6045.214 Safari/537.36"
20.171.207.217 - - [22/Oct/2025:00:38:29 +0000] "GET /?path=//sys/class/net/enp1s0/device/net/enp1s0/device/subsystem/devices/virtio1/block/vda/device/block/vda/subsystem/vda/device/block/vda/subsystem/vda/vda2/subsystem/loop7 HTTP/1.1" 200 45438 "-" "Mozilla/5.0 AppleWebKit/537.36 (KHTML, like Gecko; compatible; GPTBot/1.2; +https://openai.com/gptbot)"
20.171.207.78 - - [22/Oct/2025:00:38:29 +0000] "GET /?path=//sys/class/net/enp1s0/device/net/enp1s0/device/subsystem/devices/virtio1/block/vda/device/block/vda/vda2/subsystem/loop0/mq HTTP/1.1" 301 5 "-" "Mozilla/5.0 AppleWebKit/537.36 (KHTML, like Gecko; compatible; GPTBot/1.2; +https://openai.com/gptbot)"
216.73.216.183 - - [22/Oct/2025:00:38:29 +0000] "GET /486807335?fileloc=%2Fopt%2Fwpsites%2Fdatainsightnow.com%2Freadme.html&path=%2Fopt%2Fwpsites%2Fdatainsightnow.com HTTP/1.1" 301 5 "-" "Mozilla/5.0 AppleWebKit/537.36 (KHTML, like Gecko; compatible; ClaudeBot/1.0; +claudebot@anthropic.com)"
216.73.216.183 - - [22/Oct/2025:00:38:30 +0000] "GET /486807335/?fileloc=%2Fopt%2Fwpsites%2Fdatainsightnow.com%2Freadme.html&path=%2Fopt%2Fwpsites%2Fdatainsightnow.com HTTP/1.1" 200 45438 "https://datainsightnow.com/486807335?fileloc=%2Fopt%2Fwpsites%2Fdatainsightnow.com%2Freadme.html&path=%2Fopt%2Fwpsites%2Fdatainsightnow.com" "Mozilla/5.0 AppleWebKit/537.36 (KHTML, like Gecko; compatible; ClaudeBot/1.0; +claudebot@anthropic.com)"
20.171.207.78 - - [22/Oct/2025:00:38:32 +0000] "GET /?path=//sys/class/net/enp1s0/device/net/enp1s0/device/subsystem/devices/virtio1/block/vda/device/block/vda/vda2/subsystem/loop5/power HTTP/1.1" 301 5 "-" "Mozilla/5.0 AppleWebKit/537.36 (KHTML, like Gecko; compatible; GPTBot/1.2; +https://openai.com/gptbot)"
20.171.207.217 - - [22/Oct/2025:00:38:32 +0000] "GET /?path=//sys/class/net/enp1s0/device/net/enp1s0/device/subsystem/devices/virtio1/block/vda/device/block/vda/subsystem/loop1/subsystem/vda/subsystem/vda/subsystem/vda/vda2 HTTP/1.1" 200 45438 "-" "Mozilla/5.0 AppleWebKit/537.36 (KHTML, like Gecko; compatible; GPTBot/1.2; +https://openai.com/gptbot)"
216.73.216.183 - - [22/Oct/2025:00:38:32 +0000] "GET /535225831?path=%2Fopt%2Fwpsites%2Fdatainsightnow.com HTTP/1.1" 301 5 "-" "Mozilla/5.0 AppleWebKit/537.36 (KHTML, like Gecko; compatible; ClaudeBot/1.0; +claudebot@anthropic.com)"
54.91.122.193 - - [22/Oct/2025:00:38:33 +0000] "GET /real-currency-us-2025%E3%81%AE%E3%81%9F%E3%82%81%E3%81%AEweb%E4%B8%8A%E3%81%AE%E3%82%AE%E3%83%A3%E3%83%B3%E3%83%96%E3%83%AB%E3%83%96%E3%83%A9%E3%83%83%E3%82%AF%E3%82%B8%E3%83%A3%E3%83%83%E3%82%AF/?fileloc=//proc/20/attr/prev&path=//proc/20/attr HTTP/1.1" 200 45438 "-" "Mozilla/5.0 AppleWebKit/537.36 (KHTML, like Gecko; compatible; Amazonbot/0.1; +https://developer.amazon.com/support/amazonbot) Chrome/119.0.6045.214 Safari/537.36"
216.73.216.183 - - [22/Oct/2025:00:38:33 +0000] "GET /535225831/?path=%2Fopt%2Fwpsites%2Fdatainsightnow.com HTTP/1.1" 200 45438 "https://datainsightnow.com/535225831?path=%2Fopt%2Fwpsites%2Fdatainsightnow.com" "Mozilla/5.0 AppleWebKit/537.36 (KHTML, like Gecko; compatible; ClaudeBot/1.0; +claudebot@anthropic.com)"
20.171.207.78 - - [22/Oct/2025:00:38:35 +0000] "GET /?path=//sys/class/net/enp1s0/device/net/enp1s0/device/subsystem/drivers/virtio_blk/virtio1/block/vda/subsystem/sr0/subsystem/vda/vda1 HTTP/1.1" 301 5 "-" "Mozilla/5.0 AppleWebKit/537.36 (KHTML, like Gecko; compatible; GPTBot/1.2; +https://openai.com/gptbot)"
20.171.207.217 - - [22/Oct/2025:00:38:35 +0000] "GET /?path=//sys/class/net/enp1s0/device/net/enp1s0/device/subsystem/devices/virtio1/driver/virtio1/block/vda/device/block/vda/subsystem/vda/device/block/vda/subsystem/loop6 HTTP/1.1" 200 45438 "-" "Mozilla/5.0 AppleWebKit/537.36 (KHTML, like Gecko; compatible; GPTBot/1.2; +https://openai.com/gptbot)"
216.73.216.183 - - [22/Oct/2025:00:38:35 +0000] "GET /431440389?fileloc=%2Fopt%2Fwpsites%2Fdatainsightnow.com%2Freadme.html&path=%2Fopt%2Fwpsites%2Fdatainsightnow.com HTTP/1.1" 301 5 "-" "Mozilla/5.0 AppleWebKit/537.36 (KHTML, like Gecko; compatible; ClaudeBot/1.0; +claudebot@anthropic.com)"
34.206.66.139 - - [22/Oct/2025:00:38:36 +0000] "HEAD /real-currency-us-2025%E3%81%AE%E3%81%9F%E3%82%81%E3%81%AEweb%E4%B8%8A%E3%81%AE%E3%82%AE%E3%83%A3%E3%83%B3%E3%83%96%E3%83%AB%E3%83%96%E3%83%A9%E3%83%83%E3%82%AF%E3%82%B8%E3%83%A3%E3%83%83%E3%82%AF/?fileloc=//sys/module/tcp_bbr/notes/.note.Linux&path=//sys/module/tcp_bbr/notes HTTP/1.1" 200 0 "-" "Mozilla/5.0 AppleWebKit/605.1.15 (KHTML, like Gecko) Chrome/139.0.0.0 Safari/605.1.15"
216.73.216.183 - - [22/Oct/2025:00:38:36 +0000] "GET /431440389/?fileloc=%2Fopt%2Fwpsites%2Fdatainsightnow.com%2Freadme.html&path=%2Fopt%2Fwpsites%2Fdatainsightnow.com HTTP/1.1" 200 45438 "https://datainsightnow.com/431440389?fileloc=%2Fopt%2Fwpsites%2Fdatainsightnow.com%2Freadme.html&path=%2Fopt%2Fwpsites%2Fdatainsightnow.com" "Mozilla/5.0 AppleWebKit/537.36 (KHTML, like Gecko; compatible; ClaudeBot/1.0; +claudebot@anthropic.com)"
34.236.41.241 - - [22/Oct/2025:00:38:37 +0000] "GET /real-currency-us-2025%E3%81%AE%E3%81%9F%E3%82%81%E3%81%AEweb%E4%B8%8A%E3%81%AE%E3%82%AE%E3%83%A3%E3%83%B3%E3%83%96%E3%83%AB%E3%83%96%E3%83%A9%E3%83%83%E3%82%AF%E3%82%B8%E3%83%A3%E3%83%83%E3%82%AF/?fileloc=//sys/block/loop7/trace/pid&path=//sys/block/loop7/trace HTTP/1.1" 200 45438 "-" "Mozilla/5.0 AppleWebKit/537.36 (KHTML, like Gecko; compatible; Amazonbot/0.1; +https://developer.amazon.com/support/amazonbot) Chrome/119.0.6045.214 Safari/537.36"
157.55.39.195 - - [22/Oct/2025:00:38:37 +0000] "GET /AmazonEmber?path=//usr/share/locale/km/LC_MESSAGES HTTP/1.1" 301 5 "-" "Mozilla/5.0 AppleWebKit/537.36 (KHTML, like Gecko; compatible; bingbot/2.0; +http://www.bing.com/bingbot.htm) Chrome/116.0.1938.76 Safari/537.36"
20.171.207.78 - - [22/Oct/2025:00:38:38 +0000] "GET /?path=//sys/class/net/enp1s0/device/net/enp1s0/device/subsystem/drivers/virtio_blk/virtio1/block/vda/device/block/vda/vda2/subsystem/loop1 HTTP/1.1" 301 5 "-" "Mozilla/5.0 AppleWebKit/537.36 (KHTML, like Gecko; compatible; GPTBot/1.2; +https://openai.com/gptbot)"
57.141.0.44 - - [22/Oct/2025:00:38:38 +0000] "GET /2025/03/07/page/6/?fileloc=//sys/class/pci_bus/0000:05/subsystem/0000:12/device/driver/0000:00:04.1/driver/0000:00:03.4/resource0&path=//sys/class/pci_bus/0000:05/subsystem/0000:12/device/driver/0000:00:04.1/driver/0000:00:03.4 HTTP/1.1" 200 262216 "-" "meta-externalagent/1.1 (+https://developers.facebook.com/docs/sharing/webmasters/crawler)"
20.171.207.217 - - [22/Oct/2025:00:38:39 +0000] "GET /?path=//sys/class/net/enp1s0/device/net/enp1s0/device/subsystem/devices/virtio1/block/vda/device/block/vda/subsystem/vda/device/block/vda/subsystem/loop3/subsystem/sr0 HTTP/1.1" 200 45438 "-" "Mozilla/5.0 AppleWebKit/537.36 (KHTML, like Gecko; compatible; GPTBot/1.2; +https://openai.com/gptbot)"
216.73.216.183 - - [22/Oct/2025:00:38:39 +0000] "GET /597645869?path=%2Fopt%2Fwpsites%2Fdatainsightnow.com HTTP/1.1" 301 5 "-" "Mozilla/5.0 AppleWebKit/537.36 (KHTML, like Gecko; compatible; ClaudeBot/1.0; +claudebot@anthropic.com)"
216.73.216.183 - - [22/Oct/2025:00:38:40 +0000] "GET /597645869/?path=%2Fopt%2Fwpsites%2Fdatainsightnow.com HTTP/1.1" 200 45438 "https://datainsightnow.com/597645869?path=%2Fopt%2Fwpsites%2Fdatainsightnow.com" "Mozilla/5.0 AppleWebKit/537.36 (KHTML, like Gecko; compatible; ClaudeBot/1.0; +claudebot@anthropic.com)"
44.209.35.147 - - [22/Oct/2025:00:38:40 +0000] "GET /real-currency-us-2025%E3%81%AE%E3%81%9F%E3%82%81%E3%81%AEweb%E4%B8%8A%E3%81%AE%E3%82%AE%E3%83%A3%E3%83%B3%E3%83%96%E3%83%AB%E3%83%96%E3%83%A9%E3%83%83%E3%82%AF%E3%82%B8%E3%83%A3%E3%83%83%E3%82%AF/?fileloc=//proc/sys/kernel/sched_autogroup_enabled&path=//proc/sys/kernel HTTP/1.1" 200 45438 "-" "Mozilla/5.0 AppleWebKit/537.36 (KHTML, like Gecko; compatible; Amazonbot/0.1; +https://developer.amazon.com/support/amazonbot) Chrome/119.0.6045.214 Safari/537.36"
20.171.207.217 - - [22/Oct/2025:00:38:41 +0000] "GET /?path=//sys/class/net/enp1s0/device/net/enp1s0/device/subsystem/devices/virtio1/block/vda/vda1/subsystem/vda/device/block/vda/subsystem/vda/device/subsystem/devices/virtio1 HTTP/1.1" 200 45438 "-" "Mozilla/5.0 AppleWebKit/537.36 (KHTML, like Gecko; compatible; GPTBot/1.2; +https://openai.com/gptbot)"
20.171.207.78 - - [22/Oct/2025:00:38:41 +0000] "GET /?path=//sys/class/net/enp1s0/device/net/enp1s0/device/subsystem/devices/virtio1/block/vda/subsystem/sr0/device/block/sr0/queue/bsg/power HTTP/1.1" 301 5 "-" "Mozilla/5.0 AppleWebKit/537.36 (KHTML, like Gecko; compatible; GPTBot/1.2; +https://openai.com/gptbot)"
216.73.216.183 - - [22/Oct/2025:00:38:42 +0000] "GET /248154116?fileloc=%2Fopt%2Fwpsites%2Fdatainsightnow.com%2Freadme.html&path=%2Fopt%2Fwpsites%2Fdatainsightnow.com HTTP/1.1" 301 5 "-" "Mozilla/5.0 AppleWebKit/537.36 (KHTML, like Gecko; compatible; ClaudeBot/1.0; +claudebot@anthropic.com)"
216.73.216.183 - - [22/Oct/2025:00:38:42 +0000] "GET /248154116/?fileloc=%2Fopt%2Fwpsites%2Fdatainsightnow.com%2Freadme.html&path=%2Fopt%2Fwpsites%2Fdatainsightnow.com HTTP/1.1" 200 45438 "https://datainsightnow.com/248154116?fileloc=%2Fopt%2Fwpsites%2Fdatainsightnow.com%2Freadme.html&path=%2Fopt%2Fwpsites%2Fdatainsightnow.com" "Mozilla/5.0 AppleWebKit/537.36 (KHTML, like Gecko; compatible; ClaudeBot/1.0; +claudebot@anthropic.com)"
66.135.21.75 - - [22/Oct/2025:00:38:43 +0000] "GET /wp-content/plugins/elementor-pro/core/database/database/index.php?ARRAY=7o2230223n313736313039373036332p2231223n22687474703n5p2s5p2s7n7335363476313373752r616p746s742r696r6o5p2s3s6p633q7068705s636s64655s6n6326743q313736313039333436332q6536346463333662643365373865656237316334643432373531636165383336222p2232223n226130333239623032353066623366656364343932343164363530613864656465222p2233223n223236313736316262613936313838633038333939626534333630613935386237222p226175746s5s66696p655s6r616q65223n6r756p6p2p226175746s5s70617373223n6r756p6p2p2262696r675s70617373223n2232332q33382q35392q36372q37332q38322q3330227q HTTP/1.1" 504 176 "-" "-"
40.77.167.27 - - [22/Oct/2025:00:38:43 +0000] "GET /567424964?entity=0565234394 HTTP/1.1" 200 26078 "-" "Mozilla/5.0 AppleWebKit/537.36 (KHTML, like Gecko; compatible; bingbot/2.0; +http://www.bing.com/bingbot.htm) Chrome/116.0.1938.76 Safari/537.36"
3.228.110.83 - - [22/Oct/2025:00:38:43 +0000] "HEAD /real-currency-us-2025%E3%81%AE%E3%81%9F%E3%82%81%E3%81%AEweb%E4%B8%8A%E3%81%AE%E3%82%AE%E3%83%A3%E3%83%B3%E3%83%96%E3%83%AB%E3%83%96%E3%83%A9%E3%83%83%E3%82%AF%E3%82%B8%E3%83%A3%E3%83%83%E3%82%AF/?fileloc=//sys/kernel/slab/khugepaged_mm_slot/skip_kfence&path=//sys/kernel/slab/khugepaged_mm_slot HTTP/1.1" 200 0 "-" "Mozilla/5.0 AppleWebKit/605.1.15 (KHTML, like Gecko) Chrome/139.0.0.0 Safari/605.1.15"
20.171.207.217 - - [22/Oct/2025:00:38:44 +0000] "GET /?path=//sys/class/net/enp1s0/device/net/enp1s0/device/subsystem/devices/virtio1/block/vda/device/block/vda/device/block/vda/vda2/subsystem/vda/subsystem/loop3/bdi/subsystem HTTP/1.1" 200 45438 "-" "Mozilla/5.0 AppleWebKit/537.36 (KHTML, like Gecko; compatible; GPTBot/1.2; +https://openai.com/gptbot)"
98.82.107.102 - - [22/Oct/2025:00:38:45 +0000] "GET /real-currency-us-2025%E3%81%AE%E3%81%9F%E3%82%81%E3%81%AEweb%E4%B8%8A%E3%81%AE%E3%82%AE%E3%83%A3%E3%83%B3%E3%83%96%E3%83%AB%E3%83%96%E3%83%A9%E3%83%83%E3%82%AF%E3%82%B8%E3%83%A3%E3%83%83%E3%82%AF/?fileloc=//proc/10793/attr/fscreate&path=//proc/10793/attr HTTP/1.1" 200 45438 "-" "Mozilla/5.0 AppleWebKit/537.36 (KHTML, like Gecko; compatible; Amazonbot/0.1; +https://developer.amazon.com/support/amazonbot) Chrome/119.0.6045.214 Safari/537.36"
20.171.207.78 - - [22/Oct/2025:00:38:45 +0000] "GET /?path=//sys/class/net/enp1s0/device/net/enp1s0/device/subsystem/drivers/virtiofs/virtio4/subsystem/devices/virtio1/block/vda/mq/0 HTTP/1.1" 301 5 "-" "Mozilla/5.0 AppleWebKit/537.36 (KHTML, like Gecko; compatible; GPTBot/1.2; +https://openai.com/gptbot)"
216.73.216.183 - - [22/Oct/2025:00:38:45 +0000] "GET /248116306?fileloc=%2Fopt%2Fwpsites%2Fdatainsightnow.com%2Freadme.html&path=%2Fopt%2Fwpsites%2Fdatainsightnow.com HTTP/1.1" 301 5 "-" "Mozilla/5.0 AppleWebKit/537.36 (KHTML, like Gecko; compatible; ClaudeBot/1.0; +claudebot@anthropic.com)"
216.73.216.183 - - [22/Oct/2025:00:38:46 +0000] "GET /248116306/?fileloc=%2Fopt%2Fwpsites%2Fdatainsightnow.com%2Freadme.html&path=%2Fopt%2Fwpsites%2Fdatainsightnow.com HTTP/1.1" 200 45438 "https://datainsightnow.com/248116306?fileloc=%2Fopt%2Fwpsites%2Fdatainsightnow.com%2Freadme.html&path=%2Fopt%2Fwpsites%2Fdatainsightnow.com" "Mozilla/5.0 AppleWebKit/537.36 (KHTML, like Gecko; compatible; ClaudeBot/1.0; +claudebot@anthropic.com)"
20.171.207.217 - - [22/Oct/2025:00:38:47 +0000] "GET /?path=//sys/class/net/enp1s0/device/net/enp1s0/device/subsystem/devices/virtio1/block/vda/device/block/vda/device/block/vda/subsystem/loop7/subsystem/vda/subsystem/loop3 HTTP/1.1" 200 45438 "-" "Mozilla/5.0 AppleWebKit/537.36 (KHTML, like Gecko; compatible; GPTBot/1.2; +https://openai.com/gptbot)"
40.77.167.27 - - [22/Oct/2025:00:38:48 +0000] "GET /211354097?entity=0210538318 HTTP/1.1" 200 22787 "-" "Mozilla/5.0 AppleWebKit/537.36 (KHTML, like Gecko; compatible; bingbot/2.0; +http://www.bing.com/bingbot.htm) Chrome/116.0.1938.76 Safari/537.36"
20.171.207.78 - - [22/Oct/2025:00:38:48 +0000] "GET /?path=//sys/class/net/enp1s0/device/net/enp1s0/device/subsystem/devices/virtio1/block/vda/subsystem/vda/bdi/subsystem/7:3/power HTTP/1.1" 301 5 "-" "Mozilla/5.0 AppleWebKit/537.36 (KHTML, like Gecko; compatible; GPTBot/1.2; +https://openai.com/gptbot)"
