20.171.207.80 - - [22/Oct/2025:00:44:30 +0000] "GET /?fileloc=//sys/class/net/enp1s0/device/net/enp1s0/device/subsystem/devices/virtio1/subsystem/drivers/virtiofs/virtio4/driver/module/sections/.exit.data&path=//sys/class/net/enp1s0/device/net/enp1s0/device/subsystem/devices/virtio1/subsystem/drivers/virtiofs/virtio4/driver/module/sections HTTP/1.1" 200 3164 "-" "Mozilla/5.0 AppleWebKit/537.36 (KHTML, like Gecko; compatible; GPTBot/1.2; +https://openai.com/gptbot)"
20.171.207.198 - - [22/Oct/2025:00:44:30 +0000] "GET /?path=//sys/class/net/enp1s0/device/net/enp1s0/device/driver/virtio0/subsystem/devices/virtio1/block/vda/device/block/vda/device/block/vda/vda1 HTTP/1.1" 200 4291 "-" "Mozilla/5.0 AppleWebKit/537.36 (KHTML, like Gecko; compatible; GPTBot/1.2; +https://openai.com/gptbot)"
20.171.207.80 - - [22/Oct/2025:00:44:30 +0000] "GET /?path=//sys/class/net/enp1s0/device/net/enp1s0/device/subsystem/devices/virtio1/subsystem/drivers/virtio_balloon/virtio2/subsystem/drivers/virtio_iommu HTTP/1.1" 200 3669 "-" "Mozilla/5.0 AppleWebKit/537.36 (KHTML, like Gecko; compatible; GPTBot/1.2; +https://openai.com/gptbot)"
52.203.65.83 - - [22/Oct/2025:00:44:31 +0000] "GET /enterprise-services/?path=//sys/class/block/vda/power HTTP/1.1" 200 3733 "-" "Mozilla/5.0 AppleWebKit/537.36 (KHTML, like Gecko; compatible; Amazonbot/0.1; +https://developer.amazon.com/support/amazonbot) Chrome/119.0.6045.214 Safari/537.36"
20.171.207.198 - - [22/Oct/2025:00:44:31 +0000] "GET /?path=//sys/class/net/enp1s0/device/net/enp1s0/device/subsystem/devices/virtio1/block/vda/vda1/subsystem/vda/subsystem/vda/subsystem/vda/mq/0 HTTP/1.1" 200 3786 "-" "Mozilla/5.0 AppleWebKit/537.36 (KHTML, like Gecko; compatible; GPTBot/1.2; +https://openai.com/gptbot)"
20.171.207.80 - - [22/Oct/2025:00:44:31 +0000] "GET /?path=//sys/class/net/enp1s0/device/net/enp1s0/device/subsystem/devices/virtio1/subsystem/drivers/virtio_balloon/virtio2/subsystem/drivers/virtio_rproc_serial HTTP/1.1" 200 3678 "-" "Mozilla/5.0 AppleWebKit/537.36 (KHTML, like Gecko; compatible; GPTBot/1.2; +https://openai.com/gptbot)"
20.171.207.198 - - [22/Oct/2025:00:44:33 +0000] "GET /?path=//sys/class/net/enp1s0/device/net/enp1s0/device/subsystem/devices/virtio1/block/vda/device/block/vda/device/block/vda/vda1/subsystem/vda2/trace HTTP/1.1" 200 3798 "-" "Mozilla/5.0 AppleWebKit/537.36 (KHTML, like Gecko; compatible; GPTBot/1.2; +https://openai.com/gptbot)"
20.171.207.80 - - [22/Oct/2025:00:44:33 +0000] "GET /?path=//sys/class/net/enp1s0/device/net/enp1s0/device/subsystem/devices/virtio1/subsystem/drivers/virtio_rng/virtio3/subsystem/drivers/virtiofs/module/notes HTTP/1.1" 200 3651 "-" "Mozilla/5.0 AppleWebKit/537.36 (KHTML, like Gecko; compatible; GPTBot/1.2; +https://openai.com/gptbot)"
52.71.216.196 - - [22/Oct/2025:00:44:34 +0000] "GET /enterprise-services/?path=//sys/kernel/slab/kmalloc-rcl-128 HTTP/1.1" 200 4597 "-" "Mozilla/5.0 AppleWebKit/537.36 (KHTML, like Gecko; compatible; Amazonbot/0.1; +https://developer.amazon.com/support/amazonbot) Chrome/119.0.6045.214 Safari/537.36"
20.171.207.198 - - [22/Oct/2025:00:44:34 +0000] "GET /?path=//sys/class/net/enp1s0/device/net/enp1s0/device/driver/virtio0/subsystem/devices/virtio1/block/vda/device/block/vda/device/block/vda/mq/0 HTTP/1.1" 200 3800 "-" "Mozilla/5.0 AppleWebKit/537.36 (KHTML, like Gecko; compatible; GPTBot/1.2; +https://openai.com/gptbot)"
4.227.36.108 - - [22/Oct/2025:00:44:34 +0000] "GET /robots.txt HTTP/1.1" 200 4342 "-" "Mozilla/5.0 (Macintosh; Intel Mac OS X 10_15_7) AppleWebKit/537.36 (KHTML, like Gecko) Chrome/131.0.0.0 Safari/537.36; compatible; OAI-SearchBot/1.0; +https://openai.com/searchbot"
20.171.207.80 - - [22/Oct/2025:00:44:34 +0000] "GET /?path=//sys/class/net/enp1s0/device/net/enp1s0/device/subsystem/devices/virtio1/subsystem/drivers/virtio_rng/virtio3/subsystem/drivers/virtiofs/module/sections HTTP/1.1" 200 4594 "-" "Mozilla/5.0 AppleWebKit/537.36 (KHTML, like Gecko; compatible; GPTBot/1.2; +https://openai.com/gptbot)"
20.171.207.198 - - [22/Oct/2025:00:44:35 +0000] "GET /?path=//sys/class/net/enp1s0/device/net/enp1s0/device/subsystem/devices/virtio1/block/vda/device/block/vda/device/block/vda/vda1/subsystem/vda2/holders HTTP/1.1" 200 3250 "-" "Mozilla/5.0 AppleWebKit/537.36 (KHTML, like Gecko; compatible; GPTBot/1.2; +https://openai.com/gptbot)"
20.171.207.80 - - [22/Oct/2025:00:44:35 +0000] "GET /?path=//sys/class/net/enp1s0/device/net/enp1s0/device/subsystem/devices/virtio1/subsystem/drivers/virtio_rng/virtio3/subsystem/drivers/virtiofs/module/holders HTTP/1.1" 200 3248 "-" "Mozilla/5.0 AppleWebKit/537.36 (KHTML, like Gecko; compatible; GPTBot/1.2; +https://openai.com/gptbot)"
20.171.207.198 - - [22/Oct/2025:00:44:37 +0000] "GET /?path=//sys/class/net/enp1s0/device/net/enp1s0/device/subsystem/devices/virtio1/block/vda/device/block/vda/device/block/vda/vda1/subsystem/vda2/power HTTP/1.1" 200 4013 "-" "Mozilla/5.0 AppleWebKit/537.36 (KHTML, like Gecko; compatible; GPTBot/1.2; +https://openai.com/gptbot)"
20.171.207.80 - - [22/Oct/2025:00:44:37 +0000] "GET /?path=//sys/class/net/enp1s0/device/net/enp1s0/device/subsystem/devices/virtio1/subsystem/drivers/virtio_rng/virtio3/subsystem/drivers/virtiofs/module/drivers HTTP/1.1" 200 3551 "-" "Mozilla/5.0 AppleWebKit/537.36 (KHTML, like Gecko; compatible; GPTBot/1.2; +https://openai.com/gptbot)"
20.171.207.198 - - [22/Oct/2025:00:44:38 +0000] "GET /?path=//sys/class/net/enp1s0/device/net/enp1s0/device/subsystem/devices/virtio1/block/vda/device/block/vda/device/block/vda/vda2/subsystem/loop2/trace HTTP/1.1" 200 3804 "-" "Mozilla/5.0 AppleWebKit/537.36 (KHTML, like Gecko; compatible; GPTBot/1.2; +https://openai.com/gptbot)"
20.171.207.80 - - [22/Oct/2025:00:44:38 +0000] "GET /?fileloc=//sys/class/net/enp1s0/device/net/enp1s0/device/subsystem/devices/virtio1/subsystem/drivers/virtio_balloon/virtio2/subsystem/drivers/virtiofs/uevent&path=//sys/class/net/enp1s0/device/net/enp1s0/device/subsystem/devices/virtio1/subsystem/drivers/virtio_balloon/virtio2/subsystem/drivers/virtiofs HTTP/1.1" 200 3160 "-" "Mozilla/5.0 AppleWebKit/537.36 (KHTML, like Gecko; compatible; GPTBot/1.2; +https://openai.com/gptbot)"
20.171.207.198 - - [22/Oct/2025:00:44:39 +0000] "GET /?path=//sys/class/net/enp1s0/device/net/enp1s0/device/subsystem/devices/virtio1/block/vda/device/block/vda/device/block/vda/bdi/subsystem/7:3/subsystem HTTP/1.1" 200 3998 "-" "Mozilla/5.0 AppleWebKit/537.36 (KHTML, like Gecko; compatible; GPTBot/1.2; +https://openai.com/gptbot)"
44.205.120.22 - - [22/Oct/2025:00:44:39 +0000] "GET /register/?path=//usr/share/doc/libpwquality-common HTTP/1.1" 200 3459 "-" "Mozilla/5.0 AppleWebKit/537.36 (KHTML, like Gecko; compatible; Amazonbot/0.1; +https://developer.amazon.com/support/amazonbot) Chrome/119.0.6045.214 Safari/537.36"
20.171.207.80 - - [22/Oct/2025:00:44:39 +0000] "GET /?path=//sys/class/net/enp1s0/device/net/enp1s0/device/subsystem/devices/virtio1/subsystem/drivers/virtio_balloon/virtio2/subsystem/drivers/virtiofs/module HTTP/1.1" 200 4133 "-" "Mozilla/5.0 AppleWebKit/537.36 (KHTML, like Gecko; compatible; GPTBot/1.2; +https://openai.com/gptbot)"
20.171.207.198 - - [22/Oct/2025:00:44:40 +0000] "GET /?path=//sys/class/net/enp1s0/device/net/enp1s0/device/subsystem/devices/virtio1/block/vda/device/block/vda/device/block/vda/bdi/subsystem/7:7/subsystem HTTP/1.1" 200 3999 "-" "Mozilla/5.0 AppleWebKit/537.36 (KHTML, like Gecko; compatible; GPTBot/1.2; +https://openai.com/gptbot)"
20.171.207.80 - - [22/Oct/2025:00:44:40 +0000] "GET /?path=//sys/class/net/enp1s0/device/net/enp1s0/device/subsystem/devices/virtio4/driver/module/drivers/virtio:virtiofs/module/drivers/virtio:virtiofs HTTP/1.1" 200 3813 "-" "Mozilla/5.0 AppleWebKit/537.36 (KHTML, like Gecko; compatible; GPTBot/1.2; +https://openai.com/gptbot)"
20.171.207.198 - - [22/Oct/2025:00:44:41 +0000] "GET /?path=//sys/class/net/enp1s0/device/net/enp1s0/device/subsystem/devices/virtio1/block/vda/device/block/vda/device/block/vda/vda2/subsystem/loop2/bdi HTTP/1.1" 200 4221 "-" "Mozilla/5.0 AppleWebKit/537.36 (KHTML, like Gecko; compatible; GPTBot/1.2; +https://openai.com/gptbot)"
66.249.64.130 - - [22/Oct/2025:00:44:41 +0000] "GET /?path=//sys/class/tty/tty8/subsystem/ttyS16/subsystem/ttyS7/subsystem/ttyS29/subsystem/tty32/subsystem/ttyS29/subsystem/tty30 HTTP/1.1" 200 3734 "-" "Mozilla/5.0 (Linux; Android 6.0.1; Nexus 5X Build/MMB29P) AppleWebKit/537.36 (KHTML, like Gecko) Chrome/141.0.7390.107 Mobile Safari/537.36 (compatible; Googlebot/2.1; +http://www.google.com/bot.html)"
20.171.207.80 - - [22/Oct/2025:00:44:41 +0000] "GET /?path=//sys/class/net/enp1s0/device/net/enp1s0/device/subsystem/devices/virtio1/subsystem/drivers/virtio_rng/virtio3/subsystem/drivers/virtio_rproc_serial HTTP/1.1" 200 3668 "-" "Mozilla/5.0 AppleWebKit/537.36 (KHTML, like Gecko; compatible; GPTBot/1.2; +https://openai.com/gptbot)"
20.171.207.198 - - [22/Oct/2025:00:44:42 +0000] "GET /?path=//sys/class/net/enp1s0/device/net/enp1s0/device/subsystem/devices/virtio1/block/vda/device/block/vda/device/block/vda/vda2/subsystem/loop2/holders HTTP/1.1" 200 3251 "-" "Mozilla/5.0 AppleWebKit/537.36 (KHTML, like Gecko; compatible; GPTBot/1.2; +https://openai.com/gptbot)"
20.171.207.80 - - [22/Oct/2025:00:44:42 +0000] "GET /?path=//sys/class/net/enp1s0/device/net/enp1s0/device/subsystem/devices/virtio1/subsystem/drivers/virtio_blk/virtio1/subsystem/drivers/virtio_balloon HTTP/1.1" 200 3764 "-" "Mozilla/5.0 AppleWebKit/537.36 (KHTML, like Gecko; compatible; GPTBot/1.2; +https://openai.com/gptbot)"
50.16.248.61 - - [22/Oct/2025:00:44:43 +0000] "GET /enterprise-services/?fileloc=//sys/class/rtc/rtc0/date&path=//sys/class/rtc/rtc0 HTTP/1.1" 200 2993 "-" "Mozilla/5.0 AppleWebKit/537.36 (KHTML, like Gecko; compatible; Amazonbot/0.1; +https://developer.amazon.com/support/amazonbot) Chrome/119.0.6045.214 Safari/537.36"
20.171.207.198 - - [22/Oct/2025:00:44:43 +0000] "GET /?path=//sys/class/net/enp1s0/device/net/enp1s0/device/subsystem/devices/virtio1/block/vda/device/block/vda/device/block/vda/vda2/subsystem/loop2/slaves HTTP/1.1" 200 3253 "-" "Mozilla/5.0 AppleWebKit/537.36 (KHTML, like Gecko; compatible; GPTBot/1.2; +https://openai.com/gptbot)"
20.171.207.80 - - [22/Oct/2025:00:44:44 +0000] "GET /?path=//sys/class/net/enp1s0/device/net/enp1s0/device/subsystem/devices/virtio1/subsystem/drivers/virtio_blk/virtio1/subsystem/drivers/virtio_console HTTP/1.1" 200 3667 "-" "Mozilla/5.0 AppleWebKit/537.36 (KHTML, like Gecko; compatible; GPTBot/1.2; +https://openai.com/gptbot)"
20.171.207.198 - - [22/Oct/2025:00:44:44 +0000] "GET /?path=//sys/class/net/enp1s0/device/net/enp1s0/device/subsystem/devices/virtio1/block/vda/device/block/vda/device/block/vda/vda2/subsystem/loop2/queue HTTP/1.1" 200 5500 "-" "Mozilla/5.0 AppleWebKit/537.36 (KHTML, like Gecko; compatible; GPTBot/1.2; +https://openai.com/gptbot)"
20.171.207.80 - - [22/Oct/2025:00:44:44 +0000] "GET /?path=//sys/class/net/enp1s0/device/net/enp1s0/device/subsystem/devices/virtio1/subsystem/drivers/virtio_balloon/virtio2/subsystem/drivers/virtio_net HTTP/1.1" 200 3757 "-" "Mozilla/5.0 AppleWebKit/537.36 (KHTML, like Gecko; compatible; GPTBot/1.2; +https://openai.com/gptbot)"
20.171.207.198 - - [22/Oct/2025:00:44:45 +0000] "GET /?path=//sys/class/net/enp1s0/device/net/enp1s0/device/driver/virtio0/subsystem/devices/virtio1/block/vda/device/block/vda/device/block/vda/vda1/power HTTP/1.1" 200 4029 "-" "Mozilla/5.0 AppleWebKit/537.36 (KHTML, like Gecko; compatible; GPTBot/1.2; +https://openai.com/gptbot)"
20.171.207.80 - - [22/Oct/2025:00:44:46 +0000] "GET /?path=//sys/class/net/enp1s0/device/net/enp1s0/device/subsystem/devices/virtio1/subsystem/drivers/virtio_balloon/virtio2/subsystem/drivers/virtio_scsi HTTP/1.1" 200 3668 "-" "Mozilla/5.0 AppleWebKit/537.36 (KHTML, like Gecko; compatible; GPTBot/1.2; +https://openai.com/gptbot)"
98.82.38.120 - - [22/Oct/2025:00:44:46 +0000] "GET /about-us/?fileloc=//proc/self/root/etc/crontab&path=//proc/self/root/etc HTTP/1.1" 200 3517 "-" "Mozilla/5.0 AppleWebKit/537.36 (KHTML, like Gecko; compatible; Amazonbot/0.1; +https://developer.amazon.com/support/amazonbot) Chrome/119.0.6045.214 Safari/537.36"
20.171.207.198 - - [22/Oct/2025:00:44:46 +0000] "GET /?path=//sys/class/net/enp1s0/device/net/enp1s0/device/subsystem/devices/virtio1/block/vda/device/block/vda/device/block/vda/vda1/subsystem/vda1/holders HTTP/1.1" 200 3246 "-" "Mozilla/5.0 AppleWebKit/537.36 (KHTML, like Gecko; compatible; GPTBot/1.2; +https://openai.com/gptbot)"
20.171.207.80 - - [22/Oct/2025:00:44:47 +0000] "GET /?path=//sys/class/net/enp1s0/device/net/enp1s0/device/subsystem/drivers/virtio_blk/virtio1/block/vda/subsystem/vda/subsystem/loop2/subsystem/vda/subsystem/vda/device/power HTTP/1.1" 200 4010 "-" "Mozilla/5.0 AppleWebKit/537.36 (KHTML, like Gecko; compatible; GPTBot/1.2; +https://openai.com/gptbot)"
20.171.207.198 - - [22/Oct/2025:00:44:48 +0000] "GET /?path=//sys/class/net/enp1s0/device/net/enp1s0/device/driver/virtio0/subsystem/devices/virtio1/block/vda/device/block/vda/device/block/vda/vda1/holders HTTP/1.1" 200 3253 "-" "Mozilla/5.0 AppleWebKit/537.36 (KHTML, like Gecko; compatible; GPTBot/1.2; +https://openai.com/gptbot)"
20.171.207.80 - - [22/Oct/2025:00:44:48 +0000] "GET /?path=//sys/class/net/enp1s0/device/net/enp1s0/device/subsystem/drivers/virtio_blk/virtio1/block/vda/subsystem/vda/subsystem/loop2/subsystem/vda/subsystem/vda/bdi/power HTTP/1.1" 200 4026 "-" "Mozilla/5.0 AppleWebKit/537.36 (KHTML, like Gecko; compatible; GPTBot/1.2; +https://openai.com/gptbot)"
20.171.207.198 - - [22/Oct/2025:00:44:49 +0000] "GET /?path=//sys/class/net/enp1s0/device/net/enp1s0/device/subsystem/devices/virtio1/block/vda/device/block/vda/device/block/vda/vda2/subsystem/loop2/power HTTP/1.1" 200 4022 "-" "Mozilla/5.0 AppleWebKit/537.36 (KHTML, like Gecko; compatible; GPTBot/1.2; +https://openai.com/gptbot)"
20.171.207.80 - - [22/Oct/2025:00:44:49 +0000] "GET /?path=//sys/class/net/enp1s0/device/net/enp1s0/device/subsystem/devices/virtio4/driver/virtio4/subsystem/devices/virtio4 HTTP/1.1" 200 3960 "-" "Mozilla/5.0 AppleWebKit/537.36 (KHTML, like Gecko; compatible; GPTBot/1.2; +https://openai.com/gptbot)"
20.171.207.198 - - [22/Oct/2025:00:44:51 +0000] "GET /?path=//sys/class/net/enp1s0/device/net/enp1s0/device/driver/virtio0/subsystem/devices/virtio1/block/vda/device/block/vda/device/block/vda/vda1/trace HTTP/1.1" 200 3814 "-" "Mozilla/5.0 AppleWebKit/537.36 (KHTML, like Gecko; compatible; GPTBot/1.2; +https://openai.com/gptbot)"
18.207.89.138 - - [22/Oct/2025:00:44:51 +0000] "GET /contact-u/?path=//proc/self/root/proc/15 HTTP/1.1" 200 5679 "-" "Mozilla/5.0 AppleWebKit/537.36 (KHTML, like Gecko; compatible; Amazonbot/0.1; +https://developer.amazon.com/support/amazonbot) Chrome/119.0.6045.214 Safari/537.36"
20.171.207.80 - - [22/Oct/2025:00:44:51 +0000] "GET /?path=//sys/class/net/enp1s0/device/net/enp1s0/device/subsystem/devices/virtio1/subsystem/drivers/virtio_balloon/virtio2/subsystem/drivers/virtiofs/module/holders HTTP/1.1" 200 3253 "-" "Mozilla/5.0 AppleWebKit/537.36 (KHTML, like Gecko; compatible; GPTBot/1.2; +https://openai.com/gptbot)"
216.73.216.131 - - [22/Oct/2025:00:44:51 +0000] "GET /privacy-policy?fileloc=%2F%2Fsys%2Fblock%2Floop4%2Fstat&path=%2F%2Fsys%2Fblock%2Floop4 HTTP/1.1" 200 2982 "-" "Mozilla/5.0 AppleWebKit/537.36 (KHTML, like Gecko; compatible; ClaudeBot/1.0; +claudebot@anthropic.com)"
216.73.216.131 - - [22/Oct/2025:00:44:51 +0000] "GET /privacy-policy?fileloc=%2F%2Fsys%2Fkernel%2Fslab%2Fjbd2_transaction_s%2Fremote_node_defrag_ratio&path=%2F%2Fsys%2Fkernel%2Fslab%2Fjbd2_transaction_s HTTP/1.1" 200 3014 "-" "Mozilla/5.0 AppleWebKit/537.36 (KHTML, like Gecko; compatible; ClaudeBot/1.0; +claudebot@anthropic.com)"
216.73.216.131 - - [22/Oct/2025:00:44:51 +0000] "GET /privacy-policy?fileloc=%2F%2Fsys%2Fblock%2Floop3%2Fsize&path=%2F%2Fsys%2Fblock%2Floop3 HTTP/1.1" 200 2973 "-" "Mozilla/5.0 AppleWebKit/537.36 (KHTML, like Gecko; compatible; ClaudeBot/1.0; +claudebot@anthropic.com)"
216.73.216.131 - - [22/Oct/2025:00:44:51 +0000] "GET /privacy-policy?fileloc=%2F%2Fsys%2Fkernel%2Fslab%2Fkmalloc-cg-4k%2Fstore_user&path=%2F%2Fsys%2Fkernel%2Fslab%2Fkmalloc-cg-4k HTTP/1.1" 200 3006 "-" "Mozilla/5.0 AppleWebKit/537.36 (KHTML, like Gecko; compatible; ClaudeBot/1.0; +claudebot@anthropic.com)"
216.73.216.131 - - [22/Oct/2025:00:44:51 +0000] "GET /privacy-policy?fileloc=%2F%2Fsys%2Fkernel%2Fslab%2F%3A0000072%2Fremote_node_defrag_ratio&path=%2F%2Fsys%2Fkernel%2Fslab%2F%3A0000072 HTTP/1.1" 200 3009 "-" "Mozilla/5.0 AppleWebKit/537.36 (KHTML, like Gecko; compatible; ClaudeBot/1.0; +claudebot@anthropic.com)"
216.73.216.131 - - [22/Oct/2025:00:44:51 +0000] "GET /privacy-policy?fileloc=%2F%2Fsys%2Fkernel%2Fslab%2Fpending_reservation%2Freclaim_account&path=%2F%2Fsys%2Fkernel%2Fslab%2Fpending_reservation HTTP/1.1" 200 3010 "-" "Mozilla/5.0 AppleWebKit/537.36 (KHTML, like Gecko; compatible; ClaudeBot/1.0; +claudebot@anthropic.com)"
20.171.207.198 - - [22/Oct/2025:00:44:51 +0000] "GET /?path=//sys/class/net/enp1s0/device/net/enp1s0/device/subsystem/devices/virtio1/block/vda/device/block/vda/device/block/vda/vda2/subsystem/loop2/mq HTTP/1.1" 200 3553 "-" "Mozilla/5.0 AppleWebKit/537.36 (KHTML, like Gecko; compatible; GPTBot/1.2; +https://openai.com/gptbot)"
216.73.216.131 - - [22/Oct/2025:00:44:51 +0000] "GET /privacy-policy?fileloc=%2F%2Fsys%2Fkernel%2Fslab%2Fdma-kmalloc-64%2Fskip_kfence&path=%2F%2Fsys%2Fkernel%2Fslab%2Fdma-kmalloc-64 HTTP/1.1" 200 3006 "-" "Mozilla/5.0 AppleWebKit/537.36 (KHTML, like Gecko; compatible; ClaudeBot/1.0; +claudebot@anthropic.com)"
216.73.216.131 - - [22/Oct/2025:00:44:51 +0000] "GET /privacy-policy?fileloc=%2F%2Fsys%2Fblock%2Floop2%2Frange&path=%2F%2Fsys%2Fblock%2Floop2 HTTP/1.1" 200 2975 "-" "Mozilla/5.0 AppleWebKit/537.36 (KHTML, like Gecko; compatible; ClaudeBot/1.0; +claudebot@anthropic.com)"
216.73.216.131 - - [22/Oct/2025:00:44:52 +0000] "GET /privacy-policy?fileloc=%2F%2Fsys%2Fkernel%2Fslab%2Fsgpool-64%2Fcpu_slabs&path=%2F%2Fsys%2Fkernel%2Fslab%2Fsgpool-64 HTTP/1.1" 200 2999 "-" "Mozilla/5.0 AppleWebKit/537.36 (KHTML, like Gecko; compatible; ClaudeBot/1.0; +claudebot@anthropic.com)"
216.73.216.131 - - [22/Oct/2025:00:44:52 +0000] "GET /privacy-policy?fileloc=%2F%2Fsys%2Fkernel%2Fslab%2Fkmalloc-cg-64%2Fskip_kfence&path=%2F%2Fsys%2Fkernel%2Fslab%2Fkmalloc-cg-64 HTTP/1.1" 200 3005 "-" "Mozilla/5.0 AppleWebKit/537.36 (KHTML, like Gecko; compatible; ClaudeBot/1.0; +claudebot@anthropic.com)"
216.73.216.131 - - [22/Oct/2025:00:44:52 +0000] "GET /privacy-policy?fileloc=%2F%2Fsys%2Fkernel%2Fslab%2Fbio_crypt_ctx%2Fskip_kfence&path=%2F%2Fsys%2Fkernel%2Fslab%2Fbio_crypt_ctx HTTP/1.1" 200 3007 "-" "Mozilla/5.0 AppleWebKit/537.36 (KHTML, like Gecko; compatible; ClaudeBot/1.0; +claudebot@anthropic.com)"
216.73.216.131 - - [22/Oct/2025:00:44:52 +0000] "GET /privacy-policy?fileloc=%2F%2Fsys%2Fkernel%2Fslab%2Fdma-kmalloc-4k%2Freclaim_account&path=%2F%2Fsys%2Fkernel%2Fslab%2Fdma-kmalloc-4k HTTP/1.1" 200 3008 "-" "Mozilla/5.0 AppleWebKit/537.36 (KHTML, like Gecko; compatible; ClaudeBot/1.0; +claudebot@anthropic.com)"
20.171.207.80 - - [22/Oct/2025:00:44:52 +0000] "GET /?path=//sys/class/net/enp1s0/device/net/enp1s0/device/subsystem/devices/virtio1/subsystem/drivers/virtio_balloon/virtio2/subsystem/drivers/virtiofs/module/sections HTTP/1.1" 200 4694 "-" "Mozilla/5.0 AppleWebKit/537.36 (KHTML, like Gecko; compatible; GPTBot/1.2; +https://openai.com/gptbot)"
216.73.216.131 - - [22/Oct/2025:00:44:52 +0000] "GET /privacy-policy?fileloc=%2F%2Fsys%2Fkernel%2Fslab%2Fjbd2_transaction_s%2Fcpu_slabs&path=%2F%2Fsys%2Fkernel%2Fslab%2Fjbd2_transaction_s HTTP/1.1" 200 3003 "-" "Mozilla/5.0 AppleWebKit/537.36 (KHTML, like Gecko; compatible; ClaudeBot/1.0; +claudebot@anthropic.com)"
216.73.216.131 - - [22/Oct/2025:00:44:52 +0000] "GET /privacy-policy?fileloc=%2F%2Fsys%2Fkernel%2Fslab%2Fjbd2_transaction_s%2Fslab_size&path=%2F%2Fsys%2Fkernel%2Fslab%2Fjbd2_transaction_s HTTP/1.1" 200 3002 "-" "Mozilla/5.0 AppleWebKit/537.36 (KHTML, like Gecko; compatible; ClaudeBot/1.0; +claudebot@anthropic.com)"
216.73.216.131 - - [22/Oct/2025:00:44:52 +0000] "GET /privacy-policy?fileloc=%2F%2Fsys%2Fkernel%2Fslab%2Fdma-kmalloc-4k%2Fdestroy_by_rcu&path=%2F%2Fsys%2Fkernel%2Fslab%2Fdma-kmalloc-4k HTTP/1.1" 200 3011 "-" "Mozilla/5.0 AppleWebKit/537.36 (KHTML, like Gecko; compatible; ClaudeBot/1.0; +claudebot@anthropic.com)"
216.73.216.131 - - [22/Oct/2025:00:44:53 +0000] "GET /privacy-policy?fileloc=%2F%2Fsys%2Fkernel%2Fslab%2F%3A0000072%2Fcpu_slabs&path=%2F%2Fsys%2Fkernel%2Fslab%2F%3A0000072 HTTP/1.1" 200 2999 "-" "Mozilla/5.0 AppleWebKit/537.36 (KHTML, like Gecko; compatible; ClaudeBot/1.0; +claudebot@anthropic.com)"
216.73.216.131 - - [22/Oct/2025:00:44:53 +0000] "GET /privacy-policy?fileloc=%2F%2Fsys%2Fkernel%2Fslab%2Fpending_reservation%2Fdestroy_by_rcu&path=%2F%2Fsys%2Fkernel%2Fslab%2Fpending_reservation HTTP/1.1" 200 3010 "-" "Mozilla/5.0 AppleWebKit/537.36 (KHTML, like Gecko; compatible; ClaudeBot/1.0; +claudebot@anthropic.com)"
216.73.216.131 - - [22/Oct/2025:00:44:53 +0000] "GET /privacy-policy?fileloc=%2F%2Fsys%2Fblock%2Floop7%2Finflight&path=%2F%2Fsys%2Fblock%2Floop7 HTTP/1.1" 200 2983 "-" "Mozilla/5.0 AppleWebKit/537.36 (KHTML, like Gecko; compatible; ClaudeBot/1.0; +claudebot@anthropic.com)"
216.73.216.131 - - [22/Oct/2025:00:44:53 +0000] "GET /privacy-policy?fileloc=%2F%2Fsys%2Fkernel%2Fslab%2Fdma-kmalloc-64%2Fstore_user&path=%2F%2Fsys%2Fkernel%2Fslab%2Fdma-kmalloc-64 HTTP/1.1" 200 3004 "-" "Mozilla/5.0 AppleWebKit/537.36 (KHTML, like Gecko; compatible; ClaudeBot/1.0; +claudebot@anthropic.com)"
20.171.207.198 - - [22/Oct/2025:00:44:53 +0000] "GET /?path=//sys/class/net/enp1s0/device/net/enp1s0/device/subsystem/devices/virtio1/block/vda/device/block/vda/device/block/vda/vda2/subsystem/loop2/bdi/subsystem HTTP/1.1" 200 4010 "-" "Mozilla/5.0 AppleWebKit/537.36 (KHTML, like Gecko; compatible; GPTBot/1.2; +https://openai.com/gptbot)"
216.73.216.131 - - [22/Oct/2025:00:44:53 +0000] "GET /privacy-policy?fileloc=%2F%2Fsys%2Fkernel%2Fslab%2Fsgpool-64%2Fslab_size&path=%2F%2Fsys%2Fkernel%2Fslab%2Fsgpool-64 HTTP/1.1" 200 2997 "-" "Mozilla/5.0 AppleWebKit/537.36 (KHTML, like Gecko; compatible; ClaudeBot/1.0; +claudebot@anthropic.com)"
216.73.216.131 - - [22/Oct/2025:00:44:53 +0000] "GET /privacy-policy?path=%2F%2Fsys%2Fblock%2Floop4%2Fslaves HTTP/1.1" 200 3059 "-" "Mozilla/5.0 AppleWebKit/537.36 (KHTML, like Gecko; compatible; ClaudeBot/1.0; +claudebot@anthropic.com)"
216.73.216.131 - - [22/Oct/2025:00:44:53 +0000] "GET /privacy-policy?fileloc=%2F%2Fsys%2Fkernel%2Fslab%2Fkmalloc-cg-4k%2Freclaim_account&path=%2F%2Fsys%2Fkernel%2Fslab%2Fkmalloc-cg-4k HTTP/1.1" 200 3011 "-" "Mozilla/5.0 AppleWebKit/537.36 (KHTML, like Gecko; compatible; ClaudeBot/1.0; +claudebot@anthropic.com)"
216.73.216.131 - - [22/Oct/2025:00:44:53 +0000] "GET /privacy-policy?fileloc=%2F%2Fsys%2Fkernel%2Fslab%2F%3A0000072%2Faliases&path=%2F%2Fsys%2Fkernel%2Fslab%2F%3A0000072 HTTP/1.1" 200 2997 "-" "Mozilla/5.0 AppleWebKit/537.36 (KHTML, like Gecko; compatible; ClaudeBot/1.0; +claudebot@anthropic.com)"
216.73.216.131 - - [22/Oct/2025:00:44:53 +0000] "GET /privacy-policy?fileloc=%2F%2Fsys%2Fkernel%2Fslab%2Fextent_status%2Fstore_user&path=%2F%2Fsys%2Fkernel%2Fslab%2Fextent_status HTTP/1.1" 200 3002 "-" "Mozilla/5.0 AppleWebKit/537.36 (KHTML, like Gecko; compatible; ClaudeBot/1.0; +claudebot@anthropic.com)"
216.73.216.131 - - [22/Oct/2025:00:44:53 +0000] "GET /privacy-policy?fileloc=%2F%2Fsys%2Fkernel%2Fslab%2F%3A0000072%2Fsanity_checks&path=%2F%2Fsys%2Fkernel%2Fslab%2F%3A0000072 HTTP/1.1" 200 3002 "-" "Mozilla/5.0 AppleWebKit/537.36 (KHTML, like Gecko; compatible; ClaudeBot/1.0; +claudebot@anthropic.com)"
216.73.216.131 - - [22/Oct/2025:00:44:53 +0000] "GET /privacy-policy?fileloc=%2F%2Fsys%2Fkernel%2Fslab%2Fsgpool-64%2Faliases&path=%2F%2Fsys%2Fkernel%2Fslab%2Fsgpool-64 HTTP/1.1" 200 2996 "-" "Mozilla/5.0 AppleWebKit/537.36 (KHTML, like Gecko; compatible; ClaudeBot/1.0; +claudebot@anthropic.com)"
20.171.207.80 - - [22/Oct/2025:00:44:53 +0000] "GET /?path=//sys/class/net/enp1s0/device/net/enp1s0/device/subsystem/devices/virtio1/subsystem/drivers/virtio_balloon/virtio2/subsystem/drivers/virtiofs/module/notes HTTP/1.1" 200 3658 "-" "Mozilla/5.0 AppleWebKit/537.36 (KHTML, like Gecko; compatible; GPTBot/1.2; +https://openai.com/gptbot)"
216.73.216.131 - - [22/Oct/2025:00:44:53 +0000] "GET /privacy-policy?fileloc=%2F%2Fsys%2Fblock%2Floop5%2Fcapability&path=%2F%2Fsys%2Fblock%2Floop5 HTTP/1.1" 200 2979 "-" "Mozilla/5.0 AppleWebKit/537.36 (KHTML, like Gecko; compatible; ClaudeBot/1.0; +claudebot@anthropic.com)"
20.171.207.198 - - [22/Oct/2025:00:44:54 +0000] "GET /?path=//sys/class/net/enp1s0/device/net/enp1s0/device/subsystem/devices/virtio1/block/vda/device/block/vda/device/block/vda/vda2/subsystem/loop2/bdi/power HTTP/1.1" 200 4028 "-" "Mozilla/5.0 AppleWebKit/537.36 (KHTML, like Gecko; compatible; GPTBot/1.2; +https://openai.com/gptbot)"
44.220.2.97 - - [22/Oct/2025:00:44:54 +0000] "GET /register/?path=//usr/share/doc/gir1.2-girepository-2.0 HTTP/1.1" 200 3462 "-" "Mozilla/5.0 AppleWebKit/537.36 (KHTML, like Gecko; compatible; Amazonbot/0.1; +https://developer.amazon.com/support/amazonbot) Chrome/119.0.6045.214 Safari/537.36"
20.171.207.80 - - [22/Oct/2025:00:44:54 +0000] "GET /?path=//sys/class/net/enp1s0/device/net/enp1s0/device/subsystem/devices/virtio4/driver/module/drivers/virtio:virtiofs/module/drivers/virtio:virtiofs/module HTTP/1.1" 200 4115 "-" "Mozilla/5.0 AppleWebKit/537.36 (KHTML, like Gecko; compatible; GPTBot/1.2; +https://openai.com/gptbot)"
20.171.207.198 - - [22/Oct/2025:00:44:55 +0000] "GET /?path=//sys/class/net/enp1s0/device/net/enp1s0/device/subsystem/devices/virtio1/block/vda/device/block/vda/device/block/vda/vda1/subsystem/vda1/trace HTTP/1.1" 200 3794 "-" "Mozilla/5.0 AppleWebKit/537.36 (KHTML, like Gecko; compatible; GPTBot/1.2; +https://openai.com/gptbot)"
20.171.207.80 - - [22/Oct/2025:00:44:55 +0000] "GET /?path=//sys/class/net/enp1s0/device/net/enp1s0/device/subsystem/devices/virtio4/driver/module/drivers/virtio:virtiofs/module/drivers/virtio:virtiofs/virtio4 HTTP/1.1" 200 4032 "-" "Mozilla/5.0 AppleWebKit/537.36 (KHTML, like Gecko; compatible; GPTBot/1.2; +https://openai.com/gptbot)"
20.171.207.198 - - [22/Oct/2025:00:44:56 +0000] "GET /?path=//sys/class/net/enp1s0/device/net/enp1s0/device/subsystem/devices/virtio1/block/vda/device/block/vda/device/block/vda/vda1/subsystem/vda1/power HTTP/1.1" 200 4009 "-" "Mozilla/5.0 AppleWebKit/537.36 (KHTML, like Gecko; compatible; GPTBot/1.2; +https://openai.com/gptbot)"
20.171.207.80 - - [22/Oct/2025:00:44:57 +0000] "GET /?path=//sys/class/net/enp1s0/device/net/enp1s0/device/subsystem/devices/virtio1/subsystem/drivers/virtio_blk/virtio1/subsystem/drivers/virtiofs HTTP/1.1" 200 3819 "-" "Mozilla/5.0 AppleWebKit/537.36 (KHTML, like Gecko; compatible; GPTBot/1.2; +https://openai.com/gptbot)"
20.171.207.198 - - [22/Oct/2025:00:44:57 +0000] "GET /?path=//sys/class/net/enp1s0/device/net/enp1s0/device/driver/virtio0/subsystem/devices/virtio1/block/vda/device/block/vda/device/block/vda/vda2 HTTP/1.1" 200 4291 "-" "Mozilla/5.0 AppleWebKit/537.36 (KHTML, like Gecko; compatible; GPTBot/1.2; +https://openai.com/gptbot)"
20.171.207.80 - - [22/Oct/2025:00:44:57 +0000] "GET /?path=//sys/class/net/enp1s0/device/net/enp1s0/device/subsystem/devices/virtio1/subsystem/drivers/virtio_balloon/virtio2/subsystem/drivers/virtiofs/module/drivers HTTP/1.1" 200 3555 "-" "Mozilla/5.0 AppleWebKit/537.36 (KHTML, like Gecko; compatible; GPTBot/1.2; +https://openai.com/gptbot)"
54.83.23.103 - - [22/Oct/2025:00:44:58 +0000] "GET /about-us/?fileloc=//lib/python3/dist-packages/acme/__init__.py&path=//lib/python3/dist-packages/acme HTTP/1.1" 200 3446 "-" "Mozilla/5.0 AppleWebKit/537.36 (KHTML, like Gecko; compatible; Amazonbot/0.1; +https://developer.amazon.com/support/amazonbot) Chrome/119.0.6045.214 Safari/537.36"
20.171.207.198 - - [22/Oct/2025:00:44:58 +0000] "GET /?path=//sys/class/net/enp1s0/device/net/enp1s0/device/subsystem/devices/virtio1/block/vda/device/block/vda/device/block/vda/bdi/subsystem/7:0 HTTP/1.1" 200 4189 "-" "Mozilla/5.0 AppleWebKit/537.36 (KHTML, like Gecko; compatible; GPTBot/1.2; +https://openai.com/gptbot)"
20.171.207.80 - - [22/Oct/2025:00:44:59 +0000] "GET /?path=//sys/class/net/enp1s0/device/net/enp1s0/device/subsystem/devices/virtio1/subsystem/drivers/virtio_blk/virtio1/subsystem/drivers/virtio_rng HTTP/1.1" 200 3821 "-" "Mozilla/5.0 AppleWebKit/537.36 (KHTML, like Gecko; compatible; GPTBot/1.2; +https://openai.com/gptbot)"
20.171.207.198 - - [22/Oct/2025:00:44:59 +0000] "GET /?path=//sys/class/net/enp1s0/device/net/enp1s0/device/subsystem/devices/virtio1/block/vda/device/block/vda/device/block/vda/vda2/subsystem/vda1 HTTP/1.1" 200 4276 "-" "Mozilla/5.0 AppleWebKit/537.36 (KHTML, like Gecko; compatible; GPTBot/1.2; +https://openai.com/gptbot)"
20.171.207.80 - - [22/Oct/2025:00:45:00 +0000] "GET /?path=//sys/class/net/enp1s0/device/net/enp1s0/device/subsystem/devices/virtio1/subsystem/drivers/virtio_rng/virtio3/subsystem/drivers/virtio_blk HTTP/1.1" 200 3760 "-" "Mozilla/5.0 AppleWebKit/537.36 (KHTML, like Gecko; compatible; GPTBot/1.2; +https://openai.com/gptbot)"
20.171.207.198 - - [22/Oct/2025:00:45:02 +0000] "GET /?path=//sys/class/net/enp1s0/device/net/enp1s0/device/subsystem/devices/virtio1/block/vda/subsystem/vda/subsystem/loop5/subsystem/vda/device/subsystem/drivers HTTP/1.1" 200 3955 "-" "Mozilla/5.0 AppleWebKit/537.36 (KHTML, like Gecko; compatible; GPTBot/1.2; +https://openai.com/gptbot)"
66.249.64.131 - - [22/Oct/2025:00:45:02 +0000] "GET /?path=//sys/class/tty/tty8/subsystem/ttyS16/subsystem/ttyS7/subsystem/ttyS29/subsystem/tty32/subsystem/ttyS29/subsystem/tty58 HTTP/1.1" 200 3731 "-" "Mozilla/5.0 (Linux; Android 6.0.1; Nexus 5X Build/MMB29P) AppleWebKit/537.36 (KHTML, like Gecko) Chrome/141.0.7390.107 Mobile Safari/537.36 (compatible; Googlebot/2.1; +http://www.google.com/bot.html)"
20.171.207.80 - - [22/Oct/2025:00:45:02 +0000] "GET /?path=//sys/class/net/enp1s0/device/net/enp1s0/device/subsystem/devices/virtio1/subsystem/drivers/virtio_rng/virtio3/subsystem/drivers/virtio_rng HTTP/1.1" 200 3810 "-" "Mozilla/5.0 AppleWebKit/537.36 (KHTML, like Gecko; compatible; GPTBot/1.2; +https://openai.com/gptbot)"
3.93.211.16 - - [22/Oct/2025:00:45:02 +0000] "GET /contact-u/?path=//usr/share/doc/libexpat1-dev/expat.html HTTP/1.1" 200 3622 "-" "Mozilla/5.0 AppleWebKit/537.36 (KHTML, like Gecko; compatible; Amazonbot/0.1; +https://developer.amazon.com/support/amazonbot) Chrome/119.0.6045.214 Safari/537.36"
20.171.207.198 - - [22/Oct/2025:00:45:02 +0000] "GET /?path=//sys/class/net/enp1s0/device/net/enp1s0/device/subsystem/drivers/virtiofs/virtio4/subsystem/devices/virtio1/block/vda/subsystem/vda/queue/iosched HTTP/1.1" 200 3924 "-" "Mozilla/5.0 AppleWebKit/537.36 (KHTML, like Gecko; compatible; GPTBot/1.2; +https://openai.com/gptbot)"
20.171.207.80 - - [22/Oct/2025:00:45:02 +0000] "GET /?path=//sys/class/net/enp1s0/device/net/enp1s0/device/subsystem/devices/virtio1/subsystem/drivers/virtio_rng/virtio3/subsystem/drivers/virtio_net HTTP/1.1" 200 3756 "-" "Mozilla/5.0 AppleWebKit/537.36 (KHTML, like Gecko; compatible; GPTBot/1.2; +https://openai.com/gptbot)"
20.171.207.198 - - [22/Oct/2025:00:45:03 +0000] "GET /?path=//sys/class/net/enp1s0/device/net/enp1s0/device/subsystem/devices/virtio1/block/vda/subsystem/loop6/subsystem/vda/subsystem/vda/device/subsystem/drivers HTTP/1.1" 200 3951 "-" "Mozilla/5.0 AppleWebKit/537.36 (KHTML, like Gecko; compatible; GPTBot/1.2; +https://openai.com/gptbot)"
20.171.207.80 - - [22/Oct/2025:00:45:03 +0000] "GET /?path=//sys/class/net/enp1s0/device/net/enp1s0/device/subsystem/devices/virtio1/subsystem/drivers/virtio_blk/virtio1/subsystem/drivers/virtio_net HTTP/1.1" 200 3759 "-" "Mozilla/5.0 AppleWebKit/537.36 (KHTML, like Gecko; compatible; GPTBot/1.2; +https://openai.com/gptbot)"
20.171.207.198 - - [22/Oct/2025:00:45:04 +0000] "GET /?path=//sys/class/net/enp1s0/device/net/enp1s0/device/subsystem/devices/virtio1/block/vda/vda2/subsystem/vda/device/subsystem/drivers/virtiofs/module/sections HTTP/1.1" 200 4613 "-" "Mozilla/5.0 AppleWebKit/537.36 (KHTML, like Gecko; compatible; GPTBot/1.2; +https://openai.com/gptbot)"
20.171.207.80 - - [22/Oct/2025:00:45:05 +0000] "GET /?path=//sys/class/net/enp1s0/device/net/enp1s0/device/subsystem/devices/virtio4/driver/virtio4/subsystem/devices/virtio4/driver HTTP/1.1" 200 3782 "-" "Mozilla/5.0 AppleWebKit/537.36 (KHTML, like Gecko; compatible; GPTBot/1.2; +https://openai.com/gptbot)"
20.171.207.198 - - [22/Oct/2025:00:45:06 +0000] "GET /?path=//sys/class/net/enp1s0/device/net/enp1s0/device/subsystem/drivers/virtio_rng/module/drivers/virtio:virtio_rng/virtio3/subsystem/devices/virtio0/subsystem HTTP/1.1" 200 3868 "-" "Mozilla/5.0 AppleWebKit/537.36 (KHTML, like Gecko; compatible; GPTBot/1.2; +https://openai.com/gptbot)"
20.171.207.80 - - [22/Oct/2025:00:45:06 +0000] "GET /?path=//sys/class/net/enp1s0/device/net/enp1s0/device/subsystem/devices/virtio4/driver/virtio4/driver/virtio4/driver/module/sections HTTP/1.1" 200 4653 "-" "Mozilla/5.0 AppleWebKit/537.36 (KHTML, like Gecko; compatible; GPTBot/1.2; +https://openai.com/gptbot)"
20.171.207.198 - - [22/Oct/2025:00:45:06 +0000] "GET /?path=//sys/class/net/enp1s0/device/net/enp1s0/device/driver/virtio0/subsystem/devices/virtio1/block/vda/subsystem/vda/device/subsystem/drivers/virtio_balloon HTTP/1.1" 200 3806 "-" "Mozilla/5.0 AppleWebKit/537.36 (KHTML, like Gecko; compatible; GPTBot/1.2; +https://openai.com/gptbot)"
18.235.158.19 - - [22/Oct/2025:00:45:07 +0000] "GET /about-us/?fileloc=//lib/python3/dist-packages/gi/_error.py&path=//lib/python3/dist-packages/gi HTTP/1.1" 200 4059 "-" "Mozilla/5.0 AppleWebKit/537.36 (KHTML, like Gecko; compatible; Amazonbot/0.1; +https://developer.amazon.com/support/amazonbot) Chrome/119.0.6045.214 Safari/537.36"
20.171.207.80 - - [22/Oct/2025:00:45:07 +0000] "GET /?path=//sys/class/net/enp1s0/device/net/enp1s0/device/subsystem/devices/virtio4/driver/virtio4/subsystem/devices/virtio4/power HTTP/1.1" 200 3938 "-" "Mozilla/5.0 AppleWebKit/537.36 (KHTML, like Gecko; compatible; GPTBot/1.2; +https://openai.com/gptbot)"
20.171.207.198 - - [22/Oct/2025:00:45:08 +0000] "GET /?path=//sys/class/net/enp1s0/device/net/enp1s0/device/subsystem/devices/virtio1/block/vda/subsystem/vda/device/subsystem/drivers/virtiofs/virtio4/driver HTTP/1.1" 200 3848 "-" "Mozilla/5.0 AppleWebKit/537.36 (KHTML, like Gecko; compatible; GPTBot/1.2; +https://openai.com/gptbot)"
20.171.207.80 - - [22/Oct/2025:00:45:08 +0000] "GET /?path=//sys/class/net/enp1s0/device/net/enp1s0/device/subsystem/devices/virtio1/subsystem/drivers/virtio_blk/virtio1/subsystem/drivers/virtiofs/module HTTP/1.1" 200 4139 "-" "Mozilla/5.0 AppleWebKit/537.36 (KHTML, like Gecko; compatible; GPTBot/1.2; +https://openai.com/gptbot)"
20.171.207.198 - - [22/Oct/2025:00:45:10 +0000] "GET /?path=//sys/class/net/enp1s0/device/net/enp1s0/device/driver/virtio0/subsystem/devices/virtio1/block/vda/device/block/vda/device/block/vda/vda2/power HTTP/1.1" 200 4029 "-" "Mozilla/5.0 AppleWebKit/537.36 (KHTML, like Gecko; compatible; GPTBot/1.2; +https://openai.com/gptbot)"
20.171.207.80 - - [22/Oct/2025:00:45:10 +0000] "GET /?path=//sys/class/net/enp1s0/device/net/enp1s0/device/subsystem/devices/virtio4/driver/module/drivers/virtio:virtiofs/module/drivers/virtio:virtiofs/virtio4/power HTTP/1.1" 200 4019 "-" "Mozilla/5.0 AppleWebKit/537.36 (KHTML, like Gecko; compatible; GPTBot/1.2; +https://openai.com/gptbot)"
20.171.207.198 - - [22/Oct/2025:00:45:10 +0000] "GET /?path=//sys/class/net/enp1s0/device/net/enp1s0/device/driver/virtio0/subsystem/devices/virtio1/block/vda/device/block/vda/device/block/vda/vda2/holders HTTP/1.1" 200 3253 "-" "Mozilla/5.0 AppleWebKit/537.36 (KHTML, like Gecko; compatible; GPTBot/1.2; +https://openai.com/gptbot)"
20.171.207.80 - - [22/Oct/2025:00:45:10 +0000] "GET /?path=//sys/class/net/enp1s0/device/net/enp1s0/device/subsystem/drivers/virtio_blk/virtio1/block/vda/subsystem/vda/subsystem/vda2/subsystem/vda/subsystem/vda/subsystem/vda HTTP/1.1" 200 4904 "-" "Mozilla/5.0 AppleWebKit/537.36 (KHTML, like Gecko; compatible; GPTBot/1.2; +https://openai.com/gptbot)"
100.29.34.97 - - [22/Oct/2025:00:45:11 +0000] "GET /register/?fileloc=//proc/15/attr/current&path=//proc/15/attr HTTP/1.1" 200 2969 "-" "Mozilla/5.0 AppleWebKit/537.36 (KHTML, like Gecko; compatible; Amazonbot/0.1; +https://developer.amazon.com/support/amazonbot) Chrome/119.0.6045.214 Safari/537.36"
20.171.207.198 - - [22/Oct/2025:00:45:12 +0000] "GET /?path=//sys/class/net/enp1s0/device/net/enp1s0/device/subsystem/devices/virtio1/block/vda/device/block/vda/device/block/vda/vda2/subsystem/vda1/holders HTTP/1.1" 200 3250 "-" "Mozilla/5.0 AppleWebKit/537.36 (KHTML, like Gecko; compatible; GPTBot/1.2; +https://openai.com/gptbot)"
20.171.207.80 - - [22/Oct/2025:00:45:12 +0000] "GET /?path=//sys/class/net/enp1s0/device/net/enp1s0/device/subsystem/drivers/virtio_blk/virtio1/block/vda/subsystem/vda/subsystem/vda2/subsystem/vda/subsystem/vda/bdi/subsystem HTTP/1.1" 200 3953 "-" "Mozilla/5.0 AppleWebKit/537.36 (KHTML, like Gecko; compatible; GPTBot/1.2; +https://openai.com/gptbot)"
20.171.207.198 - - [22/Oct/2025:00:45:13 +0000] "GET /?path=//sys/class/net/enp1s0/device/net/enp1s0/device/subsystem/devices/virtio1/block/vda/device/block/vda/device/block/vda/vda2/subsystem/vda1/trace HTTP/1.1" 200 3798 "-" "Mozilla/5.0 AppleWebKit/537.36 (KHTML, like Gecko; compatible; GPTBot/1.2; +https://openai.com/gptbot)"
20.171.207.80 - - [22/Oct/2025:00:45:13 +0000] "GET /?path=//sys/class/net/enp1s0/device/net/enp1s0/device/subsystem/drivers/virtio_blk/virtio1/block/vda/subsystem/vda/subsystem/loop2/subsystem/vda/subsystem/vda/holders HTTP/1.1" 200 3245 "-" "Mozilla/5.0 AppleWebKit/537.36 (KHTML, like Gecko; compatible; GPTBot/1.2; +https://openai.com/gptbot)"
20.171.207.198 - - [22/Oct/2025:00:45:14 +0000] "GET /?path=//sys/class/net/enp1s0/device/net/enp1s0/device/driver/virtio0/subsystem/devices/virtio1/block/vda/device/block/vda/device/block/vda/vda2/trace HTTP/1.1" 200 3814 "-" "Mozilla/5.0 AppleWebKit/537.36 (KHTML, like Gecko; compatible; GPTBot/1.2; +https://openai.com/gptbot)"
20.171.207.80 - - [22/Oct/2025:00:45:14 +0000] "GET /?path=//sys/class/net/enp1s0/device/net/enp1s0/device/subsystem/drivers/virtio_blk/virtio1/block/vda/subsystem/vda/subsystem/loop2/subsystem/vda/subsystem/vda/queue HTTP/1.1" 200 5587 "-" "Mozilla/5.0 AppleWebKit/537.36 (KHTML, like Gecko; compatible; GPTBot/1.2; +https://openai.com/gptbot)"
54.198.33.233 - - [22/Oct/2025:00:45:15 +0000] "GET /contact-u/?path=//proc/thread-self/cwd/wp-admin/css HTTP/1.1" 200 8418 "-" "Mozilla/5.0 AppleWebKit/537.36 (KHTML, like Gecko; compatible; Amazonbot/0.1; +https://developer.amazon.com/support/amazonbot) Chrome/119.0.6045.214 Safari/537.36"
20.171.207.80 - - [22/Oct/2025:00:45:15 +0000] "GET /?path=//sys/class/net/enp1s0/device/net/enp1s0/device/subsystem/drivers/virtio_blk/virtio1/block/vda/subsystem/vda/subsystem/loop2/subsystem/vda/subsystem/vda/mq HTTP/1.1" 200 3554 "-" "Mozilla/5.0 AppleWebKit/537.36 (KHTML, like Gecko; compatible; GPTBot/1.2; +https://openai.com/gptbot)"
20.171.207.198 - - [22/Oct/2025:00:45:15 +0000] "GET /?path=//sys/class/net/enp1s0/device/net/enp1s0/device/subsystem/devices/virtio1/block/vda/device/block/vda/device/block/vda/vda2/subsystem/vda1/power HTTP/1.1" 200 4013 "-" "Mozilla/5.0 AppleWebKit/537.36 (KHTML, like Gecko; compatible; GPTBot/1.2; +https://openai.com/gptbot)"
20.171.207.80 - - [22/Oct/2025:00:45:17 +0000] "GET /?path=//sys/class/net/enp1s0/device/net/enp1s0/device/subsystem/devices/virtio4/driver/virtio4/driver/virtio4/driver/virtio4 HTTP/1.1" 200 3956 "-" "Mozilla/5.0 AppleWebKit/537.36 (KHTML, like Gecko; compatible; GPTBot/1.2; +https://openai.com/gptbot)"
20.171.207.198 - - [22/Oct/2025:00:45:17 +0000] "GET /?path=//sys/class/net/enp1s0/device/net/enp1s0/device/subsystem/devices/virtio1/block/vda/subsystem/loop6/subsystem/vda/subsystem/vda/device/subsystem/drivers/virtio_blk HTTP/1.1" 200 3820 "-" "Mozilla/5.0 AppleWebKit/537.36 (KHTML, like Gecko; compatible; GPTBot/1.2; +https://openai.com/gptbot)"
20.171.207.80 - - [22/Oct/2025:00:45:18 +0000] "GET /?path=//sys/class/net/enp1s0/device/net/enp1s0/device/subsystem/drivers/virtio_blk/virtio1/block/vda/subsystem/vda/subsystem/loop2/subsystem/vda/subsystem/vda/trace HTTP/1.1" 200 3813 "-" "Mozilla/5.0 AppleWebKit/537.36 (KHTML, like Gecko; compatible; GPTBot/1.2; +https://openai.com/gptbot)"
20.171.207.198 - - [22/Oct/2025:00:45:18 +0000] "GET /?path=//sys/class/net/enp1s0/device/net/enp1s0/device/subsystem/devices/virtio1/block/vda/subsystem/loop6/subsystem/vda/subsystem/vda/device/subsystem/drivers/virtio_iommu HTTP/1.1" 200 3714 "-" "Mozilla/5.0 AppleWebKit/537.36 (KHTML, like Gecko; compatible; GPTBot/1.2; +https://openai.com/gptbot)"
54.235.172.96 - - [22/Oct/2025:00:45:18 +0000] "GET /about-us/?path=//proc/871/net/vlan HTTP/1.1" 200 3355 "-" "Mozilla/5.0 AppleWebKit/537.36 (KHTML, like Gecko; compatible; Amazonbot/0.1; +https://developer.amazon.com/support/amazonbot) Chrome/119.0.6045.214 Safari/537.36"
20.171.207.80 - - [22/Oct/2025:00:45:18 +0000] "GET /?path=//sys/class/net/enp1s0/device/net/enp1s0/device/subsystem/devices/virtio1/subsystem/drivers/virtio_blk/virtio1/subsystem/drivers/virtiofs/module/holders HTTP/1.1" 200 3248 "-" "Mozilla/5.0 AppleWebKit/537.36 (KHTML, like Gecko; compatible; GPTBot/1.2; +https://openai.com/gptbot)"
20.171.207.198 - - [22/Oct/2025:00:45:18 +0000] "GET /?path=//sys/class/net/enp1s0/device/net/enp1s0/device/subsystem/devices/virtio1/block/vda/subsystem/loop6/subsystem/vda/subsystem/vda/device/subsystem/drivers/virtio_rng HTTP/1.1" 200 3876 "-" "Mozilla/5.0 AppleWebKit/537.36 (KHTML, like Gecko; compatible; GPTBot/1.2; +https://openai.com/gptbot)"
20.171.207.198 - - [22/Oct/2025:00:45:20 +0000] "GET /?path=//sys/class/net/enp1s0/device/net/enp1s0/device/subsystem/devices/virtio1/block/vda/subsystem/loop7/subsystem/vda/device/subsystem/drivers/virtio_console HTTP/1.1" 200 3714 "-" "Mozilla/5.0 AppleWebKit/537.36 (KHTML, like Gecko; compatible; GPTBot/1.2; +https://openai.com/gptbot)"
20.171.207.80 - - [22/Oct/2025:00:45:20 +0000] "GET /?path=//sys/class/net/enp1s0/device/net/enp1s0/device/subsystem/devices/virtio1/subsystem/drivers/virtio_blk/virtio1/subsystem/drivers/virtiofs/module/notes HTTP/1.1" 200 3654 "-" "Mozilla/5.0 AppleWebKit/537.36 (KHTML, like Gecko; compatible; GPTBot/1.2; +https://openai.com/gptbot)"
20.171.207.198 - - [22/Oct/2025:00:45:21 +0000] "GET /?path=//sys/class/net/enp1s0/device/net/enp1s0/device/subsystem/devices/virtio1/block/vda/device/block/vda/device/block/vda/bdi/subsystem/7:0/subsystem HTTP/1.1" 200 4002 "-" "Mozilla/5.0 AppleWebKit/537.36 (KHTML, like Gecko; compatible; GPTBot/1.2; +https://openai.com/gptbot)"
20.171.207.80 - - [22/Oct/2025:00:45:21 +0000] "GET /?path=//sys/class/net/enp1s0/device/net/enp1s0/device/subsystem/drivers/virtio_blk/virtio1/block/vda/subsystem/vda/subsystem/loop2/subsystem/vda/subsystem/vda/power HTTP/1.1" 200 4028 "-" "Mozilla/5.0 AppleWebKit/537.36 (KHTML, like Gecko; compatible; GPTBot/1.2; +https://openai.com/gptbot)"
34.197.28.78 - - [22/Oct/2025:00:45:21 +0000] "GET /artificial-intelligence-and-machine-learning/?path=//proc/4/ns HTTP/1.1" 200 3045 "-" "Mozilla/5.0 AppleWebKit/537.36 (KHTML, like Gecko; compatible; Amazonbot/0.1; +https://developer.amazon.com/support/amazonbot) Chrome/119.0.6045.214 Safari/537.36"
20.171.207.198 - - [22/Oct/2025:00:45:22 +0000] "GET /?path=//sys/class/net/enp1s0/device/net/enp1s0/device/subsystem/drivers/virtiofs/virtio4/subsystem/devices/virtio1/block/vda/subsystem/vda/holders HTTP/1.1" 200 3244 "-" "Mozilla/5.0 AppleWebKit/537.36 (KHTML, like Gecko; compatible; GPTBot/1.2; +https://openai.com/gptbot)"
20.171.207.80 - - [22/Oct/2025:00:45:22 +0000] "GET /?path=//sys/class/net/enp1s0/device/net/enp1s0/device/subsystem/devices/virtio1/subsystem/drivers/virtio_blk/virtio1/subsystem/drivers/virtiofs/module/sections HTTP/1.1" 200 4594 "-" "Mozilla/5.0 AppleWebKit/537.36 (KHTML, like Gecko; compatible; GPTBot/1.2; +https://openai.com/gptbot)"
20.171.207.198 - - [22/Oct/2025:00:45:23 +0000] "GET /?path=//sys/class/net/enp1s0/device/net/enp1s0/device/subsystem/devices/virtio4/driver/virtio4/driver/module/drivers/virtio:virtiofs/module/drivers HTTP/1.1" 200 3532 "-" "Mozilla/5.0 AppleWebKit/537.36 (KHTML, like Gecko; compatible; GPTBot/1.2; +https://openai.com/gptbot)"
20.171.207.80 - - [22/Oct/2025:00:45:23 +0000] "GET /?path=//sys/class/net/enp1s0/device/net/enp1s0/device/subsystem/devices/virtio4/driver/module/drivers/virtio:virtiofs/virtio4/driver/module/drivers HTTP/1.1" 200 3530 "-" "Mozilla/5.0 AppleWebKit/537.36 (KHTML, like Gecko; compatible; GPTBot/1.2; +https://openai.com/gptbot)"
20.171.207.198 - - [22/Oct/2025:00:45:25 +0000] "GET /?path=//sys/class/net/enp1s0/device/net/enp1s0/device/subsystem/devices/virtio1/block/vda/subsystem/vda/device/subsystem/drivers/virtiofs/virtio4/driver/module HTTP/1.1" 200 4177 "-" "Mozilla/5.0 AppleWebKit/537.36 (KHTML, like Gecko; compatible; GPTBot/1.2; +https://openai.com/gptbot)"
20.171.207.80 - - [22/Oct/2025:00:45:25 +0000] "GET /?path=//sys/class/net/enp1s0/device/net/enp1s0/device/subsystem/devices/virtio1/subsystem/drivers/virtio_rng/virtio3/subsystem/drivers/virtio_rng/module HTTP/1.1" 200 4138 "-" "Mozilla/5.0 AppleWebKit/537.36 (KHTML, like Gecko; compatible; GPTBot/1.2; +https://openai.com/gptbot)"
20.171.207.198 - - [22/Oct/2025:00:45:25 +0000] "GET /?path=//sys/class/net/enp1s0/device/net/enp1s0/device/subsystem/drivers/virtiofs/virtio4/subsystem/devices/virtio1/block/vda/subsystem/vda/bdi/subsystem HTTP/1.1" 200 3997 "-" "Mozilla/5.0 AppleWebKit/537.36 (KHTML, like Gecko; compatible; GPTBot/1.2; +https://openai.com/gptbot)"
20.171.207.80 - - [22/Oct/2025:00:45:25 +0000] "GET /?path=//sys/class/net/enp1s0/device/net/enp1s0/device/subsystem/devices/virtio1/subsystem/drivers/virtio_rng/virtio3/subsystem/drivers/virtio_scsi HTTP/1.1" 200 3661 "-" "Mozilla/5.0 AppleWebKit/537.36 (KHTML, like Gecko; compatible; GPTBot/1.2; +https://openai.com/gptbot)"
54.84.250.51 - - [22/Oct/2025:00:45:26 +0000] "GET /about-us/?path=//proc/self/root/etc/python3.12 HTTP/1.1" 200 3381 "-" "Mozilla/5.0 AppleWebKit/537.36 (KHTML, like Gecko; compatible; Amazonbot/0.1; +https://developer.amazon.com/support/amazonbot) Chrome/119.0.6045.214 Safari/537.36"
20.171.207.198 - - [22/Oct/2025:00:45:27 +0000] "GET /?path=//sys/class/net/enp1s0/device/net/enp1s0/device/subsystem/devices/virtio1/block/vda/subsystem/loop1/subsystem/vda/subsystem/vda/device/subsystem/drivers HTTP/1.1" 200 3950 "-" "Mozilla/5.0 AppleWebKit/537.36 (KHTML, like Gecko; compatible; GPTBot/1.2; +https://openai.com/gptbot)"
20.171.207.80 - - [22/Oct/2025:00:45:27 +0000] "GET /?path=//sys/class/net/enp1s0/device/net/enp1s0/device/subsystem/drivers/virtio_blk/virtio1/block/vda/subsystem/vda/subsystem/loop2/subsystem/vda/subsystem/vda/queue/iosched HTTP/1.1" 200 3920 "-" "Mozilla/5.0 AppleWebKit/537.36 (KHTML, like Gecko; compatible; GPTBot/1.2; +https://openai.com/gptbot)"
20.171.207.198 - - [22/Oct/2025:00:45:27 +0000] "GET /?path=//sys/class/net/enp1s0/device/net/enp1s0/device/subsystem/devices/virtio1/block/vda/subsystem/loop1/subsystem/vda/device/subsystem/drivers/virtio_console HTTP/1.1" 200 3713 "-" "Mozilla/5.0 AppleWebKit/537.36 (KHTML, like Gecko; compatible; GPTBot/1.2; +https://openai.com/gptbot)"
20.171.207.80 - - [22/Oct/2025:00:45:27 +0000] "GET /?path=//sys/class/net/enp1s0/device/net/enp1s0/device/subsystem/devices/virtio4/driver/virtio4/driver/virtio4/driver/virtio4/driver HTTP/1.1" 200 3760 "-" "Mozilla/5.0 AppleWebKit/537.36 (KHTML, like Gecko; compatible; GPTBot/1.2; +https://openai.com/gptbot)"
20.171.207.198 - - [22/Oct/2025:00:45:29 +0000] "GET /?path=//sys/class/net/enp1s0/device/net/enp1s0/device/subsystem/devices/virtio1/block/vda/subsystem/loop6/subsystem/vda/device/subsystem/drivers/virtiofs HTTP/1.1" 200 3855 "-" "Mozilla/5.0 AppleWebKit/537.36 (KHTML, like Gecko; compatible; GPTBot/1.2; +https://openai.com/gptbot)"
20.171.207.80 - - [22/Oct/2025:00:45:29 +0000] "GET /?path=//sys/class/net/enp1s0/device/net/enp1s0/device/subsystem/devices/virtio4/driver/virtio4/driver/virtio4/driver/virtio4/power HTTP/1.1" 200 3939 "-" "Mozilla/5.0 AppleWebKit/537.36 (KHTML, like Gecko; compatible; GPTBot/1.2; +https://openai.com/gptbot)"
3.224.205.25 - - [22/Oct/2025:00:45:30 +0000] "GET /contact-u/?path=//sys/fs/cgroup/system.slice/system-getty.slice HTTP/1.1" 200 5299 "-" "Mozilla/5.0 AppleWebKit/537.36 (KHTML, like Gecko; compatible; Amazonbot/0.1; +https://developer.amazon.com/support/amazonbot) Chrome/119.0.6045.214 Safari/537.36"
20.171.207.198 - - [22/Oct/2025:00:45:30 +0000] "GET /?path=//sys/class/net/enp1s0/device/net/enp1s0/device/subsystem/devices/virtio1/block/vda/subsystem/vda1/subsystem/vda/device/subsystem/drivers/virtiofs HTTP/1.1" 200 3853 "-" "Mozilla/5.0 AppleWebKit/537.36 (KHTML, like Gecko; compatible; GPTBot/1.2; +https://openai.com/gptbot)"
20.171.207.80 - - [22/Oct/2025:00:45:30 +0000] "GET /?path=//sys/class/net/enp1s0/device/net/enp1s0/device/subsystem/devices/virtio1/subsystem/drivers/virtio_rng/virtio3/subsystem/drivers/virtio_iommu HTTP/1.1" 200 3663 "-" "Mozilla/5.0 AppleWebKit/537.36 (KHTML, like Gecko; compatible; GPTBot/1.2; +https://openai.com/gptbot)"
20.171.207.198 - - [22/Oct/2025:00:45:31 +0000] "GET /?path=//sys/class/net/enp1s0/device/net/enp1s0/device/subsystem/devices/virtio1/block/vda/subsystem/vda/device/subsystem/drivers/virtiofs/module/drivers HTTP/1.1" 200 3565 "-" "Mozilla/5.0 AppleWebKit/537.36 (KHTML, like Gecko; compatible; GPTBot/1.2; +https://openai.com/gptbot)"
