20.171.207.198 - - [22/Oct/2025:00:50:17 +0000] "GET /?path=//sys/class/net/enp1s0/device/net/enp1s0/device/subsystem/devices/virtio1/block/vda/subsystem/loop6/subsystem/vda/subsystem/vda/subsystem/sr0/subsystem/vda/slaves HTTP/1.1" 200 3263 "-" "Mozilla/5.0 AppleWebKit/537.36 (KHTML, like Gecko; compatible; GPTBot/1.2; +https://openai.com/gptbot)"
66.249.64.130 - - [22/Oct/2025:00:50:17 +0000] "GET /?path=//sys/class/tty/tty8/subsystem/ttyS16/subsystem/ttyS7/subsystem/ttyS29/subsystem/tty32/subsystem/ttyS29/subsystem/tty34/subsystem/tty61 HTTP/1.1" 200 3752 "-" "Mozilla/5.0 (Linux; Android 6.0.1; Nexus 5X Build/MMB29P) AppleWebKit/537.36 (KHTML, like Gecko) Chrome/141.0.7390.107 Mobile Safari/537.36 (compatible; Googlebot/2.1; +http://www.google.com/bot.html)"
20.171.207.80 - - [22/Oct/2025:00:50:17 +0000] "GET /?path=//sys/class/net/enp1s0/device/net/enp1s0/device/subsystem/devices/virtio1/subsystem/drivers/virtio_rng/virtio3/subsystem/devices/virtio3/driver/module/sections HTTP/1.1" 200 4526 "-" "Mozilla/5.0 AppleWebKit/537.36 (KHTML, like Gecko; compatible; GPTBot/1.2; +https://openai.com/gptbot)"
3.93.253.174 - - [22/Oct/2025:00:50:18 +0000] "GET /artificial-intelligence-and-machine-learning/?fileloc=//bin/X11/bzdiff&path=//bin/X11 HTTP/1.1" 200 3973 "-" "Mozilla/5.0 AppleWebKit/537.36 (KHTML, like Gecko; compatible; Amazonbot/0.1; +https://developer.amazon.com/support/amazonbot) Chrome/119.0.6045.214 Safari/537.36"
20.171.207.198 - - [22/Oct/2025:00:50:18 +0000] "GET /?path=//sys/class/net/enp1s0/device/net/enp1s0/device/subsystem/devices/virtio1/block/vda/subsystem/vda2/subsystem/vda/vda2/subsystem/vda/subsystem/vda/device/subsystem HTTP/1.1" 200 3890 "-" "Mozilla/5.0 AppleWebKit/537.36 (KHTML, like Gecko; compatible; GPTBot/1.2; +https://openai.com/gptbot)"
20.171.207.80 - - [22/Oct/2025:00:50:19 +0000] "GET /?path=//sys/class/net/enp1s0/device/net/enp1s0/device/subsystem/devices/virtio1/subsystem/drivers/virtio_rng/virtio3/subsystem/devices/virtio3/driver/module/holders HTTP/1.1" 200 3250 "-" "Mozilla/5.0 AppleWebKit/537.36 (KHTML, like Gecko; compatible; GPTBot/1.2; +https://openai.com/gptbot)"
20.171.207.198 - - [22/Oct/2025:00:50:19 +0000] "GET /?path=//sys/class/net/enp1s0/device/net/enp1s0/device/subsystem/devices/virtio1/block/vda/vda1/subsystem/vda/subsystem/vda/subsystem/loop2/subsystem/vda/device/subsystem HTTP/1.1" 200 3907 "-" "Mozilla/5.0 AppleWebKit/537.36 (KHTML, like Gecko; compatible; GPTBot/1.2; +https://openai.com/gptbot)"
20.171.207.80 - - [22/Oct/2025:00:50:20 +0000] "GET /?path=//sys/class/net/enp1s0/device/net/enp1s0/device/subsystem/devices/virtio1/subsystem/drivers/virtio_net/virtio0/subsystem/devices/virtio4/driver/module/notes HTTP/1.1" 200 3672 "-" "Mozilla/5.0 AppleWebKit/537.36 (KHTML, like Gecko; compatible; GPTBot/1.2; +https://openai.com/gptbot)"
20.171.207.198 - - [22/Oct/2025:00:50:20 +0000] "GET /?path=//sys/class/net/enp1s0/device/net/enp1s0/device/subsystem/devices/virtio0/subsystem/devices/virtio1/block/vda/subsystem/vda/subsystem/sr0/queue/bsg/device/subsystem HTTP/1.1" 200 3902 "-" "Mozilla/5.0 AppleWebKit/537.36 (KHTML, like Gecko; compatible; GPTBot/1.2; +https://openai.com/gptbot)"
20.171.207.80 - - [22/Oct/2025:00:50:21 +0000] "GET /?path=//sys/class/net/enp1s0/device/net/enp1s0/device/subsystem/devices/virtio1/subsystem/drivers/virtio_net/virtio0/subsystem/devices/virtio4/driver/module/sections HTTP/1.1" 200 4775 "-" "Mozilla/5.0 AppleWebKit/537.36 (KHTML, like Gecko; compatible; GPTBot/1.2; +https://openai.com/gptbot)"
20.171.207.198 - - [22/Oct/2025:00:50:22 +0000] "GET /?path=//sys/class/net/enp1s0/device/net/enp1s0/device/subsystem/drivers/virtio_blk/virtio1/block/vda/subsystem/vda/subsystem/vda1/subsystem/vda/subsystem/loop0/subsystem HTTP/1.1" 200 3969 "-" "Mozilla/5.0 AppleWebKit/537.36 (KHTML, like Gecko; compatible; GPTBot/1.2; +https://openai.com/gptbot)"
23.22.59.87 - - [22/Oct/2025:00:50:22 +0000] "GET /artificial-intelligence-and-machine-learning/?fileloc=//bin/X11/pwd&path=//bin/X11 HTTP/1.1" 200 15842 "-" "Mozilla/5.0 AppleWebKit/537.36 (KHTML, like Gecko; compatible; Amazonbot/0.1; +https://developer.amazon.com/support/amazonbot) Chrome/119.0.6045.214 Safari/537.36"
20.171.207.80 - - [22/Oct/2025:00:50:22 +0000] "GET /?path=//sys/class/net/enp1s0/device/net/enp1s0/device/subsystem/devices/virtio1/subsystem/drivers/virtio_net/virtio0/subsystem/devices/virtio4/driver/module/holders HTTP/1.1" 200 3267 "-" "Mozilla/5.0 AppleWebKit/537.36 (KHTML, like Gecko; compatible; GPTBot/1.2; +https://openai.com/gptbot)"
20.171.207.198 - - [22/Oct/2025:00:50:23 +0000] "GET /?path=//sys/class/net/enp1s0/device/net/enp1s0/device/driver/virtio0/subsystem/devices/virtio1/block/vda/device/block/vda/device/subsystem/devices/virtio3/driver/module HTTP/1.1" 200 4157 "-" "Mozilla/5.0 AppleWebKit/537.36 (KHTML, like Gecko; compatible; GPTBot/1.2; +https://openai.com/gptbot)"
20.171.207.80 - - [22/Oct/2025:00:50:23 +0000] "GET /?path=//sys/class/net/enp1s0/device/net/enp1s0/device/subsystem/devices/virtio1/subsystem/drivers/virtio_balloon/virtio2/subsystem/devices/virtio4/driver/module/holders HTTP/1.1" 200 3268 "-" "Mozilla/5.0 AppleWebKit/537.36 (KHTML, like Gecko; compatible; GPTBot/1.2; +https://openai.com/gptbot)"
20.171.207.198 - - [22/Oct/2025:00:50:24 +0000] "GET /?path=//sys/class/net/enp1s0/device/net/enp1s0/device/subsystem/drivers/virtio_blk/virtio1/subsystem/devices/virtio2/subsystem/devices/virtio1/block/vda/device/block/vda HTTP/1.1" 200 4962 "-" "Mozilla/5.0 AppleWebKit/537.36 (KHTML, like Gecko; compatible; GPTBot/1.2; +https://openai.com/gptbot)"
20.171.207.80 - - [22/Oct/2025:00:50:25 +0000] "GET /?path=//sys/class/net/enp1s0/device/net/enp1s0/device/subsystem/devices/virtio1/subsystem/drivers/virtio_balloon/virtio2/subsystem/devices/virtio4/driver/module/sections HTTP/1.1" 200 4735 "-" "Mozilla/5.0 AppleWebKit/537.36 (KHTML, like Gecko; compatible; GPTBot/1.2; +https://openai.com/gptbot)"
20.171.207.198 - - [22/Oct/2025:00:50:25 +0000] "GET /?path=//sys/class/net/enp1s0/device/net/enp1s0/device/subsystem/devices/virtio4/subsystem/devices/virtio1/block/vda/vda1/subsystem/vda/device/subsystem/drivers/virtio_rng HTTP/1.1" 200 3876 "-" "Mozilla/5.0 AppleWebKit/537.36 (KHTML, like Gecko; compatible; GPTBot/1.2; +https://openai.com/gptbot)"
20.171.207.80 - - [22/Oct/2025:00:50:25 +0000] "GET /?path=//sys/class/net/enp1s0/device/net/enp1s0/device/subsystem/devices/virtio1/subsystem/drivers/virtio_balloon/virtio2/subsystem/devices/virtio4/driver/module/notes HTTP/1.1" 200 3670 "-" "Mozilla/5.0 AppleWebKit/537.36 (KHTML, like Gecko; compatible; GPTBot/1.2; +https://openai.com/gptbot)"
20.171.207.198 - - [22/Oct/2025:00:50:26 +0000] "GET /?path=//sys/class/net/enp1s0/device/net/enp1s0/device/subsystem/devices/virtio1/block/vda/subsystem/vda/device/block/vda/device/driver/virtio1/subsystem/devices/virtio0 HTTP/1.1" 200 4129 "-" "Mozilla/5.0 AppleWebKit/537.36 (KHTML, like Gecko; compatible; GPTBot/1.2; +https://openai.com/gptbot)"
52.23.112.144 - - [22/Oct/2025:00:50:26 +0000] "GET /register/?path=//lib/x86_64-linux-gnu/perl-base/File HTTP/1.1" 200 3687 "-" "Mozilla/5.0 AppleWebKit/537.36 (KHTML, like Gecko; compatible; Amazonbot/0.1; +https://developer.amazon.com/support/amazonbot) Chrome/119.0.6045.214 Safari/537.36"
20.171.207.80 - - [22/Oct/2025:00:50:28 +0000] "GET /?fileloc=//sys/class/net/enp1s0/device/net/enp1s0/device/subsystem/devices/virtio4/driver/virtio4/subsystem/devices/virtio0/subsystem/drivers/virtiofs/uevent&path=//sys/class/net/enp1s0/device/net/enp1s0/device/subsystem/devices/virtio4/driver/virtio4/subsystem/devices/virtio0/subsystem/drivers/virtiofs HTTP/1.1" 200 3173 "-" "Mozilla/5.0 AppleWebKit/537.36 (KHTML, like Gecko; compatible; GPTBot/1.2; +https://openai.com/gptbot)"
20.171.207.198 - - [22/Oct/2025:00:50:28 +0000] "GET /?path=//sys/class/net/enp1s0/device/net/enp1s0/device/subsystem/devices/virtio0/subsystem/devices/virtio1/block/vda/subsystem/vda/device/block/vda/device/driver/virtio1 HTTP/1.1" 200 4142 "-" "Mozilla/5.0 AppleWebKit/537.36 (KHTML, like Gecko; compatible; GPTBot/1.2; +https://openai.com/gptbot)"
20.171.207.80 - - [22/Oct/2025:00:50:28 +0000] "GET /?path=//sys/class/net/enp1s0/device/net/enp1s0/device/subsystem/devices/virtio4/driver/virtio4/subsystem/devices/virtio3/subsystem/drivers/virtiofs HTTP/1.1" 200 3832 "-" "Mozilla/5.0 AppleWebKit/537.36 (KHTML, like Gecko; compatible; GPTBot/1.2; +https://openai.com/gptbot)"
20.171.207.198 - - [22/Oct/2025:00:50:28 +0000] "GET /?path=//sys/class/net/enp1s0/device/net/enp1s0/device/subsystem/devices/virtio3/subsystem/devices/virtio1/block/vda/device/block/vda/subsystem/vda/subsystem/sr0/holders HTTP/1.1" 200 3264 "-" "Mozilla/5.0 AppleWebKit/537.36 (KHTML, like Gecko; compatible; GPTBot/1.2; +https://openai.com/gptbot)"
20.171.207.80 - - [22/Oct/2025:00:50:29 +0000] "GET /?path=//sys/class/net/enp1s0/device/net/enp1s0/device/subsystem/devices/virtio4/driver/virtio4/subsystem/devices/virtio1/subsystem/drivers/virtiofs HTTP/1.1" 200 3832 "-" "Mozilla/5.0 AppleWebKit/537.36 (KHTML, like Gecko; compatible; GPTBot/1.2; +https://openai.com/gptbot)"
20.171.207.198 - - [22/Oct/2025:00:50:29 +0000] "GET /?path=//sys/class/net/enp1s0/device/net/enp1s0/device/subsystem/drivers/virtio_blk/virtio1/driver/virtio1/driver/virtio1/block/vda/subsystem/vda/subsystem/vda/integrity HTTP/1.1" 200 3899 "-" "Mozilla/5.0 AppleWebKit/537.36 (KHTML, like Gecko; compatible; GPTBot/1.2; +https://openai.com/gptbot)"
34.231.118.144 - - [22/Oct/2025:00:50:30 +0000] "GET /about-us/?fileloc=//lib/python3/dist-packages/requests-2.31.0.egg-info/dependency_links.txt&path=//lib/python3/dist-packages/requests-2.31.0.egg-info HTTP/1.1" 200 3025 "-" "Mozilla/5.0 AppleWebKit/537.36 (KHTML, like Gecko; compatible; Amazonbot/0.1; +https://developer.amazon.com/support/amazonbot) Chrome/119.0.6045.214 Safari/537.36"
20.171.207.80 - - [22/Oct/2025:00:50:31 +0000] "GET /?path=//sys/class/net/enp1s0/device/net/enp1s0/device/subsystem/devices/virtio1/subsystem/drivers/virtio_balloon/virtio2/subsystem/devices/virtio3/driver/module HTTP/1.1" 200 4156 "-" "Mozilla/5.0 AppleWebKit/537.36 (KHTML, like Gecko; compatible; GPTBot/1.2; +https://openai.com/gptbot)"
20.171.207.198 - - [22/Oct/2025:00:50:31 +0000] "GET /?path=//sys/class/net/enp1s0/device/net/enp1s0/device/subsystem/devices/virtio1/block/vda/subsystem/vda2/subsystem/vda/subsystem/vda/subsystem/sr0/device/generic/device HTTP/1.1" 200 6124 "-" "Mozilla/5.0 AppleWebKit/537.36 (KHTML, like Gecko; compatible; GPTBot/1.2; +https://openai.com/gptbot)"
20.171.207.80 - - [22/Oct/2025:00:50:31 +0000] "GET /?path=//sys/class/net/enp1s0/device/net/enp1s0/device/subsystem/devices/virtio1/subsystem/drivers/virtio_balloon/virtio2/subsystem/drivers/virtiofs/virtio4 HTTP/1.1" 200 4041 "-" "Mozilla/5.0 AppleWebKit/537.36 (KHTML, like Gecko; compatible; GPTBot/1.2; +https://openai.com/gptbot)"
20.171.207.198 - - [22/Oct/2025:00:50:32 +0000] "GET /?path=//sys/class/net/enp1s0/device/net/enp1s0/device/subsystem/drivers/virtio_blk/virtio1/block/vda/subsystem/vda/subsystem/sr0/subsystem/vda/subsystem/loop1/subsystem HTTP/1.1" 200 3989 "-" "Mozilla/5.0 AppleWebKit/537.36 (KHTML, like Gecko; compatible; GPTBot/1.2; +https://openai.com/gptbot)"
20.171.207.80 - - [22/Oct/2025:00:50:34 +0000] "GET /?path=//sys/class/net/enp1s0/device/net/enp1s0/device/subsystem/devices/virtio1/subsystem/drivers/virtio_balloon/virtio2/subsystem/devices/virtio3/subsystem HTTP/1.1" 200 3857 "-" "Mozilla/5.0 AppleWebKit/537.36 (KHTML, like Gecko; compatible; GPTBot/1.2; +https://openai.com/gptbot)"
20.171.207.198 - - [22/Oct/2025:00:50:35 +0000] "GET /?path=//sys/class/net/enp1s0/device/net/enp1s0/device/subsystem/devices/virtio2/subsystem/devices/virtio1/block/vda/device/block/vda/vda1/subsystem/vda/device/subsystem HTTP/1.1" 200 3895 "-" "Mozilla/5.0 AppleWebKit/537.36 (KHTML, like Gecko; compatible; GPTBot/1.2; +https://openai.com/gptbot)"
54.156.124.2 - - [22/Oct/2025:00:50:35 +0000] "GET /data-centers/?fileloc=//proc/sys/kernel/msgmnb&path=//proc/sys/kernel HTTP/1.1" 200 2980 "-" "Mozilla/5.0 AppleWebKit/537.36 (KHTML, like Gecko; compatible; Amazonbot/0.1; +https://developer.amazon.com/support/amazonbot) Chrome/119.0.6045.214 Safari/537.36"
20.171.207.80 - - [22/Oct/2025:00:50:35 +0000] "GET /?path=//sys/class/net/enp1s0/device/net/enp1s0/device/subsystem/devices/virtio4/driver/virtio4/subsystem/devices/virtio2/subsystem/drivers/virtiofs/module HTTP/1.1" 200 4143 "-" "Mozilla/5.0 AppleWebKit/537.36 (KHTML, like Gecko; compatible; GPTBot/1.2; +https://openai.com/gptbot)"
20.171.207.198 - - [22/Oct/2025:00:50:36 +0000] "GET /?path=//sys/class/net/enp1s0/device/net/enp1s0/device/subsystem/devices/virtio1/block/vda/subsystem/loop2/subsystem/vda/subsystem/vda/subsystem/sr0/device/generic/device HTTP/1.1" 200 6149 "-" "Mozilla/5.0 AppleWebKit/537.36 (KHTML, like Gecko; compatible; GPTBot/1.2; +https://openai.com/gptbot)"
20.171.207.80 - - [22/Oct/2025:00:50:37 +0000] "GET /?path=//sys/class/net/enp1s0/device/net/enp1s0/device/subsystem/devices/virtio4/driver/virtio4/subsystem/devices/virtio0/subsystem/drivers/virtiofs/module HTTP/1.1" 200 4162 "-" "Mozilla/5.0 AppleWebKit/537.36 (KHTML, like Gecko; compatible; GPTBot/1.2; +https://openai.com/gptbot)"
20.171.207.198 - - [22/Oct/2025:00:50:37 +0000] "GET /?fileloc=//sys/class/net/enp1s0/device/net/enp1s0/device/subsystem/drivers/virtio_blk/virtio1/subsystem/devices/virtio2/subsystem/devices/virtio1/block/vda/device/block/vda/inflight&path=//sys/class/net/enp1s0/device/net/enp1s0/device/subsystem/drivers/virtio_blk/virtio1/subsystem/devices/virtio2/subsystem/devices/virtio1/block/vda/device/block/vda HTTP/1.1" 200 3220 "-" "Mozilla/5.0 AppleWebKit/537.36 (KHTML, like Gecko; compatible; GPTBot/1.2; +https://openai.com/gptbot)"
20.171.207.80 - - [22/Oct/2025:00:50:37 +0000] "GET /?fileloc=//sys/class/net/enp1s0/device/net/enp1s0/device/subsystem/devices/virtio1/uevent&path=//sys/class/net/enp1s0/device/net/enp1s0/device/subsystem/devices/virtio1 HTTP/1.1" 200 3114 "-" "Mozilla/5.0 AppleWebKit/537.36 (KHTML, like Gecko; compatible; GPTBot/1.2; +https://openai.com/gptbot)"
44.216.172.204 - - [22/Oct/2025:00:50:37 +0000] "GET /privacy-policy/?path=//proc/self/root/var/cache/debconf HTTP/1.1" 200 3709 "-" "Mozilla/5.0 AppleWebKit/537.36 (KHTML, like Gecko; compatible; Amazonbot/0.1; +https://developer.amazon.com/support/amazonbot) Chrome/119.0.6045.214 Safari/537.36"
20.171.207.198 - - [22/Oct/2025:00:50:37 +0000] "GET /?path=//sys/class/net/enp1s0/device/net/enp1s0/device/subsystem/devices/virtio2/driver/virtio2/subsystem/devices/virtio1/block/vda/device/block/vda/subsystem/vda/device HTTP/1.1" 200 4117 "-" "Mozilla/5.0 AppleWebKit/537.36 (KHTML, like Gecko; compatible; GPTBot/1.2; +https://openai.com/gptbot)"
20.171.207.80 - - [22/Oct/2025:00:50:38 +0000] "GET /?fileloc=//sys/class/net/enp1s0/device/net/enp1s0/device/subsystem/devices/virtio1/device&path=//sys/class/net/enp1s0/device/net/enp1s0/device/subsystem/devices/virtio1 HTTP/1.1" 200 3073 "-" "Mozilla/5.0 AppleWebKit/537.36 (KHTML, like Gecko; compatible; GPTBot/1.2; +https://openai.com/gptbot)"
20.171.207.198 - - [22/Oct/2025:00:50:39 +0000] "GET /?path=//sys/class/net/enp1s0/device/net/enp1s0/device/subsystem/devices/virtio1/block/vda/subsystem/vda/device/block/vda/device/driver/virtio1/subsystem/devices/virtio0/net HTTP/1.1" 200 3600 "-" "Mozilla/5.0 AppleWebKit/537.36 (KHTML, like Gecko; compatible; GPTBot/1.2; +https://openai.com/gptbot)"
20.171.207.80 - - [22/Oct/2025:00:50:40 +0000] "GET /?fileloc=//sys/class/net/enp1s0/device/net/enp1s0/device/subsystem/devices/virtio1/subsystem/drivers/virtio_balloon/virtio2/subsystem/devices/virtio4/driver/module/sections/.strtab&path=//sys/class/net/enp1s0/device/net/enp1s0/device/subsystem/devices/virtio1/subsystem/drivers/virtio_balloon/virtio2/subsystem/devices/virtio4/driver/module/sections HTTP/1.1" 200 3203 "-" "Mozilla/5.0 AppleWebKit/537.36 (KHTML, like Gecko; compatible; GPTBot/1.2; +https://openai.com/gptbot)"
20.171.207.198 - - [22/Oct/2025:00:50:40 +0000] "GET /?path=//sys/class/net/enp1s0/device/net/enp1s0/device/driver/virtio0/subsystem/devices/virtio0/subsystem/drivers/virtio_blk/virtio1/block/vda/device/block/vda/subsystem HTTP/1.1" 200 3994 "-" "Mozilla/5.0 AppleWebKit/537.36 (KHTML, like Gecko; compatible; GPTBot/1.2; +https://openai.com/gptbot)"
20.171.207.80 - - [22/Oct/2025:00:50:40 +0000] "GET /?path=//sys/class/net/enp1s0/device/net/enp1s0/device/subsystem/devices/virtio4/driver/virtio4/subsystem/devices/virtio3/subsystem/drivers/virtiofs/module HTTP/1.1" 200 4143 "-" "Mozilla/5.0 AppleWebKit/537.36 (KHTML, like Gecko; compatible; GPTBot/1.2; +https://openai.com/gptbot)"
20.171.207.198 - - [22/Oct/2025:00:50:41 +0000] "GET /?path=//sys/class/net/enp1s0/device/net/enp1s0/device/subsystem/devices/virtio2/subsystem/devices/virtio1/driver/virtio1/block/vda/subsystem/vda/device/block/vda/holders HTTP/1.1" 200 3282 "-" "Mozilla/5.0 AppleWebKit/537.36 (KHTML, like Gecko; compatible; GPTBot/1.2; +https://openai.com/gptbot)"
20.171.207.80 - - [22/Oct/2025:00:50:41 +0000] "GET /?fileloc=//sys/class/net/enp1s0/device/net/enp1s0/device/subsystem/devices/virtio4/driver/virtio4/subsystem/devices/virtio1/subsystem/drivers/virtiofs/uevent&path=//sys/class/net/enp1s0/device/net/enp1s0/device/subsystem/devices/virtio4/driver/virtio4/subsystem/devices/virtio1/subsystem/drivers/virtiofs HTTP/1.1" 200 3177 "-" "Mozilla/5.0 AppleWebKit/537.36 (KHTML, like Gecko; compatible; GPTBot/1.2; +https://openai.com/gptbot)"
20.171.207.198 - - [22/Oct/2025:00:50:42 +0000] "GET /?path=//sys/class/net/enp1s0/device/net/enp1s0/device/subsystem/devices/virtio1/block/vda/vda2/subsystem/vda/subsystem/vda/subsystem/loop6/subsystem/vda/device/subsystem HTTP/1.1" 200 3907 "-" "Mozilla/5.0 AppleWebKit/537.36 (KHTML, like Gecko; compatible; GPTBot/1.2; +https://openai.com/gptbot)"
184.72.95.195 - - [22/Oct/2025:00:50:43 +0000] "GET /artificial-intelligence-and-machine-learning/?fileloc=//bin/X11/tcpdump&path=//bin/X11 HTTP/1.1" 200 540537 "-" "Mozilla/5.0 AppleWebKit/537.36 (KHTML, like Gecko; compatible; Amazonbot/0.1; +https://developer.amazon.com/support/amazonbot) Chrome/119.0.6045.214 Safari/537.36"
20.171.207.80 - - [22/Oct/2025:00:50:43 +0000] "GET /?path=//sys/class/net/enp1s0/device/net/enp1s0/device/subsystem/devices/virtio1/subsystem/drivers/virtio_balloon/virtio2/subsystem/devices/virtio3/driver/module/sections HTTP/1.1" 200 4568 "-" "Mozilla/5.0 AppleWebKit/537.36 (KHTML, like Gecko; compatible; GPTBot/1.2; +https://openai.com/gptbot)"
20.171.207.198 - - [22/Oct/2025:00:50:43 +0000] "GET /?path=//sys/class/net/enp1s0/device/net/enp1s0/device/subsystem/devices/virtio1/block/vda/subsystem/vda2/subsystem/vda/subsystem/vda/subsystem/sr0/device/generic/device/generic HTTP/1.1" 200 3881 "-" "Mozilla/5.0 AppleWebKit/537.36 (KHTML, like Gecko; compatible; GPTBot/1.2; +https://openai.com/gptbot)"
20.171.207.80 - - [22/Oct/2025:00:50:44 +0000] "GET /?path=//sys/class/net/enp1s0/device/net/enp1s0/device/subsystem/devices/virtio1/subsystem/drivers/virtio_balloon/virtio2/subsystem/drivers/virtiofs/virtio4/power HTTP/1.1" 200 3980 "-" "Mozilla/5.0 AppleWebKit/537.36 (KHTML, like Gecko; compatible; GPTBot/1.2; +https://openai.com/gptbot)"
20.171.207.198 - - [22/Oct/2025:00:50:44 +0000] "GET /?path=//sys/class/net/enp1s0/device/net/enp1s0/device/subsystem/devices/virtio1/block/vda/subsystem/vda/subsystem/loop1/subsystem/vda/subsystem/vda/device/driver/virtio1 HTTP/1.1" 200 4105 "-" "Mozilla/5.0 AppleWebKit/537.36 (KHTML, like Gecko; compatible; GPTBot/1.2; +https://openai.com/gptbot)"
20.171.207.80 - - [22/Oct/2025:00:50:45 +0000] "GET /?path=//sys/class/net/enp1s0/device/net/enp1s0/device/subsystem/devices/virtio1/subsystem/drivers/virtio_balloon/virtio2/subsystem/devices/virtio3/driver/module/notes HTTP/1.1" 200 3677 "-" "Mozilla/5.0 AppleWebKit/537.36 (KHTML, like Gecko; compatible; GPTBot/1.2; +https://openai.com/gptbot)"
20.171.207.198 - - [22/Oct/2025:00:50:46 +0000] "GET /?path=//sys/class/net/enp1s0/device/net/enp1s0/device/subsystem/drivers/virtio_blk/virtio1/block/vda/subsystem/vda/subsystem/sr0/subsystem/vda/subsystem/loop1/subsystem/vda HTTP/1.1" 200 4943 "-" "Mozilla/5.0 AppleWebKit/537.36 (KHTML, like Gecko; compatible; GPTBot/1.2; +https://openai.com/gptbot)"
98.83.177.42 - - [22/Oct/2025:00:50:46 +0000] "GET /automations/?fileloc=//lib/systemd/system/systemd-time-wait-sync.service&path=//lib/systemd/system HTTP/1.1" 200 3697 "-" "Mozilla/5.0 AppleWebKit/537.36 (KHTML, like Gecko; compatible; Amazonbot/0.1; +https://developer.amazon.com/support/amazonbot) Chrome/119.0.6045.214 Safari/537.36"
20.171.207.80 - - [22/Oct/2025:00:50:46 +0000] "GET /?path=//sys/class/net/enp1s0/device/net/enp1s0/device/subsystem/devices/virtio4/driver/virtio4/subsystem/devices/virtio0/subsystem/drivers/virtiofs/module/holders HTTP/1.1" 200 3272 "-" "Mozilla/5.0 AppleWebKit/537.36 (KHTML, like Gecko; compatible; GPTBot/1.2; +https://openai.com/gptbot)"
20.171.207.198 - - [22/Oct/2025:00:50:46 +0000] "GET /?path=//sys/class/net/enp1s0/device/net/enp1s0/device/subsystem/devices/virtio0/subsystem/devices/virtio1/block/vda/subsystem/vda/device/driver/virtio1/block/vda/holders HTTP/1.1" 200 3277 "-" "Mozilla/5.0 AppleWebKit/537.36 (KHTML, like Gecko; compatible; GPTBot/1.2; +https://openai.com/gptbot)"
20.171.207.80 - - [22/Oct/2025:00:50:48 +0000] "GET /?path=//sys/class/net/enp1s0/device/net/enp1s0/device/subsystem/devices/virtio1/subsystem/drivers/virtio_balloon/virtio2/subsystem/devices/virtio3/driver/module/holders HTTP/1.1" 200 3257 "-" "Mozilla/5.0 AppleWebKit/537.36 (KHTML, like Gecko; compatible; GPTBot/1.2; +https://openai.com/gptbot)"
20.171.207.198 - - [22/Oct/2025:00:50:48 +0000] "GET /?path=//sys/class/net/enp1s0/device/net/enp1s0/device/subsystem/devices/virtio1/block/vda/vda2/subsystem/vda/subsystem/vda/subsystem/loop0/subsystem/vda/device/subsystem HTTP/1.1" 200 3907 "-" "Mozilla/5.0 AppleWebKit/537.36 (KHTML, like Gecko; compatible; GPTBot/1.2; +https://openai.com/gptbot)"
20.171.207.80 - - [22/Oct/2025:00:50:48 +0000] "GET /?path=//sys/class/net/enp1s0/device/net/enp1s0/device/subsystem/devices/virtio4/driver/virtio4/subsystem/devices/virtio0/subsystem/drivers/virtiofs/module/sections HTTP/1.1" 200 4700 "-" "Mozilla/5.0 AppleWebKit/537.36 (KHTML, like Gecko; compatible; GPTBot/1.2; +https://openai.com/gptbot)"
20.171.207.198 - - [22/Oct/2025:00:50:49 +0000] "GET /?path=//sys/class/net/enp1s0/device/net/enp1s0/device/driver/virtio0/subsystem/devices/virtio0/subsystem/drivers/virtio_blk/virtio1/block/vda/device/block/vda/subsystem/vda HTTP/1.1" 200 4976 "-" "Mozilla/5.0 AppleWebKit/537.36 (KHTML, like Gecko; compatible; GPTBot/1.2; +https://openai.com/gptbot)"
54.235.158.162 - - [22/Oct/2025:00:50:49 +0000] "GET /privacy-policy/?path=//lib/modules/6.8.0-83-generic/build/init HTTP/1.1" 200 3462 "-" "Mozilla/5.0 AppleWebKit/537.36 (KHTML, like Gecko; compatible; Amazonbot/0.1; +https://developer.amazon.com/support/amazonbot) Chrome/119.0.6045.214 Safari/537.36"
20.171.207.80 - - [22/Oct/2025:00:50:49 +0000] "GET /?path=//sys/class/net/enp1s0/device/net/enp1s0/device/subsystem/devices/virtio4/driver/virtio4/subsystem/devices/virtio1/subsystem/drivers/virtiofs/module HTTP/1.1" 200 4143 "-" "Mozilla/5.0 AppleWebKit/537.36 (KHTML, like Gecko; compatible; GPTBot/1.2; +https://openai.com/gptbot)"
20.171.207.198 - - [22/Oct/2025:00:50:51 +0000] "GET /?path=//sys/class/net/enp1s0/device/net/enp1s0/device/subsystem/devices/virtio1/block/vda/subsystem/vda2/subsystem/vda/subsystem/vda/subsystem/sr0/device/generic/device/bsg HTTP/1.1" 200 3590 "-" "Mozilla/5.0 AppleWebKit/537.36 (KHTML, like Gecko; compatible; GPTBot/1.2; +https://openai.com/gptbot)"
20.171.207.80 - - [22/Oct/2025:00:50:52 +0000] "GET /?path=//sys/class/net/enp1s0/device/net/enp1s0/device/subsystem/devices/virtio4/driver/virtio4/subsystem/devices/virtio3/subsystem/drivers/virtiofs/module/sections HTTP/1.1" 200 4704 "-" "Mozilla/5.0 AppleWebKit/537.36 (KHTML, like Gecko; compatible; GPTBot/1.2; +https://openai.com/gptbot)"
20.171.207.198 - - [22/Oct/2025:00:50:52 +0000] "GET /?path=//sys/class/net/enp1s0/device/net/enp1s0/device/subsystem/devices/virtio3/driver/virtio3/subsystem/devices/virtio1/block/vda/device/block/vda/subsystem/vda/device HTTP/1.1" 200 4117 "-" "Mozilla/5.0 AppleWebKit/537.36 (KHTML, like Gecko; compatible; GPTBot/1.2; +https://openai.com/gptbot)"
20.171.207.80 - - [22/Oct/2025:00:50:53 +0000] "GET /?path=//sys/class/net/enp1s0/device/net/enp1s0/device/subsystem/devices/virtio4/driver/virtio4/subsystem/devices/virtio3/subsystem/drivers/virtiofs/module/holders HTTP/1.1" 200 3262 "-" "Mozilla/5.0 AppleWebKit/537.36 (KHTML, like Gecko; compatible; GPTBot/1.2; +https://openai.com/gptbot)"
20.171.207.198 - - [22/Oct/2025:00:50:54 +0000] "GET /?path=//sys/class/net/enp1s0/device/net/enp1s0/device/subsystem/drivers/virtio_blk/virtio1/block/vda/subsystem/vda1/subsystem/vda/subsystem/vda/subsystem/loop0/subsystem HTTP/1.1" 200 3968 "-" "Mozilla/5.0 AppleWebKit/537.36 (KHTML, like Gecko; compatible; GPTBot/1.2; +https://openai.com/gptbot)"
20.171.207.80 - - [22/Oct/2025:00:50:54 +0000] "GET /?path=//sys/class/net/enp1s0/device/net/enp1s0/device/subsystem/devices/virtio4/driver/virtio4/subsystem/devices/virtio2/subsystem/drivers/virtiofs/module/sections HTTP/1.1" 200 4705 "-" "Mozilla/5.0 AppleWebKit/537.36 (KHTML, like Gecko; compatible; GPTBot/1.2; +https://openai.com/gptbot)"
52.44.229.124 - - [22/Oct/2025:00:50:54 +0000] "GET /about-us/?fileloc=//sys/module/gpiolib_acpi/parameters/ignore_interrupt&path=//sys/module/gpiolib_acpi/parameters HTTP/1.1" 200 3012 "-" "Mozilla/5.0 AppleWebKit/537.36 (KHTML, like Gecko; compatible; Amazonbot/0.1; +https://developer.amazon.com/support/amazonbot) Chrome/119.0.6045.214 Safari/537.36"
20.171.207.198 - - [22/Oct/2025:00:50:54 +0000] "GET /?path=//sys/class/net/enp1s0/device/net/enp1s0/device/subsystem/devices/virtio1/block/vda/vda2/subsystem/vda/subsystem/vda/subsystem/loop3/subsystem/vda/device/subsystem HTTP/1.1" 200 3907 "-" "Mozilla/5.0 AppleWebKit/537.36 (KHTML, like Gecko; compatible; GPTBot/1.2; +https://openai.com/gptbot)"
20.171.207.80 - - [22/Oct/2025:00:50:55 +0000] "GET /?path=//sys/class/net/enp1s0/device/net/enp1s0/device/subsystem/devices/virtio4/driver/virtio4/subsystem/devices/virtio3/subsystem/drivers/virtiofs/module/notes HTTP/1.1" 200 3680 "-" "Mozilla/5.0 AppleWebKit/537.36 (KHTML, like Gecko; compatible; GPTBot/1.2; +https://openai.com/gptbot)"
20.171.207.198 - - [22/Oct/2025:00:50:55 +0000] "GET /?path=//sys/class/net/enp1s0/device/net/enp1s0/device/subsystem/devices/virtio0/subsystem/devices/virtio1/block/vda/subsystem/vda/device/driver/virtio1/block/vda/slaves HTTP/1.1" 200 3277 "-" "Mozilla/5.0 AppleWebKit/537.36 (KHTML, like Gecko; compatible; GPTBot/1.2; +https://openai.com/gptbot)"
20.171.207.80 - - [22/Oct/2025:00:50:56 +0000] "GET /?path=//sys/class/net/enp1s0/device/net/enp1s0/device/subsystem/devices/virtio4/driver/virtio4/subsystem/devices/virtio0/subsystem/drivers/virtiofs/module/notes HTTP/1.1" 200 3675 "-" "Mozilla/5.0 AppleWebKit/537.36 (KHTML, like Gecko; compatible; GPTBot/1.2; +https://openai.com/gptbot)"
66.249.64.131 - - [22/Oct/2025:00:50:56 +0000] "GET /?path=//sys/class/tty/tty8/subsystem/ttyS16/subsystem/ttyS7/subsystem/ttyS29/subsystem/tty32/subsystem/ttyS29/subsystem/tty34/subsystem/ttyS27 HTTP/1.1" 200 4461 "-" "Mozilla/5.0 (Linux; Android 6.0.1; Nexus 5X Build/MMB29P) AppleWebKit/537.36 (KHTML, like Gecko) Chrome/141.0.7390.107 Mobile Safari/537.36 (compatible; Googlebot/2.1; +http://www.google.com/bot.html)"
20.171.207.198 - - [22/Oct/2025:00:50:56 +0000] "GET /?path=//sys/class/net/enp1s0/device/net/enp1s0/device/subsystem/devices/virtio2/driver/virtio2/subsystem/devices/virtio1/block/vda/subsystem/vda/device/block/vda/slaves HTTP/1.1" 200 3279 "-" "Mozilla/5.0 AppleWebKit/537.36 (KHTML, like Gecko; compatible; GPTBot/1.2; +https://openai.com/gptbot)"
20.171.207.80 - - [22/Oct/2025:00:50:57 +0000] "GET /?path=//sys/class/net/enp1s0/device/net/enp1s0/device/subsystem/devices/virtio4/driver/virtio4/subsystem/devices/virtio2/subsystem/drivers/virtiofs/module/holders HTTP/1.1" 200 3263 "-" "Mozilla/5.0 AppleWebKit/537.36 (KHTML, like Gecko; compatible; GPTBot/1.2; +https://openai.com/gptbot)"
20.171.207.198 - - [22/Oct/2025:00:50:58 +0000] "GET /?path=//sys/class/net/enp1s0/device/net/enp1s0/device/subsystem/devices/virtio1/block/vda/subsystem/sr0/subsystem/vda/subsystem/vda/subsystem/loop5/subsystem/vda/holders HTTP/1.1" 200 3262 "-" "Mozilla/5.0 AppleWebKit/537.36 (KHTML, like Gecko; compatible; GPTBot/1.2; +https://openai.com/gptbot)"
52.54.249.218 - - [22/Oct/2025:00:50:58 +0000] "GET /contact-u/?path=//proc/170/net/vlan HTTP/1.1" 200 3355 "-" "Mozilla/5.0 AppleWebKit/537.36 (KHTML, like Gecko; compatible; Amazonbot/0.1; +https://developer.amazon.com/support/amazonbot) Chrome/119.0.6045.214 Safari/537.36"
20.171.207.80 - - [22/Oct/2025:00:50:58 +0000] "GET /?path=//sys/class/net/enp1s0/device/net/enp1s0/device/subsystem/devices/virtio4/driver/virtio4/subsystem/devices/virtio2/subsystem/drivers/virtiofs/module/notes HTTP/1.1" 200 3680 "-" "Mozilla/5.0 AppleWebKit/537.36 (KHTML, like Gecko; compatible; GPTBot/1.2; +https://openai.com/gptbot)"
20.171.207.198 - - [22/Oct/2025:00:50:59 +0000] "GET /?path=//sys/class/net/enp1s0/device/net/enp1s0/device/subsystem/devices/virtio2/subsystem/devices/virtio1/block/vda/vda1/subsystem/vda/device/block/vda/device/subsystem HTTP/1.1" 200 3901 "-" "Mozilla/5.0 AppleWebKit/537.36 (KHTML, like Gecko; compatible; GPTBot/1.2; +https://openai.com/gptbot)"
20.171.207.80 - - [22/Oct/2025:00:50:59 +0000] "GET /?path=//sys/class/net/enp1s0/device/net/enp1s0/device/subsystem/devices/virtio1/subsystem/drivers/virtio_rng/module/drivers/virtio:virtio_rng HTTP/1.1" 200 3815 "-" "Mozilla/5.0 AppleWebKit/537.36 (KHTML, like Gecko; compatible; GPTBot/1.2; +https://openai.com/gptbot)"
20.171.207.198 - - [22/Oct/2025:00:51:00 +0000] "GET /?path=//sys/class/net/enp1s0/device/net/enp1s0/device/subsystem/devices/virtio0/subsystem/devices/virtio1/block/vda/subsystem/vda/device/block/vda/subsystem/sr0/holders HTTP/1.1" 200 3270 "-" "Mozilla/5.0 AppleWebKit/537.36 (KHTML, like Gecko; compatible; GPTBot/1.2; +https://openai.com/gptbot)"
20.171.207.80 - - [22/Oct/2025:00:51:00 +0000] "GET /?path=//sys/class/net/enp1s0/device/net/enp1s0/device/subsystem/devices/virtio1/subsystem/drivers/virtio_blk/virtio1/block/vda/device/block/vda HTTP/1.1" 200 5012 "-" "Mozilla/5.0 AppleWebKit/537.36 (KHTML, like Gecko; compatible; GPTBot/1.2; +https://openai.com/gptbot)"
20.171.207.198 - - [22/Oct/2025:00:51:01 +0000] "GET /?path=//sys/class/net/enp1s0/device/net/enp1s0/device/driver/virtio0/subsystem/devices/virtio1/block/vda/device/driver/virtio1/subsystem/drivers/virtio_rng/module/drivers HTTP/1.1" 200 3612 "-" "Mozilla/5.0 AppleWebKit/537.36 (KHTML, like Gecko; compatible; GPTBot/1.2; +https://openai.com/gptbot)"
23.23.103.31 - - [22/Oct/2025:00:51:02 +0000] "GET /contact-u/?path=//usr/share/fonts/X11/Type1 HTTP/1.1" 200 5233 "-" "Mozilla/5.0 AppleWebKit/537.36 (KHTML, like Gecko; compatible; Amazonbot/0.1; +https://developer.amazon.com/support/amazonbot) Chrome/119.0.6045.214 Safari/537.36"
20.171.207.80 - - [22/Oct/2025:00:51:02 +0000] "GET /?path=//sys/class/net/enp1s0/device/net/enp1s0/device/subsystem/devices/virtio4/driver/virtio4/subsystem/devices/virtio1/subsystem/drivers/virtiofs/module/holders HTTP/1.1" 200 3262 "-" "Mozilla/5.0 AppleWebKit/537.36 (KHTML, like Gecko; compatible; GPTBot/1.2; +https://openai.com/gptbot)"
20.171.207.198 - - [22/Oct/2025:00:51:02 +0000] "GET /?path=//sys/class/net/enp1s0/device/net/enp1s0/device/subsystem/devices/virtio0/subsystem/devices/virtio1/block/vda/subsystem/vda/device/block/vda/subsystem/sr0/subsystem HTTP/1.1" 200 3982 "-" "Mozilla/5.0 AppleWebKit/537.36 (KHTML, like Gecko; compatible; GPTBot/1.2; +https://openai.com/gptbot)"
20.171.207.80 - - [22/Oct/2025:00:51:03 +0000] "GET /?path=//sys/class/net/enp1s0/device/net/enp1s0/device/subsystem/devices/virtio4/driver/virtio4/subsystem/devices/virtio1/subsystem/drivers/virtiofs/module/sections HTTP/1.1" 200 4705 "-" "Mozilla/5.0 AppleWebKit/537.36 (KHTML, like Gecko; compatible; GPTBot/1.2; +https://openai.com/gptbot)"
20.171.207.198 - - [22/Oct/2025:00:51:04 +0000] "GET /?path=//sys/class/net/enp1s0/device/net/enp1s0/device/driver/virtio0/subsystem/devices/virtio1/block/vda/subsystem/vda/device/driver/virtio1/subsystem/drivers/virtio_blk HTTP/1.1" 200 3839 "-" "Mozilla/5.0 AppleWebKit/537.36 (KHTML, like Gecko; compatible; GPTBot/1.2; +https://openai.com/gptbot)"
20.171.207.80 - - [22/Oct/2025:00:51:05 +0000] "GET /?path=//sys/class/net/enp1s0/device/net/enp1s0/device/subsystem/devices/virtio1/subsystem/drivers/virtio_blk/virtio1/block/vda/device/subsystem HTTP/1.1" 200 3863 "-" "Mozilla/5.0 AppleWebKit/537.36 (KHTML, like Gecko; compatible; GPTBot/1.2; +https://openai.com/gptbot)"
20.171.207.198 - - [22/Oct/2025:00:51:06 +0000] "GET /?path=//sys/class/net/enp1s0/device/net/enp1s0/device/subsystem/devices/virtio2/subsystem/devices/virtio1/block/vda/device/block/vda/vda2/subsystem/vda/device/subsystem HTTP/1.1" 200 3895 "-" "Mozilla/5.0 AppleWebKit/537.36 (KHTML, like Gecko; compatible; GPTBot/1.2; +https://openai.com/gptbot)"
20.171.207.80 - - [22/Oct/2025:00:51:06 +0000] "GET /?path=//sys/class/net/enp1s0/device/net/enp1s0/device/subsystem/devices/virtio4/driver/virtio4/subsystem/devices/virtio1/subsystem/drivers/virtiofs/module/notes HTTP/1.1" 200 3680 "-" "Mozilla/5.0 AppleWebKit/537.36 (KHTML, like Gecko; compatible; GPTBot/1.2; +https://openai.com/gptbot)"
50.16.216.166 - - [22/Oct/2025:00:51:06 +0000] "GET /about-us/?fileloc=//proc/sys/net/ipv4/tcp_mtu_probing&path=//proc/sys/net/ipv4 HTTP/1.1" 200 2998 "-" "Mozilla/5.0 AppleWebKit/537.36 (KHTML, like Gecko; compatible; Amazonbot/0.1; +https://developer.amazon.com/support/amazonbot) Chrome/119.0.6045.214 Safari/537.36"
20.171.207.198 - - [22/Oct/2025:00:51:07 +0000] "GET /?path=//sys/class/net/enp1s0/device/net/enp1s0/device/subsystem/devices/virtio3/subsystem/devices/virtio1/block/vda/subsystem/vda/device/driver/virtio1/block/vda/slaves HTTP/1.1" 200 3279 "-" "Mozilla/5.0 AppleWebKit/537.36 (KHTML, like Gecko; compatible; GPTBot/1.2; +https://openai.com/gptbot)"
20.171.207.80 - - [22/Oct/2025:00:51:07 +0000] "GET /?path=//sys/class/net/enp1s0/device/net/enp1s0/device/subsystem/devices/virtio4/driver/virtio4/subsystem/devices/virtio1/block/vda/device/block/vda/integrity HTTP/1.1" 200 3886 "-" "Mozilla/5.0 AppleWebKit/537.36 (KHTML, like Gecko; compatible; GPTBot/1.2; +https://openai.com/gptbot)"
20.171.207.198 - - [22/Oct/2025:00:51:08 +0000] "GET /?path=//sys/class/net/enp1s0/device/net/enp1s0/device/driver/virtio0/subsystem/devices/virtio3/subsystem/devices/virtio1/block/vda/device/block/vda/subsystem/vda/slaves HTTP/1.1" 200 3269 "-" "Mozilla/5.0 AppleWebKit/537.36 (KHTML, like Gecko; compatible; GPTBot/1.2; +https://openai.com/gptbot)"
20.171.207.80 - - [22/Oct/2025:00:51:09 +0000] "GET /?path=//sys/class/net/enp1s0/device/net/enp1s0/device/subsystem/devices/virtio4/driver/virtio4/subsystem/devices/virtio1/block/vda/device/block/vda/subsystem HTTP/1.1" 200 4041 "-" "Mozilla/5.0 AppleWebKit/537.36 (KHTML, like Gecko; compatible; GPTBot/1.2; +https://openai.com/gptbot)"
216.73.216.131 - - [22/Oct/2025:00:51:10 +0000] "GET /privacy-policy?path=%2F%2Fsys%2Fdevices%2Fpci0000%3A00%2F0000%3A00%3A03.7%2Fdriver%2F0000%3A00%3A03.1%2Fdriver%2F0000%3A00%3A03.3%2Fpower HTTP/1.1" 200 4266 "-" "Mozilla/5.0 AppleWebKit/537.36 (KHTML, like Gecko; compatible; ClaudeBot/1.0; +claudebot@anthropic.com)"
216.73.216.131 - - [22/Oct/2025:00:51:10 +0000] "GET /privacy-policy?path=%2F%2Fsys%2Fdevices%2Fpci0000%3A00%2F0000%3A00%3A03.6%2Fdriver%2F0000%3A00%3A03.3%2Fdriver%2F0000%3A00%3A04.0%2F0000%3A00%3A04.0%3Apcie001 HTTP/1.1" 200 3657 "-" "Mozilla/5.0 AppleWebKit/537.36 (KHTML, like Gecko; compatible; ClaudeBot/1.0; +claudebot@anthropic.com)"
216.73.216.131 - - [22/Oct/2025:00:51:10 +0000] "GET /privacy-policy?fileloc=%2F%2Fsys%2Fdevices%2Fpci0000%3A00%2F0000%3A00%3A03.6%2Fdriver%2F0000%3A00%3A04.1%2Fdriver%2F0000%3A00%3A03.3%2Faer_dev_correctable&path=%2F%2Fsys%2Fdevices%2Fpci0000%3A00%2F0000%3A00%3A03.6%2Fdriver%2F0000%3A00%3A04.1%2Fdriver%2F0000%3A00%3A03.3 HTTP/1.1" 200 3132 "-" "Mozilla/5.0 AppleWebKit/537.36 (KHTML, like Gecko; compatible; ClaudeBot/1.0; +claudebot@anthropic.com)"
20.171.207.198 - - [22/Oct/2025:00:51:10 +0000] "GET /?path=//sys/class/net/enp1s0/device/net/enp1s0/device/subsystem/devices/virtio2/subsystem/devices/virtio1/block/vda/subsystem/vda/device/block/vda/device/driver/virtio1 HTTP/1.1" 200 4143 "-" "Mozilla/5.0 AppleWebKit/537.36 (KHTML, like Gecko; compatible; GPTBot/1.2; +https://openai.com/gptbot)"
216.73.216.131 - - [22/Oct/2025:00:51:10 +0000] "GET /privacy-policy?path=%2F%2Fsys%2Fdevices%2Fpci0000%3A00%2F0000%3A00%3A03.0%2Ffirmware_node%2Fsubsystem%2Fdevices%2Fdevice%3A16%2Fpower HTTP/1.1" 200 3878 "-" "Mozilla/5.0 AppleWebKit/537.36 (KHTML, like Gecko; compatible; ClaudeBot/1.0; +claudebot@anthropic.com)"
216.73.216.131 - - [22/Oct/2025:00:51:10 +0000] "GET /privacy-policy?fileloc=%2F%2Fsys%2Fdevices%2Fpci0000%3A00%2F0000%3A00%3A03.7%2Fdriver%2F0000%3A00%3A03.4%2Fdriver%2F0000%3A00%3A04.0%2Fcurrent_link_width&path=%2F%2Fsys%2Fdevices%2Fpci0000%3A00%2F0000%3A00%3A03.7%2Fdriver%2F0000%3A00%3A03.4%2Fdriver%2F0000%3A00%3A04.0 HTTP/1.1" 200 3058 "-" "Mozilla/5.0 AppleWebKit/537.36 (KHTML, like Gecko; compatible; ClaudeBot/1.0; +claudebot@anthropic.com)"
216.73.216.131 - - [22/Oct/2025:00:51:10 +0000] "GET /privacy-policy?path=%2F%2Fsys%2Fdevices%2Fpci0000%3A00%2F0000%3A00%3A03.0%2Ffirmware_node%2Fsubsystem%2Fdevices%2FLNXCPU%3A00%2Fthermal_cooling HTTP/1.1" 200 3877 "-" "Mozilla/5.0 AppleWebKit/537.36 (KHTML, like Gecko; compatible; ClaudeBot/1.0; +claudebot@anthropic.com)"
216.73.216.131 - - [22/Oct/2025:00:51:10 +0000] "GET /privacy-policy?path=%2F%2Fsys%2Fdevices%2Fpci0000%3A00%2F0000%3A00%3A02.3%2Fdriver%2F0000%3A00%3A02.1%2Fdriver%2F0000%3A00%3A03.2%2Fpci_bus HTTP/1.1" 200 3429 "-" "Mozilla/5.0 AppleWebKit/537.36 (KHTML, like Gecko; compatible; ClaudeBot/1.0; +claudebot@anthropic.com)"
216.73.216.131 - - [22/Oct/2025:00:51:10 +0000] "GET /privacy-policy?path=%2F%2Fsys%2Fdevices%2Fpci0000%3A00%2F0000%3A00%3A02.3%2Fdriver%2F0000%3A00%3A02.1%2Fdriver%2F0000%3A00%3A02.7%2F0000%3A00%3A02.7%3Apcie002 HTTP/1.1" 200 3656 "-" "Mozilla/5.0 AppleWebKit/537.36 (KHTML, like Gecko; compatible; ClaudeBot/1.0; +claudebot@anthropic.com)"
216.73.216.131 - - [22/Oct/2025:00:51:10 +0000] "GET /privacy-policy?fileloc=%2F%2Fsys%2Fdevices%2Fpci0000%3A00%2F0000%3A00%3A03.7%2Fdriver%2F0000%3A00%3A02.1%2Fdriver%2F0000%3A00%3A02.0%2Faer_dev_nonfatal&path=%2F%2Fsys%2Fdevices%2Fpci0000%3A00%2F0000%3A00%3A03.7%2Fdriver%2F0000%3A00%3A02.1%2Fdriver%2F0000%3A00%3A02.0 HTTP/1.1" 200 3200 "-" "Mozilla/5.0 AppleWebKit/537.36 (KHTML, like Gecko; compatible; ClaudeBot/1.0; +claudebot@anthropic.com)"
216.73.216.131 - - [22/Oct/2025:00:51:10 +0000] "GET /privacy-policy?path=%2F%2Fsys%2Fdevices%2Fpci0000%3A00%2F0000%3A00%3A03.7%2Fdriver%2F0000%3A00%3A04.1%2Fdriver%2F0000%3A00%3A02.4%2F0000%3A00%3A02.4%3Apcie010 HTTP/1.1" 200 3626 "-" "Mozilla/5.0 AppleWebKit/537.36 (KHTML, like Gecko; compatible; ClaudeBot/1.0; +claudebot@anthropic.com)"
124.226.222.66 - - [22/Oct/2025:00:51:10 +0000] "GET / HTTP/1.1" 200 4342 "http://datacloudnow.com" "Mozilla/5.0 (iPhone; CPU iPhone OS 13_2_3 like Mac OS X) AppleWebKit/605.1.15 (KHTML, like Gecko) Version/13.0.3 Mobile/15E148 Safari/604.1"
216.73.216.131 - - [22/Oct/2025:00:51:10 +0000] "GET /privacy-policy?fileloc=%2F%2Fsys%2Fdevices%2Fpci0000%3A00%2F0000%3A00%3A03.7%2Fdriver%2F0000%3A00%3A04.1%2Fdriver%2F0000%3A00%3A03.7%2Faer_dev_fatal&path=%2F%2Fsys%2Fdevices%2Fpci0000%3A00%2F0000%3A00%3A03.7%2Fdriver%2F0000%3A00%3A04.1%2Fdriver%2F0000%3A00%3A03.7 HTTP/1.1" 200 3189 "-" "Mozilla/5.0 AppleWebKit/537.36 (KHTML, like Gecko; compatible; ClaudeBot/1.0; +claudebot@anthropic.com)"
18.207.89.138 - - [22/Oct/2025:00:51:10 +0000] "GET /about-us/?fileloc=//sys/class/ata_device/dev5.0/dma_mode&path=//sys/class/ata_device/dev5.0 HTTP/1.1" 200 2992 "-" "Mozilla/5.0 AppleWebKit/537.36 (KHTML, like Gecko; compatible; Amazonbot/0.1; +https://developer.amazon.com/support/amazonbot) Chrome/119.0.6045.214 Safari/537.36"
20.171.207.80 - - [22/Oct/2025:00:51:10 +0000] "GET /?path=//sys/class/net/enp1s0/device/net/enp1s0/device/subsystem/devices/virtio4/driver/virtio4/driver/virtio4/subsystem/drivers/virtio_rng/module HTTP/1.1" 200 4128 "-" "Mozilla/5.0 AppleWebKit/537.36 (KHTML, like Gecko; compatible; GPTBot/1.2; +https://openai.com/gptbot)"
216.73.216.131 - - [22/Oct/2025:00:51:10 +0000] "GET /privacy-policy?path=%2F%2Fsys%2Fdevices%2Fpci0000%3A00%2F0000%3A00%3A03.6%2Fdriver%2F0000%3A00%3A03.1%2Fdriver%2F0000%3A00%3A03.7%2F0000%3A00%3A03.7%3Apcie010 HTTP/1.1" 200 3616 "-" "Mozilla/5.0 AppleWebKit/537.36 (KHTML, like Gecko; compatible; ClaudeBot/1.0; +claudebot@anthropic.com)"
216.73.216.131 - - [22/Oct/2025:00:51:10 +0000] "GET /privacy-policy?path=%2F%2Fsys%2Fdevices%2Fpci0000%3A00%2F0000%3A00%3A03.7%2Fdriver%2F0000%3A00%3A03.1%2Fdriver%2F0000%3A00%3A03.0%2Fpower HTTP/1.1" 200 4267 "-" "Mozilla/5.0 AppleWebKit/537.36 (KHTML, like Gecko; compatible; ClaudeBot/1.0; +claudebot@anthropic.com)"
216.73.216.131 - - [22/Oct/2025:00:51:10 +0000] "GET /privacy-policy?path=%2F%2Fsys%2Fdevices%2Fpci0000%3A00%2F0000%3A00%3A03.0%2Ffirmware_node%2Fsubsystem%2Fdevices%2Fdevice%3A0a%2Fpower HTTP/1.1" 200 3878 "-" "Mozilla/5.0 AppleWebKit/537.36 (KHTML, like Gecko; compatible; ClaudeBot/1.0; +claudebot@anthropic.com)"
216.73.216.131 - - [22/Oct/2025:00:51:10 +0000] "GET /privacy-policy?path=%2F%2Fsys%2Fdevices%2Fpci0000%3A00%2F0000%3A00%3A03.6%2Fdriver%2F0000%3A00%3A03.0%2Fdriver%2F0000%3A00%3A04.0%2F0000%3A00%3A04.0%3Apcie001 HTTP/1.1" 200 3667 "-" "Mozilla/5.0 AppleWebKit/537.36 (KHTML, like Gecko; compatible; ClaudeBot/1.0; +claudebot@anthropic.com)"
20.171.207.198 - - [22/Oct/2025:00:51:10 +0000] "GET /?path=//sys/class/net/enp1s0/device/net/enp1s0/device/subsystem/devices/virtio1/block/vda/subsystem/vda/subsystem/loop5/subsystem/vda/subsystem/sr0/device/generic/device HTTP/1.1" 200 6145 "-" "Mozilla/5.0 AppleWebKit/537.36 (KHTML, like Gecko; compatible; GPTBot/1.2; +https://openai.com/gptbot)"
216.73.216.131 - - [22/Oct/2025:00:51:10 +0000] "GET /privacy-policy?path=%2F%2Fsys%2Fdevices%2Fpci0000%3A00%2F0000%3A00%3A02.3%2Fdriver%2F0000%3A00%3A03.4%2Fdriver%2F0000%3A00%3A04.0%2F0000%3A00%3A04.0%3Apcie001 HTTP/1.1" 200 3660 "-" "Mozilla/5.0 AppleWebKit/537.36 (KHTML, like Gecko; compatible; ClaudeBot/1.0; +claudebot@anthropic.com)"
216.73.216.131 - - [22/Oct/2025:00:51:10 +0000] "GET /privacy-policy?fileloc=%2F%2Fsys%2Fdevices%2Fpci0000%3A00%2F0000%3A00%3A03.6%2Fdriver%2F0000%3A00%3A03.1%2Fdriver%2F0000%3A00%3A03.6%2Fnuma_node&path=%2F%2Fsys%2Fdevices%2Fpci0000%3A00%2F0000%3A00%3A03.6%2Fdriver%2F0000%3A00%3A03.1%2Fdriver%2F0000%3A00%3A03.6 HTTP/1.1" 200 3044 "-" "Mozilla/5.0 AppleWebKit/537.36 (KHTML, like Gecko; compatible; ClaudeBot/1.0; +claudebot@anthropic.com)"
216.73.216.131 - - [22/Oct/2025:00:51:10 +0000] "GET /privacy-policy?path=%2F%2Fsys%2Fdevices%2Fpci0000%3A00%2F0000%3A00%3A01.0%2Ffirmware_node%2Fsubsystem%2Fdevices%2Fdevice%3A2d%2Fpower HTTP/1.1" 200 3877 "-" "Mozilla/5.0 AppleWebKit/537.36 (KHTML, like Gecko; compatible; ClaudeBot/1.0; +claudebot@anthropic.com)"
216.73.216.131 - - [22/Oct/2025:00:51:11 +0000] "GET /enterprise-operations?fileloc=%2F%2Fbin%2Funzip&path=%2F%2Fbin HTTP/1.1" 200 87279 "-" "Mozilla/5.0 AppleWebKit/537.36 (KHTML, like Gecko; compatible; ClaudeBot/1.0; +claudebot@anthropic.com)"
216.73.216.131 - - [22/Oct/2025:00:51:11 +0000] "GET /privacy-policy?fileloc=%2F%2Fsys%2Fdevices%2Fpci0000%3A00%2F0000%3A00%3A02.3%2Fdriver%2F0000%3A00%3A02.1%2Fdriver%2F0000%3A00%3A02.0%2Fmodalias&path=%2F%2Fsys%2Fdevices%2Fpci0000%3A00%2F0000%3A00%3A02.3%2Fdriver%2F0000%3A00%3A02.1%2Fdriver%2F0000%3A00%3A02.0 HTTP/1.1" 200 3078 "-" "Mozilla/5.0 AppleWebKit/537.36 (KHTML, like Gecko; compatible; ClaudeBot/1.0; +claudebot@anthropic.com)"
216.73.216.131 - - [22/Oct/2025:00:51:11 +0000] "GET /privacy-policy?fileloc=%2F%2Fsys%2Fdevices%2Fpci0000%3A00%2F0000%3A00%3A03.7%2Fdriver%2F0000%3A00%3A02.1%2Fdriver%2F0000%3A00%3A03.3%2Faer_dev_correctable&path=%2F%2Fsys%2Fdevices%2Fpci0000%3A00%2F0000%3A00%3A03.7%2Fdriver%2F0000%3A00%3A02.1%2Fdriver%2F0000%3A00%3A03.3 HTTP/1.1" 200 3133 "-" "Mozilla/5.0 AppleWebKit/537.36 (KHTML, like Gecko; compatible; ClaudeBot/1.0; +claudebot@anthropic.com)"
20.171.207.80 - - [22/Oct/2025:00:51:11 +0000] "GET /?path=//sys/class/net/enp1s0/device/net/enp1s0/device/subsystem/devices/virtio1/subsystem/drivers/virtio_blk/virtio1/subsystem/drivers/virtio_blk HTTP/1.1" 200 3752 "-" "Mozilla/5.0 AppleWebKit/537.36 (KHTML, like Gecko; compatible; GPTBot/1.2; +https://openai.com/gptbot)"
216.73.216.131 - - [22/Oct/2025:00:51:11 +0000] "GET /privacy-policy?fileloc=%2F%2Fsys%2Fdevices%2Fpci0000%3A00%2F0000%3A00%3A03.7%2Fdriver%2F0000%3A00%3A03.1%2Fdriver%2F0000%3A00%3A02.3%2Faer_dev_correctable&path=%2F%2Fsys%2Fdevices%2Fpci0000%3A00%2F0000%3A00%3A03.7%2Fdriver%2F0000%3A00%3A03.1%2Fdriver%2F0000%3A00%3A02.3 HTTP/1.1" 200 3133 "-" "Mozilla/5.0 AppleWebKit/537.36 (KHTML, like Gecko; compatible; ClaudeBot/1.0; +claudebot@anthropic.com)"
216.73.216.131 - - [22/Oct/2025:00:51:11 +0000] "GET /enterprise-operations?fileloc=%2F%2Fsbin%2Fvigr&path=%2F%2Fsbin HTTP/1.1" 200 23931 "-" "Mozilla/5.0 AppleWebKit/537.36 (KHTML, like Gecko; compatible; ClaudeBot/1.0; +claudebot@anthropic.com)"
216.73.216.131 - - [22/Oct/2025:00:51:12 +0000] "GET /privacy-policy?path=%2F%2Fsys%2Fdevices%2Fpci0000%3A00%2F0000%3A00%3A02.3%2Fdriver%2F0000%3A00%3A02.1%2Fdriver%2F0000%3A00%3A03.2%2Fmsi_irqs HTTP/1.1" 200 3439 "-" "Mozilla/5.0 AppleWebKit/537.36 (KHTML, like Gecko; compatible; ClaudeBot/1.0; +claudebot@anthropic.com)"
216.73.216.131 - - [22/Oct/2025:00:51:12 +0000] "GET /cloud-security?fileloc=%2F%2Fusr%2Fshare%2Fman%2Fman2%2Fioctl_iflags.2.gz&path=%2F%2Fusr%2Fshare%2Fman%2Fman2 HTTP/1.1" 200 5492 "-" "Mozilla/5.0 AppleWebKit/537.36 (KHTML, like Gecko; compatible; ClaudeBot/1.0; +claudebot@anthropic.com)"
216.73.216.131 - - [22/Oct/2025:00:51:12 +0000] "GET /privacy-policy?path=%2F%2Fsys%2Fdevices%2Fpci0000%3A00%2F0000%3A00%3A02.3%2Fdriver%2F0000%3A00%3A02.0%2Fdriver%2F0000%3A00%3A02.0%2F0000%3A00%3A02.0%3Apcie010 HTTP/1.1" 200 3608 "-" "Mozilla/5.0 AppleWebKit/537.36 (KHTML, like Gecko; compatible; ClaudeBot/1.0; +claudebot@anthropic.com)"
216.73.216.131 - - [22/Oct/2025:00:51:12 +0000] "GET /privacy-policy?path=%2F%2Fsys%2Fdevices%2Fpci0000%3A00%2F0000%3A00%3A03.6%2Fdriver%2F0000%3A00%3A04.1%2Fdriver%2F0000%3A00%3A03.6%2F0000%3A00%3A03.6%3Apcie002 HTTP/1.1" 200 3653 "-" "Mozilla/5.0 AppleWebKit/537.36 (KHTML, like Gecko; compatible; ClaudeBot/1.0; +claudebot@anthropic.com)"
216.73.216.131 - - [22/Oct/2025:00:51:12 +0000] "GET /privacy-policy?fileloc=%2F%2Fsys%2Fdevices%2Fpci0000%3A00%2F0000%3A00%3A03.6%2Fdriver%2F0000%3A00%3A03.3%2Fdriver%2F0000%3A00%3A03.0%2Fmax_link_width&path=%2F%2Fsys%2Fdevices%2Fpci0000%3A00%2F0000%3A00%3A03.6%2Fdriver%2F0000%3A00%3A03.3%2Fdriver%2F0000%3A00%3A03.0 HTTP/1.1" 200 3053 "-" "Mozilla/5.0 AppleWebKit/537.36 (KHTML, like Gecko; compatible; ClaudeBot/1.0; +claudebot@anthropic.com)"
20.171.207.198 - - [22/Oct/2025:00:51:12 +0000] "GET /?path=//sys/class/net/enp1s0/device/net/enp1s0/device/subsystem/devices/virtio1/block/vda/subsystem/sr0/subsystem/vda/subsystem/vda/subsystem/loop7/subsystem/vda/holders HTTP/1.1" 200 3262 "-" "Mozilla/5.0 AppleWebKit/537.36 (KHTML, like Gecko; compatible; GPTBot/1.2; +https://openai.com/gptbot)"
216.73.216.131 - - [22/Oct/2025:00:51:12 +0000] "GET /privacy-policy?path=%2F%2Fsys%2Fdevices%2Fpci0000%3A00%2F0000%3A00%3A03.0%2Ffirmware_node%2Fsubsystem%2Fdevices%2Fdevice%3A1a%2Fpower HTTP/1.1" 200 3878 "-" "Mozilla/5.0 AppleWebKit/537.36 (KHTML, like Gecko; compatible; ClaudeBot/1.0; +claudebot@anthropic.com)"
216.73.216.131 - - [22/Oct/2025:00:51:13 +0000] "GET /enterprise-operations?fileloc=%2F%2Fbin%2Fgrub-mkrelpath&path=%2F%2Fbin HTTP/1.1" 200 97792 "-" "Mozilla/5.0 AppleWebKit/537.36 (KHTML, like Gecko; compatible; ClaudeBot/1.0; +claudebot@anthropic.com)"
216.73.216.131 - - [22/Oct/2025:00:51:13 +0000] "GET /privacy-policy?fileloc=%2F%2Fsys%2Fdevices%2Fpci0000%3A00%2F0000%3A00%3A03.7%2Fdriver%2F0000%3A00%3A03.1%2Fdriver%2F0000%3A00%3A02.6%2Fcurrent_link_width&path=%2F%2Fsys%2Fdevices%2Fpci0000%3A00%2F0000%3A00%3A03.7%2Fdriver%2F0000%3A00%3A03.1%2Fdriver%2F0000%3A00%3A02.6 HTTP/1.1" 200 3058 "-" "Mozilla/5.0 AppleWebKit/537.36 (KHTML, like Gecko; compatible; ClaudeBot/1.0; +claudebot@anthropic.com)"
216.73.216.131 - - [22/Oct/2025:00:51:13 +0000] "GET /privacy-policy?fileloc=%2F%2Fsys%2Fdevices%2Fpci0000%3A00%2F0000%3A00%3A03.7%2Fdriver%2F0000%3A00%3A02.1%2Fdriver%2F0000%3A00%3A03.6%2Fcurrent_link_width&path=%2F%2Fsys%2Fdevices%2Fpci0000%3A00%2F0000%3A00%3A03.7%2Fdriver%2F0000%3A00%3A02.1%2Fdriver%2F0000%3A00%3A03.6 HTTP/1.1" 200 3059 "-" "Mozilla/5.0 AppleWebKit/537.36 (KHTML, like Gecko; compatible; ClaudeBot/1.0; +claudebot@anthropic.com)"
20.171.207.80 - - [22/Oct/2025:00:51:13 +0000] "GET /?path=//sys/class/net/enp1s0/device/net/enp1s0/device/subsystem/drivers/virtio_blk/virtio1/block/vda/device/block/vda/subsystem/vda1/subsystem/vda/device/block/vda/mq HTTP/1.1" 200 3585 "-" "Mozilla/5.0 AppleWebKit/537.36 (KHTML, like Gecko; compatible; GPTBot/1.2; +https://openai.com/gptbot)"
