20.171.207.198 - - [22/Oct/2025:00:34:05 +0000] "GET /?path=//sys/class/net/enp1s0/device/net/enp1s0/device/subsystem/devices/virtio1/block/vda/subsystem/sr0/bdi/subsystem/7:5 HTTP/1.1" 200 4161 "-" "Mozilla/5.0 AppleWebKit/537.36 (KHTML, like Gecko; compatible; GPTBot/1.2; +https://openai.com/gptbot)"
54.204.62.163 - - [22/Oct/2025:00:34:06 +0000] "GET /data-centers/?fileloc=//var/lib/dpkg/cmethopt&path=//var/lib/dpkg HTTP/1.1" 200 2968 "-" "Mozilla/5.0 AppleWebKit/537.36 (KHTML, like Gecko; compatible; Amazonbot/0.1; +https://developer.amazon.com/support/amazonbot) Chrome/119.0.6045.214 Safari/537.36"
20.171.207.80 - - [22/Oct/2025:00:34:06 +0000] "GET /?fileloc=//sys/class/net/enp1s0/device/net/enp1s0/device/subsystem/drivers/virtio_scsi/bind&path=//sys/class/net/enp1s0/device/net/enp1s0/device/subsystem/drivers/virtio_scsi HTTP/1.1" 200 3071 "-" "Mozilla/5.0 AppleWebKit/537.36 (KHTML, like Gecko; compatible; GPTBot/1.2; +https://openai.com/gptbot)"
20.171.207.80 - - [22/Oct/2025:00:34:08 +0000] "GET /?fileloc=//sys/class/net/enp1s0/device/net/enp1s0/device/net/enp1s0/ifindex&path=//sys/class/net/enp1s0/device/net/enp1s0/device/net/enp1s0 HTTP/1.1" 200 3034 "-" "Mozilla/5.0 AppleWebKit/537.36 (KHTML, like Gecko; compatible; GPTBot/1.2; +https://openai.com/gptbot)"
20.171.207.80 - - [22/Oct/2025:00:34:08 +0000] "GET /?fileloc=//sys/class/net/enp1s0/device/net/enp1s0/device/net/enp1s0/ifalias&path=//sys/class/net/enp1s0/device/net/enp1s0/device/net/enp1s0 HTTP/1.1" 200 3033 "-" "Mozilla/5.0 AppleWebKit/537.36 (KHTML, like Gecko; compatible; GPTBot/1.2; +https://openai.com/gptbot)"
20.171.207.198 - - [22/Oct/2025:00:34:09 +0000] "GET /?path=//sys/class/net/enp1s0/device/net/enp1s0/device/subsystem/devices/virtio1/block/vda/subsystem/loop4/bdi/subsystem/7:0 HTTP/1.1" 200 4159 "-" "Mozilla/5.0 AppleWebKit/537.36 (KHTML, like Gecko; compatible; GPTBot/1.2; +https://openai.com/gptbot)"
52.203.237.170 - - [22/Oct/2025:00:34:09 +0000] "GET /contact-u/?fileloc=//proc/49/net/icmp6&path=//proc/49/net HTTP/1.1" 200 3050 "-" "Mozilla/5.0 AppleWebKit/537.36 (KHTML, like Gecko; compatible; Amazonbot/0.1; +https://developer.amazon.com/support/amazonbot) Chrome/119.0.6045.214 Safari/537.36"
20.171.207.80 - - [22/Oct/2025:00:34:10 +0000] "GET /?fileloc=//sys/class/net/enp1s0/device/net/enp1s0/device/net/enp1s0/testing&path=//sys/class/net/enp1s0/device/net/enp1s0/device/net/enp1s0 HTTP/1.1" 200 3033 "-" "Mozilla/5.0 AppleWebKit/537.36 (KHTML, like Gecko; compatible; GPTBot/1.2; +https://openai.com/gptbot)"
20.171.207.80 - - [22/Oct/2025:00:34:11 +0000] "GET /?fileloc=//sys/class/net/enp1s0/device/net/enp1s0/device/net/enp1s0/threaded&path=//sys/class/net/enp1s0/device/net/enp1s0/device/net/enp1s0 HTTP/1.1" 200 3035 "-" "Mozilla/5.0 AppleWebKit/537.36 (KHTML, like Gecko; compatible; GPTBot/1.2; +https://openai.com/gptbot)"
20.171.207.80 - - [22/Oct/2025:00:34:12 +0000] "GET /?path=//sys/class/net/enp1s0/device/net/enp1s0/device/net/enp1s0/power HTTP/1.1" 200 3849 "-" "Mozilla/5.0 AppleWebKit/537.36 (KHTML, like Gecko; compatible; GPTBot/1.2; +https://openai.com/gptbot)"
66.249.64.130 - - [22/Oct/2025:00:34:13 +0000] "GET /?path=//sys/class/tty/tty8/subsystem/ttyS16/subsystem/ttyS7/subsystem/ttyS29/subsystem/tty32/subsystem/ttyS29/subsystem/tty10/subsystem/ttyS12 HTTP/1.1" 200 4460 "-" "Mozilla/5.0 (Linux; Android 6.0.1; Nexus 5X Build/MMB29P) AppleWebKit/537.36 (KHTML, like Gecko) Chrome/141.0.7390.107 Mobile Safari/537.36 (compatible; Googlebot/2.1; +http://www.google.com/bot.html)"
20.171.207.198 - - [22/Oct/2025:00:34:13 +0000] "GET /?path=//sys/class/net/enp1s0/device/net/enp1s0/device/subsystem/devices/virtio1/block/vda/subsystem/loop3/bdi/subsystem/7:2 HTTP/1.1" 200 4159 "-" "Mozilla/5.0 AppleWebKit/537.36 (KHTML, like Gecko; compatible; GPTBot/1.2; +https://openai.com/gptbot)"
46.202.218.201 - - [22/Oct/2025:00:34:13 +0000] "GET /contact-u/ HTTP/1.1" 200 4342 "-" "Mozilla/5.0 (X11; Ubuntu; Linux x86_64; rv:114.0) Gecko/20100101 Firefox/114.0"
20.171.207.80 - - [22/Oct/2025:00:34:14 +0000] "GET /?path=//sys/class/net/enp1s0/device/net/enp1s0/device/net/enp1s0/queues HTTP/1.1" 200 3473 "-" "Mozilla/5.0 AppleWebKit/537.36 (KHTML, like Gecko; compatible; GPTBot/1.2; +https://openai.com/gptbot)"
34.192.125.239 - - [22/Oct/2025:00:34:14 +0000] "GET /career/?fileloc=//run/udev/data/c4:60&path=//run/udev/data HTTP/1.1" 200 3002 "-" "Mozilla/5.0 AppleWebKit/537.36 (KHTML, like Gecko; compatible; Amazonbot/0.1; +https://developer.amazon.com/support/amazonbot) Chrome/119.0.6045.214 Safari/537.36"
20.171.207.80 - - [22/Oct/2025:00:34:14 +0000] "GET /?fileloc=//sys/class/net/enp1s0/device/net/enp1s0/device/net/enp1s0/address&path=//sys/class/net/enp1s0/device/net/enp1s0/device/net/enp1s0 HTTP/1.1" 200 3048 "-" "Mozilla/5.0 AppleWebKit/537.36 (KHTML, like Gecko; compatible; GPTBot/1.2; +https://openai.com/gptbot)"
46.202.218.201 - - [22/Oct/2025:00:34:14 +0000] "GET /contact-u/?fileloc=/opt/wpsites/datacloudnow.com/readme.html&path=/opt/wpsites/datacloudnow.com HTTP/1.1" 200 6465 "https://datacloudnow.com/contact-u/" "Mozilla/5.0 (X11; Ubuntu; Linux x86_64; rv:114.0) Gecko/20100101 Firefox/114.0"
46.202.218.201 - - [22/Oct/2025:00:34:15 +0000] "GET /contact-u/?fileloc=/opt/wpsites/datacloudnow.com/index.php&path=/opt/wpsites/datacloudnow.com HTTP/1.1" 200 3235 "https://datacloudnow.com/contact-u/" "Mozilla/5.0 (X11; Ubuntu; Linux x86_64; rv:114.0) Gecko/20100101 Firefox/114.0"
20.171.207.80 - - [22/Oct/2025:00:34:16 +0000] "GET /?fileloc=//sys/class/net/enp1s0/device/net/enp1s0/device/subsystem/drivers/virtio_iommu/unbind&path=//sys/class/net/enp1s0/device/net/enp1s0/device/subsystem/drivers/virtio_iommu HTTP/1.1" 200 3074 "-" "Mozilla/5.0 AppleWebKit/537.36 (KHTML, like Gecko; compatible; GPTBot/1.2; +https://openai.com/gptbot)"
46.202.218.201 - - [22/Oct/2025:00:34:16 +0000] "GET /contact-u/?fileloc=/opt/wpsites/datacloudnow.com/license.txt&path=/opt/wpsites/datacloudnow.com HTTP/1.1" 200 11424 "https://datacloudnow.com/contact-u/" "Mozilla/5.0 (X11; Ubuntu; Linux x86_64; rv:114.0) Gecko/20100101 Firefox/114.0"
46.202.218.201 - - [22/Oct/2025:00:34:16 +0000] "GET /contact-u/?fileloc=/opt/wpsites/datacloudnow.com/wp-login.php&path=/opt/wpsites/datacloudnow.com HTTP/1.1" 200 19855 "https://datacloudnow.com/contact-u/" "Mozilla/5.0 (X11; Ubuntu; Linux x86_64; rv:114.0) Gecko/20100101 Firefox/114.0"
20.171.207.198 - - [22/Oct/2025:00:34:17 +0000] "GET /?path=//sys/class/net/enp1s0/device/net/enp1s0/device/subsystem/devices/virtio1/block/vda/subsystem/loop0/bdi/subsystem/7:0 HTTP/1.1" 200 4158 "-" "Mozilla/5.0 AppleWebKit/537.36 (KHTML, like Gecko; compatible; GPTBot/1.2; +https://openai.com/gptbot)"
20.171.207.80 - - [22/Oct/2025:00:34:17 +0000] "GET /?fileloc=//sys/class/net/enp1s0/device/net/enp1s0/device/subsystem/drivers/virtio_scsi/unbind&path=//sys/class/net/enp1s0/device/net/enp1s0/device/subsystem/drivers/virtio_scsi HTTP/1.1" 200 3073 "-" "Mozilla/5.0 AppleWebKit/537.36 (KHTML, like Gecko; compatible; GPTBot/1.2; +https://openai.com/gptbot)"
46.202.218.201 - - [22/Oct/2025:00:34:17 +0000] "GET /contact-u/?fileloc=/opt/wpsites/datacloudnow.com/wp-activate.php&path=/opt/wpsites/datacloudnow.com HTTP/1.1" 200 5856 "https://datacloudnow.com/contact-u/" "Mozilla/5.0 (X11; Ubuntu; Linux x86_64; rv:114.0) Gecko/20100101 Firefox/114.0"
3.224.215.150 - - [22/Oct/2025:00:34:17 +0000] "GET /register/?fileloc=//lib/valgrind/python3.supp&path=//lib/valgrind HTTP/1.1" 200 5656 "-" "Mozilla/5.0 AppleWebKit/537.36 (KHTML, like Gecko; compatible; Amazonbot/0.1; +https://developer.amazon.com/support/amazonbot) Chrome/119.0.6045.214 Safari/537.36"
20.171.207.80 - - [22/Oct/2025:00:34:18 +0000] "GET /?fileloc=//sys/class/net/enp1s0/device/net/enp1s0/device/subsystem/drivers/virtio_console/uevent&path=//sys/class/net/enp1s0/device/net/enp1s0/device/subsystem/drivers/virtio_console HTTP/1.1" 200 3075 "-" "Mozilla/5.0 AppleWebKit/537.36 (KHTML, like Gecko; compatible; GPTBot/1.2; +https://openai.com/gptbot)"
46.202.218.201 - - [22/Oct/2025:00:34:18 +0000] "GET /contact-u/?fileloc=/opt/wpsites/datacloudnow.com/wp-blog-header.php&path=/opt/wpsites/datacloudnow.com HTTP/1.1" 200 3201 "https://datacloudnow.com/contact-u/" "Mozilla/5.0 (X11; Ubuntu; Linux x86_64; rv:114.0) Gecko/20100101 Firefox/114.0"
46.202.218.201 - - [22/Oct/2025:00:34:18 +0000] "GET /contact-u/?fileloc=/opt/wpsites/datacloudnow.com/wp-cron.php&path=/opt/wpsites/datacloudnow.com HTTP/1.1" 200 5267 "https://datacloudnow.com/contact-u/" "Mozilla/5.0 (X11; Ubuntu; Linux x86_64; rv:114.0) Gecko/20100101 Firefox/114.0"
46.202.218.201 - - [22/Oct/2025:00:34:19 +0000] "GET /contact-u/?fileloc=/opt/wpsites/datacloudnow.com/wp-config-sample.php&path=/opt/wpsites/datacloudnow.com HTTP/1.1" 200 4322 "https://datacloudnow.com/contact-u/" "Mozilla/5.0 (X11; Ubuntu; Linux x86_64; rv:114.0) Gecko/20100101 Firefox/114.0"
20.171.207.80 - - [22/Oct/2025:00:34:19 +0000] "GET /?path=//sys/class/net/enp1s0/device/net/enp1s0/device/net/enp1s0/device HTTP/1.1" 200 3886 "-" "Mozilla/5.0 AppleWebKit/537.36 (KHTML, like Gecko; compatible; GPTBot/1.2; +https://openai.com/gptbot)"
20.171.207.198 - - [22/Oct/2025:00:34:20 +0000] "GET /?path=//sys/class/net/enp1s0/device/net/enp1s0/device/subsystem/devices/virtio1/block/vda/subsystem/loop7/bdi/subsystem/7:3 HTTP/1.1" 200 4159 "-" "Mozilla/5.0 AppleWebKit/537.36 (KHTML, like Gecko; compatible; GPTBot/1.2; +https://openai.com/gptbot)"
46.202.218.201 - - [22/Oct/2025:00:34:20 +0000] "GET /contact-u/?fileloc=/opt/wpsites/datacloudnow.com/wp-config.php&path=/opt/wpsites/datacloudnow.com HTTP/1.1" 200 4322 "https://datacloudnow.com/contact-u/" "Mozilla/5.0 (X11; Ubuntu; Linux x86_64; rv:114.0) Gecko/20100101 Firefox/114.0"
20.171.207.80 - - [22/Oct/2025:00:34:21 +0000] "GET /?fileloc=//sys/class/net/enp1s0/device/net/enp1s0/device/subsystem/drivers/virtio_console/unbind&path=//sys/class/net/enp1s0/device/net/enp1s0/device/subsystem/drivers/virtio_console HTTP/1.1" 200 3075 "-" "Mozilla/5.0 AppleWebKit/537.36 (KHTML, like Gecko; compatible; GPTBot/1.2; +https://openai.com/gptbot)"
46.202.218.201 - - [22/Oct/2025:00:34:21 +0000] "GET /contact-u/?fileloc=/opt/wpsites/datacloudnow.com/wp-comments-post.php&path=/opt/wpsites/datacloudnow.com HTTP/1.1" 200 4179 "https://datacloudnow.com/contact-u/" "Mozilla/5.0 (X11; Ubuntu; Linux x86_64; rv:114.0) Gecko/20100101 Firefox/114.0"
100.29.34.97 - - [22/Oct/2025:00:34:22 +0000] "GET /register/?fileloc=//usr/sbin/perlcalls-bpfcc&path=//usr/sbin HTTP/1.1" 200 3009 "-" "Mozilla/5.0 AppleWebKit/537.36 (KHTML, like Gecko; compatible; Amazonbot/0.1; +https://developer.amazon.com/support/amazonbot) Chrome/119.0.6045.214 Safari/537.36"
20.171.207.80 - - [22/Oct/2025:00:34:22 +0000] "GET /?path=//sys/class/net/enp1s0/device/net/enp1s0/device/subsystem/drivers/virtio_blk/virtio1/block/vda/subsystem/vda/vda2/subsystem/vda/subsystem/vda/vda2/subsystem/vda/mq HTTP/1.1" 200 3573 "-" "Mozilla/5.0 AppleWebKit/537.36 (KHTML, like Gecko; compatible; GPTBot/1.2; +https://openai.com/gptbot)"
46.202.218.201 - - [22/Oct/2025:00:34:22 +0000] "GET / HTTP/1.1" 200 4342 "-" "Mozilla/5.0 (X11; Ubuntu; Linux x86_64; rv:114.0) Gecko/20100101 Firefox/114.0"
20.171.207.198 - - [22/Oct/2025:00:34:22 +0000] "GET /?path=//sys/class/net/enp1s0/device/net/enp1s0/device/subsystem/devices/virtio1/block/vda/subsystem/loop5/bdi/subsystem/7:4 HTTP/1.1" 200 4159 "-" "Mozilla/5.0 AppleWebKit/537.36 (KHTML, like Gecko; compatible; GPTBot/1.2; +https://openai.com/gptbot)"
46.202.218.201 - - [22/Oct/2025:00:34:23 +0000] "GET /?path=/ HTTP/1.1" 200 4365 "https://datacloudnow.com/" "Mozilla/5.0 (X11; Ubuntu; Linux x86_64; rv:114.0) Gecko/20100101 Firefox/114.0"
20.171.207.80 - - [22/Oct/2025:00:34:23 +0000] "GET /?path=//sys/class/net/enp1s0/device/net/enp1s0/device/net/enp1s0/subsystem/lo HTTP/1.1" 200 5002 "-" "Mozilla/5.0 AppleWebKit/537.36 (KHTML, like Gecko; compatible; GPTBot/1.2; +https://openai.com/gptbot)"
46.202.218.201 - - [22/Oct/2025:00:34:24 +0000] "GET /?fileloc=/opt/wpsites/datacloudnow.com/xmlrpc.php&path=/opt/wpsites/datacloudnow.com HTTP/1.1" 200 4553 "https://datacloudnow.com/" "Mozilla/5.0 (X11; Ubuntu; Linux x86_64; rv:114.0) Gecko/20100101 Firefox/114.0"
20.171.207.80 - - [22/Oct/2025:00:34:24 +0000] "GET /?fileloc=//sys/class/net/enp1s0/device/net/enp1s0/device/net/enp1s0/power/runtime_suspended_time&path=//sys/class/net/enp1s0/device/net/enp1s0/device/net/enp1s0/power HTTP/1.1" 200 3062 "-" "Mozilla/5.0 AppleWebKit/537.36 (KHTML, like Gecko; compatible; GPTBot/1.2; +https://openai.com/gptbot)"
20.171.207.198 - - [22/Oct/2025:00:34:24 +0000] "GET /?path=//sys/class/net/enp1s0/device/net/enp1s0/device/subsystem/devices/virtio1/block/vda/subsystem/loop4/bdi/subsystem/7:7 HTTP/1.1" 200 4159 "-" "Mozilla/5.0 AppleWebKit/537.36 (KHTML, like Gecko; compatible; GPTBot/1.2; +https://openai.com/gptbot)"
46.202.218.201 - - [22/Oct/2025:00:34:24 +0000] "GET /?path=/opt HTTP/1.1" 200 3397 "https://datacloudnow.com/" "Mozilla/5.0 (X11; Ubuntu; Linux x86_64; rv:114.0) Gecko/20100101 Firefox/114.0"
46.202.218.201 - - [22/Oct/2025:00:34:25 +0000] "GET /?fileloc=/opt/wpsites/datacloudnow.com/wp-trackback.php&path=/opt/wpsites/datacloudnow.com HTTP/1.1" 200 5014 "https://datacloudnow.com/" "Mozilla/5.0 (X11; Ubuntu; Linux x86_64; rv:114.0) Gecko/20100101 Firefox/114.0"
20.171.207.80 - - [22/Oct/2025:00:34:25 +0000] "GET /?fileloc=//sys/class/net/enp1s0/device/net/enp1s0/device/net/enp1s0/link_mode&path=//sys/class/net/enp1s0/device/net/enp1s0/device/net/enp1s0 HTTP/1.1" 200 3034 "-" "Mozilla/5.0 AppleWebKit/537.36 (KHTML, like Gecko; compatible; GPTBot/1.2; +https://openai.com/gptbot)"
18.208.11.93 - - [22/Oct/2025:00:34:26 +0000] "GET /career/?path=//usr/lib/linux-tools-6.8.0-83 HTTP/1.1" 200 3943 "-" "Mozilla/5.0 AppleWebKit/537.36 (KHTML, like Gecko; compatible; Amazonbot/0.1; +https://developer.amazon.com/support/amazonbot) Chrome/119.0.6045.214 Safari/537.36"
46.202.218.201 - - [22/Oct/2025:00:34:26 +0000] "GET /?path=/opt/wpsites HTTP/1.1" 200 3665 "https://datacloudnow.com/" "Mozilla/5.0 (X11; Ubuntu; Linux x86_64; rv:114.0) Gecko/20100101 Firefox/114.0"
20.171.207.80 - - [22/Oct/2025:00:34:26 +0000] "GET /?fileloc=//sys/class/net/enp1s0/device/net/enp1s0/device/net/enp1s0/proto_down&path=//sys/class/net/enp1s0/device/net/enp1s0/device/net/enp1s0 HTTP/1.1" 200 3036 "-" "Mozilla/5.0 AppleWebKit/537.36 (KHTML, like Gecko; compatible; GPTBot/1.2; +https://openai.com/gptbot)"
46.202.218.201 - - [22/Oct/2025:00:34:26 +0000] "GET /?fileloc=/opt/wpsites/datacloudnow.com/wp-signup.php&path=/opt/wpsites/datacloudnow.com HTTP/1.1" 200 13726 "https://datacloudnow.com/" "Mozilla/5.0 (X11; Ubuntu; Linux x86_64; rv:114.0) Gecko/20100101 Firefox/114.0"
20.171.207.198 - - [22/Oct/2025:00:34:26 +0000] "GET /?path=//sys/class/net/enp1s0/device/net/enp1s0/device/subsystem/devices/virtio1/block/vda/subsystem/loop0/bdi/subsystem/7:2 HTTP/1.1" 200 4158 "-" "Mozilla/5.0 AppleWebKit/537.36 (KHTML, like Gecko; compatible; GPTBot/1.2; +https://openai.com/gptbot)"
46.202.218.201 - - [22/Oct/2025:00:34:27 +0000] "GET /?path=/opt/wpsites/datacloudnow.com HTTP/1.1" 200 4342 "https://datacloudnow.com/" "Mozilla/5.0 (X11; Ubuntu; Linux x86_64; rv:114.0) Gecko/20100101 Firefox/114.0"
20.171.207.80 - - [22/Oct/2025:00:34:27 +0000] "GET /?fileloc=//sys/class/net/enp1s0/device/net/enp1s0/device/net/enp1s0/broadcast&path=//sys/class/net/enp1s0/device/net/enp1s0/device/net/enp1s0 HTTP/1.1" 200 3039 "-" "Mozilla/5.0 AppleWebKit/537.36 (KHTML, like Gecko; compatible; GPTBot/1.2; +https://openai.com/gptbot)"
46.202.218.201 - - [22/Oct/2025:00:34:28 +0000] "GET /?fileloc=/opt/wpsites/datacloudnow.com/wp-settings.php&path=/opt/wpsites/datacloudnow.com HTTP/1.1" 200 9305 "https://datacloudnow.com/" "Mozilla/5.0 (X11; Ubuntu; Linux x86_64; rv:114.0) Gecko/20100101 Firefox/114.0"
20.171.207.80 - - [22/Oct/2025:00:34:28 +0000] "GET /?path=//sys/class/net/enp1s0/device/net/enp1s0/device/subsystem/drivers/virtio_blk/virtio1/block/vda/subsystem/vda/vda2/subsystem/vda/subsystem/vda/vda2/subsystem/vda/bdi HTTP/1.1" 200 4235 "-" "Mozilla/5.0 AppleWebKit/537.36 (KHTML, like Gecko; compatible; GPTBot/1.2; +https://openai.com/gptbot)"
20.171.207.198 - - [22/Oct/2025:00:34:29 +0000] "GET /?path=//sys/class/net/enp1s0/device/net/enp1s0/device/subsystem/devices/virtio1/block/vda/subsystem/loop6/bdi/subsystem/7:1 HTTP/1.1" 200 4158 "-" "Mozilla/5.0 AppleWebKit/537.36 (KHTML, like Gecko; compatible; GPTBot/1.2; +https://openai.com/gptbot)"
46.202.218.201 - - [22/Oct/2025:00:34:29 +0000] "GET /?path=/opt/wpsites/datacloudnow.com/wp-admin HTTP/1.1" 200 8289 "https://datacloudnow.com/" "Mozilla/5.0 (X11; Ubuntu; Linux x86_64; rv:114.0) Gecko/20100101 Firefox/114.0"
46.202.218.201 - - [22/Oct/2025:00:34:29 +0000] "GET /?fileloc=/opt/wpsites/datacloudnow.com/wp-mail.php&path=/opt/wpsites/datacloudnow.com HTTP/1.1" 200 6426 "https://datacloudnow.com/" "Mozilla/5.0 (X11; Ubuntu; Linux x86_64; rv:114.0) Gecko/20100101 Firefox/114.0"
18.214.238.178 - - [22/Oct/2025:00:34:29 +0000] "GET /data-centers/?fileloc=//usr/bin/ssh-import-id-lp&path=//usr/bin HTTP/1.1" 200 3446 "-" "Mozilla/5.0 AppleWebKit/537.36 (KHTML, like Gecko; compatible; Amazonbot/0.1; +https://developer.amazon.com/support/amazonbot) Chrome/119.0.6045.214 Safari/537.36"
20.171.207.80 - - [22/Oct/2025:00:34:29 +0000] "GET /?fileloc=//sys/class/net/enp1s0/device/net/enp1s0/device/net/enp1s0/netdev_group&path=//sys/class/net/enp1s0/device/net/enp1s0/device/net/enp1s0 HTTP/1.1" 200 3036 "-" "Mozilla/5.0 AppleWebKit/537.36 (KHTML, like Gecko; compatible; GPTBot/1.2; +https://openai.com/gptbot)"
46.202.218.201 - - [22/Oct/2025:00:34:30 +0000] "GET /?path=/opt/wpsites/datacloudnow.com/wp-content HTTP/1.1" 200 4576 "https://datacloudnow.com/" "Mozilla/5.0 (X11; Ubuntu; Linux x86_64; rv:114.0) Gecko/20100101 Firefox/114.0"
20.171.207.198 - - [22/Oct/2025:00:34:30 +0000] "GET /?path=//sys/class/net/enp1s0/device/net/enp1s0/device/subsystem/devices/virtio1/block/vda/subsystem/loop1/bdi/subsystem/7:2 HTTP/1.1" 200 4158 "-" "Mozilla/5.0 AppleWebKit/537.36 (KHTML, like Gecko; compatible; GPTBot/1.2; +https://openai.com/gptbot)"
4.227.36.108 - - [22/Oct/2025:00:34:30 +0000] "GET /robots.txt HTTP/1.1" 200 4342 "-" "Mozilla/5.0 (Macintosh; Intel Mac OS X 10_15_7) AppleWebKit/537.36 (KHTML, like Gecko) Chrome/131.0.0.0 Safari/537.36; compatible; OAI-SearchBot/1.0; +https://openai.com/searchbot"
46.202.218.201 - - [22/Oct/2025:00:34:30 +0000] "GET /?fileloc=/opt/wpsites/datacloudnow.com/wp-login.php&path=/opt/wpsites/datacloudnow.com HTTP/1.1" 200 19855 "https://datacloudnow.com/" "Mozilla/5.0 (X11; Ubuntu; Linux x86_64; rv:114.0) Gecko/20100101 Firefox/114.0"
20.171.207.80 - - [22/Oct/2025:00:34:30 +0000] "GET /?path=//sys/class/net/enp1s0/device/net/enp1s0/device/net/enp1s0/device/net HTTP/1.1" 200 3398 "-" "Mozilla/5.0 AppleWebKit/537.36 (KHTML, like Gecko; compatible; GPTBot/1.2; +https://openai.com/gptbot)"
46.202.218.201 - - [22/Oct/2025:00:34:31 +0000] "GET /?path=/opt/wpsites/datacloudnow.com/wp-includes HTTP/1.1" 200 15300 "https://datacloudnow.com/" "Mozilla/5.0 (X11; Ubuntu; Linux x86_64; rv:114.0) Gecko/20100101 Firefox/114.0"
46.202.218.201 - - [22/Oct/2025:00:34:32 +0000] "GET /?fileloc=/opt/wpsites/datacloudnow.com/wp-load.php&path=/opt/wpsites/datacloudnow.com HTTP/1.1" 200 4871 "https://datacloudnow.com/" "Mozilla/5.0 (X11; Ubuntu; Linux x86_64; rv:114.0) Gecko/20100101 Firefox/114.0"
20.171.207.198 - - [22/Oct/2025:00:34:32 +0000] "GET /?path=//sys/class/net/enp1s0/device/net/enp1s0/device/subsystem/devices/virtio1/block/vda/subsystem/sr0/bdi/subsystem/7:3 HTTP/1.1" 200 4161 "-" "Mozilla/5.0 AppleWebKit/537.36 (KHTML, like Gecko; compatible; GPTBot/1.2; +https://openai.com/gptbot)"
20.171.207.80 - - [22/Oct/2025:00:34:32 +0000] "GET /?path=//sys/class/net/enp1s0/device/net/enp1s0/device/net/enp1s0/device/subsystem HTTP/1.1" 200 3727 "-" "Mozilla/5.0 AppleWebKit/537.36 (KHTML, like Gecko; compatible; GPTBot/1.2; +https://openai.com/gptbot)"
46.202.218.201 - - [22/Oct/2025:00:34:33 +0000] "GET /?fileloc=/opt/wpsites/datacloudnow.com/index.php&path=/opt/wpsites/datacloudnow.com HTTP/1.1" 200 3235 "https://datacloudnow.com/" "Mozilla/5.0 (X11; Ubuntu; Linux x86_64; rv:114.0) Gecko/20100101 Firefox/114.0"
66.249.64.131 - - [22/Oct/2025:00:34:33 +0000] "GET /?fileloc=//sys/class/tty/tty8/subsystem/ttyS16/subsystem/ttyS7/subsystem/ttyS29/subsystem/tty32/subsystem/tty19/subsystem/ttyS29/power/runtime_enabled&path=//sys/class/tty/tty8/subsystem/ttyS16/subsystem/ttyS7/subsystem/ttyS29/subsystem/tty32/subsystem/tty19/subsystem/ttyS29/power HTTP/1.1" 200 3155 "-" "Mozilla/5.0 (Linux; Android 6.0.1; Nexus 5X Build/MMB29P) AppleWebKit/537.36 (KHTML, like Gecko) Chrome/141.0.7390.107 Mobile Safari/537.36 (compatible; Googlebot/2.1; +http://www.google.com/bot.html)"
20.171.207.80 - - [22/Oct/2025:00:34:33 +0000] "GET /?path=//sys/class/net/enp1s0/device/net/enp1s0/device/subsystem/drivers/virtio_blk/virtio1/block/vda/subsystem/vda/vda2/subsystem/vda/subsystem/vda/subsystem/vda/vda2/trace HTTP/1.1" 200 3829 "-" "Mozilla/5.0 AppleWebKit/537.36 (KHTML, like Gecko; compatible; GPTBot/1.2; +https://openai.com/gptbot)"
20.171.207.198 - - [22/Oct/2025:00:34:33 +0000] "GET /?path=//sys/class/net/enp1s0/device/net/enp1s0/device/subsystem/devices/virtio1/block/vda/subsystem/loop0/bdi/subsystem/7:3 HTTP/1.1" 200 4158 "-" "Mozilla/5.0 AppleWebKit/537.36 (KHTML, like Gecko; compatible; GPTBot/1.2; +https://openai.com/gptbot)"
46.202.218.201 - - [22/Oct/2025:00:34:33 +0000] "GET /?fileloc=/opt/wpsites/datacloudnow.com/wp-links-opml.php&path=/opt/wpsites/datacloudnow.com HTTP/1.1" 200 4242 "https://datacloudnow.com/" "Mozilla/5.0 (X11; Ubuntu; Linux x86_64; rv:114.0) Gecko/20100101 Firefox/114.0"
100.28.44.58 - - [22/Oct/2025:00:34:33 +0000] "GET /contact-u/?fileloc=//sys/module/xz_dec/uevent&path=//sys/module/xz_dec HTTP/1.1" 200 2984 "-" "Mozilla/5.0 AppleWebKit/537.36 (KHTML, like Gecko; compatible; Amazonbot/0.1; +https://developer.amazon.com/support/amazonbot) Chrome/119.0.6045.214 Safari/537.36"
66.249.64.130 - - [22/Oct/2025:00:34:33 +0000] "GET /?path=//sys/class/tty/tty8/subsystem/ttyS16/subsystem/ttyS7/subsystem/ttyS29/subsystem/tty32/subsystem/ttyS29/subsystem/tty10/subsystem/tty9 HTTP/1.1" 200 3762 "-" "Mozilla/5.0 (Linux; Android 6.0.1; Nexus 5X Build/MMB29P) AppleWebKit/537.36 (KHTML, like Gecko) Chrome/141.0.7390.107 Mobile Safari/537.36 (compatible; Googlebot/2.1; +http://www.google.com/bot.html)"
46.202.218.201 - - [22/Oct/2025:00:34:34 +0000] "GET /?fileloc=/opt/wpsites/datacloudnow.com/license.txt&path=/opt/wpsites/datacloudnow.com HTTP/1.1" 200 11424 "https://datacloudnow.com/" "Mozilla/5.0 (X11; Ubuntu; Linux x86_64; rv:114.0) Gecko/20100101 Firefox/114.0"
20.171.207.80 - - [22/Oct/2025:00:34:34 +0000] "GET /?fileloc=//sys/class/net/enp1s0/device/net/enp1s0/device/net/enp1s0/subsystem/lo/operstate&path=//sys/class/net/enp1s0/device/net/enp1s0/device/net/enp1s0/subsystem/lo HTTP/1.1" 200 3071 "-" "Mozilla/5.0 AppleWebKit/537.36 (KHTML, like Gecko; compatible; GPTBot/1.2; +https://openai.com/gptbot)"
46.202.218.201 - - [22/Oct/2025:00:34:34 +0000] "GET /?fileloc=/opt/wpsites/datacloudnow.com/wp-cron.php&path=/opt/wpsites/datacloudnow.com HTTP/1.1" 200 5267 "https://datacloudnow.com/" "Mozilla/5.0 (X11; Ubuntu; Linux x86_64; rv:114.0) Gecko/20100101 Firefox/114.0"
20.171.207.198 - - [22/Oct/2025:00:34:35 +0000] "GET /?path=//sys/class/net/enp1s0/device/net/enp1s0/device/subsystem/devices/virtio1/block/vda/subsystem/loop4/bdi/subsystem/7:3 HTTP/1.1" 200 4159 "-" "Mozilla/5.0 AppleWebKit/537.36 (KHTML, like Gecko; compatible; GPTBot/1.2; +https://openai.com/gptbot)"
46.202.218.201 - - [22/Oct/2025:00:34:35 +0000] "GET /?fileloc=/opt/wpsites/datacloudnow.com/readme.html&path=/opt/wpsites/datacloudnow.com HTTP/1.1" 200 6465 "https://datacloudnow.com/" "Mozilla/5.0 (X11; Ubuntu; Linux x86_64; rv:114.0) Gecko/20100101 Firefox/114.0"
46.202.218.201 - - [22/Oct/2025:00:34:36 +0000] "GET /?fileloc=/opt/wpsites/datacloudnow.com/wp-config.php&path=/opt/wpsites/datacloudnow.com HTTP/1.1" 200 4322 "https://datacloudnow.com/" "Mozilla/5.0 (X11; Ubuntu; Linux x86_64; rv:114.0) Gecko/20100101 Firefox/114.0"
20.171.207.80 - - [22/Oct/2025:00:34:36 +0000] "GET /?path=//sys/class/net/enp1s0/device/net/enp1s0/device/subsystem/drivers/virtio_blk/virtio1/block/vda/subsystem/vda/vda2/subsystem/vda/subsystem/vda/vda2/subsystem/vda/trace HTTP/1.1" 200 3825 "-" "Mozilla/5.0 AppleWebKit/537.36 (KHTML, like Gecko; compatible; GPTBot/1.2; +https://openai.com/gptbot)"
20.171.207.198 - - [22/Oct/2025:00:34:36 +0000] "GET /?path=//sys/class/net/enp1s0/device/net/enp1s0/device/subsystem/devices/virtio1/block/vda/subsystem/loop5/bdi/subsystem/7:3 HTTP/1.1" 200 4159 "-" "Mozilla/5.0 AppleWebKit/537.36 (KHTML, like Gecko; compatible; GPTBot/1.2; +https://openai.com/gptbot)"
20.171.207.80 - - [22/Oct/2025:00:34:36 +0000] "GET /?fileloc=//sys/class/net/enp1s0/device/net/enp1s0/device/net/enp1s0/subsystem/lo/threaded&path=//sys/class/net/enp1s0/device/net/enp1s0/device/net/enp1s0/subsystem/lo HTTP/1.1" 200 3066 "-" "Mozilla/5.0 AppleWebKit/537.36 (KHTML, like Gecko; compatible; GPTBot/1.2; +https://openai.com/gptbot)"
20.171.207.198 - - [22/Oct/2025:00:34:37 +0000] "GET /?path=//sys/class/net/enp1s0/device/net/enp1s0/device/subsystem/devices/virtio1/block/vda/subsystem/loop3/bdi/subsystem/7:4 HTTP/1.1" 200 4159 "-" "Mozilla/5.0 AppleWebKit/537.36 (KHTML, like Gecko; compatible; GPTBot/1.2; +https://openai.com/gptbot)"
46.202.218.201 - - [22/Oct/2025:00:34:37 +0000] "GET /?fileloc=/opt/wpsites/datacloudnow.com/wp-activate.php&path=/opt/wpsites/datacloudnow.com HTTP/1.1" 200 5856 "https://datacloudnow.com/" "Mozilla/5.0 (X11; Ubuntu; Linux x86_64; rv:114.0) Gecko/20100101 Firefox/114.0"
46.202.218.201 - - [22/Oct/2025:00:34:37 +0000] "GET /?fileloc=/opt/wpsites/datacloudnow.com/wp-config-sample.php&path=/opt/wpsites/datacloudnow.com HTTP/1.1" 200 4322 "https://datacloudnow.com/" "Mozilla/5.0 (X11; Ubuntu; Linux x86_64; rv:114.0) Gecko/20100101 Firefox/114.0"
20.171.207.80 - - [22/Oct/2025:00:34:38 +0000] "GET /?fileloc=//sys/class/net/enp1s0/device/net/enp1s0/device/net/enp1s0/subsystem/lo/broadcast&path=//sys/class/net/enp1s0/device/net/enp1s0/device/net/enp1s0/subsystem/lo HTTP/1.1" 200 3071 "-" "Mozilla/5.0 AppleWebKit/537.36 (KHTML, like Gecko; compatible; GPTBot/1.2; +https://openai.com/gptbot)"
46.202.218.201 - - [22/Oct/2025:00:34:38 +0000] "GET /?fileloc=/opt/wpsites/datacloudnow.com/wp-blog-header.php&path=/opt/wpsites/datacloudnow.com HTTP/1.1" 200 3201 "https://datacloudnow.com/" "Mozilla/5.0 (X11; Ubuntu; Linux x86_64; rv:114.0) Gecko/20100101 Firefox/114.0"
20.171.207.198 - - [22/Oct/2025:00:34:38 +0000] "GET /?path=//sys/class/net/enp1s0/device/net/enp1s0/device/subsystem/devices/virtio1/block/vda/subsystem/loop0/mq/0/cpu0 HTTP/1.1" 200 3228 "-" "Mozilla/5.0 AppleWebKit/537.36 (KHTML, like Gecko; compatible; GPTBot/1.2; +https://openai.com/gptbot)"
46.202.218.201 - - [22/Oct/2025:00:34:39 +0000] "GET /?fileloc=/opt/wpsites/datacloudnow.com/wp-comments-post.php&path=/opt/wpsites/datacloudnow.com HTTP/1.1" 200 4179 "https://datacloudnow.com/" "Mozilla/5.0 (X11; Ubuntu; Linux x86_64; rv:114.0) Gecko/20100101 Firefox/114.0"
100.29.107.38 - - [22/Oct/2025:00:34:39 +0000] "GET /automations/?fileloc=//var/log/nginx/error.log.1&path=//var/log/nginx HTTP/1.1" 200 3765 "-" "Mozilla/5.0 AppleWebKit/537.36 (KHTML, like Gecko; compatible; Amazonbot/0.1; +https://developer.amazon.com/support/amazonbot) Chrome/119.0.6045.214 Safari/537.36"
20.171.207.80 - - [22/Oct/2025:00:34:39 +0000] "GET /?path=//sys/class/net/enp1s0/device/net/enp1s0/device/net/enp1s0/subsystem/lo/power HTTP/1.1" 200 3890 "-" "Mozilla/5.0 AppleWebKit/537.36 (KHTML, like Gecko; compatible; GPTBot/1.2; +https://openai.com/gptbot)"
20.171.207.198 - - [22/Oct/2025:00:34:39 +0000] "GET /?path=//sys/class/net/enp1s0/device/net/enp1s0/device/subsystem/devices/virtio1/block/vda/subsystem/loop5/bdi/subsystem/7:5 HTTP/1.1" 200 4158 "-" "Mozilla/5.0 AppleWebKit/537.36 (KHTML, like Gecko; compatible; GPTBot/1.2; +https://openai.com/gptbot)"
46.202.218.201 - - [22/Oct/2025:00:34:39 +0000] "GET /contact-u/?fileloc=/opt/wpsites/datacloudnow.com/wp-signup.php&path=/opt/wpsites/datacloudnow.com HTTP/1.1" 200 13726 "https://datacloudnow.com/contact-u/" "Mozilla/5.0 (X11; Ubuntu; Linux x86_64; rv:114.0) Gecko/20100101 Firefox/114.0"
46.202.218.201 - - [22/Oct/2025:00:34:40 +0000] "GET /contact-u/?path=/opt/wpsites/datacloudnow.com/wp-content HTTP/1.1" 200 4576 "https://datacloudnow.com/contact-u/" "Mozilla/5.0 (X11; Ubuntu; Linux x86_64; rv:114.0) Gecko/20100101 Firefox/114.0"
20.171.207.80 - - [22/Oct/2025:00:34:40 +0000] "GET /?path=//sys/class/net/enp1s0/device/net/enp1s0/device/net/enp1s0/subsystem/lo/subsystem HTTP/1.1" 200 3500 "-" "Mozilla/5.0 AppleWebKit/537.36 (KHTML, like Gecko; compatible; GPTBot/1.2; +https://openai.com/gptbot)"
20.171.207.198 - - [22/Oct/2025:00:34:40 +0000] "GET /?path=//sys/class/net/enp1s0/device/net/enp1s0/device/subsystem/devices/virtio1/block/vda/subsystem/sr0/bdi/subsystem/7:7 HTTP/1.1" 200 4161 "-" "Mozilla/5.0 AppleWebKit/537.36 (KHTML, like Gecko; compatible; GPTBot/1.2; +https://openai.com/gptbot)"
46.202.218.201 - - [22/Oct/2025:00:34:40 +0000] "GET /contact-u/?path=/opt/wpsites/datacloudnow.com/wp-admin HTTP/1.1" 200 8289 "https://datacloudnow.com/contact-u/" "Mozilla/5.0 (X11; Ubuntu; Linux x86_64; rv:114.0) Gecko/20100101 Firefox/114.0"
46.202.218.201 - - [22/Oct/2025:00:34:41 +0000] "GET /contact-u/?path=/opt HTTP/1.1" 200 3397 "https://datacloudnow.com/contact-u/" "Mozilla/5.0 (X11; Ubuntu; Linux x86_64; rv:114.0) Gecko/20100101 Firefox/114.0"
20.171.207.80 - - [22/Oct/2025:00:34:41 +0000] "GET /?path=//sys/class/net/enp1s0/device/net/enp1s0/device/subsystem/drivers/virtio_blk/virtio1/block/vda/subsystem/vda/vda2/subsystem/vda/subsystem/vda/subsystem/vda/vda1/trace HTTP/1.1" 200 3835 "-" "Mozilla/5.0 AppleWebKit/537.36 (KHTML, like Gecko; compatible; GPTBot/1.2; +https://openai.com/gptbot)"
46.202.218.201 - - [22/Oct/2025:00:34:41 +0000] "GET /contact-u/?fileloc=/opt/wpsites/datacloudnow.com/wp-load.php&path=/opt/wpsites/datacloudnow.com HTTP/1.1" 200 4871 "https://datacloudnow.com/contact-u/" "Mozilla/5.0 (X11; Ubuntu; Linux x86_64; rv:114.0) Gecko/20100101 Firefox/114.0"
46.202.218.201 - - [22/Oct/2025:00:34:42 +0000] "GET /contact-u/?fileloc=/opt/wpsites/datacloudnow.com/wp-links-opml.php&path=/opt/wpsites/datacloudnow.com HTTP/1.1" 200 4242 "https://datacloudnow.com/contact-u/" "Mozilla/5.0 (X11; Ubuntu; Linux x86_64; rv:114.0) Gecko/20100101 Firefox/114.0"
20.171.207.198 - - [22/Oct/2025:00:34:42 +0000] "GET /?path=//sys/class/net/enp1s0/device/net/enp1s0/device/subsystem/devices/virtio1/block/vda/subsystem/loop0/bdi/subsystem/7:3/power HTTP/1.1" 200 3976 "-" "Mozilla/5.0 AppleWebKit/537.36 (KHTML, like Gecko; compatible; GPTBot/1.2; +https://openai.com/gptbot)"
46.202.218.201 - - [22/Oct/2025:00:34:42 +0000] "GET /contact-u/?path=/opt/wpsites HTTP/1.1" 200 3665 "https://datacloudnow.com/contact-u/" "Mozilla/5.0 (X11; Ubuntu; Linux x86_64; rv:114.0) Gecko/20100101 Firefox/114.0"
20.171.207.80 - - [22/Oct/2025:00:34:42 +0000] "GET /?path=//sys/class/net/enp1s0/device/net/enp1s0/device/subsystem/drivers/virtio_blk/virtio1/block/vda/subsystem/vda/vda2/subsystem/vda/subsystem/vda/vda2/subsystem/vda/queue HTTP/1.1" 200 5524 "-" "Mozilla/5.0 AppleWebKit/537.36 (KHTML, like Gecko; compatible; GPTBot/1.2; +https://openai.com/gptbot)"
46.202.218.201 - - [22/Oct/2025:00:34:42 +0000] "GET /contact-u/?path=/opt/wpsites/datacloudnow.com/wp-includes HTTP/1.1" 200 15300 "https://datacloudnow.com/contact-u/" "Mozilla/5.0 (X11; Ubuntu; Linux x86_64; rv:114.0) Gecko/20100101 Firefox/114.0"
20.171.207.198 - - [22/Oct/2025:00:34:42 +0000] "GET /?path=//sys/class/net/enp1s0/device/net/enp1s0/device/subsystem/devices/virtio1/block/vda/subsystem/loop3/bdi/subsystem/7:7 HTTP/1.1" 200 4159 "-" "Mozilla/5.0 AppleWebKit/537.36 (KHTML, like Gecko; compatible; GPTBot/1.2; +https://openai.com/gptbot)"
46.202.218.201 - - [22/Oct/2025:00:34:43 +0000] "GET /contact-u/?fileloc=/opt/wpsites/datacloudnow.com/xmlrpc.php&path=/opt/wpsites/datacloudnow.com HTTP/1.1" 200 4553 "https://datacloudnow.com/contact-u/" "Mozilla/5.0 (X11; Ubuntu; Linux x86_64; rv:114.0) Gecko/20100101 Firefox/114.0"
34.225.87.80 - - [22/Oct/2025:00:34:43 +0000] "GET /register/?fileloc=//proc/thread-self/sessionid&path=//proc/thread-self HTTP/1.1" 200 2969 "-" "Mozilla/5.0 AppleWebKit/537.36 (KHTML, like Gecko; compatible; Amazonbot/0.1; +https://developer.amazon.com/support/amazonbot) Chrome/119.0.6045.214 Safari/537.36"
46.202.218.201 - - [22/Oct/2025:00:34:43 +0000] "GET /contact-u/?fileloc=/opt/wpsites/datacloudnow.com/wp-trackback.php&path=/opt/wpsites/datacloudnow.com HTTP/1.1" 200 5014 "https://datacloudnow.com/contact-u/" "Mozilla/5.0 (X11; Ubuntu; Linux x86_64; rv:114.0) Gecko/20100101 Firefox/114.0"
20.171.207.80 - - [22/Oct/2025:00:34:43 +0000] "GET /?fileloc=//sys/class/net/enp1s0/device/net/enp1s0/device/net/enp1s0/operstate&path=//sys/class/net/enp1s0/device/net/enp1s0/device/net/enp1s0 HTTP/1.1" 200 3036 "-" "Mozilla/5.0 AppleWebKit/537.36 (KHTML, like Gecko; compatible; GPTBot/1.2; +https://openai.com/gptbot)"
20.171.207.198 - - [22/Oct/2025:00:34:44 +0000] "GET /?path=//sys/class/net/enp1s0/device/net/enp1s0/device/subsystem/devices/virtio1/block/vda/subsystem/loop1/bdi/subsystem/7:6 HTTP/1.1" 200 4158 "-" "Mozilla/5.0 AppleWebKit/537.36 (KHTML, like Gecko; compatible; GPTBot/1.2; +https://openai.com/gptbot)"
20.171.207.80 - - [22/Oct/2025:00:34:45 +0000] "GET /?path=//sys/class/net/enp1s0/device/net/enp1s0/device/subsystem/drivers/virtio_blk/virtio1/block/vda/subsystem/loop0/subsystem/vda/subsystem/vda/subsystem/loop3/integrity HTTP/1.1" 200 3901 "-" "Mozilla/5.0 AppleWebKit/537.36 (KHTML, like Gecko; compatible; GPTBot/1.2; +https://openai.com/gptbot)"
20.171.207.198 - - [22/Oct/2025:00:34:45 +0000] "GET /?path=//sys/class/net/enp1s0/device/net/enp1s0/device/subsystem/devices/virtio1/block/vda/subsystem/loop3/bdi/subsystem/7:3 HTTP/1.1" 200 4158 "-" "Mozilla/5.0 AppleWebKit/537.36 (KHTML, like Gecko; compatible; GPTBot/1.2; +https://openai.com/gptbot)"
98.84.60.17 - - [22/Oct/2025:00:34:46 +0000] "GET /about-us/?path=//proc/907/attr/apparmor HTTP/1.1" 200 3470 "-" "Mozilla/5.0 AppleWebKit/537.36 (KHTML, like Gecko; compatible; Amazonbot/0.1; +https://developer.amazon.com/support/amazonbot) Chrome/119.0.6045.214 Safari/537.36"
20.171.207.80 - - [22/Oct/2025:00:34:46 +0000] "GET /?path=//sys/class/net/enp1s0/device/net/enp1s0/device/subsystem/drivers/virtio_blk/virtio1/block/vda/subsystem/loop0/subsystem/vda/subsystem/vda/subsystem/loop5/holders HTTP/1.1" 200 3251 "-" "Mozilla/5.0 AppleWebKit/537.36 (KHTML, like Gecko; compatible; GPTBot/1.2; +https://openai.com/gptbot)"
20.171.207.198 - - [22/Oct/2025:00:34:46 +0000] "GET /?path=//sys/class/net/enp1s0/device/net/enp1s0/device/subsystem/devices/virtio1/driver/virtio1/block/vda/bdi/subsystem/7:3 HTTP/1.1" 200 4167 "-" "Mozilla/5.0 AppleWebKit/537.36 (KHTML, like Gecko; compatible; GPTBot/1.2; +https://openai.com/gptbot)"
20.171.207.80 - - [22/Oct/2025:00:34:47 +0000] "GET /?path=//sys/class/net/enp1s0/device/net/enp1s0/device/subsystem/drivers/virtio_blk/virtio1/block/vda/subsystem/loop0/subsystem/vda/subsystem/vda/subsystem/loop0/integrity HTTP/1.1" 200 3894 "-" "Mozilla/5.0 AppleWebKit/537.36 (KHTML, like Gecko; compatible; GPTBot/1.2; +https://openai.com/gptbot)"
20.171.207.198 - - [22/Oct/2025:00:34:47 +0000] "GET /?path=//sys/class/net/enp1s0/device/net/enp1s0/device/subsystem/devices/virtio1/block/vda/subsystem/loop5/bdi/subsystem/7:0 HTTP/1.1" 200 4159 "-" "Mozilla/5.0 AppleWebKit/537.36 (KHTML, like Gecko; compatible; GPTBot/1.2; +https://openai.com/gptbot)"
20.171.207.80 - - [22/Oct/2025:00:34:49 +0000] "GET /?path=//sys/class/net/enp1s0/device/net/enp1s0/device/subsystem/drivers/virtio_blk/virtio1/block/vda/subsystem/loop0/subsystem/vda/subsystem/vda/subsystem/loop4/integrity HTTP/1.1" 200 3899 "-" "Mozilla/5.0 AppleWebKit/537.36 (KHTML, like Gecko; compatible; GPTBot/1.2; +https://openai.com/gptbot)"
20.171.207.198 - - [22/Oct/2025:00:34:49 +0000] "GET /?path=//sys/class/net/enp1s0/device/net/enp1s0/device/subsystem/devices/virtio1/driver/virtio1/block/vda/bdi/subsystem/7:0 HTTP/1.1" 200 4167 "-" "Mozilla/5.0 AppleWebKit/537.36 (KHTML, like Gecko; compatible; GPTBot/1.2; +https://openai.com/gptbot)"
20.171.207.80 - - [22/Oct/2025:00:34:49 +0000] "GET /?path=//sys/class/net/enp1s0/device/net/enp1s0/device/subsystem/drivers/virtio_blk/virtio1/block/vda/subsystem/loop0/subsystem/vda/subsystem/vda/subsystem/loop7/holders HTTP/1.1" 200 3251 "-" "Mozilla/5.0 AppleWebKit/537.36 (KHTML, like Gecko; compatible; GPTBot/1.2; +https://openai.com/gptbot)"
44.207.207.36 - - [22/Oct/2025:00:34:49 +0000] "GET /contact-u/?fileloc=//usr/share/doc/dirmngr/changelog.Debian.gz&path=//usr/share/doc/dirmngr HTTP/1.1" 200 9371 "-" "Mozilla/5.0 AppleWebKit/537.36 (KHTML, like Gecko; compatible; Amazonbot/0.1; +https://developer.amazon.com/support/amazonbot) Chrome/119.0.6045.214 Safari/537.36"
20.171.207.198 - - [22/Oct/2025:00:34:49 +0000] "GET /?path=//sys/class/net/enp1s0/device/net/enp1s0/device/subsystem/devices/virtio1/block/vda/subsystem/loop7/bdi/subsystem/7:2 HTTP/1.1" 200 4159 "-" "Mozilla/5.0 AppleWebKit/537.36 (KHTML, like Gecko; compatible; GPTBot/1.2; +https://openai.com/gptbot)"
20.171.207.80 - - [22/Oct/2025:00:34:50 +0000] "GET /?path=//sys/class/net/enp1s0/device/net/enp1s0/device/subsystem/drivers/virtio_blk/virtio1/block/vda/subsystem/loop0/subsystem/vda/subsystem/vda/subsystem/loop2/holders HTTP/1.1" 200 3251 "-" "Mozilla/5.0 AppleWebKit/537.36 (KHTML, like Gecko; compatible; GPTBot/1.2; +https://openai.com/gptbot)"
216.73.216.131 - - [22/Oct/2025:00:34:51 +0000] "GET /privacy-policy?fileloc=%2F%2Fsys%2Fdevices%2Fpci0000%3A00%2F0000%3A00%3A03.7%2Fdriver%2F0000%3A00%3A02.4%2Ffirmware_node%2Fadr&path=%2F%2Fsys%2Fdevices%2Fpci0000%3A00%2F0000%3A00%3A03.7%2Fdriver%2F0000%3A00%3A02.4%2Ffirmware_node HTTP/1.1" 200 3060 "-" "Mozilla/5.0 AppleWebKit/537.36 (KHTML, like Gecko; compatible; ClaudeBot/1.0; +claudebot@anthropic.com)"
216.73.216.131 - - [22/Oct/2025:00:34:52 +0000] "GET /privacy-policy?fileloc=%2F%2Fsys%2Fdevices%2Fpci0000%3A00%2F0000%3A00%3A02.3%2Fdriver%2F0000%3A00%3A03.6%2Ffirmware_node%2Fadr&path=%2F%2Fsys%2Fdevices%2Fpci0000%3A00%2F0000%3A00%3A02.3%2Fdriver%2F0000%3A00%3A03.6%2Ffirmware_node HTTP/1.1" 200 3058 "-" "Mozilla/5.0 AppleWebKit/537.36 (KHTML, like Gecko; compatible; ClaudeBot/1.0; +claudebot@anthropic.com)"
216.73.216.131 - - [22/Oct/2025:00:34:52 +0000] "GET /privacy-policy?fileloc=%2F%2Fsys%2Fdevices%2Fpci0000%3A00%2F0000%3A00%3A03.6%2Fdriver%2F0000%3A00%3A02.3%2Ffirmware_node%2Fadr&path=%2F%2Fsys%2Fdevices%2Fpci0000%3A00%2F0000%3A00%3A03.6%2Fdriver%2F0000%3A00%3A02.3%2Ffirmware_node HTTP/1.1" 200 3060 "-" "Mozilla/5.0 AppleWebKit/537.36 (KHTML, like Gecko; compatible; ClaudeBot/1.0; +claudebot@anthropic.com)"
20.171.207.198 - - [22/Oct/2025:00:34:52 +0000] "GET /?path=//sys/class/net/enp1s0/device/net/enp1s0/device/subsystem/devices/virtio1/block/vda/subsystem/loop4/bdi/subsystem/7:1 HTTP/1.1" 200 4158 "-" "Mozilla/5.0 AppleWebKit/537.36 (KHTML, like Gecko; compatible; GPTBot/1.2; +https://openai.com/gptbot)"
216.73.216.131 - - [22/Oct/2025:00:34:52 +0000] "GET /privacy-policy?fileloc=%2F%2Fsys%2Fblock%2Floop3%2Fext_range&path=%2F%2Fsys%2Fblock%2Floop3 HTTP/1.1" 200 2981 "-" "Mozilla/5.0 AppleWebKit/537.36 (KHTML, like Gecko; compatible; ClaudeBot/1.0; +claudebot@anthropic.com)"
216.73.216.131 - - [22/Oct/2025:00:34:53 +0000] "GET /privacy-policy?fileloc=%2F%2Fsys%2Fkernel%2Fslab%2Fextent_status%2Fhwcache_align&path=%2F%2Fsys%2Fkernel%2Fslab%2Fextent_status HTTP/1.1" 200 3005 "-" "Mozilla/5.0 AppleWebKit/537.36 (KHTML, like Gecko; compatible; ClaudeBot/1.0; +claudebot@anthropic.com)"
216.73.216.131 - - [22/Oct/2025:00:34:53 +0000] "GET /privacy-policy?fileloc=%2F%2Fsys%2Fdevices%2Fpci0000%3A00%2F0000%3A00%3A03.6%2Fdriver%2F0000%3A00%3A02.0%2Ffirmware_node%2Fadr&path=%2F%2Fsys%2Fdevices%2Fpci0000%3A00%2F0000%3A00%3A03.6%2Fdriver%2F0000%3A00%3A02.0%2Ffirmware_node HTTP/1.1" 200 3060 "-" "Mozilla/5.0 AppleWebKit/537.36 (KHTML, like Gecko; compatible; ClaudeBot/1.0; +claudebot@anthropic.com)"
216.73.216.131 - - [22/Oct/2025:00:34:53 +0000] "GET /privacy-policy?fileloc=%2F%2Fsys%2Fkernel%2Fslab%2Ffuse_request%2Falign&path=%2F%2Fsys%2Fkernel%2Fslab%2Ffuse_request HTTP/1.1" 200 2995 "-" "Mozilla/5.0 AppleWebKit/537.36 (KHTML, like Gecko; compatible; ClaudeBot/1.0; +claudebot@anthropic.com)"
216.73.216.131 - - [22/Oct/2025:00:34:53 +0000] "GET /privacy-policy?fileloc=%2F%2Fsys%2Fkernel%2Fslab%2F%3A0000072%2Fslabs_cpu_partial&path=%2F%2Fsys%2Fkernel%2Fslab%2F%3A0000072 HTTP/1.1" 200 3005 "-" "Mozilla/5.0 AppleWebKit/537.36 (KHTML, like Gecko; compatible; ClaudeBot/1.0; +claudebot@anthropic.com)"
216.73.216.131 - - [22/Oct/2025:00:34:53 +0000] "GET /privacy-policy?fileloc=%2F%2Fsys%2Fkernel%2Fslab%2Fjbd2_transaction_s%2Fvalidate&path=%2F%2Fsys%2Fkernel%2Fslab%2Fjbd2_transaction_s HTTP/1.1" 200 3003 "-" "Mozilla/5.0 AppleWebKit/537.36 (KHTML, like Gecko; compatible; ClaudeBot/1.0; +claudebot@anthropic.com)"
20.171.207.80 - - [22/Oct/2025:00:34:53 +0000] "GET /?path=//sys/class/net/enp1s0/device/net/enp1s0/device/subsystem/drivers/virtio_blk/virtio1/block/vda/subsystem/loop0/subsystem/vda/subsystem/vda/subsystem/loop4/holders HTTP/1.1" 200 3267 "-" "Mozilla/5.0 AppleWebKit/537.36 (KHTML, like Gecko; compatible; GPTBot/1.2; +https://openai.com/gptbot)"
216.73.216.131 - - [22/Oct/2025:00:34:53 +0000] "GET /privacy-policy?fileloc=%2F%2Fsys%2Fdevices%2Fpci0000%3A00%2F0000%3A00%3A03.7%2Fdriver%2F0000%3A00%3A03.4%2Ffirmware_node%2Fadr&path=%2F%2Fsys%2Fdevices%2Fpci0000%3A00%2F0000%3A00%3A03.7%2Fdriver%2F0000%3A00%3A03.4%2Ffirmware_node HTTP/1.1" 200 3055 "-" "Mozilla/5.0 AppleWebKit/537.36 (KHTML, like Gecko; compatible; ClaudeBot/1.0; +claudebot@anthropic.com)"
216.73.216.131 - - [22/Oct/2025:00:34:53 +0000] "GET /privacy-policy?path=%2F%2Fsys%2Fdev%2Fchar%2F189%3A1 HTTP/1.1" 200 4987 "-" "Mozilla/5.0 AppleWebKit/537.36 (KHTML, like Gecko; compatible; ClaudeBot/1.0; +claudebot@anthropic.com)"
216.73.216.131 - - [22/Oct/2025:00:34:53 +0000] "GET /privacy-policy?fileloc=%2F%2Fsys%2Fdevices%2Fpci0000%3A00%2F0000%3A00%3A03.6%2Fdriver%2F0000%3A00%3A03.3%2Ffirmware_node%2Fadr&path=%2F%2Fsys%2Fdevices%2Fpci0000%3A00%2F0000%3A00%3A03.6%2Fdriver%2F0000%3A00%3A03.3%2Ffirmware_node HTTP/1.1" 200 3054 "-" "Mozilla/5.0 AppleWebKit/537.36 (KHTML, like Gecko; compatible; ClaudeBot/1.0; +claudebot@anthropic.com)"
216.73.216.131 - - [22/Oct/2025:00:34:54 +0000] "GET /privacy-policy?path=%2F%2Fsys%2Fdevices%2Fpci0000%3A00%2Ffirmware_node%2Fwakeup%2Fwakeup32%2Fdevice%2Fpower HTTP/1.1" 200 3850 "-" "Mozilla/5.0 AppleWebKit/537.36 (KHTML, like Gecko; compatible; ClaudeBot/1.0; +claudebot@anthropic.com)"
20.171.207.198 - - [22/Oct/2025:00:34:54 +0000] "GET /?path=//sys/class/net/enp1s0/device/net/enp1s0/device/subsystem/devices/virtio1/block/vda/subsystem/vda/subsystem/vda/vda1/subsystem/vda/device/subsystem HTTP/1.1" 200 3857 "-" "Mozilla/5.0 AppleWebKit/537.36 (KHTML, like Gecko; compatible; GPTBot/1.2; +https://openai.com/gptbot)"
216.73.216.131 - - [22/Oct/2025:00:34:54 +0000] "GET /privacy-policy?fileloc=%2F%2Fsys%2Fkernel%2Fslab%2Fdma-kmalloc-4k%2Ftotal_objects&path=%2F%2Fsys%2Fkernel%2Fslab%2Fdma-kmalloc-4k HTTP/1.1" 200 3010 "-" "Mozilla/5.0 AppleWebKit/537.36 (KHTML, like Gecko; compatible; ClaudeBot/1.0; +claudebot@anthropic.com)"
216.73.216.131 - - [22/Oct/2025:00:34:54 +0000] "GET /privacy-policy?fileloc=%2F%2Fsys%2Fmodule%2Fghash_clmulni_intel%2Fsections%2F.note.Linux&path=%2F%2Fsys%2Fmodule%2Fghash_clmulni_intel%2Fsections HTTP/1.1" 200 3005 "-" "Mozilla/5.0 AppleWebKit/537.36 (KHTML, like Gecko; compatible; ClaudeBot/1.0; +claudebot@anthropic.com)"
216.73.216.131 - - [22/Oct/2025:00:34:54 +0000] "GET /privacy-policy?fileloc=%2F%2Fsys%2Fdevices%2Fpci0000%3A00%2F0000%3A00%3A03.6%2Fdriver%2F0000%3A00%3A03.0%2Ffirmware_node%2Fadr&path=%2F%2Fsys%2Fdevices%2Fpci0000%3A00%2F0000%3A00%3A03.6%2Fdriver%2F0000%3A00%3A03.0%2Ffirmware_node HTTP/1.1" 200 3056 "-" "Mozilla/5.0 AppleWebKit/537.36 (KHTML, like Gecko; compatible; ClaudeBot/1.0; +claudebot@anthropic.com)"
66.249.64.130 - - [22/Oct/2025:00:34:54 +0000] "GET /?path=//sys/class/tty/tty8/subsystem/ttyS16/subsystem/ttyS7/subsystem/ttyS29/subsystem/tty32/subsystem/ttyS29/subsystem/tty10/subsystem/tty2 HTTP/1.1" 200 3762 "-" "Mozilla/5.0 (Linux; Android 6.0.1; Nexus 5X Build/MMB29P) AppleWebKit/537.36 (KHTML, like Gecko) Chrome/141.0.7390.107 Mobile Safari/537.36 (compatible; Googlebot/2.1; +http://www.google.com/bot.html)"
52.203.65.83 - - [22/Oct/2025:00:34:54 +0000] "GET /data-centers/?fileloc=//usr/bin/sgp_dd&path=//usr/bin HTTP/1.1" 200 20555 "-" "Mozilla/5.0 AppleWebKit/537.36 (KHTML, like Gecko; compatible; Amazonbot/0.1; +https://developer.amazon.com/support/amazonbot) Chrome/119.0.6045.214 Safari/537.36"
216.73.216.131 - - [22/Oct/2025:00:34:54 +0000] "GET /privacy-policy?path=%2F%2Fsys%2Fblock%2Floop7%2Ftrace HTTP/1.1" 200 3549 "-" "Mozilla/5.0 AppleWebKit/537.36 (KHTML, like Gecko; compatible; ClaudeBot/1.0; +claudebot@anthropic.com)"
216.73.216.131 - - [22/Oct/2025:00:34:54 +0000] "GET /privacy-policy?fileloc=%2F%2Fsys%2Fkernel%2Fslab%2Fextent_status%2Fusersize&path=%2F%2Fsys%2Fkernel%2Fslab%2Fextent_status HTTP/1.1" 200 3000 "-" "Mozilla/5.0 AppleWebKit/537.36 (KHTML, like Gecko; compatible; ClaudeBot/1.0; +claudebot@anthropic.com)"
216.73.216.131 - - [22/Oct/2025:00:34:54 +0000] "GET /privacy-policy?fileloc=%2F%2Fsys%2Fkernel%2Fslab%2Fsgpool-64%2Fvalidate&path=%2F%2Fsys%2Fkernel%2Fslab%2Fsgpool-64 HTTP/1.1" 200 2999 "-" "Mozilla/5.0 AppleWebKit/537.36 (KHTML, like Gecko; compatible; ClaudeBot/1.0; +claudebot@anthropic.com)"
20.171.207.80 - - [22/Oct/2025:00:34:54 +0000] "GET /?path=//sys/class/net/enp1s0/device/net/enp1s0/device/subsystem/drivers/virtio_blk/virtio1/block/vda/subsystem/loop0/subsystem/vda/subsystem/vda/subsystem/loop7/integrity HTTP/1.1" 200 3901 "-" "Mozilla/5.0 AppleWebKit/537.36 (KHTML, like Gecko; compatible; GPTBot/1.2; +https://openai.com/gptbot)"
216.73.216.131 - - [22/Oct/2025:00:34:54 +0000] "GET /privacy-policy?fileloc=%2F%2Fsys%2Fkernel%2Fslab%2Fkmalloc-cg-4k%2Ftotal_objects&path=%2F%2Fsys%2Fkernel%2Fslab%2Fkmalloc-cg-4k HTTP/1.1" 200 3009 "-" "Mozilla/5.0 AppleWebKit/537.36 (KHTML, like Gecko; compatible; ClaudeBot/1.0; +claudebot@anthropic.com)"
216.73.216.131 - - [22/Oct/2025:00:34:54 +0000] "GET /privacy-policy?path=%2F%2Fsys%2Fdev%2Fchar%2F202%3A0 HTTP/1.1" 200 3576 "-" "Mozilla/5.0 AppleWebKit/537.36 (KHTML, like Gecko; compatible; ClaudeBot/1.0; +claudebot@anthropic.com)"
216.73.216.131 - - [22/Oct/2025:00:34:54 +0000] "GET /privacy-policy?fileloc=%2F%2Fsys%2Fmodule%2Fghash_clmulni_intel%2Fsections%2F.text&path=%2F%2Fsys%2Fmodule%2Fghash_clmulni_intel%2Fsections HTTP/1.1" 200 3005 "-" "Mozilla/5.0 AppleWebKit/537.36 (KHTML, like Gecko; compatible; ClaudeBot/1.0; +claudebot@anthropic.com)"
20.171.207.198 - - [22/Oct/2025:00:34:54 +0000] "GET /?path=//sys/class/net/enp1s0/device/net/enp1s0/device/subsystem/devices/virtio1/block/vda/subsystem/loop7/bdi/subsystem/7:5 HTTP/1.1" 200 4159 "-" "Mozilla/5.0 AppleWebKit/537.36 (KHTML, like Gecko; compatible; GPTBot/1.2; +https://openai.com/gptbot)"
216.73.216.131 - - [22/Oct/2025:00:34:54 +0000] "GET /privacy-policy?fileloc=%2F%2Fsys%2Fblock%2Floop5%2Falignment_offset&path=%2F%2Fsys%2Fblock%2Floop5 HTTP/1.1" 200 2983 "-" "Mozilla/5.0 AppleWebKit/537.36 (KHTML, like Gecko; compatible; ClaudeBot/1.0; +claudebot@anthropic.com)"
216.73.216.131 - - [22/Oct/2025:00:34:55 +0000] "GET /privacy-policy?fileloc=%2F%2Fsys%2Fkernel%2Fslab%2FUDP%2Ftotal_objects&path=%2F%2Fsys%2Fkernel%2Fslab%2FUDP HTTP/1.1" 200 2998 "-" "Mozilla/5.0 AppleWebKit/537.36 (KHTML, like Gecko; compatible; ClaudeBot/1.0; +claudebot@anthropic.com)"
216.73.216.131 - - [22/Oct/2025:00:34:55 +0000] "GET /privacy-policy?fileloc=%2F%2Fsys%2Fblock%2Floop7%2Fevents_async&path=%2F%2Fsys%2Fblock%2Floop7 HTTP/1.1" 200 2984 "-" "Mozilla/5.0 AppleWebKit/537.36 (KHTML, like Gecko; compatible; ClaudeBot/1.0; +claudebot@anthropic.com)"
216.73.216.131 - - [22/Oct/2025:00:34:55 +0000] "GET /privacy-policy?fileloc=%2F%2Fsys%2Fdevices%2Fpci0000%3A00%2F0000%3A00%3A02.3%2Fdriver%2F0000%3A00%3A02.7%2Ffirmware_node%2Fadr&path=%2F%2Fsys%2Fdevices%2Fpci0000%3A00%2F0000%3A00%3A02.3%2Fdriver%2F0000%3A00%3A02.7%2Ffirmware_node HTTP/1.1" 200 3056 "-" "Mozilla/5.0 AppleWebKit/537.36 (KHTML, like Gecko; compatible; ClaudeBot/1.0; +claudebot@anthropic.com)"
216.73.216.131 - - [22/Oct/2025:00:34:55 +0000] "GET /privacy-policy?fileloc=%2F%2Fsys%2Fkernel%2Fslab%2Ffuse_request%2Fmin_partial&path=%2F%2Fsys%2Fkernel%2Fslab%2Ffuse_request HTTP/1.1" 200 3001 "-" "Mozilla/5.0 AppleWebKit/537.36 (KHTML, like Gecko; compatible; ClaudeBot/1.0; +claudebot@anthropic.com)"
216.73.216.131 - - [22/Oct/2025:00:34:55 +0000] "GET /privacy-policy?fileloc=%2F%2Fsys%2Fkernel%2Fslab%2Fjbd2_transaction_s%2Fslabs_cpu_partial&path=%2F%2Fsys%2Fkernel%2Fslab%2Fjbd2_transaction_s HTTP/1.1" 200 3007 "-" "Mozilla/5.0 AppleWebKit/537.36 (KHTML, like Gecko; compatible; ClaudeBot/1.0; +claudebot@anthropic.com)"
216.73.216.131 - - [22/Oct/2025:00:34:55 +0000] "GET /privacy-policy?fileloc=%2F%2Fsys%2Fkernel%2Fslab%2Fpending_reservation%2Ftotal_objects&path=%2F%2Fsys%2Fkernel%2Fslab%2Fpending_reservation HTTP/1.1" 200 3009 "-" "Mozilla/5.0 AppleWebKit/537.36 (KHTML, like Gecko; compatible; ClaudeBot/1.0; +claudebot@anthropic.com)"
