20.171.207.198 - - [22/Oct/2025:00:47:45 +0000] "GET /?path=//sys/class/net/enp1s0/device/net/enp1s0/device/subsystem/devices/virtio1/block/vda/subsystem/vda/subsystem/vda/device/subsystem/drivers/virtiofs/module/notes HTTP/1.1" 200 3682 "-" "Mozilla/5.0 AppleWebKit/537.36 (KHTML, like Gecko; compatible; GPTBot/1.2; +https://openai.com/gptbot)"
20.171.207.80 - - [22/Oct/2025:00:47:46 +0000] "GET /?path=//sys/class/net/enp1s0/device/net/enp1s0/device/subsystem/devices/virtio4/driver/virtio4/subsystem/devices/virtio2/subsystem/drivers/virtio_scsi HTTP/1.1" 200 3680 "-" "Mozilla/5.0 AppleWebKit/537.36 (KHTML, like Gecko; compatible; GPTBot/1.2; +https://openai.com/gptbot)"
20.171.207.198 - - [22/Oct/2025:00:47:46 +0000] "GET /?path=//sys/class/net/enp1s0/device/net/enp1s0/device/driver/virtio0/subsystem/devices/virtio1/block/vda/subsystem/vda/device/subsystem/drivers/virtiofs/module/notes HTTP/1.1" 200 3693 "-" "Mozilla/5.0 AppleWebKit/537.36 (KHTML, like Gecko; compatible; GPTBot/1.2; +https://openai.com/gptbot)"
34.234.206.30 - - [22/Oct/2025:00:47:47 +0000] "GET /data-centers/?path=//sys/class/ata_link/link3 HTTP/1.1" 200 3714 "-" "Mozilla/5.0 AppleWebKit/537.36 (KHTML, like Gecko; compatible; Amazonbot/0.1; +https://developer.amazon.com/support/amazonbot) Chrome/119.0.6045.214 Safari/537.36"
216.73.216.131 - - [22/Oct/2025:00:47:47 +0000] "GET /cloud-security?fileloc=%2F%2Fusr%2Fshare%2Fman%2Fman7%2Fprovider-object.7ssl.gz&path=%2F%2Fusr%2Fshare%2Fman%2Fman7 HTTP/1.1" 200 5979 "-" "Mozilla/5.0 AppleWebKit/537.36 (KHTML, like Gecko; compatible; ClaudeBot/1.0; +claudebot@anthropic.com)"
20.171.207.80 - - [22/Oct/2025:00:47:47 +0000] "GET /?path=//sys/class/net/enp1s0/device/net/enp1s0/device/subsystem/devices/virtio4/driver/virtio4/subsystem/devices/virtio2/subsystem/drivers/virtio_rproc_serial HTTP/1.1" 200 3691 "-" "Mozilla/5.0 AppleWebKit/537.36 (KHTML, like Gecko; compatible; GPTBot/1.2; +https://openai.com/gptbot)"
216.73.216.131 - - [22/Oct/2025:00:47:47 +0000] "GET /enterprise-operations?fileloc=%2Fopt%2Fwpsites%2Fgsudice.dataconn.net%2Fwp-activate.php&path=%2Fopt%2Fwpsites%2Fgsudice.dataconn.net HTTP/1.1" 200 5876 "-" "Mozilla/5.0 AppleWebKit/537.36 (KHTML, like Gecko; compatible; ClaudeBot/1.0; +claudebot@anthropic.com)"
20.171.207.198 - - [22/Oct/2025:00:47:47 +0000] "GET /?path=//sys/class/net/enp1s0/device/net/enp1s0/device/subsystem/devices/virtio3/subsystem/devices/virtio1/block/vda/device/block/vda/subsystem/vda/subsystem/vda1/holders HTTP/1.1" 200 3263 "-" "Mozilla/5.0 AppleWebKit/537.36 (KHTML, like Gecko; compatible; GPTBot/1.2; +https://openai.com/gptbot)"
216.73.216.131 - - [22/Oct/2025:00:47:47 +0000] "GET /cloud-security?fileloc=%2F%2Fusr%2Fshare%2Fman%2Fman7%2Fpassphrase-encoding.7ssl.gz&path=%2F%2Fusr%2Fshare%2Fman%2Fman7 HTTP/1.1" 200 6749 "-" "Mozilla/5.0 AppleWebKit/537.36 (KHTML, like Gecko; compatible; ClaudeBot/1.0; +claudebot@anthropic.com)"
216.73.216.131 - - [22/Oct/2025:00:47:47 +0000] "GET /cloud-security?path=%2F%2Fusr%2Fshare%2Fman%2Ftr%2Fman5 HTTP/1.1" 200 3486 "-" "Mozilla/5.0 AppleWebKit/537.36 (KHTML, like Gecko; compatible; ClaudeBot/1.0; +claudebot@anthropic.com)"
216.73.216.131 - - [22/Oct/2025:00:47:48 +0000] "GET /enterprise-operations?path=%2F%2Fetc%2Flibibverbs.d HTTP/1.1" 200 4038 "-" "Mozilla/5.0 AppleWebKit/537.36 (KHTML, like Gecko; compatible; ClaudeBot/1.0; +claudebot@anthropic.com)"
216.73.216.131 - - [22/Oct/2025:00:47:48 +0000] "GET /enterprise-operations?path=%2F%2Fetc%2Fletsencrypt HTTP/1.1" 200 3878 "-" "Mozilla/5.0 AppleWebKit/537.36 (KHTML, like Gecko; compatible; ClaudeBot/1.0; +claudebot@anthropic.com)"
216.73.216.131 - - [22/Oct/2025:00:47:48 +0000] "GET /enterprise-operations?fileloc=%2F%2Fsbin%2Fupdate-ieee-data&path=%2F%2Fsbin HTTP/1.1" 200 4565 "-" "Mozilla/5.0 AppleWebKit/537.36 (KHTML, like Gecko; compatible; ClaudeBot/1.0; +claudebot@anthropic.com)"
216.73.216.131 - - [22/Oct/2025:00:47:48 +0000] "GET /enterprise-operations?fileloc=%2Fopt%2Fwpsites%2Fgsudice.dataconn.net%2Fwp-settings.php&path=%2Fopt%2Fwpsites%2Fgsudice.dataconn.net HTTP/1.1" 200 9442 "-" "Mozilla/5.0 AppleWebKit/537.36 (KHTML, like Gecko; compatible; ClaudeBot/1.0; +claudebot@anthropic.com)"
216.73.216.131 - - [22/Oct/2025:00:47:48 +0000] "GET /enterprise-operations?path=%2F%2Fetc%2Fssh HTTP/1.1" 200 4009 "-" "Mozilla/5.0 AppleWebKit/537.36 (KHTML, like Gecko; compatible; ClaudeBot/1.0; +claudebot@anthropic.com)"
216.73.216.131 - - [22/Oct/2025:00:47:48 +0000] "GET /enterprise-operations?fileloc=%2F%2Fbin%2Fx86_64-linux-gnu-strings&path=%2F%2Fbin HTTP/1.1" 200 14494 "-" "Mozilla/5.0 AppleWebKit/537.36 (KHTML, like Gecko; compatible; ClaudeBot/1.0; +claudebot@anthropic.com)"
216.73.216.131 - - [22/Oct/2025:00:47:48 +0000] "GET /enterprise-operations?fileloc=%2Fopt%2Fwpsites%2Fdatacloudnow.com%2Fwp-admin%2Fimages%2Fdate-button-2x.gif&path=%2Fopt%2Fwpsites%2Fdatacloudnow.com%2Fwp-admin%2Fimages HTTP/1.1" 200 3939 "-" "Mozilla/5.0 AppleWebKit/537.36 (KHTML, like Gecko; compatible; ClaudeBot/1.0; +claudebot@anthropic.com)"
216.73.216.131 - - [22/Oct/2025:00:47:48 +0000] "GET /privacy-policy?path=%2F%2Fusr%2Flocal%2Fshare%2Fsgml%2Fdtd HTTP/1.1" 200 3060 "-" "Mozilla/5.0 AppleWebKit/537.36 (KHTML, like Gecko; compatible; ClaudeBot/1.0; +claudebot@anthropic.com)"
216.73.216.131 - - [22/Oct/2025:00:47:48 +0000] "GET /enterprise-operations?fileloc=%2F%2Fbin%2Fpython3.12-config&path=%2F%2Fbin HTTP/1.1" 200 4161 "-" "Mozilla/5.0 AppleWebKit/537.36 (KHTML, like Gecko; compatible; ClaudeBot/1.0; +claudebot@anthropic.com)"
216.73.216.131 - - [22/Oct/2025:00:47:48 +0000] "GET /enterprise-operations?fileloc=%2Fopt%2Fwpsites%2Fgsudice.dataconn.net%2Fxmlrpc.php&path=%2Fopt%2Fwpsites%2Fgsudice.dataconn.net HTTP/1.1" 200 4551 "-" "Mozilla/5.0 AppleWebKit/537.36 (KHTML, like Gecko; compatible; ClaudeBot/1.0; +claudebot@anthropic.com)"
20.171.207.80 - - [22/Oct/2025:00:47:49 +0000] "GET /?path=//sys/class/net/enp1s0/device/net/enp1s0/device/subsystem/devices/virtio4/driver/virtio4/subsystem/devices/virtio1/subsystem/drivers/virtio_console HTTP/1.1" 200 3683 "-" "Mozilla/5.0 AppleWebKit/537.36 (KHTML, like Gecko; compatible; GPTBot/1.2; +https://openai.com/gptbot)"
216.73.216.131 - - [22/Oct/2025:00:47:49 +0000] "GET /enterprise-operations?fileloc=%2F%2Fsbin%2Fcppw&path=%2F%2Fsbin HTTP/1.1" 200 20782 "-" "Mozilla/5.0 AppleWebKit/537.36 (KHTML, like Gecko; compatible; ClaudeBot/1.0; +claudebot@anthropic.com)"
20.171.207.198 - - [22/Oct/2025:00:47:49 +0000] "GET /?path=//sys/class/net/enp1s0/device/net/enp1s0/device/subsystem/devices/virtio1/block/vda/subsystem/vda/device/driver/virtio1/subsystem/drivers/virtiofs/module/notes HTTP/1.1" 200 3701 "-" "Mozilla/5.0 AppleWebKit/537.36 (KHTML, like Gecko; compatible; GPTBot/1.2; +https://openai.com/gptbot)"
216.73.216.131 - - [22/Oct/2025:00:47:49 +0000] "GET /cloud-security?path=%2F%2Fusr%2Fshare%2Fman%2Fsr%2Fman5 HTTP/1.1" 200 3366 "-" "Mozilla/5.0 AppleWebKit/537.36 (KHTML, like Gecko; compatible; ClaudeBot/1.0; +claudebot@anthropic.com)"
216.73.216.131 - - [22/Oct/2025:00:47:49 +0000] "GET /enterprise-operations?path=%2F%2Fetc%2Fnewt HTTP/1.1" 200 3446 "-" "Mozilla/5.0 AppleWebKit/537.36 (KHTML, like Gecko; compatible; ClaudeBot/1.0; +claudebot@anthropic.com)"
216.73.216.131 - - [22/Oct/2025:00:47:49 +0000] "GET /cloud-security?fileloc=%2F%2Fusr%2Fshare%2Fman%2Fman2%2Fsync_file_range.2.gz&path=%2F%2Fusr%2Fshare%2Fman%2Fman2 HTTP/1.1" 200 5550 "-" "Mozilla/5.0 AppleWebKit/537.36 (KHTML, like Gecko; compatible; ClaudeBot/1.0; +claudebot@anthropic.com)"
216.73.216.131 - - [22/Oct/2025:00:47:49 +0000] "GET /cloud-security?fileloc=%2F%2Fusr%2Fshare%2Fman%2Fman7%2Fopenssl-env.7ssl.gz&path=%2F%2Fusr%2Fshare%2Fman%2Fman7 HTTP/1.1" 200 5249 "-" "Mozilla/5.0 AppleWebKit/537.36 (KHTML, like Gecko; compatible; ClaudeBot/1.0; +claudebot@anthropic.com)"
216.73.216.131 - - [22/Oct/2025:00:47:50 +0000] "GET /enterprise-operations?fileloc=%2F%2Fsbin%2Fdmidecode&path=%2F%2Fsbin HTTP/1.1" 200 55213 "-" "Mozilla/5.0 AppleWebKit/537.36 (KHTML, like Gecko; compatible; ClaudeBot/1.0; +claudebot@anthropic.com)"
216.73.216.131 - - [22/Oct/2025:00:47:50 +0000] "GET /enterprise-operations?fileloc=%2Fopt%2Fwpsites%2Fdatacloudnow.com%2Fwp-admin%2Fimages%2Floading.gif&path=%2Fopt%2Fwpsites%2Fdatacloudnow.com%2Fwp-admin%2Fimages HTTP/1.1" 200 4310 "-" "Mozilla/5.0 AppleWebKit/537.36 (KHTML, like Gecko; compatible; ClaudeBot/1.0; +claudebot@anthropic.com)"
216.73.216.131 - - [22/Oct/2025:00:47:50 +0000] "GET /cloud-security?fileloc=%2F%2Fusr%2Fshare%2Fman%2Fman7%2Fgitcli.7.gz&path=%2F%2Fusr%2Fshare%2Fman%2Fman7 HTTP/1.1" 200 7072 "-" "Mozilla/5.0 AppleWebKit/537.36 (KHTML, like Gecko; compatible; ClaudeBot/1.0; +claudebot@anthropic.com)"
216.73.216.131 - - [22/Oct/2025:00:47:50 +0000] "GET /enterprise-operations?fileloc=%2Fopt%2Fwpsites%2Fdatacloudnow.com%2Fwp-admin%2Fimages%2Fdate-button.gif&path=%2Fopt%2Fwpsites%2Fdatacloudnow.com%2Fwp-admin%2Fimages HTTP/1.1" 200 3379 "-" "Mozilla/5.0 AppleWebKit/537.36 (KHTML, like Gecko; compatible; ClaudeBot/1.0; +claudebot@anthropic.com)"
216.73.216.131 - - [22/Oct/2025:00:47:50 +0000] "GET /privacy-policy?path=%2F%2Flib%2Fpython3%2Fdist-packages%2Fwadllib%2F__pycache__ HTTP/1.1" 200 3550 "-" "Mozilla/5.0 AppleWebKit/537.36 (KHTML, like Gecko; compatible; ClaudeBot/1.0; +claudebot@anthropic.com)"
216.73.216.131 - - [22/Oct/2025:00:47:50 +0000] "GET /cloud-security?fileloc=%2F%2Fusr%2Fshare%2Fman%2Fman7%2Fcmake-developer.7.gz&path=%2F%2Fusr%2Fshare%2Fman%2Fman7 HTTP/1.1" 200 10450 "-" "Mozilla/5.0 AppleWebKit/537.36 (KHTML, like Gecko; compatible; ClaudeBot/1.0; +claudebot@anthropic.com)"
216.73.216.131 - - [22/Oct/2025:00:47:51 +0000] "GET /enterprise-operations?fileloc=%2F%2Fbin%2Fvmware-namespace-cmd&path=%2F%2Fbin HTTP/1.1" 200 9307 "-" "Mozilla/5.0 AppleWebKit/537.36 (KHTML, like Gecko; compatible; ClaudeBot/1.0; +claudebot@anthropic.com)"
20.171.207.80 - - [22/Oct/2025:00:47:51 +0000] "GET /?path=//sys/class/net/enp1s0/device/net/enp1s0/device/subsystem/devices/virtio1/subsystem/drivers/virtio_balloon/virtio2/subsystem/devices/virtio0/driver HTTP/1.1" 200 3772 "-" "Mozilla/5.0 AppleWebKit/537.36 (KHTML, like Gecko; compatible; GPTBot/1.2; +https://openai.com/gptbot)"
216.73.216.131 - - [22/Oct/2025:00:47:51 +0000] "GET /enterprise-operations?fileloc=%2F%2Fsbin%2Fpythongc-bpfcc&path=%2F%2Fsbin HTTP/1.1" 200 2995 "-" "Mozilla/5.0 AppleWebKit/537.36 (KHTML, like Gecko; compatible; ClaudeBot/1.0; +claudebot@anthropic.com)"
20.171.207.198 - - [22/Oct/2025:00:47:51 +0000] "GET /?path=//sys/class/net/enp1s0/device/net/enp1s0/device/subsystem/devices/virtio1/block/vda/subsystem/sr0/subsystem/vda/subsystem/vda/subsystem/loop3/subsystem/vda/device HTTP/1.1" 200 4131 "-" "Mozilla/5.0 AppleWebKit/537.36 (KHTML, like Gecko; compatible; GPTBot/1.2; +https://openai.com/gptbot)"
216.73.216.131 - - [22/Oct/2025:00:47:51 +0000] "GET /enterprise-operations?path=%2F%2Fvar%2Fopt HTTP/1.1" 200 3029 "-" "Mozilla/5.0 AppleWebKit/537.36 (KHTML, like Gecko; compatible; ClaudeBot/1.0; +claudebot@anthropic.com)"
3.224.104.67 - - [22/Oct/2025:00:47:51 +0000] "GET /register/?path=//usr/share/terminfo/A HTTP/1.1" 200 3365 "-" "Mozilla/5.0 AppleWebKit/537.36 (KHTML, like Gecko; compatible; Amazonbot/0.1; +https://developer.amazon.com/support/amazonbot) Chrome/119.0.6045.214 Safari/537.36"
216.73.216.131 - - [22/Oct/2025:00:47:51 +0000] "GET /enterprise-operations?fileloc=%2F%2Fsbin%2Fadd-shell&path=%2F%2Fsbin HTTP/1.1" 200 3533 "-" "Mozilla/5.0 AppleWebKit/537.36 (KHTML, like Gecko; compatible; ClaudeBot/1.0; +claudebot@anthropic.com)"
216.73.216.131 - - [22/Oct/2025:00:47:51 +0000] "GET /enterprise-operations?fileloc=%2F%2Fsbin%2Fpdata_tools&path=%2F%2Fsbin HTTP/1.1" 200 607537 "-" "Mozilla/5.0 AppleWebKit/537.36 (KHTML, like Gecko; compatible; ClaudeBot/1.0; +claudebot@anthropic.com)"
216.73.216.131 - - [22/Oct/2025:00:47:51 +0000] "GET /enterprise-operations?path=%2F%2Fvar%2Fcache HTTP/1.1" 200 4068 "-" "Mozilla/5.0 AppleWebKit/537.36 (KHTML, like Gecko; compatible; ClaudeBot/1.0; +claudebot@anthropic.com)"
216.73.216.131 - - [22/Oct/2025:00:47:51 +0000] "GET /enterprise-operations?fileloc=%2Fopt%2Fwpsites%2Fgsudice.dataconn.net%2Fwp-config.php&path=%2Fopt%2Fwpsites%2Fgsudice.dataconn.net HTTP/1.1" 200 4344 "-" "Mozilla/5.0 AppleWebKit/537.36 (KHTML, like Gecko; compatible; ClaudeBot/1.0; +claudebot@anthropic.com)"
216.73.216.131 - - [22/Oct/2025:00:47:51 +0000] "GET /enterprise-operations?path=%2F%2Flib%2Fufw HTTP/1.1" 200 3405 "-" "Mozilla/5.0 AppleWebKit/537.36 (KHTML, like Gecko; compatible; ClaudeBot/1.0; +claudebot@anthropic.com)"
216.73.216.131 - - [22/Oct/2025:00:47:51 +0000] "GET /enterprise-operations?fileloc=%2Fopt%2Fwpsites%2Fdatacloudnow.com%2Fwp-admin%2Fimages%2Fresize.gif&path=%2Fopt%2Fwpsites%2Fdatacloudnow.com%2Fwp-admin%2Fimages HTTP/1.1" 200 3104 "-" "Mozilla/5.0 AppleWebKit/537.36 (KHTML, like Gecko; compatible; ClaudeBot/1.0; +claudebot@anthropic.com)"
216.73.216.131 - - [22/Oct/2025:00:47:51 +0000] "GET /enterprise-operations?fileloc=%2F%2Fbin%2Fmysqlbinlog&path=%2F%2Fbin HTTP/1.1" 200 1639318 "-" "Mozilla/5.0 AppleWebKit/537.36 (KHTML, like Gecko; compatible; ClaudeBot/1.0; +claudebot@anthropic.com)"
216.73.216.131 - - [22/Oct/2025:00:47:52 +0000] "GET /cloud-security?fileloc=%2F%2Fusr%2Fshare%2Fman%2Fman7%2Fsystem_data_types.7.gz&path=%2F%2Fusr%2Fshare%2Fman%2Fman7 HTTP/1.1" 200 5451 "-" "Mozilla/5.0 AppleWebKit/537.36 (KHTML, like Gecko; compatible; ClaudeBot/1.0; +claudebot@anthropic.com)"
216.73.216.131 - - [22/Oct/2025:00:47:52 +0000] "GET /enterprise-operations?path=%2F%2Fetc%2Ftmpfiles.d HTTP/1.1" 200 3345 "-" "Mozilla/5.0 AppleWebKit/537.36 (KHTML, like Gecko; compatible; ClaudeBot/1.0; +claudebot@anthropic.com)"
20.171.207.80 - - [22/Oct/2025:00:47:52 +0000] "GET /?path=//sys/class/net/enp1s0/device/net/enp1s0/device/subsystem/devices/virtio4/driver/virtio4/subsystem/devices/virtio3/subsystem/drivers/virtio_net HTTP/1.1" 200 3773 "-" "Mozilla/5.0 AppleWebKit/537.36 (KHTML, like Gecko; compatible; GPTBot/1.2; +https://openai.com/gptbot)"
216.73.216.131 - - [22/Oct/2025:00:47:52 +0000] "GET /enterprise-operations?path=%2F%2Flib%2Fmecab HTTP/1.1" 200 3528 "-" "Mozilla/5.0 AppleWebKit/537.36 (KHTML, like Gecko; compatible; ClaudeBot/1.0; +claudebot@anthropic.com)"
20.171.207.198 - - [22/Oct/2025:00:47:52 +0000] "GET /?path=//sys/class/net/enp1s0/device/net/enp1s0/device/subsystem/devices/virtio4/subsystem/devices/virtio1/block/vda/subsystem/sr0/subsystem/vda/device/block/vda/holders HTTP/1.1" 200 3278 "-" "Mozilla/5.0 AppleWebKit/537.36 (KHTML, like Gecko; compatible; GPTBot/1.2; +https://openai.com/gptbot)"
216.73.216.131 - - [22/Oct/2025:00:47:52 +0000] "GET /enterprise-operations?path=%2F%2Fvar%2Fbackups HTTP/1.1" 200 4968 "-" "Mozilla/5.0 AppleWebKit/537.36 (KHTML, like Gecko; compatible; ClaudeBot/1.0; +claudebot@anthropic.com)"
216.73.216.131 - - [22/Oct/2025:00:47:52 +0000] "GET /cloud-security?fileloc=%2F%2Fusr%2Fshare%2Fman%2Fman2%2Farm_sync_file_range.2.gz&path=%2F%2Fusr%2Fshare%2Fman%2Fman2 HTTP/1.1" 200 5554 "-" "Mozilla/5.0 AppleWebKit/537.36 (KHTML, like Gecko; compatible; ClaudeBot/1.0; +claudebot@anthropic.com)"
216.73.216.131 - - [22/Oct/2025:00:47:52 +0000] "GET /cloud-security?fileloc=%2F%2Fusr%2Fshare%2Fman%2Fman7%2Fgitdiffcore.7.gz&path=%2F%2Fusr%2Fshare%2Fman%2Fman7 HTTP/1.1" 200 8125 "-" "Mozilla/5.0 AppleWebKit/537.36 (KHTML, like Gecko; compatible; ClaudeBot/1.0; +claudebot@anthropic.com)"
216.73.216.131 - - [22/Oct/2025:00:47:52 +0000] "GET /cloud-security?fileloc=%2F%2Fusr%2Fshare%2Fman%2Fman7%2Fopenssl-glossary.7ssl.gz&path=%2F%2Fusr%2Fshare%2Fman%2Fman7 HTTP/1.1" 200 6452 "-" "Mozilla/5.0 AppleWebKit/537.36 (KHTML, like Gecko; compatible; ClaudeBot/1.0; +claudebot@anthropic.com)"
216.73.216.131 - - [22/Oct/2025:00:47:53 +0000] "GET /cloud-security?fileloc=%2F%2Fusr%2Fshare%2Fman%2Fman7%2Fcmake-compile-features.7.gz&path=%2F%2Fusr%2Fshare%2Fman%2Fman7 HTTP/1.1" 200 7073 "-" "Mozilla/5.0 AppleWebKit/537.36 (KHTML, like Gecko; compatible; ClaudeBot/1.0; +claudebot@anthropic.com)"
216.73.216.131 - - [22/Oct/2025:00:47:53 +0000] "GET /enterprise-operations?path=%2F%2Fdev%2Fchar HTTP/1.1" 200 3029 "-" "Mozilla/5.0 AppleWebKit/537.36 (KHTML, like Gecko; compatible; ClaudeBot/1.0; +claudebot@anthropic.com)"
216.73.216.131 - - [22/Oct/2025:00:47:53 +0000] "GET /enterprise-operations?fileloc=%2Fopt%2Fwpsites%2Fgsudice.dataconn.net%2Fwp-config-sample.php&path=%2Fopt%2Fwpsites%2Fgsudice.dataconn.net HTTP/1.1" 200 4323 "-" "Mozilla/5.0 AppleWebKit/537.36 (KHTML, like Gecko; compatible; ClaudeBot/1.0; +claudebot@anthropic.com)"
216.73.216.131 - - [22/Oct/2025:00:47:53 +0000] "GET /enterprise-operations?path=%2F%2Fetc%2Fmodules-load.d HTTP/1.1" 200 3405 "-" "Mozilla/5.0 AppleWebKit/537.36 (KHTML, like Gecko; compatible; ClaudeBot/1.0; +claudebot@anthropic.com)"
216.73.216.131 - - [22/Oct/2025:00:47:53 +0000] "GET /enterprise-operations?fileloc=%2Fopt%2Fwpsites%2Fgsudice.dataconn.net%2Fwp-links-opml.php&path=%2Fopt%2Fwpsites%2Fgsudice.dataconn.net HTTP/1.1" 200 4246 "-" "Mozilla/5.0 AppleWebKit/537.36 (KHTML, like Gecko; compatible; ClaudeBot/1.0; +claudebot@anthropic.com)"
216.73.216.131 - - [22/Oct/2025:00:47:53 +0000] "GET /cloud-security?path=%2F%2Fusr%2Fshare%2Fman%2Fpl%2Fman3 HTTP/1.1" 200 3485 "-" "Mozilla/5.0 AppleWebKit/537.36 (KHTML, like Gecko; compatible; ClaudeBot/1.0; +claudebot@anthropic.com)"
216.73.216.131 - - [22/Oct/2025:00:47:54 +0000] "GET /enterprise-operations?path=%2F%2Fusr%2Fbin HTTP/1.1" 200 54773 "-" "Mozilla/5.0 AppleWebKit/537.36 (KHTML, like Gecko; compatible; ClaudeBot/1.0; +claudebot@anthropic.com)"
20.171.207.198 - - [22/Oct/2025:00:47:54 +0000] "GET /?path=//sys/class/net/enp1s0/device/net/enp1s0/device/driver/virtio0/subsystem/devices/virtio1/block/vda/device/block/vda/device/subsystem/devices/virtio4/driver/module HTTP/1.1" 200 4163 "-" "Mozilla/5.0 AppleWebKit/537.36 (KHTML, like Gecko; compatible; GPTBot/1.2; +https://openai.com/gptbot)"
216.73.216.131 - - [22/Oct/2025:00:47:54 +0000] "GET /cloud-security?fileloc=%2F%2Fusr%2Fshare%2Fman%2Fman7%2Fsystemd.net-naming-scheme.7.gz&path=%2F%2Fusr%2Fshare%2Fman%2Fman7 HTTP/1.1" 200 8788 "-" "Mozilla/5.0 AppleWebKit/537.36 (KHTML, like Gecko; compatible; ClaudeBot/1.0; +claudebot@anthropic.com)"
20.171.207.80 - - [22/Oct/2025:00:47:54 +0000] "GET /?path=//sys/class/net/enp1s0/device/net/enp1s0/device/subsystem/devices/virtio4/driver/virtio4/subsystem/devices/virtio3/subsystem/drivers/virtio_scsi HTTP/1.1" 200 3680 "-" "Mozilla/5.0 AppleWebKit/537.36 (KHTML, like Gecko; compatible; GPTBot/1.2; +https://openai.com/gptbot)"
216.73.216.131 - - [22/Oct/2025:00:47:54 +0000] "GET /enterprise-operations?path=%2F%2Frun%2Ftmpfiles.d HTTP/1.1" 200 3346 "-" "Mozilla/5.0 AppleWebKit/537.36 (KHTML, like Gecko; compatible; ClaudeBot/1.0; +claudebot@anthropic.com)"
216.73.216.131 - - [22/Oct/2025:00:47:54 +0000] "GET /enterprise-operations?path=%2F%2Flib%2Fgrub HTTP/1.1" 200 3637 "-" "Mozilla/5.0 AppleWebKit/537.36 (KHTML, like Gecko; compatible; ClaudeBot/1.0; +claudebot@anthropic.com)"
216.73.216.131 - - [22/Oct/2025:00:47:54 +0000] "GET /enterprise-operations?fileloc=%2Fopt%2Fwpsites%2Fgsudice.dataconn.net%2Fwp-cron.php&path=%2Fopt%2Fwpsites%2Fgsudice.dataconn.net HTTP/1.1" 200 5320 "-" "Mozilla/5.0 AppleWebKit/537.36 (KHTML, like Gecko; compatible; ClaudeBot/1.0; +claudebot@anthropic.com)"
216.73.216.131 - - [22/Oct/2025:00:47:54 +0000] "GET /enterprise-operations?path=%2F%2Fetc%2Fpm HTTP/1.1" 200 3311 "-" "Mozilla/5.0 AppleWebKit/537.36 (KHTML, like Gecko; compatible; ClaudeBot/1.0; +claudebot@anthropic.com)"
216.73.216.131 - - [22/Oct/2025:00:47:54 +0000] "GET /cloud-security?fileloc=%2F%2Fusr%2Fshare%2Fbyobu%2Fprofiles%2Fbashrc&path=%2F%2Fusr%2Fshare%2Fbyobu%2Fprofiles HTTP/1.1" 200 5193 "-" "Mozilla/5.0 AppleWebKit/537.36 (KHTML, like Gecko; compatible; ClaudeBot/1.0; +claudebot@anthropic.com)"
216.73.216.131 - - [22/Oct/2025:00:47:54 +0000] "GET /enterprise-operations?path=%2F%2Fusr%2Fgames HTTP/1.1" 200 3039 "-" "Mozilla/5.0 AppleWebKit/537.36 (KHTML, like Gecko; compatible; ClaudeBot/1.0; +claudebot@anthropic.com)"
34.194.233.48 - - [22/Oct/2025:00:47:54 +0000] "GET /register/?path=//proc/4/attr/smack HTTP/1.1" 200 3352 "-" "Mozilla/5.0 AppleWebKit/537.36 (KHTML, like Gecko; compatible; Amazonbot/0.1; +https://developer.amazon.com/support/amazonbot) Chrome/119.0.6045.214 Safari/537.36"
216.73.216.131 - - [22/Oct/2025:00:47:54 +0000] "GET /enterprise-operations?path=%2F%2Flib%2Flocale HTTP/1.1" 200 3449 "-" "Mozilla/5.0 AppleWebKit/537.36 (KHTML, like Gecko; compatible; ClaudeBot/1.0; +claudebot@anthropic.com)"
216.73.216.131 - - [22/Oct/2025:00:47:54 +0000] "GET /cloud-security?fileloc=%2F%2Fusr%2Fshare%2Fman%2Fman7%2Fcmake-language.7.gz&path=%2F%2Fusr%2Fshare%2Fman%2Fman7 HTTP/1.1" 200 10109 "-" "Mozilla/5.0 AppleWebKit/537.36 (KHTML, like Gecko; compatible; ClaudeBot/1.0; +claudebot@anthropic.com)"
20.171.207.198 - - [22/Oct/2025:00:47:54 +0000] "GET /?path=//sys/class/net/enp1s0/device/net/enp1s0/device/subsystem/devices/virtio4/subsystem/devices/virtio1/block/vda/device/block/vda/subsystem/vda/device/driver/virtio1 HTTP/1.1" 200 4123 "-" "Mozilla/5.0 AppleWebKit/537.36 (KHTML, like Gecko; compatible; GPTBot/1.2; +https://openai.com/gptbot)"
216.73.216.131 - - [22/Oct/2025:00:47:54 +0000] "GET /privacy-policy?fileloc=%2F%2Flib%2Ffirmware%2Fimx%2Fsdma%2Fsdma-imx6q.bin.zst&path=%2F%2Flib%2Ffirmware%2Fimx%2Fsdma HTTP/1.1" 200 4683 "-" "Mozilla/5.0 AppleWebKit/537.36 (KHTML, like Gecko; compatible; ClaudeBot/1.0; +claudebot@anthropic.com)"
20.171.207.80 - - [22/Oct/2025:00:47:54 +0000] "GET /?path=//sys/class/net/enp1s0/device/net/enp1s0/device/subsystem/devices/virtio4/driver/virtio4/subsystem/devices/virtio3/subsystem/drivers/virtio_rng/module HTTP/1.1" 200 4153 "-" "Mozilla/5.0 AppleWebKit/537.36 (KHTML, like Gecko; compatible; GPTBot/1.2; +https://openai.com/gptbot)"
216.73.216.131 - - [22/Oct/2025:00:47:54 +0000] "GET /enterprise-operations?path=%2F%2Fetc%2Fbinfmt.d HTTP/1.1" 200 3032 "-" "Mozilla/5.0 AppleWebKit/537.36 (KHTML, like Gecko; compatible; ClaudeBot/1.0; +claudebot@anthropic.com)"
216.73.216.131 - - [22/Oct/2025:00:47:54 +0000] "GET /privacy-policy?path=%2F%2Flib%2Fpython3%2Fdist-packages%2Facme%2F_internal HTTP/1.1" 200 3571 "-" "Mozilla/5.0 AppleWebKit/537.36 (KHTML, like Gecko; compatible; ClaudeBot/1.0; +claudebot@anthropic.com)"
216.73.216.131 - - [22/Oct/2025:00:47:54 +0000] "GET /enterprise-operations?path=%2F%2Flib%2Fdbus-1.0 HTTP/1.1" 200 3350 "-" "Mozilla/5.0 AppleWebKit/537.36 (KHTML, like Gecko; compatible; ClaudeBot/1.0; +claudebot@anthropic.com)"
216.73.216.131 - - [22/Oct/2025:00:47:54 +0000] "GET /enterprise-operations?path=%2F%2Flib%2Frsyslog HTTP/1.1" 200 3424 "-" "Mozilla/5.0 AppleWebKit/537.36 (KHTML, like Gecko; compatible; ClaudeBot/1.0; +claudebot@anthropic.com)"
216.73.216.131 - - [22/Oct/2025:00:47:54 +0000] "GET /enterprise-operations?path=%2F%2Fetc%2Fgss HTTP/1.1" 200 3325 "-" "Mozilla/5.0 AppleWebKit/537.36 (KHTML, like Gecko; compatible; ClaudeBot/1.0; +claudebot@anthropic.com)"
216.73.216.131 - - [22/Oct/2025:00:47:54 +0000] "GET /cloud-security?fileloc=%2F%2Fusr%2Fshare%2Fman%2Fman7%2Fcmake-generator-expressions.7.gz&path=%2F%2Fusr%2Fshare%2Fman%2Fman7 HTTP/1.1" 200 20770 "-" "Mozilla/5.0 AppleWebKit/537.36 (KHTML, like Gecko; compatible; ClaudeBot/1.0; +claudebot@anthropic.com)"
216.73.216.131 - - [22/Oct/2025:00:47:54 +0000] "GET /enterprise-operations?path=%2F%2Flib%2Fgnupg HTTP/1.1" 200 3676 "-" "Mozilla/5.0 AppleWebKit/537.36 (KHTML, like Gecko; compatible; ClaudeBot/1.0; +claudebot@anthropic.com)"
216.73.216.131 - - [22/Oct/2025:00:47:55 +0000] "GET /cloud-security?fileloc=%2F%2Fusr%2Fshare%2Fman%2Fman7%2Fcmake-cxxmodules.7.gz&path=%2F%2Fusr%2Fshare%2Fman%2Fman7 HTTP/1.1" 200 4711 "-" "Mozilla/5.0 AppleWebKit/537.36 (KHTML, like Gecko; compatible; ClaudeBot/1.0; +claudebot@anthropic.com)"
216.73.216.131 - - [22/Oct/2025:00:47:55 +0000] "GET /cloud-security?fileloc=%2F%2Fusr%2Fshare%2Fman%2Fman7%2Fbash-builtins.7.gz&path=%2F%2Fusr%2Fshare%2Fman%2Fman7 HTTP/1.1" 200 3592 "-" "Mozilla/5.0 AppleWebKit/537.36 (KHTML, like Gecko; compatible; ClaudeBot/1.0; +claudebot@anthropic.com)"
216.73.216.131 - - [22/Oct/2025:00:47:55 +0000] "GET /cloud-security?fileloc=%2F%2Fusr%2Fshare%2Fman%2Fman7%2Fcmake-configure-log.7.gz&path=%2F%2Fusr%2Fshare%2Fman%2Fman7 HTTP/1.1" 200 6255 "-" "Mozilla/5.0 AppleWebKit/537.36 (KHTML, like Gecko; compatible; ClaudeBot/1.0; +claudebot@anthropic.com)"
216.73.216.131 - - [22/Oct/2025:00:47:55 +0000] "GET /enterprise-operations?fileloc=%2F%2Flib%2Flibmpathpersist.so.0&path=%2F%2Flib HTTP/1.1" 200 18086 "-" "Mozilla/5.0 AppleWebKit/537.36 (KHTML, like Gecko; compatible; ClaudeBot/1.0; +claudebot@anthropic.com)"
20.171.207.198 - - [22/Oct/2025:00:47:55 +0000] "GET /?path=//sys/class/net/enp1s0/device/net/enp1s0/device/subsystem/devices/virtio3/subsystem/devices/virtio1/block/vda/device/block/vda/subsystem/vda/subsystem/sr0/integrity HTTP/1.1" 200 3901 "-" "Mozilla/5.0 AppleWebKit/537.36 (KHTML, like Gecko; compatible; GPTBot/1.2; +https://openai.com/gptbot)"
216.73.216.131 - - [22/Oct/2025:00:47:55 +0000] "GET /cloud-security?fileloc=%2F%2Fusr%2Fshare%2Fman%2Fman7%2Fopenssl-core_dispatch.h.7ssl.gz&path=%2F%2Fusr%2Fshare%2Fman%2Fman7 HTTP/1.1" 200 4513 "-" "Mozilla/5.0 AppleWebKit/537.36 (KHTML, like Gecko; compatible; ClaudeBot/1.0; +claudebot@anthropic.com)"
20.171.207.80 - - [22/Oct/2025:00:47:55 +0000] "GET /?path=//sys/class/net/enp1s0/device/net/enp1s0/device/subsystem/devices/virtio1/subsystem/drivers/virtio_balloon/virtio2/subsystem/devices/virtio3/power HTTP/1.1" 200 4000 "-" "Mozilla/5.0 AppleWebKit/537.36 (KHTML, like Gecko; compatible; GPTBot/1.2; +https://openai.com/gptbot)"
216.73.216.131 - - [22/Oct/2025:00:47:55 +0000] "GET /enterprise-operations?path=%2F%2Flib%2Fnetplan HTTP/1.1" 200 3342 "-" "Mozilla/5.0 AppleWebKit/537.36 (KHTML, like Gecko; compatible; ClaudeBot/1.0; +claudebot@anthropic.com)"
216.73.216.131 - - [22/Oct/2025:00:47:56 +0000] "GET /enterprise-operations?fileloc=%2F%2Flib%2Fsftp-server&path=%2F%2Flib HTTP/1.1" 200 41020 "-" "Mozilla/5.0 AppleWebKit/537.36 (KHTML, like Gecko; compatible; ClaudeBot/1.0; +claudebot@anthropic.com)"
216.73.216.131 - - [22/Oct/2025:00:47:56 +0000] "GET /enterprise-operations?fileloc=%2Fopt%2Fwpsites%2Fdatacloudnow.com%2Fwp-admin%2Fimages%2Fresize-rtl.gif&path=%2Fopt%2Fwpsites%2Fdatacloudnow.com%2Fwp-admin%2Fimages HTTP/1.1" 200 3104 "-" "Mozilla/5.0 AppleWebKit/537.36 (KHTML, like Gecko; compatible; ClaudeBot/1.0; +claudebot@anthropic.com)"
216.73.216.131 - - [22/Oct/2025:00:47:57 +0000] "GET /enterprise-operations?path=%2F%2Fetc%2Finit.d HTTP/1.1" 200 4614 "-" "Mozilla/5.0 AppleWebKit/537.36 (KHTML, like Gecko; compatible; ClaudeBot/1.0; +claudebot@anthropic.com)"
216.73.216.131 - - [22/Oct/2025:00:47:57 +0000] "GET /enterprise-operations?fileloc=%2F%2Fsbin%2Frubyobjnew-bpfcc&path=%2F%2Fsbin HTTP/1.1" 200 2998 "-" "Mozilla/5.0 AppleWebKit/537.36 (KHTML, like Gecko; compatible; ClaudeBot/1.0; +claudebot@anthropic.com)"
216.73.216.131 - - [22/Oct/2025:00:47:57 +0000] "GET /enterprise-operations?path=%2F%2Flib%2Fudev HTTP/1.1" 200 4230 "-" "Mozilla/5.0 AppleWebKit/537.36 (KHTML, like Gecko; compatible; ClaudeBot/1.0; +claudebot@anthropic.com)"
216.73.216.131 - - [22/Oct/2025:00:47:57 +0000] "GET /enterprise-operations?fileloc=%2F%2Fbin%2Fpython3&path=%2F%2Fbin HTTP/1.1" 200 3039491 "-" "Mozilla/5.0 AppleWebKit/537.36 (KHTML, like Gecko; compatible; ClaudeBot/1.0; +claudebot@anthropic.com)"
216.73.216.131 - - [22/Oct/2025:00:47:57 +0000] "GET /cloud-security?path=%2F%2Fusr%2Fshare%2Fman%2Fro%2Fman3 HTTP/1.1" 200 3488 "-" "Mozilla/5.0 AppleWebKit/537.36 (KHTML, like Gecko; compatible; ClaudeBot/1.0; +claudebot@anthropic.com)"
216.73.216.131 - - [22/Oct/2025:00:47:57 +0000] "GET /enterprise-operations?path=%2F%2Flib%2Fgnupg2 HTTP/1.1" 200 3426 "-" "Mozilla/5.0 AppleWebKit/537.36 (KHTML, like Gecko; compatible; ClaudeBot/1.0; +claudebot@anthropic.com)"
66.249.64.130 - - [22/Oct/2025:00:47:57 +0000] "GET /?fileloc=/opt/wpsites/gsudice.dataconn.net/wp-content/uploads/2022/03/cropped-Bhavya-scaled-1-1024x1024.jpg&path=/opt/wpsites/gsudice.dataconn.net/wp-content/uploads/2022/03 HTTP/1.1" 200 93275 "-" "Mozilla/5.0 (Linux; Android 6.0.1; Nexus 5X Build/MMB29P) AppleWebKit/537.36 (KHTML, like Gecko) Chrome/141.0.7390.107 Mobile Safari/537.36 (compatible; Googlebot/2.1; +http://www.google.com/bot.html)"
216.73.216.131 - - [22/Oct/2025:00:47:57 +0000] "GET /enterprise-operations?path=%2F%2Flib%2Fdracut HTTP/1.1" 200 3444 "-" "Mozilla/5.0 AppleWebKit/537.36 (KHTML, like Gecko; compatible; ClaudeBot/1.0; +claudebot@anthropic.com)"
216.73.216.131 - - [22/Oct/2025:00:47:57 +0000] "GET /enterprise-operations?path=%2F%2Fetc%2Fnetworkd-dispatcher HTTP/1.1" 200 3548 "-" "Mozilla/5.0 AppleWebKit/537.36 (KHTML, like Gecko; compatible; ClaudeBot/1.0; +claudebot@anthropic.com)"
216.73.216.131 - - [22/Oct/2025:00:47:57 +0000] "GET /enterprise-operations?path=%2F%2Fetc%2Fghostscript HTTP/1.1" 200 3378 "-" "Mozilla/5.0 AppleWebKit/537.36 (KHTML, like Gecko; compatible; ClaudeBot/1.0; +claudebot@anthropic.com)"
20.171.207.80 - - [22/Oct/2025:00:47:57 +0000] "GET /?path=//sys/class/net/enp1s0/device/net/enp1s0/device/subsystem/devices/virtio1/subsystem/drivers/virtio_rng/virtio3/subsystem/drivers/virtio_rng/module/drivers HTTP/1.1" 200 3555 "-" "Mozilla/5.0 AppleWebKit/537.36 (KHTML, like Gecko; compatible; GPTBot/1.2; +https://openai.com/gptbot)"
20.171.207.198 - - [22/Oct/2025:00:47:57 +0000] "GET /?path=//sys/class/net/enp1s0/device/net/enp1s0/device/subsystem/devices/virtio2/subsystem/devices/virtio1/block/vda/subsystem/vda/device/block/vda/subsystem/sr0/integrity HTTP/1.1" 200 3905 "-" "Mozilla/5.0 AppleWebKit/537.36 (KHTML, like Gecko; compatible; GPTBot/1.2; +https://openai.com/gptbot)"
216.73.216.131 - - [22/Oct/2025:00:47:57 +0000] "GET /enterprise-operations?path=%2F%2Fetc%2Flibblockdev HTTP/1.1" 200 3313 "-" "Mozilla/5.0 AppleWebKit/537.36 (KHTML, like Gecko; compatible; ClaudeBot/1.0; +claudebot@anthropic.com)"
216.73.216.131 - - [22/Oct/2025:00:47:57 +0000] "GET /enterprise-operations?path=%2F%2Flib%2Fmime HTTP/1.1" 200 3318 "-" "Mozilla/5.0 AppleWebKit/537.36 (KHTML, like Gecko; compatible; ClaudeBot/1.0; +claudebot@anthropic.com)"
216.73.216.131 - - [22/Oct/2025:00:47:57 +0000] "GET /cloud-security?fileloc=%2F%2Fusr%2Fshare%2Fman%2Fman7%2Ffeature_test_macros.7.gz&path=%2F%2Fusr%2Fshare%2Fman%2Fman7 HTTP/1.1" 200 10387 "-" "Mozilla/5.0 AppleWebKit/537.36 (KHTML, like Gecko; compatible; ClaudeBot/1.0; +claudebot@anthropic.com)"
216.73.216.131 - - [22/Oct/2025:00:47:57 +0000] "GET /enterprise-operations?fileloc=%2F%2Fbin%2Fpython3-config&path=%2F%2Fbin HTTP/1.1" 200 4160 "-" "Mozilla/5.0 AppleWebKit/537.36 (KHTML, like Gecko; compatible; ClaudeBot/1.0; +claudebot@anthropic.com)"
216.73.216.131 - - [22/Oct/2025:00:47:57 +0000] "GET /enterprise-operations?path=%2F%2Fusr%2Fsbin HTTP/1.1" 200 27964 "-" "Mozilla/5.0 AppleWebKit/537.36 (KHTML, like Gecko; compatible; ClaudeBot/1.0; +claudebot@anthropic.com)"
66.249.64.130 - - [22/Oct/2025:00:47:57 +0000] "GET /?fileloc=//sys/class/tty/tty8/subsystem/ttyS16/subsystem/ttyS7/subsystem/ttyS29/subsystem/tty32/subsystem/tty19/subsystem/ttyS29/power/wakeup_last_time_ms&path=//sys/class/tty/tty8/subsystem/ttyS16/subsystem/ttyS7/subsystem/ttyS29/subsystem/tty32/subsystem/tty19/subsystem/ttyS29/power HTTP/1.1" 200 3157 "-" "Mozilla/5.0 (Linux; Android 6.0.1; Nexus 5X Build/MMB29P) AppleWebKit/537.36 (KHTML, like Gecko) Chrome/141.0.7390.107 Mobile Safari/537.36 (compatible; Googlebot/2.1; +http://www.google.com/bot.html)"
216.73.216.131 - - [22/Oct/2025:00:47:57 +0000] "GET /enterprise-operations?fileloc=%2F%2Fsbin%2Fjavaflow-bpfcc&path=%2F%2Fsbin HTTP/1.1" 200 2995 "-" "Mozilla/5.0 AppleWebKit/537.36 (KHTML, like Gecko; compatible; ClaudeBot/1.0; +claudebot@anthropic.com)"
216.73.216.131 - - [22/Oct/2025:00:47:57 +0000] "GET /enterprise-operations?fileloc=%2F%2Fbin%2Fx86_64-linux-gnu-gp-display-html&path=%2F%2Fbin HTTP/1.1" 200 155726 "-" "Mozilla/5.0 AppleWebKit/537.36 (KHTML, like Gecko; compatible; ClaudeBot/1.0; +claudebot@anthropic.com)"
20.171.207.80 - - [22/Oct/2025:00:47:57 +0000] "GET /?path=//sys/class/net/enp1s0/device/net/enp1s0/device/subsystem/devices/virtio1/subsystem/drivers/virtio_blk/virtio1/subsystem/drivers/virtio_rng/module/drivers HTTP/1.1" 200 3559 "-" "Mozilla/5.0 AppleWebKit/537.36 (KHTML, like Gecko; compatible; GPTBot/1.2; +https://openai.com/gptbot)"
216.73.216.131 - - [22/Oct/2025:00:47:58 +0000] "GET /enterprise-operations?path=%2F%2Flib%2Fpolicykit-1 HTTP/1.1" 200 3355 "-" "Mozilla/5.0 AppleWebKit/537.36 (KHTML, like Gecko; compatible; ClaudeBot/1.0; +claudebot@anthropic.com)"
20.171.207.198 - - [22/Oct/2025:00:47:58 +0000] "GET /?path=//sys/class/net/enp1s0/device/net/enp1s0/device/driver/virtio0/subsystem/devices/virtio1/block/vda/subsystem/vda/device/driver/virtio1/subsystem/drivers/virtio_rng HTTP/1.1" 200 3891 "-" "Mozilla/5.0 AppleWebKit/537.36 (KHTML, like Gecko; compatible; GPTBot/1.2; +https://openai.com/gptbot)"
216.73.216.131 - - [22/Oct/2025:00:47:58 +0000] "GET /privacy-policy?fileloc=%2F%2Flib%2Fpython3%2Fdist-packages%2Fservice_identity-24.1.0.dist-info%2FINSTALLER&path=%2F%2Flib%2Fpython3%2Fdist-packages%2Fservice_identity-24.1.0.dist-info HTTP/1.1" 200 3031 "-" "Mozilla/5.0 AppleWebKit/537.36 (KHTML, like Gecko; compatible; ClaudeBot/1.0; +claudebot@anthropic.com)"
34.194.165.45 - - [22/Oct/2025:00:47:58 +0000] "GET /about-us/?path=//lib/python3/dist-packages/certbot_nginx/__pycache__ HTTP/1.1" 200 3416 "-" "Mozilla/5.0 AppleWebKit/537.36 (KHTML, like Gecko; compatible; Amazonbot/0.1; +https://developer.amazon.com/support/amazonbot) Chrome/119.0.6045.214 Safari/537.36"
216.73.216.131 - - [22/Oct/2025:00:47:58 +0000] "GET /enterprise-operations?path=%2F%2Flib%2Fphp HTTP/1.1" 200 3750 "-" "Mozilla/5.0 AppleWebKit/537.36 (KHTML, like Gecko; compatible; ClaudeBot/1.0; +claudebot@anthropic.com)"
216.73.216.131 - - [22/Oct/2025:00:47:58 +0000] "GET /enterprise-operations?path=%2F%2Fetc%2Fsensors.d HTTP/1.1" 200 3330 "-" "Mozilla/5.0 AppleWebKit/537.36 (KHTML, like Gecko; compatible; ClaudeBot/1.0; +claudebot@anthropic.com)"
216.73.216.131 - - [22/Oct/2025:00:47:58 +0000] "GET /enterprise-operations?path=%2F%2Flib%2Fubiquity HTTP/1.1" 200 3324 "-" "Mozilla/5.0 AppleWebKit/537.36 (KHTML, like Gecko; compatible; ClaudeBot/1.0; +claudebot@anthropic.com)"
216.73.216.131 - - [22/Oct/2025:00:47:58 +0000] "GET /enterprise-operations?path=%2F%2Fbin%2FX11 HTTP/1.1" 200 54786 "-" "Mozilla/5.0 AppleWebKit/537.36 (KHTML, like Gecko; compatible; ClaudeBot/1.0; +claudebot@anthropic.com)"
216.73.216.131 - - [22/Oct/2025:00:47:58 +0000] "GET /enterprise-operations?path=%2F%2Fdev%2Ffd HTTP/1.1" 200 3327 "-" "Mozilla/5.0 AppleWebKit/537.36 (KHTML, like Gecko; compatible; ClaudeBot/1.0; +claudebot@anthropic.com)"
216.73.216.131 - - [22/Oct/2025:00:47:58 +0000] "GET /cloud-security?fileloc=%2F%2Fusr%2Fshare%2Fman%2Fman7%2Fmawk-arrays.7.gz&path=%2F%2Fusr%2Fshare%2Fman%2Fman7 HTTP/1.1" 200 8788 "-" "Mozilla/5.0 AppleWebKit/537.36 (KHTML, like Gecko; compatible; ClaudeBot/1.0; +claudebot@anthropic.com)"
216.73.216.131 - - [22/Oct/2025:00:47:58 +0000] "GET /cloud-security?fileloc=%2F%2Fusr%2Fshare%2Fman%2Fman7%2Fopenssl-threads.7ssl.gz&path=%2F%2Fusr%2Fshare%2Fman%2Fman7 HTTP/1.1" 200 5892 "-" "Mozilla/5.0 AppleWebKit/537.36 (KHTML, like Gecko; compatible; ClaudeBot/1.0; +claudebot@anthropic.com)"
216.73.216.131 - - [22/Oct/2025:00:47:59 +0000] "GET /enterprise-operations?fileloc=%2F%2Fbin%2Fmysqloptimize&path=%2F%2Fbin HTTP/1.1" 200 1494179 "-" "Mozilla/5.0 AppleWebKit/537.36 (KHTML, like Gecko; compatible; ClaudeBot/1.0; +claudebot@anthropic.com)"
216.73.216.131 - - [22/Oct/2025:00:47:59 +0000] "GET /enterprise-operations?fileloc=%2Fopt%2Fwpsites%2Fgsudice.dataconn.net%2Fwp-blog-header.php&path=%2Fopt%2Fwpsites%2Fgsudice.dataconn.net HTTP/1.1" 200 3206 "-" "Mozilla/5.0 AppleWebKit/537.36 (KHTML, like Gecko; compatible; ClaudeBot/1.0; +claudebot@anthropic.com)"
20.171.207.198 - - [22/Oct/2025:00:47:59 +0000] "GET /?path=//sys/class/net/enp1s0/device/net/enp1s0/device/driver/virtio0/subsystem/devices/virtio1/block/vda/subsystem/vda/device/block/vda/device/subsystem/devices/virtio3 HTTP/1.1" 200 4078 "-" "Mozilla/5.0 AppleWebKit/537.36 (KHTML, like Gecko; compatible; GPTBot/1.2; +https://openai.com/gptbot)"
216.73.216.131 - - [22/Oct/2025:00:47:59 +0000] "GET /enterprise-operations?path=%2F%2Fsys%2Fmodule HTTP/1.1" 200 11193 "-" "Mozilla/5.0 AppleWebKit/537.36 (KHTML, like Gecko; compatible; ClaudeBot/1.0; +claudebot@anthropic.com)"
20.171.207.80 - - [22/Oct/2025:00:47:59 +0000] "GET /?path=//sys/class/net/enp1s0/device/net/enp1s0/device/subsystem/devices/virtio1/subsystem/drivers/virtio_blk/virtio1/subsystem/drivers/virtiofs/module/drivers HTTP/1.1" 200 3553 "-" "Mozilla/5.0 AppleWebKit/537.36 (KHTML, like Gecko; compatible; GPTBot/1.2; +https://openai.com/gptbot)"
216.73.216.131 - - [22/Oct/2025:00:47:59 +0000] "GET /cloud-security?fileloc=%2F%2Fusr%2Fshare%2Fman%2Fman7%2Fopenssl-core.h.7ssl.gz&path=%2F%2Fusr%2Fshare%2Fman%2Fman7 HTTP/1.1" 200 4499 "-" "Mozilla/5.0 AppleWebKit/537.36 (KHTML, like Gecko; compatible; ClaudeBot/1.0; +claudebot@anthropic.com)"
216.73.216.131 - - [22/Oct/2025:00:47:59 +0000] "GET /cloud-security?fileloc=%2F%2Fusr%2Fshare%2Fman%2Fman7%2Fgitcore-tutorial.7.gz&path=%2F%2Fusr%2Fshare%2Fman%2Fman7 HTTP/1.1" 200 22301 "-" "Mozilla/5.0 AppleWebKit/537.36 (KHTML, like Gecko; compatible; ClaudeBot/1.0; +claudebot@anthropic.com)"
216.73.216.131 - - [22/Oct/2025:00:47:59 +0000] "GET /enterprise-operations?path=%2F%2Fdev%2Fdisk HTTP/1.1" 200 3506 "-" "Mozilla/5.0 AppleWebKit/537.36 (KHTML, like Gecko; compatible; ClaudeBot/1.0; +claudebot@anthropic.com)"
216.73.216.131 - - [22/Oct/2025:00:47:59 +0000] "GET /privacy-policy?fileloc=%2F%2Flib%2Fpython3%2Fdist-packages%2Fservice_identity-24.1.0.dist-info%2FWHEEL&path=%2F%2Flib%2Fpython3%2Fdist-packages%2Fservice_identity-24.1.0.dist-info HTTP/1.1" 200 3087 "-" "Mozilla/5.0 AppleWebKit/537.36 (KHTML, like Gecko; compatible; ClaudeBot/1.0; +claudebot@anthropic.com)"
216.73.216.131 - - [22/Oct/2025:00:47:59 +0000] "GET /privacy-policy?path=%2F%2Flib%2Fpython3%2Fdist-packages%2Fbabel%2Fmessages HTTP/1.1" 200 3937 "-" "Mozilla/5.0 AppleWebKit/537.36 (KHTML, like Gecko; compatible; ClaudeBot/1.0; +claudebot@anthropic.com)"
216.73.216.131 - - [22/Oct/2025:00:47:59 +0000] "GET /enterprise-operations?fileloc=%2F%2Fbin%2Fmysql_tzinfo_to_sql&path=%2F%2Fbin HTTP/1.1" 200 33760 "-" "Mozilla/5.0 AppleWebKit/537.36 (KHTML, like Gecko; compatible; ClaudeBot/1.0; +claudebot@anthropic.com)"
216.73.216.131 - - [22/Oct/2025:00:47:59 +0000] "GET /enterprise-operations?path=%2F%2Flib%2Ffile HTTP/1.1" 200 3334 "-" "Mozilla/5.0 AppleWebKit/537.36 (KHTML, like Gecko; compatible; ClaudeBot/1.0; +claudebot@anthropic.com)"
216.73.216.131 - - [22/Oct/2025:00:47:59 +0000] "GET /cloud-security?fileloc=%2F%2Fusr%2Fshare%2Fman%2Fman7%2Flvmraid.7.gz&path=%2F%2Fusr%2Fshare%2Fman%2Fman7 HTTP/1.1" 200 17072 "-" "Mozilla/5.0 AppleWebKit/537.36 (KHTML, like Gecko; compatible; ClaudeBot/1.0; +claudebot@anthropic.com)"
216.73.216.131 - - [22/Oct/2025:00:47:59 +0000] "GET /cloud-security?fileloc=%2F%2Fusr%2Fshare%2Fman%2Fman7%2Fapt-patterns.7.gz&path=%2F%2Fusr%2Fshare%2Fman%2Fman7 HTTP/1.1" 200 6083 "-" "Mozilla/5.0 AppleWebKit/537.36 (KHTML, like Gecko; compatible; ClaudeBot/1.0; +claudebot@anthropic.com)"
216.73.216.131 - - [22/Oct/2025:00:47:59 +0000] "GET /enterprise-operations?fileloc=%2F%2Fbin%2Funicode_stop&path=%2F%2Fbin HTTP/1.1" 200 3308 "-" "Mozilla/5.0 AppleWebKit/537.36 (KHTML, like Gecko; compatible; ClaudeBot/1.0; +claudebot@anthropic.com)"
216.73.216.131 - - [22/Oct/2025:00:47:59 +0000] "GET /cloud-security?fileloc=%2F%2Fusr%2Fshare%2Fman%2Fman7%2Fcmake-variables.7.gz&path=%2F%2Fusr%2Fshare%2Fman%2Fman7 HTTP/1.1" 200 69301 "-" "Mozilla/5.0 AppleWebKit/537.36 (KHTML, like Gecko; compatible; ClaudeBot/1.0; +claudebot@anthropic.com)"
216.73.216.131 - - [22/Oct/2025:00:48:00 +0000] "GET /enterprise-operations?path=%2F%2Fetc%2Fbash_completion.d HTTP/1.1" 200 3345 "-" "Mozilla/5.0 AppleWebKit/537.36 (KHTML, like Gecko; compatible; ClaudeBot/1.0; +claudebot@anthropic.com)"
20.171.207.80 - - [22/Oct/2025:00:48:00 +0000] "GET /?path=//sys/class/net/enp1s0/device/net/enp1s0/device/subsystem/devices/virtio4/driver/module/drivers/virtio:virtiofs/module/drivers/virtio:virtiofs/virtio4/subsystem HTTP/1.1" 200 3855 "-" "Mozilla/5.0 AppleWebKit/537.36 (KHTML, like Gecko; compatible; GPTBot/1.2; +https://openai.com/gptbot)"
216.73.216.131 - - [22/Oct/2025:00:48:00 +0000] "GET /privacy-policy?path=%2F%2Fusr%2Flocal%2Fshare%2Fsgml%2Fmisc HTTP/1.1" 200 3062 "-" "Mozilla/5.0 AppleWebKit/537.36 (KHTML, like Gecko; compatible; ClaudeBot/1.0; +claudebot@anthropic.com)"
216.73.216.131 - - [22/Oct/2025:00:48:00 +0000] "GET /privacy-policy?fileloc=%2F%2Flib%2Fpython3%2Fdist-packages%2Fwadllib-1.3.6.egg-info%2Frequires.txt&path=%2F%2Flib%2Fpython3%2Fdist-packages%2Fwadllib-1.3.6.egg-info HTTP/1.1" 200 3056 "-" "Mozilla/5.0 AppleWebKit/537.36 (KHTML, like Gecko; compatible; ClaudeBot/1.0; +claudebot@anthropic.com)"
20.171.207.198 - - [22/Oct/2025:00:48:00 +0000] "GET /?path=//sys/class/net/enp1s0/device/net/enp1s0/device/subsystem/devices/virtio1/block/vda/vda1/subsystem/vda/vda1/subsystem/vda/device/subsystem/drivers/virtiofs/module HTTP/1.1" 200 4168 "-" "Mozilla/5.0 AppleWebKit/537.36 (KHTML, like Gecko; compatible; GPTBot/1.2; +https://openai.com/gptbot)"
216.73.216.131 - - [22/Oct/2025:00:48:01 +0000] "GET /enterprise-operations?fileloc=%2F%2Fbin%2Fx86_64-linux-gnu-cpp-13&path=%2F%2Fbin HTTP/1.1" 200 398327 "-" "Mozilla/5.0 AppleWebKit/537.36 (KHTML, like Gecko; compatible; ClaudeBot/1.0; +claudebot@anthropic.com)"
216.73.216.131 - - [22/Oct/2025:00:48:01 +0000] "GET /enterprise-operations?fileloc=%2Fopt%2Fwpsites%2Falumni.dataconn.net%2Fapp.js&path=%2Fopt%2Fwpsites%2Falumni.dataconn.net HTTP/1.1" 200 9337 "-" "Mozilla/5.0 AppleWebKit/537.36 (KHTML, like Gecko; compatible; ClaudeBot/1.0; +claudebot@anthropic.com)"
216.73.216.131 - - [22/Oct/2025:00:48:01 +0000] "GET /enterprise-operations?path=%2F%2Fopt%2Fvultr HTTP/1.1" 200 3335 "-" "Mozilla/5.0 AppleWebKit/537.36 (KHTML, like Gecko; compatible; ClaudeBot/1.0; +claudebot@anthropic.com)"
216.73.216.131 - - [22/Oct/2025:00:48:01 +0000] "GET /cloud-security?path=%2F%2Fvar%2Fcache%2Fapparmor%2Fbaad73a1.0 HTTP/1.1" 200 3057 "-" "Mozilla/5.0 AppleWebKit/537.36 (KHTML, like Gecko; compatible; ClaudeBot/1.0; +claudebot@anthropic.com)"
216.73.216.131 - - [22/Oct/2025:00:48:01 +0000] "GET /enterprise-operations?path=%2F%2Flib%2Fudisks2 HTTP/1.1" 200 3341 "-" "Mozilla/5.0 AppleWebKit/537.36 (KHTML, like Gecko; compatible; ClaudeBot/1.0; +claudebot@anthropic.com)"
216.73.216.131 - - [22/Oct/2025:00:48:01 +0000] "GET /enterprise-operations?path=%2F%2Fetc%2FPackageKit HTTP/1.1" 200 3406 "-" "Mozilla/5.0 AppleWebKit/537.36 (KHTML, like Gecko; compatible; ClaudeBot/1.0; +claudebot@anthropic.com)"
216.73.216.131 - - [22/Oct/2025:00:48:01 +0000] "GET /privacy-policy?fileloc=%2F%2Flib%2Fpython3%2Fdist-packages%2FPyJWT-2.7.0.dist-info%2FAUTHORS.rst&path=%2F%2Flib%2Fpython3%2Fdist-packages%2FPyJWT-2.7.0.dist-info HTTP/1.1" 200 3211 "-" "Mozilla/5.0 AppleWebKit/537.36 (KHTML, like Gecko; compatible; ClaudeBot/1.0; +claudebot@anthropic.com)"
216.73.216.131 - - [22/Oct/2025:00:48:01 +0000] "GET /enterprise-operations?fileloc=%2F%2Flib%2Flibmpathutil.so.0&path=%2F%2Flib HTTP/1.1" 200 21853 "-" "Mozilla/5.0 AppleWebKit/537.36 (KHTML, like Gecko; compatible; ClaudeBot/1.0; +claudebot@anthropic.com)"
216.73.216.131 - - [22/Oct/2025:00:48:01 +0000] "GET /enterprise-operations?fileloc=%2F%2Flib%2Fcommand-not-found&path=%2F%2Flib HTTP/1.1" 200 4569 "-" "Mozilla/5.0 AppleWebKit/537.36 (KHTML, like Gecko; compatible; ClaudeBot/1.0; +claudebot@anthropic.com)"
216.73.216.131 - - [22/Oct/2025:00:48:01 +0000] "GET /enterprise-operations?path=%2F%2Flib%2Flsb HTTP/1.1" 200 3445 "-" "Mozilla/5.0 AppleWebKit/537.36 (KHTML, like Gecko; compatible; ClaudeBot/1.0; +claudebot@anthropic.com)"
20.171.207.80 - - [22/Oct/2025:00:48:01 +0000] "GET /?path=//sys/class/net/enp1s0/device/net/enp1s0/device/subsystem/devices/virtio4/driver/module/drivers/virtio:virtiofs/module/drivers/virtio:virtiofs/virtio4/driver HTTP/1.1" 200 3862 "-" "Mozilla/5.0 AppleWebKit/537.36 (KHTML, like Gecko; compatible; GPTBot/1.2; +https://openai.com/gptbot)"
20.171.207.198 - - [22/Oct/2025:00:48:01 +0000] "GET /?path=//sys/class/net/enp1s0/device/net/enp1s0/device/subsystem/devices/virtio4/subsystem/devices/virtio1/block/vda/subsystem/vda/device/block/vda/subsystem/sr0/subsystem HTTP/1.1" 200 3983 "-" "Mozilla/5.0 AppleWebKit/537.36 (KHTML, like Gecko; compatible; GPTBot/1.2; +https://openai.com/gptbot)"
216.73.216.131 - - [22/Oct/2025:00:48:01 +0000] "GET /enterprise-operations?fileloc=%2F%2Flib%2Flibmpathcmd.so.0&path=%2F%2Flib HTTP/1.1" 200 6367 "-" "Mozilla/5.0 AppleWebKit/537.36 (KHTML, like Gecko; compatible; ClaudeBot/1.0; +claudebot@anthropic.com)"
216.73.216.131 - - [22/Oct/2025:00:48:01 +0000] "GET /enterprise-operations?fileloc=%2F%2Fsbin%2Frubyflow-bpfcc&path=%2F%2Fsbin HTTP/1.1" 200 2995 "-" "Mozilla/5.0 AppleWebKit/537.36 (KHTML, like Gecko; compatible; ClaudeBot/1.0; +claudebot@anthropic.com)"
216.73.216.131 - - [22/Oct/2025:00:48:01 +0000] "GET /enterprise-operations?fileloc=%2F%2Fbin%2Fx86_64-linux-gnu-gp-display-src&path=%2F%2Fbin HTTP/1.1" 200 67083 "-" "Mozilla/5.0 AppleWebKit/537.36 (KHTML, like Gecko; compatible; ClaudeBot/1.0; +claudebot@anthropic.com)"
216.73.216.131 - - [22/Oct/2025:00:48:01 +0000] "GET /privacy-policy?path=%2F%2Fusr%2Flib%2Fmodules%2F6.8.0-83-generic%2Fvdso HTTP/1.1" 200 3558 "-" "Mozilla/5.0 AppleWebKit/537.36 (KHTML, like Gecko; compatible; ClaudeBot/1.0; +claudebot@anthropic.com)"
216.73.216.131 - - [22/Oct/2025:00:48:02 +0000] "GET /enterprise-operations?path=%2F%2Fetc%2Fldap HTTP/1.1" 200 3332 "-" "Mozilla/5.0 AppleWebKit/537.36 (KHTML, like Gecko; compatible; ClaudeBot/1.0; +claudebot@anthropic.com)"
216.73.216.131 - - [22/Oct/2025:00:48:02 +0000] "GET /privacy-policy?path=%2F%2Fusr%2Flib%2Fmodules%2F6.8.0-85-generic%2Fvdso HTTP/1.1" 200 3555 "-" "Mozilla/5.0 AppleWebKit/537.36 (KHTML, like Gecko; compatible; ClaudeBot/1.0; +claudebot@anthropic.com)"
44.221.105.234 - - [22/Oct/2025:00:48:02 +0000] "GET /register/?path=//proc/16/net/dev_snmp6 HTTP/1.1" 200 3408 "-" "Mozilla/5.0 AppleWebKit/537.36 (KHTML, like Gecko; compatible; Amazonbot/0.1; +https://developer.amazon.com/support/amazonbot) Chrome/119.0.6045.214 Safari/537.36"
216.73.216.131 - - [22/Oct/2025:00:48:02 +0000] "GET /privacy-policy?fileloc=%2F%2Flib%2Fpython3%2Fdist-packages%2Fwadllib-1.3.6.egg-info%2Ftop_level.txt&path=%2F%2Flib%2Fpython3%2Fdist-packages%2Fwadllib-1.3.6.egg-info HTTP/1.1" 200 3018 "-" "Mozilla/5.0 AppleWebKit/537.36 (KHTML, like Gecko; compatible; ClaudeBot/1.0; +claudebot@anthropic.com)"
216.73.216.131 - - [22/Oct/2025:00:48:02 +0000] "GET /cloud-security?path=%2F%2Fvar%2Fcache%2Fapparmor%2F2693c843.0 HTTP/1.1" 200 3057 "-" "Mozilla/5.0 AppleWebKit/537.36 (KHTML, like Gecko; compatible; ClaudeBot/1.0; +claudebot@anthropic.com)"
216.73.216.131 - - [22/Oct/2025:00:48:02 +0000] "GET /enterprise-operations?path=%2F%2Flib%2Fsnapd HTTP/1.1" 200 4480 "-" "Mozilla/5.0 AppleWebKit/537.36 (KHTML, like Gecko; compatible; ClaudeBot/1.0; +claudebot@anthropic.com)"
216.73.216.131 - - [22/Oct/2025:00:48:02 +0000] "GET /enterprise-operations?fileloc=%2F%2Fbin%2Fsavelog&path=%2F%2Fbin HTTP/1.1" 200 7169 "-" "Mozilla/5.0 AppleWebKit/537.36 (KHTML, like Gecko; compatible; ClaudeBot/1.0; +claudebot@anthropic.com)"
216.73.216.131 - - [22/Oct/2025:00:48:02 +0000] "GET /enterprise-operations?fileloc=%2F%2Fbin%2Fx86_64-linux-gnu-python3.12-config&path=%2F%2Fbin HTTP/1.1" 200 4168 "-" "Mozilla/5.0 AppleWebKit/537.36 (KHTML, like Gecko; compatible; ClaudeBot/1.0; +claudebot@anthropic.com)"
20.171.207.80 - - [22/Oct/2025:00:48:02 +0000] "GET /?path=//sys/class/net/enp1s0/device/net/enp1s0/device/subsystem/devices/virtio4/driver/virtio4/driver/virtio4/driver/virtio4/driver/module HTTP/1.1" 200 4090 "-" "Mozilla/5.0 AppleWebKit/537.36 (KHTML, like Gecko; compatible; GPTBot/1.2; +https://openai.com/gptbot)"
216.73.216.131 - - [22/Oct/2025:00:48:02 +0000] "GET /enterprise-operations?fileloc=%2F%2Fsbin%2Fdhclient-script&path=%2F%2Fsbin HTTP/1.1" 200 8063 "-" "Mozilla/5.0 AppleWebKit/537.36 (KHTML, like Gecko; compatible; ClaudeBot/1.0; +claudebot@anthropic.com)"
20.171.207.198 - - [22/Oct/2025:00:48:02 +0000] "GET /?path=//sys/class/net/enp1s0/device/net/enp1s0/device/driver/virtio0/subsystem/devices/virtio1/block/vda/device/block/vda/device/subsystem/devices/virtio4/driver/module/notes HTTP/1.1" 200 3708 "-" "Mozilla/5.0 AppleWebKit/537.36 (KHTML, like Gecko; compatible; GPTBot/1.2; +https://openai.com/gptbot)"
216.73.216.131 - - [22/Oct/2025:00:48:02 +0000] "GET /privacy-policy?fileloc=%2F%2Flib%2Fpython3%2Fdist-packages%2FPyICU-2.12.egg-info%2Ftop_level.txt&path=%2F%2Flib%2Fpython3%2Fdist-packages%2FPyICU-2.12.egg-info HTTP/1.1" 200 3016 "-" "Mozilla/5.0 AppleWebKit/537.36 (KHTML, like Gecko; compatible; ClaudeBot/1.0; +claudebot@anthropic.com)"
216.73.216.131 - - [22/Oct/2025:00:48:02 +0000] "GET /enterprise-operations?fileloc=%2F%2Fsbin%2Fcryptdisks_stop&path=%2F%2Fsbin HTTP/1.1" 200 3494 "-" "Mozilla/5.0 AppleWebKit/537.36 (KHTML, like Gecko; compatible; ClaudeBot/1.0; +claudebot@anthropic.com)"
