216.73.216.131 - - [22/Oct/2025:00:48:40 +0000] "GET /enterprise-operations?fileloc=%2F%2Fsbin%2Fcracklib-check&path=%2F%2Fsbin HTTP/1.1" 200 5306 "-" "Mozilla/5.0 AppleWebKit/537.36 (KHTML, like Gecko; compatible; ClaudeBot/1.0; +claudebot@anthropic.com)"
216.73.216.131 - - [22/Oct/2025:00:48:40 +0000] "GET /enterprise-operations?path=%2F%2Fproc%2F168 HTTP/1.1" 200 5639 "-" "Mozilla/5.0 AppleWebKit/537.36 (KHTML, like Gecko; compatible; ClaudeBot/1.0; +claudebot@anthropic.com)"
216.73.216.131 - - [22/Oct/2025:00:48:40 +0000] "GET /privacy-policy?path=%2F%2Fsys%2Fdevices%2Fpci0000%3A00%2F0000%3A00%3A03.7%2Fdriver%2F0000%3A00%3A04.1%2Fdriver%2F0000%3A00%3A03.2%2Ffirmware_node HTTP/1.1" 200 3875 "-" "Mozilla/5.0 AppleWebKit/537.36 (KHTML, like Gecko; compatible; ClaudeBot/1.0; +claudebot@anthropic.com)"
216.73.216.131 - - [22/Oct/2025:00:48:40 +0000] "GET /cloud-security?fileloc=%2F%2Fusr%2Fshare%2Fman%2Fman2%2Flookup_dcookie.2.gz&path=%2F%2Fusr%2Fshare%2Fman%2Fman2 HTTP/1.1" 200 4224 "-" "Mozilla/5.0 AppleWebKit/537.36 (KHTML, like Gecko; compatible; ClaudeBot/1.0; +claudebot@anthropic.com)"
216.73.216.131 - - [22/Oct/2025:00:48:40 +0000] "GET /enterprise-operations?fileloc=%2F%2Fsbin%2Farptables-nft&path=%2F%2Fsbin HTTP/1.1" 200 100166 "-" "Mozilla/5.0 AppleWebKit/537.36 (KHTML, like Gecko; compatible; ClaudeBot/1.0; +claudebot@anthropic.com)"
216.73.216.131 - - [22/Oct/2025:00:48:41 +0000] "GET /cloud-security?fileloc=%2F%2Fusr%2Fshare%2Fman%2Fman7%2Flife_cycle-kdf.7ssl.gz&path=%2F%2Fusr%2Fshare%2Fman%2Fman7 HTTP/1.1" 200 4820 "-" "Mozilla/5.0 AppleWebKit/537.36 (KHTML, like Gecko; compatible; ClaudeBot/1.0; +claudebot@anthropic.com)"
216.73.216.131 - - [22/Oct/2025:00:48:41 +0000] "GET /cloud-security?fileloc=%2F%2Fusr%2Fshare%2Fman%2Fman2%2Fioctl_fslabel.2.gz&path=%2F%2Fusr%2Fshare%2Fman%2Fman2 HTTP/1.1" 200 4090 "-" "Mozilla/5.0 AppleWebKit/537.36 (KHTML, like Gecko; compatible; ClaudeBot/1.0; +claudebot@anthropic.com)"
216.73.216.131 - - [22/Oct/2025:00:48:41 +0000] "GET /enterprise-operations?fileloc=%2F%2Fbin%2Fsg_stream_ctl&path=%2F%2Fbin HTTP/1.1" 200 9102 "-" "Mozilla/5.0 AppleWebKit/537.36 (KHTML, like Gecko; compatible; ClaudeBot/1.0; +claudebot@anthropic.com)"
216.73.216.131 - - [22/Oct/2025:00:48:41 +0000] "GET /cloud-security?fileloc=%2F%2Fusr%2Fshare%2Fman%2Fman7%2FUPower.7.gz&path=%2F%2Fusr%2Fshare%2Fman%2Fman7 HTTP/1.1" 200 3888 "-" "Mozilla/5.0 AppleWebKit/537.36 (KHTML, like Gecko; compatible; ClaudeBot/1.0; +claudebot@anthropic.com)"
216.73.216.131 - - [22/Oct/2025:00:48:41 +0000] "GET /privacy-policy?fileloc=%2F%2Fsys%2Fdevices%2Fpci0000%3A00%2F0000%3A00%3A03.0%2Ffirmware_node%2Fsubsystem%2Fdevices%2FQEMU0002%3A00%2Fuevent&path=%2F%2Fsys%2Fdevices%2Fpci0000%3A00%2F0000%3A00%3A03.0%2Ffirmware_node%2Fsubsystem%2Fdevices%2FQEMU0002%3A00 HTTP/1.1" 200 3077 "-" "Mozilla/5.0 AppleWebKit/537.36 (KHTML, like Gecko; compatible; ClaudeBot/1.0; +claudebot@anthropic.com)"
20.171.207.198 - - [22/Oct/2025:00:48:41 +0000] "GET /?path=//sys/class/net/enp1s0/device/net/enp1s0/device/subsystem/devices/virtio4/subsystem/devices/virtio1/block/vda/vda2/subsystem/vda/device/subsystem/drivers/virtio_rng HTTP/1.1" 200 3876 "-" "Mozilla/5.0 AppleWebKit/537.36 (KHTML, like Gecko; compatible; GPTBot/1.2; +https://openai.com/gptbot)"
216.73.216.131 - - [22/Oct/2025:00:48:41 +0000] "GET /cloud-security?fileloc=%2F%2Fusr%2Fshare%2Fman%2Fman7%2FEVP_RAND-SEED-SRC.7ssl.gz&path=%2F%2Fusr%2Fshare%2Fman%2Fman7 HTTP/1.1" 200 4909 "-" "Mozilla/5.0 AppleWebKit/537.36 (KHTML, like Gecko; compatible; ClaudeBot/1.0; +claudebot@anthropic.com)"
20.171.207.80 - - [22/Oct/2025:00:48:41 +0000] "GET /?path=//sys/class/net/enp1s0/device/net/enp1s0/device/subsystem/drivers/virtio_blk/virtio1/block/vda/device/block/vda/subsystem/vda1/subsystem/vda/subsystem/vda/subsystem HTTP/1.1" 200 3969 "-" "Mozilla/5.0 AppleWebKit/537.36 (KHTML, like Gecko; compatible; GPTBot/1.2; +https://openai.com/gptbot)"
216.73.216.131 - - [22/Oct/2025:00:48:41 +0000] "GET /enterprise-operations?fileloc=%2F%2Fsbin%2Fctrlaltdel&path=%2F%2Fsbin HTTP/1.1" 200 7393 "-" "Mozilla/5.0 AppleWebKit/537.36 (KHTML, like Gecko; compatible; ClaudeBot/1.0; +claudebot@anthropic.com)"
216.73.216.131 - - [22/Oct/2025:00:48:41 +0000] "GET /cloud-security?fileloc=%2F%2Fusr%2Fshare%2Fman%2Fman7%2FEVP_CIPHER-ARIA.7ssl.gz&path=%2F%2Fusr%2Fshare%2Fman%2Fman7 HTTP/1.1" 200 4670 "-" "Mozilla/5.0 AppleWebKit/537.36 (KHTML, like Gecko; compatible; ClaudeBot/1.0; +claudebot@anthropic.com)"
216.73.216.131 - - [22/Oct/2025:00:48:41 +0000] "GET /cloud-security?fileloc=%2F%2Fusr%2Fshare%2Fman%2Fman2%2Fclone.2.gz&path=%2F%2Fusr%2Fshare%2Fman%2Fman2 HTTP/1.1" 200 17688 "-" "Mozilla/5.0 AppleWebKit/537.36 (KHTML, like Gecko; compatible; ClaudeBot/1.0; +claudebot@anthropic.com)"
216.73.216.131 - - [22/Oct/2025:00:48:41 +0000] "GET /enterprise-operations?path=%2F%2Fproc%2F52 HTTP/1.1" 200 5654 "-" "Mozilla/5.0 AppleWebKit/537.36 (KHTML, like Gecko; compatible; ClaudeBot/1.0; +claudebot@anthropic.com)"
164.132.74.132 - - [22/Oct/2025:00:48:41 +0000] "GET /wp-login.php HTTP/1.1" 200 4342 "-" "Mozilla/5.0 (Windows NT 5.1; Win64; x64) AppleWebKit/537.36 (KHTML, like Gecko) Chrome/65.0.3325.181 Safari/537.36 OPR/52.0.2871.99"
216.73.216.131 - - [22/Oct/2025:00:48:41 +0000] "GET /enterprise-operations?fileloc=%2F%2Fsbin%2Fusermod&path=%2F%2Fsbin HTTP/1.1" 200 56911 "-" "Mozilla/5.0 AppleWebKit/537.36 (KHTML, like Gecko; compatible; ClaudeBot/1.0; +claudebot@anthropic.com)"
216.73.216.131 - - [22/Oct/2025:00:48:41 +0000] "GET /cloud-security?fileloc=%2F%2Fusr%2Fshare%2Fman%2Fman2%2Fgeteuid.2.gz&path=%2F%2Fusr%2Fshare%2Fman%2Fman2 HTTP/1.1" 200 3941 "-" "Mozilla/5.0 AppleWebKit/537.36 (KHTML, like Gecko; compatible; ClaudeBot/1.0; +claudebot@anthropic.com)"
216.73.216.131 - - [22/Oct/2025:00:48:41 +0000] "GET /enterprise-operations?fileloc=%2F%2Fbin%2Fx86_64-linux-gnu-ld.gold&path=%2F%2Fbin HTTP/1.1" 200 1336343 "-" "Mozilla/5.0 AppleWebKit/537.36 (KHTML, like Gecko; compatible; ClaudeBot/1.0; +claudebot@anthropic.com)"
216.73.216.131 - - [22/Oct/2025:00:48:41 +0000] "GET /privacy-policy?path=%2F%2Fsys%2Fdevices%2Fpci0000%3A00%2F0000%3A00%3A03.0%2Ffirmware_node%2Fsubsystem%2Fdevices%2Fdevice%3A2e%2Fphysical_node HTTP/1.1" 200 5813 "-" "Mozilla/5.0 AppleWebKit/537.36 (KHTML, like Gecko; compatible; ClaudeBot/1.0; +claudebot@anthropic.com)"
20.171.207.198 - - [22/Oct/2025:00:48:41 +0000] "GET /?path=//sys/class/net/enp1s0/device/net/enp1s0/device/subsystem/devices/virtio4/subsystem/devices/virtio1/block/vda/device/block/vda/subsystem/vda/subsystem/sr0/subsystem HTTP/1.1" 200 3975 "-" "Mozilla/5.0 AppleWebKit/537.36 (KHTML, like Gecko; compatible; GPTBot/1.2; +https://openai.com/gptbot)"
216.73.216.131 - - [22/Oct/2025:00:48:41 +0000] "GET /enterprise-operations?path=%2F%2Fproc%2F169 HTTP/1.1" 200 5639 "-" "Mozilla/5.0 AppleWebKit/537.36 (KHTML, like Gecko; compatible; ClaudeBot/1.0; +claudebot@anthropic.com)"
216.73.216.131 - - [22/Oct/2025:00:48:41 +0000] "GET /privacy-policy?path=%2F%2Fsys%2Fdevices%2Fpci0000%3A00%2F0000%3A00%3A03.7%2Fdriver%2F0000%3A00%3A02.1%2F0000%3A02%3A00.0%2Ffirmware_node%2Fsubsystem HTTP/1.1" 200 3761 "-" "Mozilla/5.0 AppleWebKit/537.36 (KHTML, like Gecko; compatible; ClaudeBot/1.0; +claudebot@anthropic.com)"
20.171.207.80 - - [22/Oct/2025:00:48:41 +0000] "GET /?path=//sys/class/net/enp1s0/device/net/enp1s0/device/subsystem/drivers/virtio_blk/virtio1/block/vda/subsystem/vda/subsystem/vda2/subsystem/vda/device/subsystem/drivers HTTP/1.1" 200 3942 "-" "Mozilla/5.0 AppleWebKit/537.36 (KHTML, like Gecko; compatible; GPTBot/1.2; +https://openai.com/gptbot)"
216.73.216.131 - - [22/Oct/2025:00:48:41 +0000] "GET /enterprise-operations?fileloc=%2F%2Fsbin%2Foffcputime-bpfcc&path=%2F%2Fsbin HTTP/1.1" 200 8052 "-" "Mozilla/5.0 AppleWebKit/537.36 (KHTML, like Gecko; compatible; ClaudeBot/1.0; +claudebot@anthropic.com)"
18.232.11.247 - - [22/Oct/2025:00:48:41 +0000] "GET /career/?path=//sys/module/ip6t_REJECT/sections HTTP/1.1" 200 4136 "-" "Mozilla/5.0 AppleWebKit/537.36 (KHTML, like Gecko; compatible; Amazonbot/0.1; +https://developer.amazon.com/support/amazonbot) Chrome/119.0.6045.214 Safari/537.36"
216.73.216.131 - - [22/Oct/2025:00:48:41 +0000] "GET /privacy-policy?path=%2F%2Fsys%2Fdevices%2Fpci0000%3A00%2F0000%3A00%3A01.0%2Ffirmware_node%2Fsubsystem%2Fdevices%2FLNXSYSTM%3A00%2Fsubsystem HTTP/1.1" 200 3753 "-" "Mozilla/5.0 AppleWebKit/537.36 (KHTML, like Gecko; compatible; ClaudeBot/1.0; +claudebot@anthropic.com)"
216.73.216.131 - - [22/Oct/2025:00:48:41 +0000] "GET /cloud-security?fileloc=%2F%2Fusr%2Fshare%2Fman%2Fman2%2Fclose.2.gz&path=%2F%2Fusr%2Fshare%2Fman%2Fman2 HTTP/1.1" 200 6754 "-" "Mozilla/5.0 AppleWebKit/537.36 (KHTML, like Gecko; compatible; ClaudeBot/1.0; +claudebot@anthropic.com)"
216.73.216.131 - - [22/Oct/2025:00:48:42 +0000] "GET /enterprise-operations?fileloc=%2F%2Fbin%2Fmysqlreport&path=%2F%2Fbin HTTP/1.1" 200 15415 "-" "Mozilla/5.0 AppleWebKit/537.36 (KHTML, like Gecko; compatible; ClaudeBot/1.0; +claudebot@anthropic.com)"
216.73.216.131 - - [22/Oct/2025:00:48:42 +0000] "GET /cloud-security?fileloc=%2F%2Fusr%2Fshare%2Fman%2Fman2%2Freadlink.2.gz&path=%2F%2Fusr%2Fshare%2Fman%2Fman2 HTTP/1.1" 200 6341 "-" "Mozilla/5.0 AppleWebKit/537.36 (KHTML, like Gecko; compatible; ClaudeBot/1.0; +claudebot@anthropic.com)"
216.73.216.131 - - [22/Oct/2025:00:48:42 +0000] "GET /cloud-security?fileloc=%2F%2Fusr%2Fshare%2Fman%2Fman7%2FEVP_CIPHER-RC2.7ssl.gz&path=%2F%2Fusr%2Fshare%2Fman%2Fman7 HTTP/1.1" 200 4449 "-" "Mozilla/5.0 AppleWebKit/537.36 (KHTML, like Gecko; compatible; ClaudeBot/1.0; +claudebot@anthropic.com)"
216.73.216.131 - - [22/Oct/2025:00:48:42 +0000] "GET /privacy-policy?fileloc=%2F%2Fsys%2Fdevices%2Fpci0000%3A00%2Ffirmware_node%2Fdevice%3A47%2Fsubsystem%2Fdevices%2FQEMU0002%3A00%2Fstatus&path=%2F%2Fsys%2Fdevices%2Fpci0000%3A00%2Ffirmware_node%2Fdevice%3A47%2Fsubsystem%2Fdevices%2FQEMU0002%3A00 HTTP/1.1" 200 3062 "-" "Mozilla/5.0 AppleWebKit/537.36 (KHTML, like Gecko; compatible; ClaudeBot/1.0; +claudebot@anthropic.com)"
216.73.216.131 - - [22/Oct/2025:00:48:42 +0000] "GET /enterprise-operations?fileloc=%2F%2Fsbin%2Fbiosdecode&path=%2F%2Fsbin HTTP/1.1" 200 10304 "-" "Mozilla/5.0 AppleWebKit/537.36 (KHTML, like Gecko; compatible; ClaudeBot/1.0; +claudebot@anthropic.com)"
216.73.216.131 - - [22/Oct/2025:00:48:42 +0000] "GET /privacy-policy?path=%2F%2Fsys%2Fdevices%2Fpci0000%3A00%2F0000%3A00%3A01.0%2Ffirmware_node%2Fsubsystem%2Fdevices%2Fdevice%3A2c%2Fphysical_node HTTP/1.1" 200 5844 "-" "Mozilla/5.0 AppleWebKit/537.36 (KHTML, like Gecko; compatible; ClaudeBot/1.0; +claudebot@anthropic.com)"
216.73.216.131 - - [22/Oct/2025:00:48:43 +0000] "GET /cloud-security?fileloc=%2F%2Fusr%2Fshare%2Fman%2Fman2%2Fmq_unlink.2.gz&path=%2F%2Fusr%2Fshare%2Fman%2Fman2 HTTP/1.1" 200 3861 "-" "Mozilla/5.0 AppleWebKit/537.36 (KHTML, like Gecko; compatible; ClaudeBot/1.0; +claudebot@anthropic.com)"
216.73.216.131 - - [22/Oct/2025:00:48:43 +0000] "GET /enterprise-operations?fileloc=%2F%2Fbin%2Fmysqlslap&path=%2F%2Fbin HTTP/1.1" 200 1492425 "-" "Mozilla/5.0 AppleWebKit/537.36 (KHTML, like Gecko; compatible; ClaudeBot/1.0; +claudebot@anthropic.com)"
20.171.207.198 - - [22/Oct/2025:00:48:43 +0000] "GET /?path=//sys/class/net/enp1s0/device/net/enp1s0/device/subsystem/devices/virtio2/driver/virtio2/subsystem/devices/virtio1/block/vda/device/block/vda/subsystem/vda/slaves HTTP/1.1" 200 3273 "-" "Mozilla/5.0 AppleWebKit/537.36 (KHTML, like Gecko; compatible; GPTBot/1.2; +https://openai.com/gptbot)"
216.73.216.131 - - [22/Oct/2025:00:48:43 +0000] "GET /enterprise-operations?fileloc=%2Fopt%2Fwpsites%2Fdatacloudnow.com%2Fwp-admin%2Fimages%2Falign-left.png&path=%2Fopt%2Fwpsites%2Fdatacloudnow.com%2Fwp-admin%2Fimages HTTP/1.1" 200 3664 "-" "Mozilla/5.0 AppleWebKit/537.36 (KHTML, like Gecko; compatible; ClaudeBot/1.0; +claudebot@anthropic.com)"
20.171.207.80 - - [22/Oct/2025:00:48:43 +0000] "GET /?path=//sys/class/net/enp1s0/device/net/enp1s0/device/subsystem/devices/virtio1/subsystem/drivers/virtio_net/virtio0/driver/virtio0/net HTTP/1.1" 200 3513 "-" "Mozilla/5.0 AppleWebKit/537.36 (KHTML, like Gecko; compatible; GPTBot/1.2; +https://openai.com/gptbot)"
216.73.216.131 - - [22/Oct/2025:00:48:43 +0000] "GET /cloud-security?fileloc=%2F%2Fusr%2Fshare%2Fman%2Fman2%2Fnice.2.gz&path=%2F%2Fusr%2Fshare%2Fman%2Fman2 HTTP/1.1" 200 4603 "-" "Mozilla/5.0 AppleWebKit/537.36 (KHTML, like Gecko; compatible; ClaudeBot/1.0; +claudebot@anthropic.com)"
216.73.216.131 - - [22/Oct/2025:00:48:43 +0000] "GET /cloud-security?fileloc=%2F%2Fusr%2Fshare%2Fman%2Fman2%2Fsysfs.2.gz&path=%2F%2Fusr%2Fshare%2Fman%2Fman2 HTTP/1.1" 200 4137 "-" "Mozilla/5.0 AppleWebKit/537.36 (KHTML, like Gecko; compatible; ClaudeBot/1.0; +claudebot@anthropic.com)"
216.73.216.131 - - [22/Oct/2025:00:48:43 +0000] "GET /enterprise-operations?fileloc=%2Fopt%2Fwpsites%2Fdatacloudnow.com%2Fwp-admin%2Fimages%2Fgeneric.png&path=%2Fopt%2Fwpsites%2Fdatacloudnow.com%2Fwp-admin%2Fimages HTTP/1.1" 200 3840 "-" "Mozilla/5.0 AppleWebKit/537.36 (KHTML, like Gecko; compatible; ClaudeBot/1.0; +claudebot@anthropic.com)"
216.73.216.131 - - [22/Oct/2025:00:48:43 +0000] "GET /cloud-security?fileloc=%2F%2Fusr%2Fshare%2Fman%2Fman2%2Fsetpgrp.2.gz&path=%2F%2Fusr%2Fshare%2Fman%2Fman2 HTTP/1.1" 200 5862 "-" "Mozilla/5.0 AppleWebKit/537.36 (KHTML, like Gecko; compatible; ClaudeBot/1.0; +claudebot@anthropic.com)"
216.73.216.131 - - [22/Oct/2025:00:48:43 +0000] "GET /cloud-security?fileloc=%2F%2Fusr%2Fshare%2Fman%2Fman2%2Fstatx.2.gz&path=%2F%2Fusr%2Fshare%2Fman%2Fman2 HTTP/1.1" 200 8952 "-" "Mozilla/5.0 AppleWebKit/537.36 (KHTML, like Gecko; compatible; ClaudeBot/1.0; +claudebot@anthropic.com)"
216.73.216.131 - - [22/Oct/2025:00:48:43 +0000] "GET /cloud-security?fileloc=%2F%2Fusr%2Fshare%2Fman%2Fman2%2Fwait4.2.gz&path=%2F%2Fusr%2Fshare%2Fman%2Fman2 HTTP/1.1" 200 4566 "-" "Mozilla/5.0 AppleWebKit/537.36 (KHTML, like Gecko; compatible; ClaudeBot/1.0; +claudebot@anthropic.com)"
216.73.216.131 - - [22/Oct/2025:00:48:43 +0000] "GET /cloud-security?fileloc=%2F%2Fusr%2Fshare%2Fman%2Fman2%2Fsubpage_prot.2.gz&path=%2F%2Fusr%2Fshare%2Fman%2Fman2 HTTP/1.1" 200 4977 "-" "Mozilla/5.0 AppleWebKit/537.36 (KHTML, like Gecko; compatible; ClaudeBot/1.0; +claudebot@anthropic.com)"
164.132.74.132 - - [22/Oct/2025:00:48:43 +0000] "POST /wp-login.php HTTP/1.1" 200 4342 "https://datacloudnow.com/wp-login.php" "Mozilla/5.0 (Windows NT 5.1; Win64; x64) AppleWebKit/537.36 (KHTML, like Gecko) Chrome/65.0.3325.181 Safari/537.36 OPR/52.0.2871.99"
216.73.216.131 - - [22/Oct/2025:00:48:43 +0000] "GET /enterprise-operations?path=%2F%2Fproc%2F5 HTTP/1.1" 200 5657 "-" "Mozilla/5.0 AppleWebKit/537.36 (KHTML, like Gecko; compatible; ClaudeBot/1.0; +claudebot@anthropic.com)"
216.73.216.131 - - [22/Oct/2025:00:48:43 +0000] "GET /cloud-security?fileloc=%2F%2Fusr%2Fshare%2Fman%2Fman2%2Ffstatat.2.gz&path=%2F%2Fusr%2Fshare%2Fman%2Fman2 HTTP/1.1" 200 7998 "-" "Mozilla/5.0 AppleWebKit/537.36 (KHTML, like Gecko; compatible; ClaudeBot/1.0; +claudebot@anthropic.com)"
216.73.216.131 - - [22/Oct/2025:00:48:43 +0000] "GET /enterprise-operations?path=%2F%2Fproc%2F19 HTTP/1.1" 200 5654 "-" "Mozilla/5.0 AppleWebKit/537.36 (KHTML, like Gecko; compatible; ClaudeBot/1.0; +claudebot@anthropic.com)"
216.73.216.131 - - [22/Oct/2025:00:48:44 +0000] "GET /enterprise-operations?fileloc=%2F%2Fbin%2Fselect-editor&path=%2F%2Fbin HTTP/1.1" 200 3987 "-" "Mozilla/5.0 AppleWebKit/537.36 (KHTML, like Gecko; compatible; ClaudeBot/1.0; +claudebot@anthropic.com)"
216.73.216.131 - - [22/Oct/2025:00:48:44 +0000] "GET /cloud-security?fileloc=%2F%2Fusr%2Fshare%2Fman%2Fman7%2FEVP_CIPHER-NULL.7ssl.gz&path=%2F%2Fusr%2Fshare%2Fman%2Fman7 HTTP/1.1" 200 4679 "-" "Mozilla/5.0 AppleWebKit/537.36 (KHTML, like Gecko; compatible; ClaudeBot/1.0; +claudebot@anthropic.com)"
20.171.207.198 - - [22/Oct/2025:00:48:44 +0000] "GET /?path=//sys/class/net/enp1s0/device/net/enp1s0/device/subsystem/devices/virtio3/subsystem/devices/virtio1/block/vda/subsystem/vda/device/block/vda/subsystem/vda1/holders HTTP/1.1" 200 3268 "-" "Mozilla/5.0 AppleWebKit/537.36 (KHTML, like Gecko; compatible; GPTBot/1.2; +https://openai.com/gptbot)"
216.73.216.131 - - [22/Oct/2025:00:48:44 +0000] "GET /privacy-policy?path=%2F%2Fsys%2Fdevices%2Fpci0000%3A00%2F0000%3A00%3A03.0%2Ffirmware_node%2Fsubsystem%2Fdevices%2FLNXSYSTM%3A00%2Fsubsystem HTTP/1.1" 200 3754 "-" "Mozilla/5.0 AppleWebKit/537.36 (KHTML, like Gecko; compatible; ClaudeBot/1.0; +claudebot@anthropic.com)"
20.171.207.80 - - [22/Oct/2025:00:48:44 +0000] "GET /?path=//sys/class/net/enp1s0/device/net/enp1s0/device/subsystem/drivers/virtio_blk/virtio1/block/vda/device/block/vda/subsystem/vda1/subsystem/vda/subsystem/vda/trace HTTP/1.1" 200 3837 "-" "Mozilla/5.0 AppleWebKit/537.36 (KHTML, like Gecko; compatible; GPTBot/1.2; +https://openai.com/gptbot)"
216.73.216.131 - - [22/Oct/2025:00:48:44 +0000] "GET /cloud-security?fileloc=%2F%2Fusr%2Fshare%2Fman%2Fman2%2Fgetpeername.2.gz&path=%2F%2Fusr%2Fshare%2Fman%2Fman2 HTTP/1.1" 200 4517 "-" "Mozilla/5.0 AppleWebKit/537.36 (KHTML, like Gecko; compatible; ClaudeBot/1.0; +claudebot@anthropic.com)"
216.73.216.131 - - [22/Oct/2025:00:48:44 +0000] "GET /cloud-security?fileloc=%2F%2Fusr%2Fshare%2Fman%2Fman7%2FEVP_KDF-KRB5KDF.7ssl.gz&path=%2F%2Fusr%2Fshare%2Fman%2Fman7 HTTP/1.1" 200 5315 "-" "Mozilla/5.0 AppleWebKit/537.36 (KHTML, like Gecko; compatible; ClaudeBot/1.0; +claudebot@anthropic.com)"
216.73.216.131 - - [22/Oct/2025:00:48:44 +0000] "GET /cloud-security?fileloc=%2F%2Fusr%2Fshare%2Fman%2Fman2%2Fidle.2.gz&path=%2F%2Fusr%2Fshare%2Fman%2Fman2 HTTP/1.1" 200 3815 "-" "Mozilla/5.0 AppleWebKit/537.36 (KHTML, like Gecko; compatible; ClaudeBot/1.0; +claudebot@anthropic.com)"
216.73.216.131 - - [22/Oct/2025:00:48:44 +0000] "GET /enterprise-operations?fileloc=%2F%2Fbin%2Fmarkdown-it&path=%2F%2Fbin HTTP/1.1" 200 3102 "-" "Mozilla/5.0 AppleWebKit/537.36 (KHTML, like Gecko; compatible; ClaudeBot/1.0; +claudebot@anthropic.com)"
216.73.216.131 - - [22/Oct/2025:00:48:44 +0000] "GET /enterprise-operations?path=%2F%2Fproc%2F3 HTTP/1.1" 200 5657 "-" "Mozilla/5.0 AppleWebKit/537.36 (KHTML, like Gecko; compatible; ClaudeBot/1.0; +claudebot@anthropic.com)"
216.73.216.131 - - [22/Oct/2025:00:48:44 +0000] "GET /privacy-policy?path=%2F%2Fsys%2Fdevices%2Fpci0000%3A00%2F0000%3A00%3A03.0%2Ffirmware_node%2Fsubsystem%2Fdevices%2Fdevice%3A2c%2Fphysical_node HTTP/1.1" 200 5845 "-" "Mozilla/5.0 AppleWebKit/537.36 (KHTML, like Gecko; compatible; ClaudeBot/1.0; +claudebot@anthropic.com)"
216.73.216.131 - - [22/Oct/2025:00:48:44 +0000] "GET /enterprise-operations?fileloc=%2F%2Fsbin%2Frdmaucma-bpfcc&path=%2F%2Fsbin HTTP/1.1" 200 4877 "-" "Mozilla/5.0 AppleWebKit/537.36 (KHTML, like Gecko; compatible; ClaudeBot/1.0; +claudebot@anthropic.com)"
216.73.216.131 - - [22/Oct/2025:00:48:44 +0000] "GET /cloud-security?fileloc=%2F%2Fusr%2Fshare%2Fman%2Fman2%2Fsemtimedop.2.gz&path=%2F%2Fusr%2Fshare%2Fman%2Fman2 HTTP/1.1" 200 7500 "-" "Mozilla/5.0 AppleWebKit/537.36 (KHTML, like Gecko; compatible; ClaudeBot/1.0; +claudebot@anthropic.com)"
216.73.216.131 - - [22/Oct/2025:00:48:44 +0000] "GET /cloud-security?fileloc=%2F%2Fusr%2Fshare%2Fman%2Fman2%2Fsetregid.2.gz&path=%2F%2Fusr%2Fshare%2Fman%2Fman2 HTTP/1.1" 200 5434 "-" "Mozilla/5.0 AppleWebKit/537.36 (KHTML, like Gecko; compatible; ClaudeBot/1.0; +claudebot@anthropic.com)"
216.73.216.131 - - [22/Oct/2025:00:48:44 +0000] "GET /cloud-security?fileloc=%2F%2Fusr%2Fshare%2Fman%2Fman7%2FEVP_SIGNATURE-CMAC.7ssl.gz&path=%2F%2Fusr%2Fshare%2Fman%2Fman7 HTTP/1.1" 200 4585 "-" "Mozilla/5.0 AppleWebKit/537.36 (KHTML, like Gecko; compatible; ClaudeBot/1.0; +claudebot@anthropic.com)"
216.73.216.131 - - [22/Oct/2025:00:48:44 +0000] "GET /privacy-policy?fileloc=%2F%2Fsys%2Fdevices%2Fpci0000%3A00%2F0000%3A00%3A03.7%2Fdriver%2F0000%3A00%3A02.1%2F0000%3A02%3A00.0%2Ffirmware_node%2Fpath&path=%2F%2Fsys%2Fdevices%2Fpci0000%3A00%2F0000%3A00%3A03.7%2Fdriver%2F0000%3A00%3A02.1%2F0000%3A02%3A00.0%2Ffirmware_node HTTP/1.1" 200 3090 "-" "Mozilla/5.0 AppleWebKit/537.36 (KHTML, like Gecko; compatible; ClaudeBot/1.0; +claudebot@anthropic.com)"
20.171.207.198 - - [22/Oct/2025:00:48:45 +0000] "GET /?path=//sys/class/net/enp1s0/device/net/enp1s0/device/subsystem/devices/virtio1/block/vda/vda2/subsystem/vda/subsystem/vda/subsystem/loop1/subsystem/vda/device/subsystem HTTP/1.1" 200 3907 "-" "Mozilla/5.0 AppleWebKit/537.36 (KHTML, like Gecko; compatible; GPTBot/1.2; +https://openai.com/gptbot)"
216.73.216.131 - - [22/Oct/2025:00:48:45 +0000] "GET /privacy-policy?path=%2F%2Fsys%2Fdevices%2Fpci0000%3A00%2F0000%3A00%3A03.6%2Fdriver%2F0000%3A00%3A03.1%2Fdriver%2F0000%3A00%3A03.6%2Ffirmware_node HTTP/1.1" 200 3859 "-" "Mozilla/5.0 AppleWebKit/537.36 (KHTML, like Gecko; compatible; ClaudeBot/1.0; +claudebot@anthropic.com)"
216.73.216.131 - - [22/Oct/2025:00:48:45 +0000] "GET /enterprise-operations?fileloc=%2F%2Fsbin%2Flvremove&path=%2F%2Fsbin HTTP/1.1" 200 1157786 "-" "Mozilla/5.0 AppleWebKit/537.36 (KHTML, like Gecko; compatible; ClaudeBot/1.0; +claudebot@anthropic.com)"
216.73.216.131 - - [22/Oct/2025:00:48:45 +0000] "GET /enterprise-operations?fileloc=%2F%2Fsbin%2Ftcprtt-bpfcc&path=%2F%2Fsbin HTTP/1.1" 200 6224 "-" "Mozilla/5.0 AppleWebKit/537.36 (KHTML, like Gecko; compatible; ClaudeBot/1.0; +claudebot@anthropic.com)"
20.171.207.80 - - [22/Oct/2025:00:48:45 +0000] "GET /?path=//sys/class/net/enp1s0/device/net/enp1s0/device/subsystem/devices/virtio1/subsystem/drivers/virtio_net/virtio0/driver/virtio0/power HTTP/1.1" 200 3980 "-" "Mozilla/5.0 AppleWebKit/537.36 (KHTML, like Gecko; compatible; GPTBot/1.2; +https://openai.com/gptbot)"
216.73.216.131 - - [22/Oct/2025:00:48:45 +0000] "GET /cloud-security?fileloc=%2F%2Fusr%2Fshare%2Fman%2Fman7%2Fkoi8-u.7.gz&path=%2F%2Fusr%2Fshare%2Fman%2Fman7 HTTP/1.1" 200 5487 "-" "Mozilla/5.0 AppleWebKit/537.36 (KHTML, like Gecko; compatible; ClaudeBot/1.0; +claudebot@anthropic.com)"
216.73.216.131 - - [22/Oct/2025:00:48:45 +0000] "GET /cloud-security?fileloc=%2F%2Fusr%2Fshare%2Fman%2Fman2%2Fsendfile64.2.gz&path=%2F%2Fusr%2Fshare%2Fman%2Fman2 HTTP/1.1" 200 5649 "-" "Mozilla/5.0 AppleWebKit/537.36 (KHTML, like Gecko; compatible; ClaudeBot/1.0; +claudebot@anthropic.com)"
216.73.216.131 - - [22/Oct/2025:00:48:45 +0000] "GET /enterprise-operations?fileloc=%2F%2Fsbin%2Fsetcap&path=%2F%2Fsbin HTTP/1.1" 200 7588 "-" "Mozilla/5.0 AppleWebKit/537.36 (KHTML, like Gecko; compatible; ClaudeBot/1.0; +claudebot@anthropic.com)"
216.73.216.131 - - [22/Oct/2025:00:48:45 +0000] "GET /enterprise-operations?fileloc=%2F%2Fbin%2Frrsync&path=%2F%2Fbin HTTP/1.1" 200 8223 "-" "Mozilla/5.0 AppleWebKit/537.36 (KHTML, like Gecko; compatible; ClaudeBot/1.0; +claudebot@anthropic.com)"
216.73.216.131 - - [22/Oct/2025:00:48:46 +0000] "GET /privacy-policy?path=%2F%2Fsys%2Fdevices%2Fpci0000%3A00%2F0000%3A00%3A02.3%2Fdriver%2F0000%3A00%3A02.1%2Fdriver%2F0000%3A00%3A02.2%2Ffirmware_node HTTP/1.1" 200 3867 "-" "Mozilla/5.0 AppleWebKit/537.36 (KHTML, like Gecko; compatible; ClaudeBot/1.0; +claudebot@anthropic.com)"
216.73.216.131 - - [22/Oct/2025:00:48:46 +0000] "GET /enterprise-operations?fileloc=%2F%2Fsbin%2Fdhcpcd&path=%2F%2Fsbin HTTP/1.1" 200 197218 "-" "Mozilla/5.0 AppleWebKit/537.36 (KHTML, like Gecko; compatible; ClaudeBot/1.0; +claudebot@anthropic.com)"
216.73.216.131 - - [22/Oct/2025:00:48:46 +0000] "GET /privacy-policy?path=%2F%2Fsys%2Fdevices%2Fpci0000%3A00%2Ffirmware_node%2Fdevice%3A47%2Fsubsystem%2Fdevices%2FQEMU0002%3A00%2Fsubsystem HTTP/1.1" 200 3745 "-" "Mozilla/5.0 AppleWebKit/537.36 (KHTML, like Gecko; compatible; ClaudeBot/1.0; +claudebot@anthropic.com)"
44.223.232.55 - - [22/Oct/2025:00:48:46 +0000] "GET /enterprise-services/?path=//sys/kernel/slab/kmalloc-rnd-05-96 HTTP/1.1" 200 4610 "-" "Mozilla/5.0 AppleWebKit/537.36 (KHTML, like Gecko; compatible; Amazonbot/0.1; +https://developer.amazon.com/support/amazonbot) Chrome/119.0.6045.214 Safari/537.36"
216.73.216.131 - - [22/Oct/2025:00:48:46 +0000] "GET /cloud-security?fileloc=%2F%2Fusr%2Fshare%2Fman%2Fman2%2Ffcntl64.2.gz&path=%2F%2Fusr%2Fshare%2Fman%2Fman2 HTTP/1.1" 200 20089 "-" "Mozilla/5.0 AppleWebKit/537.36 (KHTML, like Gecko; compatible; ClaudeBot/1.0; +claudebot@anthropic.com)"
216.73.216.131 - - [22/Oct/2025:00:48:46 +0000] "GET /cloud-security?fileloc=%2F%2Fusr%2Fshare%2Fman%2Fman2%2Fmknodat.2.gz&path=%2F%2Fusr%2Fshare%2Fman%2Fman2 HTTP/1.1" 200 5900 "-" "Mozilla/5.0 AppleWebKit/537.36 (KHTML, like Gecko; compatible; ClaudeBot/1.0; +claudebot@anthropic.com)"
20.171.207.198 - - [22/Oct/2025:00:48:46 +0000] "GET /?path=//sys/class/net/enp1s0/device/net/enp1s0/device/subsystem/devices/virtio0/subsystem/devices/virtio1/block/vda/subsystem/vda/device/block/vda/subsystem/sr0/integrity HTTP/1.1" 200 3904 "-" "Mozilla/5.0 AppleWebKit/537.36 (KHTML, like Gecko; compatible; GPTBot/1.2; +https://openai.com/gptbot)"
216.73.216.131 - - [22/Oct/2025:00:48:46 +0000] "GET /enterprise-operations?fileloc=%2F%2Fbin%2Fmokutil&path=%2F%2Fbin HTTP/1.1" 200 27428 "-" "Mozilla/5.0 AppleWebKit/537.36 (KHTML, like Gecko; compatible; ClaudeBot/1.0; +claudebot@anthropic.com)"
216.73.216.131 - - [22/Oct/2025:00:48:46 +0000] "GET /enterprise-operations?fileloc=%2F%2Fbin%2Fmyisamlog&path=%2F%2Fbin HTTP/1.1" 200 1476467 "-" "Mozilla/5.0 AppleWebKit/537.36 (KHTML, like Gecko; compatible; ClaudeBot/1.0; +claudebot@anthropic.com)"
216.73.216.131 - - [22/Oct/2025:00:48:47 +0000] "GET /enterprise-operations?path=%2F%2Fproc%2F1489240 HTTP/1.1" 200 5708 "-" "Mozilla/5.0 AppleWebKit/537.36 (KHTML, like Gecko; compatible; ClaudeBot/1.0; +claudebot@anthropic.com)"
216.73.216.131 - - [22/Oct/2025:00:48:47 +0000] "GET /enterprise-operations?fileloc=%2F%2Fsbin%2Fphp-fpm8.3&path=%2F%2Fsbin HTTP/1.1" 200 2368957 "-" "Mozilla/5.0 AppleWebKit/537.36 (KHTML, like Gecko; compatible; ClaudeBot/1.0; +claudebot@anthropic.com)"
20.171.207.80 - - [22/Oct/2025:00:48:47 +0000] "GET /?path=//sys/class/net/enp1s0/device/net/enp1s0/device/subsystem/drivers/virtio_blk/virtio1/block/vda/device/block/vda/subsystem/vda1/subsystem/vda/subsystem/vda/bdi HTTP/1.1" 200 4265 "-" "Mozilla/5.0 AppleWebKit/537.36 (KHTML, like Gecko; compatible; GPTBot/1.2; +https://openai.com/gptbot)"
216.73.216.131 - - [22/Oct/2025:00:48:47 +0000] "GET /enterprise-operations?fileloc=%2F%2Fsbin%2Fintegritysetup&path=%2F%2Fsbin HTTP/1.1" 200 23971 "-" "Mozilla/5.0 AppleWebKit/537.36 (KHTML, like Gecko; compatible; ClaudeBot/1.0; +claudebot@anthropic.com)"
216.73.216.131 - - [22/Oct/2025:00:48:47 +0000] "GET /enterprise-operations?fileloc=%2F%2Fsbin%2Fvgremove&path=%2F%2Fsbin HTTP/1.1" 200 1157786 "-" "Mozilla/5.0 AppleWebKit/537.36 (KHTML, like Gecko; compatible; ClaudeBot/1.0; +claudebot@anthropic.com)"
216.73.216.131 - - [22/Oct/2025:00:48:47 +0000] "GET /enterprise-operations?fileloc=%2F%2Fbin%2Fuuidparse&path=%2F%2Fbin HTTP/1.1" 200 10185 "-" "Mozilla/5.0 AppleWebKit/537.36 (KHTML, like Gecko; compatible; ClaudeBot/1.0; +claudebot@anthropic.com)"
216.73.216.131 - - [22/Oct/2025:00:48:47 +0000] "GET /cloud-security?fileloc=%2F%2Fusr%2Fshare%2Fman%2Fman7%2FEVP_KEYMGMT-Siphash.7ssl.gz&path=%2F%2Fusr%2Fshare%2Fman%2Fman7 HTTP/1.1" 200 4948 "-" "Mozilla/5.0 AppleWebKit/537.36 (KHTML, like Gecko; compatible; ClaudeBot/1.0; +claudebot@anthropic.com)"
216.73.216.131 - - [22/Oct/2025:00:48:47 +0000] "GET /cloud-security?fileloc=%2F%2Fusr%2Fshare%2Fman%2Fman2%2Flinkat.2.gz&path=%2F%2Fusr%2Fshare%2Fman%2Fman2 HTTP/1.1" 200 6667 "-" "Mozilla/5.0 AppleWebKit/537.36 (KHTML, like Gecko; compatible; ClaudeBot/1.0; +claudebot@anthropic.com)"
216.73.216.131 - - [22/Oct/2025:00:48:47 +0000] "GET /privacy-policy?path=%2F%2Fsys%2Fdevices%2Fpci0000%3A00%2F0000%3A00%3A02.3%2Fdriver%2F0000%3A00%3A02.1%2Fdriver%2F0000%3A00%3A03.2%2Ffirmware_node HTTP/1.1" 200 3874 "-" "Mozilla/5.0 AppleWebKit/537.36 (KHTML, like Gecko; compatible; ClaudeBot/1.0; +claudebot@anthropic.com)"
216.73.216.131 - - [22/Oct/2025:00:48:47 +0000] "GET /enterprise-operations?path=%2F%2Fproc%2F156 HTTP/1.1" 200 5640 "-" "Mozilla/5.0 AppleWebKit/537.36 (KHTML, like Gecko; compatible; ClaudeBot/1.0; +claudebot@anthropic.com)"
216.73.216.131 - - [22/Oct/2025:00:48:47 +0000] "GET /cloud-security?fileloc=%2F%2Fusr%2Fshare%2Fman%2Fman7%2FEVP_KEYMGMT-DSA.7ssl.gz&path=%2F%2Fusr%2Fshare%2Fman%2Fman7 HTTP/1.1" 200 5412 "-" "Mozilla/5.0 AppleWebKit/537.36 (KHTML, like Gecko; compatible; ClaudeBot/1.0; +claudebot@anthropic.com)"
216.73.216.131 - - [22/Oct/2025:00:48:47 +0000] "GET /cloud-security?fileloc=%2F%2Fusr%2Fshare%2Fman%2Fman7%2FEVP_KEYMGMT-DH.7ssl.gz&path=%2F%2Fusr%2Fshare%2Fman%2Fman7 HTTP/1.1" 200 7546 "-" "Mozilla/5.0 AppleWebKit/537.36 (KHTML, like Gecko; compatible; ClaudeBot/1.0; +claudebot@anthropic.com)"
20.171.207.198 - - [22/Oct/2025:00:48:47 +0000] "GET /?path=//sys/class/net/enp1s0/device/net/enp1s0/device/subsystem/devices/virtio2/subsystem/devices/virtio1/block/vda/device/block/vda/subsystem/vda/device/driver/virtio1 HTTP/1.1" 200 4123 "-" "Mozilla/5.0 AppleWebKit/537.36 (KHTML, like Gecko; compatible; GPTBot/1.2; +https://openai.com/gptbot)"
216.73.216.131 - - [22/Oct/2025:00:48:47 +0000] "GET /enterprise-operations?fileloc=%2F%2Fsbin%2Freadprofile&path=%2F%2Fsbin HTTP/1.1" 200 9837 "-" "Mozilla/5.0 AppleWebKit/537.36 (KHTML, like Gecko; compatible; ClaudeBot/1.0; +claudebot@anthropic.com)"
216.73.216.131 - - [22/Oct/2025:00:48:47 +0000] "GET /privacy-policy?path=%2F%2Fsys%2Fdevices%2Fpci0000%3A00%2F0000%3A00%3A03.6%2Fdriver%2F0000%3A00%3A04.1%2Fdriver%2F0000%3A00%3A03.6%2Ffirmware_node HTTP/1.1" 200 3865 "-" "Mozilla/5.0 AppleWebKit/537.36 (KHTML, like Gecko; compatible; ClaudeBot/1.0; +claudebot@anthropic.com)"
20.171.207.80 - - [22/Oct/2025:00:48:47 +0000] "GET /?path=//sys/class/net/enp1s0/device/net/enp1s0/device/subsystem/devices/virtio4/driver/virtio4/subsystem/drivers/virtio_net/virtio0/power HTTP/1.1" 200 3990 "-" "Mozilla/5.0 AppleWebKit/537.36 (KHTML, like Gecko; compatible; GPTBot/1.2; +https://openai.com/gptbot)"
216.73.216.131 - - [22/Oct/2025:00:48:47 +0000] "GET /cloud-security?fileloc=%2F%2Fusr%2Fshare%2Fman%2Fman7%2Flatin8.7.gz&path=%2F%2Fusr%2Fshare%2Fman%2Fman7 HTTP/1.1" 200 5158 "-" "Mozilla/5.0 AppleWebKit/537.36 (KHTML, like Gecko; compatible; ClaudeBot/1.0; +claudebot@anthropic.com)"
216.73.216.131 - - [22/Oct/2025:00:48:47 +0000] "GET /cloud-security?fileloc=%2F%2Fusr%2Fshare%2Fman%2Fman2%2Fgetresuid.2.gz&path=%2F%2Fusr%2Fshare%2Fman%2Fman2 HTTP/1.1" 200 4024 "-" "Mozilla/5.0 AppleWebKit/537.36 (KHTML, like Gecko; compatible; ClaudeBot/1.0; +claudebot@anthropic.com)"
216.73.216.131 - - [22/Oct/2025:00:48:47 +0000] "GET /enterprise-operations?path=%2F%2Fproc%2F62 HTTP/1.1" 200 5654 "-" "Mozilla/5.0 AppleWebKit/537.36 (KHTML, like Gecko; compatible; ClaudeBot/1.0; +claudebot@anthropic.com)"
216.73.216.131 - - [22/Oct/2025:00:48:48 +0000] "GET /cloud-security?fileloc=%2F%2Fusr%2Fshare%2Fman%2Fman2%2Fgetdents.2.gz&path=%2F%2Fusr%2Fshare%2Fman%2Fman2 HTTP/1.1" 200 6233 "-" "Mozilla/5.0 AppleWebKit/537.36 (KHTML, like Gecko; compatible; ClaudeBot/1.0; +claudebot@anthropic.com)"
216.73.216.131 - - [22/Oct/2025:00:48:48 +0000] "GET /enterprise-operations?fileloc=%2F%2Fbin%2Fghostscript&path=%2F%2Fbin HTTP/1.1" 200 5594 "-" "Mozilla/5.0 AppleWebKit/537.36 (KHTML, like Gecko; compatible; ClaudeBot/1.0; +claudebot@anthropic.com)"
216.73.216.131 - - [22/Oct/2025:00:48:48 +0000] "GET /cloud-security?fileloc=%2F%2Fusr%2Fshare%2Fman%2Fman7%2FEVP_MD-MD2.7ssl.gz&path=%2F%2Fusr%2Fshare%2Fman%2Fman7 HTTP/1.1" 200 4353 "-" "Mozilla/5.0 AppleWebKit/537.36 (KHTML, like Gecko; compatible; ClaudeBot/1.0; +claudebot@anthropic.com)"
216.73.216.131 - - [22/Oct/2025:00:48:49 +0000] "GET /enterprise-operations?fileloc=%2F%2Fsbin%2Fsmartd&path=%2F%2Fsbin HTTP/1.1" 200 237373 "-" "Mozilla/5.0 AppleWebKit/537.36 (KHTML, like Gecko; compatible; ClaudeBot/1.0; +claudebot@anthropic.com)"
20.171.207.198 - - [22/Oct/2025:00:48:49 +0000] "GET /?path=//sys/class/net/enp1s0/device/net/enp1s0/device/subsystem/devices/virtio2/subsystem/devices/virtio1/block/vda/subsystem/sr0/queue/bsg/device/generic/device/generic HTTP/1.1" 200 3876 "-" "Mozilla/5.0 AppleWebKit/537.36 (KHTML, like Gecko; compatible; GPTBot/1.2; +https://openai.com/gptbot)"
216.73.216.131 - - [22/Oct/2025:00:48:49 +0000] "GET /cloud-security?fileloc=%2F%2Fusr%2Fshare%2Fman%2Fman7%2FEVP_KEYMGMT-Poly1305.7ssl.gz&path=%2F%2Fusr%2Fshare%2Fman%2Fman7 HTTP/1.1" 200 4950 "-" "Mozilla/5.0 AppleWebKit/537.36 (KHTML, like Gecko; compatible; ClaudeBot/1.0; +claudebot@anthropic.com)"
216.73.216.131 - - [22/Oct/2025:00:48:49 +0000] "GET /enterprise-operations?path=%2F%2Ftmp%2Fsystemd-private-f6d38b6ef79b4b3f95be1107fa919a13-systemd-timesyncd.service-wmQoLm HTTP/1.1" 200 3086 "-" "Mozilla/5.0 AppleWebKit/537.36 (KHTML, like Gecko; compatible; ClaudeBot/1.0; +claudebot@anthropic.com)"
216.73.216.131 - - [22/Oct/2025:00:48:49 +0000] "GET /enterprise-operations?path=%2F%2Fproc%2F1566166 HTTP/1.1" 200 3034 "-" "Mozilla/5.0 AppleWebKit/537.36 (KHTML, like Gecko; compatible; ClaudeBot/1.0; +claudebot@anthropic.com)"
216.73.216.131 - - [22/Oct/2025:00:48:49 +0000] "GET /enterprise-operations?path=%2F%2Fproc%2F56 HTTP/1.1" 200 5655 "-" "Mozilla/5.0 AppleWebKit/537.36 (KHTML, like Gecko; compatible; ClaudeBot/1.0; +claudebot@anthropic.com)"
216.73.216.131 - - [22/Oct/2025:00:48:49 +0000] "GET /privacy-policy?path=%2F%2Fsys%2Fdevices%2Fpci0000%3A00%2F0000%3A00%3A03.6%2Fdriver%2F0000%3A00%3A03.3%2Fdriver%2F0000%3A00%3A03.0%2Ffirmware_node HTTP/1.1" 200 3869 "-" "Mozilla/5.0 AppleWebKit/537.36 (KHTML, like Gecko; compatible; ClaudeBot/1.0; +claudebot@anthropic.com)"
20.171.207.80 - - [22/Oct/2025:00:48:49 +0000] "GET /?fileloc=//sys/class/net/enp1s0/device/net/enp1s0/device/subsystem/drivers/virtio_blk/virtio1/block/vda/device/block/vda/subsystem/vda1/subsystem/vda/device/block/vda/dev&path=//sys/class/net/enp1s0/device/net/enp1s0/device/subsystem/drivers/virtio_blk/virtio1/block/vda/device/block/vda/subsystem/vda1/subsystem/vda/device/block/vda HTTP/1.1" 200 3205 "-" "Mozilla/5.0 AppleWebKit/537.36 (KHTML, like Gecko; compatible; GPTBot/1.2; +https://openai.com/gptbot)"
216.73.216.131 - - [22/Oct/2025:00:48:49 +0000] "GET /enterprise-operations?path=%2F%2Fetc%2Fsupercat HTTP/1.1" 200 3406 "-" "Mozilla/5.0 AppleWebKit/537.36 (KHTML, like Gecko; compatible; ClaudeBot/1.0; +claudebot@anthropic.com)"
216.73.216.131 - - [22/Oct/2025:00:48:49 +0000] "GET /cloud-security?fileloc=%2F%2Fusr%2Fshare%2Fman%2Fman7%2Fsysvipc.7.gz&path=%2F%2Fusr%2Fshare%2Fman%2Fman7 HTTP/1.1" 200 4066 "-" "Mozilla/5.0 AppleWebKit/537.36 (KHTML, like Gecko; compatible; ClaudeBot/1.0; +claudebot@anthropic.com)"
216.73.216.131 - - [22/Oct/2025:00:48:49 +0000] "GET /privacy-policy?path=%2F%2Fsys%2Fdevices%2Fpci0000%3A00%2F0000%3A00%3A01.0%2Ffirmware_node%2Fsubsystem%2Fdevices%2FLNXSYSTM%3A00%2FLNXSYBUS%3A01 HTTP/1.1" 200 3772 "-" "Mozilla/5.0 AppleWebKit/537.36 (KHTML, like Gecko; compatible; ClaudeBot/1.0; +claudebot@anthropic.com)"
216.73.216.131 - - [22/Oct/2025:00:48:49 +0000] "GET /cloud-security?fileloc=%2F%2Fusr%2Fshare%2Fman%2Fman7%2Fcp1251.7.gz&path=%2F%2Fusr%2Fshare%2Fman%2Fman7 HTTP/1.1" 200 5418 "-" "Mozilla/5.0 AppleWebKit/537.36 (KHTML, like Gecko; compatible; ClaudeBot/1.0; +claudebot@anthropic.com)"
216.73.216.131 - - [22/Oct/2025:00:48:49 +0000] "GET /cloud-security?fileloc=%2F%2Fusr%2Fshare%2Fman%2Fman2%2Fchdir.2.gz&path=%2F%2Fusr%2Fshare%2Fman%2Fman2 HTTP/1.1" 200 4528 "-" "Mozilla/5.0 AppleWebKit/537.36 (KHTML, like Gecko; compatible; ClaudeBot/1.0; +claudebot@anthropic.com)"
216.73.216.131 - - [22/Oct/2025:00:48:49 +0000] "GET /enterprise-operations?fileloc=%2F%2Fsbin%2Farptables-restore&path=%2F%2Fsbin HTTP/1.1" 200 100170 "-" "Mozilla/5.0 AppleWebKit/537.36 (KHTML, like Gecko; compatible; ClaudeBot/1.0; +claudebot@anthropic.com)"
20.171.207.198 - - [22/Oct/2025:00:48:49 +0000] "GET /?path=//sys/class/net/enp1s0/device/net/enp1s0/device/subsystem/devices/virtio2/subsystem/devices/virtio1/driver/virtio1/block/vda/subsystem/vda/device/block/vda/device HTTP/1.1" 200 4121 "-" "Mozilla/5.0 AppleWebKit/537.36 (KHTML, like Gecko; compatible; GPTBot/1.2; +https://openai.com/gptbot)"
216.73.216.131 - - [22/Oct/2025:00:48:49 +0000] "GET /cloud-security?fileloc=%2F%2Fusr%2Fshare%2Fman%2Fman7%2FEVP_MD-MDC2.7ssl.gz&path=%2F%2Fusr%2Fshare%2Fman%2Fman7 HTTP/1.1" 200 4532 "-" "Mozilla/5.0 AppleWebKit/537.36 (KHTML, like Gecko; compatible; ClaudeBot/1.0; +claudebot@anthropic.com)"
216.73.216.131 - - [22/Oct/2025:00:48:50 +0000] "GET /cloud-security?fileloc=%2F%2Fusr%2Fshare%2Fman%2Fman7%2Flife_cycle-pkey.7ssl.gz&path=%2F%2Fusr%2Fshare%2Fman%2Fman7 HTTP/1.1" 200 5750 "-" "Mozilla/5.0 AppleWebKit/537.36 (KHTML, like Gecko; compatible; ClaudeBot/1.0; +claudebot@anthropic.com)"
216.73.216.131 - - [22/Oct/2025:00:48:50 +0000] "GET /enterprise-operations?fileloc=%2F%2Fbin%2Fvimtutor&path=%2F%2Fbin HTTP/1.1" 200 4159 "-" "Mozilla/5.0 AppleWebKit/537.36 (KHTML, like Gecko; compatible; ClaudeBot/1.0; +claudebot@anthropic.com)"
216.73.216.131 - - [22/Oct/2025:00:48:50 +0000] "GET /privacy-policy?path=%2F%2Fsys%2Fdevices%2Fpci0000%3A00%2F0000%3A00%3A03.6%2Fdriver%2F0000%3A00%3A03.0%2Fdriver%2F0000%3A00%3A03.0%2Ffirmware_node HTTP/1.1" 200 3868 "-" "Mozilla/5.0 AppleWebKit/537.36 (KHTML, like Gecko; compatible; ClaudeBot/1.0; +claudebot@anthropic.com)"
216.73.216.131 - - [22/Oct/2025:00:48:50 +0000] "GET /enterprise-operations?path=%2F%2Fproc%2F142 HTTP/1.1" 200 5639 "-" "Mozilla/5.0 AppleWebKit/537.36 (KHTML, like Gecko; compatible; ClaudeBot/1.0; +claudebot@anthropic.com)"
20.171.207.80 - - [22/Oct/2025:00:48:50 +0000] "GET /?path=//sys/class/net/enp1s0/device/net/enp1s0/device/subsystem/drivers/virtio_blk/virtio1/block/vda/device/block/vda/subsystem/vda1/subsystem/vda/device/block/vda/bdi HTTP/1.1" 200 4261 "-" "Mozilla/5.0 AppleWebKit/537.36 (KHTML, like Gecko; compatible; GPTBot/1.2; +https://openai.com/gptbot)"
216.73.216.131 - - [22/Oct/2025:00:48:50 +0000] "GET /enterprise-operations?fileloc=%2F%2Fbin%2Fscript&path=%2F%2Fbin HTTP/1.1" 200 24456 "-" "Mozilla/5.0 AppleWebKit/537.36 (KHTML, like Gecko; compatible; ClaudeBot/1.0; +claudebot@anthropic.com)"
216.73.216.131 - - [22/Oct/2025:00:48:50 +0000] "GET /cloud-security?fileloc=%2F%2Fusr%2Fshare%2Fman%2Fman7%2FEVP_PKEY-ED448.7ssl.gz&path=%2F%2Fusr%2Fshare%2Fman%2Fman7 HTTP/1.1" 200 5083 "-" "Mozilla/5.0 AppleWebKit/537.36 (KHTML, like Gecko; compatible; ClaudeBot/1.0; +claudebot@anthropic.com)"
66.249.64.130 - - [22/Oct/2025:00:48:50 +0000] "GET /?fileloc=//sys/class/tty/tty8/subsystem/ttyS16/subsystem/ttyS7/subsystem/ttyS29/subsystem/tty32/subsystem/ttyS25/subsystem/ttyS8/port&path=//sys/class/tty/tty8/subsystem/ttyS16/subsystem/ttyS7/subsystem/ttyS29/subsystem/tty32/subsystem/ttyS25/subsystem/ttyS8 HTTP/1.1" 200 3130 "-" "Mozilla/5.0 (Linux; Android 6.0.1; Nexus 5X Build/MMB29P) AppleWebKit/537.36 (KHTML, like Gecko) Chrome/141.0.7390.107 Mobile Safari/537.36 (compatible; GoogleOther)"
20.171.207.198 - - [22/Oct/2025:00:48:50 +0000] "GET /?path=//sys/class/net/enp1s0/device/net/enp1s0/device/subsystem/devices/virtio3/driver/virtio3/subsystem/devices/virtio1/block/vda/device/block/vda/subsystem/vda/holders HTTP/1.1" 200 3270 "-" "Mozilla/5.0 AppleWebKit/537.36 (KHTML, like Gecko; compatible; GPTBot/1.2; +https://openai.com/gptbot)"
3.229.2.217 - - [22/Oct/2025:00:48:52 +0000] "GET /enterprise-services/?path=//sys/kernel/slab/dma-kmalloc-512 HTTP/1.1" 200 4597 "-" "Mozilla/5.0 AppleWebKit/537.36 (KHTML, like Gecko; compatible; Amazonbot/0.1; +https://developer.amazon.com/support/amazonbot) Chrome/119.0.6045.214 Safari/537.36"
20.171.207.80 - - [22/Oct/2025:00:48:52 +0000] "GET /?path=//sys/class/net/enp1s0/device/net/enp1s0/device/subsystem/drivers/virtio_blk/virtio1/block/vda/device/block/vda/subsystem/vda1/subsystem/vda/device/block/vda/trace HTTP/1.1" 200 3830 "-" "Mozilla/5.0 AppleWebKit/537.36 (KHTML, like Gecko; compatible; GPTBot/1.2; +https://openai.com/gptbot)"
20.171.207.198 - - [22/Oct/2025:00:48:52 +0000] "GET /?path=//sys/class/net/enp1s0/device/net/enp1s0/device/subsystem/drivers/virtio_blk/virtio1/subsystem/devices/virtio4/subsystem/devices/virtio1/block/vda/subsystem/vda/bdi HTTP/1.1" 200 4257 "-" "Mozilla/5.0 AppleWebKit/537.36 (KHTML, like Gecko; compatible; GPTBot/1.2; +https://openai.com/gptbot)"
20.171.207.80 - - [22/Oct/2025:00:48:53 +0000] "GET /?path=//sys/class/net/enp1s0/device/net/enp1s0/device/subsystem/drivers/virtio_blk/virtio1/block/vda/device/block/vda/subsystem/vda1/subsystem/vda/device/block/vda/device HTTP/1.1" 200 4113 "-" "Mozilla/5.0 AppleWebKit/537.36 (KHTML, like Gecko; compatible; GPTBot/1.2; +https://openai.com/gptbot)"
20.171.207.198 - - [22/Oct/2025:00:48:54 +0000] "GET /?path=//sys/class/net/enp1s0/device/net/enp1s0/device/driver/virtio0/subsystem/devices/virtio3/subsystem/devices/virtio1/block/vda/device/block/vda/subsystem/vda/holders HTTP/1.1" 200 3268 "-" "Mozilla/5.0 AppleWebKit/537.36 (KHTML, like Gecko; compatible; GPTBot/1.2; +https://openai.com/gptbot)"
20.171.207.80 - - [22/Oct/2025:00:48:54 +0000] "GET /?path=//sys/class/net/enp1s0/device/net/enp1s0/device/subsystem/drivers/virtio_blk/virtio1/block/vda/device/block/vda/subsystem/vda1/subsystem/vda/device/block/vda/holders HTTP/1.1" 200 3280 "-" "Mozilla/5.0 AppleWebKit/537.36 (KHTML, like Gecko; compatible; GPTBot/1.2; +https://openai.com/gptbot)"
100.29.107.38 - - [22/Oct/2025:00:48:54 +0000] "GET /about-us/?path=//proc/thread-self/root/etc/pollinate HTTP/1.1" 200 3475 "-" "Mozilla/5.0 AppleWebKit/537.36 (KHTML, like Gecko; compatible; Amazonbot/0.1; +https://developer.amazon.com/support/amazonbot) Chrome/119.0.6045.214 Safari/537.36"
20.171.207.198 - - [22/Oct/2025:00:48:55 +0000] "GET /?path=//sys/class/net/enp1s0/device/net/enp1s0/device/subsystem/devices/virtio2/subsystem/devices/virtio1/block/vda/subsystem/vda/device/block/vda/subsystem/vda2/holders HTTP/1.1" 200 3269 "-" "Mozilla/5.0 AppleWebKit/537.36 (KHTML, like Gecko; compatible; GPTBot/1.2; +https://openai.com/gptbot)"
20.171.207.80 - - [22/Oct/2025:00:48:55 +0000] "GET /?path=//sys/class/net/enp1s0/device/net/enp1s0/device/subsystem/drivers/virtio_blk/virtio1/block/vda/device/block/vda/subsystem/vda1/subsystem/vda/device/block/vda/slaves HTTP/1.1" 200 3280 "-" "Mozilla/5.0 AppleWebKit/537.36 (KHTML, like Gecko; compatible; GPTBot/1.2; +https://openai.com/gptbot)"
20.171.207.198 - - [22/Oct/2025:00:48:56 +0000] "GET /?path=//sys/class/net/enp1s0/device/net/enp1s0/device/driver/virtio0/subsystem/drivers/virtio_net/virtio0/subsystem/devices/virtio1/block/vda/device/block/vda/subsystem HTTP/1.1" 200 3982 "-" "Mozilla/5.0 AppleWebKit/537.36 (KHTML, like Gecko; compatible; GPTBot/1.2; +https://openai.com/gptbot)"
20.171.207.80 - - [22/Oct/2025:00:48:56 +0000] "GET /?path=//sys/class/net/enp1s0/device/net/enp1s0/device/subsystem/drivers/virtio_blk/virtio1/block/vda/device/block/vda/subsystem/vda1/subsystem/vda/device/block/vda/power HTTP/1.1" 200 4031 "-" "Mozilla/5.0 AppleWebKit/537.36 (KHTML, like Gecko; compatible; GPTBot/1.2; +https://openai.com/gptbot)"
20.171.207.198 - - [22/Oct/2025:00:48:57 +0000] "GET /?path=//sys/class/net/enp1s0/device/net/enp1s0/device/subsystem/devices/virtio2/subsystem/devices/virtio1/block/vda/device/block/vda/subsystem/vda/subsystem/sr0/holders HTTP/1.1" 200 3265 "-" "Mozilla/5.0 AppleWebKit/537.36 (KHTML, like Gecko; compatible; GPTBot/1.2; +https://openai.com/gptbot)"
20.171.207.80 - - [22/Oct/2025:00:48:57 +0000] "GET /?path=//sys/class/net/enp1s0/device/net/enp1s0/device/subsystem/drivers/virtio_blk/virtio1/block/vda/device/block/vda/subsystem/vda1/subsystem/vda/device/block/vda/queue HTTP/1.1" 200 5496 "-" "Mozilla/5.0 AppleWebKit/537.36 (KHTML, like Gecko; compatible; GPTBot/1.2; +https://openai.com/gptbot)"
66.249.64.130 - - [22/Oct/2025:00:48:57 +0000] "GET /?path=//sys/class/tty/tty8/subsystem/ttyS16/subsystem/ttyS7/subsystem/ttyS29/subsystem/tty32/subsystem/ttyS29/subsystem/tty34/subsystem/tty4 HTTP/1.1" 200 3760 "-" "Mozilla/5.0 (Linux; Android 6.0.1; Nexus 5X Build/MMB29P) AppleWebKit/537.36 (KHTML, like Gecko) Chrome/141.0.7390.107 Mobile Safari/537.36 (compatible; Googlebot/2.1; +http://www.google.com/bot.html)"
54.235.125.129 - - [22/Oct/2025:00:48:58 +0000] "GET /data-centers/?path=//lib/systemd/system/user-.slice.d HTTP/1.1" 200 3370 "-" "Mozilla/5.0 AppleWebKit/537.36 (KHTML, like Gecko; compatible; Amazonbot/0.1; +https://developer.amazon.com/support/amazonbot) Chrome/119.0.6045.214 Safari/537.36"
66.249.64.130 - - [22/Oct/2025:00:48:58 +0000] "GET /?fileloc=//sys/class/tty/tty8/subsystem/ttyS16/subsystem/ttyS7/subsystem/ttyS29/subsystem/tty32/subsystem/ttyS27/close_delay&path=//sys/class/tty/tty8/subsystem/ttyS16/subsystem/ttyS7/subsystem/ttyS29/subsystem/tty32/subsystem/ttyS27 HTTP/1.1" 200 3113 "-" "Mozilla/5.0 (Linux; Android 6.0.1; Nexus 5X Build/MMB29P) AppleWebKit/537.36 (KHTML, like Gecko) Chrome/141.0.7390.107 Mobile Safari/537.36 (compatible; Googlebot/2.1; +http://www.google.com/bot.html)"
20.171.207.198 - - [22/Oct/2025:00:48:58 +0000] "GET /?path=//sys/class/net/enp1s0/device/net/enp1s0/device/subsystem/devices/virtio3/driver/virtio3/subsystem/devices/virtio1/block/vda/device/block/vda/subsystem/vda/slaves HTTP/1.1" 200 3272 "-" "Mozilla/5.0 AppleWebKit/537.36 (KHTML, like Gecko; compatible; GPTBot/1.2; +https://openai.com/gptbot)"
20.171.207.80 - - [22/Oct/2025:00:48:58 +0000] "GET /?path=//sys/class/net/enp1s0/device/net/enp1s0/device/subsystem/devices/virtio4/driver/virtio4/subsystem/drivers/virtio_blk/virtio1/block HTTP/1.1" 200 3530 "-" "Mozilla/5.0 AppleWebKit/537.36 (KHTML, like Gecko; compatible; GPTBot/1.2; +https://openai.com/gptbot)"
20.171.207.198 - - [22/Oct/2025:00:49:00 +0000] "GET /?path=//sys/class/net/enp1s0/device/net/enp1s0/device/subsystem/devices/virtio4/subsystem/devices/virtio1/block/vda/vda2/subsystem/vda/device/block/vda/device/subsystem HTTP/1.1" 200 3901 "-" "Mozilla/5.0 AppleWebKit/537.36 (KHTML, like Gecko; compatible; GPTBot/1.2; +https://openai.com/gptbot)"
20.171.207.80 - - [22/Oct/2025:00:49:00 +0000] "GET /?fileloc=//sys/class/net/enp1s0/device/net/enp1s0/device/subsystem/drivers/virtio_blk/virtio1/block/vda/device/block/vda/subsystem/vda1/subsystem/vda/subsystem/vda/bdi/max_ratio_fine&path=//sys/class/net/enp1s0/device/net/enp1s0/device/subsystem/drivers/virtio_blk/virtio1/block/vda/device/block/vda/subsystem/vda1/subsystem/vda/subsystem/vda/bdi HTTP/1.1" 200 3216 "-" "Mozilla/5.0 AppleWebKit/537.36 (KHTML, like Gecko; compatible; GPTBot/1.2; +https://openai.com/gptbot)"
20.171.207.198 - - [22/Oct/2025:00:49:00 +0000] "GET /?path=//sys/class/net/enp1s0/device/net/enp1s0/device/subsystem/devices/virtio2/subsystem/devices/virtio1/block/vda/subsystem/sr0/queue/bsg/device/generic/device/generic/device HTTP/1.1" 200 6184 "-" "Mozilla/5.0 AppleWebKit/537.36 (KHTML, like Gecko; compatible; GPTBot/1.2; +https://openai.com/gptbot)"
20.171.207.80 - - [22/Oct/2025:00:49:01 +0000] "GET /?path=//sys/class/net/enp1s0/device/net/enp1s0/device/subsystem/devices/virtio4/driver/virtio4/subsystem/drivers/virtio_blk/virtio1/power HTTP/1.1" 200 3992 "-" "Mozilla/5.0 AppleWebKit/537.36 (KHTML, like Gecko; compatible; GPTBot/1.2; +https://openai.com/gptbot)"
20.171.207.198 - - [22/Oct/2025:00:49:01 +0000] "GET /?path=//sys/class/net/enp1s0/device/net/enp1s0/device/subsystem/devices/virtio1/block/vda/subsystem/sr0/subsystem/vda/subsystem/vda/subsystem/sr0/device/generic/subsystem HTTP/1.1" 200 3575 "-" "Mozilla/5.0 AppleWebKit/537.36 (KHTML, like Gecko; compatible; GPTBot/1.2; +https://openai.com/gptbot)"
20.171.207.80 - - [22/Oct/2025:00:49:02 +0000] "GET /?path=//sys/class/net/enp1s0/device/net/enp1s0/device/subsystem/devices/virtio1/subsystem/drivers/virtio_rng/virtio3/driver/virtio3/power HTTP/1.1" 200 3978 "-" "Mozilla/5.0 AppleWebKit/537.36 (KHTML, like Gecko; compatible; GPTBot/1.2; +https://openai.com/gptbot)"
20.171.207.198 - - [22/Oct/2025:00:49:03 +0000] "GET /?path=//sys/class/net/enp1s0/device/net/enp1s0/device/subsystem/devices/virtio3/driver/virtio3/subsystem/devices/virtio1/block/vda/subsystem/vda/device/block/vda/device HTTP/1.1" 200 4112 "-" "Mozilla/5.0 AppleWebKit/537.36 (KHTML, like Gecko; compatible; GPTBot/1.2; +https://openai.com/gptbot)"
54.157.84.74 - - [22/Oct/2025:00:49:03 +0000] "GET /artificial-intelligence-and-machine-learning/?fileloc=//lib/systemd/systemd-hibernate-resume&path=//lib/systemd HTTP/1.1" 200 10176 "-" "Mozilla/5.0 AppleWebKit/537.36 (KHTML, like Gecko; compatible; Amazonbot/0.1; +https://developer.amazon.com/support/amazonbot) Chrome/119.0.6045.214 Safari/537.36"
20.171.207.80 - - [22/Oct/2025:00:49:03 +0000] "GET /?path=//sys/class/net/enp1s0/device/net/enp1s0/device/subsystem/devices/virtio4/driver/virtio4/subsystem/drivers/virtio_net/virtio0/net HTTP/1.1" 200 3525 "-" "Mozilla/5.0 AppleWebKit/537.36 (KHTML, like Gecko; compatible; GPTBot/1.2; +https://openai.com/gptbot)"
20.171.207.198 - - [22/Oct/2025:00:49:04 +0000] "GET /?path=//sys/class/net/enp1s0/device/net/enp1s0/device/subsystem/devices/virtio3/driver/virtio3/subsystem/devices/virtio1/block/vda/subsystem/vda/device/block/vda/holders HTTP/1.1" 200 3279 "-" "Mozilla/5.0 AppleWebKit/537.36 (KHTML, like Gecko; compatible; GPTBot/1.2; +https://openai.com/gptbot)"
20.171.207.80 - - [22/Oct/2025:00:49:06 +0000] "GET /?path=//sys/class/net/enp1s0/device/net/enp1s0/device/subsystem/devices/virtio1/subsystem/drivers/virtio_blk/virtio1/block/vda/vda1/trace HTTP/1.1" 200 3779 "-" "Mozilla/5.0 AppleWebKit/537.36 (KHTML, like Gecko; compatible; GPTBot/1.2; +https://openai.com/gptbot)"
