216.73.216.131 - - [22/Oct/2025:00:31:28 +0000] "GET /privacy-policy?path=%2F%2Fsys%2Fdev%2Fchar%2F10%3A242 HTTP/1.1" 200 3569 "-" "Mozilla/5.0 AppleWebKit/537.36 (KHTML, like Gecko; compatible; ClaudeBot/1.0; +claudebot@anthropic.com)"
216.73.216.131 - - [22/Oct/2025:00:31:28 +0000] "GET /privacy-policy?fileloc=%2F%2Fsys%2Fkernel%2Fslab%2Fdma-kmalloc-4k%2Fhwcache_align&path=%2F%2Fsys%2Fkernel%2Fslab%2Fdma-kmalloc-4k HTTP/1.1" 200 3008 "-" "Mozilla/5.0 AppleWebKit/537.36 (KHTML, like Gecko; compatible; ClaudeBot/1.0; +claudebot@anthropic.com)"
216.73.216.131 - - [22/Oct/2025:00:31:28 +0000] "GET /privacy-policy?fileloc=%2F%2Fsys%2Fmodule%2Fghash_clmulni_intel%2Fsections%2F.rodata.cst16.bswap_mask&path=%2F%2Fsys%2Fmodule%2Fghash_clmulni_intel%2Fsections HTTP/1.1" 200 3015 "-" "Mozilla/5.0 AppleWebKit/537.36 (KHTML, like Gecko; compatible; ClaudeBot/1.0; +claudebot@anthropic.com)"
216.73.216.131 - - [22/Oct/2025:00:31:28 +0000] "GET /privacy-policy?fileloc=%2F%2Fsys%2Fkernel%2Fslab%2Fpending_reservation%2Fpartial&path=%2F%2Fsys%2Fkernel%2Fslab%2Fpending_reservation HTTP/1.1" 200 3006 "-" "Mozilla/5.0 AppleWebKit/537.36 (KHTML, like Gecko; compatible; ClaudeBot/1.0; +claudebot@anthropic.com)"
216.73.216.131 - - [22/Oct/2025:00:31:28 +0000] "GET /privacy-policy?fileloc=%2F%2Fsys%2Fkernel%2Fslab%2Fdma-kmalloc-4k%2Fusersize&path=%2F%2Fsys%2Fkernel%2Fslab%2Fdma-kmalloc-4k HTTP/1.1" 200 3004 "-" "Mozilla/5.0 AppleWebKit/537.36 (KHTML, like Gecko; compatible; ClaudeBot/1.0; +claudebot@anthropic.com)"
216.73.216.131 - - [22/Oct/2025:00:31:28 +0000] "GET /privacy-policy?fileloc=%2F%2Fsys%2Fkernel%2Fslab%2FUDP%2Fusersize&path=%2F%2Fsys%2Fkernel%2Fslab%2FUDP HTTP/1.1" 200 2992 "-" "Mozilla/5.0 AppleWebKit/537.36 (KHTML, like Gecko; compatible; ClaudeBot/1.0; +claudebot@anthropic.com)"
216.73.216.131 - - [22/Oct/2025:00:31:28 +0000] "GET /privacy-policy?path=%2F%2Fsys%2Fblock%2Floop7%2Fintegrity HTTP/1.1" 200 3628 "-" "Mozilla/5.0 AppleWebKit/537.36 (KHTML, like Gecko; compatible; ClaudeBot/1.0; +claudebot@anthropic.com)"
216.73.216.131 - - [22/Oct/2025:00:31:28 +0000] "GET /privacy-policy?path=%2F%2Fsys%2Fdevices%2Fpci0000%3A00%2Ffirmware_node%2Fwakeup%2Fwakeup32%2Fdevice%2FPNP0A06%3A01 HTTP/1.1" 200 3888 "-" "Mozilla/5.0 AppleWebKit/537.36 (KHTML, like Gecko; compatible; ClaudeBot/1.0; +claudebot@anthropic.com)"
216.73.216.131 - - [22/Oct/2025:00:31:28 +0000] "GET /privacy-policy?fileloc=%2F%2Fsys%2Fdevices%2Fpci0000%3A00%2Ffirmware_node%2Fdevice%3A47%2FPNP0F13%3A00%2Fpower%2Fruntime_active_kids&path=%2F%2Fsys%2Fdevices%2Fpci0000%3A00%2Ffirmware_node%2Fdevice%3A47%2FPNP0F13%3A00%2Fpower HTTP/1.1" 200 3065 "-" "Mozilla/5.0 AppleWebKit/537.36 (KHTML, like Gecko; compatible; ClaudeBot/1.0; +claudebot@anthropic.com)"
216.73.216.131 - - [22/Oct/2025:00:31:28 +0000] "GET /privacy-policy?fileloc=%2F%2Fsys%2Fkernel%2Fslab%2Ffuse_request%2Fobject_size&path=%2F%2Fsys%2Fkernel%2Fslab%2Ffuse_request HTTP/1.1" 200 2998 "-" "Mozilla/5.0 AppleWebKit/537.36 (KHTML, like Gecko; compatible; ClaudeBot/1.0; +claudebot@anthropic.com)"
216.73.216.131 - - [22/Oct/2025:00:31:29 +0000] "GET /privacy-policy?fileloc=%2F%2Fsys%2Fkernel%2Fslab%2Ffuse_request%2Fctor&path=%2F%2Fsys%2Fkernel%2Fslab%2Ffuse_request HTTP/1.1" 200 2995 "-" "Mozilla/5.0 AppleWebKit/537.36 (KHTML, like Gecko; compatible; ClaudeBot/1.0; +claudebot@anthropic.com)"
20.171.207.198 - - [22/Oct/2025:00:31:29 +0000] "GET /?path=//sys/class/net/enp1s0/device/net/enp1s0/device/driver/virtio0/subsystem/drivers/virtio_net/virtio0/net/enp1s0/queues HTTP/1.1" 200 3563 "-" "Mozilla/5.0 AppleWebKit/537.36 (KHTML, like Gecko; compatible; GPTBot/1.2; +https://openai.com/gptbot)"
216.73.216.131 - - [22/Oct/2025:00:31:29 +0000] "GET /privacy-policy?fileloc=%2F%2Fsys%2Fdevices%2Fpci0000%3A00%2F0000%3A00%3A03.7%2Fdriver%2F0000%3A00%3A02.6%2Ffirmware_node%2Fadr&path=%2F%2Fsys%2Fdevices%2Fpci0000%3A00%2F0000%3A00%3A03.7%2Fdriver%2F0000%3A00%3A02.6%2Ffirmware_node HTTP/1.1" 200 3061 "-" "Mozilla/5.0 AppleWebKit/537.36 (KHTML, like Gecko; compatible; ClaudeBot/1.0; +claudebot@anthropic.com)"
216.73.216.131 - - [22/Oct/2025:00:31:29 +0000] "GET /privacy-policy?path=%2F%2Fsys%2Fdev%2Fchar%2F7%3A1 HTTP/1.1" 200 3568 "-" "Mozilla/5.0 AppleWebKit/537.36 (KHTML, like Gecko; compatible; ClaudeBot/1.0; +claudebot@anthropic.com)"
216.73.216.131 - - [22/Oct/2025:00:31:29 +0000] "GET /privacy-policy?fileloc=%2F%2Fsys%2Fkernel%2Fslab%2Fkmalloc-cg-4k%2Fhwcache_align&path=%2F%2Fsys%2Fkernel%2Fslab%2Fkmalloc-cg-4k HTTP/1.1" 200 3008 "-" "Mozilla/5.0 AppleWebKit/537.36 (KHTML, like Gecko; compatible; ClaudeBot/1.0; +claudebot@anthropic.com)"
216.73.216.131 - - [22/Oct/2025:00:31:29 +0000] "GET /privacy-policy?fileloc=%2F%2Fsys%2Fkernel%2Fslab%2FAcpi-Namespace%2Fcpu_partial&path=%2F%2Fsys%2Fkernel%2Fslab%2FAcpi-Namespace HTTP/1.1" 200 3006 "-" "Mozilla/5.0 AppleWebKit/537.36 (KHTML, like Gecko; compatible; ClaudeBot/1.0; +claudebot@anthropic.com)"
216.73.216.131 - - [22/Oct/2025:00:31:29 +0000] "GET /privacy-policy?fileloc=%2F%2Fsys%2Fkernel%2Fslab%2Fkmalloc-cg-4k%2Fusersize&path=%2F%2Fsys%2Fkernel%2Fslab%2Fkmalloc-cg-4k HTTP/1.1" 200 3003 "-" "Mozilla/5.0 AppleWebKit/537.36 (KHTML, like Gecko; compatible; ClaudeBot/1.0; +claudebot@anthropic.com)"
4.227.36.30 - - [22/Oct/2025:00:31:29 +0000] "GET /robots.txt HTTP/1.1" 200 4342 "-" "Mozilla/5.0 (Macintosh; Intel Mac OS X 10_15_7) AppleWebKit/537.36 (KHTML, like Gecko) Chrome/131.0.0.0 Safari/537.36; compatible; OAI-SearchBot/1.0; +https://openai.com/searchbot"
216.73.216.131 - - [22/Oct/2025:00:31:29 +0000] "GET /privacy-policy?path=%2F%2Fsys%2Fdev%2Fchar%2F10%3A237 HTTP/1.1" 200 3570 "-" "Mozilla/5.0 AppleWebKit/537.36 (KHTML, like Gecko; compatible; ClaudeBot/1.0; +claudebot@anthropic.com)"
216.73.216.131 - - [22/Oct/2025:00:31:29 +0000] "GET /privacy-policy?fileloc=%2F%2Fsys%2Fdevices%2Fpci0000%3A00%2F0000%3A00%3A03.7%2Fdriver%2F0000%3A00%3A02.7%2Ffirmware_node%2Fuevent&path=%2F%2Fsys%2Fdevices%2Fpci0000%3A00%2F0000%3A00%3A03.7%2Fdriver%2F0000%3A00%3A02.7%2Ffirmware_node HTTP/1.1" 200 3056 "-" "Mozilla/5.0 AppleWebKit/537.36 (KHTML, like Gecko; compatible; ClaudeBot/1.0; +claudebot@anthropic.com)"
216.73.216.131 - - [22/Oct/2025:00:31:29 +0000] "GET /privacy-policy?fileloc=%2F%2Fsys%2Fkernel%2Fslab%2Fdma-kmalloc-64%2Fcpu_partial&path=%2F%2Fsys%2Fkernel%2Fslab%2Fdma-kmalloc-64 HTTP/1.1" 200 3005 "-" "Mozilla/5.0 AppleWebKit/537.36 (KHTML, like Gecko; compatible; ClaudeBot/1.0; +claudebot@anthropic.com)"
54.90.8.255 - - [22/Oct/2025:00:31:29 +0000] "GET /artificial-intelligence-and-machine-learning/?fileloc=//bin/X11/twist3&path=//bin/X11 HTTP/1.1" 200 3121 "-" "Mozilla/5.0 AppleWebKit/537.36 (KHTML, like Gecko; compatible; Amazonbot/0.1; +https://developer.amazon.com/support/amazonbot) Chrome/119.0.6045.214 Safari/537.36"
216.73.216.131 - - [22/Oct/2025:00:31:29 +0000] "GET /privacy-policy?fileloc=%2F%2Fsys%2Fkernel%2Fslab%2Ffuse_request%2Faliases&path=%2F%2Fsys%2Fkernel%2Fslab%2Ffuse_request HTTP/1.1" 200 2996 "-" "Mozilla/5.0 AppleWebKit/537.36 (KHTML, like Gecko; compatible; ClaudeBot/1.0; +claudebot@anthropic.com)"
216.73.216.131 - - [22/Oct/2025:00:31:29 +0000] "GET /privacy-policy?fileloc=%2F%2Fsys%2Fdevices%2Fpci0000%3A00%2F0000%3A00%3A03.6%2Fdriver%2F0000%3A00%3A03.4%2Ffirmware_node%2Fuevent&path=%2F%2Fsys%2Fdevices%2Fpci0000%3A00%2F0000%3A00%3A03.6%2Fdriver%2F0000%3A00%3A03.4%2Ffirmware_node HTTP/1.1" 200 3052 "-" "Mozilla/5.0 AppleWebKit/537.36 (KHTML, like Gecko; compatible; ClaudeBot/1.0; +claudebot@anthropic.com)"
216.73.216.131 - - [22/Oct/2025:00:31:29 +0000] "GET /privacy-policy?fileloc=%2F%2Fsys%2Fkernel%2Fslab%2Fpending_reservation%2Fusersize&path=%2F%2Fsys%2Fkernel%2Fslab%2Fpending_reservation HTTP/1.1" 200 3005 "-" "Mozilla/5.0 AppleWebKit/537.36 (KHTML, like Gecko; compatible; ClaudeBot/1.0; +claudebot@anthropic.com)"
216.73.216.131 - - [22/Oct/2025:00:31:30 +0000] "GET /privacy-policy?fileloc=%2F%2Fsys%2Fdevices%2Fpci0000%3A00%2F0000%3A00%3A03.7%2Fdriver%2F0000%3A00%3A03.6%2Ffirmware_node%2Fadr&path=%2F%2Fsys%2Fdevices%2Fpci0000%3A00%2F0000%3A00%3A03.7%2Fdriver%2F0000%3A00%3A03.6%2Ffirmware_node HTTP/1.1" 200 3056 "-" "Mozilla/5.0 AppleWebKit/537.36 (KHTML, like Gecko; compatible; ClaudeBot/1.0; +claudebot@anthropic.com)"
216.73.216.131 - - [22/Oct/2025:00:31:30 +0000] "GET /privacy-policy?fileloc=%2F%2Fsys%2Fdevices%2Fpci0000%3A00%2F0000%3A00%3A03.6%2Fdriver%2F0000%3A00%3A03.7%2Ffirmware_node%2Fadr&path=%2F%2Fsys%2Fdevices%2Fpci0000%3A00%2F0000%3A00%3A03.6%2Fdriver%2F0000%3A00%3A03.7%2Ffirmware_node HTTP/1.1" 200 3056 "-" "Mozilla/5.0 AppleWebKit/537.36 (KHTML, like Gecko; compatible; ClaudeBot/1.0; +claudebot@anthropic.com)"
216.73.216.131 - - [22/Oct/2025:00:31:30 +0000] "GET /privacy-policy?fileloc=%2F%2Fsys%2Fkernel%2Fslab%2Fpending_reservation%2Fhwcache_align&path=%2F%2Fsys%2Fkernel%2Fslab%2Fpending_reservation HTTP/1.1" 200 3007 "-" "Mozilla/5.0 AppleWebKit/537.36 (KHTML, like Gecko; compatible; ClaudeBot/1.0; +claudebot@anthropic.com)"
216.73.216.131 - - [22/Oct/2025:00:31:30 +0000] "GET /privacy-policy?fileloc=%2F%2Fsys%2Fkernel%2Fslab%2Fkmalloc-cg-64%2Fcpu_partial&path=%2F%2Fsys%2Fkernel%2Fslab%2Fkmalloc-cg-64 HTTP/1.1" 200 3005 "-" "Mozilla/5.0 AppleWebKit/537.36 (KHTML, like Gecko; compatible; ClaudeBot/1.0; +claudebot@anthropic.com)"
216.73.216.131 - - [22/Oct/2025:00:31:30 +0000] "GET /privacy-policy?fileloc=%2F%2Fsys%2Fkernel%2Fslab%2FAcpi-Namespace%2Fpartial&path=%2F%2Fsys%2Fkernel%2Fslab%2FAcpi-Namespace HTTP/1.1" 200 3002 "-" "Mozilla/5.0 AppleWebKit/537.36 (KHTML, like Gecko; compatible; ClaudeBot/1.0; +claudebot@anthropic.com)"
216.73.216.131 - - [22/Oct/2025:00:31:30 +0000] "GET /privacy-policy?fileloc=%2F%2Fsys%2Fkernel%2Fslab%2FAcpi-Namespace%2Fred_zone&path=%2F%2Fsys%2Fkernel%2Fslab%2FAcpi-Namespace HTTP/1.1" 200 3005 "-" "Mozilla/5.0 AppleWebKit/537.36 (KHTML, like Gecko; compatible; ClaudeBot/1.0; +claudebot@anthropic.com)"
216.73.216.131 - - [22/Oct/2025:00:31:30 +0000] "GET /privacy-policy?fileloc=%2F%2Fsys%2Fdevices%2Fpci0000%3A00%2F0000%3A00%3A03.7%2Fdriver%2F0000%3A00%3A03.7%2Ffirmware_node%2Fuevent&path=%2F%2Fsys%2Fdevices%2Fpci0000%3A00%2F0000%3A00%3A03.7%2Fdriver%2F0000%3A00%3A03.7%2Ffirmware_node HTTP/1.1" 200 3047 "-" "Mozilla/5.0 AppleWebKit/537.36 (KHTML, like Gecko; compatible; ClaudeBot/1.0; +claudebot@anthropic.com)"
216.73.216.131 - - [22/Oct/2025:00:31:30 +0000] "GET /privacy-policy?path=%2F%2Fsys%2Fdev%2Fchar%2F4%3A0 HTTP/1.1" 200 3615 "-" "Mozilla/5.0 AppleWebKit/537.36 (KHTML, like Gecko; compatible; ClaudeBot/1.0; +claudebot@anthropic.com)"
216.73.216.131 - - [22/Oct/2025:00:31:30 +0000] "GET /privacy-policy?path=%2F%2Fsys%2Fdevices%2Fpci0000%3A00%2Ffirmware_node%2Fwakeup%2Fwakeup32%2Fdevice%2Fsubsystem HTTP/1.1" 200 3728 "-" "Mozilla/5.0 AppleWebKit/537.36 (KHTML, like Gecko; compatible; ClaudeBot/1.0; +claudebot@anthropic.com)"
216.73.216.131 - - [22/Oct/2025:00:31:30 +0000] "GET /privacy-policy?fileloc=%2F%2Fsys%2Fblock%2Floop4%2Fdiskseq&path=%2F%2Fsys%2Fblock%2Floop4 HTTP/1.1" 200 2977 "-" "Mozilla/5.0 AppleWebKit/537.36 (KHTML, like Gecko; compatible; ClaudeBot/1.0; +claudebot@anthropic.com)"
216.73.216.131 - - [22/Oct/2025:00:31:30 +0000] "GET /privacy-policy?fileloc=%2F%2Fsys%2Fkernel%2Fslab%2Fkmalloc-rnd-07-64%2Fpoison&path=%2F%2Fsys%2Fkernel%2Fslab%2Fkmalloc-rnd-07-64 HTTP/1.1" 200 3005 "-" "Mozilla/5.0 AppleWebKit/537.36 (KHTML, like Gecko; compatible; ClaudeBot/1.0; +claudebot@anthropic.com)"
216.73.216.131 - - [22/Oct/2025:00:31:31 +0000] "GET /privacy-policy?fileloc=%2F%2Fsys%2Fkernel%2Fslab%2Fdma-kmalloc-64%2Fpartial&path=%2F%2Fsys%2Fkernel%2Fslab%2Fdma-kmalloc-64 HTTP/1.1" 200 3002 "-" "Mozilla/5.0 AppleWebKit/537.36 (KHTML, like Gecko; compatible; ClaudeBot/1.0; +claudebot@anthropic.com)"
216.73.216.131 - - [22/Oct/2025:00:31:31 +0000] "GET /privacy-policy?fileloc=%2F%2Fsys%2Fkernel%2Fslab%2Fdma-kmalloc-64%2Fred_zone&path=%2F%2Fsys%2Fkernel%2Fslab%2Fdma-kmalloc-64 HTTP/1.1" 200 3005 "-" "Mozilla/5.0 AppleWebKit/537.36 (KHTML, like Gecko; compatible; ClaudeBot/1.0; +claudebot@anthropic.com)"
216.73.216.131 - - [22/Oct/2025:00:31:31 +0000] "GET /privacy-policy?fileloc=%2F%2Fsys%2Fkernel%2Fslab%2Fbio_crypt_ctx%2Fcpu_partial&path=%2F%2Fsys%2Fkernel%2Fslab%2Fbio_crypt_ctx HTTP/1.1" 200 3006 "-" "Mozilla/5.0 AppleWebKit/537.36 (KHTML, like Gecko; compatible; ClaudeBot/1.0; +claudebot@anthropic.com)"
216.73.216.131 - - [22/Oct/2025:00:31:31 +0000] "GET /privacy-policy?path=%2F%2Fsys%2Fblock%2Floop2%2Fholders HTTP/1.1" 200 3061 "-" "Mozilla/5.0 AppleWebKit/537.36 (KHTML, like Gecko; compatible; ClaudeBot/1.0; +claudebot@anthropic.com)"
216.73.216.131 - - [22/Oct/2025:00:31:31 +0000] "GET /privacy-policy?path=%2F%2Fsys%2Fdev%2Fchar%2F7%3A6 HTTP/1.1" 200 3568 "-" "Mozilla/5.0 AppleWebKit/537.36 (KHTML, like Gecko; compatible; ClaudeBot/1.0; +claudebot@anthropic.com)"
216.73.216.131 - - [22/Oct/2025:00:31:31 +0000] "GET /privacy-policy?fileloc=%2F%2Fsys%2Fdevices%2Fpci0000%3A00%2F0000%3A00%3A02.3%2Fdriver%2F0000%3A00%3A02.6%2Ffirmware_node%2Fuevent&path=%2F%2Fsys%2Fdevices%2Fpci0000%3A00%2F0000%3A00%3A02.3%2Fdriver%2F0000%3A00%3A02.6%2Ffirmware_node HTTP/1.1" 200 3052 "-" "Mozilla/5.0 AppleWebKit/537.36 (KHTML, like Gecko; compatible; ClaudeBot/1.0; +claudebot@anthropic.com)"
216.73.216.131 - - [22/Oct/2025:00:31:32 +0000] "GET /privacy-policy?fileloc=%2F%2Fsys%2Fkernel%2Fslab%2Ffuse_request%2Forder&path=%2F%2Fsys%2Fkernel%2Fslab%2Ffuse_request HTTP/1.1" 200 2995 "-" "Mozilla/5.0 AppleWebKit/537.36 (KHTML, like Gecko; compatible; ClaudeBot/1.0; +claudebot@anthropic.com)"
216.73.216.131 - - [22/Oct/2025:00:31:32 +0000] "GET /privacy-policy?fileloc=%2F%2Fsys%2Fkernel%2Fslab%2Fkmalloc-cg-64%2Fred_zone&path=%2F%2Fsys%2Fkernel%2Fslab%2Fkmalloc-cg-64 HTTP/1.1" 200 3004 "-" "Mozilla/5.0 AppleWebKit/537.36 (KHTML, like Gecko; compatible; ClaudeBot/1.0; +claudebot@anthropic.com)"
216.73.216.131 - - [22/Oct/2025:00:31:32 +0000] "GET /privacy-policy?fileloc=%2F%2Fsys%2Fkernel%2Fslab%2Fkmalloc-cg-64%2Fpartial&path=%2F%2Fsys%2Fkernel%2Fslab%2Fkmalloc-cg-64 HTTP/1.1" 200 3001 "-" "Mozilla/5.0 AppleWebKit/537.36 (KHTML, like Gecko; compatible; ClaudeBot/1.0; +claudebot@anthropic.com)"
216.73.216.131 - - [22/Oct/2025:00:31:32 +0000] "GET /privacy-policy?path=%2F%2Fsys%2Fdevices%2Fpci0000%3A00%2Ffirmware_node%2Fwakeup%2Fwakeup32%2Fdevice%2FPNP0A06%3A02 HTTP/1.1" 200 3887 "-" "Mozilla/5.0 AppleWebKit/537.36 (KHTML, like Gecko; compatible; ClaudeBot/1.0; +claudebot@anthropic.com)"
216.73.216.131 - - [22/Oct/2025:00:31:32 +0000] "GET /privacy-policy?path=%2F%2Fsys%2Fdev%2Fchar%2F10%3A229 HTTP/1.1" 200 3569 "-" "Mozilla/5.0 AppleWebKit/537.36 (KHTML, like Gecko; compatible; ClaudeBot/1.0; +claudebot@anthropic.com)"
216.73.216.131 - - [22/Oct/2025:00:31:32 +0000] "GET /privacy-policy?fileloc=%2F%2Fsys%2Fkernel%2Fslab%2Fip6_dst_cache%2Ftotal_objects&path=%2F%2Fsys%2Fkernel%2Fslab%2Fip6_dst_cache HTTP/1.1" 200 3007 "-" "Mozilla/5.0 AppleWebKit/537.36 (KHTML, like Gecko; compatible; ClaudeBot/1.0; +claudebot@anthropic.com)"
216.73.216.131 - - [22/Oct/2025:00:31:32 +0000] "GET /privacy-policy?fileloc=%2F%2Fsys%2Fdevices%2Fpci0000%3A00%2F0000%3A00%3A03.7%2Fdriver%2F0000%3A00%3A02.4%2Ffirmware_node%2Fuevent&path=%2F%2Fsys%2Fdevices%2Fpci0000%3A00%2F0000%3A00%3A03.7%2Fdriver%2F0000%3A00%3A02.4%2Ffirmware_node HTTP/1.1" 200 3057 "-" "Mozilla/5.0 AppleWebKit/537.36 (KHTML, like Gecko; compatible; ClaudeBot/1.0; +claudebot@anthropic.com)"
216.73.216.131 - - [22/Oct/2025:00:31:32 +0000] "GET /privacy-policy?fileloc=%2F%2Fsys%2Fkernel%2Fslab%2FAcpi-Namespace%2Fhwcache_align&path=%2F%2Fsys%2Fkernel%2Fslab%2FAcpi-Namespace HTTP/1.1" 200 3006 "-" "Mozilla/5.0 AppleWebKit/537.36 (KHTML, like Gecko; compatible; ClaudeBot/1.0; +claudebot@anthropic.com)"
216.73.216.131 - - [22/Oct/2025:00:31:32 +0000] "GET /privacy-policy?fileloc=%2F%2Fsys%2Fdevices%2Fpci0000%3A00%2F0000%3A00%3A02.3%2Fdriver%2F0000%3A00%3A03.6%2Ffirmware_node%2Fuevent&path=%2F%2Fsys%2Fdevices%2Fpci0000%3A00%2F0000%3A00%3A02.3%2Fdriver%2F0000%3A00%3A03.6%2Ffirmware_node HTTP/1.1" 200 3055 "-" "Mozilla/5.0 AppleWebKit/537.36 (KHTML, like Gecko; compatible; ClaudeBot/1.0; +claudebot@anthropic.com)"
216.73.216.131 - - [22/Oct/2025:00:31:32 +0000] "GET /privacy-policy?fileloc=%2F%2Fsys%2Fdevices%2Fpci0000%3A00%2F0000%3A00%3A03.6%2Fdriver%2F0000%3A00%3A02.3%2Ffirmware_node%2Fuevent&path=%2F%2Fsys%2Fdevices%2Fpci0000%3A00%2F0000%3A00%3A03.6%2Fdriver%2F0000%3A00%3A02.3%2Ffirmware_node HTTP/1.1" 200 3056 "-" "Mozilla/5.0 AppleWebKit/537.36 (KHTML, like Gecko; compatible; ClaudeBot/1.0; +claudebot@anthropic.com)"
216.73.216.131 - - [22/Oct/2025:00:31:32 +0000] "GET /privacy-policy?fileloc=%2F%2Fsys%2Fdevices%2Fpci0000%3A00%2F0000%3A00%3A03.7%2Fdriver%2F0000%3A00%3A02.7%2Ffirmware_node%2Fadr&path=%2F%2Fsys%2Fdevices%2Fpci0000%3A00%2F0000%3A00%3A03.7%2Fdriver%2F0000%3A00%3A02.7%2Ffirmware_node HTTP/1.1" 200 3059 "-" "Mozilla/5.0 AppleWebKit/537.36 (KHTML, like Gecko; compatible; ClaudeBot/1.0; +claudebot@anthropic.com)"
216.73.216.131 - - [22/Oct/2025:00:31:33 +0000] "GET /privacy-policy?fileloc=%2F%2Fsys%2Fblock%2Floop5%2Fdiscard_alignment&path=%2F%2Fsys%2Fblock%2Floop5 HTTP/1.1" 200 2983 "-" "Mozilla/5.0 AppleWebKit/537.36 (KHTML, like Gecko; compatible; ClaudeBot/1.0; +claudebot@anthropic.com)"
216.73.216.131 - - [22/Oct/2025:00:31:33 +0000] "GET /privacy-policy?path=%2F%2Fsys%2Fdev%2Fchar%2F1%3A11 HTTP/1.1" 200 3569 "-" "Mozilla/5.0 AppleWebKit/537.36 (KHTML, like Gecko; compatible; ClaudeBot/1.0; +claudebot@anthropic.com)"
66.249.64.130 - - [22/Oct/2025:00:31:33 +0000] "GET /?fileloc=//sys/class/tty/tty8/subsystem/ttyS16/subsystem/ttyS7/subsystem/ttyS29/subsystem/tty32/subsystem/tty19/subsystem/ttyS29/power/wakeup_active_count&path=//sys/class/tty/tty8/subsystem/ttyS16/subsystem/ttyS7/subsystem/ttyS29/subsystem/tty32/subsystem/tty19/subsystem/ttyS29/power HTTP/1.1" 200 3156 "-" "Mozilla/5.0 (Linux; Android 6.0.1; Nexus 5X Build/MMB29P) AppleWebKit/537.36 (KHTML, like Gecko) Chrome/141.0.7390.107 Mobile Safari/537.36 (compatible; Googlebot/2.1; +http://www.google.com/bot.html)"
216.73.216.131 - - [22/Oct/2025:00:31:33 +0000] "GET /privacy-policy?fileloc=%2F%2Fsys%2Fkernel%2Fslab%2Fextent_status%2Fcpu_partial&path=%2F%2Fsys%2Fkernel%2Fslab%2Fextent_status HTTP/1.1" 200 3004 "-" "Mozilla/5.0 AppleWebKit/537.36 (KHTML, like Gecko; compatible; ClaudeBot/1.0; +claudebot@anthropic.com)"
216.73.216.131 - - [22/Oct/2025:00:31:33 +0000] "GET /privacy-policy?fileloc=%2F%2Fsys%2Fkernel%2Fslab%2Fsgpool-32%2Ftotal_objects&path=%2F%2Fsys%2Fkernel%2Fslab%2Fsgpool-32 HTTP/1.1" 200 3001 "-" "Mozilla/5.0 AppleWebKit/537.36 (KHTML, like Gecko; compatible; ClaudeBot/1.0; +claudebot@anthropic.com)"
216.73.216.131 - - [22/Oct/2025:00:31:33 +0000] "GET /privacy-policy?path=%2F%2Fsys%2Fblock%2Floop3%2Fpower HTTP/1.1" 200 3729 "-" "Mozilla/5.0 AppleWebKit/537.36 (KHTML, like Gecko; compatible; ClaudeBot/1.0; +claudebot@anthropic.com)"
216.73.216.131 - - [22/Oct/2025:00:31:33 +0000] "GET /privacy-policy?path=%2F%2Fsys%2Fdev%2Fchar%2F1%3A1 HTTP/1.1" 200 3567 "-" "Mozilla/5.0 AppleWebKit/537.36 (KHTML, like Gecko; compatible; ClaudeBot/1.0; +claudebot@anthropic.com)"
216.73.216.131 - - [22/Oct/2025:00:31:33 +0000] "GET /privacy-policy?fileloc=%2F%2Fsys%2Fdevices%2Fpci0000%3A00%2F0000%3A00%3A03.6%2Fdriver%2F0000%3A00%3A03.4%2Ffirmware_node%2Fadr&path=%2F%2Fsys%2Fdevices%2Fpci0000%3A00%2F0000%3A00%3A03.6%2Fdriver%2F0000%3A00%3A03.4%2Ffirmware_node HTTP/1.1" 200 3054 "-" "Mozilla/5.0 AppleWebKit/537.36 (KHTML, like Gecko; compatible; ClaudeBot/1.0; +claudebot@anthropic.com)"
216.73.216.131 - - [22/Oct/2025:00:31:33 +0000] "GET /privacy-policy?fileloc=%2F%2Fsys%2Fkernel%2Fslab%2Fbio_crypt_ctx%2Fred_zone&path=%2F%2Fsys%2Fkernel%2Fslab%2Fbio_crypt_ctx HTTP/1.1" 200 3005 "-" "Mozilla/5.0 AppleWebKit/537.36 (KHTML, like Gecko; compatible; ClaudeBot/1.0; +claudebot@anthropic.com)"
216.73.216.131 - - [22/Oct/2025:00:31:33 +0000] "GET /privacy-policy?fileloc=%2F%2Fsys%2Fdevices%2Fpci0000%3A00%2Ffirmware_node%2Fwakeup%2Fwakeup32%2Fdevice%2Fpath&path=%2F%2Fsys%2Fdevices%2Fpci0000%3A00%2Ffirmware_node%2Fwakeup%2Fwakeup32%2Fdevice HTTP/1.1" 200 3053 "-" "Mozilla/5.0 AppleWebKit/537.36 (KHTML, like Gecko; compatible; ClaudeBot/1.0; +claudebot@anthropic.com)"
216.73.216.131 - - [22/Oct/2025:00:31:33 +0000] "GET /privacy-policy?fileloc=%2F%2Fsys%2Fkernel%2Fslab%2Fbio_crypt_ctx%2Fpartial&path=%2F%2Fsys%2Fkernel%2Fslab%2Fbio_crypt_ctx HTTP/1.1" 200 3002 "-" "Mozilla/5.0 AppleWebKit/537.36 (KHTML, like Gecko; compatible; ClaudeBot/1.0; +claudebot@anthropic.com)"
216.73.216.131 - - [22/Oct/2025:00:31:33 +0000] "GET /privacy-policy?fileloc=%2F%2Fsys%2Fkernel%2Fslab%2Fdma-kmalloc-64%2Fhwcache_align&path=%2F%2Fsys%2Fkernel%2Fslab%2Fdma-kmalloc-64 HTTP/1.1" 200 3006 "-" "Mozilla/5.0 AppleWebKit/537.36 (KHTML, like Gecko; compatible; ClaudeBot/1.0; +claudebot@anthropic.com)"
216.73.216.131 - - [22/Oct/2025:00:31:33 +0000] "GET /privacy-policy?path=%2F%2Fsys%2Fblock%2Floop2%2Fmq HTTP/1.1" 200 3340 "-" "Mozilla/5.0 AppleWebKit/537.36 (KHTML, like Gecko; compatible; ClaudeBot/1.0; +claudebot@anthropic.com)"
216.73.216.131 - - [22/Oct/2025:00:31:33 +0000] "GET /privacy-policy?fileloc=%2F%2Fsys%2Fdevices%2Fpci0000%3A00%2F0000%3A00%3A03.6%2Fdriver%2F0000%3A00%3A02.0%2Ffirmware_node%2Fuevent&path=%2F%2Fsys%2Fdevices%2Fpci0000%3A00%2F0000%3A00%3A03.6%2Fdriver%2F0000%3A00%3A02.0%2Ffirmware_node HTTP/1.1" 200 3057 "-" "Mozilla/5.0 AppleWebKit/537.36 (KHTML, like Gecko; compatible; ClaudeBot/1.0; +claudebot@anthropic.com)"
52.54.15.103 - - [22/Oct/2025:00:31:33 +0000] "GET /about-us/?fileloc=//lib/udev/rules.d/64-btrfs.rules&path=//lib/udev/rules.d HTTP/1.1" 200 3334 "-" "Mozilla/5.0 AppleWebKit/537.36 (KHTML, like Gecko; compatible; Amazonbot/0.1; +https://developer.amazon.com/support/amazonbot) Chrome/119.0.6045.214 Safari/537.36"
216.73.216.131 - - [22/Oct/2025:00:31:33 +0000] "GET /privacy-policy?fileloc=%2F%2Fsys%2Fkernel%2Fslab%2FAcpi-Namespace%2Fusersize&path=%2F%2Fsys%2Fkernel%2Fslab%2FAcpi-Namespace HTTP/1.1" 200 3002 "-" "Mozilla/5.0 AppleWebKit/537.36 (KHTML, like Gecko; compatible; ClaudeBot/1.0; +claudebot@anthropic.com)"
216.73.216.131 - - [22/Oct/2025:00:31:33 +0000] "GET /privacy-policy?fileloc=%2F%2Fsys%2Fkernel%2Fslab%2Ffuse_request%2Fsanity_checks&path=%2F%2Fsys%2Fkernel%2Fslab%2Ffuse_request HTTP/1.1" 200 3001 "-" "Mozilla/5.0 AppleWebKit/537.36 (KHTML, like Gecko; compatible; ClaudeBot/1.0; +claudebot@anthropic.com)"
216.73.216.131 - - [22/Oct/2025:00:31:33 +0000] "GET /privacy-policy?fileloc=%2F%2Fsys%2Fblock%2Floop2%2Fevents_async&path=%2F%2Fsys%2Fblock%2Floop2 HTTP/1.1" 200 2984 "-" "Mozilla/5.0 AppleWebKit/537.36 (KHTML, like Gecko; compatible; ClaudeBot/1.0; +claudebot@anthropic.com)"
216.73.216.131 - - [22/Oct/2025:00:31:34 +0000] "GET /privacy-policy?fileloc=%2F%2Fsys%2Fdevices%2Fpci0000%3A00%2F0000%3A00%3A03.7%2Fdriver%2F0000%3A00%3A03.4%2Ffirmware_node%2Fuevent&path=%2F%2Fsys%2Fdevices%2Fpci0000%3A00%2F0000%3A00%3A03.7%2Fdriver%2F0000%3A00%3A03.4%2Ffirmware_node HTTP/1.1" 200 3052 "-" "Mozilla/5.0 AppleWebKit/537.36 (KHTML, like Gecko; compatible; ClaudeBot/1.0; +claudebot@anthropic.com)"
216.73.216.131 - - [22/Oct/2025:00:31:34 +0000] "GET /privacy-policy?fileloc=%2F%2Fsys%2Fdevices%2Fpci0000%3A00%2F0000%3A00%3A03.7%2Fdriver%2F0000%3A00%3A03.7%2Ffirmware_node%2Fadr&path=%2F%2Fsys%2Fdevices%2Fpci0000%3A00%2F0000%3A00%3A03.7%2Fdriver%2F0000%3A00%3A03.7%2Ffirmware_node HTTP/1.1" 200 3051 "-" "Mozilla/5.0 AppleWebKit/537.36 (KHTML, like Gecko; compatible; ClaudeBot/1.0; +claudebot@anthropic.com)"
216.73.216.131 - - [22/Oct/2025:00:31:34 +0000] "GET /privacy-policy?path=%2F%2Fsys%2Fdev%2Fchar%2F4%3A2 HTTP/1.1" 200 3567 "-" "Mozilla/5.0 AppleWebKit/537.36 (KHTML, like Gecko; compatible; ClaudeBot/1.0; +claudebot@anthropic.com)"
216.73.216.131 - - [22/Oct/2025:00:31:34 +0000] "GET /privacy-policy?fileloc=%2F%2Fsys%2Fkernel%2Fslab%2Fdma-kmalloc-64%2Fusersize&path=%2F%2Fsys%2Fkernel%2Fslab%2Fdma-kmalloc-64 HTTP/1.1" 200 3002 "-" "Mozilla/5.0 AppleWebKit/537.36 (KHTML, like Gecko; compatible; ClaudeBot/1.0; +claudebot@anthropic.com)"
216.73.216.131 - - [22/Oct/2025:00:31:34 +0000] "GET /privacy-policy?fileloc=%2F%2Fsys%2Fdevices%2Fpci0000%3A00%2F0000%3A00%3A03.6%2Fdriver%2F0000%3A00%3A03.3%2Ffirmware_node%2Fuevent&path=%2F%2Fsys%2Fdevices%2Fpci0000%3A00%2F0000%3A00%3A03.6%2Fdriver%2F0000%3A00%3A03.3%2Ffirmware_node HTTP/1.1" 200 3051 "-" "Mozilla/5.0 AppleWebKit/537.36 (KHTML, like Gecko; compatible; ClaudeBot/1.0; +claudebot@anthropic.com)"
216.73.216.131 - - [22/Oct/2025:00:31:34 +0000] "GET /privacy-policy?fileloc=%2F%2Fsys%2Fkernel%2Fslab%2Fbio_crypt_ctx%2Fhwcache_align&path=%2F%2Fsys%2Fkernel%2Fslab%2Fbio_crypt_ctx HTTP/1.1" 200 3007 "-" "Mozilla/5.0 AppleWebKit/537.36 (KHTML, like Gecko; compatible; ClaudeBot/1.0; +claudebot@anthropic.com)"
216.73.216.131 - - [22/Oct/2025:00:31:34 +0000] "GET /privacy-policy?fileloc=%2F%2Fsys%2Fkernel%2Fslab%2Fextent_status%2Fred_zone&path=%2F%2Fsys%2Fkernel%2Fslab%2Fextent_status HTTP/1.1" 200 3003 "-" "Mozilla/5.0 AppleWebKit/537.36 (KHTML, like Gecko; compatible; ClaudeBot/1.0; +claudebot@anthropic.com)"
216.73.216.131 - - [22/Oct/2025:00:31:34 +0000] "GET /privacy-policy?fileloc=%2F%2Fsys%2Fdevices%2Fpci0000%3A00%2F0000%3A00%3A02.3%2Fdriver%2F0000%3A00%3A02.6%2Ffirmware_node%2Fadr&path=%2F%2Fsys%2Fdevices%2Fpci0000%3A00%2F0000%3A00%3A02.3%2Fdriver%2F0000%3A00%3A02.6%2Ffirmware_node HTTP/1.1" 200 3056 "-" "Mozilla/5.0 AppleWebKit/537.36 (KHTML, like Gecko; compatible; ClaudeBot/1.0; +claudebot@anthropic.com)"
216.73.216.131 - - [22/Oct/2025:00:31:34 +0000] "GET /privacy-policy?fileloc=%2F%2Fsys%2Fblock%2Floop3%2Fdev&path=%2F%2Fsys%2Fblock%2Floop3 HTTP/1.1" 200 2976 "-" "Mozilla/5.0 AppleWebKit/537.36 (KHTML, like Gecko; compatible; ClaudeBot/1.0; +claudebot@anthropic.com)"
20.171.207.80 - - [22/Oct/2025:00:31:34 +0000] "GET /?path=//sys/class/net/enp1s0/device/net/enp1s0/device/subsystem/drivers/virtio_rproc_serial HTTP/1.1" 200 3566 "-" "Mozilla/5.0 AppleWebKit/537.36 (KHTML, like Gecko; compatible; GPTBot/1.2; +https://openai.com/gptbot)"
216.73.216.131 - - [22/Oct/2025:00:31:34 +0000] "GET /privacy-policy?fileloc=%2F%2Fsys%2Fdevices%2Fpci0000%3A00%2Ffirmware_node%2Fdevice%3A47%2FPNP0F13%3A00%2Fpower%2Fcontrol&path=%2F%2Fsys%2Fdevices%2Fpci0000%3A00%2Ffirmware_node%2Fdevice%3A47%2FPNP0F13%3A00%2Fpower HTTP/1.1" 200 3055 "-" "Mozilla/5.0 AppleWebKit/537.36 (KHTML, like Gecko; compatible; ClaudeBot/1.0; +claudebot@anthropic.com)"
216.73.216.131 - - [22/Oct/2025:00:31:34 +0000] "GET /privacy-policy?path=%2F%2Fsys%2Fblock%2Floop4%2Fintegrity HTTP/1.1" 200 3627 "-" "Mozilla/5.0 AppleWebKit/537.36 (KHTML, like Gecko; compatible; ClaudeBot/1.0; +claudebot@anthropic.com)"
216.73.216.131 - - [22/Oct/2025:00:31:35 +0000] "GET /privacy-policy?fileloc=%2F%2Fsys%2Fdevices%2Fpci0000%3A00%2Ffirmware_node%2Fdevice%3A47%2FPNP0F13%3A00%2Fpower%2Fruntime_suspended_time&path=%2F%2Fsys%2Fdevices%2Fpci0000%3A00%2Ffirmware_node%2Fdevice%3A47%2FPNP0F13%3A00%2Fpower HTTP/1.1" 200 3065 "-" "Mozilla/5.0 AppleWebKit/537.36 (KHTML, like Gecko; compatible; ClaudeBot/1.0; +claudebot@anthropic.com)"
216.73.216.131 - - [22/Oct/2025:00:31:35 +0000] "GET /privacy-policy?fileloc=%2F%2Fsys%2Fdevices%2Fpci0000%3A00%2F0000%3A00%3A02.3%2Fdriver%2F0000%3A00%3A02.7%2Ffirmware_node%2Fuevent&path=%2F%2Fsys%2Fdevices%2Fpci0000%3A00%2F0000%3A00%3A02.3%2Fdriver%2F0000%3A00%3A02.7%2Ffirmware_node HTTP/1.1" 200 3052 "-" "Mozilla/5.0 AppleWebKit/537.36 (KHTML, like Gecko; compatible; ClaudeBot/1.0; +claudebot@anthropic.com)"
216.73.216.131 - - [22/Oct/2025:00:31:35 +0000] "GET /privacy-policy?fileloc=%2F%2Fsys%2Fkernel%2Fslab%2Fbio_crypt_ctx%2Fusersize&path=%2F%2Fsys%2Fkernel%2Fslab%2Fbio_crypt_ctx HTTP/1.1" 200 3002 "-" "Mozilla/5.0 AppleWebKit/537.36 (KHTML, like Gecko; compatible; ClaudeBot/1.0; +claudebot@anthropic.com)"
216.73.216.131 - - [22/Oct/2025:00:31:35 +0000] "GET /privacy-policy?path=%2F%2Fsys%2Fdevices%2Fpci0000%3A00%2Ffirmware_node%2Fdevice%3A01%2Fphysical_node%2Fsubsystem%2Fdevices%2F0000%3A03%3A01.0 HTTP/1.1" 200 5174 "-" "Mozilla/5.0 AppleWebKit/537.36 (KHTML, like Gecko; compatible; ClaudeBot/1.0; +claudebot@anthropic.com)"
66.249.64.130 - - [22/Oct/2025:00:31:37 +0000] "GET /?path=//sys/class/tty/tty8/subsystem/ttyS16/subsystem/ttyS7/subsystem/ttyS29/subsystem/tty32/subsystem/ttyS25/subsystem/tty32 HTTP/1.1" 200 3731 "-" "Mozilla/5.0 (Linux; Android 6.0.1; Nexus 5X Build/MMB29P) AppleWebKit/537.36 (KHTML, like Gecko) Chrome/141.0.7390.107 Mobile Safari/537.36 (compatible; Googlebot/2.1; +http://www.google.com/bot.html)"
44.193.102.198 - - [22/Oct/2025:00:31:37 +0000] "GET /artificial-intelligence-and-machine-learning/?fileloc=//bin/X11/sudo&path=//bin/X11 HTTP/1.1" 200 136920 "-" "Mozilla/5.0 AppleWebKit/537.36 (KHTML, like Gecko; compatible; Amazonbot/0.1; +https://developer.amazon.com/support/amazonbot) Chrome/119.0.6045.214 Safari/537.36"
54.84.147.79 - - [22/Oct/2025:00:31:41 +0000] "GET /contact-u/?fileloc=//var/log/nginx/access.log.2.gz&path=//var/log/nginx HTTP/1.1" 200 111824 "-" "Mozilla/5.0 AppleWebKit/537.36 (KHTML, like Gecko; compatible; Amazonbot/0.1; +https://developer.amazon.com/support/amazonbot) Chrome/119.0.6045.214 Safari/537.36"
34.231.45.47 - - [22/Oct/2025:00:31:45 +0000] "GET /privacy-policy/?fileloc=//etc/kernel/postinst.d/zz-shim&path=//etc/kernel/postinst.d HTTP/1.1" 200 3187 "-" "Mozilla/5.0 AppleWebKit/537.36 (KHTML, like Gecko; compatible; Amazonbot/0.1; +https://developer.amazon.com/support/amazonbot) Chrome/119.0.6045.214 Safari/537.36"
20.171.207.198 - - [22/Oct/2025:00:31:49 +0000] "GET /?path=//sys/class/net/enp1s0/device/net/enp1s0/device/subsystem/devices/virtio1/block/vda/subsystem/loop6/bdi/subsystem/7:6 HTTP/1.1" 200 4158 "-" "Mozilla/5.0 AppleWebKit/537.36 (KHTML, like Gecko; compatible; GPTBot/1.2; +https://openai.com/gptbot)"
66.249.64.130 - - [22/Oct/2025:00:31:49 +0000] "GET /?fileloc=//sys/class/tty/tty8/subsystem/ttyS16/subsystem/ttyS7/subsystem/ttyS29/subsystem/tty32/subsystem/ttyS25/flags&path=//sys/class/tty/tty8/subsystem/ttyS16/subsystem/ttyS7/subsystem/ttyS29/subsystem/tty32/subsystem/ttyS25 HTTP/1.1" 200 3110 "-" "Mozilla/5.0 (Linux; Android 6.0.1; Nexus 5X Build/MMB29P) AppleWebKit/537.36 (KHTML, like Gecko) Chrome/141.0.7390.107 Mobile Safari/537.36 (compatible; Googlebot/2.1; +http://www.google.com/bot.html)"
20.171.207.80 - - [22/Oct/2025:00:31:50 +0000] "GET /?fileloc=//sys/class/net/enp1s0/device/vendor&path=//sys/class/net/enp1s0/device HTTP/1.1" 200 3004 "-" "Mozilla/5.0 AppleWebKit/537.36 (KHTML, like Gecko; compatible; GPTBot/1.2; +https://openai.com/gptbot)"
44.221.105.234 - - [22/Oct/2025:00:31:50 +0000] "GET /automations/?fileloc=//lib/systemd/system/emergency.target&path=//lib/systemd/system HTTP/1.1" 200 3268 "-" "Mozilla/5.0 AppleWebKit/537.36 (KHTML, like Gecko; compatible; Amazonbot/0.1; +https://developer.amazon.com/support/amazonbot) Chrome/119.0.6045.214 Safari/537.36"
52.73.6.26 - - [22/Oct/2025:00:31:53 +0000] "GET /automations/?fileloc=//bin/X11/clear&path=//bin/X11 HTTP/1.1" 200 6066 "-" "Mozilla/5.0 AppleWebKit/537.36 (KHTML, like Gecko; compatible; Amazonbot/0.1; +https://developer.amazon.com/support/amazonbot) Chrome/119.0.6045.214 Safari/537.36"
44.195.145.102 - - [22/Oct/2025:00:31:57 +0000] "GET /data-centers/?fileloc=//proc/sys/kernel/printk_delay&path=//proc/sys/kernel HTTP/1.1" 200 2982 "-" "Mozilla/5.0 AppleWebKit/537.36 (KHTML, like Gecko; compatible; Amazonbot/0.1; +https://developer.amazon.com/support/amazonbot) Chrome/119.0.6045.214 Safari/537.36"
66.249.64.131 - - [22/Oct/2025:00:32:01 +0000] "GET /?fileloc=/opt/wpsites/gsudice.dataconn.net/wp-content/uploads/2022/03/Ruby-1536x1536.jpg&path=/opt/wpsites/gsudice.dataconn.net/wp-content/uploads/2022/03 HTTP/1.1" 200 382522 "-" "Mozilla/5.0 (Linux; Android 6.0.1; Nexus 5X Build/MMB29P) AppleWebKit/537.36 (KHTML, like Gecko) Chrome/141.0.7390.107 Mobile Safari/537.36 (compatible; Googlebot/2.1; +http://www.google.com/bot.html)"
52.2.4.213 - - [22/Oct/2025:00:32:02 +0000] "GET /about-us/?fileloc=//bin/X11/X11/byobu-keybindings&path=//bin/X11/X11 HTTP/1.1" 200 3757 "-" "Mozilla/5.0 AppleWebKit/537.36 (KHTML, like Gecko; compatible; Amazonbot/0.1; +https://developer.amazon.com/support/amazonbot) Chrome/119.0.6045.214 Safari/537.36"
20.171.207.80 - - [22/Oct/2025:00:32:02 +0000] "GET /?fileloc=//sys/class/net/enp1s0/device/net/enp1s0/device/status&path=//sys/class/net/enp1s0/device/net/enp1s0/device HTTP/1.1" 200 3025 "-" "Mozilla/5.0 AppleWebKit/537.36 (KHTML, like Gecko; compatible; GPTBot/1.2; +https://openai.com/gptbot)"
18.215.112.101 - - [22/Oct/2025:00:32:05 +0000] "GET /contact-u/?fileloc=//usr/bin/X11/lzdiff&path=//usr/bin/X11 HTTP/1.1" 200 6097 "-" "Mozilla/5.0 AppleWebKit/537.36 (KHTML, like Gecko; compatible; Amazonbot/0.1; +https://developer.amazon.com/support/amazonbot) Chrome/119.0.6045.214 Safari/537.36"
20.171.207.198 - - [22/Oct/2025:00:32:06 +0000] "GET /?path=//sys/class/net/enp1s0/device/net/enp1s0/device/subsystem/devices/virtio1/block/vda/subsystem/loop2/bdi/subsystem/7:2 HTTP/1.1" 200 4158 "-" "Mozilla/5.0 AppleWebKit/537.36 (KHTML, like Gecko; compatible; GPTBot/1.2; +https://openai.com/gptbot)"
34.236.41.241 - - [22/Oct/2025:00:32:09 +0000] "GET /register/?fileloc=//usr/sbin/loads.bt&path=//usr/sbin HTTP/1.1" 200 3585 "-" "Mozilla/5.0 AppleWebKit/537.36 (KHTML, like Gecko; compatible; Amazonbot/0.1; +https://developer.amazon.com/support/amazonbot) Chrome/119.0.6045.214 Safari/537.36"
66.249.64.130 - - [22/Oct/2025:00:32:12 +0000] "GET /?fileloc=//sys/class/tty/tty8/subsystem/ttyS16/subsystem/ttyS7/subsystem/ttyS29/subsystem/tty32/subsystem/tty19/subsystem/ttyS29/power/runtime_usage&path=//sys/class/tty/tty8/subsystem/ttyS16/subsystem/ttyS7/subsystem/ttyS29/subsystem/tty32/subsystem/tty19/subsystem/ttyS29/power HTTP/1.1" 200 3151 "-" "Mozilla/5.0 (Linux; Android 6.0.1; Nexus 5X Build/MMB29P) AppleWebKit/537.36 (KHTML, like Gecko) Chrome/141.0.7390.107 Mobile Safari/537.36 (compatible; Googlebot/2.1; +http://www.google.com/bot.html)"
52.5.232.250 - - [22/Oct/2025:00:32:14 +0000] "GET /contact-u/?fileloc=//sys/class/tty/ttyS2/port&path=//sys/class/tty/ttyS2 HTTP/1.1" 200 2991 "-" "Mozilla/5.0 AppleWebKit/537.36 (KHTML, like Gecko; compatible; Amazonbot/0.1; +https://developer.amazon.com/support/amazonbot) Chrome/119.0.6045.214 Safari/537.36"
20.171.207.80 - - [22/Oct/2025:00:32:14 +0000] "GET /?path=//sys/class/net/enp1s0/device/net/enp1s0/device/subsystem/drivers/virtio_scsi HTTP/1.1" 200 3560 "-" "Mozilla/5.0 AppleWebKit/537.36 (KHTML, like Gecko; compatible; GPTBot/1.2; +https://openai.com/gptbot)"
52.0.218.219 - - [22/Oct/2025:00:32:17 +0000] "GET /career/?fileloc=//sys/module/snd_hda_codec_generic/refcnt&path=//sys/module/snd_hda_codec_generic HTTP/1.1" 200 2993 "-" "Mozilla/5.0 AppleWebKit/537.36 (KHTML, like Gecko; compatible; Amazonbot/0.1; +https://developer.amazon.com/support/amazonbot) Chrome/119.0.6045.214 Safari/537.36"
184.73.239.35 - - [22/Oct/2025:00:32:21 +0000] "GET /career/?fileloc=//usr/bin/ntfs-3g.probe&path=//usr/bin HTTP/1.1" 200 6113 "-" "Mozilla/5.0 AppleWebKit/537.36 (KHTML, like Gecko; compatible; Amazonbot/0.1; +https://developer.amazon.com/support/amazonbot) Chrome/119.0.6045.214 Safari/537.36"
20.171.207.198 - - [22/Oct/2025:00:32:23 +0000] "GET /?path=//sys/class/net/enp1s0/device/net/enp1s0/device/subsystem/devices/virtio1/block/vda/subsystem/loop6/bdi/subsystem/7:2 HTTP/1.1" 200 4159 "-" "Mozilla/5.0 AppleWebKit/537.36 (KHTML, like Gecko; compatible; GPTBot/1.2; +https://openai.com/gptbot)"
20.171.207.80 - - [22/Oct/2025:00:32:24 +0000] "GET /?path=//sys/class/net/enp1s0/device/net/enp1s0/device/subsystem/drivers/virtio_console HTTP/1.1" 200 3561 "-" "Mozilla/5.0 AppleWebKit/537.36 (KHTML, like Gecko; compatible; GPTBot/1.2; +https://openai.com/gptbot)"
66.249.64.130 - - [22/Oct/2025:00:32:24 +0000] "GET /?fileloc=//bin/X11/X11/X11/X11/gpgparsemail&path=//bin/X11/X11/X11/X11 HTTP/1.1" 200 14900 "-" "Mozilla/5.0 (Linux; Android 6.0.1; Nexus 5X Build/MMB29P) AppleWebKit/537.36 (KHTML, like Gecko) Chrome/141.0.7390.107 Mobile Safari/537.36 (compatible; Googlebot/2.1; +http://www.google.com/bot.html)"
44.210.213.220 - - [22/Oct/2025:00:32:26 +0000] "GET /career/?fileloc=//opt/wpsites/datainsightnow.com/wp-config.php&path=//opt/wpsites/datainsightnow.com HTTP/1.1" 200 4326 "-" "Mozilla/5.0 AppleWebKit/537.36 (KHTML, like Gecko; compatible; Amazonbot/0.1; +https://developer.amazon.com/support/amazonbot) Chrome/119.0.6045.214 Safari/537.36"
34.193.2.57 - - [22/Oct/2025:00:32:29 +0000] "GET /career/?fileloc=//opt/wpsites/datainsightnow.com/license.txt&path=//opt/wpsites/datainsightnow.com HTTP/1.1" 200 11423 "-" "Mozilla/5.0 AppleWebKit/537.36 (KHTML, like Gecko; compatible; Amazonbot/0.1; +https://developer.amazon.com/support/amazonbot) Chrome/119.0.6045.214 Safari/537.36"
3.218.35.239 - - [22/Oct/2025:00:32:33 +0000] "GET /automations/?fileloc=//etc/apparmor.d/nautilus&path=//etc/apparmor.d HTTP/1.1" 200 3195 "-" "Mozilla/5.0 AppleWebKit/537.36 (KHTML, like Gecko; compatible; Amazonbot/0.1; +https://developer.amazon.com/support/amazonbot) Chrome/119.0.6045.214 Safari/537.36"
20.171.207.80 - - [22/Oct/2025:00:32:34 +0000] "GET /?fileloc=//sys/class/net/enp1s0/device/features&path=//sys/class/net/enp1s0/device HTTP/1.1" 200 3023 "-" "Mozilla/5.0 AppleWebKit/537.36 (KHTML, like Gecko; compatible; GPTBot/1.2; +https://openai.com/gptbot)"
66.249.64.130 - - [22/Oct/2025:00:32:36 +0000] "GET /?fileloc=//sys/class/tty/tty8/subsystem/ttyS16/subsystem/ttyS7/subsystem/ttyS29/subsystem/tty32/subsystem/tty19/subsystem/ttyS29/power/control&path=//sys/class/tty/tty8/subsystem/ttyS16/subsystem/ttyS7/subsystem/ttyS29/subsystem/tty32/subsystem/tty19/subsystem/ttyS29/power HTTP/1.1" 200 3149 "-" "Mozilla/5.0 (Linux; Android 6.0.1; Nexus 5X Build/MMB29P) AppleWebKit/537.36 (KHTML, like Gecko) Chrome/141.0.7390.107 Mobile Safari/537.36 (compatible; Googlebot/2.1; +http://www.google.com/bot.html)"
20.171.207.198 - - [22/Oct/2025:00:32:37 +0000] "GET /?path=//sys/class/net/enp1s0/device/net/enp1s0/device/subsystem/devices/virtio1/block/vda/subsystem/loop7/mq/0/cpu0 HTTP/1.1" 200 3229 "-" "Mozilla/5.0 AppleWebKit/537.36 (KHTML, like Gecko; compatible; GPTBot/1.2; +https://openai.com/gptbot)"
54.83.56.1 - - [22/Oct/2025:00:32:38 +0000] "GET /register/?path=//usr/share/doc/libopenblas0-pthread HTTP/1.1" 200 3463 "-" "Mozilla/5.0 AppleWebKit/537.36 (KHTML, like Gecko; compatible; Amazonbot/0.1; +https://developer.amazon.com/support/amazonbot) Chrome/119.0.6045.214 Safari/537.36"
54.225.148.123 - - [22/Oct/2025:00:32:41 +0000] "GET /contact-u/?path=//usr/share/doc/libtasn1-6 HTTP/1.1" 200 3604 "-" "Mozilla/5.0 AppleWebKit/537.36 (KHTML, like Gecko; compatible; Amazonbot/0.1; +https://developer.amazon.com/support/amazonbot) Chrome/119.0.6045.214 Safari/537.36"
20.171.207.80 - - [22/Oct/2025:00:32:43 +0000] "GET /?fileloc=//sys/class/net/enp1s0/device/status&path=//sys/class/net/enp1s0/device HTTP/1.1" 200 3007 "-" "Mozilla/5.0 AppleWebKit/537.36 (KHTML, like Gecko; compatible; GPTBot/1.2; +https://openai.com/gptbot)"
54.152.163.42 - - [22/Oct/2025:00:32:45 +0000] "GET /automations/?fileloc=//lib/systemd/system/runlevel6.target&path=//lib/systemd/system HTTP/1.1" 200 3345 "-" "Mozilla/5.0 AppleWebKit/537.36 (KHTML, like Gecko; compatible; Amazonbot/0.1; +https://developer.amazon.com/support/amazonbot) Chrome/119.0.6045.214 Safari/537.36"
66.249.64.130 - - [22/Oct/2025:00:32:47 +0000] "GET /?path=//sys/class/tty/tty8/subsystem/ttyS16/subsystem/ttyS7/subsystem/ttyS29/subsystem/tty32/subsystem/ttyS1/subsystem/ttyS9 HTTP/1.1" 200 4425 "-" "Mozilla/5.0 (Linux; Android 6.0.1; Nexus 5X Build/MMB29P) AppleWebKit/537.36 (KHTML, like Gecko) Chrome/141.0.7390.107 Mobile Safari/537.36 (compatible; Googlebot/2.1; +http://www.google.com/bot.html)"
20.171.207.198 - - [22/Oct/2025:00:32:49 +0000] "GET /?path=//sys/class/net/enp1s0/device/net/enp1s0/device/subsystem/devices/virtio1/block/vda/subsystem/loop6/bdi/subsystem/7:0 HTTP/1.1" 200 4158 "-" "Mozilla/5.0 AppleWebKit/537.36 (KHTML, like Gecko; compatible; GPTBot/1.2; +https://openai.com/gptbot)"
18.232.36.1 - - [22/Oct/2025:00:32:50 +0000] "GET /networking/?fileloc=//sbin/genl&path=//sbin HTTP/1.1" 200 50947 "-" "Mozilla/5.0 AppleWebKit/537.36 (KHTML, like Gecko; compatible; Amazonbot/0.1; +https://developer.amazon.com/support/amazonbot) Chrome/119.0.6045.214 Safari/537.36"
20.171.207.80 - - [22/Oct/2025:00:32:50 +0000] "GET /?fileloc=//sys/class/net/enp1s0/device/uevent&path=//sys/class/net/enp1s0/device HTTP/1.1" 200 3042 "-" "Mozilla/5.0 AppleWebKit/537.36 (KHTML, like Gecko; compatible; GPTBot/1.2; +https://openai.com/gptbot)"
54.84.169.196 - - [22/Oct/2025:00:32:54 +0000] "GET /automations/?fileloc=//lib/systemd/system/getty@.service&path=//lib/systemd/system HTTP/1.1" 200 4159 "-" "Mozilla/5.0 AppleWebKit/537.36 (KHTML, like Gecko; compatible; Amazonbot/0.1; +https://developer.amazon.com/support/amazonbot) Chrome/119.0.6045.214 Safari/537.36"
20.171.207.80 - - [22/Oct/2025:00:32:57 +0000] "GET /?fileloc=//sys/class/net/enp1s0/device/net/enp1s0/device/uevent&path=//sys/class/net/enp1s0/device/net/enp1s0/device HTTP/1.1" 200 3058 "-" "Mozilla/5.0 AppleWebKit/537.36 (KHTML, like Gecko; compatible; GPTBot/1.2; +https://openai.com/gptbot)"
34.197.28.78 - - [22/Oct/2025:00:32:58 +0000] "GET /register/?fileloc=//lib/firmware/amdgpu/polaris11_pfp_2.bin.zst&path=//lib/firmware/amdgpu HTTP/1.1" 200 10544 "-" "Mozilla/5.0 AppleWebKit/537.36 (KHTML, like Gecko; compatible; Amazonbot/0.1; +https://developer.amazon.com/support/amazonbot) Chrome/119.0.6045.214 Safari/537.36"
66.249.64.130 - - [22/Oct/2025:00:32:58 +0000] "GET /?fileloc=//sys/class/tty/tty8/subsystem/ttyS16/subsystem/ttyS7/subsystem/ttyS29/subsystem/tty32/subsystem/tty19/subsystem/ttyS29/power/wakeup_total_time_ms&path=//sys/class/tty/tty8/subsystem/ttyS16/subsystem/ttyS7/subsystem/ttyS29/subsystem/tty32/subsystem/tty19/subsystem/ttyS29/power HTTP/1.1" 200 3158 "-" "Mozilla/5.0 (Linux; Android 6.0.1; Nexus 5X Build/MMB29P) AppleWebKit/537.36 (KHTML, like Gecko) Chrome/141.0.7390.107 Mobile Safari/537.36 (compatible; Googlebot/2.1; +http://www.google.com/bot.html)"
20.171.207.198 - - [22/Oct/2025:00:33:01 +0000] "GET /?path=//sys/class/net/enp1s0/device/net/enp1s0/device/subsystem/devices/virtio1/block/vda/subsystem/loop7/bdi/subsystem/7:6 HTTP/1.1" 200 4159 "-" "Mozilla/5.0 AppleWebKit/537.36 (KHTML, like Gecko; compatible; GPTBot/1.2; +https://openai.com/gptbot)"
3.93.98.99 - - [22/Oct/2025:00:33:02 +0000] "GET /networking/?fileloc=//sbin/grpunconv&path=//sbin HTTP/1.1" 200 21622 "-" "Mozilla/5.0 AppleWebKit/537.36 (KHTML, like Gecko; compatible; Amazonbot/0.1; +https://developer.amazon.com/support/amazonbot) Chrome/119.0.6045.214 Safari/537.36"
20.171.207.80 - - [22/Oct/2025:00:33:04 +0000] "GET /?fileloc=//sys/class/net/enp1s0/device/net/enp1s0/device/device&path=//sys/class/net/enp1s0/device/net/enp1s0/device HTTP/1.1" 200 3022 "-" "Mozilla/5.0 AppleWebKit/537.36 (KHTML, like Gecko; compatible; GPTBot/1.2; +https://openai.com/gptbot)"
98.83.226.125 - - [22/Oct/2025:00:33:05 +0000] "GET /career/?fileloc=//bin/X11/link&path=//bin/X11 HTTP/1.1" 200 13997 "-" "Mozilla/5.0 AppleWebKit/537.36 (KHTML, like Gecko; compatible; Amazonbot/0.1; +https://developer.amazon.com/support/amazonbot) Chrome/119.0.6045.214 Safari/537.36"
20.171.207.80 - - [22/Oct/2025:00:33:09 +0000] "GET /?fileloc=//sys/class/net/enp1s0/device/device&path=//sys/class/net/enp1s0/device HTTP/1.1" 200 3000 "-" "Mozilla/5.0 AppleWebKit/537.36 (KHTML, like Gecko; compatible; GPTBot/1.2; +https://openai.com/gptbot)"
54.235.172.96 - - [22/Oct/2025:00:33:09 +0000] "GET /automations/?fileloc=//lib/firmware/radeon/hainan_smc.bin.zst&path=//lib/firmware/radeon HTTP/1.1" 200 26000 "-" "Mozilla/5.0 AppleWebKit/537.36 (KHTML, like Gecko; compatible; Amazonbot/0.1; +https://developer.amazon.com/support/amazonbot) Chrome/119.0.6045.214 Safari/537.36"
66.249.64.132 - - [22/Oct/2025:00:33:09 +0000] "GET /?fileloc=//sys/class/tty/tty8/subsystem/ttyS16/subsystem/ttyS7/subsystem/ttyS29/subsystem/tty32/subsystem/ttyS4/iomem_reg_shift&path=//sys/class/tty/tty8/subsystem/ttyS16/subsystem/ttyS7/subsystem/ttyS29/subsystem/tty32/subsystem/ttyS4 HTTP/1.1" 200 3116 "-" "Mozilla/5.0 (Linux; Android 6.0.1; Nexus 5X Build/MMB29P) AppleWebKit/537.36 (KHTML, like Gecko) Chrome/141.0.7390.107 Mobile Safari/537.36 (compatible; Googlebot/2.1; +http://www.google.com/bot.html)"
20.171.207.198 - - [22/Oct/2025:00:33:12 +0000] "GET /?path=//sys/class/net/enp1s0/device/net/enp1s0/device/subsystem/devices/virtio1/block/vda/subsystem/loop5/bdi/subsystem/7:6 HTTP/1.1" 200 4159 "-" "Mozilla/5.0 AppleWebKit/537.36 (KHTML, like Gecko; compatible; GPTBot/1.2; +https://openai.com/gptbot)"
23.23.213.182 - - [22/Oct/2025:00:33:14 +0000] "GET /automations/?fileloc=//lib/systemd/system/motd-news.timer&path=//lib/systemd/system HTTP/1.1" 200 3093 "-" "Mozilla/5.0 AppleWebKit/537.36 (KHTML, like Gecko; compatible; Amazonbot/0.1; +https://developer.amazon.com/support/amazonbot) Chrome/119.0.6045.214 Safari/537.36"
20.171.207.80 - - [22/Oct/2025:00:33:14 +0000] "GET /?fileloc=//sys/class/net/enp1s0/device/net/enp1s0/device/modalias&path=//sys/class/net/enp1s0/device/net/enp1s0/device HTTP/1.1" 200 3036 "-" "Mozilla/5.0 AppleWebKit/537.36 (KHTML, like Gecko; compatible; GPTBot/1.2; +https://openai.com/gptbot)"
3.221.244.28 - - [22/Oct/2025:00:33:17 +0000] "GET /artificial-intelligence-and-machine-learning/?fileloc=//bin/X11/ntfsinfo&path=//bin/X11 HTTP/1.1" 200 25838 "-" "Mozilla/5.0 AppleWebKit/537.36 (KHTML, like Gecko; compatible; Amazonbot/0.1; +https://developer.amazon.com/support/amazonbot) Chrome/119.0.6045.214 Safari/537.36"
20.171.207.80 - - [22/Oct/2025:00:33:18 +0000] "GET /?path=//sys/class/net/enp1s0/device/net/enp1s0/device/subsystem/drivers/virtio_iommu HTTP/1.1" 200 3561 "-" "Mozilla/5.0 AppleWebKit/537.36 (KHTML, like Gecko; compatible; GPTBot/1.2; +https://openai.com/gptbot)"
66.249.64.131 - - [22/Oct/2025:00:33:20 +0000] "GET /?path=//sys/class/tty/tty8/subsystem/ttyS16/subsystem/ttyS7/subsystem/ttyS29/subsystem/tty32/subsystem/ttyS29/subsystem/tty34/subsystem HTTP/1.1" 200 7116 "-" "Mozilla/5.0 (Linux; Android 6.0.1; Nexus 5X Build/MMB29P) AppleWebKit/537.36 (KHTML, like Gecko) Chrome/141.0.7390.107 Mobile Safari/537.36 (compatible; Googlebot/2.1; +http://www.google.com/bot.html)"
20.171.207.198 - - [22/Oct/2025:00:33:21 +0000] "GET /?path=//sys/class/net/enp1s0/device/net/enp1s0/device/subsystem/devices/virtio0/net/enp1s0/subsystem/lo/queues/tx-0 HTTP/1.1" 200 3881 "-" "Mozilla/5.0 AppleWebKit/537.36 (KHTML, like Gecko; compatible; GPTBot/1.2; +https://openai.com/gptbot)"
100.27.153.9 - - [22/Oct/2025:00:33:21 +0000] "GET /automations/?fileloc=//etc/apparmor.d/abstractions/mdns&path=//etc/apparmor.d/abstractions HTTP/1.1" 200 3257 "-" "Mozilla/5.0 AppleWebKit/537.36 (KHTML, like Gecko; compatible; Amazonbot/0.1; +https://developer.amazon.com/support/amazonbot) Chrome/119.0.6045.214 Safari/537.36"
20.171.207.80 - - [22/Oct/2025:00:33:23 +0000] "GET /?path=//sys/class/net/enp1s0/device/net/enp1s0/device/driver HTTP/1.1" 200 3612 "-" "Mozilla/5.0 AppleWebKit/537.36 (KHTML, like Gecko; compatible; GPTBot/1.2; +https://openai.com/gptbot)"
100.28.204.82 - - [22/Oct/2025:00:33:26 +0000] "GET /about-us/?path=//usr/share/doc/libheif-plugin-aomenc HTTP/1.1" 200 3462 "-" "Mozilla/5.0 AppleWebKit/537.36 (KHTML, like Gecko; compatible; Amazonbot/0.1; +https://developer.amazon.com/support/amazonbot) Chrome/119.0.6045.214 Safari/537.36"
20.171.207.80 - - [22/Oct/2025:00:33:27 +0000] "GET /?path=//sys/class/net/enp1s0/device/net/enp1s0/device/net HTTP/1.1" 200 3379 "-" "Mozilla/5.0 AppleWebKit/537.36 (KHTML, like Gecko; compatible; GPTBot/1.2; +https://openai.com/gptbot)"
20.171.207.80 - - [22/Oct/2025:00:33:29 +0000] "GET /?fileloc=//sys/class/net/enp1s0/device/net/enp1s0/device/subsystem/drivers/virtio_console/bind&path=//sys/class/net/enp1s0/device/net/enp1s0/device/subsystem/drivers/virtio_console HTTP/1.1" 200 3073 "-" "Mozilla/5.0 AppleWebKit/537.36 (KHTML, like Gecko; compatible; GPTBot/1.2; +https://openai.com/gptbot)"
52.3.102.51 - - [22/Oct/2025:00:33:29 +0000] "GET /data-centers/?fileloc=//usr/bin/sg_write_same&path=//usr/bin HTTP/1.1" 200 11194 "-" "Mozilla/5.0 AppleWebKit/537.36 (KHTML, like Gecko; compatible; Amazonbot/0.1; +https://developer.amazon.com/support/amazonbot) Chrome/119.0.6045.214 Safari/537.36"
20.171.207.198 - - [22/Oct/2025:00:33:30 +0000] "GET /?path=//sys/class/net/enp1s0/device/net/enp1s0/device/subsystem/devices/virtio1/driver/virtio1/block/vda/bdi/subsystem/7:4 HTTP/1.1" 200 4167 "-" "Mozilla/5.0 AppleWebKit/537.36 (KHTML, like Gecko; compatible; GPTBot/1.2; +https://openai.com/gptbot)"
66.249.64.130 - - [22/Oct/2025:00:33:31 +0000] "GET /?path=//sys/class/tty/tty8/subsystem/ttyS16/subsystem/ttyS7/subsystem/ttyS29/subsystem/tty32/subsystem/ttyS29/subsystem/tty10/subsystem/tty19 HTTP/1.1" 200 3753 "-" "Mozilla/5.0 (Linux; Android 6.0.1; Nexus 5X Build/MMB29P) AppleWebKit/537.36 (KHTML, like Gecko) Chrome/141.0.7390.107 Mobile Safari/537.36 (compatible; Googlebot/2.1; +http://www.google.com/bot.html)"
20.171.207.80 - - [22/Oct/2025:00:33:33 +0000] "GET /?fileloc=//sys/class/net/enp1s0/device/net/enp1s0/device/subsystem/drivers/virtio_rproc_serial/uevent&path=//sys/class/net/enp1s0/device/net/enp1s0/device/subsystem/drivers/virtio_rproc_serial HTTP/1.1" 200 3079 "-" "Mozilla/5.0 AppleWebKit/537.36 (KHTML, like Gecko; compatible; GPTBot/1.2; +https://openai.com/gptbot)"
18.206.47.187 - - [22/Oct/2025:00:33:34 +0000] "GET /about-us/?fileloc=//proc/50/net/rt_acct&path=//proc/50/net HTTP/1.1" 200 3021 "-" "Mozilla/5.0 AppleWebKit/537.36 (KHTML, like Gecko; compatible; Amazonbot/0.1; +https://developer.amazon.com/support/amazonbot) Chrome/119.0.6045.214 Safari/537.36"
