216.73.216.166 - - [29/Oct/2025:00:03:29 +0000] "GET /cloud-security?path=%2F%2Fsys%2Fdev%2Fchar%2F4%3A31%2Fsubsystem%2Ftty7 HTTP/1.1" 200 3594 "-" "Mozilla/5.0 AppleWebKit/537.36 (KHTML, like Gecko; compatible; ClaudeBot/1.0; +claudebot@anthropic.com)"
20.171.207.188 - - [29/Oct/2025:00:03:29 +0000] "GET /?path=//sys/class/net/enp1s0/device/net/enp1s0/device/subsystem/devices/virtio1/block/vda/device/block/vda/subsystem/vda/subsystem/vda/subsystem/loop5/subsystem/vda/vda1 HTTP/1.1" 200 4311 "-" "Mozilla/5.0 AppleWebKit/537.36 (KHTML, like Gecko; compatible; GPTBot/1.2; +https://openai.com/gptbot)"
216.73.216.166 - - [29/Oct/2025:00:03:29 +0000] "GET /privacy-policy?path=%2F%2Fsys%2Fdevices%2Fpci0000%3A00%2F0000%3A00%3A03.6%2Fdriver%2F0000%3A00%3A03.4%2Fsubsystem%2Fdrivers%2Fpcieport%2F0000%3A00%3A03.4 HTTP/1.1" 200 5766 "-" "Mozilla/5.0 AppleWebKit/537.36 (KHTML, like Gecko; compatible; ClaudeBot/1.0; +claudebot@anthropic.com)"
216.73.216.166 - - [29/Oct/2025:00:03:29 +0000] "GET /enterprise-operations?path=%2F%2Fsys%2Fdevices%2Fpci0000%3A00%2F0000%3A00%3A03.2%2Fdriver%2F0000%3A00%3A02.2%2F0000%3A00%3A02.2%3Apcie001%2Fpower HTTP/1.1" 200 3674 "-" "Mozilla/5.0 AppleWebKit/537.36 (KHTML, like Gecko; compatible; ClaudeBot/1.0; +claudebot@anthropic.com)"
216.73.216.166 - - [29/Oct/2025:00:03:29 +0000] "GET /privacy-policy?fileloc=%2F%2Fsys%2Fblock%2Floop3%2Fsubsystem%2Floop1%2Fsubsystem%2Fsr0%2Fsubsystem%2Floop4%2Fdiskseq&path=%2F%2Fsys%2Fblock%2Floop3%2Fsubsystem%2Floop1%2Fsubsystem%2Fsr0%2Fsubsystem%2Floop4 HTTP/1.1" 200 3053 "-" "Mozilla/5.0 AppleWebKit/537.36 (KHTML, like Gecko; compatible; ClaudeBot/1.0; +claudebot@anthropic.com)"
20.171.207.208 - - [29/Oct/2025:00:03:29 +0000] "GET /?path=//sys/class/net/enp1s0/device/net/enp1s0/device/subsystem/devices/virtio1/block/vda/subsystem/vda1/subsystem/vda/device/block/vda/device/block/vda/subsystem/loop7/bdi HTTP/1.1" 200 4283 "-" "Mozilla/5.0 AppleWebKit/537.36 (KHTML, like Gecko; compatible; GPTBot/1.2; +https://openai.com/gptbot)"
216.73.216.166 - - [29/Oct/2025:00:03:29 +0000] "GET /privacy-policy?fileloc=%2F%2Fsys%2Fblock%2Floop3%2Fsubsystem%2Fsr0%2Fsubsystem%2Floop4%2Falignment_offset&path=%2F%2Fsys%2Fblock%2Floop3%2Fsubsystem%2Fsr0%2Fsubsystem%2Floop4 HTTP/1.1" 200 3034 "-" "Mozilla/5.0 AppleWebKit/537.36 (KHTML, like Gecko; compatible; ClaudeBot/1.0; +claudebot@anthropic.com)"
216.73.216.166 - - [29/Oct/2025:00:03:30 +0000] "GET /privacy-policy?path=%2F%2Fsys%2Fdevices%2Fpci0000%3A00%2Ffirmware_node%2Fwakeup%2Fwakeup32%2Fdevice%2Fdevice%3A38%2Fsubsystem%2Fdevices%2Fdevice%3A44 HTTP/1.1" 200 3890 "-" "Mozilla/5.0 AppleWebKit/537.36 (KHTML, like Gecko; compatible; ClaudeBot/1.0; +claudebot@anthropic.com)"
216.73.216.166 - - [29/Oct/2025:00:03:30 +0000] "GET /privacy-policy?fileloc=%2F%2Fsys%2Fblock%2Floop1%2Fsubsystem%2Fsr0%2Fsubsystem%2Floop7%2Fsubsystem%2Floop7%2Falignment_offset&path=%2F%2Fsys%2Fblock%2Floop1%2Fsubsystem%2Fsr0%2Fsubsystem%2Floop7%2Fsubsystem%2Floop7 HTTP/1.1" 200 3053 "-" "Mozilla/5.0 AppleWebKit/537.36 (KHTML, like Gecko; compatible; ClaudeBot/1.0; +claudebot@anthropic.com)"
216.73.216.166 - - [29/Oct/2025:00:03:30 +0000] "GET /privacy-policy?path=%2F%2Fsys%2Fdevices%2Fpci0000%3A00%2Fpci_bus%2F0000%3A00%2Fsubsystem%2F0000%3A0c%2Fdevice%2Fpci_bus%2F0000%3A0c%2Fdevice%2Fmsi_irqs HTTP/1.1" 200 3457 "-" "Mozilla/5.0 AppleWebKit/537.36 (KHTML, like Gecko; compatible; ClaudeBot/1.0; +claudebot@anthropic.com)"
216.73.216.166 - - [29/Oct/2025:00:03:30 +0000] "GET /privacy-policy?path=%2F%2Fsys%2Fblock%2Floop1%2Fsubsystem%2Fsr0%2Fsubsystem%2Floop3%2Fsubsystem%2Floop2%2Fsubsystem%2Floop7%2Fbdi HTTP/1.1" 200 4105 "-" "Mozilla/5.0 AppleWebKit/537.36 (KHTML, like Gecko; compatible; ClaudeBot/1.0; +claudebot@anthropic.com)"
216.73.216.166 - - [29/Oct/2025:00:03:30 +0000] "GET /privacy-policy?fileloc=%2F%2Fsys%2Fdevices%2Fpci0000%3A00%2F0000%3A00%3A02.1%2Fdriver%2F0000%3A00%3A03.2%2Fdriver%2F0000%3A00%3A03.0%2Fbroken_parity_status&path=%2F%2Fsys%2Fdevices%2Fpci0000%3A00%2F0000%3A00%3A02.1%2Fdriver%2F0000%3A00%3A03.2%2Fdriver%2F0000%3A00%3A03.0 HTTP/1.1" 200 3066 "-" "Mozilla/5.0 AppleWebKit/537.36 (KHTML, like Gecko; compatible; ClaudeBot/1.0; +claudebot@anthropic.com)"
216.73.216.166 - - [29/Oct/2025:00:03:30 +0000] "GET /privacy-policy?fileloc=%2F%2Fsys%2Fdevices%2Fpci0000%3A00%2FQEMU0002%3A00%2Ffirmware_node%2Fsubsystem%2Fdevices%2Fdevice%3A3f%2Fsubsystem%2Fuevent&path=%2F%2Fsys%2Fdevices%2Fpci0000%3A00%2FQEMU0002%3A00%2Ffirmware_node%2Fsubsystem%2Fdevices%2Fdevice%3A3f%2Fsubsystem HTTP/1.1" 200 3070 "-" "Mozilla/5.0 AppleWebKit/537.36 (KHTML, like Gecko; compatible; ClaudeBot/1.0; +claudebot@anthropic.com)"
216.73.216.166 - - [29/Oct/2025:00:03:30 +0000] "GET /privacy-policy?path=%2F%2Fsys%2Fdevices%2Fpci0000%3A00%2Fpci_bus%2F0000%3A00%2Fdevice%2F0000%3A00%3A04.1%2Fdriver%2F0000%3A00%3A02.4%2Fsubsystem%2Fdrivers HTTP/1.1" 200 4534 "-" "Mozilla/5.0 AppleWebKit/537.36 (KHTML, like Gecko; compatible; ClaudeBot/1.0; +claudebot@anthropic.com)"
216.73.216.166 - - [29/Oct/2025:00:03:30 +0000] "GET /cloud-security?path=%2F%2Fsys%2Fdev%2Fchar%2F4%3A93%2Fsubsystem%2Ftty44 HTTP/1.1" 200 3595 "-" "Mozilla/5.0 AppleWebKit/537.36 (KHTML, like Gecko; compatible; ClaudeBot/1.0; +claudebot@anthropic.com)"
216.73.216.166 - - [29/Oct/2025:00:03:30 +0000] "GET /privacy-policy?fileloc=%2F%2Fsys%2Fdevices%2Fpci0000%3A00%2F0000%3A00%3A04.0%2Fdriver%2F0000%3A00%3A03.2%2Fdriver%2F0000%3A00%3A02.2%2Fcurrent_link_width&path=%2F%2Fsys%2Fdevices%2Fpci0000%3A00%2F0000%3A00%3A04.0%2Fdriver%2F0000%3A00%3A03.2%2Fdriver%2F0000%3A00%3A02.2 HTTP/1.1" 200 3057 "-" "Mozilla/5.0 AppleWebKit/537.36 (KHTML, like Gecko; compatible; ClaudeBot/1.0; +claudebot@anthropic.com)"
20.171.207.188 - - [29/Oct/2025:00:03:30 +0000] "GET /?path=//sys/class/net/enp1s0/device/net/enp1s0/device/subsystem/devices/virtio1/block/vda/device/block/vda/subsystem/vda/device/block/vda/subsystem/loop3/subsystem/loop5 HTTP/1.1" 200 4769 "-" "Mozilla/5.0 AppleWebKit/537.36 (KHTML, like Gecko; compatible; GPTBot/1.2; +https://openai.com/gptbot)"
57.141.0.45 - - [29/Oct/2025:00:03:30 +0000] "GET /?fileloc=//sys/module/snd_hda_intel/refcnt&path=//sys/module/snd_hda_intel HTTP/1.1" 200 12353 "-" "meta-externalagent/1.1 (+https://developers.facebook.com/docs/sharing/webmasters/crawler)"
216.73.216.166 - - [29/Oct/2025:00:03:30 +0000] "GET /automations?fileloc=%2F%2Fproc%2F15%2Fcpu_resctrl_groups&path=%2F%2Fproc%2F15 HTTP/1.1" 200 2972 "-" "Mozilla/5.0 AppleWebKit/537.36 (KHTML, like Gecko; compatible; ClaudeBot/1.0; +claudebot@anthropic.com)"
216.73.216.166 - - [29/Oct/2025:00:03:30 +0000] "GET /privacy-policy?path=%2F%2Fsys%2Fdevices%2Fpci0000%3A00%2F0000%3A00%3A02.7%2Fdriver%2F0000%3A00%3A02.3%2Fdriver%2F0000%3A00%3A03.1%2Fpci_bus%2F0000%3A0b%2Fpower HTTP/1.1" 200 3867 "-" "Mozilla/5.0 AppleWebKit/537.36 (KHTML, like Gecko; compatible; ClaudeBot/1.0; +claudebot@anthropic.com)"
216.73.216.166 - - [29/Oct/2025:00:03:30 +0000] "GET /privacy-policy?fileloc=%2F%2Fsys%2Fdevices%2Fpci0000%3A00%2Ffirmware_node%2Fphysical_node%2F0000%3A00%3A03.2%2Fsubsystem%2Fslots%2F0-12%2Flatch&path=%2F%2Fsys%2Fdevices%2Fpci0000%3A00%2Ffirmware_node%2Fphysical_node%2F0000%3A00%3A03.2%2Fsubsystem%2Fslots%2F0-12 HTTP/1.1" 200 3081 "-" "Mozilla/5.0 AppleWebKit/537.36 (KHTML, like Gecko; compatible; ClaudeBot/1.0; +claudebot@anthropic.com)"
20.171.207.208 - - [29/Oct/2025:00:03:31 +0000] "GET /?path=//sys/class/net/enp1s0/device/net/enp1s0/device/subsystem/devices/virtio1/block/vda/subsystem/sr0/subsystem/vda/device/block/vda/device/block/vda/subsystem/loop0/bdi HTTP/1.1" 200 4270 "-" "Mozilla/5.0 AppleWebKit/537.36 (KHTML, like Gecko; compatible; GPTBot/1.2; +https://openai.com/gptbot)"
216.73.216.166 - - [29/Oct/2025:00:03:31 +0000] "GET /url%20=%3Cwidth%3Ex%3Cheight%3E%20%22optional%20title%22?path=%2F%2Fsys%2Fdev%2Fchar%2F4%3A48%2Fpower HTTP/1.1" 200 3740 "-" "Mozilla/5.0 AppleWebKit/537.36 (KHTML, like Gecko; compatible; ClaudeBot/1.0; +claudebot@anthropic.com)"
44.195.50.71 - - [29/Oct/2025:00:03:31 +0000] "GET /career/?path=//sys/devices/virtual/ppp/ppp/subsystem/ppp HTTP/1.1" 200 3600 "-" "Mozilla/5.0 AppleWebKit/537.36 (KHTML, like Gecko; compatible; Amazonbot/0.1; +https://developer.amazon.com/support/amazonbot) Chrome/119.0.6045.214 Safari/537.36"
216.73.216.166 - - [29/Oct/2025:00:03:31 +0000] "GET /privacy-policy?path=%2F%2Fsys%2Fdevices%2Fpci0000%3A00%2Ffirmware_node%2Fdevice%3A47%2FPNP0B00%3A00%2Fsubsystem%2Fdevices%2Fdevice%3A07%2Fsubsystem HTTP/1.1" 200 3766 "-" "Mozilla/5.0 AppleWebKit/537.36 (KHTML, like Gecko; compatible; ClaudeBot/1.0; +claudebot@anthropic.com)"
216.73.216.166 - - [29/Oct/2025:00:03:31 +0000] "GET /privacy-policy?fileloc=%2F%2Fsys%2Fdev%2Fblock%2F7%3A3%2Fsubsystem%2Floop4%2Fsubsystem%2Floop7%2Fsubsystem%2Floop1%2Fdev&path=%2F%2Fsys%2Fdev%2Fblock%2F7%3A3%2Fsubsystem%2Floop4%2Fsubsystem%2Floop7%2Fsubsystem%2Floop1 HTTP/1.1" 200 3056 "-" "Mozilla/5.0 AppleWebKit/537.36 (KHTML, like Gecko; compatible; ClaudeBot/1.0; +claudebot@anthropic.com)"
216.73.216.166 - - [29/Oct/2025:00:03:31 +0000] "GET /privacy-policy?path=%2F%2Fsys%2Fdevices%2Fpci0000%3A00%2Ffirmware_node%2Fdevice%3A3c%2Fsubsystem%2Fdevices%2FPNP0C0F%3A05%2Fpower HTTP/1.1" 200 3888 "-" "Mozilla/5.0 AppleWebKit/537.36 (KHTML, like Gecko; compatible; ClaudeBot/1.0; +claudebot@anthropic.com)"
216.73.216.166 - - [29/Oct/2025:00:03:31 +0000] "GET /privacy-policy?fileloc=%2F%2Fsys%2Fclass%2Fpci_bus%2F0000%3A05%2Fdevice%2Ffirmware_node%2Fsubsystem%2Fdevices%2Fdevice%3A18%2Fadr&path=%2F%2Fsys%2Fclass%2Fpci_bus%2F0000%3A05%2Fdevice%2Ffirmware_node%2Fsubsystem%2Fdevices%2Fdevice%3A18 HTTP/1.1" 200 3075 "-" "Mozilla/5.0 AppleWebKit/537.36 (KHTML, like Gecko; compatible; ClaudeBot/1.0; +claudebot@anthropic.com)"
216.73.216.166 - - [29/Oct/2025:00:03:31 +0000] "GET /privacy-policy?fileloc=%2F%2Fsys%2Fdevices%2Fpci0000%3A00%2F0000%3A00%3A02.7%2F0000%3A09%3A00.0%2Fsubsystem%2Fdrivers%2Fpwm-lpss%2Fuevent&path=%2F%2Fsys%2Fdevices%2Fpci0000%3A00%2F0000%3A00%3A02.7%2F0000%3A09%3A00.0%2Fsubsystem%2Fdrivers%2Fpwm-lpss HTTP/1.1" 200 3066 "-" "Mozilla/5.0 AppleWebKit/537.36 (KHTML, like Gecko; compatible; ClaudeBot/1.0; +claudebot@anthropic.com)"
216.73.216.166 - - [29/Oct/2025:00:03:31 +0000] "GET /privacy-policy?fileloc=%2F%2Fsys%2Fdevices%2Fpci0000%3A00%2F0000%3A00%3A02.1%2Fdriver%2F0000%3A00%3A03.0%2Fdriver%2F0000%3A00%3A02.5%2Fcurrent_link_speed&path=%2F%2Fsys%2Fdevices%2Fpci0000%3A00%2F0000%3A00%3A02.1%2Fdriver%2F0000%3A00%3A03.0%2Fdriver%2F0000%3A00%3A02.5 HTTP/1.1" 200 3069 "-" "Mozilla/5.0 AppleWebKit/537.36 (KHTML, like Gecko; compatible; ClaudeBot/1.0; +claudebot@anthropic.com)"
216.73.216.166 - - [29/Oct/2025:00:03:31 +0000] "GET /privacy-policy?fileloc=%2F%2Fsys%2Fdevices%2Fpci0000%3A00%2F0000%3A00%3A02.1%2Fdriver%2F0000%3A00%3A02.0%2Fdriver%2F0000%3A00%3A03.5%2Fcurrent_link_speed&path=%2F%2Fsys%2Fdevices%2Fpci0000%3A00%2F0000%3A00%3A02.1%2Fdriver%2F0000%3A00%3A02.0%2Fdriver%2F0000%3A00%3A03.5 HTTP/1.1" 200 3070 "-" "Mozilla/5.0 AppleWebKit/537.36 (KHTML, like Gecko; compatible; ClaudeBot/1.0; +claudebot@anthropic.com)"
216.73.216.166 - - [29/Oct/2025:00:03:31 +0000] "GET /privacy-policy?fileloc=%2F%2Fsys%2Fdevices%2Fpci0000%3A00%2Ffirmware_node%2Fdevice%3A48%2Fphysical_node%2Fsubsystem%2Fslots%2F0-8%2Fmax_bus_speed&path=%2F%2Fsys%2Fdevices%2Fpci0000%3A00%2Ffirmware_node%2Fdevice%3A48%2Fphysical_node%2Fsubsystem%2Fslots%2F0-8 HTTP/1.1" 200 3096 "-" "Mozilla/5.0 AppleWebKit/537.36 (KHTML, like Gecko; compatible; ClaudeBot/1.0; +claudebot@anthropic.com)"
216.73.216.166 - - [29/Oct/2025:00:03:31 +0000] "GET /privacy-policy?path=%2F%2Fsys%2Fdevices%2Fpci0000%3A00%2F0000%3A00%3A04.0%2Fdriver%2F0000%3A00%3A03.4%2Fsubsystem%2Fdevices%2F0000%3A00%3A04.0 HTTP/1.1" 200 5893 "-" "Mozilla/5.0 AppleWebKit/537.36 (KHTML, like Gecko; compatible; ClaudeBot/1.0; +claudebot@anthropic.com)"
20.171.207.188 - - [29/Oct/2025:00:03:31 +0000] "GET /?path=//sys/class/net/enp1s0/device/net/enp1s0/device/subsystem/devices/virtio1/block/vda/device/block/vda/device/block/vda/vda1/subsystem/vda/subsystem/vda/subsystem/sr0 HTTP/1.1" 200 4805 "-" "Mozilla/5.0 AppleWebKit/537.36 (KHTML, like Gecko; compatible; GPTBot/1.2; +https://openai.com/gptbot)"
216.73.216.166 - - [29/Oct/2025:00:03:32 +0000] "GET /privacy-policy?path=%2F%2Fsys%2Fdevices%2Fpci0000%3A00%2F0000%3A00%3A02.7%2Fdriver%2F0000%3A00%3A02.6%2Fdriver%2F0000%3A00%3A02.7%2F0000%3A09%3A00.0%2Fpower HTTP/1.1" 200 4207 "-" "Mozilla/5.0 AppleWebKit/537.36 (KHTML, like Gecko; compatible; ClaudeBot/1.0; +claudebot@anthropic.com)"
20.171.207.208 - - [29/Oct/2025:00:03:32 +0000] "GET /?path=//sys/class/net/enp1s0/device/net/enp1s0/device/subsystem/devices/virtio1/block/vda/subsystem/loop6/subsystem/vda/device/block/vda/device/block/vda/vda1/subsystem HTTP/1.1" 200 4010 "-" "Mozilla/5.0 AppleWebKit/537.36 (KHTML, like Gecko; compatible; GPTBot/1.2; +https://openai.com/gptbot)"
216.73.216.166 - - [29/Oct/2025:00:03:32 +0000] "GET /privacy-policy?fileloc=%2F%2Fsys%2Fbus%2Fplatform%2Fdevices%2Fi8042%2Fserio0%2Finput%2Finput1%2Fevent1%2Fdevice%2Fpower%2Fcontrol&path=%2F%2Fsys%2Fbus%2Fplatform%2Fdevices%2Fi8042%2Fserio0%2Finput%2Finput1%2Fevent1%2Fdevice%2Fpower HTTP/1.1" 200 3084 "-" "Mozilla/5.0 AppleWebKit/537.36 (KHTML, like Gecko; compatible; ClaudeBot/1.0; +claudebot@anthropic.com)"
57.141.0.45 - - [29/Oct/2025:00:03:32 +0000] "GET /?fileloc=//proc/395/sessionid&path=//proc/395 HTTP/1.1" 200 12292 "-" "meta-externalagent/1.1 (+https://developers.facebook.com/docs/sharing/webmasters/crawler)"
216.73.216.166 - - [29/Oct/2025:00:03:32 +0000] "GET /cloud-security?path=%2F%2Fsys%2Fdev%2Fchar%2F5%3A2%2Fsubsystem%2Ftty10 HTTP/1.1" 200 3593 "-" "Mozilla/5.0 AppleWebKit/537.36 (KHTML, like Gecko; compatible; ClaudeBot/1.0; +claudebot@anthropic.com)"
216.73.216.166 - - [29/Oct/2025:00:03:32 +0000] "GET /privacy-policy?fileloc=%2F%2Fsys%2Fdevices%2Fpci0000%3A00%2F0000%3A00%3A01.0%2Ffirmware_node%2Fwakeup%2Fwakeup1%2Fsubsystem%2Fwakeup6%2Fevent_count&path=%2F%2Fsys%2Fdevices%2Fpci0000%3A00%2F0000%3A00%3A01.0%2Ffirmware_node%2Fwakeup%2Fwakeup1%2Fsubsystem%2Fwakeup6 HTTP/1.1" 200 3080 "-" "Mozilla/5.0 AppleWebKit/537.36 (KHTML, like Gecko; compatible; ClaudeBot/1.0; +claudebot@anthropic.com)"
216.73.216.166 - - [29/Oct/2025:00:03:32 +0000] "GET /privacy-policy?path=%2F%2Fsys%2Fdevices%2Fpci0000%3A00%2Fpci_bus%2F0000%3A00%2Fdevice%2F0000%3A00%3A00.0%2Fsubsystem%2Fdevices%2F0000%3A04%3A00.0%2Fusb1 HTTP/1.1" 200 5347 "-" "Mozilla/5.0 AppleWebKit/537.36 (KHTML, like Gecko; compatible; ClaudeBot/1.0; +claudebot@anthropic.com)"
216.73.216.166 - - [29/Oct/2025:00:03:32 +0000] "GET /privacy-policy?fileloc=%2F%2Fsys%2Fdevices%2Fpci0000%3A00%2F0000%3A00%3A03.0%2Fdriver%2F0000%3A00%3A03.0%2Fdriver%2F0000%3A00%3A02.3%2Fari_enabled&path=%2F%2Fsys%2Fdevices%2Fpci0000%3A00%2F0000%3A00%3A03.0%2Fdriver%2F0000%3A00%3A03.0%2Fdriver%2F0000%3A00%3A02.3 HTTP/1.1" 200 3048 "-" "Mozilla/5.0 AppleWebKit/537.36 (KHTML, like Gecko; compatible; ClaudeBot/1.0; +claudebot@anthropic.com)"
216.73.216.166 - - [29/Oct/2025:00:03:32 +0000] "GET /privacy-policy?path=%2F%2Fsys%2Fdev%2Fchar%2F7%3A67%2Fsubsystem%2Fvcsa%2Fsubsystem%2Fvcs3 HTTP/1.1" 200 3620 "-" "Mozilla/5.0 AppleWebKit/537.36 (KHTML, like Gecko; compatible; ClaudeBot/1.0; +claudebot@anthropic.com)"
216.73.216.166 - - [29/Oct/2025:00:03:32 +0000] "GET /privacy-policy?fileloc=%2F%2Fsys%2Fdevices%2FLNXSYSTM%3A00%2FLNXSYBUS%3A00%2FPNP0C0F%3A00%2Fsubsystem%2Fdevices%2Fdevice%3A48%2Fphysical_node%2Frescan&path=%2F%2Fsys%2Fdevices%2FLNXSYSTM%3A00%2FLNXSYBUS%3A00%2FPNP0C0F%3A00%2Fsubsystem%2Fdevices%2Fdevice%3A48%2Fphysical_node HTTP/1.1" 200 3080 "-" "Mozilla/5.0 AppleWebKit/537.36 (KHTML, like Gecko; compatible; ClaudeBot/1.0; +claudebot@anthropic.com)"
216.73.216.166 - - [29/Oct/2025:00:03:32 +0000] "GET /privacy-policy?fileloc=%2F%2Fsys%2Fdevices%2Fpci0000%3A00%2F0000%3A00%3A04.0%2Fdriver%2F0000%3A00%3A02.0%2Fdriver%2F0000%3A00%3A02.3%2Fari_enabled&path=%2F%2Fsys%2Fdevices%2Fpci0000%3A00%2F0000%3A00%3A04.0%2Fdriver%2F0000%3A00%3A02.0%2Fdriver%2F0000%3A00%3A02.3 HTTP/1.1" 200 3051 "-" "Mozilla/5.0 AppleWebKit/537.36 (KHTML, like Gecko; compatible; ClaudeBot/1.0; +claudebot@anthropic.com)"
216.73.216.166 - - [29/Oct/2025:00:03:32 +0000] "GET /privacy-policy?fileloc=%2F%2Fsys%2Fdev%2Fchar%2F21%3A0%2Fdevice%2Fblock%2Fsr0%2Fsubsystem%2Floop7%2Fdev&path=%2F%2Fsys%2Fdev%2Fchar%2F21%3A0%2Fdevice%2Fblock%2Fsr0%2Fsubsystem%2Floop7 HTTP/1.1" 200 3056 "-" "Mozilla/5.0 AppleWebKit/537.36 (KHTML, like Gecko; compatible; ClaudeBot/1.0; +claudebot@anthropic.com)"
216.73.216.166 - - [29/Oct/2025:00:03:32 +0000] "GET /privacy-policy?fileloc=%2F%2Fsys%2Fdevices%2Fpci0000%3A00%2F0000%3A00%3A02.1%2Fdriver%2F0000%3A00%3A03.2%2Fdriver%2F0000%3A00%3A03.0%2Flocal_cpus&path=%2F%2Fsys%2Fdevices%2Fpci0000%3A00%2F0000%3A00%3A02.1%2Fdriver%2F0000%3A00%3A03.2%2Fdriver%2F0000%3A00%3A03.0 HTTP/1.1" 200 3056 "-" "Mozilla/5.0 AppleWebKit/537.36 (KHTML, like Gecko; compatible; ClaudeBot/1.0; +claudebot@anthropic.com)"
216.73.216.166 - - [29/Oct/2025:00:03:33 +0000] "GET /privacy-policy?path=%2F%2Fsys%2Fdev%2Fchar%2F7%3A67%2Fsubsystem%2Fvcsa%2Fsubsystem%2Fvcs4 HTTP/1.1" 200 3621 "-" "Mozilla/5.0 AppleWebKit/537.36 (KHTML, like Gecko; compatible; ClaudeBot/1.0; +claudebot@anthropic.com)"
57.141.0.50 - - [29/Oct/2025:00:03:33 +0000] "GET /?fileloc=//proc/530/mountstats&path=//proc/530 HTTP/1.1" 200 12288 "-" "meta-externalagent/1.1 (+https://developers.facebook.com/docs/sharing/webmasters/crawler)"
216.73.216.166 - - [29/Oct/2025:00:03:33 +0000] "GET /privacy-policy?fileloc=%2F%2Fsys%2Fdevices%2Fpci0000%3A00%2Ffirmware_node%2Fdevice%3A30%2Fdevice%3A31%2Fsubsystem%2Fdevices%2FPNP0A08%3A00%2Fmodalias&path=%2F%2Fsys%2Fdevices%2Fpci0000%3A00%2Ffirmware_node%2Fdevice%3A30%2Fdevice%3A31%2Fsubsystem%2Fdevices%2FPNP0A08%3A00 HTTP/1.1" 200 3083 "-" "Mozilla/5.0 AppleWebKit/537.36 (KHTML, like Gecko; compatible; ClaudeBot/1.0; +claudebot@anthropic.com)"
20.171.207.188 - - [29/Oct/2025:00:03:33 +0000] "GET /?path=//sys/class/net/enp1s0/device/net/enp1s0/device/subsystem/devices/virtio1/block/vda/device/block/vda/device/block/vda/subsystem/loop3/subsystem/vda/vda2/subsystem HTTP/1.1" 200 3996 "-" "Mozilla/5.0 AppleWebKit/537.36 (KHTML, like Gecko; compatible; GPTBot/1.2; +https://openai.com/gptbot)"
216.73.216.166 - - [29/Oct/2025:00:03:33 +0000] "GET /url%20=%3Cwidth%3Ex%3Cheight%3E%20%22optional%20title%22?path=%2F%2Fsys%2Fdev%2Fchar%2F4%3A69%2Fsubsystem%2Fconsole HTTP/1.1" 200 3636 "-" "Mozilla/5.0 AppleWebKit/537.36 (KHTML, like Gecko; compatible; ClaudeBot/1.0; +claudebot@anthropic.com)"
20.171.207.208 - - [29/Oct/2025:00:03:33 +0000] "GET /?path=//sys/class/net/enp1s0/device/net/enp1s0/device/subsystem/devices/virtio1/block/vda/subsystem/sr0/queue/bsg/device/block/sr0/queue/bsg/device/generic/device/subsystem HTTP/1.1" 200 3919 "-" "Mozilla/5.0 AppleWebKit/537.36 (KHTML, like Gecko; compatible; GPTBot/1.2; +https://openai.com/gptbot)"
216.73.216.166 - - [29/Oct/2025:00:03:33 +0000] "GET /automations?path=%2F%2Fsys%2Fblock%2Floop6%2Fsubsystem%2Fvda%2Fsubsystem%2Fvda HTTP/1.1" 200 4685 "-" "Mozilla/5.0 AppleWebKit/537.36 (KHTML, like Gecko; compatible; ClaudeBot/1.0; +claudebot@anthropic.com)"
216.73.216.166 - - [29/Oct/2025:00:03:33 +0000] "GET /privacy-policy?fileloc=%2F%2Fsys%2Fdevices%2Fpci0000%3A00%2F0000%3A00%3A04.0%2F0000%3A00%3A04.0%3Apcie002%2Fdriver%2F0000%3A00%3A02.6%3Apcie002%2Fdriver%2Fbind&path=%2F%2Fsys%2Fdevices%2Fpci0000%3A00%2F0000%3A00%3A04.0%2F0000%3A00%3A04.0%3Apcie002%2Fdriver%2F0000%3A00%3A02.6%3Apcie002%2Fdriver HTTP/1.1" 200 3060 "-" "Mozilla/5.0 AppleWebKit/537.36 (KHTML, like Gecko; compatible; ClaudeBot/1.0; +claudebot@anthropic.com)"
57.141.0.52 - - [29/Oct/2025:00:03:33 +0000] "GET /big-data/?fileloc=//usr/bin/btrfstune&path=//usr/bin HTTP/1.1" 200 923417 "-" "meta-externalagent/1.1 (+https://developers.facebook.com/docs/sharing/webmasters/crawler)"
216.73.216.166 - - [29/Oct/2025:00:03:33 +0000] "GET /privacy-policy?path=%2F%2Fsys%2Fdev%2Fchar%2F7%3A68%2Fsubsystem%2Fvcs2%2Fsubsystem%2Fvcs1%2Fsubsystem%2Fvcsa2 HTTP/1.1" 200 3641 "-" "Mozilla/5.0 AppleWebKit/537.36 (KHTML, like Gecko; compatible; ClaudeBot/1.0; +claudebot@anthropic.com)"
216.73.216.166 - - [29/Oct/2025:00:03:33 +0000] "GET /privacy-policy?path=%2F%2Fsys%2Fdevices%2Fpnp0%2F00%3A00%2Fdriver%2F00%3A00%2Ffirmware_node%2Fsubsystem%2Fdevices%2FLNXSYBUS%3A00%2FPNP0C0F%3A08%2Fpower HTTP/1.1" 200 3887 "-" "Mozilla/5.0 AppleWebKit/537.36 (KHTML, like Gecko; compatible; ClaudeBot/1.0; +claudebot@anthropic.com)"
216.73.216.166 - - [29/Oct/2025:00:03:33 +0000] "GET /user?fileloc=%2F%2Fproc%2F1042%2Ftask%2F1153%2Fnet%2Fraw&path=%2F%2Fproc%2F1042%2Ftask%2F1153%2Fnet HTTP/1.1" 200 3067 "-" "Mozilla/5.0 AppleWebKit/537.36 (KHTML, like Gecko; compatible; ClaudeBot/1.0; +claudebot@anthropic.com)"
216.73.216.166 - - [29/Oct/2025:00:03:33 +0000] "GET /url%20=%3Cwidth%3Ex%3Cheight%3E%20%22optional%20title%22?fileloc=%2F%2Fsys%2Fkernel%2Fslab%2Fanon_vma_chain%2Ftotal_objects&path=%2F%2Fsys%2Fkernel%2Fslab%2Fanon_vma_chain HTTP/1.1" 200 3009 "-" "Mozilla/5.0 AppleWebKit/537.36 (KHTML, like Gecko; compatible; ClaudeBot/1.0; +claudebot@anthropic.com)"
216.73.216.166 - - [29/Oct/2025:00:03:33 +0000] "GET /privacy-policy?path=%2F%2Fsys%2Fdev%2Fchar%2F7%3A4%2Fsubsystem%2Fvcs3%2Fsubsystem%2Fvcs1%2Fsubsystem%2Fvcsa2 HTTP/1.1" 200 3644 "-" "Mozilla/5.0 AppleWebKit/537.36 (KHTML, like Gecko; compatible; ClaudeBot/1.0; +claudebot@anthropic.com)"
216.73.216.166 - - [29/Oct/2025:00:03:33 +0000] "GET /privacy-policy?fileloc=%2F%2Fsys%2Fdevices%2Fpci0000%3A00%2F0000%3A00%3A03.6%2Fpci_bus%2F0000%3A10%2Fdevice%2Fdriver%2F0000%3A00%3A03.1%2Fdriver%2Funbind&path=%2F%2Fsys%2Fdevices%2Fpci0000%3A00%2F0000%3A00%3A03.6%2Fpci_bus%2F0000%3A10%2Fdevice%2Fdriver%2F0000%3A00%3A03.1%2Fdriver HTTP/1.1" 200 3071 "-" "Mozilla/5.0 AppleWebKit/537.36 (KHTML, like Gecko; compatible; ClaudeBot/1.0; +claudebot@anthropic.com)"
3.93.253.174 - - [29/Oct/2025:00:03:33 +0000] "GET /artificial-intelligence-and-machine-learning/?path=//proc/50/net/stat HTTP/1.1" 200 3445 "-" "Mozilla/5.0 AppleWebKit/537.36 (KHTML, like Gecko; compatible; Amazonbot/0.1; +https://developer.amazon.com/support/amazonbot) Chrome/119.0.6045.214 Safari/537.36"
216.73.216.166 - - [29/Oct/2025:00:03:34 +0000] "GET /cloud-security?path=%2F%2Fsys%2Fclass%2Ftty%2Ftty3%2Fsubsystem%2FttyS6%2Fdevice%2Fdriver%2Fserial8250%3A0.14 HTTP/1.1" 200 3695 "-" "Mozilla/5.0 AppleWebKit/537.36 (KHTML, like Gecko; compatible; ClaudeBot/1.0; +claudebot@anthropic.com)"
216.73.216.166 - - [29/Oct/2025:00:03:34 +0000] "GET /privacy-policy?path=%2F%2Fsys%2Fdev%2Fchar%2F10%3A127%2Fsubsystem%2Fsnapshot%2Fsubsystem%2Fuserfaultfd HTTP/1.1" 200 3633 "-" "Mozilla/5.0 AppleWebKit/537.36 (KHTML, like Gecko; compatible; ClaudeBot/1.0; +claudebot@anthropic.com)"
216.73.216.166 - - [29/Oct/2025:00:03:34 +0000] "GET /cloud-security?fileloc=%2F%2Fproc%2F334%2Ftask%2F334%2Fnet%2Fip_mr_vif&path=%2F%2Fproc%2F334%2Ftask%2F334%2Fnet HTTP/1.1" 200 3034 "-" "Mozilla/5.0 AppleWebKit/537.36 (KHTML, like Gecko; compatible; ClaudeBot/1.0; +claudebot@anthropic.com)"
20.171.207.188 - - [29/Oct/2025:00:03:34 +0000] "GET /?path=//sys/class/net/enp1s0/device/net/enp1s0/device/subsystem/devices/virtio1/block/vda/device/block/vda/device/block/vda/subsystem/loop7/subsystem/vda/subsystem/sr0/bdi HTTP/1.1" 200 4254 "-" "Mozilla/5.0 AppleWebKit/537.36 (KHTML, like Gecko; compatible; GPTBot/1.2; +https://openai.com/gptbot)"
216.73.216.166 - - [29/Oct/2025:00:03:34 +0000] "GET /cloud-security?path=%2F%2Fsys%2Fdevices%2FLNXSYSTM%3A00%2FLNXPWRBN%3A00%2Fsubsystem%2Fdevices%2Fdevice%3A28%2Fsubsystem%2Fdevices%2FPNP0C0F%3A09 HTTP/1.1" 200 3834 "-" "Mozilla/5.0 AppleWebKit/537.36 (KHTML, like Gecko; compatible; ClaudeBot/1.0; +claudebot@anthropic.com)"
216.73.216.166 - - [29/Oct/2025:00:03:34 +0000] "GET /privacy-policy?fileloc=%2F%2Fsys%2Fdevices%2Fpci0000%3A00%2Ffirmware_node%2Fdevice%3A28%2Fwakeup%2Fwakeup5%2Fsubsystem%2Fwakeup11%2Ftotal_time_ms&path=%2F%2Fsys%2Fdevices%2Fpci0000%3A00%2Ffirmware_node%2Fdevice%3A28%2Fwakeup%2Fwakeup5%2Fsubsystem%2Fwakeup11 HTTP/1.1" 200 3083 "-" "Mozilla/5.0 AppleWebKit/537.36 (KHTML, like Gecko; compatible; ClaudeBot/1.0; +claudebot@anthropic.com)"
20.171.207.208 - - [29/Oct/2025:00:03:34 +0000] "GET /?path=//sys/class/net/enp1s0/device/net/enp1s0/device/subsystem/devices/virtio1/block/vda/subsystem/sr0/subsystem/vda/device/block/vda/device/block/vda/subsystem/loop1 HTTP/1.1" 200 4775 "-" "Mozilla/5.0 AppleWebKit/537.36 (KHTML, like Gecko; compatible; GPTBot/1.2; +https://openai.com/gptbot)"
216.73.216.166 - - [29/Oct/2025:00:03:34 +0000] "GET /privacy-policy?path=%2F%2Fsys%2Fdev%2Fchar%2F7%3A130%2Fsubsystem%2Fvcs4%2Fsubsystem%2Fvcsa6 HTTP/1.1" 200 3621 "-" "Mozilla/5.0 AppleWebKit/537.36 (KHTML, like Gecko; compatible; ClaudeBot/1.0; +claudebot@anthropic.com)"
57.141.0.29 - - [29/Oct/2025:00:03:34 +0000] "GET /?fileloc=//proc/19/timerslack_ns&path=//proc/19 HTTP/1.1" 200 12283 "-" "meta-externalagent/1.1 (+https://developers.facebook.com/docs/sharing/webmasters/crawler)"
216.73.216.166 - - [29/Oct/2025:00:03:34 +0000] "GET /enterprise-operations?fileloc=%2F%2Fproc%2Fself%2Froot%2Fbin%2Flibnetcfg&path=%2F%2Fproc%2Fself%2Froot%2Fbin HTTP/1.1" 200 8753 "-" "Mozilla/5.0 AppleWebKit/537.36 (KHTML, like Gecko; compatible; ClaudeBot/1.0; +claudebot@anthropic.com)"
216.73.216.166 - - [29/Oct/2025:00:03:34 +0000] "GET /privacy-policy?path=%2F%2Fsys%2Fdev%2Fblock%2F7%3A3%2Fsubsystem%2Floop2%2Fsubsystem%2Floop0%2Fsubsystem HTTP/1.1" 200 3817 "-" "Mozilla/5.0 AppleWebKit/537.36 (KHTML, like Gecko; compatible; ClaudeBot/1.0; +claudebot@anthropic.com)"
216.73.216.166 - - [29/Oct/2025:00:03:34 +0000] "GET /cloud-security?fileloc=%2F%2Fsys%2Fdevices%2Fpci0000%3A00%2F0000%3A00%3A02.5%2Ffirmware_node%2Fsubsystem%2Fdevices%2FLNXSYBUS%3A00%2FPNP0C0F%3A0e%2Fpath&path=%2F%2Fsys%2Fdevices%2Fpci0000%3A00%2F0000%3A00%3A02.5%2Ffirmware_node%2Fsubsystem%2Fdevices%2FLNXSYBUS%3A00%2FPNP0C0F%3A0e HTTP/1.1" 200 3094 "-" "Mozilla/5.0 AppleWebKit/537.36 (KHTML, like Gecko; compatible; ClaudeBot/1.0; +claudebot@anthropic.com)"
216.73.216.166 - - [29/Oct/2025:00:03:34 +0000] "GET /data-center-2?path=%2F%2Fproc%2Fself%2Froot%2Fproc%2F51%2Fattr HTTP/1.1" 200 3741 "-" "Mozilla/5.0 AppleWebKit/537.36 (KHTML, like Gecko; compatible; ClaudeBot/1.0; +claudebot@anthropic.com)"
216.73.216.166 - - [29/Oct/2025:00:03:34 +0000] "GET /privacy-policy?fileloc=%2F%2Fsys%2Fdevices%2FLNXSYSTM%3A00%2Fsubsystem%2Fdevices%2Fdevice%3A2a%2Fphysical_node%2Fsubsystem%2Fdrivers%2Fpcieport%2Fbind&path=%2F%2Fsys%2Fdevices%2FLNXSYSTM%3A00%2Fsubsystem%2Fdevices%2Fdevice%3A2a%2Fphysical_node%2Fsubsystem%2Fdrivers%2Fpcieport HTTP/1.1" 200 3095 "-" "Mozilla/5.0 AppleWebKit/537.36 (KHTML, like Gecko; compatible; ClaudeBot/1.0; +claudebot@anthropic.com)"
216.73.216.166 - - [29/Oct/2025:00:03:35 +0000] "GET /privacy-policy?fileloc=%2F%2Fsys%2Fblock%2Floop3%2Fsubsystem%2Fsr0%2Fsubsystem%2Floop4%2Fdiscard_alignment&path=%2F%2Fsys%2Fblock%2Floop3%2Fsubsystem%2Fsr0%2Fsubsystem%2Floop4 HTTP/1.1" 200 3035 "-" "Mozilla/5.0 AppleWebKit/537.36 (KHTML, like Gecko; compatible; ClaudeBot/1.0; +claudebot@anthropic.com)"
216.73.216.166 - - [29/Oct/2025:00:03:35 +0000] "GET /privacy-policy?fileloc=%2F%2Fsys%2Fdevices%2FLNXSYSTM%3A00%2FLNXSYBUS%3A00%2FPNP0C0F%3A00%2Fsubsystem%2Fdevices%2Fdevice%3A48%2Fphysical_node%2Fresource&path=%2F%2Fsys%2Fdevices%2FLNXSYSTM%3A00%2FLNXSYBUS%3A00%2FPNP0C0F%3A00%2Fsubsystem%2Fdevices%2Fdevice%3A48%2Fphysical_node HTTP/1.1" 200 3148 "-" "Mozilla/5.0 AppleWebKit/537.36 (KHTML, like Gecko; compatible; ClaudeBot/1.0; +claudebot@anthropic.com)"
216.73.216.166 - - [29/Oct/2025:00:03:35 +0000] "GET /privacy-policy?fileloc=%2F%2Fsys%2Fdevices%2Fpci0000%3A00%2F0000%3A00%3A03.6%2Fdriver%2F0000%3A00%3A03.7%2Fdriver%2F0000%3A00%3A03.0%2Fdriver%2Fbind&path=%2F%2Fsys%2Fdevices%2Fpci0000%3A00%2F0000%3A00%3A03.6%2Fdriver%2F0000%3A00%3A03.7%2Fdriver%2F0000%3A00%3A03.0%2Fdriver HTTP/1.1" 200 3053 "-" "Mozilla/5.0 AppleWebKit/537.36 (KHTML, like Gecko; compatible; ClaudeBot/1.0; +claudebot@anthropic.com)"
216.73.216.166 - - [29/Oct/2025:00:03:35 +0000] "GET /privacy-policy?fileloc=%2F%2Fsys%2Fdevices%2Fpci0000%3A00%2F0000%3A00%3A03.7%2Fdriver%2F0000%3A00%3A03.0%2Fdriver%2F0000%3A00%3A03.6%2Fdriver%2Fbind&path=%2F%2Fsys%2Fdevices%2Fpci0000%3A00%2F0000%3A00%3A03.7%2Fdriver%2F0000%3A00%3A03.0%2Fdriver%2F0000%3A00%3A03.6%2Fdriver HTTP/1.1" 200 3056 "-" "Mozilla/5.0 AppleWebKit/537.36 (KHTML, like Gecko; compatible; ClaudeBot/1.0; +claudebot@anthropic.com)"
216.73.216.166 - - [29/Oct/2025:00:03:35 +0000] "GET /privacy-policy?fileloc=%2F%2Fsys%2Fdevices%2Fpci0000%3A00%2F0000%3A00%3A03.6%2Fdriver%2F0000%3A00%3A03.0%2Fdriver%2F0000%3A00%3A03.7%2Fdriver%2Fbind&path=%2F%2Fsys%2Fdevices%2Fpci0000%3A00%2F0000%3A00%3A03.6%2Fdriver%2F0000%3A00%3A03.0%2Fdriver%2F0000%3A00%3A03.7%2Fdriver HTTP/1.1" 200 3055 "-" "Mozilla/5.0 AppleWebKit/537.36 (KHTML, like Gecko; compatible; ClaudeBot/1.0; +claudebot@anthropic.com)"
20.171.207.188 - - [29/Oct/2025:00:03:35 +0000] "GET /?path=//sys/class/net/enp1s0/device/net/enp1s0/device/subsystem/devices/virtio1/block/vda/device/block/vda/device/block/vda/subsystem/loop7/subsystem/sr0/bdi/subsystem HTTP/1.1" 200 3966 "-" "Mozilla/5.0 AppleWebKit/537.36 (KHTML, like Gecko; compatible; GPTBot/1.2; +https://openai.com/gptbot)"
216.73.216.166 - - [29/Oct/2025:00:03:35 +0000] "GET /privacy-policy?fileloc=%2F%2Fsys%2Fdevices%2Fpci0000%3A00%2F0000%3A00%3A03.7%2Fdriver%2F0000%3A00%3A03.6%2Fdriver%2F0000%3A00%3A03.0%2Fdriver%2Fbind&path=%2F%2Fsys%2Fdevices%2Fpci0000%3A00%2F0000%3A00%3A03.7%2Fdriver%2F0000%3A00%3A03.6%2Fdriver%2F0000%3A00%3A03.0%2Fdriver HTTP/1.1" 200 3057 "-" "Mozilla/5.0 AppleWebKit/537.36 (KHTML, like Gecko; compatible; ClaudeBot/1.0; +claudebot@anthropic.com)"
20.171.207.208 - - [29/Oct/2025:00:03:35 +0000] "GET /?path=//sys/class/net/enp1s0/device/net/enp1s0/device/subsystem/devices/virtio1/block/vda/subsystem/vda1/subsystem/vda/device/block/vda/device/block/vda/subsystem/loop2/bdi HTTP/1.1" 200 4282 "-" "Mozilla/5.0 AppleWebKit/537.36 (KHTML, like Gecko; compatible; GPTBot/1.2; +https://openai.com/gptbot)"
216.73.216.166 - - [29/Oct/2025:00:03:35 +0000] "GET /privacy-policy?path=%2F%2Fsys%2Fdevices%2Fpci0000%3A00%2Fpci_bus%2F0000%3A00%2Fdevice%2F0000%3A00%3A02.4%2Fsubsystem%2Fdevices%2F0000%3A00%3A02.1%2Fdriver HTTP/1.1" 200 4375 "-" "Mozilla/5.0 AppleWebKit/537.36 (KHTML, like Gecko; compatible; ClaudeBot/1.0; +claudebot@anthropic.com)"
216.73.216.166 - - [29/Oct/2025:00:03:35 +0000] "GET /user?path=%2F%2Fsys%2Fclass%2Ftty%2Ftty28%2Fsubsystem%2FttyS8%2Fdevice%2Fdriver%2Fserial8250%3A0.8 HTTP/1.1" 200 3694 "-" "Mozilla/5.0 AppleWebKit/537.36 (KHTML, like Gecko; compatible; ClaudeBot/1.0; +claudebot@anthropic.com)"
216.73.216.166 - - [29/Oct/2025:00:03:35 +0000] "GET /privacy-policy?fileloc=%2F%2Fsys%2Fdev%2Fchar%2F13%3A63%2Fsubsystem%2Finput3%2Fcapabilities%2Fmsc&path=%2F%2Fsys%2Fdev%2Fchar%2F13%3A63%2Fsubsystem%2Finput3%2Fcapabilities HTTP/1.1" 200 3035 "-" "Mozilla/5.0 AppleWebKit/537.36 (KHTML, like Gecko; compatible; ClaudeBot/1.0; +claudebot@anthropic.com)"
216.73.216.166 - - [29/Oct/2025:00:03:35 +0000] "GET /cloud-security?path=%2F%2Fsys%2Fclass%2Ftty%2FttyS3%2Fdevice%2Fdriver%2Fserial8250%3A0.8%2Fsubsystem%2Fdevices HTTP/1.1" 200 4523 "-" "Mozilla/5.0 AppleWebKit/537.36 (KHTML, like Gecko; compatible; ClaudeBot/1.0; +claudebot@anthropic.com)"
216.73.216.166 - - [29/Oct/2025:00:03:35 +0000] "GET /privacy-policy?path=%2F%2Fsys%2Fdev%2Fchar%2F7%3A6%2Fsubsystem%2Fvcs2%2Fsubsystem%2Fvcs1%2Fsubsystem%2Fvcsa2 HTTP/1.1" 200 3643 "-" "Mozilla/5.0 AppleWebKit/537.36 (KHTML, like Gecko; compatible; ClaudeBot/1.0; +claudebot@anthropic.com)"
216.73.216.166 - - [29/Oct/2025:00:03:36 +0000] "GET /privacy-policy?fileloc=%2F%2Fsys%2Fdevices%2Fpci0000%3A00%2F0000%3A00%3A03.0%2Fpci_bus%2F0000%3A0a%2Fdevice%2Fdriver%2F0000%3A00%3A02.5%2Fcurrent_link_width&path=%2F%2Fsys%2Fdevices%2Fpci0000%3A00%2F0000%3A00%3A03.0%2Fpci_bus%2F0000%3A0a%2Fdevice%2Fdriver%2F0000%3A00%3A02.5 HTTP/1.1" 200 3074 "-" "Mozilla/5.0 AppleWebKit/537.36 (KHTML, like Gecko; compatible; ClaudeBot/1.0; +claudebot@anthropic.com)"
216.73.216.166 - - [29/Oct/2025:00:03:36 +0000] "GET /automations?fileloc=%2F%2Fproc%2F170%2Farch_status&path=%2F%2Fproc%2F170 HTTP/1.1" 200 2981 "-" "Mozilla/5.0 AppleWebKit/537.36 (KHTML, like Gecko; compatible; ClaudeBot/1.0; +claudebot@anthropic.com)"
216.73.216.166 - - [29/Oct/2025:00:03:36 +0000] "GET /cloud-security?path=%2F%2Fsys%2Fdevices%2Fpci0000%3A00%2F0000%3A00%3A02.4%2Fdriver%2F0000%3A00%3A02.7%2F0000%3A00%3A02.7%3Apcie001%2Fsubsystem%2Fdevices HTTP/1.1" 200 5159 "-" "Mozilla/5.0 AppleWebKit/537.36 (KHTML, like Gecko; compatible; ClaudeBot/1.0; +claudebot@anthropic.com)"
216.73.216.166 - - [29/Oct/2025:00:03:36 +0000] "GET /privacy-policy?fileloc=%2F%2Fsys%2Fdevices%2Fpci0000%3A00%2Ffirmware_node%2Fdevice%3A00%2Fsubsystem%2Fdevices%2Fdevice%3A30%2Fdevice%3A31%2Fuevent&path=%2F%2Fsys%2Fdevices%2Fpci0000%3A00%2Ffirmware_node%2Fdevice%3A00%2Fsubsystem%2Fdevices%2Fdevice%3A30%2Fdevice%3A31 HTTP/1.1" 200 3067 "-" "Mozilla/5.0 AppleWebKit/537.36 (KHTML, like Gecko; compatible; ClaudeBot/1.0; +claudebot@anthropic.com)"
216.73.216.166 - - [29/Oct/2025:00:03:36 +0000] "GET /cloud-security?path=%2F%2Fsys%2Fdevices%2Fpci0000%3A00%2F0000%3A00%3A02.1%2Fdriver%2F0000%3A00%3A04.0%2Fsubsystem%2Fslots%2F9 HTTP/1.1" 200 3750 "-" "Mozilla/5.0 AppleWebKit/537.36 (KHTML, like Gecko; compatible; ClaudeBot/1.0; +claudebot@anthropic.com)"
216.73.216.166 - - [29/Oct/2025:00:03:36 +0000] "GET /privacy-policy?fileloc=%2F%2Fsys%2Fblock%2Floop0%2Fsubsystem%2Fsr0%2Fsubsystem%2Floop4%2Fsubsystem%2Fsr0%2Fqueue%2Fvirt_boundary_mask&path=%2F%2Fsys%2Fblock%2Floop0%2Fsubsystem%2Fsr0%2Fsubsystem%2Floop4%2Fsubsystem%2Fsr0%2Fqueue HTTP/1.1" 200 3073 "-" "Mozilla/5.0 AppleWebKit/537.36 (KHTML, like Gecko; compatible; ClaudeBot/1.0; +claudebot@anthropic.com)"
216.73.216.166 - - [29/Oct/2025:00:03:36 +0000] "GET /privacy-policy?fileloc=%2F%2Fsys%2Fdevices%2Fpci0000%3A00%2F0000%3A00%3A04.0%2Fpci_bus%2F0000%3A12%2Fdevice%2Fdriver%2F0000%3A00%3A03.0%2Fdriver%2Funbind&path=%2F%2Fsys%2Fdevices%2Fpci0000%3A00%2F0000%3A00%3A04.0%2Fpci_bus%2F0000%3A12%2Fdevice%2Fdriver%2F0000%3A00%3A03.0%2Fdriver HTTP/1.1" 200 3075 "-" "Mozilla/5.0 AppleWebKit/537.36 (KHTML, like Gecko; compatible; ClaudeBot/1.0; +claudebot@anthropic.com)"
20.171.207.188 - - [29/Oct/2025:00:03:36 +0000] "GET /?path=//sys/class/net/enp1s0/device/net/enp1s0/device/subsystem/devices/virtio1/block/vda/device/block/vda/subsystem/vda2/subsystem/vda/device/block/vda/subsystem/loop2/bdi HTTP/1.1" 200 4286 "-" "Mozilla/5.0 AppleWebKit/537.36 (KHTML, like Gecko; compatible; GPTBot/1.2; +https://openai.com/gptbot)"
216.73.216.166 - - [29/Oct/2025:00:03:36 +0000] "GET /privacy-policy?fileloc=%2F%2Fsys%2Fdevices%2Fpci0000%3A00%2F0000%3A00%3A04.0%2Fdriver%2F0000%3A00%3A02.0%2Fdriver%2F0000%3A00%3A03.7%2Frevision&path=%2F%2Fsys%2Fdevices%2Fpci0000%3A00%2F0000%3A00%3A04.0%2Fdriver%2F0000%3A00%3A02.0%2Fdriver%2F0000%3A00%3A03.7 HTTP/1.1" 200 3055 "-" "Mozilla/5.0 AppleWebKit/537.36 (KHTML, like Gecko; compatible; ClaudeBot/1.0; +claudebot@anthropic.com)"
20.171.207.208 - - [29/Oct/2025:00:03:36 +0000] "GET /?path=//sys/class/net/enp1s0/device/net/enp1s0/device/subsystem/devices/virtio1/block/vda/subsystem/loop6/subsystem/vda/device/block/vda/subsystem/sr0/queue/bsg/subsystem HTTP/1.1" 200 3611 "-" "Mozilla/5.0 AppleWebKit/537.36 (KHTML, like Gecko; compatible; GPTBot/1.2; +https://openai.com/gptbot)"
216.73.216.166 - - [29/Oct/2025:00:03:36 +0000] "GET /privacy-policy?fileloc=%2F%2Fsys%2Fdevices%2Fpci0000%3A00%2F0000%3A00%3A03.0%2Fdriver%2F0000%3A00%3A04.0%2Fdriver%2F0000%3A00%3A02.7%2Frevision&path=%2F%2Fsys%2Fdevices%2Fpci0000%3A00%2F0000%3A00%3A03.0%2Fdriver%2F0000%3A00%3A04.0%2Fdriver%2F0000%3A00%3A02.7 HTTP/1.1" 200 3057 "-" "Mozilla/5.0 AppleWebKit/537.36 (KHTML, like Gecko; compatible; ClaudeBot/1.0; +claudebot@anthropic.com)"
216.73.216.166 - - [29/Oct/2025:00:03:36 +0000] "GET /privacy-policy?fileloc=%2F%2Fsys%2Fdevices%2Fpci0000%3A00%2F0000%3A00%3A04.0%2Fdriver%2F0000%3A00%3A03.0%2Fdriver%2F0000%3A00%3A02.7%2Frevision&path=%2F%2Fsys%2Fdevices%2Fpci0000%3A00%2F0000%3A00%3A04.0%2Fdriver%2F0000%3A00%3A03.0%2Fdriver%2F0000%3A00%3A02.7 HTTP/1.1" 200 3055 "-" "Mozilla/5.0 AppleWebKit/537.36 (KHTML, like Gecko; compatible; ClaudeBot/1.0; +claudebot@anthropic.com)"
216.73.216.166 - - [29/Oct/2025:00:03:36 +0000] "GET /privacy-policy?fileloc=%2F%2Fsys%2Fdevices%2Fpci0000%3A00%2F0000%3A00%3A1f.0%2Fsubsystem%2Fdevices%2F0000%3A05%3A00.0%2Ffirmware_node%2Fsun&path=%2F%2Fsys%2Fdevices%2Fpci0000%3A00%2F0000%3A00%3A1f.0%2Fsubsystem%2Fdevices%2F0000%3A05%3A00.0%2Ffirmware_node HTTP/1.1" 200 3057 "-" "Mozilla/5.0 AppleWebKit/537.36 (KHTML, like Gecko; compatible; ClaudeBot/1.0; +claudebot@anthropic.com)"
216.73.216.166 - - [29/Oct/2025:00:03:37 +0000] "GET /privacy-policy?fileloc=%2F%2Fsys%2Fclass%2Fmisc%2Floop-control%2Fsubsystem%2Fpsaux%2Fsubsystem%2Fuserfaultfd%2Fsubsystem%2Fpsaux%2Fuevent&path=%2F%2Fsys%2Fclass%2Fmisc%2Floop-control%2Fsubsystem%2Fpsaux%2Fsubsystem%2Fuserfaultfd%2Fsubsystem%2Fpsaux HTTP/1.1" 200 3096 "-" "Mozilla/5.0 AppleWebKit/537.36 (KHTML, like Gecko; compatible; ClaudeBot/1.0; +claudebot@anthropic.com)"
216.73.216.166 - - [29/Oct/2025:00:03:37 +0000] "GET /privacy-policy?path=%2F%2Fsys%2Fdevices%2Fpci0000%3A00%2Fpci_bus%2F0000%3A00%2Fsubsystem%2F0000%3A11%2Fdevice%2Fdriver%2F0000%3A00%3A03.1%2Fpci_bus HTTP/1.1" 200 3448 "-" "Mozilla/5.0 AppleWebKit/537.36 (KHTML, like Gecko; compatible; ClaudeBot/1.0; +claudebot@anthropic.com)"
216.73.216.166 - - [29/Oct/2025:00:03:37 +0000] "GET /privacy-policy?fileloc=%2F%2Fsys%2Fdevices%2Fpci0000%3A00%2Ffirmware_node%2Fdevice%3A30%2Fdevice%3A31%2Fphysical_node%2Fsubsystem%2Fslots%2F31%2Fadapter&path=%2F%2Fsys%2Fdevices%2Fpci0000%3A00%2Ffirmware_node%2Fdevice%3A30%2Fdevice%3A31%2Fphysical_node%2Fsubsystem%2Fslots%2F31 HTTP/1.1" 200 3089 "-" "Mozilla/5.0 AppleWebKit/537.36 (KHTML, like Gecko; compatible; ClaudeBot/1.0; +claudebot@anthropic.com)"
216.73.216.166 - - [29/Oct/2025:00:03:37 +0000] "GET /privacy-policy?fileloc=%2F%2Fsys%2Fdevices%2Fpci0000%3A00%2F0000%3A00%3A04.0%2Fdriver%2F0000%3A00%3A03.5%2Fdriver%2F0000%3A00%3A03.6%2Fcurrent_link_width&path=%2F%2Fsys%2Fdevices%2Fpci0000%3A00%2F0000%3A00%3A04.0%2Fdriver%2F0000%3A00%3A03.5%2Fdriver%2F0000%3A00%3A03.6 HTTP/1.1" 200 3056 "-" "Mozilla/5.0 AppleWebKit/537.36 (KHTML, like Gecko; compatible; ClaudeBot/1.0; +claudebot@anthropic.com)"
216.73.216.166 - - [29/Oct/2025:00:03:37 +0000] "GET /privacy-policy?path=%2F%2Fsys%2Fdev%2Fchar%2F7%3A68%2Fsubsystem%2Fvcs2%2Fsubsystem%2Fvcsa3%2Fsubsystem%2Fvcs5 HTTP/1.1" 200 3641 "-" "Mozilla/5.0 AppleWebKit/537.36 (KHTML, like Gecko; compatible; ClaudeBot/1.0; +claudebot@anthropic.com)"
216.73.216.166 - - [29/Oct/2025:00:03:37 +0000] "GET /cloud-security?path=%2F%2Fsys%2Fdev%2Fchar%2F226%3A0%2Fsubsystem%2Fcard0%2Fdevice%2Fsubsystem%2Fdevices%2F0000%3A00%3A03.6 HTTP/1.1" 200 5810 "-" "Mozilla/5.0 AppleWebKit/537.36 (KHTML, like Gecko; compatible; ClaudeBot/1.0; +claudebot@anthropic.com)"
216.73.216.166 - - [29/Oct/2025:00:03:37 +0000] "GET /cloud-security?path=%2F%2Fsys%2Fdev%2Fchar%2F4%3A30%2Fsubsystem%2FttyS2%2Fdevice%2Fdriver%2Fserial8250%3A0.22 HTTP/1.1" 200 3695 "-" "Mozilla/5.0 AppleWebKit/537.36 (KHTML, like Gecko; compatible; ClaudeBot/1.0; +claudebot@anthropic.com)"
216.73.216.166 - - [29/Oct/2025:00:03:37 +0000] "GET /privacy-policy?path=%2F%2Fsys%2Fdev%2Fchar%2F10%3A126%2Fsubsystem%2Fecryptfs%2Fsubsystem%2Ftun HTTP/1.1" 200 3626 "-" "Mozilla/5.0 AppleWebKit/537.36 (KHTML, like Gecko; compatible; ClaudeBot/1.0; +claudebot@anthropic.com)"
20.171.207.188 - - [29/Oct/2025:00:03:37 +0000] "GET /?path=//sys/class/net/enp1s0/device/net/enp1s0/device/subsystem/devices/virtio1/block/vda/device/block/vda/subsystem/vda2/subsystem/vda/device/block/vda/subsystem/loop2/mq HTTP/1.1" 200 3607 "-" "Mozilla/5.0 AppleWebKit/537.36 (KHTML, like Gecko; compatible; GPTBot/1.2; +https://openai.com/gptbot)"
216.73.216.166 - - [29/Oct/2025:00:03:37 +0000] "GET /privacy-policy?fileloc=%2F%2Fsys%2Fdevices%2Fpci0000%3A00%2F0000%3A00%3A02.1%2Fdriver%2F0000%3A00%3A03.2%2Fdriver%2F0000%3A00%3A03.0%2Fremove&path=%2F%2Fsys%2Fdevices%2Fpci0000%3A00%2F0000%3A00%3A02.1%2Fdriver%2F0000%3A00%3A03.2%2Fdriver%2F0000%3A00%3A03.0 HTTP/1.1" 200 3053 "-" "Mozilla/5.0 AppleWebKit/537.36 (KHTML, like Gecko; compatible; ClaudeBot/1.0; +claudebot@anthropic.com)"
20.171.207.208 - - [29/Oct/2025:00:03:37 +0000] "GET /?path=//sys/class/net/enp1s0/device/net/enp1s0/device/subsystem/devices/virtio1/block/vda/subsystem/vda1/subsystem/vda/device/block/vda/device/block/vda/subsystem/loop0/mq HTTP/1.1" 200 3602 "-" "Mozilla/5.0 AppleWebKit/537.36 (KHTML, like Gecko; compatible; GPTBot/1.2; +https://openai.com/gptbot)"
216.73.216.166 - - [29/Oct/2025:00:03:37 +0000] "GET /privacy-policy?path=%2F%2Fsys%2Fdevices%2Fpci0000%3A00%2F0000%3A00%3A02.1%2Fdriver%2F0000%3A00%3A02.2%2Fdriver%2F0000%3A00%3A02.5%2Fmsi_irqs HTTP/1.1" 200 3434 "-" "Mozilla/5.0 AppleWebKit/537.36 (KHTML, like Gecko; compatible; ClaudeBot/1.0; +claudebot@anthropic.com)"
216.73.216.166 - - [29/Oct/2025:00:03:37 +0000] "GET /privacy-policy?path=%2F%2Fsys%2Fdevices%2FLNXSYSTM%3A00%2Fsubsystem%2Fdevices%2FPNP0A08%3A00%2Fdevice%3A46%2Fsubsystem%2Fdevices%2Fdevice%3A1c HTTP/1.1" 200 3848 "-" "Mozilla/5.0 AppleWebKit/537.36 (KHTML, like Gecko; compatible; ClaudeBot/1.0; +claudebot@anthropic.com)"
57.141.0.12 - - [29/Oct/2025:00:03:37 +0000] "GET /big-data/?fileloc=//proc/82/stack&path=//proc/82 HTTP/1.1" 200 12267 "-" "meta-externalagent/1.1 (+https://developers.facebook.com/docs/sharing/webmasters/crawler)"
216.73.216.166 - - [29/Oct/2025:00:03:38 +0000] "GET /cloud-security?path=%2F%2Fsys%2Fclass%2Ftty%2FttyS7%2Fsubsystem%2Ftty HTTP/1.1" 200 3583 "-" "Mozilla/5.0 AppleWebKit/537.36 (KHTML, like Gecko; compatible; ClaudeBot/1.0; +claudebot@anthropic.com)"
3.90.73.206 - - [29/Oct/2025:00:03:38 +0000] "GET /enterprise-services/?path=//sys/devices/pci0000:00/firmware_node/physical_node/0000:00:03.4/subsystem/devices/0000:00:02.1/power HTTP/1.1" 200 4242 "-" "Mozilla/5.0 AppleWebKit/537.36 (KHTML, like Gecko; compatible; Amazonbot/0.1; +https://developer.amazon.com/support/amazonbot) Chrome/119.0.6045.214 Safari/537.36"
216.73.216.166 - - [29/Oct/2025:00:03:38 +0000] "GET /cloud-security?path=%2F%2Fsys%2Fdev%2Fchar%2F5%3A2%2Fsubsystem%2Ftty11 HTTP/1.1" 200 3593 "-" "Mozilla/5.0 AppleWebKit/537.36 (KHTML, like Gecko; compatible; ClaudeBot/1.0; +claudebot@anthropic.com)"
216.73.216.166 - - [29/Oct/2025:00:03:38 +0000] "GET /cloud-security?path=%2F%2Fsys%2Fdev%2Fchar%2F4%3A30%2Fsubsystem%2FttyS2%2Fdevice%2Fdriver%2Fserial8250%3A0.11 HTTP/1.1" 200 3696 "-" "Mozilla/5.0 AppleWebKit/537.36 (KHTML, like Gecko; compatible; ClaudeBot/1.0; +claudebot@anthropic.com)"
216.73.216.166 - - [29/Oct/2025:00:03:38 +0000] "GET /user?path=%2F%2Fsys%2Fclass%2Fpci_bus%2F0000%3A01%2Fdevice%2Fsubsystem%2Fdevices%2F0000%3A04%3A00.0 HTTP/1.1" 200 5376 "-" "Mozilla/5.0 AppleWebKit/537.36 (KHTML, like Gecko; compatible; ClaudeBot/1.0; +claudebot@anthropic.com)"
216.73.216.166 - - [29/Oct/2025:00:03:38 +0000] "GET /?fileloc=%2F%2Fusr%2Fshare%2Fconsolefonts%2FFullCyrSlav-Terminus32x16.psf.gz&path=%2F%2Fusr%2Fshare%2Fconsolefonts HTTP/1.1" 200 12905 "-" "Mozilla/5.0 AppleWebKit/537.36 (KHTML, like Gecko; compatible; ClaudeBot/1.0; +claudebot@anthropic.com)"
216.73.216.166 - - [29/Oct/2025:00:03:38 +0000] "GET /cloud-security?path=%2F%2Fsys%2Fdev%2Fchar%2F4%3A93%2Fsubsystem%2FttyS11 HTTP/1.1" 200 4179 "-" "Mozilla/5.0 AppleWebKit/537.36 (KHTML, like Gecko; compatible; ClaudeBot/1.0; +claudebot@anthropic.com)"
216.73.216.166 - - [29/Oct/2025:00:03:38 +0000] "GET /privacy-policy?path=%2F%2Fsys%2Fdevices%2Fpci0000%3A00%2Ffirmware_node%2Fdevice%3A30%2Fdevice%3A31%2Fsubsystem%2Fdevices%2Fdevice%3A35%2Fsubsystem HTTP/1.1" 200 3764 "-" "Mozilla/5.0 AppleWebKit/537.36 (KHTML, like Gecko; compatible; ClaudeBot/1.0; +claudebot@anthropic.com)"
216.73.216.166 - - [29/Oct/2025:00:03:38 +0000] "GET /privacy-policy?path=%2F%2Fsys%2Fdev%2Fchar%2F7%3A1%2Fsubsystem%2Fvcs1%2Fsubsystem%2Fvcsu5 HTTP/1.1" 200 3622 "-" "Mozilla/5.0 AppleWebKit/537.36 (KHTML, like Gecko; compatible; ClaudeBot/1.0; +claudebot@anthropic.com)"
216.73.216.166 - - [29/Oct/2025:00:03:38 +0000] "GET /privacy-policy?path=%2F%2Fsys%2Fdevices%2FLNXSYSTM%3A00%2Fsubsystem%2Fdrivers%2Fbutton%2FLNXPWRBN%3A00%2Fsubsystem%2Fdevices%2FPNP0F13%3A00 HTTP/1.1" 200 3878 "-" "Mozilla/5.0 AppleWebKit/537.36 (KHTML, like Gecko; compatible; ClaudeBot/1.0; +claudebot@anthropic.com)"
20.171.207.188 - - [29/Oct/2025:00:03:38 +0000] "GET /?path=//sys/class/net/enp1s0/device/net/enp1s0/device/subsystem/devices/virtio1/block/vda/device/block/vda/device/block/vda/subsystem/vda2/subsystem/sr0/device/subsystem HTTP/1.1" 200 3895 "-" "Mozilla/5.0 AppleWebKit/537.36 (KHTML, like Gecko; compatible; GPTBot/1.2; +https://openai.com/gptbot)"
216.73.216.166 - - [29/Oct/2025:00:03:38 +0000] "GET /cloud-security?path=%2F%2Fsys%2Fdev%2Fchar%2F4%3A30%2Fsubsystem%2FttyS12%2Fsubsystem%2FttyS28%2Fdevice HTTP/1.1" 200 3683 "-" "Mozilla/5.0 AppleWebKit/537.36 (KHTML, like Gecko; compatible; ClaudeBot/1.0; +claudebot@anthropic.com)"
216.73.216.166 - - [29/Oct/2025:00:03:38 +0000] "GET /privacy-policy?fileloc=%2F%2Fsys%2Fdevices%2Fpci0000%3A00%2Ffirmware_node%2Fphysical_node%2F0000%3A00%3A02.2%2Fsubsystem%2Fslots%2F16%2Flatch&path=%2F%2Fsys%2Fdevices%2Fpci0000%3A00%2Ffirmware_node%2Fphysical_node%2F0000%3A00%3A02.2%2Fsubsystem%2Fslots%2F16 HTTP/1.1" 200 3082 "-" "Mozilla/5.0 AppleWebKit/537.36 (KHTML, like Gecko; compatible; ClaudeBot/1.0; +claudebot@anthropic.com)"
20.171.207.208 - - [29/Oct/2025:00:03:38 +0000] "GET /?path=//sys/class/net/enp1s0/device/net/enp1s0/device/subsystem/devices/virtio1/block/vda/subsystem/sr0/subsystem/vda/device/block/vda/device/block/vda/subsystem/loop2/bdi HTTP/1.1" 200 4271 "-" "Mozilla/5.0 AppleWebKit/537.36 (KHTML, like Gecko; compatible; GPTBot/1.2; +https://openai.com/gptbot)"
216.73.216.166 - - [29/Oct/2025:00:03:39 +0000] "GET /privacy-policy?fileloc=%2F%2Fsys%2Fdevices%2Fpci0000%3A00%2F0000%3A00%3A02.2%2Ffirmware_node%2Fphysical_node%2Fsubsystem%2Fslots%2F16%2Flatch&path=%2F%2Fsys%2Fdevices%2Fpci0000%3A00%2F0000%3A00%3A02.2%2Ffirmware_node%2Fphysical_node%2Fsubsystem%2Fslots%2F16 HTTP/1.1" 200 3082 "-" "Mozilla/5.0 AppleWebKit/537.36 (KHTML, like Gecko; compatible; ClaudeBot/1.0; +claudebot@anthropic.com)"
216.73.216.166 - - [29/Oct/2025:00:03:39 +0000] "GET /privacy-policy?fileloc=%2F%2Fsys%2Fdevices%2Fpci0000%3A00%2F0000%3A00%3A1b.0%2Ffirmware_node%2Fsubsystem%2Fdevices%2Fdevice%3A2c%2Fpower%2Fcontrol&path=%2F%2Fsys%2Fdevices%2Fpci0000%3A00%2F0000%3A00%3A1b.0%2Ffirmware_node%2Fsubsystem%2Fdevices%2Fdevice%3A2c%2Fpower HTTP/1.1" 200 3074 "-" "Mozilla/5.0 AppleWebKit/537.36 (KHTML, like Gecko; compatible; ClaudeBot/1.0; +claudebot@anthropic.com)"
57.141.0.36 - - [29/Oct/2025:00:03:39 +0000] "GET /big-data/?fileloc=//usr/include/linux/firewire-cdev.h&path=//usr/include/linux HTTP/1.1" 200 63892 "-" "meta-externalagent/1.1 (+https://developers.facebook.com/docs/sharing/webmasters/crawler)"
216.73.216.166 - - [29/Oct/2025:00:03:39 +0000] "GET /privacy-policy?path=%2F%2Fsys%2Fdevices%2Fpci0000%3A00%2F0000%3A00%3A02.7%2Fdriver%2F0000%3A00%3A02.3%2Ffirmware_node%2Fdevice%3A29%2Fsubsystem%2Fdrivers HTTP/1.1" 200 3723 "-" "Mozilla/5.0 AppleWebKit/537.36 (KHTML, like Gecko; compatible; ClaudeBot/1.0; +claudebot@anthropic.com)"
216.73.216.166 - - [29/Oct/2025:00:03:39 +0000] "GET /privacy-policy?path=%2F%2Fsys%2Fdev%2Fchar%2F7%3A6%2Fsubsystem%2Fvcs2%2Fsubsystem%2Fvcsa3%2Fsubsystem%2Fvcs5 HTTP/1.1" 200 3644 "-" "Mozilla/5.0 AppleWebKit/537.36 (KHTML, like Gecko; compatible; ClaudeBot/1.0; +claudebot@anthropic.com)"
216.73.216.166 - - [29/Oct/2025:00:03:39 +0000] "GET /enterprise-operations?path=%2F%2Fproc%2Fthread-self%2Froot%2Fetc%2Fdpkg%2Fdpkg.cfg.d HTTP/1.1" 200 3395 "-" "Mozilla/5.0 AppleWebKit/537.36 (KHTML, like Gecko; compatible; ClaudeBot/1.0; +claudebot@anthropic.com)"
216.73.216.166 - - [29/Oct/2025:00:03:39 +0000] "GET /privacy-policy?path=%2F%2Fsys%2Fdevices%2Fpci0000%3A00%2Ffirmware_node%2Fdevice%3A34%2Fsubsystem%2Fdevices%2FPNP0A08%3A00%2Fdevice%3A3c%2Fpower HTTP/1.1" 200 3872 "-" "Mozilla/5.0 AppleWebKit/537.36 (KHTML, like Gecko; compatible; ClaudeBot/1.0; +claudebot@anthropic.com)"
216.73.216.166 - - [29/Oct/2025:00:03:39 +0000] "GET /cloud-security?path=%2F%2Fsys%2Fdev%2Fchar%2F4%3A30%2Fsubsystem%2FttyS2%2Fdevice%2Fdriver%2Fserial8250%3A0.16 HTTP/1.1" 200 3696 "-" "Mozilla/5.0 AppleWebKit/537.36 (KHTML, like Gecko; compatible; ClaudeBot/1.0; +claudebot@anthropic.com)"
216.73.216.166 - - [29/Oct/2025:00:03:39 +0000] "GET /privacy-policy?fileloc=%2F%2Fsys%2Fdevices%2Fpci0000%3A00%2F0000%3A00%3A03.6%2Fdriver%2F0000%3A00%3A03.4%2Fdriver%2F0000%3A00%3A03.1%2Fmsi_irqs%2F33&path=%2F%2Fsys%2Fdevices%2Fpci0000%3A00%2F0000%3A00%3A03.6%2Fdriver%2F0000%3A00%3A03.4%2Fdriver%2F0000%3A00%3A03.1%2Fmsi_irqs HTTP/1.1" 200 3063 "-" "Mozilla/5.0 AppleWebKit/537.36 (KHTML, like Gecko; compatible; ClaudeBot/1.0; +claudebot@anthropic.com)"
216.73.216.166 - - [29/Oct/2025:00:03:39 +0000] "GET /data-center-2?path=%2F%2Fproc%2Fself%2Froot%2Fproc%2F221%2Fnet HTTP/1.1" 200 5289 "-" "Mozilla/5.0 AppleWebKit/537.36 (KHTML, like Gecko; compatible; ClaudeBot/1.0; +claudebot@anthropic.com)"
216.73.216.166 - - [29/Oct/2025:00:03:39 +0000] "GET /user?fileloc=%2F%2Fsys%2Fclass%2Ftty%2Ftty28%2Fsubsystem%2FttyS28%2Fdevice%2Fpower%2Fruntime_usage&path=%2F%2Fsys%2Fclass%2Ftty%2Ftty28%2Fsubsystem%2FttyS28%2Fdevice%2Fpower HTTP/1.1" 200 3049 "-" "Mozilla/5.0 AppleWebKit/537.36 (KHTML, like Gecko; compatible; ClaudeBot/1.0; +claudebot@anthropic.com)"
