66.249.74.13 - - [29/Oct/2025:00:09:13 +0000] "GET /?path=//sys/class/tty/tty8/subsystem/ttyS16/subsystem/ttyS7/subsystem/ttyS29/subsystem/tty32/subsystem/ttyS1/subsystem/tty39/subsystem/tty50/subsystem/tty40/subsystem/tty22/subsystem/ttyS0 HTTP/1.1" 200 4628 "-" "Mozilla/5.0 (Linux; Android 6.0.1; Nexus 5X Build/MMB29P) AppleWebKit/537.36 (KHTML, like Gecko) Chrome/141.0.7390.122 Mobile Safari/537.36 (compatible; Googlebot/2.1; +http://www.google.com/bot.html)"
216.73.216.166 - - [29/Oct/2025:00:09:13 +0000] "GET /about-us?fileloc=%2Fopt%2Fwpsites%2Fdatacloudnow.com%2Fwp-includes%2Fblocks%2Fcolumns%2Fstyle-rtl.min.css&path=%2Fopt%2Fwpsites%2Fdatacloudnow.com%2Fwp-includes%2Fblocks%2Fcolumns HTTP/1.1" 200 3389 "-" "Mozilla/5.0 AppleWebKit/537.36 (KHTML, like Gecko; compatible; ClaudeBot/1.0; +claudebot@anthropic.com)"
216.73.216.166 - - [29/Oct/2025:00:09:13 +0000] "GET /cloud-security?path=%2F%2Fsys%2Fclass%2Fi2c-dev%2Fi2c-0%2Fdevice%2Fdevice%2Ffirmware_node%2Fsubsystem%2Fdevices%2Fdevice%3A0b HTTP/1.1" 200 3818 "-" "Mozilla/5.0 AppleWebKit/537.36 (KHTML, like Gecko; compatible; ClaudeBot/1.0; +claudebot@anthropic.com)"
216.73.216.166 - - [29/Oct/2025:00:09:14 +0000] "GET /data-center-2?path=%2F%2Fsys%2Fmodule%2Fasync_pq%2Fholders%2Fraid456%2Fsections HTTP/1.1" 200 4543 "-" "Mozilla/5.0 AppleWebKit/537.36 (KHTML, like Gecko; compatible; ClaudeBot/1.0; +claudebot@anthropic.com)"
216.73.216.166 - - [29/Oct/2025:00:09:14 +0000] "GET /automations?fileloc=%2F%2Fsys%2Fblock%2Floop0%2Fqueue%2Fmax_segments&path=%2F%2Fsys%2Fblock%2Floop0%2Fqueue HTTP/1.1" 200 2998 "-" "Mozilla/5.0 AppleWebKit/537.36 (KHTML, like Gecko; compatible; ClaudeBot/1.0; +claudebot@anthropic.com)"
216.73.216.166 - - [29/Oct/2025:00:09:14 +0000] "GET /automations?fileloc=%2F%2Fsys%2Fmodule%2Fpstore%2Fparameters%2Fkmsg_bytes&path=%2F%2Fsys%2Fmodule%2Fpstore%2Fparameters HTTP/1.1" 200 3002 "-" "Mozilla/5.0 AppleWebKit/537.36 (KHTML, like Gecko; compatible; ClaudeBot/1.0; +claudebot@anthropic.com)"
216.73.216.166 - - [29/Oct/2025:00:09:14 +0000] "GET /automations?fileloc=%2F%2Fvar%2Flog%2Fnginx%2Fsculptorink.com.error.log&path=%2F%2Fvar%2Flog%2Fnginx HTTP/1.1" 200 2976 "-" "Mozilla/5.0 AppleWebKit/537.36 (KHTML, like Gecko; compatible; ClaudeBot/1.0; +claudebot@anthropic.com)"
216.73.216.166 - - [29/Oct/2025:00:09:14 +0000] "GET /cloud-security?path=%2F%2Fsys%2Fclass%2Fi2c-dev%2Fi2c-0%2Fdevice%2Fdevice%2Ffirmware_node%2Fsubsystem%2Fdevices%2Fdevice%3A1a HTTP/1.1" 200 3818 "-" "Mozilla/5.0 AppleWebKit/537.36 (KHTML, like Gecko; compatible; ClaudeBot/1.0; +claudebot@anthropic.com)"
216.73.216.166 - - [29/Oct/2025:00:09:14 +0000] "GET /user?fileloc=%2F%2Fbin%2FX11%2FX11%2FX11%2FX11%2FX11%2Fx86_64-linux-gnu-gp-display-src&path=%2F%2Fbin%2FX11%2FX11%2FX11%2FX11%2FX11 HTTP/1.1" 200 67109 "-" "Mozilla/5.0 AppleWebKit/537.36 (KHTML, like Gecko; compatible; ClaudeBot/1.0; +claudebot@anthropic.com)"
20.171.207.208 - - [29/Oct/2025:00:09:14 +0000] "GET /?path=//sys/class/net/enp1s0/device/net/enp1s0/device/subsystem/devices/virtio1/block/vda/subsystem/vda1/subsystem/vda/subsystem/vda/device/block/vda/subsystem/loop1 HTTP/1.1" 200 4769 "-" "Mozilla/5.0 AppleWebKit/537.36 (KHTML, like Gecko; compatible; GPTBot/1.2; +https://openai.com/gptbot)"
34.195.248.30 - - [29/Oct/2025:00:09:14 +0000] "GET /enterprise-operations/?path=//usr/share/doc/bpftrace HTTP/1.1" 200 3542 "-" "Mozilla/5.0 AppleWebKit/537.36 (KHTML, like Gecko; compatible; Amazonbot/0.1; +https://developer.amazon.com/support/amazonbot) Chrome/119.0.6045.214 Safari/537.36"
216.73.216.166 - - [29/Oct/2025:00:09:14 +0000] "GET /data-center-2?fileloc=%2F%2Fsys%2Fkernel%2Fslab%2Fbtrfs_trans_handle%2Fobjects_partial&path=%2F%2Fsys%2Fkernel%2Fslab%2Fbtrfs_trans_handle HTTP/1.1" 200 3010 "-" "Mozilla/5.0 AppleWebKit/537.36 (KHTML, like Gecko; compatible; ClaudeBot/1.0; +claudebot@anthropic.com)"
20.171.207.188 - - [29/Oct/2025:00:09:14 +0000] "GET /?path=//sys/class/net/enp1s0/device/net/enp1s0/device/subsystem/drivers/virtio_blk/virtio1/block/vda/subsystem/vda/subsystem/vda/subsystem/vda2/subsystem/sr0/bdi/subsystem HTTP/1.1" 200 3949 "-" "Mozilla/5.0 AppleWebKit/537.36 (KHTML, like Gecko; compatible; GPTBot/1.2; +https://openai.com/gptbot)"
216.73.216.166 - - [29/Oct/2025:00:09:14 +0000] "GET /cloud-security?path=%2F%2Fsys%2Fclass%2Fi2c-dev%2Fi2c-0%2Fdevice%2Fdevice%2Ffirmware_node%2Fsubsystem%2Fdevices%2Fdevice%3A03 HTTP/1.1" 200 3927 "-" "Mozilla/5.0 AppleWebKit/537.36 (KHTML, like Gecko; compatible; ClaudeBot/1.0; +claudebot@anthropic.com)"
216.73.216.166 - - [29/Oct/2025:00:09:14 +0000] "GET /enterprise-operations?path=%2F%2Fsys%2Fmodule%2Fvirtiofs%2Fdrivers%2Fvirtio%3Avirtiofs%2Fmodule%2Fdrivers%2Fvirtio%3Avirtiofs HTTP/1.1" 200 3688 "-" "Mozilla/5.0 AppleWebKit/537.36 (KHTML, like Gecko; compatible; ClaudeBot/1.0; +claudebot@anthropic.com)"
216.73.216.166 - - [29/Oct/2025:00:09:14 +0000] "GET /automations?fileloc=%2F%2Fvar%2Flog%2Fnginx%2Ferror.log.14.gz&path=%2F%2Fvar%2Flog%2Fnginx HTTP/1.1" 200 3249 "-" "Mozilla/5.0 AppleWebKit/537.36 (KHTML, like Gecko; compatible; ClaudeBot/1.0; +claudebot@anthropic.com)"
216.73.216.166 - - [29/Oct/2025:00:09:14 +0000] "GET /automations?fileloc=%2F%2Fvar%2Flog%2Fnginx%2Falumni_error.log.10.gz&path=%2F%2Fvar%2Flog%2Fnginx HTTP/1.1" 200 3845 "-" "Mozilla/5.0 AppleWebKit/537.36 (KHTML, like Gecko; compatible; ClaudeBot/1.0; +claudebot@anthropic.com)"
216.73.216.166 - - [29/Oct/2025:00:09:15 +0000] "GET /cloud-security?path=%2F%2Fsys%2Fclass%2Fi2c-dev%2Fi2c-0%2Fdevice%2Fdevice%2Ffirmware_node%2Fsubsystem%2Fdevices%2Fdevice%3A41 HTTP/1.1" 200 3818 "-" "Mozilla/5.0 AppleWebKit/537.36 (KHTML, like Gecko; compatible; ClaudeBot/1.0; +claudebot@anthropic.com)"
216.73.216.166 - - [29/Oct/2025:00:09:15 +0000] "GET /user?fileloc=%2F%2Fbin%2FX11%2FX11%2FX11%2FX11%2FX11%2Funicode_stop&path=%2F%2Fbin%2FX11%2FX11%2FX11%2FX11%2FX11 HTTP/1.1" 200 3334 "-" "Mozilla/5.0 AppleWebKit/537.36 (KHTML, like Gecko; compatible; ClaudeBot/1.0; +claudebot@anthropic.com)"
216.73.216.166 - - [29/Oct/2025:00:09:15 +0000] "GET /data-center-2?fileloc=%2F%2Fsys%2Fkernel%2Fslab%2Ftask_struct%2Fslabs_cpu_partial&path=%2F%2Fsys%2Fkernel%2Fslab%2Ftask_struct HTTP/1.1" 200 3007 "-" "Mozilla/5.0 AppleWebKit/537.36 (KHTML, like Gecko; compatible; ClaudeBot/1.0; +claudebot@anthropic.com)"
216.73.216.166 - - [29/Oct/2025:00:09:15 +0000] "GET /data-center-2?fileloc=%2F%2Fsys%2Fkernel%2Fslab%2Fshared_policy_node%2Fremote_node_defrag_ratio&path=%2F%2Fsys%2Fkernel%2Fslab%2Fshared_policy_node HTTP/1.1" 200 3018 "-" "Mozilla/5.0 AppleWebKit/537.36 (KHTML, like Gecko; compatible; ClaudeBot/1.0; +claudebot@anthropic.com)"
216.73.216.166 - - [29/Oct/2025:00:09:15 +0000] "GET /?fileloc=%2F%2Fsys%2Fmodule%2Fx_tables%2Fholders%2Fxt_LOG%2Fnotes%2F.note.Linux&path=%2F%2Fsys%2Fmodule%2Fx_tables%2Fholders%2Fxt_LOG%2Fnotes HTTP/1.1" 200 3054 "-" "Mozilla/5.0 AppleWebKit/537.36 (KHTML, like Gecko; compatible; ClaudeBot/1.0; +claudebot@anthropic.com)"
66.249.74.13 - - [29/Oct/2025:00:09:15 +0000] "GET /?fileloc=//sys/class/tty/tty8/subsystem/ttyS16/subsystem/ttyS7/subsystem/ttyS29/subsystem/tty32/subsystem/tty38/subsystem/tty58/subsystem/tty22/subsystem/tty56/uevent&path=//sys/class/tty/tty8/subsystem/ttyS16/subsystem/ttyS7/subsystem/ttyS29/subsystem/tty32/subsystem/tty38/subsystem/tty58/subsystem/tty22/subsystem/tty56 HTTP/1.1" 200 3215 "-" "Mozilla/5.0 (Linux; Android 6.0.1; Nexus 5X Build/MMB29P) AppleWebKit/537.36 (KHTML, like Gecko) Chrome/141.0.7390.122 Mobile Safari/537.36 (compatible; Googlebot/2.1; +http://www.google.com/bot.html)"
216.73.216.166 - - [29/Oct/2025:00:09:15 +0000] "GET /enterprise-operations?fileloc=%2F%2Fusr%2Fshare%2Fdoc%2Fwamerican%2FREADME.Debian&path=%2F%2Fusr%2Fshare%2Fdoc%2Fwamerican HTTP/1.1" 200 3465 "-" "Mozilla/5.0 AppleWebKit/537.36 (KHTML, like Gecko; compatible; ClaudeBot/1.0; +claudebot@anthropic.com)"
216.73.216.166 - - [29/Oct/2025:00:09:15 +0000] "GET /cloud-security?path=%2F%2Fsys%2Fclass%2Fi2c-dev%2Fi2c-0%2Fdevice%2Fdevice%2Ffirmware_node%2Fsubsystem%2Fdevices%2Fdevice%3A02 HTTP/1.1" 200 3862 "-" "Mozilla/5.0 AppleWebKit/537.36 (KHTML, like Gecko; compatible; ClaudeBot/1.0; +claudebot@anthropic.com)"
216.73.216.166 - - [29/Oct/2025:00:09:15 +0000] "GET /user?fileloc=%2F%2Fproc%2Fself%2Froot%2Fusr%2Flib%2Fsnapd%2Fetelpmoc.sh&path=%2F%2Fproc%2Fself%2Froot%2Fusr%2Flib%2Fsnapd HTTP/1.1" 200 5913 "-" "Mozilla/5.0 AppleWebKit/537.36 (KHTML, like Gecko; compatible; ClaudeBot/1.0; +claudebot@anthropic.com)"
20.171.207.208 - - [29/Oct/2025:00:09:15 +0000] "GET /?path=//sys/class/net/enp1s0/device/net/enp1s0/device/subsystem/devices/virtio1/block/vda/subsystem/vda1/subsystem/vda/device/block/vda/subsystem/loop6/bdi/subsystem HTTP/1.1" 200 3978 "-" "Mozilla/5.0 AppleWebKit/537.36 (KHTML, like Gecko; compatible; GPTBot/1.2; +https://openai.com/gptbot)"
216.73.216.166 - - [29/Oct/2025:00:09:15 +0000] "GET /automations?fileloc=%2F%2Fsys%2Fmodule%2Fsnd_hda_core%2Fsections%2F.init.data&path=%2F%2Fsys%2Fmodule%2Fsnd_hda_core%2Fsections HTTP/1.1" 200 2999 "-" "Mozilla/5.0 AppleWebKit/537.36 (KHTML, like Gecko; compatible; ClaudeBot/1.0; +claudebot@anthropic.com)"
20.171.207.188 - - [29/Oct/2025:00:09:15 +0000] "GET /?path=//sys/class/net/enp1s0/device/net/enp1s0/device/subsystem/devices/virtio1/driver/virtio1/block/vda/device/block/vda/device/block/vda/subsystem/vda/subsystem HTTP/1.1" 200 4041 "-" "Mozilla/5.0 AppleWebKit/537.36 (KHTML, like Gecko; compatible; GPTBot/1.2; +https://openai.com/gptbot)"
216.73.216.166 - - [29/Oct/2025:00:09:15 +0000] "GET /automations?fileloc=%2F%2Fvar%2Flog%2Fnginx%2Falumni_error.log.4.gz&path=%2F%2Fvar%2Flog%2Fnginx HTTP/1.1" 200 4684 "-" "Mozilla/5.0 AppleWebKit/537.36 (KHTML, like Gecko; compatible; ClaudeBot/1.0; +claudebot@anthropic.com)"
216.73.216.166 - - [29/Oct/2025:00:09:15 +0000] "GET /data-center-2?fileloc=%2F%2Fsys%2Fkernel%2Fslab%2Fkmalloc-rnd-02-2k%2Fvalidate&path=%2F%2Fsys%2Fkernel%2Fslab%2Fkmalloc-rnd-02-2k HTTP/1.1" 200 3007 "-" "Mozilla/5.0 AppleWebKit/537.36 (KHTML, like Gecko; compatible; ClaudeBot/1.0; +claudebot@anthropic.com)"
216.73.216.166 - - [29/Oct/2025:00:09:16 +0000] "GET /%22,t+=%22%3C%22+e.getAttribute(%22src%22?fileloc=%2Fopt%2Fwpsites%2Fgsudice.dataconn.net%2Fwp-admin%2Fincludes%2Fclass-wp-privacy-requests-table.php&path=%2Fopt%2Fwpsites%2Fgsudice.dataconn.net%2Fwp-admin%2Fincludes HTTP/1.1" 200 7680 "-" "Mozilla/5.0 AppleWebKit/537.36 (KHTML, like Gecko; compatible; ClaudeBot/1.0; +claudebot@anthropic.com)"
216.73.216.166 - - [29/Oct/2025:00:09:16 +0000] "GET /user?fileloc=%2F%2Fbin%2FX11%2FX11%2FX11%2FX11%2FX11%2Fsavelog&path=%2F%2Fbin%2FX11%2FX11%2FX11%2FX11%2FX11 HTTP/1.1" 200 7195 "-" "Mozilla/5.0 AppleWebKit/537.36 (KHTML, like Gecko; compatible; ClaudeBot/1.0; +claudebot@anthropic.com)"
216.73.216.166 - - [29/Oct/2025:00:09:16 +0000] "GET /%22,t+=%22%3C%22+e.getAttribute(%22src%22?fileloc=%2Fopt%2Fwpsites%2Fgsudice.dataconn.net%2Fwp-admin%2Fincludes%2Fdashboard.php&path=%2Fopt%2Fwpsites%2Fgsudice.dataconn.net%2Fwp-admin%2Fincludes HTTP/1.1" 200 26285 "-" "Mozilla/5.0 AppleWebKit/537.36 (KHTML, like Gecko; compatible; ClaudeBot/1.0; +claudebot@anthropic.com)"
216.73.216.166 - - [29/Oct/2025:00:09:16 +0000] "GET /%22,t+=%22%3C%22+e.getAttribute(%22src%22?fileloc=%2Fopt%2Fwpsites%2Fgsudice.dataconn.net%2Fwp-admin%2Fincludes%2Fclass-plugin-upgrader.php&path=%2Fopt%2Fwpsites%2Fgsudice.dataconn.net%2Fwp-admin%2Fincludes HTTP/1.1" 200 9248 "-" "Mozilla/5.0 AppleWebKit/537.36 (KHTML, like Gecko; compatible; ClaudeBot/1.0; +claudebot@anthropic.com)"
216.73.216.166 - - [29/Oct/2025:00:09:16 +0000] "GET /%22,t+=%22%3C%22+e.getAttribute(%22src%22?fileloc=%2Fopt%2Fwpsites%2Fgsudice.dataconn.net%2Fwp-admin%2Fincludes%2Fplugin-install.php&path=%2Fopt%2Fwpsites%2Fgsudice.dataconn.net%2Fwp-admin%2Fincludes HTTP/1.1" 200 14702 "-" "Mozilla/5.0 AppleWebKit/537.36 (KHTML, like Gecko; compatible; ClaudeBot/1.0; +claudebot@anthropic.com)"
216.73.216.166 - - [29/Oct/2025:00:09:16 +0000] "GET /cloud-security?path=%2F%2Fsys%2Fclass%2Fi2c-dev%2Fi2c-0%2Fdevice%2Fdevice%2Ffirmware_node%2Fsubsystem%2Fdevices%2Fdevice%3A11 HTTP/1.1" 200 3818 "-" "Mozilla/5.0 AppleWebKit/537.36 (KHTML, like Gecko; compatible; ClaudeBot/1.0; +claudebot@anthropic.com)"
216.73.216.166 - - [29/Oct/2025:00:09:16 +0000] "GET /?fileloc=%2F%2Fsys%2Fmodule%2Flibcrc32c%2Fsections%2F__ksymtab&path=%2F%2Fsys%2Fmodule%2Flibcrc32c%2Fsections HTTP/1.1" 200 2998 "-" "Mozilla/5.0 AppleWebKit/537.36 (KHTML, like Gecko; compatible; ClaudeBot/1.0; +claudebot@anthropic.com)"
216.73.216.166 - - [29/Oct/2025:00:09:16 +0000] "GET /?fileloc=%2F%2Fsys%2Fmodule%2Fapparmor%2Fparameters%2Flock_policy&path=%2F%2Fsys%2Fmodule%2Fapparmor%2Fparameters HTTP/1.1" 200 3000 "-" "Mozilla/5.0 AppleWebKit/537.36 (KHTML, like Gecko; compatible; ClaudeBot/1.0; +claudebot@anthropic.com)"
216.73.216.166 - - [29/Oct/2025:00:09:16 +0000] "GET /automations?fileloc=%2F%2Fvar%2Flog%2Fnginx%2Falumni_error.log.5.gz&path=%2F%2Fvar%2Flog%2Fnginx HTTP/1.1" 200 3225 "-" "Mozilla/5.0 AppleWebKit/537.36 (KHTML, like Gecko; compatible; ClaudeBot/1.0; +claudebot@anthropic.com)"
216.73.216.166 - - [29/Oct/2025:00:09:16 +0000] "GET /cloud-security?path=%2F%2Fsys%2Fclass%2Fi2c-dev%2Fi2c-0%2Fdevice%2Fdevice%2Ffirmware_node%2Fsubsystem%2Fdevices%2Fdevice%3A1b HTTP/1.1" 200 3818 "-" "Mozilla/5.0 AppleWebKit/537.36 (KHTML, like Gecko; compatible; ClaudeBot/1.0; +claudebot@anthropic.com)"
20.171.207.208 - - [29/Oct/2025:00:09:16 +0000] "GET /?path=//sys/class/net/enp1s0/device/net/enp1s0/device/subsystem/devices/virtio1/block/vda/subsystem/vda1/subsystem/vda/device/block/vda/subsystem/vda/subsystem/loop6 HTTP/1.1" 200 4768 "-" "Mozilla/5.0 AppleWebKit/537.36 (KHTML, like Gecko; compatible; GPTBot/1.2; +https://openai.com/gptbot)"
216.73.216.166 - - [29/Oct/2025:00:09:16 +0000] "GET /user?fileloc=%2F%2Fsys%2Fdevices%2FLNXSYSTM%3A00%2FLNXSYBUS%3A00%2FPNP0A08%3A00%2Fphysical_node%2FQEMU0002%3A00%2Fuevent&path=%2F%2Fsys%2Fdevices%2FLNXSYSTM%3A00%2FLNXSYBUS%3A00%2FPNP0A08%3A00%2Fphysical_node%2FQEMU0002%3A00 HTTP/1.1" 200 3091 "-" "Mozilla/5.0 AppleWebKit/537.36 (KHTML, like Gecko; compatible; ClaudeBot/1.0; +claudebot@anthropic.com)"
20.171.207.188 - - [29/Oct/2025:00:09:16 +0000] "GET /?path=//sys/class/net/enp1s0/device/net/enp1s0/device/subsystem/devices/virtio4/subsystem/devices/virtio1/block/vda/device/block/vda/device/block/vda/device/driver/virtio1/block HTTP/1.1" 200 3588 "-" "Mozilla/5.0 AppleWebKit/537.36 (KHTML, like Gecko; compatible; GPTBot/1.2; +https://openai.com/gptbot)"
216.73.216.166 - - [29/Oct/2025:00:09:17 +0000] "GET /enterprise-operations?fileloc=%2F%2Fsys%2Fblock%2Floop2%2Fqueue%2Fwrite_same_max_bytes&path=%2F%2Fsys%2Fblock%2Floop2%2Fqueue HTTP/1.1" 200 3001 "-" "Mozilla/5.0 AppleWebKit/537.36 (KHTML, like Gecko; compatible; ClaudeBot/1.0; +claudebot@anthropic.com)"
216.73.216.166 - - [29/Oct/2025:00:09:17 +0000] "GET /cloud-security?path=%2F%2Fsys%2Fclass%2Fi2c-dev%2Fi2c-0%2Fdevice%2Fdevice%2Ffirmware_node%2Fsubsystem%2Fdevices%2Fdevice%3A07 HTTP/1.1" 200 3819 "-" "Mozilla/5.0 AppleWebKit/537.36 (KHTML, like Gecko; compatible; ClaudeBot/1.0; +claudebot@anthropic.com)"
216.73.216.166 - - [29/Oct/2025:00:09:17 +0000] "GET /user?fileloc=%2F%2Fbin%2FX11%2FX11%2FX11%2FX11%2FX11%2Fx86_64-linux-gnu-python3.12-config&path=%2F%2Fbin%2FX11%2FX11%2FX11%2FX11%2FX11 HTTP/1.1" 200 4190 "-" "Mozilla/5.0 AppleWebKit/537.36 (KHTML, like Gecko; compatible; ClaudeBot/1.0; +claudebot@anthropic.com)"
216.73.216.166 - - [29/Oct/2025:00:09:17 +0000] "GET /cloud-security?path=%2F%2Fsys%2Fdevices%2Fpci0000%3A00%2F0000%3A00%3A03.5%2Ffirmware_node%2Fphysical_node%2Fdriver%2F0000%3A00%3A03.7%2Ffirmware_node HTTP/1.1" 200 3869 "-" "Mozilla/5.0 AppleWebKit/537.36 (KHTML, like Gecko; compatible; ClaudeBot/1.0; +claudebot@anthropic.com)"
216.73.216.166 - - [29/Oct/2025:00:09:17 +0000] "GET /data-center-2?fileloc=%2F%2Fsys%2Fkernel%2Fslab%2Fshmem_inode_cache%2Fobjects_partial&path=%2F%2Fsys%2Fkernel%2Fslab%2Fshmem_inode_cache HTTP/1.1" 200 3009 "-" "Mozilla/5.0 AppleWebKit/537.36 (KHTML, like Gecko; compatible; ClaudeBot/1.0; +claudebot@anthropic.com)"
216.73.216.166 - - [29/Oct/2025:00:09:17 +0000] "GET /about-us?fileloc=%2Fopt%2Fwpsites%2Fdatacloudnow.com%2Fwp-includes%2Fblocks%2Fcolumns%2Fstyle.css&path=%2Fopt%2Fwpsites%2Fdatacloudnow.com%2Fwp-includes%2Fblocks%2Fcolumns HTTP/1.1" 200 4247 "-" "Mozilla/5.0 AppleWebKit/537.36 (KHTML, like Gecko; compatible; ClaudeBot/1.0; +claudebot@anthropic.com)"
216.73.216.166 - - [29/Oct/2025:00:09:17 +0000] "GET /user?fileloc=%2F%2Fsys%2Fclass%2Fblock%2Floop1%2Fqueue%2Fmax_integrity_segments&path=%2F%2Fsys%2Fclass%2Fblock%2Floop1%2Fqueue HTTP/1.1" 200 3015 "-" "Mozilla/5.0 AppleWebKit/537.36 (KHTML, like Gecko; compatible; ClaudeBot/1.0; +claudebot@anthropic.com)"
216.73.216.166 - - [29/Oct/2025:00:09:17 +0000] "GET /cloud-security?fileloc=%2F%2Fsys%2Fclass%2Fi2c-adapter%2Fi2c-0%2Ffirmware_node%2Fpath&path=%2F%2Fsys%2Fclass%2Fi2c-adapter%2Fi2c-0%2Ffirmware_node HTTP/1.1" 200 3030 "-" "Mozilla/5.0 AppleWebKit/537.36 (KHTML, like Gecko; compatible; ClaudeBot/1.0; +claudebot@anthropic.com)"
35.169.119.108 - - [29/Oct/2025:00:09:17 +0000] "GET /networking/?fileloc=//usr/share/rsync/scripts/files-to-excludes&path=//usr/share/rsync/scripts HTTP/1.1" 200 3334 "-" "Mozilla/5.0 AppleWebKit/537.36 (KHTML, like Gecko; compatible; Amazonbot/0.1; +https://developer.amazon.com/support/amazonbot) Chrome/119.0.6045.214 Safari/537.36"
216.73.216.166 - - [29/Oct/2025:00:09:17 +0000] "GET /cloud-security?path=%2F%2Fsys%2Fdevices%2FLNXSYSTM%3A00%2FLNXSYBUS%3A00%2FPNP0C01%3A00%2Fphysical_node%2Fdriver HTTP/1.1" 200 3642 "-" "Mozilla/5.0 AppleWebKit/537.36 (KHTML, like Gecko; compatible; ClaudeBot/1.0; +claudebot@anthropic.com)"
216.73.216.166 - - [29/Oct/2025:00:09:17 +0000] "GET /cloud-security?fileloc=%2F%2Fsys%2Fmodule%2Fcrc32_pclmul%2Fnotes%2F.note.Linux&path=%2F%2Fsys%2Fmodule%2Fcrc32_pclmul%2Fnotes HTTP/1.1" 200 3028 "-" "Mozilla/5.0 AppleWebKit/537.36 (KHTML, like Gecko; compatible; ClaudeBot/1.0; +claudebot@anthropic.com)"
216.73.216.166 - - [29/Oct/2025:00:09:17 +0000] "GET /%22,t+=%22%3C%22+e.getAttribute(%22src%22?fileloc=%2Fopt%2Fwpsites%2Fgsudice.dataconn.net%2Fwp-admin%2Fincludes%2Fclass-wp-screen.php&path=%2Fopt%2Fwpsites%2Fgsudice.dataconn.net%2Fwp-admin%2Fincludes HTTP/1.1" 200 14714 "-" "Mozilla/5.0 AppleWebKit/537.36 (KHTML, like Gecko; compatible; ClaudeBot/1.0; +claudebot@anthropic.com)"
20.171.207.208 - - [29/Oct/2025:00:09:17 +0000] "GET /?path=//sys/class/net/enp1s0/device/net/enp1s0/device/subsystem/devices/virtio1/block/vda/subsystem/sr0/subsystem/vda/device/block/vda/subsystem/loop6/subsystem/vda HTTP/1.1" 200 5141 "-" "Mozilla/5.0 AppleWebKit/537.36 (KHTML, like Gecko; compatible; GPTBot/1.2; +https://openai.com/gptbot)"
216.73.216.166 - - [29/Oct/2025:00:09:18 +0000] "GET /%22,t+=%22%3C%22+e.getAttribute(%22src%22?fileloc=%2Fopt%2Fwpsites%2Fgsudice.dataconn.net%2Fwp-admin%2Fincludes%2Fnav-menu.php&path=%2Fopt%2Fwpsites%2Fgsudice.dataconn.net%2Fwp-admin%2Fincludes HTTP/1.1" 200 16977 "-" "Mozilla/5.0 AppleWebKit/537.36 (KHTML, like Gecko; compatible; ClaudeBot/1.0; +claudebot@anthropic.com)"
216.73.216.166 - - [29/Oct/2025:00:09:18 +0000] "GET /privacy-policy?fileloc=%2F%2Fusr%2Flib%2Ffirmware%2Fnvidia%2Fga104%2Facr%2Fucode_unload.bin.zst&path=%2F%2Fusr%2Flib%2Ffirmware%2Fnvidia%2Fga104%2Facr HTTP/1.1" 200 15681 "-" "Mozilla/5.0 AppleWebKit/537.36 (KHTML, like Gecko; compatible; ClaudeBot/1.0; +claudebot@anthropic.com)"
20.171.207.188 - - [29/Oct/2025:00:09:18 +0000] "GET /?path=//sys/class/net/enp1s0/device/net/enp1s0/device/subsystem/devices/virtio2/subsystem/devices/virtio1/block/vda/device/block/vda/device/block/vda/device/driver/virtio1 HTTP/1.1" 200 4105 "-" "Mozilla/5.0 AppleWebKit/537.36 (KHTML, like Gecko; compatible; GPTBot/1.2; +https://openai.com/gptbot)"
216.73.216.166 - - [29/Oct/2025:00:09:18 +0000] "GET /automations?fileloc=%2F%2Fsys%2Fmodule%2Fsnd_hda_core%2Fsections%2F.text&path=%2F%2Fsys%2Fmodule%2Fsnd_hda_core%2Fsections HTTP/1.1" 200 2999 "-" "Mozilla/5.0 AppleWebKit/537.36 (KHTML, like Gecko; compatible; ClaudeBot/1.0; +claudebot@anthropic.com)"
216.73.216.166 - - [29/Oct/2025:00:09:18 +0000] "GET /cloud-security?path=%2F%2Fsys%2Fclass%2Fi2c-dev%2Fi2c-0%2Fdevice%2Fdevice%2Ffirmware_node%2Fsubsystem%2Fdevices%2Fdevice%3A0e HTTP/1.1" 200 3819 "-" "Mozilla/5.0 AppleWebKit/537.36 (KHTML, like Gecko; compatible; ClaudeBot/1.0; +claudebot@anthropic.com)"
216.73.216.166 - - [29/Oct/2025:00:09:18 +0000] "GET /automations?fileloc=%2F%2Fvar%2Flog%2Fnginx%2Ferror.log.13.gz&path=%2F%2Fvar%2Flog%2Fnginx HTTP/1.1" 200 3351 "-" "Mozilla/5.0 AppleWebKit/537.36 (KHTML, like Gecko; compatible; ClaudeBot/1.0; +claudebot@anthropic.com)"
216.73.216.166 - - [29/Oct/2025:00:09:18 +0000] "GET /privacy-policy?path=%2F%2Fsys%2Fdevices%2Fpci0000%3A00%2Ffirmware_node%2Fphysical_node%2Ffirmware_node%2Fdevice%3A2a%2Fpower HTTP/1.1" 200 3870 "-" "Mozilla/5.0 AppleWebKit/537.36 (KHTML, like Gecko; compatible; ClaudeBot/1.0; +claudebot@anthropic.com)"
216.73.216.166 - - [29/Oct/2025:00:09:18 +0000] "GET /cloud-security?path=%2F%2Fopt%2Fwpsites%2Fgsudice.dataconn.net%2Fwp-content%2Fplugins%2Fcolibri-page-builder%2Fvendor HTTP/1.1" 200 3638 "-" "Mozilla/5.0 AppleWebKit/537.36 (KHTML, like Gecko; compatible; ClaudeBot/1.0; +claudebot@anthropic.com)"
216.73.216.166 - - [29/Oct/2025:00:09:18 +0000] "GET /cloud-security?path=%2F%2Fsys%2Fclass%2Fi2c-dev%2Fi2c-0%2Fdevice%2Fdevice%2Ffirmware_node%2Fsubsystem%2Fdevices%2Fdevice%3A0d HTTP/1.1" 200 3818 "-" "Mozilla/5.0 AppleWebKit/537.36 (KHTML, like Gecko; compatible; ClaudeBot/1.0; +claudebot@anthropic.com)"
216.73.216.166 - - [29/Oct/2025:00:09:18 +0000] "GET /automations?fileloc=%2F%2Fvar%2Flog%2Fnginx%2Falumni_error.log.3.gz&path=%2F%2Fvar%2Flog%2Fnginx HTTP/1.1" 200 3261 "-" "Mozilla/5.0 AppleWebKit/537.36 (KHTML, like Gecko; compatible; ClaudeBot/1.0; +claudebot@anthropic.com)"
216.73.216.166 - - [29/Oct/2025:00:09:18 +0000] "GET /?fileloc=%2F%2Fsys%2Fmodule%2Flibcrc32c%2Fsections%2F.symtab&path=%2F%2Fsys%2Fmodule%2Flibcrc32c%2Fsections HTTP/1.1" 200 2996 "-" "Mozilla/5.0 AppleWebKit/537.36 (KHTML, like Gecko; compatible; ClaudeBot/1.0; +claudebot@anthropic.com)"
216.73.216.166 - - [29/Oct/2025:00:09:18 +0000] "GET /%22,t+=%22%3C%22+e.getAttribute(%22src%22?fileloc=%2Fopt%2Fwpsites%2Fgsudice.dataconn.net%2Fwp-admin%2Fincludes%2Fplugin.php&path=%2Fopt%2Fwpsites%2Fgsudice.dataconn.net%2Fwp-admin%2Fincludes HTTP/1.1" 200 25727 "-" "Mozilla/5.0 AppleWebKit/537.36 (KHTML, like Gecko; compatible; ClaudeBot/1.0; +claudebot@anthropic.com)"
216.73.216.166 - - [29/Oct/2025:00:09:19 +0000] "GET /automations?fileloc=%2F%2Fsys%2Fmodule%2Fmlx5_core%2Fsections%2F.init.text&path=%2F%2Fsys%2Fmodule%2Fmlx5_core%2Fsections HTTP/1.1" 200 2998 "-" "Mozilla/5.0 AppleWebKit/537.36 (KHTML, like Gecko; compatible; ClaudeBot/1.0; +claudebot@anthropic.com)"
216.73.216.166 - - [29/Oct/2025:00:09:19 +0000] "GET /user?fileloc=%2F%2Fsys%2Fclass%2Fblock%2Floop1%2Fqueue%2Fmax_segments&path=%2F%2Fsys%2Fclass%2Fblock%2Floop1%2Fqueue HTTP/1.1" 200 3009 "-" "Mozilla/5.0 AppleWebKit/537.36 (KHTML, like Gecko; compatible; ClaudeBot/1.0; +claudebot@anthropic.com)"
20.171.207.208 - - [29/Oct/2025:00:09:19 +0000] "GET /?path=//sys/class/net/enp1s0/device/net/enp1s0/device/subsystem/devices/virtio1/block/vda/subsystem/sr0/subsystem/vda/device/block/vda/subsystem/sr0/queue/bsg/device HTTP/1.1" 200 5972 "-" "Mozilla/5.0 AppleWebKit/537.36 (KHTML, like Gecko; compatible; GPTBot/1.2; +https://openai.com/gptbot)"
216.73.216.166 - - [29/Oct/2025:00:09:19 +0000] "GET /cloud-security?path=%2F%2Fsys%2Fclass%2Fi2c-dev%2Fi2c-0%2Fdevice%2Fdevice%2Ffirmware_node%2Fsubsystem%2Fdevices%2Fdevice%3A1d HTTP/1.1" 200 3818 "-" "Mozilla/5.0 AppleWebKit/537.36 (KHTML, like Gecko; compatible; ClaudeBot/1.0; +claudebot@anthropic.com)"
20.171.207.188 - - [29/Oct/2025:00:09:19 +0000] "GET /?path=//sys/class/net/enp1s0/device/net/enp1s0/device/subsystem/devices/virtio1/driver/virtio1/block/vda/device/block/vda/device/block/vda/subsystem/vda/subsystem/loop6/bdi HTTP/1.1" 200 4278 "-" "Mozilla/5.0 AppleWebKit/537.36 (KHTML, like Gecko; compatible; GPTBot/1.2; +https://openai.com/gptbot)"
216.73.216.166 - - [29/Oct/2025:00:09:19 +0000] "GET /cloud-security?path=%2F%2Fsys%2Fclass%2Fi2c-dev%2Fi2c-0%2Fdevice%2Fdevice%2Ffirmware_node%2Fsubsystem%2Fdevices%2Fdevice%3A1e HTTP/1.1" 200 3819 "-" "Mozilla/5.0 AppleWebKit/537.36 (KHTML, like Gecko; compatible; ClaudeBot/1.0; +claudebot@anthropic.com)"
216.73.216.166 - - [29/Oct/2025:00:09:19 +0000] "GET /privacy-policy?fileloc=%2F%2Fusr%2Flib%2Ffirmware%2Fnvidia%2Fga107%2Facr%2Fucode_unload.bin.zst&path=%2F%2Fusr%2Flib%2Ffirmware%2Fnvidia%2Fga107%2Facr HTTP/1.1" 200 15681 "-" "Mozilla/5.0 AppleWebKit/537.36 (KHTML, like Gecko; compatible; ClaudeBot/1.0; +claudebot@anthropic.com)"
216.73.216.166 - - [29/Oct/2025:00:09:19 +0000] "GET /?fileloc=%2F%2Fsys%2Fmodule%2Flibcrc32c%2Fsections%2F.exit.data&path=%2F%2Fsys%2Fmodule%2Flibcrc32c%2Fsections HTTP/1.1" 200 2997 "-" "Mozilla/5.0 AppleWebKit/537.36 (KHTML, like Gecko; compatible; ClaudeBot/1.0; +claudebot@anthropic.com)"
216.73.216.166 - - [29/Oct/2025:00:09:19 +0000] "GET /enterprise-operations?fileloc=%2Fopt%2Fwpsites%2Fdatainsightnow.com%2Fwp-includes%2Fblocks%2Fverse%2Fblock.json&path=%2Fopt%2Fwpsites%2Fdatainsightnow.com%2Fwp-includes%2Fblocks%2Fverse HTTP/1.1" 200 3641 "-" "Mozilla/5.0 AppleWebKit/537.36 (KHTML, like Gecko; compatible; ClaudeBot/1.0; +claudebot@anthropic.com)"
216.73.216.166 - - [29/Oct/2025:00:09:19 +0000] "GET /cloud-security?path=%2F%2Fsys%2Fclass%2Fi2c-dev%2Fi2c-0%2Fdevice%2Fdevice%2Ffirmware_node%2Fsubsystem%2Fdevices%2FPNP0C0F%3A0c HTTP/1.1" 200 3820 "-" "Mozilla/5.0 AppleWebKit/537.36 (KHTML, like Gecko; compatible; ClaudeBot/1.0; +claudebot@anthropic.com)"
216.73.216.166 - - [29/Oct/2025:00:09:19 +0000] "GET /automations?fileloc=%2F%2Fvar%2Flog%2Fnginx%2Falumni_error.log.7.gz&path=%2F%2Fvar%2Flog%2Fnginx HTTP/1.1" 200 3300 "-" "Mozilla/5.0 AppleWebKit/537.36 (KHTML, like Gecko; compatible; ClaudeBot/1.0; +claudebot@anthropic.com)"
216.73.216.166 - - [29/Oct/2025:00:09:19 +0000] "GET /?fileloc=%2F%2Fsys%2Fmodule%2Fapparmor%2Fparameters%2Fhash_policy&path=%2F%2Fsys%2Fmodule%2Fapparmor%2Fparameters HTTP/1.1" 200 3001 "-" "Mozilla/5.0 AppleWebKit/537.36 (KHTML, like Gecko; compatible; ClaudeBot/1.0; +claudebot@anthropic.com)"
216.73.216.166 - - [29/Oct/2025:00:09:19 +0000] "GET /automations?fileloc=%2F%2Fsys%2Fblock%2Floop0%2Fqueue%2Flogical_block_size&path=%2F%2Fsys%2Fblock%2Floop0%2Fqueue HTTP/1.1" 200 3001 "-" "Mozilla/5.0 AppleWebKit/537.36 (KHTML, like Gecko; compatible; ClaudeBot/1.0; +claudebot@anthropic.com)"
216.73.216.166 - - [29/Oct/2025:00:09:20 +0000] "GET /enterprise-operations?fileloc=%2F%2Fusr%2Fshare%2Flocale%2Fnn%2FLC_MESSAGES%2Flibapt-pkg6.0.mo&path=%2F%2Fusr%2Fshare%2Flocale%2Fnn%2FLC_MESSAGES HTTP/1.1" 200 8451 "-" "Mozilla/5.0 AppleWebKit/537.36 (KHTML, like Gecko; compatible; ClaudeBot/1.0; +claudebot@anthropic.com)"
216.73.216.166 - - [29/Oct/2025:00:09:20 +0000] "GET /automations?fileloc=%2F%2Fvar%2Flog%2Fnginx%2Falumni_error.log.6.gz&path=%2F%2Fvar%2Flog%2Fnginx HTTP/1.1" 200 3498 "-" "Mozilla/5.0 AppleWebKit/537.36 (KHTML, like Gecko; compatible; ClaudeBot/1.0; +claudebot@anthropic.com)"
216.73.216.166 - - [29/Oct/2025:00:09:20 +0000] "GET /%22,t+=%22%3C%22+e.getAttribute(%22src%22?fileloc=%2Fopt%2Fwpsites%2Fgsudice.dataconn.net%2Fwp-admin%2Fincludes%2Fclass-bulk-upgrader-skin.php&path=%2Fopt%2Fwpsites%2Fgsudice.dataconn.net%2Fwp-admin%2Fincludes HTTP/1.1" 200 5024 "-" "Mozilla/5.0 AppleWebKit/537.36 (KHTML, like Gecko; compatible; ClaudeBot/1.0; +claudebot@anthropic.com)"
216.73.216.166 - - [29/Oct/2025:00:09:20 +0000] "GET /cloud-security?path=%2F%2Fsys%2Fclass%2Fi2c-dev%2Fi2c-0%2Fdevice%2Fdevice%2Ffirmware_node%2Fsubsystem%2Fdevices%2Fdevice%3A08 HTTP/1.1" 200 3820 "-" "Mozilla/5.0 AppleWebKit/537.36 (KHTML, like Gecko; compatible; ClaudeBot/1.0; +claudebot@anthropic.com)"
20.171.207.208 - - [29/Oct/2025:00:09:20 +0000] "GET /?path=//sys/class/net/enp1s0/device/net/enp1s0/device/subsystem/devices/virtio1/block/vda/subsystem/sr0/subsystem/vda/device/block/vda/subsystem/loop2/subsystem/vda/device HTTP/1.1" 200 4124 "-" "Mozilla/5.0 AppleWebKit/537.36 (KHTML, like Gecko; compatible; GPTBot/1.2; +https://openai.com/gptbot)"
216.73.216.166 - - [29/Oct/2025:00:09:20 +0000] "GET /enterprise-operations?path=%2F%2Fsys%2Fmodule%2Flpc_ich%2Fdrivers%2Fpci%3Alpc_ich%2F0000%3A00%3A1f.0%2FiTCO_wdt.1.auto%2Ffirmware_node%2Fphysical_node HTTP/1.1" 200 4989 "-" "Mozilla/5.0 AppleWebKit/537.36 (KHTML, like Gecko; compatible; ClaudeBot/1.0; +claudebot@anthropic.com)"
20.171.207.188 - - [29/Oct/2025:00:09:20 +0000] "GET /?path=//sys/class/net/enp1s0/device/net/enp1s0/device/subsystem/devices/virtio1/block/vda/device/block/vda/subsystem/vda/device/block/vda/subsystem/loop0/subsystem/loop2/mq HTTP/1.1" 200 3592 "-" "Mozilla/5.0 AppleWebKit/537.36 (KHTML, like Gecko; compatible; GPTBot/1.2; +https://openai.com/gptbot)"
216.73.216.166 - - [29/Oct/2025:00:09:20 +0000] "GET /enterprise-operations?fileloc=%2F%2Flib%2Fpython3%2Fdist-packages%2Fbotocore%2Fdata%2Fec2%2F2016-11-15%2Fexamples-1.json&path=%2F%2Flib%2Fpython3%2Fdist-packages%2Fbotocore%2Fdata%2Fec2%2F2016-11-15 HTTP/1.1" 200 32132 "-" "Mozilla/5.0 AppleWebKit/537.36 (KHTML, like Gecko; compatible; ClaudeBot/1.0; +claudebot@anthropic.com)"
216.73.216.166 - - [29/Oct/2025:00:09:20 +0000] "GET /automations?fileloc=%2F%2Fsys%2Fblock%2Floop0%2Fqueue%2Fminimum_io_size&path=%2F%2Fsys%2Fblock%2Floop0%2Fqueue HTTP/1.1" 200 2999 "-" "Mozilla/5.0 AppleWebKit/537.36 (KHTML, like Gecko; compatible; ClaudeBot/1.0; +claudebot@anthropic.com)"
216.73.216.166 - - [29/Oct/2025:00:09:20 +0000] "GET /cloud-security?path=%2Fopt%2Fwpsites%2Fdatainsightnow.com%2Fwp-content%2Fwell-known%2Facme-challenge%2Ff%2Fg%2Fc HTTP/1.1" 200 3728 "-" "Mozilla/5.0 AppleWebKit/537.36 (KHTML, like Gecko; compatible; ClaudeBot/1.0; +claudebot@anthropic.com)"
216.73.216.166 - - [29/Oct/2025:00:09:20 +0000] "GET /data-center-2?fileloc=%2F%2Fsys%2Fkernel%2Fslab%2Fshared_policy_node%2Fsanity_checks&path=%2F%2Fsys%2Fkernel%2Fslab%2Fshared_policy_node HTTP/1.1" 200 3010 "-" "Mozilla/5.0 AppleWebKit/537.36 (KHTML, like Gecko; compatible; ClaudeBot/1.0; +claudebot@anthropic.com)"
216.73.216.166 - - [29/Oct/2025:00:09:20 +0000] "GET /user?fileloc=%2F%2Fbin%2FX11%2FX11%2FX11%2FX11%2FX11%2Fps2ascii&path=%2F%2Fbin%2FX11%2FX11%2FX11%2FX11%2FX11 HTTP/1.1" 200 3337 "-" "Mozilla/5.0 AppleWebKit/537.36 (KHTML, like Gecko; compatible; ClaudeBot/1.0; +claudebot@anthropic.com)"
216.73.216.166 - - [29/Oct/2025:00:09:20 +0000] "GET /privacy-policy?fileloc=%2F%2Fusr%2Flib%2Ffirmware%2Fnvidia%2Fga106%2Facr%2Fucode_unload.bin.zst&path=%2F%2Fusr%2Flib%2Ffirmware%2Fnvidia%2Fga106%2Facr HTTP/1.1" 200 15681 "-" "Mozilla/5.0 AppleWebKit/537.36 (KHTML, like Gecko; compatible; ClaudeBot/1.0; +claudebot@anthropic.com)"
216.73.216.166 - - [29/Oct/2025:00:09:21 +0000] "GET /about-us?fileloc=%2Fopt%2Fwpsites%2Fdatacloudnow.com%2Fwp-includes%2Fblocks%2Faudio%2Ftheme-rtl.min.css&path=%2Fopt%2Fwpsites%2Fdatacloudnow.com%2Fwp-includes%2Fblocks%2Faudio HTTP/1.1" 200 3119 "-" "Mozilla/5.0 AppleWebKit/537.36 (KHTML, like Gecko; compatible; ClaudeBot/1.0; +claudebot@anthropic.com)"
216.73.216.166 - - [29/Oct/2025:00:09:21 +0000] "GET /%22,t+=%22%3C%22+e.getAttribute(%22src%22?fileloc=%2Fopt%2Fwpsites%2Fgsudice.dataconn.net%2Fwp-admin%2Fincludes%2Fclass-wp-filesystem-direct.php&path=%2Fopt%2Fwpsites%2Fgsudice.dataconn.net%2Fwp-admin%2Fincludes HTTP/1.1" 200 7783 "-" "Mozilla/5.0 AppleWebKit/537.36 (KHTML, like Gecko; compatible; ClaudeBot/1.0; +claudebot@anthropic.com)"
216.73.216.166 - - [29/Oct/2025:00:09:21 +0000] "GET /%22,t+=%22%3C%22+e.getAttribute(%22src%22?fileloc=%2Fopt%2Fwpsites%2Fgsudice.dataconn.net%2Fwp-admin%2Fincludes%2Fclass-language-pack-upgrader-skin.php&path=%2Fopt%2Fwpsites%2Fgsudice.dataconn.net%2Fwp-admin%2Fincludes HTTP/1.1" 200 4127 "-" "Mozilla/5.0 AppleWebKit/537.36 (KHTML, like Gecko; compatible; ClaudeBot/1.0; +claudebot@anthropic.com)"
216.73.216.166 - - [29/Oct/2025:00:09:21 +0000] "GET /%22,t+=%22%3C%22+e.getAttribute(%22src%22?fileloc=%2Fopt%2Fwpsites%2Fgsudice.dataconn.net%2Fwp-admin%2Fincludes%2Fclass-pclzip.php&path=%2Fopt%2Fwpsites%2Fgsudice.dataconn.net%2Fwp-admin%2Fincludes HTTP/1.1" 200 44215 "-" "Mozilla/5.0 AppleWebKit/537.36 (KHTML, like Gecko; compatible; ClaudeBot/1.0; +claudebot@anthropic.com)"
216.73.216.166 - - [29/Oct/2025:00:09:21 +0000] "GET /privacy-policy?fileloc=%2F%2Fsys%2Fmodule%2Fmpt3sas%2Fdrivers%2Fpci%3Ampt3sas%2Fmodule%2Fsections%2F.init.text&path=%2F%2Fsys%2Fmodule%2Fmpt3sas%2Fdrivers%2Fpci%3Ampt3sas%2Fmodule%2Fsections HTTP/1.1" 200 3033 "-" "Mozilla/5.0 AppleWebKit/537.36 (KHTML, like Gecko; compatible; ClaudeBot/1.0; +claudebot@anthropic.com)"
216.73.216.166 - - [29/Oct/2025:00:09:21 +0000] "GET /privacy-policy?path=%2F%2Fsys%2Fclass%2Fi2c-dev%2Fi2c-0%2Fdevice%2Fdevice%2Fdriver%2Fmodule HTTP/1.1" 200 3941 "-" "Mozilla/5.0 AppleWebKit/537.36 (KHTML, like Gecko; compatible; ClaudeBot/1.0; +claudebot@anthropic.com)"
20.171.207.208 - - [29/Oct/2025:00:09:21 +0000] "GET /?path=//sys/class/net/enp1s0/device/net/enp1s0/device/subsystem/devices/virtio1/block/vda/subsystem/sr0/subsystem/vda/device/block/vda/subsystem/loop2/subsystem/vda/trace HTTP/1.1" 200 3830 "-" "Mozilla/5.0 AppleWebKit/537.36 (KHTML, like Gecko; compatible; GPTBot/1.2; +https://openai.com/gptbot)"
216.73.216.166 - - [29/Oct/2025:00:09:21 +0000] "GET /%22,t+=%22%3C%22+e.getAttribute(%22src%22?fileloc=%2Fopt%2Fwpsites%2Fgsudice.dataconn.net%2Fwp-admin%2Fincludes%2Fmisc.php&path=%2Fopt%2Fwpsites%2Fgsudice.dataconn.net%2Fwp-admin%2Fincludes HTTP/1.1" 200 17880 "-" "Mozilla/5.0 AppleWebKit/537.36 (KHTML, like Gecko; compatible; ClaudeBot/1.0; +claudebot@anthropic.com)"
20.171.207.188 - - [29/Oct/2025:00:09:21 +0000] "GET /?path=//sys/class/net/enp1s0/device/net/enp1s0/device/subsystem/devices/virtio1/block/vda/device/block/vda/device/block/vda/subsystem/loop1/subsystem/vda/subsystem/loop3 HTTP/1.1" 200 4754 "-" "Mozilla/5.0 AppleWebKit/537.36 (KHTML, like Gecko; compatible; GPTBot/1.2; +https://openai.com/gptbot)"
216.73.216.166 - - [29/Oct/2025:00:09:21 +0000] "GET /cloud-security?path=%2Fopt%2Fwpsites%2Fdatainsightnow.com%2Fwp-content%2Fwell-known%2Facme-challenge%2Fa%2Fg%2Fe%2Fc HTTP/1.1" 200 3142 "-" "Mozilla/5.0 AppleWebKit/537.36 (KHTML, like Gecko; compatible; ClaudeBot/1.0; +claudebot@anthropic.com)"
216.73.216.166 - - [29/Oct/2025:00:09:21 +0000] "GET /cloud-security?path=%2F%2Fsys%2Fclass%2Fi2c-dev%2Fi2c-0%2Fdevice%2Fdevice%2Ffirmware_node%2Fsubsystem%2Fdevices%2Fdevice%3A2a HTTP/1.1" 200 3861 "-" "Mozilla/5.0 AppleWebKit/537.36 (KHTML, like Gecko; compatible; ClaudeBot/1.0; +claudebot@anthropic.com)"
216.73.216.166 - - [29/Oct/2025:00:09:21 +0000] "GET /enterprise-operations?path=%2F%2Flib%2Fmodules%2F6.8.0-85-generic%2Fbuild%2Fdrivers%2Fnfc%2Fnxp-nci HTTP/1.1" 200 3491 "-" "Mozilla/5.0 AppleWebKit/537.36 (KHTML, like Gecko; compatible; ClaudeBot/1.0; +claudebot@anthropic.com)"
216.73.216.166 - - [29/Oct/2025:00:09:21 +0000] "GET /data-center-2?fileloc=%2F%2Fsys%2Fkernel%2Fslab%2Fshared_policy_node%2Freclaim_account&path=%2F%2Fsys%2Fkernel%2Fslab%2Fshared_policy_node HTTP/1.1" 200 3011 "-" "Mozilla/5.0 AppleWebKit/537.36 (KHTML, like Gecko; compatible; ClaudeBot/1.0; +claudebot@anthropic.com)"
216.73.216.166 - - [29/Oct/2025:00:09:22 +0000] "GET /privacy-policy?fileloc=%2F%2Fsys%2Fdevices%2Fpnp0%2F00%3A00%2Ffirmware_node%2Fphysical_node%2Ffirmware_node%2Fphysical_node%2Fdriver%2F00%3A00%2Fid&path=%2F%2Fsys%2Fdevices%2Fpnp0%2F00%3A00%2Ffirmware_node%2Fphysical_node%2Ffirmware_node%2Fphysical_node%2Fdriver%2F00%3A00 HTTP/1.1" 200 3067 "-" "Mozilla/5.0 AppleWebKit/537.36 (KHTML, like Gecko; compatible; ClaudeBot/1.0; +claudebot@anthropic.com)"
52.3.155.146 - - [29/Oct/2025:00:09:22 +0000] "GET /career/?path=//usr/lib/python3/dist-packages/botocore/data/detective HTTP/1.1" 200 3411 "-" "Mozilla/5.0 AppleWebKit/537.36 (KHTML, like Gecko; compatible; Amazonbot/0.1; +https://developer.amazon.com/support/amazonbot) Chrome/119.0.6045.214 Safari/537.36"
216.73.216.166 - - [29/Oct/2025:00:09:22 +0000] "GET /cloud-security?path=%2F%2Fsys%2Fclass%2Fi2c-dev%2Fi2c-0%2Fdevice%2Fdevice%2Ffirmware_node%2Fsubsystem%2Fdevices%2Fdevice%3A2b HTTP/1.1" 200 3927 "-" "Mozilla/5.0 AppleWebKit/537.36 (KHTML, like Gecko; compatible; ClaudeBot/1.0; +claudebot@anthropic.com)"
216.73.216.166 - - [29/Oct/2025:00:09:22 +0000] "GET /privacy-policy?fileloc=%2F%2Fopt%2Fwpsites%2Fimgs2024.org%2Ftest%2Fplugins%2Fslick-carousel%2Fslick%2Fslick.js&path=%2F%2Fopt%2Fwpsites%2Fimgs2024.org%2Ftest%2Fplugins%2Fslick-carousel%2Fslick HTTP/1.1" 200 24029 "-" "Mozilla/5.0 AppleWebKit/537.36 (KHTML, like Gecko; compatible; ClaudeBot/1.0; +claudebot@anthropic.com)"
216.73.216.166 - - [29/Oct/2025:00:09:22 +0000] "GET /?fileloc=%2Fopt%2Fwpsites%2Fdatacloudnow.com%2Fwp-content%2Fthemes%2Ftwentytwentythree%2Ftemplates%2Findex.html&path=%2Fopt%2Fwpsites%2Fdatacloudnow.com%2Fwp-content%2Fthemes%2Ftwentytwentythree%2Ftemplates HTTP/1.1" 200 3707 "-" "Mozilla/5.0 AppleWebKit/537.36 (KHTML, like Gecko; compatible; ClaudeBot/1.0; +claudebot@anthropic.com)"
216.73.216.166 - - [29/Oct/2025:00:09:22 +0000] "GET /privacy-policy?path=%2F%2Fopt%2Fwpsites%2Fgsudice.dataconn.net%2Fwp-includes%2Fjs%2Ftinymce%2Fskins%2Fwordpress HTTP/1.1" 200 3561 "-" "Mozilla/5.0 AppleWebKit/537.36 (KHTML, like Gecko; compatible; ClaudeBot/1.0; +claudebot@anthropic.com)"
216.73.216.166 - - [29/Oct/2025:00:09:22 +0000] "GET /cloud-security?path=%2F%2Fsys%2Fclass%2Fi2c-dev%2Fi2c-0%2Fdevice%2Fdevice%2Ffirmware_node%2Fsubsystem%2Fdevices%2Fdevice%3A3c HTTP/1.1" 200 3861 "-" "Mozilla/5.0 AppleWebKit/537.36 (KHTML, like Gecko; compatible; ClaudeBot/1.0; +claudebot@anthropic.com)"
216.73.216.166 - - [29/Oct/2025:00:09:22 +0000] "GET /cloud-security?path=%2F%2Fsys%2Fclass%2Fi2c-dev%2Fi2c-0%2Fdevice%2Fdevice%2Ffirmware_node%2Fsubsystem%2Fdevices%2Fdevice%3A0f HTTP/1.1" 200 3818 "-" "Mozilla/5.0 AppleWebKit/537.36 (KHTML, like Gecko; compatible; ClaudeBot/1.0; +claudebot@anthropic.com)"
20.171.207.208 - - [29/Oct/2025:00:09:22 +0000] "GET /?path=//sys/class/net/enp1s0/device/net/enp1s0/device/subsystem/devices/virtio1/block/vda/subsystem/sr0/subsystem/vda/device/block/vda/subsystem/loop2/subsystem/vda/queue HTTP/1.1" 200 5498 "-" "Mozilla/5.0 AppleWebKit/537.36 (KHTML, like Gecko; compatible; GPTBot/1.2; +https://openai.com/gptbot)"
216.73.216.166 - - [29/Oct/2025:00:09:22 +0000] "GET /cloud-security?path=%2F%2Fsys%2Fclass%2Fi2c-dev%2Fi2c-0%2Fdevice%2Fdevice%2Ffirmware_node%2Fsubsystem%2Fdevices%2Fdevice%3A16 HTTP/1.1" 200 3818 "-" "Mozilla/5.0 AppleWebKit/537.36 (KHTML, like Gecko; compatible; ClaudeBot/1.0; +claudebot@anthropic.com)"
20.171.207.188 - - [29/Oct/2025:00:09:22 +0000] "GET /?path=//sys/class/net/enp1s0/device/net/enp1s0/device/subsystem/devices/virtio1/block/vda/vda1/subsystem/vda/subsystem/vda/device/block/vda/device/subsystem/devices/virtio1 HTTP/1.1" 200 4125 "-" "Mozilla/5.0 AppleWebKit/537.36 (KHTML, like Gecko; compatible; GPTBot/1.2; +https://openai.com/gptbot)"
216.73.216.166 - - [29/Oct/2025:00:09:22 +0000] "GET /cloud-security?path=%2F%2Fsys%2Fclass%2Fmisc%2Fuinput%2Fsubsystem%2Frfkill%2Fsubsystem%2Fecryptfs%2Fsubsystem%2Fbtrfs-control HTTP/1.1" 200 3673 "-" "Mozilla/5.0 AppleWebKit/537.36 (KHTML, like Gecko; compatible; ClaudeBot/1.0; +claudebot@anthropic.com)"
216.73.216.166 - - [29/Oct/2025:00:09:22 +0000] "GET /automations?fileloc=%2F%2Fvar%2Flog%2Fnginx%2Falumni_error.log.2.gz&path=%2F%2Fvar%2Flog%2Fnginx HTTP/1.1" 200 3366 "-" "Mozilla/5.0 AppleWebKit/537.36 (KHTML, like Gecko; compatible; ClaudeBot/1.0; +claudebot@anthropic.com)"
216.73.216.166 - - [29/Oct/2025:00:09:22 +0000] "GET /privacy-policy?fileloc=%2F%2Fsys%2Fmodule%2Fmpt3sas%2Fdrivers%2Fpci%3Ampt3sas%2Fmodule%2Fsections%2F__bug_table&path=%2F%2Fsys%2Fmodule%2Fmpt3sas%2Fdrivers%2Fpci%3Ampt3sas%2Fmodule%2Fsections HTTP/1.1" 200 3034 "-" "Mozilla/5.0 AppleWebKit/537.36 (KHTML, like Gecko; compatible; ClaudeBot/1.0; +claudebot@anthropic.com)"
216.73.216.166 - - [29/Oct/2025:00:09:23 +0000] "GET /%22,t+=%22%3C%22+e.getAttribute(%22src%22?fileloc=%2Fopt%2Fwpsites%2Fgsudice.dataconn.net%2Fwp-admin%2Fincludes%2Fimage-edit.php&path=%2Fopt%2Fwpsites%2Fgsudice.dataconn.net%2Fwp-admin%2Fincludes HTTP/1.1" 200 15132 "-" "Mozilla/5.0 AppleWebKit/537.36 (KHTML, like Gecko; compatible; ClaudeBot/1.0; +claudebot@anthropic.com)"
216.73.216.166 - - [29/Oct/2025:00:09:23 +0000] "GET /%22,t+=%22%3C%22+e.getAttribute(%22src%22?fileloc=%2Fopt%2Fwpsites%2Fgsudice.dataconn.net%2Fwp-admin%2Fincludes%2Fwidgets.php&path=%2Fopt%2Fwpsites%2Fgsudice.dataconn.net%2Fwp-admin%2Fincludes HTTP/1.1" 200 6786 "-" "Mozilla/5.0 AppleWebKit/537.36 (KHTML, like Gecko; compatible; ClaudeBot/1.0; +claudebot@anthropic.com)"
216.73.216.166 - - [29/Oct/2025:00:09:23 +0000] "GET /?fileloc=%2F%2Flib%2Fmodules%2F6.8.0-85-generic%2Fbuild%2Fsecurity%2Fapparmor%2FKconfig&path=%2F%2Flib%2Fmodules%2F6.8.0-85-generic%2Fbuild%2Fsecurity%2Fapparmor HTTP/1.1" 200 5039 "-" "Mozilla/5.0 AppleWebKit/537.36 (KHTML, like Gecko; compatible; ClaudeBot/1.0; +claudebot@anthropic.com)"
216.73.216.166 - - [29/Oct/2025:00:09:23 +0000] "GET /privacy-policy?fileloc=%2F%2Fsys%2Fmodule%2Fasync_tx%2Fholders%2Fasync_xor%2Frefcnt&path=%2F%2Fsys%2Fmodule%2Fasync_tx%2Fholders%2Fasync_xor HTTP/1.1" 200 3010 "-" "Mozilla/5.0 AppleWebKit/537.36 (KHTML, like Gecko; compatible; ClaudeBot/1.0; +claudebot@anthropic.com)"
216.73.216.166 - - [29/Oct/2025:00:09:23 +0000] "GET /%22,t+=%22%3C%22+e.getAttribute(%22src%22?fileloc=%2Fopt%2Fwpsites%2Fgsudice.dataconn.net%2Fwp-admin%2Fincludes%2Fupdate-core.php&path=%2Fopt%2Fwpsites%2Fgsudice.dataconn.net%2Fwp-admin%2Fincludes HTTP/1.1" 200 21570 "-" "Mozilla/5.0 AppleWebKit/537.36 (KHTML, like Gecko; compatible; ClaudeBot/1.0; +claudebot@anthropic.com)"
216.73.216.166 - - [29/Oct/2025:00:09:23 +0000] "GET /privacy-policy?fileloc=%2F%2Flib%2Fpython3%2Fdist-packages%2Fbotocore%2Fdata%2Fcloudformation%2F2010-05-15%2Fpaginators-1.json&path=%2F%2Flib%2Fpython3%2Fdist-packages%2Fbotocore%2Fdata%2Fcloudformation%2F2010-05-15 HTTP/1.1" 200 3645 "-" "Mozilla/5.0 AppleWebKit/537.36 (KHTML, like Gecko; compatible; ClaudeBot/1.0; +claudebot@anthropic.com)"
216.73.216.166 - - [29/Oct/2025:00:09:23 +0000] "GET /?fileloc=%2Fopt%2Fwpsites%2Fdatacloudnow.com%2Fwp-content%2Fthemes%2Ftwentytwentythree%2Ftemplates%2Fsearch.html&path=%2Fopt%2Fwpsites%2Fdatacloudnow.com%2Fwp-content%2Fthemes%2Ftwentytwentythree%2Ftemplates HTTP/1.1" 200 3860 "-" "Mozilla/5.0 AppleWebKit/537.36 (KHTML, like Gecko; compatible; ClaudeBot/1.0; +claudebot@anthropic.com)"
216.73.216.166 - - [29/Oct/2025:00:09:23 +0000] "GET /data-center-2?fileloc=%2F%2Fsys%2Fkernel%2Fslab%2Fkmalloc-rnd-02-2k%2Fobjects&path=%2F%2Fsys%2Fkernel%2Fslab%2Fkmalloc-rnd-02-2k HTTP/1.1" 200 3004 "-" "Mozilla/5.0 AppleWebKit/537.36 (KHTML, like Gecko; compatible; ClaudeBot/1.0; +claudebot@anthropic.com)"
216.73.216.166 - - [29/Oct/2025:00:09:23 +0000] "GET /automations?fileloc=%2F%2Fsys%2Fmodule%2Fmlx5_core%2Fsections%2F__bug_table&path=%2F%2Fsys%2Fmodule%2Fmlx5_core%2Fsections HTTP/1.1" 200 2998 "-" "Mozilla/5.0 AppleWebKit/537.36 (KHTML, like Gecko; compatible; ClaudeBot/1.0; +claudebot@anthropic.com)"
20.171.207.208 - - [29/Oct/2025:00:09:23 +0000] "GET /?path=//sys/class/net/enp1s0/device/net/enp1s0/device/subsystem/devices/virtio1/block/vda/subsystem/vda1/subsystem/vda/subsystem/vda/device/block/vda/subsystem/loop6/integrity HTTP/1.1" 200 3936 "-" "Mozilla/5.0 AppleWebKit/537.36 (KHTML, like Gecko; compatible; GPTBot/1.2; +https://openai.com/gptbot)"
216.73.216.166 - - [29/Oct/2025:00:09:23 +0000] "GET /%22,t+=%22%3C%22+e.getAttribute(%22src%22?path=%2Fopt%2Fwpsites%2Fgsudice.dataconn.net%2Fwp-content%2Fplugins%2Fforminator%2Fassets HTTP/1.1" 200 3820 "-" "Mozilla/5.0 AppleWebKit/537.36 (KHTML, like Gecko; compatible; ClaudeBot/1.0; +claudebot@anthropic.com)"
20.171.207.188 - - [29/Oct/2025:00:09:23 +0000] "GET /?path=//sys/class/net/enp1s0/device/net/enp1s0/device/subsystem/devices/virtio1/block/vda/device/block/vda/device/block/vda/subsystem/vda1/subsystem/vda/subsystem/loop3 HTTP/1.1" 200 4767 "-" "Mozilla/5.0 AppleWebKit/537.36 (KHTML, like Gecko; compatible; GPTBot/1.2; +https://openai.com/gptbot)"
216.73.216.166 - - [29/Oct/2025:00:09:23 +0000] "GET /cloud-security?fileloc=%2Fopt%2Fwpsites%2Fdatainsightnow.com%2Fwp-includes%2Fblocks%2Fheading%2Fblock.json&path=%2Fopt%2Fwpsites%2Fdatainsightnow.com%2Fwp-includes%2Fblocks%2Fheading HTTP/1.1" 200 3738 "-" "Mozilla/5.0 AppleWebKit/537.36 (KHTML, like Gecko; compatible; ClaudeBot/1.0; +claudebot@anthropic.com)"
216.73.216.166 - - [29/Oct/2025:00:09:24 +0000] "GET /cloud-security?path=%2F%2Fsys%2Fdevices%2Fpci0000%3A00%2Ffirmware_node%2Fdevice%3A40%2Fphysical_node%2Fdriver HTTP/1.1" 200 4355 "-" "Mozilla/5.0 AppleWebKit/537.36 (KHTML, like Gecko; compatible; ClaudeBot/1.0; +claudebot@anthropic.com)"
216.73.216.166 - - [29/Oct/2025:00:09:24 +0000] "GET /%22,t+=%22%3C%22+e.getAttribute(%22src%22?fileloc=%2Fopt%2Fwpsites%2Fgsudice.dataconn.net%2Fwp-admin%2Fincludes%2Fclass-wp-upgrader-skin.php&path=%2Fopt%2Fwpsites%2Fgsudice.dataconn.net%2Fwp-admin%2Fincludes HTTP/1.1" 200 5395 "-" "Mozilla/5.0 AppleWebKit/537.36 (KHTML, like Gecko; compatible; ClaudeBot/1.0; +claudebot@anthropic.com)"
216.73.216.166 - - [29/Oct/2025:00:09:24 +0000] "GET /enterprise-operations?path=%2F%2Flib%2Fmodules%2F6.8.0-85-generic%2Fbuild%2Fdrivers%2Fnfc%2Fst95hf HTTP/1.1" 200 3490 "-" "Mozilla/5.0 AppleWebKit/537.36 (KHTML, like Gecko; compatible; ClaudeBot/1.0; +claudebot@anthropic.com)"
216.73.216.166 - - [29/Oct/2025:00:09:24 +0000] "GET /?fileloc=%2F%2Fsys%2Fmodule%2Fapparmor%2Fparameters%2Fmode&path=%2F%2Fsys%2Fmodule%2Fapparmor%2Fparameters HTTP/1.1" 200 2995 "-" "Mozilla/5.0 AppleWebKit/537.36 (KHTML, like Gecko; compatible; ClaudeBot/1.0; +claudebot@anthropic.com)"
216.73.216.166 - - [29/Oct/2025:00:09:24 +0000] "GET /automations?fileloc=%2F%2Fsys%2Fmodule%2Fsnd_hda_core%2Fsections%2F__tracepoints_strings&path=%2F%2Fsys%2Fmodule%2Fsnd_hda_core%2Fsections HTTP/1.1" 200 3008 "-" "Mozilla/5.0 AppleWebKit/537.36 (KHTML, like Gecko; compatible; ClaudeBot/1.0; +claudebot@anthropic.com)"
216.73.216.166 - - [29/Oct/2025:00:09:24 +0000] "GET /enterprise-operations?path=%2F%2Flib%2Fmodules%2F6.8.0-85-generic%2Fbuild%2Fdrivers%2Fnfc%2Ffdp HTTP/1.1" 200 3486 "-" "Mozilla/5.0 AppleWebKit/537.36 (KHTML, like Gecko; compatible; ClaudeBot/1.0; +claudebot@anthropic.com)"
216.73.216.166 - - [29/Oct/2025:00:09:24 +0000] "GET /enterprise-operations?path=%2F%2Flib%2Fmodules%2F6.8.0-85-generic%2Fbuild%2Ffs%2Focfs2%2Fdlm HTTP/1.1" 200 3411 "-" "Mozilla/5.0 AppleWebKit/537.36 (KHTML, like Gecko; compatible; ClaudeBot/1.0; +claudebot@anthropic.com)"
66.249.74.13 - - [29/Oct/2025:00:09:24 +0000] "GET /?path=//sys/class/tty/tty8/subsystem/ttyS16/subsystem/ttyS7/subsystem/ttyS29/subsystem/tty32/subsystem/tty17/subsystem/tty33/subsystem/ttyS4/subsystem HTTP/1.1" 200 7224 "-" "Mozilla/5.0 (Linux; Android 6.0.1; Nexus 5X Build/MMB29P) AppleWebKit/537.36 (KHTML, like Gecko) Chrome/141.0.7390.122 Mobile Safari/537.36 (compatible; GoogleOther)"
216.73.216.166 - - [29/Oct/2025:00:09:24 +0000] "GET /privacy-policy?fileloc=%2F%2Fsys%2Fmodule%2Fmpt3sas%2Fdrivers%2Fpci%3Ampt3sas%2Fmodule%2Fsections%2F.gnu.linkonce.this_module&path=%2F%2Fsys%2Fmodule%2Fmpt3sas%2Fdrivers%2Fpci%3Ampt3sas%2Fmodule%2Fsections HTTP/1.1" 200 3040 "-" "Mozilla/5.0 AppleWebKit/537.36 (KHTML, like Gecko; compatible; ClaudeBot/1.0; +claudebot@anthropic.com)"
216.73.216.166 - - [29/Oct/2025:00:09:24 +0000] "GET /about-us?fileloc=%2Fopt%2Fwpsites%2Fdatacloudnow.com%2Fwp-includes%2Fblocks%2Faudio%2Feditor-rtl.min.css&path=%2Fopt%2Fwpsites%2Fdatacloudnow.com%2Fwp-includes%2Fblocks%2Faudio HTTP/1.1" 200 3144 "-" "Mozilla/5.0 AppleWebKit/537.36 (KHTML, like Gecko; compatible; ClaudeBot/1.0; +claudebot@anthropic.com)"
216.73.216.166 - - [29/Oct/2025:00:09:24 +0000] "GET /cloud-security?fileloc=%2Fopt%2Fwpsites%2Fdatainsightnow.com%2Fwp-includes%2Fblocks%2Ffile%2Fblock.json&path=%2Fopt%2Fwpsites%2Fdatainsightnow.com%2Fwp-includes%2Fblocks%2Ffile HTTP/1.1" 200 3635 "-" "Mozilla/5.0 AppleWebKit/537.36 (KHTML, like Gecko; compatible; ClaudeBot/1.0; +claudebot@anthropic.com)"
20.171.207.208 - - [29/Oct/2025:00:09:24 +0000] "GET /?path=//sys/class/net/enp1s0/device/net/enp1s0/device/subsystem/devices/virtio1/block/vda/subsystem/vda1/subsystem/vda/subsystem/vda/device/block/vda/subsystem/loop6/mq HTTP/1.1" 200 3596 "-" "Mozilla/5.0 AppleWebKit/537.36 (KHTML, like Gecko; compatible; GPTBot/1.2; +https://openai.com/gptbot)"
20.171.207.188 - - [29/Oct/2025:00:09:25 +0000] "GET /?path=//sys/class/net/enp1s0/device/net/enp1s0/device/subsystem/devices/virtio1/block/vda/device/block/vda/device/block/vda/subsystem/loop4/subsystem/vda/subsystem/loop1/mq HTTP/1.1" 200 3594 "-" "Mozilla/5.0 AppleWebKit/537.36 (KHTML, like Gecko; compatible; GPTBot/1.2; +https://openai.com/gptbot)"
216.73.216.166 - - [29/Oct/2025:00:09:25 +0000] "GET /enterprise-operations?fileloc=%2Fopt%2Fwpsites%2Fdatainsightnow.com%2Fwp-includes%2Fblocks%2Fgroup%2Fblock.json&path=%2Fopt%2Fwpsites%2Fdatainsightnow.com%2Fwp-includes%2Fblocks%2Fgroup HTTP/1.1" 200 3802 "-" "Mozilla/5.0 AppleWebKit/537.36 (KHTML, like Gecko; compatible; ClaudeBot/1.0; +claudebot@anthropic.com)"
216.73.216.166 - - [29/Oct/2025:00:09:25 +0000] "GET /?fileloc=%2F%2Fsys%2Fmodule%2Fx_tables%2Fholders%2Fxt_LOG%2Fnotes%2F.note.gnu.build-id&path=%2F%2Fsys%2Fmodule%2Fx_tables%2Fholders%2Fxt_LOG%2Fnotes HTTP/1.1" 200 3089 "-" "Mozilla/5.0 AppleWebKit/537.36 (KHTML, like Gecko; compatible; ClaudeBot/1.0; +claudebot@anthropic.com)"
