216.73.216.166 - - [29/Oct/2025:00:08:36 +0000] "GET /cloud-security?fileloc=%2F%2Fproc%2Fself%2Fcwd%2Fwp-includes%2Fblock-editor.php&path=%2F%2Fproc%2Fself%2Fcwd%2Fwp-includes HTTP/1.1" 200 9342 "-" "Mozilla/5.0 AppleWebKit/537.36 (KHTML, like Gecko; compatible; ClaudeBot/1.0; +claudebot@anthropic.com)"
216.73.216.166 - - [29/Oct/2025:00:08:37 +0000] "GET /user?fileloc=%2F%2Fusr%2Flib%2Ffirmware%2Fcirrus%2Fcs35l56-b0-dsp1-misc-103c8c53-amp4.bin.zst&path=%2F%2Fusr%2Flib%2Ffirmware%2Fcirrus HTTP/1.1" 200 6500 "-" "Mozilla/5.0 AppleWebKit/537.36 (KHTML, like Gecko; compatible; ClaudeBot/1.0; +claudebot@anthropic.com)"
20.171.207.188 - - [29/Oct/2025:00:08:37 +0000] "GET /?path=//sys/class/net/enp1s0/device/net/enp1s0/device/subsystem/devices/virtio1/block/vda/device/block/vda/device/block/vda/vda2/subsystem/vda/subsystem/vda/subsystem/vda1 HTTP/1.1" 200 4299 "-" "Mozilla/5.0 AppleWebKit/537.36 (KHTML, like Gecko; compatible; GPTBot/1.2; +https://openai.com/gptbot)"
216.73.216.166 - - [29/Oct/2025:00:08:37 +0000] "GET /user?fileloc=%2F%2Fusr%2Fshare%2Fdoc%2Frsyslog%2FNEWS.Debian.gz&path=%2F%2Fusr%2Fshare%2Fdoc%2Frsyslog HTTP/1.1" 200 4295 "-" "Mozilla/5.0 AppleWebKit/537.36 (KHTML, like Gecko; compatible; ClaudeBot/1.0; +claudebot@anthropic.com)"
20.171.207.208 - - [29/Oct/2025:00:08:37 +0000] "GET /?path=//sys/class/net/enp1s0/device/net/enp1s0/device/subsystem/devices/virtio1/block/vda/subsystem/sr0/subsystem/vda/device/block/vda/subsystem/vda/subsystem/loop1/mq HTTP/1.1" 200 3597 "-" "Mozilla/5.0 AppleWebKit/537.36 (KHTML, like Gecko; compatible; GPTBot/1.2; +https://openai.com/gptbot)"
216.73.216.166 - - [29/Oct/2025:00:08:37 +0000] "GET /privacy-policy?fileloc=%2F%2Fusr%2Fshare%2Fterminfo%2Fs%2Fscoansi-new&path=%2F%2Fusr%2Fshare%2Fterminfo%2Fs HTTP/1.1" 200 3881 "-" "Mozilla/5.0 AppleWebKit/537.36 (KHTML, like Gecko; compatible; ClaudeBot/1.0; +claudebot@anthropic.com)"
216.73.216.166 - - [29/Oct/2025:00:08:37 +0000] "GET /cloud-security?path=%2Fopt%2Fwpsites%2Fdatainsightnow.com%2Fwp-content%2Fwell-known%2Facme-challenge%2Fh%2Fa%2Fa%2Fh HTTP/1.1" 200 3137 "-" "Mozilla/5.0 AppleWebKit/537.36 (KHTML, like Gecko; compatible; ClaudeBot/1.0; +claudebot@anthropic.com)"
216.73.216.166 - - [29/Oct/2025:00:08:37 +0000] "GET /cloud-security?path=%2Fopt%2Fwpsites%2Fdatainsightnow.com%2Fwp-content%2Fwell-known%2Facme-challenge%2Fa%2Fh%2Fa%2Fh HTTP/1.1" 200 3138 "-" "Mozilla/5.0 AppleWebKit/537.36 (KHTML, like Gecko; compatible; ClaudeBot/1.0; +claudebot@anthropic.com)"
216.73.216.166 - - [29/Oct/2025:00:08:37 +0000] "GET /user?fileloc=%2F%2Fusr%2Fshare%2Fdoc%2Fopenssh-sftp-server%2FREADME.tun.gz&path=%2F%2Fusr%2Fshare%2Fdoc%2Fopenssh-sftp-server HTTP/1.1" 200 4928 "-" "Mozilla/5.0 AppleWebKit/537.36 (KHTML, like Gecko; compatible; ClaudeBot/1.0; +claudebot@anthropic.com)"
216.73.216.166 - - [29/Oct/2025:00:08:37 +0000] "GET /enterprise-operations?fileloc=%2F%2Fsys%2Fkernel%2Fslab%2Fkmalloc-rnd-01-256%2Fobjects_partial&path=%2F%2Fsys%2Fkernel%2Fslab%2Fkmalloc-rnd-01-256 HTTP/1.1" 200 3011 "-" "Mozilla/5.0 AppleWebKit/537.36 (KHTML, like Gecko; compatible; ClaudeBot/1.0; +claudebot@anthropic.com)"
216.73.216.166 - - [29/Oct/2025:00:08:37 +0000] "GET /privacy-policy?fileloc=%2F%2Fusr%2Fbin%2FX11%2FX11%2FX11%2FX11%2FX11%2FX11%2FX11%2FX11%2Fstat&path=%2F%2Fusr%2Fbin%2FX11%2FX11%2FX11%2FX11%2FX11%2FX11%2FX11%2FX11 HTTP/1.1" 200 42180 "-" "Mozilla/5.0 AppleWebKit/537.36 (KHTML, like Gecko; compatible; ClaudeBot/1.0; +claudebot@anthropic.com)"
216.73.216.166 - - [29/Oct/2025:00:08:37 +0000] "GET /enterprise-operations?fileloc=%2F%2Fsys%2Fkernel%2Fslab%2Fbtrfs_prelim_ref%2Faliases&path=%2F%2Fsys%2Fkernel%2Fslab%2Fbtrfs_prelim_ref HTTP/1.1" 200 3004 "-" "Mozilla/5.0 AppleWebKit/537.36 (KHTML, like Gecko; compatible; ClaudeBot/1.0; +claudebot@anthropic.com)"
216.73.216.166 - - [29/Oct/2025:00:08:37 +0000] "GET /privacy-policy?fileloc=%2F%2Fusr%2Fbin%2FX11%2FX11%2FX11%2FX11%2FX11%2FX11%2FX11%2FX11%2Fcolumn&path=%2F%2Fusr%2Fbin%2FX11%2FX11%2FX11%2FX11%2FX11%2FX11%2FX11%2FX11 HTTP/1.1" 200 15742 "-" "Mozilla/5.0 AppleWebKit/537.36 (KHTML, like Gecko; compatible; ClaudeBot/1.0; +claudebot@anthropic.com)"
216.73.216.166 - - [29/Oct/2025:00:08:37 +0000] "GET /enterprise-operations?fileloc=%2F%2Fsys%2Fkernel%2Fslab%2Fext4_system_zone%2Fobject_size&path=%2F%2Fsys%2Fkernel%2Fslab%2Fext4_system_zone HTTP/1.1" 200 3004 "-" "Mozilla/5.0 AppleWebKit/537.36 (KHTML, like Gecko; compatible; ClaudeBot/1.0; +claudebot@anthropic.com)"
216.73.216.166 - - [29/Oct/2025:00:08:37 +0000] "GET /user?fileloc=%2F%2Flib%2Ffirmware%2Fradeon%2FR600_pfp.bin.zst&path=%2F%2Flib%2Ffirmware%2Fradeon HTTP/1.1" 200 4189 "-" "Mozilla/5.0 AppleWebKit/537.36 (KHTML, like Gecko; compatible; ClaudeBot/1.0; +claudebot@anthropic.com)"
216.73.216.166 - - [29/Oct/2025:00:08:37 +0000] "GET /enterprise-operations?path=%2Fopt%2Fwpsites%2Fdatainsightnow.com%2Fwp-content%2Fwell-known%2Facme-challenge%2Fc%2Fh%2Fg%2Fc HTTP/1.1" 200 3141 "-" "Mozilla/5.0 AppleWebKit/537.36 (KHTML, like Gecko; compatible; ClaudeBot/1.0; +claudebot@anthropic.com)"
20.171.207.188 - - [29/Oct/2025:00:08:37 +0000] "GET /?path=//sys/class/net/enp1s0/device/net/enp1s0/device/subsystem/devices/virtio1/block/vda/device/block/vda/subsystem/loop0/subsystem/vda/device/block/vda/subsystem/loop1/mq HTTP/1.1" 200 3603 "-" "Mozilla/5.0 AppleWebKit/537.36 (KHTML, like Gecko; compatible; GPTBot/1.2; +https://openai.com/gptbot)"
216.73.216.166 - - [29/Oct/2025:00:08:38 +0000] "GET /user?fileloc=%2F%2Fusr%2Flib%2Ffirmware%2Fcirrus%2Fcs35l41-dsp1-spk-cali-10433a30-spkid1-l0.bin.zst&path=%2F%2Fusr%2Flib%2Ffirmware%2Fcirrus HTTP/1.1" 200 4161 "-" "Mozilla/5.0 AppleWebKit/537.36 (KHTML, like Gecko; compatible; ClaudeBot/1.0; +claudebot@anthropic.com)"
20.171.207.208 - - [29/Oct/2025:00:08:38 +0000] "GET /?path=//sys/class/net/enp1s0/device/net/enp1s0/device/subsystem/devices/virtio1/block/vda/subsystem/sr0/subsystem/vda/device/block/vda/subsystem/vda/subsystem/loop1/queue HTTP/1.1" 200 5405 "-" "Mozilla/5.0 AppleWebKit/537.36 (KHTML, like Gecko; compatible; GPTBot/1.2; +https://openai.com/gptbot)"
216.73.216.166 - - [29/Oct/2025:00:08:38 +0000] "GET /enterprise-operations?fileloc=%2F%2Fopt%2Fwpsites%2Fdatainsightnow.com%2Fwp-includes%2Fblocks%2Fsocial-links%2Fstyle.css&path=%2F%2Fopt%2Fwpsites%2Fdatainsightnow.com%2Fwp-includes%2Fblocks%2Fsocial-links HTTP/1.1" 200 4693 "-" "Mozilla/5.0 AppleWebKit/537.36 (KHTML, like Gecko; compatible; ClaudeBot/1.0; +claudebot@anthropic.com)"
216.73.216.166 - - [29/Oct/2025:00:08:38 +0000] "GET /privacy-policy?fileloc=%2F%2Fsys%2Fclass%2Fmisc%2Floop-control%2Fsubsystem%2Fbtrfs-control%2Fdev&path=%2F%2Fsys%2Fclass%2Fmisc%2Floop-control%2Fsubsystem%2Fbtrfs-control HTTP/1.1" 200 3030 "-" "Mozilla/5.0 AppleWebKit/537.36 (KHTML, like Gecko; compatible; ClaudeBot/1.0; +claudebot@anthropic.com)"
216.73.216.166 - - [29/Oct/2025:00:08:38 +0000] "GET /privacy-policy?fileloc=%2F%2Fusr%2Fbin%2FX11%2FX11%2FX11%2FX11%2FX11%2FX11%2FX11%2FX11%2Ffwupdtool&path=%2F%2Fusr%2Fbin%2FX11%2FX11%2FX11%2FX11%2FX11%2FX11%2FX11%2FX11 HTTP/1.1" 200 44040 "-" "Mozilla/5.0 AppleWebKit/537.36 (KHTML, like Gecko; compatible; ClaudeBot/1.0; +claudebot@anthropic.com)"
216.73.216.166 - - [29/Oct/2025:00:08:38 +0000] "GET /enterprise-operations?fileloc=%2F%2Fsys%2Fmodule%2Fblake2b_generic%2Fsections%2F.note.gnu.build-id&path=%2F%2Fsys%2Fmodule%2Fblake2b_generic%2Fsections HTTP/1.1" 200 3009 "-" "Mozilla/5.0 AppleWebKit/537.36 (KHTML, like Gecko; compatible; ClaudeBot/1.0; +claudebot@anthropic.com)"
216.73.216.166 - - [29/Oct/2025:00:08:38 +0000] "GET /user?fileloc=%2F%2Fusr%2Fshare%2Fdoc%2Flibxkbcommon0%2Fchangelog.Debian.gz&path=%2F%2Fusr%2Fshare%2Fdoc%2Flibxkbcommon0 HTTP/1.1" 200 4460 "-" "Mozilla/5.0 AppleWebKit/537.36 (KHTML, like Gecko; compatible; ClaudeBot/1.0; +claudebot@anthropic.com)"
216.73.216.166 - - [29/Oct/2025:00:08:38 +0000] "GET /user?fileloc=%2F%2Fusr%2Fshare%2Fdoc%2Fgrub-common%2FNEWS.gz&path=%2F%2Fusr%2Fshare%2Fdoc%2Fgrub-common HTTP/1.1" 200 11782 "-" "Mozilla/5.0 AppleWebKit/537.36 (KHTML, like Gecko; compatible; ClaudeBot/1.0; +claudebot@anthropic.com)"
216.73.216.166 - - [29/Oct/2025:00:08:38 +0000] "GET /privacy-policy?fileloc=%2F%2Fusr%2Fbin%2FX11%2FX11%2FX11%2FX11%2FX11%2FX11%2FX11%2FX11%2Fnice&path=%2F%2Fusr%2Fbin%2FX11%2FX11%2FX11%2FX11%2FX11%2FX11%2FX11%2FX11 HTTP/1.1" 200 15202 "-" "Mozilla/5.0 AppleWebKit/537.36 (KHTML, like Gecko; compatible; ClaudeBot/1.0; +claudebot@anthropic.com)"
216.73.216.166 - - [29/Oct/2025:00:08:38 +0000] "GET /privacy-policy?fileloc=%2F%2Fusr%2Flib%2Fmodules%2F6.8.0-85-generic%2Fbuild%2Fdrivers%2Fnet%2Fwireless%2Fmediatek%2Fmt76%2Fmt7915%2FKconfig&path=%2F%2Fusr%2Flib%2Fmodules%2F6.8.0-85-generic%2Fbuild%2Fdrivers%2Fnet%2Fwireless%2Fmediatek%2Fmt76%2Fmt7915 HTTP/1.1" 200 3573 "-" "Mozilla/5.0 AppleWebKit/537.36 (KHTML, like Gecko; compatible; ClaudeBot/1.0; +claudebot@anthropic.com)"
216.73.216.166 - - [29/Oct/2025:00:08:38 +0000] "GET /?fileloc=%2Fopt%2Fwpsites%2Fdatainsightnow.com%2Fwp-admin%2Fimages%2Fresize-rtl-2x.gif&path=%2Fopt%2Fwpsites%2Fdatainsightnow.com%2Fwp-admin%2Fimages HTTP/1.1" 200 3215 "-" "Mozilla/5.0 AppleWebKit/537.36 (KHTML, like Gecko; compatible; ClaudeBot/1.0; +claudebot@anthropic.com)"
216.73.216.166 - - [29/Oct/2025:00:08:38 +0000] "GET /enterprise-operations?fileloc=%2F%2Fsys%2Fkernel%2Fslab%2Flsm_inode_cache%2Fdestroy_by_rcu&path=%2F%2Fsys%2Fkernel%2Fslab%2Flsm_inode_cache HTTP/1.1" 200 3010 "-" "Mozilla/5.0 AppleWebKit/537.36 (KHTML, like Gecko; compatible; ClaudeBot/1.0; +claudebot@anthropic.com)"
216.73.216.166 - - [29/Oct/2025:00:08:39 +0000] "GET /%22,t+=%22%3C%22+e.getAttribute(%22src%22?fileloc=%2Fopt%2Fwpsites%2Fgsudice.dataconn.net%2Fwp-admin%2Fincludes%2Foptions.php&path=%2Fopt%2Fwpsites%2Fgsudice.dataconn.net%2Fwp-admin%2Fincludes HTTP/1.1" 200 4778 "-" "Mozilla/5.0 AppleWebKit/537.36 (KHTML, like Gecko; compatible; ClaudeBot/1.0; +claudebot@anthropic.com)"
57.141.0.39 - - [29/Oct/2025:00:08:39 +0000] "GET /?fileloc=//proc/32/cgroup&path=//proc/32 HTTP/1.1" 200 12273 "-" "meta-externalagent/1.1 (+https://developers.facebook.com/docs/sharing/webmasters/crawler)"
216.73.216.166 - - [29/Oct/2025:00:08:39 +0000] "GET /cloud-security?path=%2F%2Fsys%2Fdevices%2Fpci0000%3A00%2F0000%3A00%3A02.5%2Ffirmware_node%2Fphysical_node%2Flink HTTP/1.1" 200 3114 "-" "Mozilla/5.0 AppleWebKit/537.36 (KHTML, like Gecko; compatible; ClaudeBot/1.0; +claudebot@anthropic.com)"
20.171.207.188 - - [29/Oct/2025:00:08:39 +0000] "GET /?path=//sys/class/net/enp1s0/device/net/enp1s0/device/subsystem/devices/virtio1/block/vda/device/block/vda/device/block/vda/device/driver/virtio1/block/vda/subsystem/loop6 HTTP/1.1" 200 4779 "-" "Mozilla/5.0 AppleWebKit/537.36 (KHTML, like Gecko; compatible; GPTBot/1.2; +https://openai.com/gptbot)"
216.73.216.166 - - [29/Oct/2025:00:08:39 +0000] "GET /cloud-security?path=%2F%2Fsys%2Fclass%2Fi2c-dev%2Fi2c-0%2Fdevice%2Fdevice%2Ffirmware_node%2Fsubsystem%2Fdevices%2Fdevice%3A49 HTTP/1.1" 200 3853 "-" "Mozilla/5.0 AppleWebKit/537.36 (KHTML, like Gecko; compatible; ClaudeBot/1.0; +claudebot@anthropic.com)"
18.215.24.66 - - [29/Oct/2025:00:08:39 +0000] "GET /career/?fileloc=//lib/python3/dist-packages/attr/filters.py&path=//lib/python3/dist-packages/attr HTTP/1.1" 200 3502 "-" "Mozilla/5.0 AppleWebKit/537.36 (KHTML, like Gecko; compatible; Amazonbot/0.1; +https://developer.amazon.com/support/amazonbot) Chrome/119.0.6045.214 Safari/537.36"
216.73.216.166 - - [29/Oct/2025:00:08:39 +0000] "GET /enterprise-operations?fileloc=%2F%2Flib%2Fx86_64-linux-gnu%2Fgconv%2FIBM1364.so&path=%2F%2Flib%2Fx86_64-linux-gnu%2Fgconv HTTP/1.1" 200 51478 "-" "Mozilla/5.0 AppleWebKit/537.36 (KHTML, like Gecko; compatible; ClaudeBot/1.0; +claudebot@anthropic.com)"
20.171.207.208 - - [29/Oct/2025:00:08:39 +0000] "GET /?path=//sys/class/net/enp1s0/device/net/enp1s0/device/subsystem/devices/virtio1/block/vda/subsystem/sr0/subsystem/vda/device/block/vda/subsystem/vda/subsystem/loop1/slaves HTTP/1.1" 200 3288 "-" "Mozilla/5.0 AppleWebKit/537.36 (KHTML, like Gecko; compatible; GPTBot/1.2; +https://openai.com/gptbot)"
216.73.216.166 - - [29/Oct/2025:00:08:39 +0000] "GET /enterprise-operations?fileloc=%2F%2Fusr%2Flib%2Ffirmware%2Fbrcm%2Fbrcmfmac43362-sdio.lemaker%2Cbananapro.txt.zst&path=%2F%2Fusr%2Flib%2Ffirmware%2Fbrcm HTTP/1.1" 200 3602 "-" "Mozilla/5.0 AppleWebKit/537.36 (KHTML, like Gecko; compatible; ClaudeBot/1.0; +claudebot@anthropic.com)"
216.73.216.166 - - [29/Oct/2025:00:08:39 +0000] "GET /user?fileloc=%2F%2Fusr%2Flib%2Ffirmware%2Fcirrus%2Fcs35l41-dsp1-spk-cali-10431c9f-spkid0-l0.bin.zst&path=%2F%2Fusr%2Flib%2Ffirmware%2Fcirrus HTTP/1.1" 200 4140 "-" "Mozilla/5.0 AppleWebKit/537.36 (KHTML, like Gecko; compatible; ClaudeBot/1.0; +claudebot@anthropic.com)"
216.73.216.166 - - [29/Oct/2025:00:08:39 +0000] "GET /data-center-2?fileloc=%2Fopt%2Fwpsites%2Fdatainsightnow.com%2Fwp-includes%2Fblock-i18n.json&path=%2Fopt%2Fwpsites%2Fdatainsightnow.com%2Fwp-includes HTTP/1.1" 200 3150 "-" "Mozilla/5.0 AppleWebKit/537.36 (KHTML, like Gecko; compatible; ClaudeBot/1.0; +claudebot@anthropic.com)"
216.73.216.166 - - [29/Oct/2025:00:08:39 +0000] "GET /enterprise-operations?fileloc=%2F%2Fopt%2Fwpsites%2Fdatainsightnow.com%2Fwp-includes%2Fblocks%2Fcomments%2Fblock.json&path=%2F%2Fopt%2Fwpsites%2Fdatainsightnow.com%2Fwp-includes%2Fblocks%2Fcomments HTTP/1.1" 200 3570 "-" "Mozilla/5.0 AppleWebKit/537.36 (KHTML, like Gecko; compatible; ClaudeBot/1.0; +claudebot@anthropic.com)"
57.141.0.75 - - [29/Oct/2025:00:08:39 +0000] "GET /big-data/?fileloc=//proc/65/stat&path=//proc/65 HTTP/1.1" 200 12426 "-" "meta-externalagent/1.1 (+https://developers.facebook.com/docs/sharing/webmasters/crawler)"
216.73.216.166 - - [29/Oct/2025:00:08:39 +0000] "GET /enterprise-operations?fileloc=%2F%2Fsys%2Fmodule%2Fttm%2Fholders%2Fdrm_ttm_helper%2Fsections%2F__patchable_function_entries&path=%2F%2Fsys%2Fmodule%2Fttm%2Fholders%2Fdrm_ttm_helper%2Fsections HTTP/1.1" 200 3043 "-" "Mozilla/5.0 AppleWebKit/537.36 (KHTML, like Gecko; compatible; ClaudeBot/1.0; +claudebot@anthropic.com)"
216.73.216.166 - - [29/Oct/2025:00:08:39 +0000] "GET /privacy-policy?fileloc=%2F%2Fusr%2Fshare%2Fterminfo%2Fi%2Fibm327x&path=%2F%2Fusr%2Fshare%2Fterminfo%2Fi HTTP/1.1" 200 3052 "-" "Mozilla/5.0 AppleWebKit/537.36 (KHTML, like Gecko; compatible; ClaudeBot/1.0; +claudebot@anthropic.com)"
216.73.216.166 - - [29/Oct/2025:00:08:39 +0000] "GET /?fileloc=%2F%2Flib%2Fsystemd%2Fuser%2Fsystemd-exit.service&path=%2F%2Flib%2Fsystemd%2Fuser HTTP/1.1" 200 3350 "-" "Mozilla/5.0 AppleWebKit/537.36 (KHTML, like Gecko; compatible; ClaudeBot/1.0; +claudebot@anthropic.com)"
216.73.216.166 - - [29/Oct/2025:00:08:40 +0000] "GET /cloud-security?fileloc=%2F%2Fsys%2Fmodule%2Fnf_reject_ipv6%2Fholders%2Fip6t_REJECT%2Fsections%2F.data&path=%2F%2Fsys%2Fmodule%2Fnf_reject_ipv6%2Fholders%2Fip6t_REJECT%2Fsections HTTP/1.1" 200 3038 "-" "Mozilla/5.0 AppleWebKit/537.36 (KHTML, like Gecko; compatible; ClaudeBot/1.0; +claudebot@anthropic.com)"
216.73.216.166 - - [29/Oct/2025:00:08:40 +0000] "GET /user?fileloc=%2F%2Fusr%2Flib%2Ffirmware%2Fcirrus%2Fcs35l41-dsp1-spk-prot-104312af.wmfw.zst&path=%2F%2Fusr%2Flib%2Ffirmware%2Fcirrus HTTP/1.1" 200 19722 "-" "Mozilla/5.0 AppleWebKit/537.36 (KHTML, like Gecko; compatible; ClaudeBot/1.0; +claudebot@anthropic.com)"
216.73.216.166 - - [29/Oct/2025:00:08:40 +0000] "GET /user?fileloc=%2F%2Fproc%2Fself%2Froot%2Fsys%2Fmodule%2Fpci_hyperv_intf%2Fsrcversion&path=%2F%2Fproc%2Fself%2Froot%2Fsys%2Fmodule%2Fpci_hyperv_intf HTTP/1.1" 200 3051 "-" "Mozilla/5.0 AppleWebKit/537.36 (KHTML, like Gecko; compatible; ClaudeBot/1.0; +claudebot@anthropic.com)"
20.171.207.188 - - [29/Oct/2025:00:08:40 +0000] "GET /?path=//sys/class/net/enp1s0/device/net/enp1s0/device/subsystem/devices/virtio1/block/vda/vda2/subsystem/vda/subsystem/vda/subsystem/vda/device/block/vda/subsystem/loop3 HTTP/1.1" 200 4777 "-" "Mozilla/5.0 AppleWebKit/537.36 (KHTML, like Gecko; compatible; GPTBot/1.2; +https://openai.com/gptbot)"
216.73.216.166 - - [29/Oct/2025:00:08:40 +0000] "GET /enterprise-operations?fileloc=%2F%2Fopt%2Fwpsites%2Fdatainsightnow.com%2Fwp-includes%2Fblocks%2Ffreeform%2Fblock.json&path=%2F%2Fopt%2Fwpsites%2Fdatainsightnow.com%2Fwp-includes%2Fblocks%2Ffreeform HTTP/1.1" 200 3296 "-" "Mozilla/5.0 AppleWebKit/537.36 (KHTML, like Gecko; compatible; ClaudeBot/1.0; +claudebot@anthropic.com)"
216.73.216.166 - - [29/Oct/2025:00:08:40 +0000] "GET /user?fileloc=%2F%2Fusr%2Fshare%2Fzoneinfo%2FAtlantic%2FStanley&path=%2F%2Fusr%2Fshare%2Fzoneinfo%2FAtlantic HTTP/1.1" 200 3707 "-" "Mozilla/5.0 AppleWebKit/537.36 (KHTML, like Gecko; compatible; ClaudeBot/1.0; +claudebot@anthropic.com)"
20.171.207.208 - - [29/Oct/2025:00:08:40 +0000] "GET /?path=//sys/class/net/enp1s0/device/net/enp1s0/device/subsystem/devices/virtio1/block/vda/subsystem/vda1/subsystem/vda/subsystem/vda/device/block/vda/subsystem/loop0/trace HTTP/1.1" 200 3838 "-" "Mozilla/5.0 AppleWebKit/537.36 (KHTML, like Gecko; compatible; GPTBot/1.2; +https://openai.com/gptbot)"
57.141.0.18 - - [29/Oct/2025:00:08:40 +0000] "GET /?fileloc=//lib/git-core/git-update-ref&path=//lib/git-core HTTP/1.1" 200 6794662 "-" "meta-externalagent/1.1 (+https://developers.facebook.com/docs/sharing/webmasters/crawler)"
216.73.216.166 - - [29/Oct/2025:00:08:40 +0000] "GET /data-center-2?fileloc=%2F%2Flib%2Fx86_64-linux-gnu%2Ftc%2Fq_atm.so&path=%2F%2Flib%2Fx86_64-linux-gnu%2Ftc HTTP/1.1" 200 7370 "-" "Mozilla/5.0 AppleWebKit/537.36 (KHTML, like Gecko; compatible; ClaudeBot/1.0; +claudebot@anthropic.com)"
216.73.216.166 - - [29/Oct/2025:00:08:40 +0000] "GET /cloud-security?fileloc=%2F%2Fusr%2Fshare%2Ficons%2Fhicolor%2Fscalable%2Fapps%2Fhtop.svg&path=%2F%2Fusr%2Fshare%2Ficons%2Fhicolor%2Fscalable%2Fapps HTTP/1.1" 200 4758 "-" "Mozilla/5.0 AppleWebKit/537.36 (KHTML, like Gecko; compatible; ClaudeBot/1.0; +claudebot@anthropic.com)"
216.73.216.166 - - [29/Oct/2025:00:08:40 +0000] "GET /data-center-2?path=%2F%2Fsys%2Fmodule%2Finput_leds%2Fsections HTTP/1.1" 200 4069 "-" "Mozilla/5.0 AppleWebKit/537.36 (KHTML, like Gecko; compatible; ClaudeBot/1.0; +claudebot@anthropic.com)"
216.73.216.166 - - [29/Oct/2025:00:08:40 +0000] "GET /enterprise-operations?fileloc=%2F%2Flib%2Ffirmware%2Fintel%2Fsof%2Fsof-cht.ri.zst&path=%2F%2Flib%2Ffirmware%2Fintel%2Fsof HTTP/1.1" 200 55410 "-" "Mozilla/5.0 AppleWebKit/537.36 (KHTML, like Gecko; compatible; ClaudeBot/1.0; +claudebot@anthropic.com)"
216.73.216.166 - - [29/Oct/2025:00:08:41 +0000] "GET /user?fileloc=%2F%2Fusr%2Flib%2Ffirmware%2Fcirrus%2Fcs35l41-dsp1-spk-cali-104316d3-spkid0-r0.bin.zst&path=%2F%2Fusr%2Flib%2Ffirmware%2Fcirrus HTTP/1.1" 200 4148 "-" "Mozilla/5.0 AppleWebKit/537.36 (KHTML, like Gecko; compatible; ClaudeBot/1.0; +claudebot@anthropic.com)"
216.73.216.166 - - [29/Oct/2025:00:08:41 +0000] "GET /automations?fileloc=%2F%2Fusr%2Fshare%2Fdoc%2Fpinentry-curses%2FNEWS.gz&path=%2F%2Fusr%2Fshare%2Fdoc%2Fpinentry-curses HTTP/1.1" 200 6773 "-" "Mozilla/5.0 AppleWebKit/537.36 (KHTML, like Gecko; compatible; ClaudeBot/1.0; +claudebot@anthropic.com)"
216.73.216.166 - - [29/Oct/2025:00:08:41 +0000] "GET /user?fileloc=%2F%2Fusr%2Flib%2Ffirmware%2Fcirrus%2Fcs35l41-dsp1-spk-cali-10431d1f-spkid0-l0.bin.zst&path=%2F%2Fusr%2Flib%2Ffirmware%2Fcirrus HTTP/1.1" 200 4165 "-" "Mozilla/5.0 AppleWebKit/537.36 (KHTML, like Gecko; compatible; ClaudeBot/1.0; +claudebot@anthropic.com)"
216.73.216.166 - - [29/Oct/2025:00:08:41 +0000] "GET /data-center-2?fileloc=%2F%2Fsys%2Fmodule%2Fasync_pq%2Finitstate&path=%2F%2Fsys%2Fmodule%2Fasync_pq HTTP/1.1" 200 2986 "-" "Mozilla/5.0 AppleWebKit/537.36 (KHTML, like Gecko; compatible; ClaudeBot/1.0; +claudebot@anthropic.com)"
216.73.216.166 - - [29/Oct/2025:00:08:41 +0000] "GET /cloud-security?fileloc=%2F%2Fsys%2Fdevices%2Fpci0000%3A00%2Ffirmware_node%2FQEMU0002%3A00%2Fpower%2Fautosuspend_delay_ms&path=%2F%2Fsys%2Fdevices%2Fpci0000%3A00%2Ffirmware_node%2FQEMU0002%3A00%2Fpower HTTP/1.1" 200 3049 "-" "Mozilla/5.0 AppleWebKit/537.36 (KHTML, like Gecko; compatible; ClaudeBot/1.0; +claudebot@anthropic.com)"
216.73.216.166 - - [29/Oct/2025:00:08:41 +0000] "GET /cloud-security?fileloc=%2F%2Fsys%2Fdevices%2Fpci0000%3A00%2FQEMU0002%3A00%2Ffirmware_node%2Fpower%2Fautosuspend_delay_ms&path=%2F%2Fsys%2Fdevices%2Fpci0000%3A00%2FQEMU0002%3A00%2Ffirmware_node%2Fpower HTTP/1.1" 200 3049 "-" "Mozilla/5.0 AppleWebKit/537.36 (KHTML, like Gecko; compatible; ClaudeBot/1.0; +claudebot@anthropic.com)"
20.171.207.188 - - [29/Oct/2025:00:08:41 +0000] "GET /?path=//sys/class/net/enp1s0/device/net/enp1s0/device/subsystem/devices/virtio1/block/vda/device/block/vda/subsystem/vda/subsystem/vda/subsystem/vda/vda1/subsystem/loop4 HTTP/1.1" 200 4761 "-" "Mozilla/5.0 AppleWebKit/537.36 (KHTML, like Gecko; compatible; GPTBot/1.2; +https://openai.com/gptbot)"
216.73.216.166 - - [29/Oct/2025:00:08:41 +0000] "GET /user?fileloc=%2F%2Flib%2Ffirmware%2Fintel%2Fsof-ipc4%2Frpl-s%2Fsof-rpl-s.ri.zst&path=%2F%2Flib%2Ffirmware%2Fintel%2Fsof-ipc4%2Frpl-s HTTP/1.1" 200 264213 "-" "Mozilla/5.0 AppleWebKit/537.36 (KHTML, like Gecko; compatible; ClaudeBot/1.0; +claudebot@anthropic.com)"
20.171.207.208 - - [29/Oct/2025:00:08:41 +0000] "GET /?path=//sys/class/net/enp1s0/device/net/enp1s0/device/subsystem/devices/virtio1/block/vda/subsystem/sr0/subsystem/vda/subsystem/vda/subsystem/loop6/subsystem/vda/trace HTTP/1.1" 200 3837 "-" "Mozilla/5.0 AppleWebKit/537.36 (KHTML, like Gecko; compatible; GPTBot/1.2; +https://openai.com/gptbot)"
216.73.216.166 - - [29/Oct/2025:00:08:41 +0000] "GET /privacy-policy?fileloc=%2F%2Fsys%2Fdevices%2Fpnp0%2F00%3A00%2Ffirmware_node%2Fphysical_node1%2Ffirmware_node%2Fphysical_node%2Fuevent&path=%2F%2Fsys%2Fdevices%2Fpnp0%2F00%3A00%2Ffirmware_node%2Fphysical_node1%2Ffirmware_node%2Fphysical_node HTTP/1.1" 200 3062 "-" "Mozilla/5.0 AppleWebKit/537.36 (KHTML, like Gecko; compatible; ClaudeBot/1.0; +claudebot@anthropic.com)"
216.73.216.166 - - [29/Oct/2025:00:08:41 +0000] "GET /user?fileloc=%2F%2Fusr%2Flib%2Ffirmware%2Fmellanox%2Fmlxsw_spectrum-13.2008.1036.mfa2.zst&path=%2F%2Fusr%2Flib%2Ffirmware%2Fmellanox HTTP/1.1" 200 1253196 "-" "Mozilla/5.0 AppleWebKit/537.36 (KHTML, like Gecko; compatible; ClaudeBot/1.0; +claudebot@anthropic.com)"
216.73.216.166 - - [29/Oct/2025:00:08:41 +0000] "GET /enterprise-operations?fileloc=%2F%2Fsys%2Fkernel%2Fslab%2Fbtrfs_inode%2Fhwcache_align&path=%2F%2Fsys%2Fkernel%2Fslab%2Fbtrfs_inode HTTP/1.1" 200 3004 "-" "Mozilla/5.0 AppleWebKit/537.36 (KHTML, like Gecko; compatible; ClaudeBot/1.0; +claudebot@anthropic.com)"
216.73.216.166 - - [29/Oct/2025:00:08:41 +0000] "GET /enterprise-operations?fileloc=%2F%2Fusr%2Fshare%2FX11%2Flocale%2Fiso8859-15%2FCompose&path=%2F%2Fusr%2Fshare%2FX11%2Flocale%2Fiso8859-15 HTTP/1.1" 200 7465 "-" "Mozilla/5.0 AppleWebKit/537.36 (KHTML, like Gecko; compatible; ClaudeBot/1.0; +claudebot@anthropic.com)"
216.73.216.166 - - [29/Oct/2025:00:08:42 +0000] "GET /data-center-2?fileloc=%2F%2Fproc%2Fself%2Fcwd%2Fwp-admin%2Fincludes%2Fclass-wp-links-list-table.php&path=%2F%2Fproc%2Fself%2Fcwd%2Fwp-admin%2Fincludes HTTP/1.1" 200 6062 "-" "Mozilla/5.0 AppleWebKit/537.36 (KHTML, like Gecko; compatible; ClaudeBot/1.0; +claudebot@anthropic.com)"
57.141.0.69 - - [29/Oct/2025:00:08:42 +0000] "GET /?fileloc=//proc/399/setgroups&path=//proc/399 HTTP/1.1" 200 12280 "-" "meta-externalagent/1.1 (+https://developers.facebook.com/docs/sharing/webmasters/crawler)"
57.141.0.47 - - [29/Oct/2025:00:08:42 +0000] "GET /big-data/?fileloc=//proc/60/stat&path=//proc/60 HTTP/1.1" 200 12426 "-" "meta-externalagent/1.1 (+https://developers.facebook.com/docs/sharing/webmasters/crawler)"
216.73.216.166 - - [29/Oct/2025:00:08:42 +0000] "GET /enterprise-operations?fileloc=%2F%2Fvar%2Flib%2Fdpkg%2Finfo%2Fpython3.12.prerm&path=%2F%2Fvar%2Flib%2Fdpkg%2Finfo HTTP/1.1" 200 3475 "-" "Mozilla/5.0 AppleWebKit/537.36 (KHTML, like Gecko; compatible; ClaudeBot/1.0; +claudebot@anthropic.com)"
216.73.216.166 - - [29/Oct/2025:00:08:42 +0000] "GET /?fileloc=%2F%2Fusr%2Fbin%2Fgsdj&path=%2F%2Fusr%2Fbin HTTP/1.1" 200 3198 "-" "Mozilla/5.0 AppleWebKit/537.36 (KHTML, like Gecko; compatible; ClaudeBot/1.0; +claudebot@anthropic.com)"
216.73.216.166 - - [29/Oct/2025:00:08:42 +0000] "GET /enterprise-operations?fileloc=%2F%2Fvar%2Flib%2Fdpkg%2Finfo%2Fphp8.3-cli.triggers&path=%2F%2Fvar%2Flib%2Fdpkg%2Finfo HTTP/1.1" 200 3012 "-" "Mozilla/5.0 AppleWebKit/537.36 (KHTML, like Gecko; compatible; ClaudeBot/1.0; +claudebot@anthropic.com)"
216.73.216.166 - - [29/Oct/2025:00:08:42 +0000] "GET /enterprise-operations?fileloc=%2F%2Fusr%2Flib%2Ffirmware%2Fcirrus%2Fcs35l41-dsp1-spk-cali-103c8a31-spkid0-l0.bin.zst&path=%2F%2Fusr%2Flib%2Ffirmware%2Fcirrus HTTP/1.1" 200 4056 "-" "Mozilla/5.0 AppleWebKit/537.36 (KHTML, like Gecko; compatible; ClaudeBot/1.0; +claudebot@anthropic.com)"
216.73.216.166 - - [29/Oct/2025:00:08:42 +0000] "GET /?fileloc=%2F%2Flib%2Fmodules%2F6.8.0-85-generic%2Fbuild%2F.checked-atomic-instrumented.h&path=%2F%2Flib%2Fmodules%2F6.8.0-85-generic%2Fbuild HTTP/1.1" 200 3006 "-" "Mozilla/5.0 AppleWebKit/537.36 (KHTML, like Gecko; compatible; ClaudeBot/1.0; +claudebot@anthropic.com)"
216.73.216.166 - - [29/Oct/2025:00:08:42 +0000] "GET /privacy-policy?fileloc=%2F%2Fusr%2Flib%2Fmodules%2F6.8.0-85-generic%2Fkernel%2Fdrivers%2Fmedia%2Frc%2Fkeymaps%2Frc-pctv-sedna.ko.zst&path=%2F%2Fusr%2Flib%2Fmodules%2F6.8.0-85-generic%2Fkernel%2Fdrivers%2Fmedia%2Frc%2Fkeymaps HTTP/1.1" 200 5778 "-" "Mozilla/5.0 AppleWebKit/537.36 (KHTML, like Gecko; compatible; ClaudeBot/1.0; +claudebot@anthropic.com)"
20.171.207.188 - - [29/Oct/2025:00:08:42 +0000] "GET /?path=//sys/class/net/enp1s0/device/net/enp1s0/device/subsystem/devices/virtio1/block/vda/device/block/vda/subsystem/loop0/subsystem/vda/device/block/vda/subsystem/vda1/subsystem HTTP/1.1" 200 4006 "-" "Mozilla/5.0 AppleWebKit/537.36 (KHTML, like Gecko; compatible; GPTBot/1.2; +https://openai.com/gptbot)"
216.73.216.166 - - [29/Oct/2025:00:08:42 +0000] "GET /enterprise-operations?path=%2Fopt%2Fwpsites%2Fdatainsightnow.com%2Fwp-content%2Fwell-known%2Facme-challenge%2Fc%2Fc%2Fe%2Fd HTTP/1.1" 200 3138 "-" "Mozilla/5.0 AppleWebKit/537.36 (KHTML, like Gecko; compatible; ClaudeBot/1.0; +claudebot@anthropic.com)"
57.141.0.37 - - [29/Oct/2025:00:08:42 +0000] "GET /?fileloc=//proc/14/clear_refs&path=//proc/14 HTTP/1.1" 200 12272 "-" "meta-externalagent/1.1 (+https://developers.facebook.com/docs/sharing/webmasters/crawler)"
54.204.12.115 - - [29/Oct/2025:00:08:42 +0000] "GET /contact-u/?path=//sys/devices/pci0000:00/0000:00:02.0/firmware_node/physical_node/firmware_node/subsystem/devices/PNP0B00:00 HTTP/1.1" 200 3830 "-" "Mozilla/5.0 AppleWebKit/537.36 (KHTML, like Gecko; compatible; Amazonbot/0.1; +https://developer.amazon.com/support/amazonbot) Chrome/119.0.6045.214 Safari/537.36"
216.73.216.166 - - [29/Oct/2025:00:08:42 +0000] "GET /privacy-policy?fileloc=%2F%2Fusr%2Fbin%2FX11%2FX11%2FX11%2FX11%2FX11%2FX11%2FX11%2FX11%2Fstrace&path=%2F%2Fusr%2Fbin%2FX11%2FX11%2FX11%2FX11%2FX11%2FX11%2FX11%2FX11 HTTP/1.1" 200 716679 "-" "Mozilla/5.0 AppleWebKit/537.36 (KHTML, like Gecko; compatible; ClaudeBot/1.0; +claudebot@anthropic.com)"
216.73.216.166 - - [29/Oct/2025:00:08:42 +0000] "GET /user?fileloc=%2F%2Fusr%2Fshare%2Fdoc%2Fgroff-base%2FNEWS.gz&path=%2F%2Fusr%2Fshare%2Fdoc%2Fgroff-base HTTP/1.1" 200 43988 "-" "Mozilla/5.0 AppleWebKit/537.36 (KHTML, like Gecko; compatible; ClaudeBot/1.0; +claudebot@anthropic.com)"
20.171.207.208 - - [29/Oct/2025:00:08:42 +0000] "GET /?path=//sys/class/net/enp1s0/device/net/enp1s0/device/subsystem/devices/virtio1/block/vda/subsystem/sr0/subsystem/vda/subsystem/vda/subsystem/loop6/subsystem/vda/power HTTP/1.1" 200 4038 "-" "Mozilla/5.0 AppleWebKit/537.36 (KHTML, like Gecko; compatible; GPTBot/1.2; +https://openai.com/gptbot)"
216.73.216.166 - - [29/Oct/2025:00:08:42 +0000] "GET /privacy-policy?fileloc=%2F%2Fsys%2Fdevices%2Fpci0000%3A00%2Ffirmware_node%2Fdevice%3A47%2Fphysical_node1%2Ffirmware_node%2Fphysical_node1%2Fuevent&path=%2F%2Fsys%2Fdevices%2Fpci0000%3A00%2Ffirmware_node%2Fdevice%3A47%2Fphysical_node1%2Ffirmware_node%2Fphysical_node1 HTTP/1.1" 200 3098 "-" "Mozilla/5.0 AppleWebKit/537.36 (KHTML, like Gecko; compatible; ClaudeBot/1.0; +claudebot@anthropic.com)"
216.73.216.166 - - [29/Oct/2025:00:08:43 +0000] "GET /user?fileloc=%2F%2Fusr%2Flib%2Ffirmware%2Fcirrus%2Fcs35l41-dsp1-spk-cali-103c8be6-spkid0-r0.bin.zst&path=%2F%2Fusr%2Flib%2Ffirmware%2Fcirrus HTTP/1.1" 200 4086 "-" "Mozilla/5.0 AppleWebKit/537.36 (KHTML, like Gecko; compatible; ClaudeBot/1.0; +claudebot@anthropic.com)"
216.73.216.166 - - [29/Oct/2025:00:08:43 +0000] "GET /user?fileloc=%2F%2Flib%2Ffirmware%2Fradeon%2Foland_rlc.bin.zst&path=%2F%2Flib%2Ffirmware%2Fradeon HTTP/1.1" 200 5004 "-" "Mozilla/5.0 AppleWebKit/537.36 (KHTML, like Gecko; compatible; ClaudeBot/1.0; +claudebot@anthropic.com)"
216.73.216.166 - - [29/Oct/2025:00:08:43 +0000] "GET /user?path=%2F%2Fvar%2Flib%2Fletsencrypt%2Fbackups%2F1732977877.7575288 HTTP/1.1" 200 4129 "-" "Mozilla/5.0 AppleWebKit/537.36 (KHTML, like Gecko; compatible; ClaudeBot/1.0; +claudebot@anthropic.com)"
216.73.216.166 - - [29/Oct/2025:00:08:43 +0000] "GET /user?fileloc=%2F%2Fusr%2Fshare%2Fterminfo%2Fd%2Fdwk-vt&path=%2F%2Fusr%2Fshare%2Fterminfo%2Fd HTTP/1.1" 200 3344 "-" "Mozilla/5.0 AppleWebKit/537.36 (KHTML, like Gecko; compatible; ClaudeBot/1.0; +claudebot@anthropic.com)"
216.73.216.166 - - [29/Oct/2025:00:08:43 +0000] "GET /user?fileloc=%2Fopt%2Fwpsites%2Fgsudice.dataconn.net%2Fwp-content%2Fuploads%2F2024%2F11%2Fadmin.php&path=%2Fopt%2Fwpsites%2Fgsudice.dataconn.net%2Fwp-content%2Fuploads%2F2024%2F11 HTTP/1.1" 200 5383 "-" "Mozilla/5.0 AppleWebKit/537.36 (KHTML, like Gecko; compatible; ClaudeBot/1.0; +claudebot@anthropic.com)"
216.73.216.166 - - [29/Oct/2025:00:08:43 +0000] "GET /enterprise-operations?fileloc=%2F%2Fusr%2Flib%2Ffirmware%2Fgo7007%2Fpx-tv402u.fw.zst&path=%2F%2Fusr%2Flib%2Ffirmware%2Fgo7007 HTTP/1.1" 200 7188 "-" "Mozilla/5.0 AppleWebKit/537.36 (KHTML, like Gecko; compatible; ClaudeBot/1.0; +claudebot@anthropic.com)"
216.73.216.166 - - [29/Oct/2025:00:08:43 +0000] "GET /enterprise-operations?fileloc=%2F%2Fsys%2Fkernel%2Fslab%2Fbtrfs_extent_map%2Ftrace&path=%2F%2Fsys%2Fkernel%2Fslab%2Fbtrfs_extent_map HTTP/1.1" 200 3002 "-" "Mozilla/5.0 AppleWebKit/537.36 (KHTML, like Gecko; compatible; ClaudeBot/1.0; +claudebot@anthropic.com)"
216.73.216.166 - - [29/Oct/2025:00:08:43 +0000] "GET /?fileloc=%2F%2Fsys%2Fmodule%2Fqrtr%2Fsections%2F__patchable_function_entries&path=%2F%2Fsys%2Fmodule%2Fqrtr%2Fsections HTTP/1.1" 200 3008 "-" "Mozilla/5.0 AppleWebKit/537.36 (KHTML, like Gecko; compatible; ClaudeBot/1.0; +claudebot@anthropic.com)"
216.73.216.166 - - [29/Oct/2025:00:08:43 +0000] "GET /privacy-policy?path=%2F%2Flib%2Fpython3%2Fdist-packages%2Fbotocore%2Fdata%2Frds%2F2014-10-31 HTTP/1.1" 200 3814 "-" "Mozilla/5.0 AppleWebKit/537.36 (KHTML, like Gecko; compatible; ClaudeBot/1.0; +claudebot@anthropic.com)"
20.171.207.188 - - [29/Oct/2025:00:08:43 +0000] "GET /?path=//sys/class/net/enp1s0/device/net/enp1s0/device/subsystem/devices/virtio1/block/vda/device/block/vda/device/block/vda/subsystem/vda2/subsystem/vda/subsystem/loop7 HTTP/1.1" 200 4767 "-" "Mozilla/5.0 AppleWebKit/537.36 (KHTML, like Gecko; compatible; GPTBot/1.2; +https://openai.com/gptbot)"
216.73.216.166 - - [29/Oct/2025:00:08:43 +0000] "GET /privacy-policy?fileloc=%2F%2Fusr%2Fbin%2FX11%2FX11%2FX11%2FX11%2FX11%2FX11%2FX11%2FX11%2Fbtrfs&path=%2F%2Fusr%2Fbin%2FX11%2FX11%2FX11%2FX11%2FX11%2FX11%2FX11%2FX11 HTTP/1.1" 200 520776 "-" "Mozilla/5.0 AppleWebKit/537.36 (KHTML, like Gecko; compatible; ClaudeBot/1.0; +claudebot@anthropic.com)"
216.73.216.166 - - [29/Oct/2025:00:08:43 +0000] "GET /user?fileloc=%2F%2Fusr%2Fshare%2Fdoc%2Flibqmi-glib5%2Fchangelog.Debian.gz&path=%2F%2Fusr%2Fshare%2Fdoc%2Flibqmi-glib5 HTTP/1.1" 200 6458 "-" "Mozilla/5.0 AppleWebKit/537.36 (KHTML, like Gecko; compatible; ClaudeBot/1.0; +claudebot@anthropic.com)"
216.73.216.166 - - [29/Oct/2025:00:08:44 +0000] "GET /user?fileloc=%2F%2Fusr%2Fshare%2Fterminfo%2Fq%2Fqume5&path=%2F%2Fusr%2Fshare%2Fterminfo%2Fq HTTP/1.1" 200 3140 "-" "Mozilla/5.0 AppleWebKit/537.36 (KHTML, like Gecko; compatible; ClaudeBot/1.0; +claudebot@anthropic.com)"
20.171.207.208 - - [29/Oct/2025:00:08:44 +0000] "GET /?path=//sys/class/net/enp1s0/device/net/enp1s0/device/subsystem/devices/virtio1/block/vda/subsystem/sr0/device/generic/device/generic/device/block/sr0/subsystem/vda/slaves HTTP/1.1" 200 3281 "-" "Mozilla/5.0 AppleWebKit/537.36 (KHTML, like Gecko; compatible; GPTBot/1.2; +https://openai.com/gptbot)"
216.73.216.166 - - [29/Oct/2025:00:08:44 +0000] "GET /enterprise-operations?fileloc=%2Fopt%2Fwpsites%2Fdatainsightnow.com%2Fwp-admin%2Fimages%2Fsort-2x.gif&path=%2Fopt%2Fwpsites%2Fdatainsightnow.com%2Fwp-admin%2Fimages HTTP/1.1" 200 3145 "-" "Mozilla/5.0 AppleWebKit/537.36 (KHTML, like Gecko; compatible; ClaudeBot/1.0; +claudebot@anthropic.com)"
216.73.216.166 - - [29/Oct/2025:00:08:44 +0000] "GET /enterprise-operations?fileloc=%2F%2Flib%2Fsystemd%2Fsystem%2Fsysstat.service&path=%2F%2Flib%2Fsystemd%2Fsystem HTTP/1.1" 200 3299 "-" "Mozilla/5.0 AppleWebKit/537.36 (KHTML, like Gecko; compatible; ClaudeBot/1.0; +claudebot@anthropic.com)"
216.73.216.166 - - [29/Oct/2025:00:08:44 +0000] "GET /enterprise-operations?fileloc=%2F%2Fusr%2Fshare%2Fdoc%2Flinux-firmware%2Flicenses%2FLICENCE.xc5000.gz&path=%2F%2Fusr%2Fshare%2Fdoc%2Flinux-firmware%2Flicenses HTTP/1.1" 200 3835 "-" "Mozilla/5.0 AppleWebKit/537.36 (KHTML, like Gecko; compatible; ClaudeBot/1.0; +claudebot@anthropic.com)"
216.73.216.166 - - [29/Oct/2025:00:08:44 +0000] "GET /cloud-security?fileloc=%2F%2Fusr%2Fshare%2Fman%2Fman3%2FLocale%3A%3ARecodeData%3A%3AIBM857.3pm.gz&path=%2F%2Fusr%2Fshare%2Fman%2Fman3 HTTP/1.1" 200 7054 "-" "Mozilla/5.0 AppleWebKit/537.36 (KHTML, like Gecko; compatible; ClaudeBot/1.0; +claudebot@anthropic.com)"
216.73.216.166 - - [29/Oct/2025:00:08:44 +0000] "GET /enterprise-operations?path=%2F%2Flib%2Fmodules%2F6.8.0-85-generic%2Fbuild%2Fdrivers%2Fnfc%2Fst-nci HTTP/1.1" 200 3488 "-" "Mozilla/5.0 AppleWebKit/537.36 (KHTML, like Gecko; compatible; ClaudeBot/1.0; +claudebot@anthropic.com)"
216.73.216.166 - - [29/Oct/2025:00:08:44 +0000] "GET /user?fileloc=%2F%2Flib%2Ffirmware%2Fradeon%2FBONAIRE_uvd.bin.zst&path=%2F%2Flib%2Ffirmware%2Fradeon HTTP/1.1" 200 140938 "-" "Mozilla/5.0 AppleWebKit/537.36 (KHTML, like Gecko; compatible; ClaudeBot/1.0; +claudebot@anthropic.com)"
216.73.216.166 - - [29/Oct/2025:00:08:44 +0000] "GET /automations?fileloc=%2F%2Flib%2Ffirmware%2Fiwlwifi-so-a0-gf-a0-83.ucode.zst&path=%2F%2Flib%2Ffirmware HTTP/1.1" 200 530329 "-" "Mozilla/5.0 AppleWebKit/537.36 (KHTML, like Gecko; compatible; ClaudeBot/1.0; +claudebot@anthropic.com)"
216.73.216.166 - - [29/Oct/2025:00:08:44 +0000] "GET /privacy-policy?fileloc=%2F%2Fsys%2Fmodule%2Ffirmware_class%2Fparameters%2Fpath&path=%2F%2Fsys%2Fmodule%2Ffirmware_class%2Fparameters HTTP/1.1" 200 2998 "-" "Mozilla/5.0 AppleWebKit/537.36 (KHTML, like Gecko; compatible; ClaudeBot/1.0; +claudebot@anthropic.com)"
216.73.216.166 - - [29/Oct/2025:00:08:44 +0000] "GET /cloud-security?fileloc=%2F%2Fusr%2Fshare%2FX11%2Flocale%2Fzh_CN%2FXI18N_OBJS&path=%2F%2Fusr%2Fshare%2FX11%2Flocale%2Fzh_CN HTTP/1.1" 200 3216 "-" "Mozilla/5.0 AppleWebKit/537.36 (KHTML, like Gecko; compatible; ClaudeBot/1.0; +claudebot@anthropic.com)"
216.73.216.166 - - [29/Oct/2025:00:08:45 +0000] "GET /enterprise-operations?fileloc=%2F%2Fusr%2Flib%2Ffirmware%2Fcirrus%2Fcs35l56-b0-dsp1-misc-10431b13-spkid0-amp2.bin.zst&path=%2F%2Fusr%2Flib%2Ffirmware%2Fcirrus HTTP/1.1" 200 6745 "-" "Mozilla/5.0 AppleWebKit/537.36 (KHTML, like Gecko; compatible; ClaudeBot/1.0; +claudebot@anthropic.com)"
20.171.207.188 - - [29/Oct/2025:00:08:45 +0000] "GET /?path=//sys/class/net/enp1s0/device/net/enp1s0/device/subsystem/devices/virtio1/block/vda/device/block/vda/device/block/vda/subsystem/loop6/subsystem/vda/subsystem/loop5 HTTP/1.1" 200 4758 "-" "Mozilla/5.0 AppleWebKit/537.36 (KHTML, like Gecko; compatible; GPTBot/1.2; +https://openai.com/gptbot)"
216.73.216.166 - - [29/Oct/2025:00:08:45 +0000] "GET /%22,t+=%22%3C%22+e.getAttribute(%22src%22?fileloc=%2Fopt%2Fwpsites%2Fdatacloudnow.com%2Fwp-includes%2Fblocks%2Fpost-comments%2Fstyle.css&path=%2Fopt%2Fwpsites%2Fdatacloudnow.com%2Fwp-includes%2Fblocks%2Fpost-comments HTTP/1.1" 200 4480 "-" "Mozilla/5.0 AppleWebKit/537.36 (KHTML, like Gecko; compatible; ClaudeBot/1.0; +claudebot@anthropic.com)"
216.73.216.166 - - [29/Oct/2025:00:08:45 +0000] "GET /privacy-policy?fileloc=%2F%2Fusr%2Fbin%2FX11%2FX11%2FX11%2FX11%2FX11%2FX11%2FX11%2FX11%2Flzma&path=%2F%2Fusr%2Fbin%2FX11%2FX11%2FX11%2FX11%2FX11%2FX11%2FX11%2FX11 HTTP/1.1" 200 39731 "-" "Mozilla/5.0 AppleWebKit/537.36 (KHTML, like Gecko; compatible; ClaudeBot/1.0; +claudebot@anthropic.com)"
216.73.216.166 - - [29/Oct/2025:00:08:45 +0000] "GET /user?path=%2F%2Fvar%2Flib%2Fletsencrypt%2Fbackups%2F1736449677.7966192 HTTP/1.1" 200 4509 "-" "Mozilla/5.0 AppleWebKit/537.36 (KHTML, like Gecko; compatible; ClaudeBot/1.0; +claudebot@anthropic.com)"
20.171.207.208 - - [29/Oct/2025:00:08:45 +0000] "GET /?path=//sys/class/net/enp1s0/device/net/enp1s0/device/subsystem/devices/virtio1/block/vda/subsystem/sr0/device/generic/device/generic/device/block/sr0/subsystem/vda/queue HTTP/1.1" 200 5511 "-" "Mozilla/5.0 AppleWebKit/537.36 (KHTML, like Gecko; compatible; GPTBot/1.2; +https://openai.com/gptbot)"
57.141.0.18 - - [29/Oct/2025:00:08:45 +0000] "GET /big-data/?fileloc=//proc/62/cpu_resctrl_groups&path=//proc/62 HTTP/1.1" 200 12303 "-" "meta-externalagent/1.1 (+https://developers.facebook.com/docs/sharing/webmasters/crawler)"
216.73.216.166 - - [29/Oct/2025:00:08:45 +0000] "GET /enterprise-operations?fileloc=%2F%2Fvar%2Flib%2Fdpkg%2Finfo%2Fnetcat-openbsd.prerm&path=%2F%2Fvar%2Flib%2Fdpkg%2Finfo HTTP/1.1" 200 3072 "-" "Mozilla/5.0 AppleWebKit/537.36 (KHTML, like Gecko; compatible; ClaudeBot/1.0; +claudebot@anthropic.com)"
216.73.216.166 - - [29/Oct/2025:00:08:45 +0000] "GET /user?fileloc=%2F%2Fusr%2Fshare%2Fterminfo%2Fd%2Fdt80w&path=%2F%2Fusr%2Fshare%2Fterminfo%2Fd HTTP/1.1" 200 3480 "-" "Mozilla/5.0 AppleWebKit/537.36 (KHTML, like Gecko; compatible; ClaudeBot/1.0; +claudebot@anthropic.com)"
216.73.216.166 - - [29/Oct/2025:00:08:45 +0000] "GET /enterprise-operations?fileloc=%2Fopt%2Fwpsites%2Fdatacloudnow.com%2Fwp-content%2Fplugins%2Fnewsletter%2Fstatistics%2Fimages%2Finteractions%402x.png&path=%2Fopt%2Fwpsites%2Fdatacloudnow.com%2Fwp-content%2Fplugins%2Fnewsletter%2Fstatistics%2Fimages HTTP/1.1" 200 26927 "-" "Mozilla/5.0 AppleWebKit/537.36 (KHTML, like Gecko; compatible; ClaudeBot/1.0; +claudebot@anthropic.com)"
216.73.216.166 - - [29/Oct/2025:00:08:45 +0000] "GET /user?fileloc=%2F%2Fusr%2Flib%2Ffirmware%2Fcirrus%2Fcs35l41-dsp1-spk-cali-103c8a2d-spkid0-r0.bin.zst&path=%2F%2Fusr%2Flib%2Ffirmware%2Fcirrus HTTP/1.1" 200 4086 "-" "Mozilla/5.0 AppleWebKit/537.36 (KHTML, like Gecko; compatible; ClaudeBot/1.0; +claudebot@anthropic.com)"
216.73.216.166 - - [29/Oct/2025:00:08:45 +0000] "GET /automations?fileloc=%2F%2Fvar%2Flog%2Fnginx%2Ferror.log.10.gz&path=%2F%2Fvar%2Flog%2Fnginx HTTP/1.1" 200 3243 "-" "Mozilla/5.0 AppleWebKit/537.36 (KHTML, like Gecko; compatible; ClaudeBot/1.0; +claudebot@anthropic.com)"
216.73.216.166 - - [29/Oct/2025:00:08:45 +0000] "GET /privacy-policy?fileloc=%2F%2Fsys%2Fmodule%2Fxt_conntrack%2Fsections%2F__patchable_function_entries&path=%2F%2Fsys%2Fmodule%2Fxt_conntrack%2Fsections HTTP/1.1" 200 3015 "-" "Mozilla/5.0 AppleWebKit/537.36 (KHTML, like Gecko; compatible; ClaudeBot/1.0; +claudebot@anthropic.com)"
216.73.216.166 - - [29/Oct/2025:00:08:45 +0000] "GET /enterprise-operations?fileloc=%2F%2Fsys%2Fkernel%2Fslab%2Fkmalloc-rnd-06-256%2Fobjects&path=%2F%2Fsys%2Fkernel%2Fslab%2Fkmalloc-rnd-06-256 HTTP/1.1" 200 3007 "-" "Mozilla/5.0 AppleWebKit/537.36 (KHTML, like Gecko; compatible; ClaudeBot/1.0; +claudebot@anthropic.com)"
66.249.74.13 - - [29/Oct/2025:00:08:45 +0000] "GET /?fileloc=//sys/class/tty/tty8/subsystem/ttyS16/subsystem/ttyS7/subsystem/ttyS29/subsystem/tty32/subsystem/ttyS1/subsystem/tty39/subsystem/tty50/subsystem/tty40/subsystem/ttyS0/subsystem/ttyS30/type&path=//sys/class/tty/tty8/subsystem/ttyS16/subsystem/ttyS7/subsystem/ttyS29/subsystem/tty32/subsystem/ttyS1/subsystem/tty39/subsystem/tty50/subsystem/tty40/subsystem/ttyS0/subsystem/ttyS30 HTTP/1.1" 200 3222 "-" "Mozilla/5.0 (Linux; Android 6.0.1; Nexus 5X Build/MMB29P) AppleWebKit/537.36 (KHTML, like Gecko) Chrome/141.0.7390.122 Mobile Safari/537.36 (compatible; Googlebot/2.1; +http://www.google.com/bot.html)"
216.73.216.166 - - [29/Oct/2025:00:08:45 +0000] "GET /enterprise-operations?fileloc=%2F%2Fusr%2Fshare%2Fzoneinfo%2FAsia%2FBahrain&path=%2F%2Fusr%2Fshare%2Fzoneinfo%2FAsia HTTP/1.1" 200 3109 "-" "Mozilla/5.0 AppleWebKit/537.36 (KHTML, like Gecko; compatible; ClaudeBot/1.0; +claudebot@anthropic.com)"
54.156.55.147 - - [29/Oct/2025:00:08:45 +0000] "GET /contact-u/?path=//sys/class/tty/ptmx/subsystem/tty50/subsystem/tty HTTP/1.1" 200 3618 "-" "Mozilla/5.0 AppleWebKit/537.36 (KHTML, like Gecko; compatible; Amazonbot/0.1; +https://developer.amazon.com/support/amazonbot) Chrome/119.0.6045.214 Safari/537.36"
57.141.0.36 - - [29/Oct/2025:00:08:46 +0000] "GET /?fileloc=//proc/906/oom_score_adj&path=//proc/906 HTTP/1.1" 200 12293 "-" "meta-externalagent/1.1 (+https://developers.facebook.com/docs/sharing/webmasters/crawler)"
216.73.216.166 - - [29/Oct/2025:00:08:46 +0000] "GET /?fileloc=%2F%2Fsys%2Fmodule%2Fsnd_timer%2Fsections%2F__ksymtab&path=%2F%2Fsys%2Fmodule%2Fsnd_timer%2Fsections HTTP/1.1" 200 2998 "-" "Mozilla/5.0 AppleWebKit/537.36 (KHTML, like Gecko; compatible; ClaudeBot/1.0; +claudebot@anthropic.com)"
20.171.207.188 - - [29/Oct/2025:00:08:46 +0000] "GET /?path=//sys/class/net/enp1s0/device/net/enp1s0/device/subsystem/devices/virtio1/block/vda/device/block/vda/device/block/vda/subsystem/loop6/subsystem/vda/vda1/subsystem/vda HTTP/1.1" 200 4960 "-" "Mozilla/5.0 AppleWebKit/537.36 (KHTML, like Gecko; compatible; GPTBot/1.2; +https://openai.com/gptbot)"
216.73.216.166 - - [29/Oct/2025:00:08:46 +0000] "GET /cloud-security?fileloc=%2F%2Flib%2Ffirmware%2Fnvidia%2Fga103%2Fgr%2Fgpccs_sig.bin.zst&path=%2F%2Flib%2Ffirmware%2Fnvidia%2Fga103%2Fgr HTTP/1.1" 200 4705 "-" "Mozilla/5.0 AppleWebKit/537.36 (KHTML, like Gecko; compatible; ClaudeBot/1.0; +claudebot@anthropic.com)"
216.73.216.166 - - [29/Oct/2025:00:08:46 +0000] "GET /user?fileloc=%2F%2Fusr%2Fshare%2Fdoc%2Fwget%2FNEWS.gz&path=%2F%2Fusr%2Fshare%2Fdoc%2Fwget HTTP/1.1" 200 17590 "-" "Mozilla/5.0 AppleWebKit/537.36 (KHTML, like Gecko; compatible; ClaudeBot/1.0; +claudebot@anthropic.com)"
216.73.216.166 - - [29/Oct/2025:00:08:46 +0000] "GET /enterprise-operations?fileloc=%2F%2Fusr%2Fshare%2Fzoneinfo%2FAsia%2FNicosia&path=%2F%2Fusr%2Fshare%2Fzoneinfo%2FAsia HTTP/1.1" 200 4177 "-" "Mozilla/5.0 AppleWebKit/537.36 (KHTML, like Gecko; compatible; ClaudeBot/1.0; +claudebot@anthropic.com)"
216.73.216.166 - - [29/Oct/2025:00:08:46 +0000] "GET /cloud-security?path=%2F%2Fopt%2Fwpsites%2Fdatacloudnow.com%2Fwp-content%2Fuploads%2F2024 HTTP/1.1" 200 3392 "-" "Mozilla/5.0 AppleWebKit/537.36 (KHTML, like Gecko; compatible; ClaudeBot/1.0; +claudebot@anthropic.com)"
20.171.207.208 - - [29/Oct/2025:00:08:46 +0000] "GET /?path=//sys/class/net/enp1s0/device/net/enp1s0/device/subsystem/devices/virtio1/block/vda/subsystem/sr0/device/generic/device/generic/device/block/sr0/subsystem/vda/bdi HTTP/1.1" 200 4247 "-" "Mozilla/5.0 AppleWebKit/537.36 (KHTML, like Gecko; compatible; GPTBot/1.2; +https://openai.com/gptbot)"
216.73.216.166 - - [29/Oct/2025:00:08:46 +0000] "GET /enterprise-operations?path=%2F%2Fusr%2Fshare%2Flocale%2Ftk%2FLC_MESSAGES HTTP/1.1" 200 3496 "-" "Mozilla/5.0 AppleWebKit/537.36 (KHTML, like Gecko; compatible; ClaudeBot/1.0; +claudebot@anthropic.com)"
216.73.216.166 - - [29/Oct/2025:00:08:46 +0000] "GET /user?fileloc=%2F%2Fsys%2Fkernel%2Fslab%2Fkmalloc-96%2Fobjects_partial&path=%2F%2Fsys%2Fkernel%2Fslab%2Fkmalloc-96 HTTP/1.1" 200 3005 "-" "Mozilla/5.0 AppleWebKit/537.36 (KHTML, like Gecko; compatible; ClaudeBot/1.0; +claudebot@anthropic.com)"
216.73.216.166 - - [29/Oct/2025:00:08:46 +0000] "GET /cloud-security?path=%2F%2Fsys%2Fclass%2Fi2c-dev%2Fi2c-0%2Fdevice%2Fdevice%2Ffirmware_node%2Fsubsystem%2Fdevices%2Fdevice%3A22 HTTP/1.1" 200 3818 "-" "Mozilla/5.0 AppleWebKit/537.36 (KHTML, like Gecko; compatible; ClaudeBot/1.0; +claudebot@anthropic.com)"
216.73.216.166 - - [29/Oct/2025:00:08:46 +0000] "GET /privacy-policy?fileloc=%2F%2Fusr%2Fshare%2Fdoc%2Fgnupg-utils%2Fcopyright&path=%2F%2Fusr%2Fshare%2Fdoc%2Fgnupg-utils HTTP/1.1" 200 7176 "-" "Mozilla/5.0 AppleWebKit/537.36 (KHTML, like Gecko; compatible; ClaudeBot/1.0; +claudebot@anthropic.com)"
216.73.216.166 - - [29/Oct/2025:00:08:46 +0000] "GET /cloud-security?fileloc=%2F%2Fusr%2Fshare%2Fman%2Fman3%2FLocale%3A%3ARecodeData%3A%3ACP10007.3pm.gz&path=%2F%2Fusr%2Fshare%2Fman%2Fman3 HTTP/1.1" 200 6976 "-" "Mozilla/5.0 AppleWebKit/537.36 (KHTML, like Gecko; compatible; ClaudeBot/1.0; +claudebot@anthropic.com)"
216.73.216.166 - - [29/Oct/2025:00:08:46 +0000] "GET /user?fileloc=%2F%2Fusr%2Flib%2Ffirmware%2Fcirrus%2Fcs35l41-dsp1-spk-cali-10433a40-spkid1-r0.bin.zst&path=%2F%2Fusr%2Flib%2Ffirmware%2Fcirrus HTTP/1.1" 200 4169 "-" "Mozilla/5.0 AppleWebKit/537.36 (KHTML, like Gecko; compatible; ClaudeBot/1.0; +claudebot@anthropic.com)"
216.73.216.166 - - [29/Oct/2025:00:08:47 +0000] "GET /automations?fileloc=%2Fopt%2Fwpsites%2Fdatainsightnow.com%2Fwp-admin%2Fimages%2Fcontribute-main.svg&path=%2Fopt%2Fwpsites%2Fdatainsightnow.com%2Fwp-admin%2Fimages HTTP/1.1" 200 4434 "-" "Mozilla/5.0 AppleWebKit/537.36 (KHTML, like Gecko; compatible; ClaudeBot/1.0; +claudebot@anthropic.com)"
216.73.216.166 - - [29/Oct/2025:00:08:47 +0000] "GET /user?fileloc=%2F%2Flib%2Ffirmware%2Fqcom%2Fvenus-6.0%2Fvenus.mbn.zst&path=%2F%2Flib%2Ffirmware%2Fqcom%2Fvenus-6.0 HTTP/1.1" 200 425691 "-" "Mozilla/5.0 AppleWebKit/537.36 (KHTML, like Gecko; compatible; ClaudeBot/1.0; +claudebot@anthropic.com)"
20.171.207.188 - - [29/Oct/2025:00:08:47 +0000] "GET /?path=//sys/class/net/enp1s0/device/net/enp1s0/device/subsystem/devices/virtio1/block/vda/device/block/vda/subsystem/loop2/subsystem/vda/device/block/vda/subsystem/vda/vda1 HTTP/1.1" 200 4347 "-" "Mozilla/5.0 AppleWebKit/537.36 (KHTML, like Gecko; compatible; GPTBot/1.2; +https://openai.com/gptbot)"
216.73.216.166 - - [29/Oct/2025:00:08:47 +0000] "GET /enterprise-operations?fileloc=%2F%2Fsys%2Fdevices%2Fpci0000%3A00%2FQEMU0002%3A00%2Fdriver%2Fmodule%2Fnotes%2F.note.gnu.build-id&path=%2F%2Fsys%2Fdevices%2Fpci0000%3A00%2FQEMU0002%3A00%2Fdriver%2Fmodule%2Fnotes HTTP/1.1" 200 3106 "-" "Mozilla/5.0 AppleWebKit/537.36 (KHTML, like Gecko; compatible; ClaudeBot/1.0; +claudebot@anthropic.com)"
216.73.216.166 - - [29/Oct/2025:00:08:47 +0000] "GET /user?fileloc=%2F%2Fusr%2Flib%2Ffirmware%2Fcirrus%2Fcs35l41-dsp1-spk-cali-10431da2-spkid0-r0.bin.zst&path=%2F%2Fusr%2Flib%2Ffirmware%2Fcirrus HTTP/1.1" 200 4187 "-" "Mozilla/5.0 AppleWebKit/537.36 (KHTML, like Gecko; compatible; ClaudeBot/1.0; +claudebot@anthropic.com)"
216.73.216.166 - - [29/Oct/2025:00:08:47 +0000] "GET /enterprise-operations?fileloc=%2F%2Fsys%2Fkernel%2Fslab%2Fkmalloc-rnd-09-512%2Fobjects&path=%2F%2Fsys%2Fkernel%2Fslab%2Fkmalloc-rnd-09-512 HTTP/1.1" 200 3007 "-" "Mozilla/5.0 AppleWebKit/537.36 (KHTML, like Gecko; compatible; ClaudeBot/1.0; +claudebot@anthropic.com)"
216.73.216.166 - - [29/Oct/2025:00:08:47 +0000] "GET /?path=%2Fopt%2Fwpsites%2Fdatacloudnow.com%2Fwp-content%2Fuploads%2Fultimatemember%2F6 HTTP/1.1" 200 3111 "-" "Mozilla/5.0 AppleWebKit/537.36 (KHTML, like Gecko; compatible; ClaudeBot/1.0; +claudebot@anthropic.com)"
20.171.207.208 - - [29/Oct/2025:00:08:47 +0000] "GET /?path=//sys/class/net/enp1s0/device/net/enp1s0/device/subsystem/devices/virtio1/block/vda/subsystem/sr0/subsystem/vda/device/block/vda/subsystem/vda/subsystem/loop1/bdi HTTP/1.1" 200 4251 "-" "Mozilla/5.0 AppleWebKit/537.36 (KHTML, like Gecko; compatible; GPTBot/1.2; +https://openai.com/gptbot)"
216.73.216.166 - - [29/Oct/2025:00:08:47 +0000] "GET /enterprise-operations?fileloc=%2F%2Fsys%2Fkernel%2Fslab%2Fkmalloc-rnd-08-512%2Fobjects&path=%2F%2Fsys%2Fkernel%2Fslab%2Fkmalloc-rnd-08-512 HTTP/1.1" 200 3007 "-" "Mozilla/5.0 AppleWebKit/537.36 (KHTML, like Gecko; compatible; ClaudeBot/1.0; +claudebot@anthropic.com)"
216.73.216.166 - - [29/Oct/2025:00:08:47 +0000] "GET /user?fileloc=%2F%2Fsys%2Fkernel%2Fslab%2Fkmalloc-rnd-07-256%2Fobjects_partial&path=%2F%2Fsys%2Fkernel%2Fslab%2Fkmalloc-rnd-07-256 HTTP/1.1" 200 3011 "-" "Mozilla/5.0 AppleWebKit/537.36 (KHTML, like Gecko; compatible; ClaudeBot/1.0; +claudebot@anthropic.com)"
216.73.216.166 - - [29/Oct/2025:00:08:47 +0000] "GET /enterprise-operations?fileloc=%2F%2Flib%2Fx86_64-linux-gnu%2Fgconv%2FIBM870.so&path=%2F%2Flib%2Fx86_64-linux-gnu%2Fgconv HTTP/1.1" 200 8738 "-" "Mozilla/5.0 AppleWebKit/537.36 (KHTML, like Gecko; compatible; ClaudeBot/1.0; +claudebot@anthropic.com)"
216.73.216.166 - - [29/Oct/2025:00:08:47 +0000] "GET /privacy-policy?fileloc=%2F%2Fusr%2Fshare%2Fterminfo%2Fs%2Fscreen-256color&path=%2F%2Fusr%2Fshare%2Fterminfo%2Fs HTTP/1.1" 200 3807 "-" "Mozilla/5.0 AppleWebKit/537.36 (KHTML, like Gecko; compatible; ClaudeBot/1.0; +claudebot@anthropic.com)"
216.73.216.166 - - [29/Oct/2025:00:08:47 +0000] "GET /data-center-2?fileloc=%2F%2Flib%2Fx86_64-linux-gnu%2Fgconv%2FCP1251.so&path=%2F%2Flib%2Fx86_64-linux-gnu%2Fgconv HTTP/1.1" 200 8920 "-" "Mozilla/5.0 AppleWebKit/537.36 (KHTML, like Gecko; compatible; ClaudeBot/1.0; +claudebot@anthropic.com)"
216.73.216.166 - - [29/Oct/2025:00:08:48 +0000] "GET /cloud-security?fileloc=%2F%2Fsys%2Fdevices%2Fpci0000%3A00%2Ffirmware_node%2FQEMU0002%3A00%2Fpower%2Fcontrol&path=%2F%2Fsys%2Fdevices%2Fpci0000%3A00%2Ffirmware_node%2FQEMU0002%3A00%2Fpower HTTP/1.1" 200 3038 "-" "Mozilla/5.0 AppleWebKit/537.36 (KHTML, like Gecko; compatible; ClaudeBot/1.0; +claudebot@anthropic.com)"
