164.92.131.177 - - [28/Oct/2025:02:37:50 +0000] "GET /wp-content/plugins/cekidot/readme.txt HTTP/1.1" 404 196 "www.google.com" "Mozlila/5.0 (Linux; Android 7.0; SM-G892A Bulid/NRD90M; wv) AppleWebKit/537.36 (KHTML, like Gecko) Version/4.0 Chrome/60.0.3112.107 Moblie Safari/537.36"
164.92.131.177 - - [28/Oct/2025:02:37:51 +0000] "GET /wp-content/plugins/cekidot/mar.php HTTP/1.1" 301 178 "www.google.com" "Mozlila/5.0 (Linux; Android 7.0; SM-G892A Bulid/NRD90M; wv) AppleWebKit/537.36 (KHTML, like Gecko) Version/4.0 Chrome/60.0.3112.107 Moblie Safari/537.36"
164.92.131.177 - - [28/Oct/2025:02:37:51 +0000] "GET /wp-content/plugins/cekidot/mar.php HTTP/1.1" 404 196 "www.google.com" "Mozlila/5.0 (Linux; Android 7.0; SM-G892A Bulid/NRD90M; wv) AppleWebKit/537.36 (KHTML, like Gecko) Version/4.0 Chrome/60.0.3112.107 Moblie Safari/537.36"
164.92.131.177 - - [28/Oct/2025:02:37:51 +0000] "GET /wp-content/plugins/cekidot/mar.php HTTP/1.1" 404 196 "www.google.com" "Mozlila/5.0 (Linux; Android 7.0; SM-G892A Bulid/NRD90M; wv) AppleWebKit/537.36 (KHTML, like Gecko) Version/4.0 Chrome/60.0.3112.107 Moblie Safari/537.36"
164.92.131.177 - - [28/Oct/2025:02:37:52 +0000] "GET /wp-content/themes/workart/doc.php HTTP/1.1" 301 178 "www.google.com" "Mozlila/5.0 (Linux; Android 7.0; SM-G892A Bulid/NRD90M; wv) AppleWebKit/537.36 (KHTML, like Gecko) Version/4.0 Chrome/60.0.3112.107 Moblie Safari/537.36"
164.92.131.177 - - [28/Oct/2025:02:37:52 +0000] "GET /wp-content/themes/workart/doc.php HTTP/1.1" 404 196 "www.google.com" "Mozlila/5.0 (Linux; Android 7.0; SM-G892A Bulid/NRD90M; wv) AppleWebKit/537.36 (KHTML, like Gecko) Version/4.0 Chrome/60.0.3112.107 Moblie Safari/537.36"
164.92.131.177 - - [28/Oct/2025:02:37:52 +0000] "GET /wp-content/themes/workart/doc.php HTTP/1.1" 404 196 "www.google.com" "Mozlila/5.0 (Linux; Android 7.0; SM-G892A Bulid/NRD90M; wv) AppleWebKit/537.36 (KHTML, like Gecko) Version/4.0 Chrome/60.0.3112.107 Moblie Safari/537.36"
164.92.131.177 - - [28/Oct/2025:02:37:53 +0000] "GET /wp-content/themes/theme/gr.php HTTP/1.1" 301 178 "www.google.com" "Mozlila/5.0 (Linux; Android 7.0; SM-G892A Bulid/NRD90M; wv) AppleWebKit/537.36 (KHTML, like Gecko) Version/4.0 Chrome/60.0.3112.107 Moblie Safari/537.36"
164.92.131.177 - - [28/Oct/2025:02:37:53 +0000] "GET /wp-content/themes/theme/gr.php HTTP/1.1" 404 196 "www.google.com" "Mozlila/5.0 (Linux; Android 7.0; SM-G892A Bulid/NRD90M; wv) AppleWebKit/537.36 (KHTML, like Gecko) Version/4.0 Chrome/60.0.3112.107 Moblie Safari/537.36"
164.92.131.177 - - [28/Oct/2025:02:37:53 +0000] "GET /wp-content/themes/theme/gr.php HTTP/1.1" 404 196 "www.google.com" "Mozlila/5.0 (Linux; Android 7.0; SM-G892A Bulid/NRD90M; wv) AppleWebKit/537.36 (KHTML, like Gecko) Version/4.0 Chrome/60.0.3112.107 Moblie Safari/537.36"
164.92.131.177 - - [28/Oct/2025:02:37:54 +0000] "GET /wp-content/themes/pridmag/init.php HTTP/1.1" 301 178 "www.google.com" "Mozlila/5.0 (Linux; Android 7.0; SM-G892A Bulid/NRD90M; wv) AppleWebKit/537.36 (KHTML, like Gecko) Version/4.0 Chrome/60.0.3112.107 Moblie Safari/537.36"
164.92.131.177 - - [28/Oct/2025:02:37:54 +0000] "GET /wp-content/themes/pridmag/init.php HTTP/1.1" 404 196 "www.google.com" "Mozlila/5.0 (Linux; Android 7.0; SM-G892A Bulid/NRD90M; wv) AppleWebKit/537.36 (KHTML, like Gecko) Version/4.0 Chrome/60.0.3112.107 Moblie Safari/537.36"
164.92.131.177 - - [28/Oct/2025:02:37:54 +0000] "GET /wp-content/themes/pridmag/init.php HTTP/1.1" 404 196 "www.google.com" "Mozlila/5.0 (Linux; Android 7.0; SM-G892A Bulid/NRD90M; wv) AppleWebKit/537.36 (KHTML, like Gecko) Version/4.0 Chrome/60.0.3112.107 Moblie Safari/537.36"
164.92.131.177 - - [28/Oct/2025:02:37:54 +0000] "GET /wp-content/themes/jobart/db.php?u HTTP/1.1" 301 178 "www.google.com" "Mozlila/5.0 (Linux; Android 7.0; SM-G892A Bulid/NRD90M; wv) AppleWebKit/537.36 (KHTML, like Gecko) Version/4.0 Chrome/60.0.3112.107 Moblie Safari/537.36"
164.92.131.177 - - [28/Oct/2025:02:37:55 +0000] "GET /wp-content/themes/jobart/db.php?u HTTP/1.1" 404 196 "www.google.com" "Mozlila/5.0 (Linux; Android 7.0; SM-G892A Bulid/NRD90M; wv) AppleWebKit/537.36 (KHTML, like Gecko) Version/4.0 Chrome/60.0.3112.107 Moblie Safari/537.36"
164.92.131.177 - - [28/Oct/2025:02:37:55 +0000] "GET /wp-content/themes/jobart/db.php?u HTTP/1.1" 404 196 "www.google.com" "Mozlila/5.0 (Linux; Android 7.0; SM-G892A Bulid/NRD90M; wv) AppleWebKit/537.36 (KHTML, like Gecko) Version/4.0 Chrome/60.0.3112.107 Moblie Safari/537.36"
164.92.131.177 - - [28/Oct/2025:02:37:55 +0000] "GET /wp-content/themes/jobart/doc.php HTTP/1.1" 301 178 "www.google.com" "Mozlila/5.0 (Linux; Android 7.0; SM-G892A Bulid/NRD90M; wv) AppleWebKit/537.36 (KHTML, like Gecko) Version/4.0 Chrome/60.0.3112.107 Moblie Safari/537.36"
164.92.131.177 - - [28/Oct/2025:02:37:55 +0000] "GET /wp-content/themes/jobart/doc.php HTTP/1.1" 404 196 "www.google.com" "Mozlila/5.0 (Linux; Android 7.0; SM-G892A Bulid/NRD90M; wv) AppleWebKit/537.36 (KHTML, like Gecko) Version/4.0 Chrome/60.0.3112.107 Moblie Safari/537.36"
164.92.131.177 - - [28/Oct/2025:02:37:56 +0000] "GET /wp-content/themes/jobart/doc.php HTTP/1.1" 404 196 "www.google.com" "Mozlila/5.0 (Linux; Android 7.0; SM-G892A Bulid/NRD90M; wv) AppleWebKit/537.36 (KHTML, like Gecko) Version/4.0 Chrome/60.0.3112.107 Moblie Safari/537.36"
164.92.131.177 - - [28/Oct/2025:02:37:56 +0000] "GET /wp-content/themes/cepair/doc.php HTTP/1.1" 301 178 "www.google.com" "Mozlila/5.0 (Linux; Android 7.0; SM-G892A Bulid/NRD90M; wv) AppleWebKit/537.36 (KHTML, like Gecko) Version/4.0 Chrome/60.0.3112.107 Moblie Safari/537.36"
164.92.131.177 - - [28/Oct/2025:02:37:56 +0000] "GET /wp-content/themes/cepair/doc.php HTTP/1.1" 404 196 "www.google.com" "Mozlila/5.0 (Linux; Android 7.0; SM-G892A Bulid/NRD90M; wv) AppleWebKit/537.36 (KHTML, like Gecko) Version/4.0 Chrome/60.0.3112.107 Moblie Safari/537.36"
164.92.131.177 - - [28/Oct/2025:02:37:56 +0000] "GET /wp-content/themes/cepair/doc.php HTTP/1.1" 404 196 "www.google.com" "Mozlila/5.0 (Linux; Android 7.0; SM-G892A Bulid/NRD90M; wv) AppleWebKit/537.36 (KHTML, like Gecko) Version/4.0 Chrome/60.0.3112.107 Moblie Safari/537.36"
164.92.131.177 - - [28/Oct/2025:02:37:57 +0000] "GET /wp-content/themes/cakiltheme/up.php HTTP/1.1" 301 178 "www.google.com" "Mozlila/5.0 (Linux; Android 7.0; SM-G892A Bulid/NRD90M; wv) AppleWebKit/537.36 (KHTML, like Gecko) Version/4.0 Chrome/60.0.3112.107 Moblie Safari/537.36"
164.92.131.177 - - [28/Oct/2025:02:37:57 +0000] "GET /wp-content/themes/cakiltheme/up.php HTTP/1.1" 404 196 "www.google.com" "Mozlila/5.0 (Linux; Android 7.0; SM-G892A Bulid/NRD90M; wv) AppleWebKit/537.36 (KHTML, like Gecko) Version/4.0 Chrome/60.0.3112.107 Moblie Safari/537.36"
164.92.131.177 - - [28/Oct/2025:02:37:57 +0000] "GET /wp-content/themes/cakiltheme/up.php HTTP/1.1" 404 196 "www.google.com" "Mozlila/5.0 (Linux; Android 7.0; SM-G892A Bulid/NRD90M; wv) AppleWebKit/537.36 (KHTML, like Gecko) Version/4.0 Chrome/60.0.3112.107 Moblie Safari/537.36"
164.92.131.177 - - [28/Oct/2025:02:37:58 +0000] "GET /wp-content/themes/cakiltheme/idx.php HTTP/1.1" 301 178 "www.google.com" "Mozlila/5.0 (Linux; Android 7.0; SM-G892A Bulid/NRD90M; wv) AppleWebKit/537.36 (KHTML, like Gecko) Version/4.0 Chrome/60.0.3112.107 Moblie Safari/537.36"
164.92.131.177 - - [28/Oct/2025:02:37:58 +0000] "GET /wp-content/themes/cakiltheme/idx.php HTTP/1.1" 404 196 "www.google.com" "Mozlila/5.0 (Linux; Android 7.0; SM-G892A Bulid/NRD90M; wv) AppleWebKit/537.36 (KHTML, like Gecko) Version/4.0 Chrome/60.0.3112.107 Moblie Safari/537.36"
164.92.131.177 - - [28/Oct/2025:02:37:58 +0000] "GET /wp-content/themes/cakiltheme/idx.php HTTP/1.1" 404 196 "www.google.com" "Mozlila/5.0 (Linux; Android 7.0; SM-G892A Bulid/NRD90M; wv) AppleWebKit/537.36 (KHTML, like Gecko) Version/4.0 Chrome/60.0.3112.107 Moblie Safari/537.36"
164.92.131.177 - - [28/Oct/2025:02:38:00 +0000] "GET /wp-content/themes/wp-pridmag/status.php HTTP/1.1" 301 178 "www.google.com" "Mozlila/5.0 (Linux; Android 7.0; SM-G892A Bulid/NRD90M; wv) AppleWebKit/537.36 (KHTML, like Gecko) Version/4.0 Chrome/60.0.3112.107 Moblie Safari/537.36"
164.92.131.177 - - [28/Oct/2025:02:38:00 +0000] "GET /wp-content/themes/wp-pridmag/status.php HTTP/1.1" 404 196 "www.google.com" "Mozlila/5.0 (Linux; Android 7.0; SM-G892A Bulid/NRD90M; wv) AppleWebKit/537.36 (KHTML, like Gecko) Version/4.0 Chrome/60.0.3112.107 Moblie Safari/537.36"
164.92.131.177 - - [28/Oct/2025:02:38:00 +0000] "GET /wp-content/themes/wp-pridmag/status.php HTTP/1.1" 404 196 "www.google.com" "Mozlila/5.0 (Linux; Android 7.0; SM-G892A Bulid/NRD90M; wv) AppleWebKit/537.36 (KHTML, like Gecko) Version/4.0 Chrome/60.0.3112.107 Moblie Safari/537.36"
164.92.131.177 - - [28/Oct/2025:02:38:01 +0000] "GET /wp-content/themes/wp-pridmag/up.php HTTP/1.1" 301 178 "www.google.com" "Mozlila/5.0 (Linux; Android 7.0; SM-G892A Bulid/NRD90M; wv) AppleWebKit/537.36 (KHTML, like Gecko) Version/4.0 Chrome/60.0.3112.107 Moblie Safari/537.36"
164.92.131.177 - - [28/Oct/2025:02:38:01 +0000] "GET /wp-content/themes/wp-pridmag/up.php HTTP/1.1" 404 196 "www.google.com" "Mozlila/5.0 (Linux; Android 7.0; SM-G892A Bulid/NRD90M; wv) AppleWebKit/537.36 (KHTML, like Gecko) Version/4.0 Chrome/60.0.3112.107 Moblie Safari/537.36"
164.92.131.177 - - [28/Oct/2025:02:38:01 +0000] "GET /wp-content/themes/wp-pridmag/up.php HTTP/1.1" 404 196 "www.google.com" "Mozlila/5.0 (Linux; Android 7.0; SM-G892A Bulid/NRD90M; wv) AppleWebKit/537.36 (KHTML, like Gecko) Version/4.0 Chrome/60.0.3112.107 Moblie Safari/537.36"
164.92.131.177 - - [28/Oct/2025:02:38:02 +0000] "GET /wp-content/themes/wp-pridmag/init.php HTTP/1.1" 301 178 "www.google.com" "Mozlila/5.0 (Linux; Android 7.0; SM-G892A Bulid/NRD90M; wv) AppleWebKit/537.36 (KHTML, like Gecko) Version/4.0 Chrome/60.0.3112.107 Moblie Safari/537.36"
164.92.131.177 - - [28/Oct/2025:02:38:02 +0000] "GET /wp-content/themes/wp-pridmag/init.php HTTP/1.1" 404 196 "www.google.com" "Mozlila/5.0 (Linux; Android 7.0; SM-G892A Bulid/NRD90M; wv) AppleWebKit/537.36 (KHTML, like Gecko) Version/4.0 Chrome/60.0.3112.107 Moblie Safari/537.36"
164.92.131.177 - - [28/Oct/2025:02:38:02 +0000] "GET /wp-content/themes/wp-pridmag/init.php HTTP/1.1" 404 196 "www.google.com" "Mozlila/5.0 (Linux; Android 7.0; SM-G892A Bulid/NRD90M; wv) AppleWebKit/537.36 (KHTML, like Gecko) Version/4.0 Chrome/60.0.3112.107 Moblie Safari/537.36"
164.92.131.177 - - [28/Oct/2025:02:38:03 +0000] "GET /wp-content/themes/rishi/doc.php HTTP/1.1" 301 178 "www.google.com" "Mozlila/5.0 (Linux; Android 7.0; SM-G892A Bulid/NRD90M; wv) AppleWebKit/537.36 (KHTML, like Gecko) Version/4.0 Chrome/60.0.3112.107 Moblie Safari/537.36"
164.92.131.177 - - [28/Oct/2025:02:38:03 +0000] "GET /wp-content/themes/rishi/doc.php HTTP/1.1" 404 196 "www.google.com" "Mozlila/5.0 (Linux; Android 7.0; SM-G892A Bulid/NRD90M; wv) AppleWebKit/537.36 (KHTML, like Gecko) Version/4.0 Chrome/60.0.3112.107 Moblie Safari/537.36"
45.148.10.143 - - [28/Oct/2025:02:38:03 +0000] "GET /karma.conf.json HTTP/1.1" 404 162 "-" "Mozilla/5.0 (Windows NT 6.1; Win64; x64; rv:47.0) Gecko/20100101 Firefox/47.0"
164.92.131.177 - - [28/Oct/2025:02:38:03 +0000] "GET /wp-content/themes/rishi/doc.php HTTP/1.1" 404 196 "www.google.com" "Mozlila/5.0 (Linux; Android 7.0; SM-G892A Bulid/NRD90M; wv) AppleWebKit/537.36 (KHTML, like Gecko) Version/4.0 Chrome/60.0.3112.107 Moblie Safari/537.36"
164.92.131.177 - - [28/Oct/2025:02:38:04 +0000] "GET /wp-content/plugins/linkpreview/db.php?u HTTP/1.1" 301 178 "www.google.com" "Mozlila/5.0 (Linux; Android 7.0; SM-G892A Bulid/NRD90M; wv) AppleWebKit/537.36 (KHTML, like Gecko) Version/4.0 Chrome/60.0.3112.107 Moblie Safari/537.36"
164.92.131.177 - - [28/Oct/2025:02:38:04 +0000] "GET /wp-content/plugins/linkpreview/db.php?u HTTP/1.1" 404 196 "www.google.com" "Mozlila/5.0 (Linux; Android 7.0; SM-G892A Bulid/NRD90M; wv) AppleWebKit/537.36 (KHTML, like Gecko) Version/4.0 Chrome/60.0.3112.107 Moblie Safari/537.36"
164.92.131.177 - - [28/Oct/2025:02:38:04 +0000] "GET /wp-content/plugins/linkpreview/db.php?u HTTP/1.1" 404 196 "www.google.com" "Mozlila/5.0 (Linux; Android 7.0; SM-G892A Bulid/NRD90M; wv) AppleWebKit/537.36 (KHTML, like Gecko) Version/4.0 Chrome/60.0.3112.107 Moblie Safari/537.36"
164.92.131.177 - - [28/Oct/2025:02:38:05 +0000] "GET /wp-content/themes/rishi/db.php?u HTTP/1.1" 301 178 "www.google.com" "Mozlila/5.0 (Linux; Android 7.0; SM-G892A Bulid/NRD90M; wv) AppleWebKit/537.36 (KHTML, like Gecko) Version/4.0 Chrome/60.0.3112.107 Moblie Safari/537.36"
164.92.131.177 - - [28/Oct/2025:02:38:05 +0000] "GET /wp-content/themes/rishi/db.php?u HTTP/1.1" 404 196 "www.google.com" "Mozlila/5.0 (Linux; Android 7.0; SM-G892A Bulid/NRD90M; wv) AppleWebKit/537.36 (KHTML, like Gecko) Version/4.0 Chrome/60.0.3112.107 Moblie Safari/537.36"
164.92.131.177 - - [28/Oct/2025:02:38:05 +0000] "GET /wp-content/themes/rishi/db.php?u HTTP/1.1" 404 196 "www.google.com" "Mozlila/5.0 (Linux; Android 7.0; SM-G892A Bulid/NRD90M; wv) AppleWebKit/537.36 (KHTML, like Gecko) Version/4.0 Chrome/60.0.3112.107 Moblie Safari/537.36"
45.148.10.143 - - [28/Oct/2025:02:38:05 +0000] "GET /swagger.json HTTP/1.1" 404 162 "-" "Mozilla/5.0 (Windows NT 6.1; Win64; x64; rv:47.0) Gecko/20100101 Firefox/47.0"
45.148.10.143 - - [28/Oct/2025:02:38:05 +0000] "GET /swagger.js HTTP/1.1" 404 162 "-" "Mozilla/5.0 (Windows NT 6.1; Win64; x64; rv:47.0) Gecko/20100101 Firefox/47.0"
45.148.10.143 - - [28/Oct/2025:02:38:06 +0000] "GET /gatsby-config.js HTTP/1.1" 404 162 "-" "Mozilla/5.0 (Windows NT 6.1; Win64; x64; rv:47.0) Gecko/20100101 Firefox/47.0"
164.92.131.177 - - [28/Oct/2025:02:38:06 +0000] "GET /wp-content/plugins/virr/v.php HTTP/1.1" 301 178 "www.google.com" "Mozlila/5.0 (Linux; Android 7.0; SM-G892A Bulid/NRD90M; wv) AppleWebKit/537.36 (KHTML, like Gecko) Version/4.0 Chrome/60.0.3112.107 Moblie Safari/537.36"
164.92.131.177 - - [28/Oct/2025:02:38:06 +0000] "GET /wp-content/plugins/virr/v.php HTTP/1.1" 404 196 "www.google.com" "Mozlila/5.0 (Linux; Android 7.0; SM-G892A Bulid/NRD90M; wv) AppleWebKit/537.36 (KHTML, like Gecko) Version/4.0 Chrome/60.0.3112.107 Moblie Safari/537.36"
164.92.131.177 - - [28/Oct/2025:02:38:06 +0000] "GET /wp-content/plugins/virr/v.php HTTP/1.1" 404 196 "www.google.com" "Mozlila/5.0 (Linux; Android 7.0; SM-G892A Bulid/NRD90M; wv) AppleWebKit/537.36 (KHTML, like Gecko) Version/4.0 Chrome/60.0.3112.107 Moblie Safari/537.36"
45.148.10.143 - - [28/Oct/2025:02:38:06 +0000] "GET /backend/config/default.yml HTTP/1.1" 404 162 "-" "Mozilla/5.0 (Windows NT 6.1; Win64; x64; rv:47.0) Gecko/20100101 Firefox/47.0"
164.92.131.177 - - [28/Oct/2025:02:38:07 +0000] "GET /wp-content/themes/pridmag/db.php?u HTTP/1.1" 301 178 "www.google.com" "Mozlila/5.0 (Linux; Android 7.0; SM-G892A Bulid/NRD90M; wv) AppleWebKit/537.36 (KHTML, like Gecko) Version/4.0 Chrome/60.0.3112.107 Moblie Safari/537.36"
45.148.10.143 - - [28/Oct/2025:02:38:07 +0000] "GET /app.py HTTP/1.1" 404 162 "-" "Mozilla/5.0 (Windows NT 6.1; Win64; x64; rv:47.0) Gecko/20100101 Firefox/47.0"
164.92.131.177 - - [28/Oct/2025:02:38:07 +0000] "GET /wp-content/themes/pridmag/db.php?u HTTP/1.1" 404 196 "www.google.com" "Mozlila/5.0 (Linux; Android 7.0; SM-G892A Bulid/NRD90M; wv) AppleWebKit/537.36 (KHTML, like Gecko) Version/4.0 Chrome/60.0.3112.107 Moblie Safari/537.36"
164.92.131.177 - - [28/Oct/2025:02:38:07 +0000] "GET /wp-content/themes/pridmag/db.php?u HTTP/1.1" 404 196 "www.google.com" "Mozlila/5.0 (Linux; Android 7.0; SM-G892A Bulid/NRD90M; wv) AppleWebKit/537.36 (KHTML, like Gecko) Version/4.0 Chrome/60.0.3112.107 Moblie Safari/537.36"
164.92.131.177 - - [28/Oct/2025:02:38:07 +0000] "GET /wp-content/plugins/virr/uploader.php?uploader HTTP/1.1" 301 178 "www.google.com" "Mozlila/5.0 (Linux; Android 7.0; SM-G892A Bulid/NRD90M; wv) AppleWebKit/537.36 (KHTML, like Gecko) Version/4.0 Chrome/60.0.3112.107 Moblie Safari/537.36"
164.92.131.177 - - [28/Oct/2025:02:38:07 +0000] "GET /wp-content/plugins/virr/uploader.php?uploader HTTP/1.1" 404 196 "www.google.com" "Mozlila/5.0 (Linux; Android 7.0; SM-G892A Bulid/NRD90M; wv) AppleWebKit/537.36 (KHTML, like Gecko) Version/4.0 Chrome/60.0.3112.107 Moblie Safari/537.36"
164.92.131.177 - - [28/Oct/2025:02:38:07 +0000] "GET /wp-content/plugins/virr/uploader.php?uploader HTTP/1.1" 404 196 "www.google.com" "Mozlila/5.0 (Linux; Android 7.0; SM-G892A Bulid/NRD90M; wv) AppleWebKit/537.36 (KHTML, like Gecko) Version/4.0 Chrome/60.0.3112.107 Moblie Safari/537.36"
164.92.131.177 - - [28/Oct/2025:02:38:08 +0000] "GET /wp-content/plugins/db/uploader.php?uploader HTTP/1.1" 301 178 "www.google.com" "Mozlila/5.0 (Linux; Android 7.0; SM-G892A Bulid/NRD90M; wv) AppleWebKit/537.36 (KHTML, like Gecko) Version/4.0 Chrome/60.0.3112.107 Moblie Safari/537.36"
164.92.131.177 - - [28/Oct/2025:02:38:08 +0000] "GET /wp-content/plugins/db/uploader.php?uploader HTTP/1.1" 404 196 "www.google.com" "Mozlila/5.0 (Linux; Android 7.0; SM-G892A Bulid/NRD90M; wv) AppleWebKit/537.36 (KHTML, like Gecko) Version/4.0 Chrome/60.0.3112.107 Moblie Safari/537.36"
164.92.131.177 - - [28/Oct/2025:02:38:08 +0000] "GET /wp-content/plugins/db/uploader.php?uploader HTTP/1.1" 404 196 "www.google.com" "Mozlila/5.0 (Linux; Android 7.0; SM-G892A Bulid/NRD90M; wv) AppleWebKit/537.36 (KHTML, like Gecko) Version/4.0 Chrome/60.0.3112.107 Moblie Safari/537.36"
45.148.10.143 - - [28/Oct/2025:02:38:09 +0000] "GET /admin/controllers/merchant.js HTTP/1.1" 404 162 "-" "Mozilla/5.0 (Windows NT 6.1; Win64; x64; rv:47.0) Gecko/20100101 Firefox/47.0"
164.92.131.177 - - [28/Oct/2025:02:38:09 +0000] "GET /wp-content/plugins/wp-freeform/wawe.php HTTP/1.1" 301 178 "www.google.com" "Mozlila/5.0 (Linux; Android 7.0; SM-G892A Bulid/NRD90M; wv) AppleWebKit/537.36 (KHTML, like Gecko) Version/4.0 Chrome/60.0.3112.107 Moblie Safari/537.36"
164.92.131.177 - - [28/Oct/2025:02:38:09 +0000] "GET /wp-content/plugins/wp-freeform/wawe.php HTTP/1.1" 404 196 "www.google.com" "Mozlila/5.0 (Linux; Android 7.0; SM-G892A Bulid/NRD90M; wv) AppleWebKit/537.36 (KHTML, like Gecko) Version/4.0 Chrome/60.0.3112.107 Moblie Safari/537.36"
45.148.10.143 - - [28/Oct/2025:02:38:09 +0000] "GET /admin/controllers/partner.js HTTP/1.1" 404 162 "-" "Mozilla/5.0 (Windows NT 6.1; Win64; x64; rv:47.0) Gecko/20100101 Firefox/47.0"
164.92.131.177 - - [28/Oct/2025:02:38:09 +0000] "GET /wp-content/plugins/wp-freeform/wawe.php HTTP/1.1" 404 196 "www.google.com" "Mozlila/5.0 (Linux; Android 7.0; SM-G892A Bulid/NRD90M; wv) AppleWebKit/537.36 (KHTML, like Gecko) Version/4.0 Chrome/60.0.3112.107 Moblie Safari/537.36"
45.148.10.143 - - [28/Oct/2025:02:38:10 +0000] "GET /api/config.js HTTP/1.1" 404 162 "-" "Mozilla/5.0 (Windows NT 6.1; Win64; x64; rv:47.0) Gecko/20100101 Firefox/47.0"
45.148.10.143 - - [28/Oct/2025:02:38:10 +0000] "GET /api/objects/codes.php.save HTTP/1.1" 404 162 "-" "Mozilla/5.0 (Windows NT 6.1; Win64; x64; rv:47.0) Gecko/20100101 Firefox/47.0"
164.92.131.177 - - [28/Oct/2025:02:38:10 +0000] "GET /wp-content/plugins/wp-freeform/includes/loadme.php HTTP/1.1" 301 178 "www.google.com" "Mozlila/5.0 (Linux; Android 7.0; SM-G892A Bulid/NRD90M; wv) AppleWebKit/537.36 (KHTML, like Gecko) Version/4.0 Chrome/60.0.3112.107 Moblie Safari/537.36"
45.148.10.143 - - [28/Oct/2025:02:38:10 +0000] "GET /apis/config/config.js HTTP/1.1" 404 162 "-" "Mozilla/5.0 (Windows NT 6.1; Win64; x64; rv:47.0) Gecko/20100101 Firefox/47.0"
164.92.131.177 - - [28/Oct/2025:02:38:10 +0000] "GET /wp-content/plugins/wp-freeform/includes/loadme.php HTTP/1.1" 404 196 "www.google.com" "Mozlila/5.0 (Linux; Android 7.0; SM-G892A Bulid/NRD90M; wv) AppleWebKit/537.36 (KHTML, like Gecko) Version/4.0 Chrome/60.0.3112.107 Moblie Safari/537.36"
164.92.131.177 - - [28/Oct/2025:02:38:11 +0000] "GET /wp-content/plugins/wp-freeform/includes/loadme.php HTTP/1.1" 404 196 "www.google.com" "Mozlila/5.0 (Linux; Android 7.0; SM-G892A Bulid/NRD90M; wv) AppleWebKit/537.36 (KHTML, like Gecko) Version/4.0 Chrome/60.0.3112.107 Moblie Safari/537.36"
45.148.10.143 - - [28/Oct/2025:02:38:11 +0000] "GET /apis/controllers/users.js HTTP/1.1" 404 162 "-" "Mozilla/5.0 (Windows NT 6.1; Win64; x64; rv:47.0) Gecko/20100101 Firefox/47.0"
164.92.131.177 - - [28/Oct/2025:02:38:11 +0000] "GET /wp-content/plugins/wp-freeform/style.php HTTP/1.1" 301 178 "www.google.com" "Mozlila/5.0 (Linux; Android 7.0; SM-G892A Bulid/NRD90M; wv) AppleWebKit/537.36 (KHTML, like Gecko) Version/4.0 Chrome/60.0.3112.107 Moblie Safari/537.36"
164.92.131.177 - - [28/Oct/2025:02:38:11 +0000] "GET /wp-content/plugins/wp-freeform/style.php HTTP/1.1" 404 196 "www.google.com" "Mozlila/5.0 (Linux; Android 7.0; SM-G892A Bulid/NRD90M; wv) AppleWebKit/537.36 (KHTML, like Gecko) Version/4.0 Chrome/60.0.3112.107 Moblie Safari/537.36"
45.148.10.143 - - [28/Oct/2025:02:38:11 +0000] "GET /app.js HTTP/1.1" 404 162 "-" "Mozilla/5.0 (Windows NT 6.1; Win64; x64; rv:47.0) Gecko/20100101 Firefox/47.0"
164.92.131.177 - - [28/Oct/2025:02:38:11 +0000] "GET /wp-content/plugins/wp-freeform/style.php HTTP/1.1" 404 196 "www.google.com" "Mozlila/5.0 (Linux; Android 7.0; SM-G892A Bulid/NRD90M; wv) AppleWebKit/537.36 (KHTML, like Gecko) Version/4.0 Chrome/60.0.3112.107 Moblie Safari/537.36"
164.92.131.177 - - [28/Oct/2025:02:38:12 +0000] "GET /?loadme HTTP/1.1" 301 178 "www.google.com" "Mozlila/5.0 (Linux; Android 7.0; SM-G892A Bulid/NRD90M; wv) AppleWebKit/537.36 (KHTML, like Gecko) Version/4.0 Chrome/60.0.3112.107 Moblie Safari/537.36"
164.92.131.177 - - [28/Oct/2025:02:38:12 +0000] "GET /?loadme HTTP/1.1" 200 894 "www.google.com" "Mozlila/5.0 (Linux; Android 7.0; SM-G892A Bulid/NRD90M; wv) AppleWebKit/537.36 (KHTML, like Gecko) Version/4.0 Chrome/60.0.3112.107 Moblie Safari/537.36"
164.92.131.177 - - [28/Oct/2025:02:38:12 +0000] "GET /?loadme HTTP/1.1" 200 894 "www.google.com" "Mozlila/5.0 (Linux; Android 7.0; SM-G892A Bulid/NRD90M; wv) AppleWebKit/537.36 (KHTML, like Gecko) Version/4.0 Chrome/60.0.3112.107 Moblie Safari/537.36"
164.92.131.177 - - [28/Oct/2025:02:38:12 +0000] "GET /galekjaya.php?raimu=tgl99 HTTP/1.1" 301 178 "www.google.com" "Mozlila/5.0 (Linux; Android 7.0; SM-G892A Bulid/NRD90M; wv) AppleWebKit/537.36 (KHTML, like Gecko) Version/4.0 Chrome/60.0.3112.107 Moblie Safari/537.36"
164.92.131.177 - - [28/Oct/2025:02:38:12 +0000] "GET /galekjaya.php?raimu=tgl99 HTTP/1.1" 404 196 "www.google.com" "Mozlila/5.0 (Linux; Android 7.0; SM-G892A Bulid/NRD90M; wv) AppleWebKit/537.36 (KHTML, like Gecko) Version/4.0 Chrome/60.0.3112.107 Moblie Safari/537.36"
164.92.131.177 - - [28/Oct/2025:02:38:12 +0000] "GET /galekjaya.php?raimu=tgl99 HTTP/1.1" 404 196 "www.google.com" "Mozlila/5.0 (Linux; Android 7.0; SM-G892A Bulid/NRD90M; wv) AppleWebKit/537.36 (KHTML, like Gecko) Version/4.0 Chrome/60.0.3112.107 Moblie Safari/537.36"
164.92.131.177 - - [28/Oct/2025:02:38:13 +0000] "GET /r00t.php HTTP/1.1" 301 178 "www.google.com" "Mozlila/5.0 (Linux; Android 7.0; SM-G892A Bulid/NRD90M; wv) AppleWebKit/537.36 (KHTML, like Gecko) Version/4.0 Chrome/60.0.3112.107 Moblie Safari/537.36"
164.92.131.177 - - [28/Oct/2025:02:38:13 +0000] "GET /r00t.php HTTP/1.1" 404 196 "www.google.com" "Mozlila/5.0 (Linux; Android 7.0; SM-G892A Bulid/NRD90M; wv) AppleWebKit/537.36 (KHTML, like Gecko) Version/4.0 Chrome/60.0.3112.107 Moblie Safari/537.36"
164.92.131.177 - - [28/Oct/2025:02:38:13 +0000] "GET /r00t.php HTTP/1.1" 404 196 "www.google.com" "Mozlila/5.0 (Linux; Android 7.0; SM-G892A Bulid/NRD90M; wv) AppleWebKit/537.36 (KHTML, like Gecko) Version/4.0 Chrome/60.0.3112.107 Moblie Safari/537.36"
164.92.131.177 - - [28/Oct/2025:02:38:14 +0000] "GET /Xzd.php HTTP/1.1" 301 178 "www.google.com" "Mozlila/5.0 (Linux; Android 7.0; SM-G892A Bulid/NRD90M; wv) AppleWebKit/537.36 (KHTML, like Gecko) Version/4.0 Chrome/60.0.3112.107 Moblie Safari/537.36"
91.231.89.20 - - [28/Oct/2025:02:38:14 +0000] "GET / HTTP/1.1" 200 1952 "-" "Mozilla/5.0 (X11; Ubuntu; Linux x86_64; rv:134.0) Gecko/20100101 Firefox/134.0"
164.92.131.177 - - [28/Oct/2025:02:38:14 +0000] "GET /Xzd.php HTTP/1.1" 404 196 "www.google.com" "Mozlila/5.0 (Linux; Android 7.0; SM-G892A Bulid/NRD90M; wv) AppleWebKit/537.36 (KHTML, like Gecko) Version/4.0 Chrome/60.0.3112.107 Moblie Safari/537.36"
164.92.131.177 - - [28/Oct/2025:02:38:14 +0000] "GET /Xzd.php HTTP/1.1" 404 196 "www.google.com" "Mozlila/5.0 (Linux; Android 7.0; SM-G892A Bulid/NRD90M; wv) AppleWebKit/537.36 (KHTML, like Gecko) Version/4.0 Chrome/60.0.3112.107 Moblie Safari/537.36"
164.92.131.177 - - [28/Oct/2025:02:38:14 +0000] "GET /radio.php?pass=shell HTTP/1.1" 301 178 "www.google.com" "Mozlila/5.0 (Linux; Android 7.0; SM-G892A Bulid/NRD90M; wv) AppleWebKit/537.36 (KHTML, like Gecko) Version/4.0 Chrome/60.0.3112.107 Moblie Safari/537.36"
164.92.131.177 - - [28/Oct/2025:02:38:14 +0000] "GET /radio.php?pass=shell HTTP/1.1" 404 196 "www.google.com" "Mozlila/5.0 (Linux; Android 7.0; SM-G892A Bulid/NRD90M; wv) AppleWebKit/537.36 (KHTML, like Gecko) Version/4.0 Chrome/60.0.3112.107 Moblie Safari/537.36"
164.92.131.177 - - [28/Oct/2025:02:38:14 +0000] "GET /radio.php?pass=shell HTTP/1.1" 404 196 "www.google.com" "Mozlila/5.0 (Linux; Android 7.0; SM-G892A Bulid/NRD90M; wv) AppleWebKit/537.36 (KHTML, like Gecko) Version/4.0 Chrome/60.0.3112.107 Moblie Safari/537.36"
164.92.131.177 - - [28/Oct/2025:02:38:15 +0000] "GET /content.php HTTP/1.1" 301 178 "www.google.com" "Mozlila/5.0 (Linux; Android 7.0; SM-G892A Bulid/NRD90M; wv) AppleWebKit/537.36 (KHTML, like Gecko) Version/4.0 Chrome/60.0.3112.107 Moblie Safari/537.36"
164.92.131.177 - - [28/Oct/2025:02:38:15 +0000] "GET /content.php HTTP/1.1" 404 196 "www.google.com" "Mozlila/5.0 (Linux; Android 7.0; SM-G892A Bulid/NRD90M; wv) AppleWebKit/537.36 (KHTML, like Gecko) Version/4.0 Chrome/60.0.3112.107 Moblie Safari/537.36"
164.92.131.177 - - [28/Oct/2025:02:38:16 +0000] "GET /content.php HTTP/1.1" 404 196 "www.google.com" "Mozlila/5.0 (Linux; Android 7.0; SM-G892A Bulid/NRD90M; wv) AppleWebKit/537.36 (KHTML, like Gecko) Version/4.0 Chrome/60.0.3112.107 Moblie Safari/537.36"
164.92.131.177 - - [28/Oct/2025:02:38:17 +0000] "GET /about.php HTTP/1.1" 301 178 "www.google.com" "Mozlila/5.0 (Linux; Android 7.0; SM-G892A Bulid/NRD90M; wv) AppleWebKit/537.36 (KHTML, like Gecko) Version/4.0 Chrome/60.0.3112.107 Moblie Safari/537.36"
164.92.131.177 - - [28/Oct/2025:02:38:17 +0000] "GET /about.php HTTP/1.1" 404 196 "www.google.com" "Mozlila/5.0 (Linux; Android 7.0; SM-G892A Bulid/NRD90M; wv) AppleWebKit/537.36 (KHTML, like Gecko) Version/4.0 Chrome/60.0.3112.107 Moblie Safari/537.36"
164.92.131.177 - - [28/Oct/2025:02:38:17 +0000] "GET /about.php HTTP/1.1" 404 196 "www.google.com" "Mozlila/5.0 (Linux; Android 7.0; SM-G892A Bulid/NRD90M; wv) AppleWebKit/537.36 (KHTML, like Gecko) Version/4.0 Chrome/60.0.3112.107 Moblie Safari/537.36"
164.92.131.177 - - [28/Oct/2025:02:38:17 +0000] "GET /admin.php HTTP/1.1" 301 178 "www.google.com" "Mozlila/5.0 (Linux; Android 7.0; SM-G892A Bulid/NRD90M; wv) AppleWebKit/537.36 (KHTML, like Gecko) Version/4.0 Chrome/60.0.3112.107 Moblie Safari/537.36"
164.92.131.177 - - [28/Oct/2025:02:38:17 +0000] "GET /admin.php HTTP/1.1" 404 196 "www.google.com" "Mozlila/5.0 (Linux; Android 7.0; SM-G892A Bulid/NRD90M; wv) AppleWebKit/537.36 (KHTML, like Gecko) Version/4.0 Chrome/60.0.3112.107 Moblie Safari/537.36"
164.92.131.177 - - [28/Oct/2025:02:38:18 +0000] "GET /admin.php HTTP/1.1" 404 196 "www.google.com" "Mozlila/5.0 (Linux; Android 7.0; SM-G892A Bulid/NRD90M; wv) AppleWebKit/537.36 (KHTML, like Gecko) Version/4.0 Chrome/60.0.3112.107 Moblie Safari/537.36"
45.148.10.143 - - [28/Oct/2025:02:38:18 +0000] "GET /backend/config/development.yml HTTP/1.1" 404 162 "-" "Mozilla/5.0 (Windows NT 6.1; Win64; x64; rv:47.0) Gecko/20100101 Firefox/47.0"
45.148.10.143 - - [28/Oct/2025:02:38:18 +0000] "GET /cloud/Scraper.js HTTP/1.1" 404 162 "-" "Mozilla/5.0 (Windows NT 6.1; Win64; x64; rv:47.0) Gecko/20100101 Firefox/47.0"
45.148.10.143 - - [28/Oct/2025:02:38:18 +0000] "GET /config/application.yml HTTP/1.1" 404 162 "-" "Mozilla/5.0 (Windows NT 6.1; Win64; x64; rv:47.0) Gecko/20100101 Firefox/47.0"
45.148.10.143 - - [28/Oct/2025:02:38:19 +0000] "GET /config/storage.yml HTTP/1.1" 404 162 "-" "Mozilla/5.0 (Windows NT 6.1; Win64; x64; rv:47.0) Gecko/20100101 Firefox/47.0"
45.148.10.143 - - [28/Oct/2025:02:38:19 +0000] "GET /configs/routes-4aug.js HTTP/1.1" 404 162 "-" "Mozilla/5.0 (Windows NT 6.1; Win64; x64; rv:47.0) Gecko/20100101 Firefox/47.0"
164.92.131.177 - - [28/Oct/2025:02:38:19 +0000] "GET /css.php HTTP/1.1" 301 178 "www.google.com" "Mozlila/5.0 (Linux; Android 7.0; SM-G892A Bulid/NRD90M; wv) AppleWebKit/537.36 (KHTML, like Gecko) Version/4.0 Chrome/60.0.3112.107 Moblie Safari/537.36"
164.92.131.177 - - [28/Oct/2025:02:38:19 +0000] "GET /css.php HTTP/1.1" 404 196 "www.google.com" "Mozlila/5.0 (Linux; Android 7.0; SM-G892A Bulid/NRD90M; wv) AppleWebKit/537.36 (KHTML, like Gecko) Version/4.0 Chrome/60.0.3112.107 Moblie Safari/537.36"
164.92.131.177 - - [28/Oct/2025:02:38:19 +0000] "GET /css.php HTTP/1.1" 404 196 "www.google.com" "Mozlila/5.0 (Linux; Android 7.0; SM-G892A Bulid/NRD90M; wv) AppleWebKit/537.36 (KHTML, like Gecko) Version/4.0 Chrome/60.0.3112.107 Moblie Safari/537.36"
45.148.10.143 - - [28/Oct/2025:02:38:19 +0000] "GET /configs/routes.js HTTP/1.1" 404 162 "-" "Mozilla/5.0 (Windows NT 6.1; Win64; x64; rv:47.0) Gecko/20100101 Firefox/47.0"
164.92.131.177 - - [28/Oct/2025:02:38:19 +0000] "GET /doc.php HTTP/1.1" 301 178 "www.google.com" "Mozlila/5.0 (Linux; Android 7.0; SM-G892A Bulid/NRD90M; wv) AppleWebKit/537.36 (KHTML, like Gecko) Version/4.0 Chrome/60.0.3112.107 Moblie Safari/537.36"
164.92.131.177 - - [28/Oct/2025:02:38:19 +0000] "GET /doc.php HTTP/1.1" 404 196 "www.google.com" "Mozlila/5.0 (Linux; Android 7.0; SM-G892A Bulid/NRD90M; wv) AppleWebKit/537.36 (KHTML, like Gecko) Version/4.0 Chrome/60.0.3112.107 Moblie Safari/537.36"
45.148.10.143 - - [28/Oct/2025:02:38:19 +0000] "GET /configs/s3_config.json HTTP/1.1" 404 162 "-" "Mozilla/5.0 (Windows NT 6.1; Win64; x64; rv:47.0) Gecko/20100101 Firefox/47.0"
164.92.131.177 - - [28/Oct/2025:02:38:20 +0000] "GET /doc.php HTTP/1.1" 404 196 "www.google.com" "Mozlila/5.0 (Linux; Android 7.0; SM-G892A Bulid/NRD90M; wv) AppleWebKit/537.36 (KHTML, like Gecko) Version/4.0 Chrome/60.0.3112.107 Moblie Safari/537.36"
45.148.10.143 - - [28/Oct/2025:02:38:20 +0000] "GET /controller/admin/post.js HTTP/1.1" 404 162 "-" "Mozilla/5.0 (Windows NT 6.1; Win64; x64; rv:47.0) Gecko/20100101 Firefox/47.0"
164.92.131.177 - - [28/Oct/2025:02:38:20 +0000] "GET /wp_wrong_datlib.php HTTP/1.1" 301 178 "www.google.com" "Mozlila/5.0 (Linux; Android 7.0; SM-G892A Bulid/NRD90M; wv) AppleWebKit/537.36 (KHTML, like Gecko) Version/4.0 Chrome/60.0.3112.107 Moblie Safari/537.36"
164.92.131.177 - - [28/Oct/2025:02:38:20 +0000] "GET /wp_wrong_datlib.php HTTP/1.1" 404 196 "www.google.com" "Mozlila/5.0 (Linux; Android 7.0; SM-G892A Bulid/NRD90M; wv) AppleWebKit/537.36 (KHTML, like Gecko) Version/4.0 Chrome/60.0.3112.107 Moblie Safari/537.36"
45.148.10.143 - - [28/Oct/2025:02:38:20 +0000] "GET /controller/api/post.js HTTP/1.1" 404 162 "-" "Mozilla/5.0 (Windows NT 6.1; Win64; x64; rv:47.0) Gecko/20100101 Firefox/47.0"
164.92.131.177 - - [28/Oct/2025:02:38:21 +0000] "GET /wp_wrong_datlib.php HTTP/1.1" 404 196 "www.google.com" "Mozlila/5.0 (Linux; Android 7.0; SM-G892A Bulid/NRD90M; wv) AppleWebKit/537.36 (KHTML, like Gecko) Version/4.0 Chrome/60.0.3112.107 Moblie Safari/537.36"
45.148.10.143 - - [28/Oct/2025:02:38:21 +0000] "GET /controllers/settings.js HTTP/1.1" 404 162 "-" "Mozilla/5.0 (Windows NT 6.1; Win64; x64; rv:47.0) Gecko/20100101 Firefox/47.0"
164.92.131.177 - - [28/Oct/2025:02:38:21 +0000] "GET /v.php HTTP/1.1" 301 178 "www.google.com" "Mozlila/5.0 (Linux; Android 7.0; SM-G892A Bulid/NRD90M; wv) AppleWebKit/537.36 (KHTML, like Gecko) Version/4.0 Chrome/60.0.3112.107 Moblie Safari/537.36"
45.148.10.143 - - [28/Oct/2025:02:38:21 +0000] "GET /getcpuutil.php-bakworking HTTP/1.1" 404 162 "-" "Mozilla/5.0 (Windows NT 6.1; Win64; x64; rv:47.0) Gecko/20100101 Firefox/47.0"
164.92.131.177 - - [28/Oct/2025:02:38:21 +0000] "GET /v.php HTTP/1.1" 404 196 "www.google.com" "Mozlila/5.0 (Linux; Android 7.0; SM-G892A Bulid/NRD90M; wv) AppleWebKit/537.36 (KHTML, like Gecko) Version/4.0 Chrome/60.0.3112.107 Moblie Safari/537.36"
164.92.131.177 - - [28/Oct/2025:02:38:21 +0000] "GET /v.php HTTP/1.1" 404 196 "www.google.com" "Mozlila/5.0 (Linux; Android 7.0; SM-G892A Bulid/NRD90M; wv) AppleWebKit/537.36 (KHTML, like Gecko) Version/4.0 Chrome/60.0.3112.107 Moblie Safari/537.36"
45.148.10.143 - - [28/Oct/2025:02:38:22 +0000] "GET /helper.js HTTP/1.1" 404 162 "-" "Mozilla/5.0 (Windows NT 6.1; Win64; x64; rv:47.0) Gecko/20100101 Firefox/47.0"
164.92.131.177 - - [28/Oct/2025:02:38:22 +0000] "GET /ups.php HTTP/1.1" 301 178 "www.google.com" "Mozlila/5.0 (Linux; Android 7.0; SM-G892A Bulid/NRD90M; wv) AppleWebKit/537.36 (KHTML, like Gecko) Version/4.0 Chrome/60.0.3112.107 Moblie Safari/537.36"
45.148.10.143 - - [28/Oct/2025:02:38:22 +0000] "GET /helper/EmailHelper.js HTTP/1.1" 404 162 "-" "Mozilla/5.0 (Windows NT 6.1; Win64; x64; rv:47.0) Gecko/20100101 Firefox/47.0"
164.92.131.177 - - [28/Oct/2025:02:38:22 +0000] "GET /ups.php HTTP/1.1" 404 196 "www.google.com" "Mozlila/5.0 (Linux; Android 7.0; SM-G892A Bulid/NRD90M; wv) AppleWebKit/537.36 (KHTML, like Gecko) Version/4.0 Chrome/60.0.3112.107 Moblie Safari/537.36"
164.92.131.177 - - [28/Oct/2025:02:38:22 +0000] "GET /ups.php HTTP/1.1" 404 196 "www.google.com" "Mozlila/5.0 (Linux; Android 7.0; SM-G892A Bulid/NRD90M; wv) AppleWebKit/537.36 (KHTML, like Gecko) Version/4.0 Chrome/60.0.3112.107 Moblie Safari/537.36"
45.148.10.143 - - [28/Oct/2025:02:38:22 +0000] "GET /index.js HTTP/1.1" 404 162 "-" "Mozilla/5.0 (Windows NT 6.1; Win64; x64; rv:47.0) Gecko/20100101 Firefox/47.0"
164.92.131.177 - - [28/Oct/2025:02:38:23 +0000] "GET /up.php HTTP/1.1" 301 178 "www.google.com" "Mozlila/5.0 (Linux; Android 7.0; SM-G892A Bulid/NRD90M; wv) AppleWebKit/537.36 (KHTML, like Gecko) Version/4.0 Chrome/60.0.3112.107 Moblie Safari/537.36"
45.148.10.143 - - [28/Oct/2025:02:38:23 +0000] "GET /index.html HTTP/1.1" 200 1952 "-" "Mozilla/5.0 (Windows NT 6.1; Win64; x64; rv:47.0) Gecko/20100101 Firefox/47.0"
164.92.131.177 - - [28/Oct/2025:02:38:23 +0000] "GET /up.php HTTP/1.1" 404 196 "www.google.com" "Mozlila/5.0 (Linux; Android 7.0; SM-G892A Bulid/NRD90M; wv) AppleWebKit/537.36 (KHTML, like Gecko) Version/4.0 Chrome/60.0.3112.107 Moblie Safari/537.36"
164.92.131.177 - - [28/Oct/2025:02:38:23 +0000] "GET /up.php HTTP/1.1" 404 196 "www.google.com" "Mozlila/5.0 (Linux; Android 7.0; SM-G892A Bulid/NRD90M; wv) AppleWebKit/537.36 (KHTML, like Gecko) Version/4.0 Chrome/60.0.3112.107 Moblie Safari/537.36"
164.92.131.177 - - [28/Oct/2025:02:38:23 +0000] "GET /fw.php HTTP/1.1" 301 178 "www.google.com" "Mozlila/5.0 (Linux; Android 7.0; SM-G892A Bulid/NRD90M; wv) AppleWebKit/537.36 (KHTML, like Gecko) Version/4.0 Chrome/60.0.3112.107 Moblie Safari/537.36"
164.92.131.177 - - [28/Oct/2025:02:38:23 +0000] "GET /fw.php HTTP/1.1" 404 196 "www.google.com" "Mozlila/5.0 (Linux; Android 7.0; SM-G892A Bulid/NRD90M; wv) AppleWebKit/537.36 (KHTML, like Gecko) Version/4.0 Chrome/60.0.3112.107 Moblie Safari/537.36"
164.92.131.177 - - [28/Oct/2025:02:38:24 +0000] "GET /fw.php HTTP/1.1" 404 196 "www.google.com" "Mozlila/5.0 (Linux; Android 7.0; SM-G892A Bulid/NRD90M; wv) AppleWebKit/537.36 (KHTML, like Gecko) Version/4.0 Chrome/60.0.3112.107 Moblie Safari/537.36"
164.92.131.177 - - [28/Oct/2025:02:38:24 +0000] "GET /loader/ff.php?pass=shell HTTP/1.1" 301 178 "www.google.com" "Mozlila/5.0 (Linux; Android 7.0; SM-G892A Bulid/NRD90M; wv) AppleWebKit/537.36 (KHTML, like Gecko) Version/4.0 Chrome/60.0.3112.107 Moblie Safari/537.36"
45.148.10.143 - - [28/Oct/2025:02:38:24 +0000] "GET /my_env/chakaash.py HTTP/1.1" 404 162 "-" "Mozilla/5.0 (Windows NT 6.1; Win64; x64; rv:47.0) Gecko/20100101 Firefox/47.0"
164.92.131.177 - - [28/Oct/2025:02:38:24 +0000] "GET /loader/ff.php?pass=shell HTTP/1.1" 404 196 "www.google.com" "Mozlila/5.0 (Linux; Android 7.0; SM-G892A Bulid/NRD90M; wv) AppleWebKit/537.36 (KHTML, like Gecko) Version/4.0 Chrome/60.0.3112.107 Moblie Safari/537.36"
164.92.131.177 - - [28/Oct/2025:02:38:24 +0000] "GET /loader/ff.php?pass=shell HTTP/1.1" 404 196 "www.google.com" "Mozlila/5.0 (Linux; Android 7.0; SM-G892A Bulid/NRD90M; wv) AppleWebKit/537.36 (KHTML, like Gecko) Version/4.0 Chrome/60.0.3112.107 Moblie Safari/537.36"
45.148.10.143 - - [28/Oct/2025:02:38:25 +0000] "GET /my_env/newsletter.py HTTP/1.1" 404 162 "-" "Mozilla/5.0 (Windows NT 6.1; Win64; x64; rv:47.0) Gecko/20100101 Firefox/47.0"
164.92.131.177 - - [28/Oct/2025:02:38:25 +0000] "GET /local.php HTTP/1.1" 301 178 "www.google.com" "Mozlila/5.0 (Linux; Android 7.0; SM-G892A Bulid/NRD90M; wv) AppleWebKit/537.36 (KHTML, like Gecko) Version/4.0 Chrome/60.0.3112.107 Moblie Safari/537.36"
164.92.131.177 - - [28/Oct/2025:02:38:25 +0000] "GET /local.php HTTP/1.1" 404 196 "www.google.com" "Mozlila/5.0 (Linux; Android 7.0; SM-G892A Bulid/NRD90M; wv) AppleWebKit/537.36 (KHTML, like Gecko) Version/4.0 Chrome/60.0.3112.107 Moblie Safari/537.36"
164.92.131.177 - - [28/Oct/2025:02:38:25 +0000] "GET /local.php HTTP/1.1" 404 196 "www.google.com" "Mozlila/5.0 (Linux; Android 7.0; SM-G892A Bulid/NRD90M; wv) AppleWebKit/537.36 (KHTML, like Gecko) Version/4.0 Chrome/60.0.3112.107 Moblie Safari/537.36"
164.92.131.177 - - [28/Oct/2025:02:38:26 +0000] "GET /wp-atom.php HTTP/1.1" 301 178 "www.google.com" "Mozlila/5.0 (Linux; Android 7.0; SM-G892A Bulid/NRD90M; wv) AppleWebKit/537.36 (KHTML, like Gecko) Version/4.0 Chrome/60.0.3112.107 Moblie Safari/537.36"
45.148.10.143 - - [28/Oct/2025:02:38:26 +0000] "GET /my_env/palash.py HTTP/1.1" 404 162 "-" "Mozilla/5.0 (Windows NT 6.1; Win64; x64; rv:47.0) Gecko/20100101 Firefox/47.0"
164.92.131.177 - - [28/Oct/2025:02:38:26 +0000] "GET /wp-atom.php HTTP/1.1" 404 196 "www.google.com" "Mozlila/5.0 (Linux; Android 7.0; SM-G892A Bulid/NRD90M; wv) AppleWebKit/537.36 (KHTML, like Gecko) Version/4.0 Chrome/60.0.3112.107 Moblie Safari/537.36"
164.92.131.177 - - [28/Oct/2025:02:38:26 +0000] "GET /wp-atom.php HTTP/1.1" 404 196 "www.google.com" "Mozlila/5.0 (Linux; Android 7.0; SM-G892A Bulid/NRD90M; wv) AppleWebKit/537.36 (KHTML, like Gecko) Version/4.0 Chrome/60.0.3112.107 Moblie Safari/537.36"
45.148.10.143 - - [28/Oct/2025:02:38:26 +0000] "GET /mytest/astech_robot.js HTTP/1.1" 404 162 "-" "Mozilla/5.0 (Windows NT 6.1; Win64; x64; rv:47.0) Gecko/20100101 Firefox/47.0"
45.148.10.143 - - [28/Oct/2025:02:38:26 +0000] "GET /partner/config/config.js HTTP/1.1" 404 162 "-" "Mozilla/5.0 (Windows NT 6.1; Win64; x64; rv:47.0) Gecko/20100101 Firefox/47.0"
164.92.131.177 - - [28/Oct/2025:02:38:27 +0000] "GET /1index.php?pass=shell HTTP/1.1" 301 178 "www.google.com" "Mozlila/5.0 (Linux; Android 7.0; SM-G892A Bulid/NRD90M; wv) AppleWebKit/537.36 (KHTML, like Gecko) Version/4.0 Chrome/60.0.3112.107 Moblie Safari/537.36"
164.92.131.177 - - [28/Oct/2025:02:38:27 +0000] "GET /1index.php?pass=shell HTTP/1.1" 404 196 "www.google.com" "Mozlila/5.0 (Linux; Android 7.0; SM-G892A Bulid/NRD90M; wv) AppleWebKit/537.36 (KHTML, like Gecko) Version/4.0 Chrome/60.0.3112.107 Moblie Safari/537.36"
164.92.131.177 - - [28/Oct/2025:02:38:27 +0000] "GET /1index.php?pass=shell HTTP/1.1" 404 196 "www.google.com" "Mozlila/5.0 (Linux; Android 7.0; SM-G892A Bulid/NRD90M; wv) AppleWebKit/537.36 (KHTML, like Gecko) Version/4.0 Chrome/60.0.3112.107 Moblie Safari/537.36"
45.148.10.143 - - [28/Oct/2025:02:38:27 +0000] "GET /config/settings.json HTTP/1.1" 404 162 "-" "Mozilla/5.0 (Windows NT 6.1; Win64; x64; rv:47.0) Gecko/20100101 Firefox/47.0"
45.148.10.143 - - [28/Oct/2025:02:38:27 +0000] "GET /config/settings.local HTTP/1.1" 404 162 "-" "Mozilla/5.0 (Windows NT 6.1; Win64; x64; rv:47.0) Gecko/20100101 Firefox/47.0"
45.148.10.143 - - [28/Oct/2025:02:38:28 +0000] "GET /.circleci/configs/development.yml HTTP/1.1" 404 162 "-" "Mozilla/5.0 (Windows NT 6.1; Win64; x64; rv:47.0) Gecko/20100101 Firefox/47.0"
164.92.131.177 - - [28/Oct/2025:02:38:28 +0000] "GET /2index.php?pass=shell HTTP/1.1" 301 178 "www.google.com" "Mozlila/5.0 (Linux; Android 7.0; SM-G892A Bulid/NRD90M; wv) AppleWebKit/537.36 (KHTML, like Gecko) Version/4.0 Chrome/60.0.3112.107 Moblie Safari/537.36"
164.92.131.177 - - [28/Oct/2025:02:38:28 +0000] "GET /2index.php?pass=shell HTTP/1.1" 404 196 "www.google.com" "Mozlila/5.0 (Linux; Android 7.0; SM-G892A Bulid/NRD90M; wv) AppleWebKit/537.36 (KHTML, like Gecko) Version/4.0 Chrome/60.0.3112.107 Moblie Safari/537.36"
164.92.131.177 - - [28/Oct/2025:02:38:28 +0000] "GET /2index.php?pass=shell HTTP/1.1" 404 196 "www.google.com" "Mozlila/5.0 (Linux; Android 7.0; SM-G892A Bulid/NRD90M; wv) AppleWebKit/537.36 (KHTML, like Gecko) Version/4.0 Chrome/60.0.3112.107 Moblie Safari/537.36"
164.92.131.177 - - [28/Oct/2025:02:38:29 +0000] "GET /3index.php?f=NmRtJOUjAdutReQjscRjKUhleBpzmTyO.txt HTTP/1.1" 301 178 "www.google.com" "Mozlila/5.0 (Linux; Android 7.0; SM-G892A Bulid/NRD90M; wv) AppleWebKit/537.36 (KHTML, like Gecko) Version/4.0 Chrome/60.0.3112.107 Moblie Safari/537.36"
164.92.131.177 - - [28/Oct/2025:02:38:29 +0000] "GET /3index.php?f=NmRtJOUjAdutReQjscRjKUhleBpzmTyO.txt HTTP/1.1" 404 196 "www.google.com" "Mozlila/5.0 (Linux; Android 7.0; SM-G892A Bulid/NRD90M; wv) AppleWebKit/537.36 (KHTML, like Gecko) Version/4.0 Chrome/60.0.3112.107 Moblie Safari/537.36"
45.148.10.143 - - [28/Oct/2025:02:38:29 +0000] "GET /config/settings.prod HTTP/1.1" 404 162 "-" "Mozilla/5.0 (Windows NT 6.1; Win64; x64; rv:47.0) Gecko/20100101 Firefox/47.0"
164.92.131.177 - - [28/Oct/2025:02:38:29 +0000] "GET /3index.php?f=NmRtJOUjAdutReQjscRjKUhleBpzmTyO.txt HTTP/1.1" 404 196 "www.google.com" "Mozlila/5.0 (Linux; Android 7.0; SM-G892A Bulid/NRD90M; wv) AppleWebKit/537.36 (KHTML, like Gecko) Version/4.0 Chrome/60.0.3112.107 Moblie Safari/537.36"
45.148.10.143 - - [28/Oct/2025:02:38:29 +0000] "GET /app/config/parameters.yml HTTP/1.1" 404 162 "-" "Mozilla/5.0 (Windows NT 6.1; Win64; x64; rv:47.0) Gecko/20100101 Firefox/47.0"
164.92.131.177 - - [28/Oct/2025:02:38:30 +0000] "GET /wikindex.php?f=NmRtJOUjAdutReQjscRjKUhleBpzmTyO.txt HTTP/1.1" 301 178 "www.google.com" "Mozlila/5.0 (Linux; Android 7.0; SM-G892A Bulid/NRD90M; wv) AppleWebKit/537.36 (KHTML, like Gecko) Version/4.0 Chrome/60.0.3112.107 Moblie Safari/537.36"
45.148.10.143 - - [28/Oct/2025:02:38:30 +0000] "GET /config/parameters.yml HTTP/1.1" 404 162 "-" "Mozilla/5.0 (Windows NT 6.1; Win64; x64; rv:47.0) Gecko/20100101 Firefox/47.0"
164.92.131.177 - - [28/Oct/2025:02:38:30 +0000] "GET /wikindex.php?f=NmRtJOUjAdutReQjscRjKUhleBpzmTyO.txt HTTP/1.1" 404 196 "www.google.com" "Mozlila/5.0 (Linux; Android 7.0; SM-G892A Bulid/NRD90M; wv) AppleWebKit/537.36 (KHTML, like Gecko) Version/4.0 Chrome/60.0.3112.107 Moblie Safari/537.36"
45.148.10.143 - - [28/Oct/2025:02:38:31 +0000] "GET /user/config/config.js HTTP/1.1" 404 162 "-" "Mozilla/5.0 (Windows NT 6.1; Win64; x64; rv:47.0) Gecko/20100101 Firefox/47.0"
164.92.131.177 - - [28/Oct/2025:02:38:31 +0000] "GET /wikindex.php?f=NmRtJOUjAdutReQjscRjKUhleBpzmTyO.txt HTTP/1.1" 404 196 "www.google.com" "Mozlila/5.0 (Linux; Android 7.0; SM-G892A Bulid/NRD90M; wv) AppleWebKit/537.36 (KHTML, like Gecko) Version/4.0 Chrome/60.0.3112.107 Moblie Safari/537.36"
45.148.10.143 - - [28/Oct/2025:02:38:31 +0000] "GET /user/controllers/index.js HTTP/1.1" 404 162 "-" "Mozilla/5.0 (Windows NT 6.1; Win64; x64; rv:47.0) Gecko/20100101 Firefox/47.0"
164.92.131.177 - - [28/Oct/2025:02:38:31 +0000] "GET /autoload_classmap.php HTTP/1.1" 301 178 "www.google.com" "Mozlila/5.0 (Linux; Android 7.0; SM-G892A Bulid/NRD90M; wv) AppleWebKit/537.36 (KHTML, like Gecko) Version/4.0 Chrome/60.0.3112.107 Moblie Safari/537.36"
164.92.131.177 - - [28/Oct/2025:02:38:31 +0000] "GET /autoload_classmap.php HTTP/1.1" 404 196 "www.google.com" "Mozlila/5.0 (Linux; Android 7.0; SM-G892A Bulid/NRD90M; wv) AppleWebKit/537.36 (KHTML, like Gecko) Version/4.0 Chrome/60.0.3112.107 Moblie Safari/537.36"
45.148.10.143 - - [28/Oct/2025:02:38:32 +0000] "GET /.AWS_/credentials HTTP/1.1" 404 162 "-" "Mozilla/5.0 (Windows NT 6.1; Win64; x64; rv:47.0) Gecko/20100101 Firefox/47.0"
164.92.131.177 - - [28/Oct/2025:02:38:32 +0000] "GET /autoload_classmap.php HTTP/1.1" 404 196 "www.google.com" "Mozlila/5.0 (Linux; Android 7.0; SM-G892A Bulid/NRD90M; wv) AppleWebKit/537.36 (KHTML, like Gecko) Version/4.0 Chrome/60.0.3112.107 Moblie Safari/537.36"
45.148.10.143 - - [28/Oct/2025:02:38:33 +0000] "GET /config/local.yml HTTP/1.1" 404 162 "-" "Mozilla/5.0 (Windows NT 6.1; Win64; x64; rv:47.0) Gecko/20100101 Firefox/47.0"
164.92.131.177 - - [28/Oct/2025:02:38:33 +0000] "GET /wp-conflg.php HTTP/1.1" 301 178 "www.google.com" "Mozlila/5.0 (Linux; Android 7.0; SM-G892A Bulid/NRD90M; wv) AppleWebKit/537.36 (KHTML, like Gecko) Version/4.0 Chrome/60.0.3112.107 Moblie Safari/537.36"
164.92.131.177 - - [28/Oct/2025:02:38:33 +0000] "GET /wp-conflg.php HTTP/1.1" 404 196 "www.google.com" "Mozlila/5.0 (Linux; Android 7.0; SM-G892A Bulid/NRD90M; wv) AppleWebKit/537.36 (KHTML, like Gecko) Version/4.0 Chrome/60.0.3112.107 Moblie Safari/537.36"
45.148.10.143 - - [28/Oct/2025:02:38:33 +0000] "GET /backend/config/settings.yml HTTP/1.1" 404 162 "-" "Mozilla/5.0 (Windows NT 6.1; Win64; x64; rv:47.0) Gecko/20100101 Firefox/47.0"
164.92.131.177 - - [28/Oct/2025:02:38:33 +0000] "GET /wp-conflg.php HTTP/1.1" 404 196 "www.google.com" "Mozlila/5.0 (Linux; Android 7.0; SM-G892A Bulid/NRD90M; wv) AppleWebKit/537.36 (KHTML, like Gecko) Version/4.0 Chrome/60.0.3112.107 Moblie Safari/537.36"
45.148.10.143 - - [28/Oct/2025:02:38:34 +0000] "GET /api/config/config.yml HTTP/1.1" 404 162 "-" "Mozilla/5.0 (Windows NT 6.1; Win64; x64; rv:47.0) Gecko/20100101 Firefox/47.0"
164.92.131.177 - - [28/Oct/2025:02:38:34 +0000] "GET /wp-admin/includes/1975.php HTTP/1.1" 301 178 "www.google.com" "Mozlila/5.0 (Linux; Android 7.0; SM-G892A Bulid/NRD90M; wv) AppleWebKit/537.36 (KHTML, like Gecko) Version/4.0 Chrome/60.0.3112.107 Moblie Safari/537.36"
164.92.131.177 - - [28/Oct/2025:02:38:34 +0000] "GET /wp-admin/includes/1975.php HTTP/1.1" 404 196 "www.google.com" "Mozlila/5.0 (Linux; Android 7.0; SM-G892A Bulid/NRD90M; wv) AppleWebKit/537.36 (KHTML, like Gecko) Version/4.0 Chrome/60.0.3112.107 Moblie Safari/537.36"
164.92.131.177 - - [28/Oct/2025:02:38:34 +0000] "GET /wp-admin/includes/1975.php HTTP/1.1" 404 196 "www.google.com" "Mozlila/5.0 (Linux; Android 7.0; SM-G892A Bulid/NRD90M; wv) AppleWebKit/537.36 (KHTML, like Gecko) Version/4.0 Chrome/60.0.3112.107 Moblie Safari/537.36"
76.168.183.60 - - [28/Oct/2025:02:38:34 +0000] "GET /robots.txt HTTP/1.1" 404 196 "-" "Mozilla/5.0 (Linux; Android 5.0; SM-G900P Build/LRX21T) AppleWebKit/537.36 (KHTML, like Gecko) Chrome/59.0.4049.1929 Mobile Safari/537.36"
45.148.10.143 - - [28/Oct/2025:02:38:34 +0000] "GET /admin/config HTTP/1.1" 404 162 "-" "Mozilla/5.0 (Windows NT 6.1; Win64; x64; rv:47.0) Gecko/20100101 Firefox/47.0"
45.148.10.143 - - [28/Oct/2025:02:38:35 +0000] "GET /appsettings.json HTTP/1.1" 404 162 "-" "Mozilla/5.0 (Windows NT 6.1; Win64; x64; rv:47.0) Gecko/20100101 Firefox/47.0"
164.92.131.177 - - [28/Oct/2025:02:38:35 +0000] "GET /wp-backup-sql-302.php HTTP/1.1" 301 178 "www.google.com" "Mozlila/5.0 (Linux; Android 7.0; SM-G892A Bulid/NRD90M; wv) AppleWebKit/537.36 (KHTML, like Gecko) Version/4.0 Chrome/60.0.3112.107 Moblie Safari/537.36"
164.92.131.177 - - [28/Oct/2025:02:38:35 +0000] "GET /wp-backup-sql-302.php HTTP/1.1" 404 196 "www.google.com" "Mozlila/5.0 (Linux; Android 7.0; SM-G892A Bulid/NRD90M; wv) AppleWebKit/537.36 (KHTML, like Gecko) Version/4.0 Chrome/60.0.3112.107 Moblie Safari/537.36"
164.92.131.177 - - [28/Oct/2025:02:38:35 +0000] "GET /wp-backup-sql-302.php HTTP/1.1" 404 196 "www.google.com" "Mozlila/5.0 (Linux; Android 7.0; SM-G892A Bulid/NRD90M; wv) AppleWebKit/537.36 (KHTML, like Gecko) Version/4.0 Chrome/60.0.3112.107 Moblie Safari/537.36"
45.148.10.143 - - [28/Oct/2025:02:38:35 +0000] "GET /.travis.yml HTTP/1.1" 404 162 "-" "Mozilla/5.0 (Windows NT 6.1; Win64; x64; rv:47.0) Gecko/20100101 Firefox/47.0"
164.92.131.177 - - [28/Oct/2025:02:38:36 +0000] "GET /wp-includes/wp-class.php HTTP/1.1" 301 178 "www.google.com" "Mozlila/5.0 (Linux; Android 7.0; SM-G892A Bulid/NRD90M; wv) AppleWebKit/537.36 (KHTML, like Gecko) Version/4.0 Chrome/60.0.3112.107 Moblie Safari/537.36"
164.92.131.177 - - [28/Oct/2025:02:38:36 +0000] "GET /wp-includes/wp-class.php HTTP/1.1" 404 196 "www.google.com" "Mozlila/5.0 (Linux; Android 7.0; SM-G892A Bulid/NRD90M; wv) AppleWebKit/537.36 (KHTML, like Gecko) Version/4.0 Chrome/60.0.3112.107 Moblie Safari/537.36"
164.92.131.177 - - [28/Oct/2025:02:38:36 +0000] "GET /wp-includes/wp-class.php HTTP/1.1" 404 196 "www.google.com" "Mozlila/5.0 (Linux; Android 7.0; SM-G892A Bulid/NRD90M; wv) AppleWebKit/537.36 (KHTML, like Gecko) Version/4.0 Chrome/60.0.3112.107 Moblie Safari/537.36"
164.92.131.177 - - [28/Oct/2025:02:38:36 +0000] "GET /wp-inlcudes.php?katib HTTP/1.1" 301 178 "www.google.com" "Mozlila/5.0 (Linux; Android 7.0; SM-G892A Bulid/NRD90M; wv) AppleWebKit/537.36 (KHTML, like Gecko) Version/4.0 Chrome/60.0.3112.107 Moblie Safari/537.36"
164.92.131.177 - - [28/Oct/2025:02:38:36 +0000] "GET /wp-inlcudes.php?katib HTTP/1.1" 404 196 "www.google.com" "Mozlila/5.0 (Linux; Android 7.0; SM-G892A Bulid/NRD90M; wv) AppleWebKit/537.36 (KHTML, like Gecko) Version/4.0 Chrome/60.0.3112.107 Moblie Safari/537.36"
164.92.131.177 - - [28/Oct/2025:02:38:36 +0000] "GET /wp-inlcudes.php?katib HTTP/1.1" 404 196 "www.google.com" "Mozlila/5.0 (Linux; Android 7.0; SM-G892A Bulid/NRD90M; wv) AppleWebKit/537.36 (KHTML, like Gecko) Version/4.0 Chrome/60.0.3112.107 Moblie Safari/537.36"
45.148.10.143 - - [28/Oct/2025:02:38:37 +0000] "GET /aws.yml HTTP/1.1" 404 162 "-" "Mozilla/5.0 (Windows NT 6.1; Win64; x64; rv:47.0) Gecko/20100101 Firefox/47.0"
