164.92.131.177 - - [28/Oct/2025:02:36:22 +0000] "GET /old/ALFA_DATA/alfacgiapi/radio.php?bx=0e215962017 HTTP/1.1" 301 178 "-" "Mozilla/5.0 (Linux; Android 11; Redmi Note 9 Pro Build/RKQ1.200826.002; wv) AppleWebKit/537.36 (KHTML, like Gecko) Version/4.0 Chrome/90.0.4430.210 Mobile Safari/537.36"
164.92.131.177 - - [28/Oct/2025:02:36:22 +0000] "GET /old/ALFA_DATA/alfacgiapi/radio.php?bx=0e215962017 HTTP/1.1" 404 196 "-" "Mozilla/5.0 (Linux; Android 11; Redmi Note 9 Pro Build/RKQ1.200826.002; wv) AppleWebKit/537.36 (KHTML, like Gecko) Version/4.0 Chrome/90.0.4430.210 Mobile Safari/537.36"
164.92.131.177 - - [28/Oct/2025:02:36:22 +0000] "GET /old/ALFA_DATA/alfacgiapi/404.php?bx=0e215962017 HTTP/1.1" 301 178 "-" "Mozilla/5.0 (Linux; Android 11; Redmi Note 9 Pro Build/RKQ1.200826.002; wv) AppleWebKit/537.36 (KHTML, like Gecko) Version/4.0 Chrome/90.0.4430.210 Mobile Safari/537.36"
164.92.131.177 - - [28/Oct/2025:02:36:22 +0000] "GET /old/ALFA_DATA/alfacgiapi/404.php?bx=0e215962017 HTTP/1.1" 404 196 "-" "Mozilla/5.0 (Linux; Android 11; Redmi Note 9 Pro Build/RKQ1.200826.002; wv) AppleWebKit/537.36 (KHTML, like Gecko) Version/4.0 Chrome/90.0.4430.210 Mobile Safari/537.36"
164.92.131.177 - - [28/Oct/2025:02:36:22 +0000] "POST /backup/alfacgiapi/perl.alfa HTTP/1.1" 301 178 "-" "Mozilla/5.0 (Linux; Android 11; Redmi Note 9 Pro Build/RKQ1.200826.002; wv) AppleWebKit/537.36 (KHTML, like Gecko) Version/4.0 Chrome/90.0.4430.210 Mobile Safari/537.36"
164.92.131.177 - - [28/Oct/2025:02:36:22 +0000] "GET /backup/alfacgiapi/perl.alfa HTTP/1.1" 404 196 "-" "Mozilla/5.0 (Linux; Android 11; Redmi Note 9 Pro Build/RKQ1.200826.002; wv) AppleWebKit/537.36 (KHTML, like Gecko) Version/4.0 Chrome/90.0.4430.210 Mobile Safari/537.36"
164.92.131.177 - - [28/Oct/2025:02:36:23 +0000] "POST /backup/alfacgiapi/perl.alfa HTTP/1.1" 301 178 "-" "Mozilla/5.0 (Linux; Android 11; Redmi Note 9 Pro Build/RKQ1.200826.002; wv) AppleWebKit/537.36 (KHTML, like Gecko) Version/4.0 Chrome/90.0.4430.210 Mobile Safari/537.36"
164.92.131.177 - - [28/Oct/2025:02:36:23 +0000] "GET /backup/alfacgiapi/perl.alfa HTTP/1.1" 404 196 "-" "Mozilla/5.0 (Linux; Android 11; Redmi Note 9 Pro Build/RKQ1.200826.002; wv) AppleWebKit/537.36 (KHTML, like Gecko) Version/4.0 Chrome/90.0.4430.210 Mobile Safari/537.36"
45.148.10.143 - - [28/Oct/2025:02:36:23 +0000] "GET /.env HTTP/1.1" 404 162 "-" "Mozilla/5.0 (Windows NT 6.1; Win64; x64; rv:47.0) Gecko/20100101 Firefox/47.0"
164.92.131.177 - - [28/Oct/2025:02:36:23 +0000] "POST /backup/alfacgiapi/bash.alfa HTTP/1.1" 301 178 "-" "Mozilla/5.0 (Linux; Android 11; Redmi Note 9 Pro Build/RKQ1.200826.002; wv) AppleWebKit/537.36 (KHTML, like Gecko) Version/4.0 Chrome/90.0.4430.210 Mobile Safari/537.36"
164.92.131.177 - - [28/Oct/2025:02:36:23 +0000] "GET /backup/alfacgiapi/bash.alfa HTTP/1.1" 404 196 "-" "Mozilla/5.0 (Linux; Android 11; Redmi Note 9 Pro Build/RKQ1.200826.002; wv) AppleWebKit/537.36 (KHTML, like Gecko) Version/4.0 Chrome/90.0.4430.210 Mobile Safari/537.36"
45.148.10.143 - - [28/Oct/2025:02:36:23 +0000] "GET /phpinfo HTTP/1.1" 404 162 "-" "Mozilla/5.0 (Windows NT 6.1; Win64; x64; rv:47.0) Gecko/20100101 Firefox/47.0"
164.92.131.177 - - [28/Oct/2025:02:36:23 +0000] "POST /backup/alfacgiapi/bash.alfa HTTP/1.1" 301 178 "-" "Mozilla/5.0 (Linux; Android 11; Redmi Note 9 Pro Build/RKQ1.200826.002; wv) AppleWebKit/537.36 (KHTML, like Gecko) Version/4.0 Chrome/90.0.4430.210 Mobile Safari/537.36"
164.92.131.177 - - [28/Oct/2025:02:36:23 +0000] "GET /backup/alfacgiapi/bash.alfa HTTP/1.1" 404 196 "-" "Mozilla/5.0 (Linux; Android 11; Redmi Note 9 Pro Build/RKQ1.200826.002; wv) AppleWebKit/537.36 (KHTML, like Gecko) Version/4.0 Chrome/90.0.4430.210 Mobile Safari/537.36"
45.148.10.143 - - [28/Oct/2025:02:36:24 +0000] "GET /phpinfo.php HTTP/1.1" 404 162 "-" "Mozilla/5.0 (Windows NT 6.1; Win64; x64; rv:47.0) Gecko/20100101 Firefox/47.0"
164.92.131.177 - - [28/Oct/2025:02:36:24 +0000] "POST /backup/alfacgiapi/py.alfa HTTP/1.1" 301 178 "-" "Mozilla/5.0 (Linux; Android 11; Redmi Note 9 Pro Build/RKQ1.200826.002; wv) AppleWebKit/537.36 (KHTML, like Gecko) Version/4.0 Chrome/90.0.4430.210 Mobile Safari/537.36"
45.148.10.143 - - [28/Oct/2025:02:36:24 +0000] "GET /portal/.env HTTP/1.1" 404 162 "-" "Mozilla/5.0 (Windows NT 6.1; Win64; x64; rv:47.0) Gecko/20100101 Firefox/47.0"
164.92.131.177 - - [28/Oct/2025:02:36:24 +0000] "GET /backup/alfacgiapi/py.alfa HTTP/1.1" 404 196 "-" "Mozilla/5.0 (Linux; Android 11; Redmi Note 9 Pro Build/RKQ1.200826.002; wv) AppleWebKit/537.36 (KHTML, like Gecko) Version/4.0 Chrome/90.0.4430.210 Mobile Safari/537.36"
164.92.131.177 - - [28/Oct/2025:02:36:24 +0000] "POST /backup/alfacgiapi/py.alfa HTTP/1.1" 301 178 "-" "Mozilla/5.0 (Linux; Android 11; Redmi Note 9 Pro Build/RKQ1.200826.002; wv) AppleWebKit/537.36 (KHTML, like Gecko) Version/4.0 Chrome/90.0.4430.210 Mobile Safari/537.36"
164.92.131.177 - - [28/Oct/2025:02:36:24 +0000] "GET /backup/alfacgiapi/py.alfa HTTP/1.1" 404 196 "-" "Mozilla/5.0 (Linux; Android 11; Redmi Note 9 Pro Build/RKQ1.200826.002; wv) AppleWebKit/537.36 (KHTML, like Gecko) Version/4.0 Chrome/90.0.4430.210 Mobile Safari/537.36"
45.148.10.143 - - [28/Oct/2025:02:36:24 +0000] "GET /env/.env HTTP/1.1" 404 162 "-" "Mozilla/5.0 (Windows NT 6.1; Win64; x64; rv:47.0) Gecko/20100101 Firefox/47.0"
164.92.131.177 - - [28/Oct/2025:02:36:24 +0000] "GET /backup/alfacgiapi/index.php?bx=0e215962017 HTTP/1.1" 301 178 "-" "Mozilla/5.0 (Linux; Android 11; Redmi Note 9 Pro Build/RKQ1.200826.002; wv) AppleWebKit/537.36 (KHTML, like Gecko) Version/4.0 Chrome/90.0.4430.210 Mobile Safari/537.36"
164.92.131.177 - - [28/Oct/2025:02:36:24 +0000] "GET /backup/alfacgiapi/index.php?bx=0e215962017 HTTP/1.1" 404 196 "-" "Mozilla/5.0 (Linux; Android 11; Redmi Note 9 Pro Build/RKQ1.200826.002; wv) AppleWebKit/537.36 (KHTML, like Gecko) Version/4.0 Chrome/90.0.4430.210 Mobile Safari/537.36"
164.92.131.177 - - [28/Oct/2025:02:36:24 +0000] "GET /backup/alfacgiapi/radio.php?bx=0e215962017 HTTP/1.1" 301 178 "-" "Mozilla/5.0 (Linux; Android 11; Redmi Note 9 Pro Build/RKQ1.200826.002; wv) AppleWebKit/537.36 (KHTML, like Gecko) Version/4.0 Chrome/90.0.4430.210 Mobile Safari/537.36"
45.148.10.143 - - [28/Oct/2025:02:36:24 +0000] "GET /api/.env HTTP/1.1" 404 162 "-" "Mozilla/5.0 (Windows NT 6.1; Win64; x64; rv:47.0) Gecko/20100101 Firefox/47.0"
164.92.131.177 - - [28/Oct/2025:02:36:24 +0000] "GET /backup/alfacgiapi/radio.php?bx=0e215962017 HTTP/1.1" 404 196 "-" "Mozilla/5.0 (Linux; Android 11; Redmi Note 9 Pro Build/RKQ1.200826.002; wv) AppleWebKit/537.36 (KHTML, like Gecko) Version/4.0 Chrome/90.0.4430.210 Mobile Safari/537.36"
164.92.131.177 - - [28/Oct/2025:02:36:24 +0000] "GET /backup/alfacgiapi/404.php?bx=0e215962017 HTTP/1.1" 301 178 "-" "Mozilla/5.0 (Linux; Android 11; Redmi Note 9 Pro Build/RKQ1.200826.002; wv) AppleWebKit/537.36 (KHTML, like Gecko) Version/4.0 Chrome/90.0.4430.210 Mobile Safari/537.36"
45.148.10.143 - - [28/Oct/2025:02:36:24 +0000] "GET /app/.env HTTP/1.1" 404 162 "-" "Mozilla/5.0 (Windows NT 6.1; Win64; x64; rv:47.0) Gecko/20100101 Firefox/47.0"
164.92.131.177 - - [28/Oct/2025:02:36:25 +0000] "GET /backup/alfacgiapi/404.php?bx=0e215962017 HTTP/1.1" 404 196 "-" "Mozilla/5.0 (Linux; Android 11; Redmi Note 9 Pro Build/RKQ1.200826.002; wv) AppleWebKit/537.36 (KHTML, like Gecko) Version/4.0 Chrome/90.0.4430.210 Mobile Safari/537.36"
164.92.131.177 - - [28/Oct/2025:02:36:26 +0000] "POST /backup/ALFA_DATA/alfacgiapi/perl.alfa HTTP/1.1" 301 178 "-" "Mozilla/5.0 (Linux; Android 11; Redmi Note 9 Pro Build/RKQ1.200826.002; wv) AppleWebKit/537.36 (KHTML, like Gecko) Version/4.0 Chrome/90.0.4430.210 Mobile Safari/537.36"
164.92.131.177 - - [28/Oct/2025:02:36:26 +0000] "GET /backup/ALFA_DATA/alfacgiapi/perl.alfa HTTP/1.1" 404 196 "-" "Mozilla/5.0 (Linux; Android 11; Redmi Note 9 Pro Build/RKQ1.200826.002; wv) AppleWebKit/537.36 (KHTML, like Gecko) Version/4.0 Chrome/90.0.4430.210 Mobile Safari/537.36"
164.92.131.177 - - [28/Oct/2025:02:36:26 +0000] "POST /backup/ALFA_DATA/alfacgiapi/perl.alfa HTTP/1.1" 301 178 "-" "Mozilla/5.0 (Linux; Android 11; Redmi Note 9 Pro Build/RKQ1.200826.002; wv) AppleWebKit/537.36 (KHTML, like Gecko) Version/4.0 Chrome/90.0.4430.210 Mobile Safari/537.36"
164.92.131.177 - - [28/Oct/2025:02:36:26 +0000] "GET /backup/ALFA_DATA/alfacgiapi/perl.alfa HTTP/1.1" 404 196 "-" "Mozilla/5.0 (Linux; Android 11; Redmi Note 9 Pro Build/RKQ1.200826.002; wv) AppleWebKit/537.36 (KHTML, like Gecko) Version/4.0 Chrome/90.0.4430.210 Mobile Safari/537.36"
164.92.131.177 - - [28/Oct/2025:02:36:26 +0000] "POST /backup/ALFA_DATA/alfacgiapi/bash.alfa HTTP/1.1" 301 178 "-" "Mozilla/5.0 (Linux; Android 11; Redmi Note 9 Pro Build/RKQ1.200826.002; wv) AppleWebKit/537.36 (KHTML, like Gecko) Version/4.0 Chrome/90.0.4430.210 Mobile Safari/537.36"
164.92.131.177 - - [28/Oct/2025:02:36:27 +0000] "GET /backup/ALFA_DATA/alfacgiapi/bash.alfa HTTP/1.1" 404 196 "-" "Mozilla/5.0 (Linux; Android 11; Redmi Note 9 Pro Build/RKQ1.200826.002; wv) AppleWebKit/537.36 (KHTML, like Gecko) Version/4.0 Chrome/90.0.4430.210 Mobile Safari/537.36"
164.92.131.177 - - [28/Oct/2025:02:36:27 +0000] "POST /backup/ALFA_DATA/alfacgiapi/bash.alfa HTTP/1.1" 301 178 "-" "Mozilla/5.0 (Linux; Android 11; Redmi Note 9 Pro Build/RKQ1.200826.002; wv) AppleWebKit/537.36 (KHTML, like Gecko) Version/4.0 Chrome/90.0.4430.210 Mobile Safari/537.36"
164.92.131.177 - - [28/Oct/2025:02:36:27 +0000] "GET /backup/ALFA_DATA/alfacgiapi/bash.alfa HTTP/1.1" 404 196 "-" "Mozilla/5.0 (Linux; Android 11; Redmi Note 9 Pro Build/RKQ1.200826.002; wv) AppleWebKit/537.36 (KHTML, like Gecko) Version/4.0 Chrome/90.0.4430.210 Mobile Safari/537.36"
164.92.131.177 - - [28/Oct/2025:02:36:27 +0000] "POST /backup/ALFA_DATA/alfacgiapi/py.alfa HTTP/1.1" 301 178 "-" "Mozilla/5.0 (Linux; Android 11; Redmi Note 9 Pro Build/RKQ1.200826.002; wv) AppleWebKit/537.36 (KHTML, like Gecko) Version/4.0 Chrome/90.0.4430.210 Mobile Safari/537.36"
164.92.131.177 - - [28/Oct/2025:02:36:27 +0000] "GET /backup/ALFA_DATA/alfacgiapi/py.alfa HTTP/1.1" 404 196 "-" "Mozilla/5.0 (Linux; Android 11; Redmi Note 9 Pro Build/RKQ1.200826.002; wv) AppleWebKit/537.36 (KHTML, like Gecko) Version/4.0 Chrome/90.0.4430.210 Mobile Safari/537.36"
164.92.131.177 - - [28/Oct/2025:02:36:28 +0000] "POST /backup/ALFA_DATA/alfacgiapi/py.alfa HTTP/1.1" 301 178 "-" "Mozilla/5.0 (Linux; Android 11; Redmi Note 9 Pro Build/RKQ1.200826.002; wv) AppleWebKit/537.36 (KHTML, like Gecko) Version/4.0 Chrome/90.0.4430.210 Mobile Safari/537.36"
164.92.131.177 - - [28/Oct/2025:02:36:28 +0000] "GET /backup/ALFA_DATA/alfacgiapi/py.alfa HTTP/1.1" 404 196 "-" "Mozilla/5.0 (Linux; Android 11; Redmi Note 9 Pro Build/RKQ1.200826.002; wv) AppleWebKit/537.36 (KHTML, like Gecko) Version/4.0 Chrome/90.0.4430.210 Mobile Safari/537.36"
164.92.131.177 - - [28/Oct/2025:02:36:28 +0000] "GET /backup/ALFA_DATA/alfacgiapi/index.php?bx=0e215962017 HTTP/1.1" 301 178 "-" "Mozilla/5.0 (Linux; Android 11; Redmi Note 9 Pro Build/RKQ1.200826.002; wv) AppleWebKit/537.36 (KHTML, like Gecko) Version/4.0 Chrome/90.0.4430.210 Mobile Safari/537.36"
164.92.131.177 - - [28/Oct/2025:02:36:28 +0000] "GET /backup/ALFA_DATA/alfacgiapi/index.php?bx=0e215962017 HTTP/1.1" 404 196 "-" "Mozilla/5.0 (Linux; Android 11; Redmi Note 9 Pro Build/RKQ1.200826.002; wv) AppleWebKit/537.36 (KHTML, like Gecko) Version/4.0 Chrome/90.0.4430.210 Mobile Safari/537.36"
164.92.131.177 - - [28/Oct/2025:02:36:28 +0000] "GET /backup/ALFA_DATA/alfacgiapi/radio.php?bx=0e215962017 HTTP/1.1" 301 178 "-" "Mozilla/5.0 (Linux; Android 11; Redmi Note 9 Pro Build/RKQ1.200826.002; wv) AppleWebKit/537.36 (KHTML, like Gecko) Version/4.0 Chrome/90.0.4430.210 Mobile Safari/537.36"
164.92.131.177 - - [28/Oct/2025:02:36:28 +0000] "GET /backup/ALFA_DATA/alfacgiapi/radio.php?bx=0e215962017 HTTP/1.1" 404 196 "-" "Mozilla/5.0 (Linux; Android 11; Redmi Note 9 Pro Build/RKQ1.200826.002; wv) AppleWebKit/537.36 (KHTML, like Gecko) Version/4.0 Chrome/90.0.4430.210 Mobile Safari/537.36"
164.92.131.177 - - [28/Oct/2025:02:36:28 +0000] "GET /backup/ALFA_DATA/alfacgiapi/404.php?bx=0e215962017 HTTP/1.1" 301 178 "-" "Mozilla/5.0 (Linux; Android 11; Redmi Note 9 Pro Build/RKQ1.200826.002; wv) AppleWebKit/537.36 (KHTML, like Gecko) Version/4.0 Chrome/90.0.4430.210 Mobile Safari/537.36"
164.92.131.177 - - [28/Oct/2025:02:36:28 +0000] "GET /backup/ALFA_DATA/alfacgiapi/404.php?bx=0e215962017 HTTP/1.1" 404 196 "-" "Mozilla/5.0 (Linux; Android 11; Redmi Note 9 Pro Build/RKQ1.200826.002; wv) AppleWebKit/537.36 (KHTML, like Gecko) Version/4.0 Chrome/90.0.4430.210 Mobile Safari/537.36"
164.92.131.177 - - [28/Oct/2025:02:36:29 +0000] "GET /un.php HTTP/1.1" 301 178 "www.google.com" "Mozlila/5.0 (Linux; Android 7.0; SM-G892A Bulid/NRD90M; wv) AppleWebKit/537.36 (KHTML, like Gecko) Version/4.0 Chrome/60.0.3112.107 Moblie Safari/537.36"
164.92.131.177 - - [28/Oct/2025:02:36:30 +0000] "GET /un.php HTTP/1.1" 404 196 "www.google.com" "Mozlila/5.0 (Linux; Android 7.0; SM-G892A Bulid/NRD90M; wv) AppleWebKit/537.36 (KHTML, like Gecko) Version/4.0 Chrome/60.0.3112.107 Moblie Safari/537.36"
164.92.131.177 - - [28/Oct/2025:02:36:30 +0000] "GET /un.php HTTP/1.1" 404 196 "www.google.com" "Mozlila/5.0 (Linux; Android 7.0; SM-G892A Bulid/NRD90M; wv) AppleWebKit/537.36 (KHTML, like Gecko) Version/4.0 Chrome/60.0.3112.107 Moblie Safari/537.36"
164.92.131.177 - - [28/Oct/2025:02:36:32 +0000] "GET /foxx.php HTTP/1.1" 301 178 "www.google.com" "Mozlila/5.0 (Linux; Android 7.0; SM-G892A Bulid/NRD90M; wv) AppleWebKit/537.36 (KHTML, like Gecko) Version/4.0 Chrome/60.0.3112.107 Moblie Safari/537.36"
164.92.131.177 - - [28/Oct/2025:02:36:32 +0000] "GET /foxx.php HTTP/1.1" 404 196 "www.google.com" "Mozlila/5.0 (Linux; Android 7.0; SM-G892A Bulid/NRD90M; wv) AppleWebKit/537.36 (KHTML, like Gecko) Version/4.0 Chrome/60.0.3112.107 Moblie Safari/537.36"
164.92.131.177 - - [28/Oct/2025:02:36:32 +0000] "GET /foxx.php HTTP/1.1" 404 196 "www.google.com" "Mozlila/5.0 (Linux; Android 7.0; SM-G892A Bulid/NRD90M; wv) AppleWebKit/537.36 (KHTML, like Gecko) Version/4.0 Chrome/60.0.3112.107 Moblie Safari/537.36"
164.92.131.177 - - [28/Oct/2025:02:36:33 +0000] "GET /wawe.php HTTP/1.1" 301 178 "www.google.com" "Mozlila/5.0 (Linux; Android 7.0; SM-G892A Bulid/NRD90M; wv) AppleWebKit/537.36 (KHTML, like Gecko) Version/4.0 Chrome/60.0.3112.107 Moblie Safari/537.36"
164.92.131.177 - - [28/Oct/2025:02:36:33 +0000] "GET /wawe.php HTTP/1.1" 404 196 "www.google.com" "Mozlila/5.0 (Linux; Android 7.0; SM-G892A Bulid/NRD90M; wv) AppleWebKit/537.36 (KHTML, like Gecko) Version/4.0 Chrome/60.0.3112.107 Moblie Safari/537.36"
164.92.131.177 - - [28/Oct/2025:02:36:34 +0000] "GET /wawe.php HTTP/1.1" 404 196 "www.google.com" "Mozlila/5.0 (Linux; Android 7.0; SM-G892A Bulid/NRD90M; wv) AppleWebKit/537.36 (KHTML, like Gecko) Version/4.0 Chrome/60.0.3112.107 Moblie Safari/537.36"
45.148.10.143 - - [28/Oct/2025:02:36:34 +0000] "GET /dev/.env HTTP/1.1" 404 162 "-" "Mozilla/5.0 (Windows NT 6.1; Win64; x64; rv:47.0) Gecko/20100101 Firefox/47.0"
45.148.10.143 - - [28/Oct/2025:02:36:34 +0000] "GET /new/.env HTTP/1.1" 404 162 "-" "Mozilla/5.0 (Windows NT 6.1; Win64; x64; rv:47.0) Gecko/20100101 Firefox/47.0"
164.92.131.177 - - [28/Oct/2025:02:36:34 +0000] "GET /js.php?get HTTP/1.1" 301 178 "www.google.com" "Mozlila/5.0 (Linux; Android 7.0; SM-G892A Bulid/NRD90M; wv) AppleWebKit/537.36 (KHTML, like Gecko) Version/4.0 Chrome/60.0.3112.107 Moblie Safari/537.36"
164.92.131.177 - - [28/Oct/2025:02:36:35 +0000] "GET /js.php?get HTTP/1.1" 404 196 "www.google.com" "Mozlila/5.0 (Linux; Android 7.0; SM-G892A Bulid/NRD90M; wv) AppleWebKit/537.36 (KHTML, like Gecko) Version/4.0 Chrome/60.0.3112.107 Moblie Safari/537.36"
45.148.10.143 - - [28/Oct/2025:02:36:35 +0000] "GET /new/.env.local HTTP/1.1" 404 162 "-" "Mozilla/5.0 (Windows NT 6.1; Win64; x64; rv:47.0) Gecko/20100101 Firefox/47.0"
164.92.131.177 - - [28/Oct/2025:02:36:35 +0000] "GET /js.php?get HTTP/1.1" 404 196 "www.google.com" "Mozlila/5.0 (Linux; Android 7.0; SM-G892A Bulid/NRD90M; wv) AppleWebKit/537.36 (KHTML, like Gecko) Version/4.0 Chrome/60.0.3112.107 Moblie Safari/537.36"
164.92.131.177 - - [28/Oct/2025:02:36:35 +0000] "GET /phpinfo.php?re@=vo@ HTTP/1.1" 301 178 "www.google.com" "Mozlila/5.0 (Linux; Android 7.0; SM-G892A Bulid/NRD90M; wv) AppleWebKit/537.36 (KHTML, like Gecko) Version/4.0 Chrome/60.0.3112.107 Moblie Safari/537.36"
164.92.131.177 - - [28/Oct/2025:02:36:35 +0000] "GET /phpinfo.php?re@=vo@ HTTP/1.1" 404 196 "www.google.com" "Mozlila/5.0 (Linux; Android 7.0; SM-G892A Bulid/NRD90M; wv) AppleWebKit/537.36 (KHTML, like Gecko) Version/4.0 Chrome/60.0.3112.107 Moblie Safari/537.36"
164.92.131.177 - - [28/Oct/2025:02:36:35 +0000] "GET /phpinfo.php?re@=vo@ HTTP/1.1" 404 196 "www.google.com" "Mozlila/5.0 (Linux; Android 7.0; SM-G892A Bulid/NRD90M; wv) AppleWebKit/537.36 (KHTML, like Gecko) Version/4.0 Chrome/60.0.3112.107 Moblie Safari/537.36"
164.92.131.177 - - [28/Oct/2025:02:36:36 +0000] "GET /wp-email.php HTTP/1.1" 301 178 "www.google.com" "Mozlila/5.0 (Linux; Android 7.0; SM-G892A Bulid/NRD90M; wv) AppleWebKit/537.36 (KHTML, like Gecko) Version/4.0 Chrome/60.0.3112.107 Moblie Safari/537.36"
164.92.131.177 - - [28/Oct/2025:02:36:36 +0000] "GET /wp-email.php HTTP/1.1" 404 196 "www.google.com" "Mozlila/5.0 (Linux; Android 7.0; SM-G892A Bulid/NRD90M; wv) AppleWebKit/537.36 (KHTML, like Gecko) Version/4.0 Chrome/60.0.3112.107 Moblie Safari/537.36"
164.92.131.177 - - [28/Oct/2025:02:36:36 +0000] "GET /wp-email.php HTTP/1.1" 404 196 "www.google.com" "Mozlila/5.0 (Linux; Android 7.0; SM-G892A Bulid/NRD90M; wv) AppleWebKit/537.36 (KHTML, like Gecko) Version/4.0 Chrome/60.0.3112.107 Moblie Safari/537.36"
164.92.131.177 - - [28/Oct/2025:02:36:37 +0000] "GET /wp-booking.php HTTP/1.1" 301 178 "www.google.com" "Mozlila/5.0 (Linux; Android 7.0; SM-G892A Bulid/NRD90M; wv) AppleWebKit/537.36 (KHTML, like Gecko) Version/4.0 Chrome/60.0.3112.107 Moblie Safari/537.36"
164.92.131.177 - - [28/Oct/2025:02:36:37 +0000] "GET /wp-booking.php HTTP/1.1" 404 196 "www.google.com" "Mozlila/5.0 (Linux; Android 7.0; SM-G892A Bulid/NRD90M; wv) AppleWebKit/537.36 (KHTML, like Gecko) Version/4.0 Chrome/60.0.3112.107 Moblie Safari/537.36"
164.92.131.177 - - [28/Oct/2025:02:36:38 +0000] "GET /wp-booking.php HTTP/1.1" 404 196 "www.google.com" "Mozlila/5.0 (Linux; Android 7.0; SM-G892A Bulid/NRD90M; wv) AppleWebKit/537.36 (KHTML, like Gecko) Version/4.0 Chrome/60.0.3112.107 Moblie Safari/537.36"
45.148.10.143 - - [28/Oct/2025:02:36:39 +0000] "GET /new/.env.production HTTP/1.1" 404 162 "-" "Mozilla/5.0 (Windows NT 6.1; Win64; x64; rv:47.0) Gecko/20100101 Firefox/47.0"
164.92.131.177 - - [28/Oct/2025:02:36:39 +0000] "GET /fierza.php HTTP/1.1" 301 178 "www.google.com" "Mozlila/5.0 (Linux; Android 7.0; SM-G892A Bulid/NRD90M; wv) AppleWebKit/537.36 (KHTML, like Gecko) Version/4.0 Chrome/60.0.3112.107 Moblie Safari/537.36"
164.92.131.177 - - [28/Oct/2025:02:36:39 +0000] "GET /fierza.php HTTP/1.1" 404 196 "www.google.com" "Mozlila/5.0 (Linux; Android 7.0; SM-G892A Bulid/NRD90M; wv) AppleWebKit/537.36 (KHTML, like Gecko) Version/4.0 Chrome/60.0.3112.107 Moblie Safari/537.36"
164.92.131.177 - - [28/Oct/2025:02:36:39 +0000] "GET /fierza.php HTTP/1.1" 404 196 "www.google.com" "Mozlila/5.0 (Linux; Android 7.0; SM-G892A Bulid/NRD90M; wv) AppleWebKit/537.36 (KHTML, like Gecko) Version/4.0 Chrome/60.0.3112.107 Moblie Safari/537.36"
45.148.10.143 - - [28/Oct/2025:02:36:39 +0000] "GET /new/.env.staging HTTP/1.1" 404 162 "-" "Mozilla/5.0 (Windows NT 6.1; Win64; x64; rv:47.0) Gecko/20100101 Firefox/47.0"
164.92.131.177 - - [28/Oct/2025:02:36:39 +0000] "GET /load.php HTTP/1.1" 301 178 "www.google.com" "Mozlila/5.0 (Linux; Android 7.0; SM-G892A Bulid/NRD90M; wv) AppleWebKit/537.36 (KHTML, like Gecko) Version/4.0 Chrome/60.0.3112.107 Moblie Safari/537.36"
45.148.10.143 - - [28/Oct/2025:02:36:39 +0000] "GET /_phpinfo.php HTTP/1.1" 404 162 "-" "Mozilla/5.0 (Windows NT 6.1; Win64; x64; rv:47.0) Gecko/20100101 Firefox/47.0"
164.92.131.177 - - [28/Oct/2025:02:36:39 +0000] "GET /load.php HTTP/1.1" 404 196 "www.google.com" "Mozlila/5.0 (Linux; Android 7.0; SM-G892A Bulid/NRD90M; wv) AppleWebKit/537.36 (KHTML, like Gecko) Version/4.0 Chrome/60.0.3112.107 Moblie Safari/537.36"
164.92.131.177 - - [28/Oct/2025:02:36:39 +0000] "GET /load.php HTTP/1.1" 404 196 "www.google.com" "Mozlila/5.0 (Linux; Android 7.0; SM-G892A Bulid/NRD90M; wv) AppleWebKit/537.36 (KHTML, like Gecko) Version/4.0 Chrome/60.0.3112.107 Moblie Safari/537.36"
45.148.10.143 - - [28/Oct/2025:02:36:40 +0000] "GET /_profiler/phpinfo HTTP/1.1" 404 162 "-" "Mozilla/5.0 (Windows NT 6.1; Win64; x64; rv:47.0) Gecko/20100101 Firefox/47.0"
45.148.10.143 - - [28/Oct/2025:02:36:40 +0000] "GET /_profiler/phpinfo/info.php HTTP/1.1" 404 162 "-" "Mozilla/5.0 (Windows NT 6.1; Win64; x64; rv:47.0) Gecko/20100101 Firefox/47.0"
164.92.131.177 - - [28/Oct/2025:02:36:40 +0000] "GET /wp-content/themes/fitnessbase/dev.php HTTP/1.1" 301 178 "www.google.com" "Mozlila/5.0 (Linux; Android 7.0; SM-G892A Bulid/NRD90M; wv) AppleWebKit/537.36 (KHTML, like Gecko) Version/4.0 Chrome/60.0.3112.107 Moblie Safari/537.36"
164.92.131.177 - - [28/Oct/2025:02:36:40 +0000] "GET /wp-content/themes/fitnessbase/dev.php HTTP/1.1" 404 196 "www.google.com" "Mozlila/5.0 (Linux; Android 7.0; SM-G892A Bulid/NRD90M; wv) AppleWebKit/537.36 (KHTML, like Gecko) Version/4.0 Chrome/60.0.3112.107 Moblie Safari/537.36"
45.148.10.143 - - [28/Oct/2025:02:36:40 +0000] "GET /_profiler/phpinfo/phpinfo.php HTTP/1.1" 404 162 "-" "Mozilla/5.0 (Windows NT 6.1; Win64; x64; rv:47.0) Gecko/20100101 Firefox/47.0"
164.92.131.177 - - [28/Oct/2025:02:36:40 +0000] "GET /wp-content/themes/fitnessbase/dev.php HTTP/1.1" 404 196 "www.google.com" "Mozlila/5.0 (Linux; Android 7.0; SM-G892A Bulid/NRD90M; wv) AppleWebKit/537.36 (KHTML, like Gecko) Version/4.0 Chrome/60.0.3112.107 Moblie Safari/537.36"
45.148.10.143 - - [28/Oct/2025:02:36:41 +0000] "GET /wp-config HTTP/1.1" 404 162 "-" "Mozilla/5.0 (Windows NT 6.1; Win64; x64; rv:47.0) Gecko/20100101 Firefox/47.0"
45.148.10.143 - - [28/Oct/2025:02:36:41 +0000] "GET /aws-secret.yaml HTTP/1.1" 404 162 "-" "Mozilla/5.0 (Windows NT 6.1; Win64; x64; rv:47.0) Gecko/20100101 Firefox/47.0"
45.148.10.143 - - [28/Oct/2025:02:36:42 +0000] "GET /awstats/.env HTTP/1.1" 404 162 "-" "Mozilla/5.0 (Windows NT 6.1; Win64; x64; rv:47.0) Gecko/20100101 Firefox/47.0"
45.148.10.143 - - [28/Oct/2025:02:36:42 +0000] "GET /conf/.env HTTP/1.1" 404 162 "-" "Mozilla/5.0 (Windows NT 6.1; Win64; x64; rv:47.0) Gecko/20100101 Firefox/47.0"
164.92.131.177 - - [28/Oct/2025:02:36:42 +0000] "GET /wp-content/themes/fitnessbase/crp.php HTTP/1.1" 301 178 "www.google.com" "Mozlila/5.0 (Linux; Android 7.0; SM-G892A Bulid/NRD90M; wv) AppleWebKit/537.36 (KHTML, like Gecko) Version/4.0 Chrome/60.0.3112.107 Moblie Safari/537.36"
45.148.10.143 - - [28/Oct/2025:02:36:42 +0000] "GET /cron/.env HTTP/1.1" 404 162 "-" "Mozilla/5.0 (Windows NT 6.1; Win64; x64; rv:47.0) Gecko/20100101 Firefox/47.0"
164.92.131.177 - - [28/Oct/2025:02:36:42 +0000] "GET /wp-content/themes/fitnessbase/crp.php HTTP/1.1" 404 196 "www.google.com" "Mozlila/5.0 (Linux; Android 7.0; SM-G892A Bulid/NRD90M; wv) AppleWebKit/537.36 (KHTML, like Gecko) Version/4.0 Chrome/60.0.3112.107 Moblie Safari/537.36"
164.92.131.177 - - [28/Oct/2025:02:36:43 +0000] "GET /wp-content/themes/fitnessbase/crp.php HTTP/1.1" 404 196 "www.google.com" "Mozlila/5.0 (Linux; Android 7.0; SM-G892A Bulid/NRD90M; wv) AppleWebKit/537.36 (KHTML, like Gecko) Version/4.0 Chrome/60.0.3112.107 Moblie Safari/537.36"
164.92.131.177 - - [28/Oct/2025:02:36:43 +0000] "GET /alpha.php HTTP/1.1" 301 178 "www.google.com" "Mozlila/5.0 (Linux; Android 7.0; SM-G892A Bulid/NRD90M; wv) AppleWebKit/537.36 (KHTML, like Gecko) Version/4.0 Chrome/60.0.3112.107 Moblie Safari/537.36"
164.92.131.177 - - [28/Oct/2025:02:36:43 +0000] "GET /alpha.php HTTP/1.1" 404 196 "www.google.com" "Mozlila/5.0 (Linux; Android 7.0; SM-G892A Bulid/NRD90M; wv) AppleWebKit/537.36 (KHTML, like Gecko) Version/4.0 Chrome/60.0.3112.107 Moblie Safari/537.36"
164.92.131.177 - - [28/Oct/2025:02:36:43 +0000] "GET /alpha.php HTTP/1.1" 404 196 "www.google.com" "Mozlila/5.0 (Linux; Android 7.0; SM-G892A Bulid/NRD90M; wv) AppleWebKit/537.36 (KHTML, like Gecko) Version/4.0 Chrome/60.0.3112.107 Moblie Safari/537.36"
45.148.10.143 - - [28/Oct/2025:02:36:43 +0000] "GET /www/.env HTTP/1.1" 404 162 "-" "Mozilla/5.0 (Windows NT 6.1; Win64; x64; rv:47.0) Gecko/20100101 Firefox/47.0"
45.148.10.143 - - [28/Oct/2025:02:36:43 +0000] "GET /docker/.env HTTP/1.1" 404 162 "-" "Mozilla/5.0 (Windows NT 6.1; Win64; x64; rv:47.0) Gecko/20100101 Firefox/47.0"
164.92.131.177 - - [28/Oct/2025:02:36:43 +0000] "GET /tinyfilemanager.php HTTP/1.1" 301 178 "www.google.com" "Mozlila/5.0 (Linux; Android 7.0; SM-G892A Bulid/NRD90M; wv) AppleWebKit/537.36 (KHTML, like Gecko) Version/4.0 Chrome/60.0.3112.107 Moblie Safari/537.36"
164.92.131.177 - - [28/Oct/2025:02:36:44 +0000] "GET /tinyfilemanager.php HTTP/1.1" 404 196 "www.google.com" "Mozlila/5.0 (Linux; Android 7.0; SM-G892A Bulid/NRD90M; wv) AppleWebKit/537.36 (KHTML, like Gecko) Version/4.0 Chrome/60.0.3112.107 Moblie Safari/537.36"
164.92.131.177 - - [28/Oct/2025:02:36:44 +0000] "GET /tinyfilemanager.php HTTP/1.1" 404 196 "www.google.com" "Mozlila/5.0 (Linux; Android 7.0; SM-G892A Bulid/NRD90M; wv) AppleWebKit/537.36 (KHTML, like Gecko) Version/4.0 Chrome/60.0.3112.107 Moblie Safari/537.36"
45.148.10.143 - - [28/Oct/2025:02:36:45 +0000] "GET /docker/app/.env HTTP/1.1" 404 162 "-" "Mozilla/5.0 (Windows NT 6.1; Win64; x64; rv:47.0) Gecko/20100101 Firefox/47.0"
45.148.10.143 - - [28/Oct/2025:02:36:45 +0000] "GET /env.backup HTTP/1.1" 404 162 "-" "Mozilla/5.0 (Windows NT 6.1; Win64; x64; rv:47.0) Gecko/20100101 Firefox/47.0"
164.92.131.177 - - [28/Oct/2025:02:36:45 +0000] "GET /filemanager.php HTTP/1.1" 301 178 "www.google.com" "Mozlila/5.0 (Linux; Android 7.0; SM-G892A Bulid/NRD90M; wv) AppleWebKit/537.36 (KHTML, like Gecko) Version/4.0 Chrome/60.0.3112.107 Moblie Safari/537.36"
164.92.131.177 - - [28/Oct/2025:02:36:46 +0000] "GET /filemanager.php HTTP/1.1" 404 196 "www.google.com" "Mozlila/5.0 (Linux; Android 7.0; SM-G892A Bulid/NRD90M; wv) AppleWebKit/537.36 (KHTML, like Gecko) Version/4.0 Chrome/60.0.3112.107 Moblie Safari/537.36"
45.148.10.143 - - [28/Oct/2025:02:36:46 +0000] "GET /xampp/phpinfo.php HTTP/1.1" 404 162 "-" "Mozilla/5.0 (Windows NT 6.1; Win64; x64; rv:47.0) Gecko/20100101 Firefox/47.0"
164.92.131.177 - - [28/Oct/2025:02:36:46 +0000] "GET /filemanager.php HTTP/1.1" 404 196 "www.google.com" "Mozlila/5.0 (Linux; Android 7.0; SM-G892A Bulid/NRD90M; wv) AppleWebKit/537.36 (KHTML, like Gecko) Version/4.0 Chrome/60.0.3112.107 Moblie Safari/537.36"
45.148.10.143 - - [28/Oct/2025:02:36:46 +0000] "GET /lara/info.php HTTP/1.1" 404 162 "-" "Mozilla/5.0 (Windows NT 6.1; Win64; x64; rv:47.0) Gecko/20100101 Firefox/47.0"
45.148.10.143 - - [28/Oct/2025:02:36:46 +0000] "GET /lara/phpinfo.php HTTP/1.1" 404 162 "-" "Mozilla/5.0 (Windows NT 6.1; Win64; x64; rv:47.0) Gecko/20100101 Firefox/47.0"
45.148.10.143 - - [28/Oct/2025:02:36:47 +0000] "GET /laravel/info.php HTTP/1.1" 404 162 "-" "Mozilla/5.0 (Windows NT 6.1; Win64; x64; rv:47.0) Gecko/20100101 Firefox/47.0"
164.92.131.177 - - [28/Oct/2025:02:36:47 +0000] "GET /manager.php HTTP/1.1" 301 178 "www.google.com" "Mozlila/5.0 (Linux; Android 7.0; SM-G892A Bulid/NRD90M; wv) AppleWebKit/537.36 (KHTML, like Gecko) Version/4.0 Chrome/60.0.3112.107 Moblie Safari/537.36"
164.92.131.177 - - [28/Oct/2025:02:36:47 +0000] "GET /manager.php HTTP/1.1" 404 196 "www.google.com" "Mozlila/5.0 (Linux; Android 7.0; SM-G892A Bulid/NRD90M; wv) AppleWebKit/537.36 (KHTML, like Gecko) Version/4.0 Chrome/60.0.3112.107 Moblie Safari/537.36"
45.148.10.143 - - [28/Oct/2025:02:36:47 +0000] "GET /.vscode/.env HTTP/1.1" 404 162 "-" "Mozilla/5.0 (Windows NT 6.1; Win64; x64; rv:47.0) Gecko/20100101 Firefox/47.0"
164.92.131.177 - - [28/Oct/2025:02:36:47 +0000] "GET /manager.php HTTP/1.1" 404 196 "www.google.com" "Mozlila/5.0 (Linux; Android 7.0; SM-G892A Bulid/NRD90M; wv) AppleWebKit/537.36 (KHTML, like Gecko) Version/4.0 Chrome/60.0.3112.107 Moblie Safari/537.36"
164.92.131.177 - - [28/Oct/2025:02:36:48 +0000] "GET /wp-content.php HTTP/1.1" 301 178 "www.google.com" "Mozlila/5.0 (Linux; Android 7.0; SM-G892A Bulid/NRD90M; wv) AppleWebKit/537.36 (KHTML, like Gecko) Version/4.0 Chrome/60.0.3112.107 Moblie Safari/537.36"
45.148.10.143 - - [28/Oct/2025:02:36:48 +0000] "GET /js/.env HTTP/1.1" 404 162 "-" "Mozilla/5.0 (Windows NT 6.1; Win64; x64; rv:47.0) Gecko/20100101 Firefox/47.0"
164.92.131.177 - - [28/Oct/2025:02:36:48 +0000] "GET /wp-content.php HTTP/1.1" 404 196 "www.google.com" "Mozlila/5.0 (Linux; Android 7.0; SM-G892A Bulid/NRD90M; wv) AppleWebKit/537.36 (KHTML, like Gecko) Version/4.0 Chrome/60.0.3112.107 Moblie Safari/537.36"
164.92.131.177 - - [28/Oct/2025:02:36:48 +0000] "GET /wp-content.php HTTP/1.1" 404 196 "www.google.com" "Mozlila/5.0 (Linux; Android 7.0; SM-G892A Bulid/NRD90M; wv) AppleWebKit/537.36 (KHTML, like Gecko) Version/4.0 Chrome/60.0.3112.107 Moblie Safari/537.36"
45.148.10.143 - - [28/Oct/2025:02:36:48 +0000] "GET /laravel/.env HTTP/1.1" 404 162 "-" "Mozilla/5.0 (Windows NT 6.1; Win64; x64; rv:47.0) Gecko/20100101 Firefox/47.0"
164.92.131.177 - - [28/Oct/2025:02:36:48 +0000] "GET /wp-content/themes/alera/alpha.php HTTP/1.1" 301 178 "www.google.com" "Mozlila/5.0 (Linux; Android 7.0; SM-G892A Bulid/NRD90M; wv) AppleWebKit/537.36 (KHTML, like Gecko) Version/4.0 Chrome/60.0.3112.107 Moblie Safari/537.36"
164.92.131.177 - - [28/Oct/2025:02:36:48 +0000] "GET /wp-content/themes/alera/alpha.php HTTP/1.1" 404 196 "www.google.com" "Mozlila/5.0 (Linux; Android 7.0; SM-G892A Bulid/NRD90M; wv) AppleWebKit/537.36 (KHTML, like Gecko) Version/4.0 Chrome/60.0.3112.107 Moblie Safari/537.36"
164.92.131.177 - - [28/Oct/2025:02:36:48 +0000] "GET /wp-content/themes/alera/alpha.php HTTP/1.1" 404 196 "www.google.com" "Mozlila/5.0 (Linux; Android 7.0; SM-G892A Bulid/NRD90M; wv) AppleWebKit/537.36 (KHTML, like Gecko) Version/4.0 Chrome/60.0.3112.107 Moblie Safari/537.36"
45.148.10.143 - - [28/Oct/2025:02:36:48 +0000] "GET /laravel/core/.env HTTP/1.1" 404 162 "-" "Mozilla/5.0 (Windows NT 6.1; Win64; x64; rv:47.0) Gecko/20100101 Firefox/47.0"
164.92.131.177 - - [28/Oct/2025:02:36:49 +0000] "GET /wp-content/plugins/wp-diambar/includes/loadme.php HTTP/1.1" 301 178 "www.google.com" "Mozlila/5.0 (Linux; Android 7.0; SM-G892A Bulid/NRD90M; wv) AppleWebKit/537.36 (KHTML, like Gecko) Version/4.0 Chrome/60.0.3112.107 Moblie Safari/537.36"
164.92.131.177 - - [28/Oct/2025:02:36:49 +0000] "GET /wp-content/plugins/wp-diambar/includes/loadme.php HTTP/1.1" 404 196 "www.google.com" "Mozlila/5.0 (Linux; Android 7.0; SM-G892A Bulid/NRD90M; wv) AppleWebKit/537.36 (KHTML, like Gecko) Version/4.0 Chrome/60.0.3112.107 Moblie Safari/537.36"
164.92.131.177 - - [28/Oct/2025:02:36:49 +0000] "GET /wp-content/plugins/wp-diambar/includes/loadme.php HTTP/1.1" 404 196 "www.google.com" "Mozlila/5.0 (Linux; Android 7.0; SM-G892A Bulid/NRD90M; wv) AppleWebKit/537.36 (KHTML, like Gecko) Version/4.0 Chrome/60.0.3112.107 Moblie Safari/537.36"
45.148.10.143 - - [28/Oct/2025:02:36:49 +0000] "GET /mail/.env HTTP/1.1" 404 162 "-" "Mozilla/5.0 (Windows NT 6.1; Win64; x64; rv:47.0) Gecko/20100101 Firefox/47.0"
164.92.131.177 - - [28/Oct/2025:02:36:49 +0000] "GET /lock360.php?daksldlkdsadas=1 HTTP/1.1" 301 178 "www.google.com" "Mozlila/5.0 (Linux; Android 7.0; SM-G892A Bulid/NRD90M; wv) AppleWebKit/537.36 (KHTML, like Gecko) Version/4.0 Chrome/60.0.3112.107 Moblie Safari/537.36"
164.92.131.177 - - [28/Oct/2025:02:36:49 +0000] "GET /lock360.php?daksldlkdsadas=1 HTTP/1.1" 404 196 "www.google.com" "Mozlila/5.0 (Linux; Android 7.0; SM-G892A Bulid/NRD90M; wv) AppleWebKit/537.36 (KHTML, like Gecko) Version/4.0 Chrome/60.0.3112.107 Moblie Safari/537.36"
164.92.131.177 - - [28/Oct/2025:02:36:49 +0000] "GET /lock360.php?daksldlkdsadas=1 HTTP/1.1" 404 196 "www.google.com" "Mozlila/5.0 (Linux; Android 7.0; SM-G892A Bulid/NRD90M; wv) AppleWebKit/537.36 (KHTML, like Gecko) Version/4.0 Chrome/60.0.3112.107 Moblie Safari/537.36"
45.148.10.143 - - [28/Oct/2025:02:36:49 +0000] "GET /mailer/.env HTTP/1.1" 404 162 "-" "Mozilla/5.0 (Windows NT 6.1; Win64; x64; rv:47.0) Gecko/20100101 Firefox/47.0"
45.148.10.143 - - [28/Oct/2025:02:36:50 +0000] "GET /nginx/.env HTTP/1.1" 404 162 "-" "Mozilla/5.0 (Windows NT 6.1; Win64; x64; rv:47.0) Gecko/20100101 Firefox/47.0"
164.92.131.177 - - [28/Oct/2025:02:36:50 +0000] "GET /5.php HTTP/1.1" 301 178 "www.google.com" "Mozlila/5.0 (Linux; Android 7.0; SM-G892A Bulid/NRD90M; wv) AppleWebKit/537.36 (KHTML, like Gecko) Version/4.0 Chrome/60.0.3112.107 Moblie Safari/537.36"
45.148.10.143 - - [28/Oct/2025:02:36:50 +0000] "GET /public/.env HTTP/1.1" 404 162 "-" "Mozilla/5.0 (Windows NT 6.1; Win64; x64; rv:47.0) Gecko/20100101 Firefox/47.0"
164.92.131.177 - - [28/Oct/2025:02:36:50 +0000] "GET /5.php HTTP/1.1" 404 196 "www.google.com" "Mozlila/5.0 (Linux; Android 7.0; SM-G892A Bulid/NRD90M; wv) AppleWebKit/537.36 (KHTML, like Gecko) Version/4.0 Chrome/60.0.3112.107 Moblie Safari/537.36"
164.92.131.177 - - [28/Oct/2025:02:36:50 +0000] "GET /5.php HTTP/1.1" 404 196 "www.google.com" "Mozlila/5.0 (Linux; Android 7.0; SM-G892A Bulid/NRD90M; wv) AppleWebKit/537.36 (KHTML, like Gecko) Version/4.0 Chrome/60.0.3112.107 Moblie Safari/537.36"
45.148.10.143 - - [28/Oct/2025:02:36:50 +0000] "GET /site/.env HTTP/1.1" 404 162 "-" "Mozilla/5.0 (Windows NT 6.1; Win64; x64; rv:47.0) Gecko/20100101 Firefox/47.0"
164.92.131.177 - - [28/Oct/2025:02:36:50 +0000] "GET /01.php HTTP/1.1" 301 178 "www.google.com" "Mozlila/5.0 (Linux; Android 7.0; SM-G892A Bulid/NRD90M; wv) AppleWebKit/537.36 (KHTML, like Gecko) Version/4.0 Chrome/60.0.3112.107 Moblie Safari/537.36"
164.92.131.177 - - [28/Oct/2025:02:36:50 +0000] "GET /01.php HTTP/1.1" 404 196 "www.google.com" "Mozlila/5.0 (Linux; Android 7.0; SM-G892A Bulid/NRD90M; wv) AppleWebKit/537.36 (KHTML, like Gecko) Version/4.0 Chrome/60.0.3112.107 Moblie Safari/537.36"
164.92.131.177 - - [28/Oct/2025:02:36:51 +0000] "GET /01.php HTTP/1.1" 404 196 "www.google.com" "Mozlila/5.0 (Linux; Android 7.0; SM-G892A Bulid/NRD90M; wv) AppleWebKit/537.36 (KHTML, like Gecko) Version/4.0 Chrome/60.0.3112.107 Moblie Safari/537.36"
45.148.10.143 - - [28/Oct/2025:02:36:51 +0000] "GET /xampp/.env HTTP/1.1" 404 162 "-" "Mozilla/5.0 (Windows NT 6.1; Win64; x64; rv:47.0) Gecko/20100101 Firefox/47.0"
164.92.131.177 - - [28/Oct/2025:02:36:51 +0000] "GET /.well-known/pki-validation/wp-signup.php HTTP/1.1" 301 178 "www.google.com" "Mozlila/5.0 (Linux; Android 7.0; SM-G892A Bulid/NRD90M; wv) AppleWebKit/537.36 (KHTML, like Gecko) Version/4.0 Chrome/60.0.3112.107 Moblie Safari/537.36"
45.148.10.143 - - [28/Oct/2025:02:36:51 +0000] "GET /main/.env HTTP/1.1" 404 162 "-" "Mozilla/5.0 (Windows NT 6.1; Win64; x64; rv:47.0) Gecko/20100101 Firefox/47.0"
164.92.131.177 - - [28/Oct/2025:02:36:51 +0000] "GET /.well-known/pki-validation/wp-signup.php HTTP/1.1" 404 196 "www.google.com" "Mozlila/5.0 (Linux; Android 7.0; SM-G892A Bulid/NRD90M; wv) AppleWebKit/537.36 (KHTML, like Gecko) Version/4.0 Chrome/60.0.3112.107 Moblie Safari/537.36"
45.148.10.143 - - [28/Oct/2025:02:36:51 +0000] "GET /node_modules/.env HTTP/1.1" 404 162 "-" "Mozilla/5.0 (Windows NT 6.1; Win64; x64; rv:47.0) Gecko/20100101 Firefox/47.0"
164.92.131.177 - - [28/Oct/2025:02:36:52 +0000] "GET /.well-known/pki-validation/wp-signup.php HTTP/1.1" 404 196 "www.google.com" "Mozlila/5.0 (Linux; Android 7.0; SM-G892A Bulid/NRD90M; wv) AppleWebKit/537.36 (KHTML, like Gecko) Version/4.0 Chrome/60.0.3112.107 Moblie Safari/537.36"
164.92.131.177 - - [28/Oct/2025:02:36:52 +0000] "GET /.well-known/wp-signup.php HTTP/1.1" 301 178 "www.google.com" "Mozlila/5.0 (Linux; Android 7.0; SM-G892A Bulid/NRD90M; wv) AppleWebKit/537.36 (KHTML, like Gecko) Version/4.0 Chrome/60.0.3112.107 Moblie Safari/537.36"
164.92.131.177 - - [28/Oct/2025:02:36:52 +0000] "GET /.well-known/wp-signup.php HTTP/1.1" 404 196 "www.google.com" "Mozlila/5.0 (Linux; Android 7.0; SM-G892A Bulid/NRD90M; wv) AppleWebKit/537.36 (KHTML, like Gecko) Version/4.0 Chrome/60.0.3112.107 Moblie Safari/537.36"
164.92.131.177 - - [28/Oct/2025:02:36:52 +0000] "GET /.well-known/wp-signup.php HTTP/1.1" 404 196 "www.google.com" "Mozlila/5.0 (Linux; Android 7.0; SM-G892A Bulid/NRD90M; wv) AppleWebKit/537.36 (KHTML, like Gecko) Version/4.0 Chrome/60.0.3112.107 Moblie Safari/537.36"
164.92.131.177 - - [28/Oct/2025:02:36:53 +0000] "GET /jindex.php HTTP/1.1" 301 178 "www.google.com" "Mozlila/5.0 (Linux; Android 7.0; SM-G892A Bulid/NRD90M; wv) AppleWebKit/537.36 (KHTML, like Gecko) Version/4.0 Chrome/60.0.3112.107 Moblie Safari/537.36"
164.92.131.177 - - [28/Oct/2025:02:36:53 +0000] "GET /jindex.php HTTP/1.1" 404 196 "www.google.com" "Mozlila/5.0 (Linux; Android 7.0; SM-G892A Bulid/NRD90M; wv) AppleWebKit/537.36 (KHTML, like Gecko) Version/4.0 Chrome/60.0.3112.107 Moblie Safari/537.36"
164.92.131.177 - - [28/Oct/2025:02:36:53 +0000] "GET /jindex.php HTTP/1.1" 404 196 "www.google.com" "Mozlila/5.0 (Linux; Android 7.0; SM-G892A Bulid/NRD90M; wv) AppleWebKit/537.36 (KHTML, like Gecko) Version/4.0 Chrome/60.0.3112.107 Moblie Safari/537.36"
164.92.131.177 - - [28/Oct/2025:02:36:54 +0000] "GET /0o.php HTTP/1.1" 301 178 "www.google.com" "Mozlila/5.0 (Linux; Android 7.0; SM-G892A Bulid/NRD90M; wv) AppleWebKit/537.36 (KHTML, like Gecko) Version/4.0 Chrome/60.0.3112.107 Moblie Safari/537.36"
164.92.131.177 - - [28/Oct/2025:02:36:54 +0000] "GET /0o.php HTTP/1.1" 404 196 "www.google.com" "Mozlila/5.0 (Linux; Android 7.0; SM-G892A Bulid/NRD90M; wv) AppleWebKit/537.36 (KHTML, like Gecko) Version/4.0 Chrome/60.0.3112.107 Moblie Safari/537.36"
45.148.10.143 - - [28/Oct/2025:02:36:54 +0000] "GET /kyc/.env HTTP/1.1" 404 162 "-" "Mozilla/5.0 (Windows NT 6.1; Win64; x64; rv:47.0) Gecko/20100101 Firefox/47.0"
164.92.131.177 - - [28/Oct/2025:02:36:54 +0000] "GET /0o.php HTTP/1.1" 404 196 "www.google.com" "Mozlila/5.0 (Linux; Android 7.0; SM-G892A Bulid/NRD90M; wv) AppleWebKit/537.36 (KHTML, like Gecko) Version/4.0 Chrome/60.0.3112.107 Moblie Safari/537.36"
164.92.131.177 - - [28/Oct/2025:02:36:55 +0000] "GET /ciis.php HTTP/1.1" 301 178 "www.google.com" "Mozlila/5.0 (Linux; Android 7.0; SM-G892A Bulid/NRD90M; wv) AppleWebKit/537.36 (KHTML, like Gecko) Version/4.0 Chrome/60.0.3112.107 Moblie Safari/537.36"
164.92.131.177 - - [28/Oct/2025:02:36:55 +0000] "GET /ciis.php HTTP/1.1" 404 196 "www.google.com" "Mozlila/5.0 (Linux; Android 7.0; SM-G892A Bulid/NRD90M; wv) AppleWebKit/537.36 (KHTML, like Gecko) Version/4.0 Chrome/60.0.3112.107 Moblie Safari/537.36"
45.148.10.143 - - [28/Oct/2025:02:36:55 +0000] "GET /admin/.env HTTP/1.1" 404 162 "-" "Mozilla/5.0 (Windows NT 6.1; Win64; x64; rv:47.0) Gecko/20100101 Firefox/47.0"
164.92.131.177 - - [28/Oct/2025:02:36:55 +0000] "GET /ciis.php HTTP/1.1" 404 196 "www.google.com" "Mozlila/5.0 (Linux; Android 7.0; SM-G892A Bulid/NRD90M; wv) AppleWebKit/537.36 (KHTML, like Gecko) Version/4.0 Chrome/60.0.3112.107 Moblie Safari/537.36"
45.148.10.143 - - [28/Oct/2025:02:36:56 +0000] "GET /prod/.env HTTP/1.1" 404 162 "-" "Mozilla/5.0 (Windows NT 6.1; Win64; x64; rv:47.0) Gecko/20100101 Firefox/47.0"
164.92.131.177 - - [28/Oct/2025:02:36:56 +0000] "GET /zfox.php HTTP/1.1" 301 178 "www.google.com" "Mozlila/5.0 (Linux; Android 7.0; SM-G892A Bulid/NRD90M; wv) AppleWebKit/537.36 (KHTML, like Gecko) Version/4.0 Chrome/60.0.3112.107 Moblie Safari/537.36"
45.148.10.143 - - [28/Oct/2025:02:36:56 +0000] "GET /.env.bak HTTP/1.1" 404 162 "-" "Mozilla/5.0 (Windows NT 6.1; Win64; x64; rv:47.0) Gecko/20100101 Firefox/47.0"
164.92.131.177 - - [28/Oct/2025:02:36:56 +0000] "GET /zfox.php HTTP/1.1" 404 196 "www.google.com" "Mozlila/5.0 (Linux; Android 7.0; SM-G892A Bulid/NRD90M; wv) AppleWebKit/537.36 (KHTML, like Gecko) Version/4.0 Chrome/60.0.3112.107 Moblie Safari/537.36"
164.92.131.177 - - [28/Oct/2025:02:36:56 +0000] "GET /zfox.php HTTP/1.1" 404 196 "www.google.com" "Mozlila/5.0 (Linux; Android 7.0; SM-G892A Bulid/NRD90M; wv) AppleWebKit/537.36 (KHTML, like Gecko) Version/4.0 Chrome/60.0.3112.107 Moblie Safari/537.36"
45.148.10.143 - - [28/Oct/2025:02:36:56 +0000] "GET /api/shared/config/config.env HTTP/1.1" 404 162 "-" "Mozilla/5.0 (Windows NT 6.1; Win64; x64; rv:47.0) Gecko/20100101 Firefox/47.0"
164.92.131.177 - - [28/Oct/2025:02:36:57 +0000] "GET /zf.php HTTP/1.1" 301 178 "www.google.com" "Mozlila/5.0 (Linux; Android 7.0; SM-G892A Bulid/NRD90M; wv) AppleWebKit/537.36 (KHTML, like Gecko) Version/4.0 Chrome/60.0.3112.107 Moblie Safari/537.36"
45.148.10.143 - - [28/Oct/2025:02:36:57 +0000] "GET /api/shared/config.env HTTP/1.1" 404 162 "-" "Mozilla/5.0 (Windows NT 6.1; Win64; x64; rv:47.0) Gecko/20100101 Firefox/47.0"
164.92.131.177 - - [28/Oct/2025:02:36:57 +0000] "GET /zf.php HTTP/1.1" 404 196 "www.google.com" "Mozlila/5.0 (Linux; Android 7.0; SM-G892A Bulid/NRD90M; wv) AppleWebKit/537.36 (KHTML, like Gecko) Version/4.0 Chrome/60.0.3112.107 Moblie Safari/537.36"
164.92.131.177 - - [28/Oct/2025:02:36:57 +0000] "GET /zf.php HTTP/1.1" 404 196 "www.google.com" "Mozlila/5.0 (Linux; Android 7.0; SM-G892A Bulid/NRD90M; wv) AppleWebKit/537.36 (KHTML, like Gecko) Version/4.0 Chrome/60.0.3112.107 Moblie Safari/537.36"
45.148.10.143 - - [28/Oct/2025:02:36:57 +0000] "GET /config.env HTTP/1.1" 404 162 "-" "Mozilla/5.0 (Windows NT 6.1; Win64; x64; rv:47.0) Gecko/20100101 Firefox/47.0"
164.92.131.177 - - [28/Oct/2025:02:36:57 +0000] "GET /room.php HTTP/1.1" 301 178 "www.google.com" "Mozlila/5.0 (Linux; Android 7.0; SM-G892A Bulid/NRD90M; wv) AppleWebKit/537.36 (KHTML, like Gecko) Version/4.0 Chrome/60.0.3112.107 Moblie Safari/537.36"
164.92.131.177 - - [28/Oct/2025:02:36:57 +0000] "GET /room.php HTTP/1.1" 404 196 "www.google.com" "Mozlila/5.0 (Linux; Android 7.0; SM-G892A Bulid/NRD90M; wv) AppleWebKit/537.36 (KHTML, like Gecko) Version/4.0 Chrome/60.0.3112.107 Moblie Safari/537.36"
45.148.10.143 - - [28/Oct/2025:02:36:57 +0000] "GET /website/.env HTTP/1.1" 404 162 "-" "Mozilla/5.0 (Windows NT 6.1; Win64; x64; rv:47.0) Gecko/20100101 Firefox/47.0"
164.92.131.177 - - [28/Oct/2025:02:36:57 +0000] "GET /room.php HTTP/1.1" 404 196 "www.google.com" "Mozlila/5.0 (Linux; Android 7.0; SM-G892A Bulid/NRD90M; wv) AppleWebKit/537.36 (KHTML, like Gecko) Version/4.0 Chrome/60.0.3112.107 Moblie Safari/537.36"
45.148.10.143 - - [28/Oct/2025:02:36:58 +0000] "GET /development/.env HTTP/1.1" 404 162 "-" "Mozilla/5.0 (Windows NT 6.1; Win64; x64; rv:47.0) Gecko/20100101 Firefox/47.0"
164.92.131.177 - - [28/Oct/2025:02:36:58 +0000] "GET /xd.php HTTP/1.1" 301 178 "www.google.com" "Mozlila/5.0 (Linux; Android 7.0; SM-G892A Bulid/NRD90M; wv) AppleWebKit/537.36 (KHTML, like Gecko) Version/4.0 Chrome/60.0.3112.107 Moblie Safari/537.36"
164.92.131.177 - - [28/Oct/2025:02:36:58 +0000] "GET /xd.php HTTP/1.1" 404 196 "www.google.com" "Mozlila/5.0 (Linux; Android 7.0; SM-G892A Bulid/NRD90M; wv) AppleWebKit/537.36 (KHTML, like Gecko) Version/4.0 Chrome/60.0.3112.107 Moblie Safari/537.36"
45.148.10.143 - - [28/Oct/2025:02:36:58 +0000] "GET /backend/.env HTTP/1.1" 404 162 "-" "Mozilla/5.0 (Windows NT 6.1; Win64; x64; rv:47.0) Gecko/20100101 Firefox/47.0"
164.92.131.177 - - [28/Oct/2025:02:36:58 +0000] "GET /xd.php HTTP/1.1" 404 196 "www.google.com" "Mozlila/5.0 (Linux; Android 7.0; SM-G892A Bulid/NRD90M; wv) AppleWebKit/537.36 (KHTML, like Gecko) Version/4.0 Chrome/60.0.3112.107 Moblie Safari/537.36"
45.148.10.143 - - [28/Oct/2025:02:36:59 +0000] "GET /api/shared/config/.env HTTP/1.1" 404 162 "-" "Mozilla/5.0 (Windows NT 6.1; Win64; x64; rv:47.0) Gecko/20100101 Firefox/47.0"
45.148.10.143 - - [28/Oct/2025:02:36:59 +0000] "GET /api/shared/.env HTTP/1.1" 404 162 "-" "Mozilla/5.0 (Windows NT 6.1; Win64; x64; rv:47.0) Gecko/20100101 Firefox/47.0"
45.148.10.143 - - [28/Oct/2025:02:36:59 +0000] "GET /api/config.env HTTP/1.1" 404 162 "-" "Mozilla/5.0 (Windows NT 6.1; Win64; x64; rv:47.0) Gecko/20100101 Firefox/47.0"
45.148.10.143 - - [28/Oct/2025:02:37:00 +0000] "GET /service/email_service.py HTTP/1.1" 404 162 "-" "Mozilla/5.0 (Windows NT 6.1; Win64; x64; rv:47.0) Gecko/20100101 Firefox/47.0"
164.92.131.177 - - [28/Oct/2025:02:37:00 +0000] "GET /adriv.php HTTP/1.1" 301 178 "www.google.com" "Mozlila/5.0 (Linux; Android 7.0; SM-G892A Bulid/NRD90M; wv) AppleWebKit/537.36 (KHTML, like Gecko) Version/4.0 Chrome/60.0.3112.107 Moblie Safari/537.36"
164.92.131.177 - - [28/Oct/2025:02:37:00 +0000] "GET /adriv.php HTTP/1.1" 404 196 "www.google.com" "Mozlila/5.0 (Linux; Android 7.0; SM-G892A Bulid/NRD90M; wv) AppleWebKit/537.36 (KHTML, like Gecko) Version/4.0 Chrome/60.0.3112.107 Moblie Safari/537.36"
164.92.131.177 - - [28/Oct/2025:02:37:00 +0000] "GET /adriv.php HTTP/1.1" 404 196 "www.google.com" "Mozlila/5.0 (Linux; Android 7.0; SM-G892A Bulid/NRD90M; wv) AppleWebKit/537.36 (KHTML, like Gecko) Version/4.0 Chrome/60.0.3112.107 Moblie Safari/537.36"
45.148.10.143 - - [28/Oct/2025:02:37:00 +0000] "GET /node/.env_example HTTP/1.1" 404 162 "-" "Mozilla/5.0 (Windows NT 6.1; Win64; x64; rv:47.0) Gecko/20100101 Firefox/47.0"
164.92.131.177 - - [28/Oct/2025:02:37:00 +0000] "GET /gecko.php HTTP/1.1" 301 178 "www.google.com" "Mozlila/5.0 (Linux; Android 7.0; SM-G892A Bulid/NRD90M; wv) AppleWebKit/537.36 (KHTML, like Gecko) Version/4.0 Chrome/60.0.3112.107 Moblie Safari/537.36"
164.92.131.177 - - [28/Oct/2025:02:37:00 +0000] "GET /gecko.php HTTP/1.1" 404 196 "www.google.com" "Mozlila/5.0 (Linux; Android 7.0; SM-G892A Bulid/NRD90M; wv) AppleWebKit/537.36 (KHTML, like Gecko) Version/4.0 Chrome/60.0.3112.107 Moblie Safari/537.36"
164.92.131.177 - - [28/Oct/2025:02:37:01 +0000] "GET /gecko.php HTTP/1.1" 404 196 "www.google.com" "Mozlila/5.0 (Linux; Android 7.0; SM-G892A Bulid/NRD90M; wv) AppleWebKit/537.36 (KHTML, like Gecko) Version/4.0 Chrome/60.0.3112.107 Moblie Safari/537.36"
45.148.10.143 - - [28/Oct/2025:02:37:01 +0000] "GET /.env.production.local HTTP/1.1" 404 162 "-" "Mozilla/5.0 (Windows NT 6.1; Win64; x64; rv:47.0) Gecko/20100101 Firefox/47.0"
45.148.10.143 - - [28/Oct/2025:02:37:01 +0000] "GET /.env.local HTTP/1.1" 404 162 "-" "Mozilla/5.0 (Windows NT 6.1; Win64; x64; rv:47.0) Gecko/20100101 Firefox/47.0"
45.148.10.143 - - [28/Oct/2025:02:37:01 +0000] "GET /.env.example HTTP/1.1" 404 162 "-" "Mozilla/5.0 (Windows NT 6.1; Win64; x64; rv:47.0) Gecko/20100101 Firefox/47.0"
45.148.10.143 - - [28/Oct/2025:02:37:02 +0000] "GET /.env.stage HTTP/1.1" 404 162 "-" "Mozilla/5.0 (Windows NT 6.1; Win64; x64; rv:47.0) Gecko/20100101 Firefox/47.0"
164.92.131.177 - - [28/Oct/2025:02:37:02 +0000] "GET /tonant.php HTTP/1.1" 301 178 "www.google.com" "Mozlila/5.0 (Linux; Android 7.0; SM-G892A Bulid/NRD90M; wv) AppleWebKit/537.36 (KHTML, like Gecko) Version/4.0 Chrome/60.0.3112.107 Moblie Safari/537.36"
164.92.131.177 - - [28/Oct/2025:02:37:02 +0000] "GET /tonant.php HTTP/1.1" 404 196 "www.google.com" "Mozlila/5.0 (Linux; Android 7.0; SM-G892A Bulid/NRD90M; wv) AppleWebKit/537.36 (KHTML, like Gecko) Version/4.0 Chrome/60.0.3112.107 Moblie Safari/537.36"
164.92.131.177 - - [28/Oct/2025:02:37:02 +0000] "GET /tonant.php HTTP/1.1" 404 196 "www.google.com" "Mozlila/5.0 (Linux; Android 7.0; SM-G892A Bulid/NRD90M; wv) AppleWebKit/537.36 (KHTML, like Gecko) Version/4.0 Chrome/60.0.3112.107 Moblie Safari/537.36"
45.148.10.143 - - [28/Oct/2025:02:37:02 +0000] "GET /server/config/database.js HTTP/1.1" 404 162 "-" "Mozilla/5.0 (Windows NT 6.1; Win64; x64; rv:47.0) Gecko/20100101 Firefox/47.0"
45.148.10.143 - - [28/Oct/2025:02:37:03 +0000] "GET /.env.old HTTP/1.1" 404 162 "-" "Mozilla/5.0 (Windows NT 6.1; Win64; x64; rv:47.0) Gecko/20100101 Firefox/47.0"
164.92.131.177 - - [28/Oct/2025:02:37:03 +0000] "GET /b.php HTTP/1.1" 301 178 "www.google.com" "Mozlila/5.0 (Linux; Android 7.0; SM-G892A Bulid/NRD90M; wv) AppleWebKit/537.36 (KHTML, like Gecko) Version/4.0 Chrome/60.0.3112.107 Moblie Safari/537.36"
164.92.131.177 - - [28/Oct/2025:02:37:03 +0000] "GET /b.php HTTP/1.1" 404 196 "www.google.com" "Mozlila/5.0 (Linux; Android 7.0; SM-G892A Bulid/NRD90M; wv) AppleWebKit/537.36 (KHTML, like Gecko) Version/4.0 Chrome/60.0.3112.107 Moblie Safari/537.36"
164.92.131.177 - - [28/Oct/2025:02:37:03 +0000] "GET /b.php HTTP/1.1" 404 196 "www.google.com" "Mozlila/5.0 (Linux; Android 7.0; SM-G892A Bulid/NRD90M; wv) AppleWebKit/537.36 (KHTML, like Gecko) Version/4.0 Chrome/60.0.3112.107 Moblie Safari/537.36"
45.148.10.143 - - [28/Oct/2025:02:37:03 +0000] "GET /.env_sample HTTP/1.1" 404 162 "-" "Mozilla/5.0 (Windows NT 6.1; Win64; x64; rv:47.0) Gecko/20100101 Firefox/47.0"
164.92.131.177 - - [28/Oct/2025:02:37:03 +0000] "GET /xleet-shell.php HTTP/1.1" 301 178 "www.google.com" "Mozlila/5.0 (Linux; Android 7.0; SM-G892A Bulid/NRD90M; wv) AppleWebKit/537.36 (KHTML, like Gecko) Version/4.0 Chrome/60.0.3112.107 Moblie Safari/537.36"
164.92.131.177 - - [28/Oct/2025:02:37:03 +0000] "GET /xleet-shell.php HTTP/1.1" 404 196 "www.google.com" "Mozlila/5.0 (Linux; Android 7.0; SM-G892A Bulid/NRD90M; wv) AppleWebKit/537.36 (KHTML, like Gecko) Version/4.0 Chrome/60.0.3112.107 Moblie Safari/537.36"
45.148.10.143 - - [28/Oct/2025:02:37:03 +0000] "GET /scripts/nodemailer.js HTTP/1.1" 404 162 "-" "Mozilla/5.0 (Windows NT 6.1; Win64; x64; rv:47.0) Gecko/20100101 Firefox/47.0"
45.148.10.143 - - [28/Oct/2025:02:37:04 +0000] "GET /.env.prod HTTP/1.1" 404 162 "-" "Mozilla/5.0 (Windows NT 6.1; Win64; x64; rv:47.0) Gecko/20100101 Firefox/47.0"
164.92.131.177 - - [28/Oct/2025:02:37:04 +0000] "GET /xleet-shell.php HTTP/1.1" 404 196 "www.google.com" "Mozlila/5.0 (Linux; Android 7.0; SM-G892A Bulid/NRD90M; wv) AppleWebKit/537.36 (KHTML, like Gecko) Version/4.0 Chrome/60.0.3112.107 Moblie Safari/537.36"
164.92.131.177 - - [28/Oct/2025:02:37:05 +0000] "GET /4mosan.php HTTP/1.1" 301 178 "www.google.com" "Mozlila/5.0 (Linux; Android 7.0; SM-G892A Bulid/NRD90M; wv) AppleWebKit/537.36 (KHTML, like Gecko) Version/4.0 Chrome/60.0.3112.107 Moblie Safari/537.36"
